69.63.184.116 - - [23/Feb/2023:12:26:11 -0800] "GET /instagram-miami/02-23-2023-1338435-A.jpg HTTP/1.1" 200 776512 "-" "facebookexternalhit/1.1 (+http://www.facebook.com/externalhit_uatext.php)" "www.metrocrimedaily.com"
69.63.184.1 - - [23/Feb/2023:12:26:56 -0800] "GET /instagram-stlouis/02-23-2023-1426341-A.jpg HTTP/1.1" 200 81862 "-" "facebookexternalhit/1.1 (+http://www.facebook.com/externalhit_uatext.php)" "www.metrocrimedaily.com"
66.249.66.80 - - [23/Feb/2023:12:27:22 -0800] "GET /www.pressandguide.com HTTP/1.1" 404 88 "-" "Mozilla/5.0 (Linux; Android 6.0.1; Nexus 5X Build/MMB29P) AppleWebKit/537.36 (KHTML, like Gecko) Chrome/110.0.5481.100 Mobile Safari/537.36 (compatible; Googlebot/2.1; +http://www.google.com/bot.html)" "www.metrocrimedaily.com"
51.222.253.10 - - [23/Feb/2023:12:27:53 -0800] "GET /instagram-memphis/?C=D;O=D HTTP/1.1" 200 894 "-" "Mozilla/5.0 (compatible; AhrefsBot/7.0; +http://ahrefs.com/robot/)" "www.metrocrimedaily.com"
51.222.253.5 - - [23/Feb/2023:12:30:42 -0800] "GET /instagram-memphis/?C=S;O=D HTTP/1.1" 200 900 "-" "Mozilla/5.0 (compatible; AhrefsBot/7.0; +http://ahrefs.com/robot/)" "www.metrocrimedaily.com"
213.180.203.93 - - [23/Feb/2023:12:31:57 -0800] "GET /instagram-newyork/01-19-2023-1219311--Rust--shooting--Alec-Baldwin-charged-with-involu.txt HTTP/1.1" 404 88 "-" "Mozilla/5.0 (compatible; YandexBot/3.0; +http://yandex.com/bots)" "metrocrimedaily.com"
51.222.253.3 - - [23/Feb/2023:12:34:13 -0800] "GET /CRIME-WATCH-AMERICA/CRIME-WATCH-DETROIT/mcd-prolog.html HTTP/1.1" 200 839 "-" "Mozilla/5.0 (compatible; AhrefsBot/7.0; +http://ahrefs.com/robot/)" "www.metrocrimedaily.com"
51.222.253.14 - - [23/Feb/2023:12:34:16 -0800] "GET /CRIME-WATCH-AMERICA/CRIME-WATCH-DETROIT/styles-mcd.css HTTP/1.1" 200 1075 "-" "Mozilla/5.0 (compatible; AhrefsBot/7.0; +http://ahrefs.com/robot/)" "www.metrocrimedaily.com"
66.249.66.72 - - [23/Feb/2023:12:34:32 -0800] "GET /robots.txt HTTP/1.1" 404 88 "-" "Mozilla/5.0 (compatible; Googlebot/2.1; +http://www.google.com/bot.html)" "metrocrimedaily.com"
66.249.66.72 - - [23/Feb/2023:12:34:33 -0800] "GET /instagram-chicago/02-18-2023-1204202-A.jpg HTTP/1.1" 404 88 "-" "Googlebot-Image/1.0" "metrocrimedaily.com"
66.249.66.5 - - [23/Feb/2023:12:35:11 -0800] "GET /favicon.ico HTTP/1.1" 404 88 "-" "Googlebot-Image/1.0" "metrocrimedaily.com"
69.63.184.119 - - [23/Feb/2023:12:39:30 -0800] "GET /instagram-chicago/02-23-2023-1320506-A.jpg HTTP/1.1" 200 97317 "-" "facebookexternalhit/1.1 (+http://www.facebook.com/externalhit_uatext.php)" "www.metrocrimedaily.com"
52.167.144.38 - - [23/Feb/2023:12:41:13 -0800] "GET / HTTP/1.1" 200 157035 "-" "Mozilla/5.0 AppleWebKit/537.36 (KHTML, like Gecko; compatible; bingbot/2.0; +http://www.bing.com/bingbot.htm) Chrome/103.0.5060.134 Safari/537.36" "www.metrocrimedaily.com"
69.63.184.117 - - [23/Feb/2023:12:41:49 -0800] "GET /instagram-miami/02-23-2023-1338436-A.jpg HTTP/1.1" 200 228922 "-" "facebookexternalhit/1.1 (+http://www.facebook.com/externalhit_uatext.php)" "www.metrocrimedaily.com"
69.63.184.4 - - [23/Feb/2023:12:42:30 -0800] "GET /instagram-stlouis/02-23-2023-1426342-A.jpg HTTP/1.1" 200 85849 "-" "facebookexternalhit/1.1 (+http://www.facebook.com/externalhit_uatext.php)" "www.metrocrimedaily.com"
66.249.66.45 - - [23/Feb/2023:12:43:20 -0800] "GET /instagram-chicago/02-18-2023-1835381-A.jpg HTTP/1.1" 404 88 "-" "Googlebot-Image/1.0" "metrocrimedaily.com"
69.63.184.5 - - [23/Feb/2023:12:47:09 -0800] "GET /instagram-losangeles/02-23-2023-1431491-A.jpg HTTP/1.1" 200 99922 "-" "facebookexternalhit/1.1 (+http://www.facebook.com/externalhit_uatext.php)" "www.metrocrimedaily.com"
69.63.184.120 - - [23/Feb/2023:12:48:04 -0800] "GET /instagram-newyork/02-23-2023-1447441-A.jpg HTTP/1.1" 200 127946 "-" "facebookexternalhit/1.1 (+http://www.facebook.com/externalhit_uatext.php)" "www.metrocrimedaily.com"
52.167.144.38 - - [23/Feb/2023:12:53:24 -0800] "GET /index-chicago.html HTTP/1.1" 200 126001 "-" "Mozilla/5.0 AppleWebKit/537.36 (KHTML, like Gecko; compatible; bingbot/2.0; +http://www.bing.com/bingbot.htm) Chrome/103.0.5060.134 Safari/537.36" "metrocrimedaily.com"
52.167.144.91 - - [23/Feb/2023:12:53:28 -0800] "GET /index-houston.html HTTP/1.1" 200 260456 "-" "Mozilla/5.0 AppleWebKit/537.36 (KHTML, like Gecko; compatible; bingbot/2.0; +http://www.bing.com/bingbot.htm) Chrome/103.0.5060.134 Safari/537.36" "metrocrimedaily.com"
69.63.184.2 - - [23/Feb/2023:12:55:53 -0800] "GET /instagram-memphis/02-23-2023-1455331-A.jpg HTTP/1.1" 200 137490 "-" "facebookexternalhit/1.1 (+http://www.facebook.com/externalhit_uatext.php)" "www.metrocrimedaily.com"
69.63.184.1 - - [23/Feb/2023:12:58:06 -0800] "GET /instagram-stlouis/02-23-2023-1426343-A.jpg HTTP/1.1" 200 155489 "-" "facebookexternalhit/1.1 (+http://www.facebook.com/externalhit_uatext.php)" "www.metrocrimedaily.com"
69.63.184.117 - - [23/Feb/2023:12:58:12 -0800] "GET /instagram-atlanta/02-23-2023-1457501-A.jpg HTTP/1.1" 200 165224 "-" "facebookexternalhit/1.1 (+http://www.facebook.com/externalhit_uatext.php)" "www.metrocrimedaily.com"
69.63.184.2 - - [23/Feb/2023:12:58:34 -0800] "GET /instagram-stlouis/02-23-2023-1426344-A.jpg HTTP/1.1" 200 81875 "-" "facebookexternalhit/1.1 (+http://www.facebook.com/externalhit_uatext.php)" "www.metrocrimedaily.com"
66.249.66.44 - - [23/Feb/2023:12:58:58 -0800] "GET /www.pressandguide.com HTTP/1.1" 404 88 "-" "Mozilla/5.0 (Linux; Android 6.0.1; Nexus 5X Build/MMB29P) AppleWebKit/537.36 (KHTML, like Gecko) Chrome/110.0.5481.100 Mobile Safari/537.36 (compatible; Googlebot/2.1; +http://www.google.com/bot.html)" "metrocrimedaily.com"
69.63.184.3 - - [23/Feb/2023:12:59:09 -0800] "GET /instagram-stlouis/02-23-2023-1426345-A.jpg HTTP/1.1" 200 188716 "-" "facebookexternalhit/1.1 (+http://www.facebook.com/externalhit_uatext.php)" "www.metrocrimedaily.com"
213.180.203.93 - - [23/Feb/2023:13:00:41 -0800] "GET /instagram-detroit/01-12-2023-1633583-Dingell-remembers-heartbreak-after-entire-family-.txt HTTP/1.1" 404 88 "-" "Mozilla/5.0 (compatible; YandexBot/3.0; +http://yandex.com/bots)" "metrocrimedaily.com"
157.55.39.214 - - [23/Feb/2023:13:02:26 -0800] "GET /instagram-losangeles/01-15-2023-1943391-San-Pedro-woman-busted-during-investigation-into-.txt HTTP/1.1" 404 88 "-" "Mozilla/5.0 AppleWebKit/537.36 (KHTML, like Gecko; compatible; bingbot/2.0; +http://www.bing.com/bingbot.htm) Chrome/103.0.5060.134 Safari/537.36" "www.metrocrimedaily.com"
52.167.144.91 - - [23/Feb/2023:13:02:55 -0800] "GET /www.houstonchronicle.com HTTP/1.1" 404 88 "-" "Mozilla/5.0 AppleWebKit/537.36 (KHTML, like Gecko; compatible; bingbot/2.0; +http://www.bing.com/bingbot.htm) Chrome/103.0.5060.134 Safari/537.36" "metrocrimedaily.com"
69.63.184.2 - - [23/Feb/2023:13:04:28 -0800] "GET /instagram-houston/02-23-2023-1504061-A.jpg HTTP/1.1" 200 104310 "-" "facebookexternalhit/1.1 (+http://www.facebook.com/externalhit_uatext.php)" "www.metrocrimedaily.com"
69.63.184.5 - - [23/Feb/2023:13:05:18 -0800] "GET /instagram-dallas/02-23-2023-1504571-A.jpg HTTP/1.1" 200 125673 "-" "facebookexternalhit/1.1 (+http://www.facebook.com/externalhit_uatext.php)" "www.metrocrimedaily.com"
213.180.203.93 - - [23/Feb/2023:13:09:04 -0800] "GET /instagram-dallas/01-20-2023-1434471-Police-searching-for-suspect-after-man-hit--kille.txt HTTP/1.1" 404 88 "-" "Mozilla/5.0 (compatible; YandexBot/3.0; +http://yandex.com/bots)" "metrocrimedaily.com"
76.184.252.42 - - [23/Feb/2023:13:13:24 -0800] "GET /images/police-tape.jpg HTTP/1.1" 200 50766 "-" "Wget/1.20.3 (mingw32)" "metrocrimedaily.com"
69.63.184.4 - - [23/Feb/2023:13:13:48 -0800] "GET /instagram-detroit/02-23-2023-1513131-A.jpg HTTP/1.1" 200 52586 "-" "facebookexternalhit/1.1 (+http://www.facebook.com/externalhit_uatext.php)" "www.metrocrimedaily.com"
69.63.184.118 - - [23/Feb/2023:13:13:48 -0800] "GET /instagram-atlanta/02-23-2023-1457502-A.jpg HTTP/1.1" 200 162036 "-" "facebookexternalhit/1.1 (+http://www.facebook.com/externalhit_uatext.php)" "www.metrocrimedaily.com"
69.63.184.112 - - [23/Feb/2023:13:14:55 -0800] "GET /instagram-neworleans/02-23-2023-1514341-A.jpg HTTP/1.1" 200 114914 "-" "facebookexternalhit/1.1 (+http://www.facebook.com/externalhit_uatext.php)" "www.metrocrimedaily.com"
69.63.184.117 - - [23/Feb/2023:13:19:46 -0800] "GET /instagram-miami/02-23-2023-1519261-A.jpg HTTP/1.1" 200 76242 "-" "facebookexternalhit/1.1 (+http://www.facebook.com/externalhit_uatext.php)" "www.metrocrimedaily.com"
69.63.184.2 - - [23/Feb/2023:13:20:03 -0800] "GET /instagram-houston/02-23-2023-1504062-A.jpg HTTP/1.1" 200 419442 "-" "facebookexternalhit/1.1 (+http://www.facebook.com/externalhit_uatext.php)" "www.metrocrimedaily.com"
69.63.184.1 - - [23/Feb/2023:13:23:04 -0800] "GET /instagram-chicago/02-23-2023-1522421-A.jpg HTTP/1.1" 200 368598 "-" "facebookexternalhit/1.1 (+http://www.facebook.com/externalhit_uatext.php)" "www.metrocrimedaily.com"
69.63.184.1 - - [23/Feb/2023:13:23:34 -0800] "GET /instagram-chicago/02-23-2023-1522422-A.jpg HTTP/1.1" 200 577133 "-" "facebookexternalhit/1.1 (+http://www.facebook.com/externalhit_uatext.php)" "www.metrocrimedaily.com"
213.180.203.93 - - [23/Feb/2023:13:23:34 -0800] "GET /instagram-detroit/01-19-2023-1207305-Woman-found-shot-to-death-in-Ann-Arbor-parking-lo.txt HTTP/1.1" 404 88 "-" "Mozilla/5.0 (compatible; YandexBot/3.0; +http://yandex.com/bots)" "metrocrimedaily.com"
69.63.184.119 - - [23/Feb/2023:13:24:03 -0800] "GET /instagram-chicago/02-23-2023-1522423-A.jpg HTTP/1.1" 200 105621 "-" "facebookexternalhit/1.1 (+http://www.facebook.com/externalhit_uatext.php)" "www.metrocrimedaily.com"
69.63.184.1 - - [23/Feb/2023:13:24:31 -0800] "GET /instagram-chicago/02-23-2023-1522424-A.jpg HTTP/1.1" 200 61978 "-" "facebookexternalhit/1.1 (+http://www.facebook.com/externalhit_uatext.php)" "www.metrocrimedaily.com"
69.63.184.2 - - [23/Feb/2023:13:24:59 -0800] "GET /instagram-chicago/02-23-2023-1522425-A.jpg HTTP/1.1" 200 89787 "-" "facebookexternalhit/1.1 (+http://www.facebook.com/externalhit_uatext.php)" "www.metrocrimedaily.com"
76.184.252.42 - - [23/Feb/2023:13:29:12 -0800] "GET /images/police-tape.jpg HTTP/1.1" 200 50766 "-" "Wget/1.20.3 (mingw32)" "metrocrimedaily.com"
69.63.184.3 - - [23/Feb/2023:13:29:23 -0800] "GET /instagram-atlanta/02-23-2023-1457503-A.jpg HTTP/1.1" 200 186603 "-" "facebookexternalhit/1.1 (+http://www.facebook.com/externalhit_uatext.php)" "www.metrocrimedaily.com"
69.63.184.117 - - [23/Feb/2023:13:29:37 -0800] "GET /instagram-detroit/02-23-2023-1513132-A.jpg HTTP/1.1" 200 73402 "-" "facebookexternalhit/1.1 (+http://www.facebook.com/externalhit_uatext.php)" "www.metrocrimedaily.com"
69.63.184.5 - - [23/Feb/2023:13:29:53 -0800] "GET /instagram-atlanta/02-23-2023-1457504-A.jpg HTTP/1.1" 200 107676 "-" "facebookexternalhit/1.1 (+http://www.facebook.com/externalhit_uatext.php)" "www.metrocrimedaily.com"
69.63.184.5 - - [23/Feb/2023:13:30:25 -0800] "GET /instagram-neworleans/02-23-2023-1514342-A.jpg HTTP/1.1" 404 88 "-" "facebookexternalhit/1.1 (+http://www.facebook.com/externalhit_uatext.php)" "www.metrocrimedaily.com"
69.63.184.1 - - [23/Feb/2023:13:30:45 -0800] "GET /instagram-neworleans/02-23-2023-1514343-A.jpg HTTP/1.1" 200 141770 "-" "facebookexternalhit/1.1 (+http://www.facebook.com/externalhit_uatext.php)" "www.metrocrimedaily.com"
213.180.203.93 - - [23/Feb/2023:13:31:16 -0800] "GET /instagram-losangeles/01-18-2023-2256101-SFPD-arrest-art-gallery-owner--seen-on-video-hosi.txt HTTP/1.1" 404 88 "-" "Mozilla/5.0 (compatible; YandexBot/3.0; +http://yandex.com/bots)" "metrocrimedaily.com"
213.180.203.93 - - [23/Feb/2023:13:31:51 -0800] "GET /instagram-neworleans/01-15-2023-1808021-Man-running-from-police-rescued-then-arrested-fro.txt HTTP/1.1" 404 88 "-" "Mozilla/5.0 (compatible; YandexBot/3.0; +http://yandex.com/bots)" "metrocrimedaily.com"
207.46.13.10 - - [23/Feb/2023:13:32:17 -0800] "GET /instagram-chicago/01-27-2023-1451229-Memphis-anticipates-release-of-video-in-Tyre-Nich.txt HTTP/1.1" 404 88 "-" "Mozilla/5.0 AppleWebKit/537.36 (KHTML, like Gecko; compatible; bingbot/2.0; +http://www.bing.com/bingbot.htm) Chrome/103.0.5060.134 Safari/537.36" "www.metrocrimedaily.com"
69.63.184.4 - - [23/Feb/2023:13:35:40 -0800] "GET /instagram-houston/02-23-2023-1504063-A.jpg HTTP/1.1" 200 104535 "-" "facebookexternalhit/1.1 (+http://www.facebook.com/externalhit_uatext.php)" "www.metrocrimedaily.com"
66.249.66.4 - - [23/Feb/2023:13:43:59 -0800] "GET /instagram-chicago/02-19-2023-0529531-A.jpg HTTP/1.1" 404 88 "-" "Googlebot-Image/1.0" "metrocrimedaily.com"
69.63.184.116 - - [23/Feb/2023:13:44:10 -0800] "GET /instagram-stlouis/02-23-2023-1543501-A.jpg HTTP/1.1" 200 319183 "-" "facebookexternalhit/1.1 (+http://www.facebook.com/externalhit_uatext.php)" "www.metrocrimedaily.com"
69.63.184.119 - - [23/Feb/2023:13:46:18 -0800] "GET /instagram-neworleans/02-23-2023-1514344-A.jpg HTTP/1.1" 200 114444 "-" "facebookexternalhit/1.1 (+http://www.facebook.com/externalhit_uatext.php)" "www.metrocrimedaily.com"
69.63.184.120 - - [23/Feb/2023:13:46:47 -0800] "GET /instagram-neworleans/02-23-2023-1514345-A.jpg HTTP/1.1" 200 153122 "-" "facebookexternalhit/1.1 (+http://www.facebook.com/externalhit_uatext.php)" "www.metrocrimedaily.com"
69.63.184.1 - - [23/Feb/2023:13:51:13 -0800] "GET /instagram-houston/02-23-2023-1504064-A.jpg HTTP/1.1" 200 204367 "-" "facebookexternalhit/1.1 (+http://www.facebook.com/externalhit_uatext.php)" "www.metrocrimedaily.com"
213.180.203.93 - - [23/Feb/2023:13:51:38 -0800] "GET /instagram-losangeles/01-18-2023-1922382-2-dogs-killed-during-home-invasion-in-Sunland-.txt HTTP/1.1" 404 88 "-" "Mozilla/5.0 (compatible; YandexBot/3.0; +http://yandex.com/bots)" "metrocrimedaily.com"
69.63.184.117 - - [23/Feb/2023:13:54:24 -0800] "GET /instagram-dallas/02-23-2023-1554031-A.jpg HTTP/1.1" 200 180135 "-" "facebookexternalhit/1.1 (+http://www.facebook.com/externalhit_uatext.php)" "www.metrocrimedaily.com"
213.180.203.93 - - [23/Feb/2023:13:58:33 -0800] "GET /instagram-detroit/01-20-2023-2217462-Police-searching-for-suspect-involved-in-aggravat.txt HTTP/1.1" 404 88 "-" "Mozilla/5.0 (compatible; YandexBot/3.0; +http://yandex.com/bots)" "metrocrimedaily.com"
69.63.184.118 - - [23/Feb/2023:13:59:44 -0800] "GET /instagram-stlouis/02-23-2023-1543502-A.jpg HTTP/1.1" 200 334140 "-" "facebookexternalhit/1.1 (+http://www.facebook.com/externalhit_uatext.php)" "www.metrocrimedaily.com"
52.167.144.91 - - [23/Feb/2023:14:02:02 -0800] "GET /instagram-stlouis/01-15-2023-1554101-Biden-administration-finalizes-new-rule-tightenin.txt HTTP/1.1" 404 88 "-" "Mozilla/5.0 AppleWebKit/537.36 (KHTML, like Gecko; compatible; bingbot/2.0; +http://www.bing.com/bingbot.htm) Chrome/103.0.5060.134 Safari/537.36" "www.metrocrimedaily.com"
69.63.184.118 - - [23/Feb/2023:14:02:22 -0800] "GET /instagram-chicago/02-23-2023-1601531-A.jpg HTTP/1.1" 200 216081 "-" "facebookexternalhit/1.1 (+http://www.facebook.com/externalhit_uatext.php)" "www.metrocrimedaily.com"
69.63.184.1 - - [23/Feb/2023:14:02:29 -0800] "GET /instagram-miami/02-23-2023-1602071-A.jpg HTTP/1.1" 200 228309 "-" "facebookexternalhit/1.1 (+http://www.facebook.com/externalhit_uatext.php)" "www.metrocrimedaily.com"
18.179.136.48 - - [23/Feb/2023:14:07:15 -0800] "GET /blog HTTP/1.1" 404 88 "-" "python-requests/2.27.1" "metrocrimedaily.com"
69.63.184.3 - - [23/Feb/2023:14:11:41 -0800] "GET /instagram-atlanta/02-23-2023-1611101-A.jpg HTTP/1.1" 200 169693 "-" "facebookexternalhit/1.1 (+http://www.facebook.com/externalhit_uatext.php)" "www.metrocrimedaily.com"
69.63.184.118 - - [23/Feb/2023:14:12:17 -0800] "GET /instagram-losangeles/02-23-2023-1611571-A.jpg HTTP/1.1" 200 69953 "-" "facebookexternalhit/1.1 (+http://www.facebook.com/externalhit_uatext.php)" "www.metrocrimedaily.com"
213.180.203.93 - - [23/Feb/2023:14:14:46 -0800] "GET /robots.txt HTTP/1.1" 404 73 "-" "Mozilla/5.0 (compatible; YandexBot/3.0; +http://yandex.com/bots)" "metrocrimedaily.com"
69.63.184.120 - - [23/Feb/2023:14:15:16 -0800] "GET /instagram-stlouis/02-23-2023-1543503-A.jpg HTTP/1.1" 200 103008 "-" "facebookexternalhit/1.1 (+http://www.facebook.com/externalhit_uatext.php)" "www.metrocrimedaily.com"
69.63.184.117 - - [23/Feb/2023:14:15:45 -0800] "GET /instagram-stlouis/02-23-2023-1543504-A.jpg HTTP/1.1" 200 189105 "-" "facebookexternalhit/1.1 (+http://www.facebook.com/externalhit_uatext.php)" "www.metrocrimedaily.com"
213.180.203.93 - - [23/Feb/2023:14:15:50 -0800] "GET /instagram-houston/01-19-2023-1347416-How-much-jail-time-could-Alec-Baldwin-face-if-con.txt HTTP/1.1" 404 88 "-" "Mozilla/5.0 (compatible; YandexBot/3.0; +http://yandex.com/bots)" "metrocrimedaily.com"
69.63.184.118 - - [23/Feb/2023:14:17:56 -0800] "GET /instagram-chicago/02-23-2023-1601532-A.jpg HTTP/1.1" 200 492559 "-" "facebookexternalhit/1.1 (+http://www.facebook.com/externalhit_uatext.php)" "www.metrocrimedaily.com"
69.63.184.5 - - [23/Feb/2023:14:18:01 -0800] "GET /instagram-miami/02-23-2023-1602072-A.jpg HTTP/1.1" 200 222286 "-" "facebookexternalhit/1.1 (+http://www.facebook.com/externalhit_uatext.php)" "www.metrocrimedaily.com"
157.55.39.214 - - [23/Feb/2023:14:18:02 -0800] "GET /instagram-detroit/12-21-2022-1741512-Handgun-found-in-student-s-backpack-at-Waterford-.txt HTTP/1.1" 404 88 "-" "Mozilla/5.0 AppleWebKit/537.36 (KHTML, like Gecko; compatible; bingbot/2.0; +http://www.bing.com/bingbot.htm) Chrome/103.0.5060.134 Safari/537.36" "www.metrocrimedaily.com"
213.180.203.93 - - [23/Feb/2023:14:18:31 -0800] "GET /instagram-newyork/01-18-2023-1519042-Manhattan-man-busted-for-using-3D-printers-to-run.txt HTTP/1.1" 404 88 "-" "Mozilla/5.0 (compatible; YandexBot/3.0; +http://yandex.com/bots)" "metrocrimedaily.com"
213.180.203.132 - - [23/Feb/2023:14:18:34 -0800] "GET /instagram-losangeles/01-15-2023-1054411-Woman-charged-after-Asian-student-targeted-in-sta.txt HTTP/1.1" 404 88 "-" "Mozilla/5.0 (compatible; YandexBot/3.0; +http://yandex.com/bots)" "metrocrimedaily.com"
52.167.144.38 - - [23/Feb/2023:14:19:13 -0800] "GET /instagram-atlanta/12-27-2022-1257596-Maintenance-worker-killed-at-Grand-Prairie-apartm.txt HTTP/1.1" 404 88 "-" "Mozilla/5.0 AppleWebKit/537.36 (KHTML, like Gecko; compatible; bingbot/2.0; +http://www.bing.com/bingbot.htm) Chrome/103.0.5060.134 Safari/537.36" "www.metrocrimedaily.com"
51.222.253.17 - - [23/Feb/2023:14:20:41 -0800] "GET /instagram-houston/post-later/?C=D;O=D HTTP/1.1" 200 3421 "-" "Mozilla/5.0 (compatible; AhrefsBot/7.0; +http://ahrefs.com/robot/)" "metrocrimedaily.com"
52.167.144.75 - - [23/Feb/2023:14:20:49 -0800] "GET /instagram-memphis/01-14-2023-1508242-Pennsylvania-fugitive-found-asleep-in-stolen-vehi.txt HTTP/1.1" 404 88 "-" "Mozilla/5.0 AppleWebKit/537.36 (KHTML, like Gecko; compatible; bingbot/2.0; +http://www.bing.com/bingbot.htm) Chrome/103.0.5060.134 Safari/537.36" "www.metrocrimedaily.com"
69.63.184.119 - - [23/Feb/2023:14:22:57 -0800] "GET /instagram-detroit/02-23-2023-1622181-A.jpg HTTP/1.1" 200 115680 "-" "facebookexternalhit/1.1 (+http://www.facebook.com/externalhit_uatext.php)" "www.metrocrimedaily.com"
66.249.66.45 - - [23/Feb/2023:14:26:30 -0800] "GET /instagram-chicago/02-18-2023-2022141-A.jpg HTTP/1.1" 404 88 "-" "Googlebot-Image/1.0" "metrocrimedaily.com"
69.63.184.120 - - [23/Feb/2023:14:27:17 -0800] "GET /instagram-atlanta/02-23-2023-1611102-A.jpg HTTP/1.1" 200 152106 "-" "facebookexternalhit/1.1 (+http://www.facebook.com/externalhit_uatext.php)" "www.metrocrimedaily.com"
51.222.253.18 - - [23/Feb/2023:14:27:59 -0800] "GET /instagram-houston/post-later/?C=M;O=D HTTP/1.1" 200 3383 "-" "Mozilla/5.0 (compatible; AhrefsBot/7.0; +http://ahrefs.com/robot/)" "metrocrimedaily.com"
69.63.184.118 - - [23/Feb/2023:14:30:24 -0800] "GET /instagram-neworleans/02-23-2023-1630041-A.jpg HTTP/1.1" 200 180691 "-" "facebookexternalhit/1.1 (+http://www.facebook.com/externalhit_uatext.php)" "www.metrocrimedaily.com"
52.167.144.75 - - [23/Feb/2023:14:31:19 -0800] "GET /instagram-losangeles/01-13-2023-0315232-Lawyers-find-additional-classified-documents-in-B.txt HTTP/1.1" 404 88 "-" "Mozilla/5.0 AppleWebKit/537.36 (KHTML, like Gecko; compatible; bingbot/2.0; +http://www.bing.com/bingbot.htm) Chrome/103.0.5060.134 Safari/537.36" "www.metrocrimedaily.com"
213.180.203.93 - - [23/Feb/2023:14:33:06 -0800] "GET /instagram-houston/01-16-2023-1703514-Co-pilot-killed-during-Nepal-flight-lost-pilot-hu.txt HTTP/1.1" 404 88 "-" "Mozilla/5.0 (compatible; YandexBot/3.0; +http://yandex.com/bots)" "metrocrimedaily.com"
51.222.253.2 - - [23/Feb/2023:14:35:19 -0800] "GET /instagram-houston/post-later/?C=S;O=D HTTP/1.1" 200 3459 "-" "Mozilla/5.0 (compatible; AhrefsBot/7.0; +http://ahrefs.com/robot/)" "metrocrimedaily.com"
69.63.184.117 - - [23/Feb/2023:14:41:09 -0800] "GET /instagram-houston/02-23-2023-1640481-A.jpg HTTP/1.1" 200 308390 "-" "facebookexternalhit/1.1 (+http://www.facebook.com/externalhit_uatext.php)" "www.metrocrimedaily.com"
194.38.23.10 - - [23/Feb/2023:14:41:56 -0800] "GET /components/com_jbusinessdirectory/assets/upload.php HTTP/1.1" 404 73 "-" "ALittle Client" "metrocrimedaily.com"
114.119.146.36 - - [23/Feb/2023:14:42:10 -0800] "GET /robots.txt HTTP/1.1" 404 88 "-" "Mozilla/5.0 (compatible;PetalBot;+https://webmaster.petalsearch.com/site/petalbot)" "www.metrocrimedaily.com"
54.36.148.148 - - [23/Feb/2023:14:42:40 -0800] "GET /robots.txt HTTP/1.1" 404 88 "-" "Mozilla/5.0 (compatible; AhrefsBot/7.0; +http://ahrefs.com/robot/)" "www.metrocrimedaily.com"
51.222.253.11 - - [23/Feb/2023:14:42:41 -0800] "GET /instagram-neworleans/ HTTP/1.1" 200 1158 "-" "Mozilla/5.0 (compatible; AhrefsBot/7.0; +http://ahrefs.com/robot/)" "www.metrocrimedaily.com"
40.77.167.172 - - [23/Feb/2023:14:43:54 -0800] "GET /instagram-atlanta/12-22-2022-2337571-Man-shot-and-killed-in-Fulton-County--police-say-.txt HTTP/1.1" 404 88 "-" "Mozilla/5.0 AppleWebKit/537.36 (KHTML, like Gecko; compatible; bingbot/2.0; +http://www.bing.com/bingbot.htm) Chrome/103.0.5060.134 Safari/537.36" "www.metrocrimedaily.com"
52.167.144.91 - - [23/Feb/2023:14:43:58 -0800] "GET /instagram-neworleans/01-17-2023-1438452-NOPD-seeking-suspects-in-porch-theft-.txt HTTP/1.1" 404 88 "-" "Mozilla/5.0 AppleWebKit/537.36 (KHTML, like Gecko; compatible; bingbot/2.0; +http://www.bing.com/bingbot.htm) Chrome/103.0.5060.134 Safari/537.36" "www.metrocrimedaily.com"
207.46.13.10 - - [23/Feb/2023:14:44:08 -0800] "GET /index-prototype.html HTTP/1.1" 200 156 "-" "Mozilla/5.0 AppleWebKit/537.36 (KHTML, like Gecko; compatible; bingbot/2.0; +http://www.bing.com/bingbot.htm) Chrome/103.0.5060.134 Safari/537.36" "www.metrocrimedaily.com"
69.63.184.3 - - [23/Feb/2023:14:45:11 -0800] "GET /instagram-dallas/02-23-2023-1644481-A.jpg HTTP/1.1" 200 140236 "-" "facebookexternalhit/1.1 (+http://www.facebook.com/externalhit_uatext.php)" "www.metrocrimedaily.com"
66.249.66.71 - - [23/Feb/2023:14:45:29 -0800] "GET /instagram-chicago/02-18-2023-1413182-A.jpg HTTP/1.1" 404 88 "-" "Googlebot-Image/1.0" "metrocrimedaily.com"
157.55.39.214 - - [23/Feb/2023:14:46:14 -0800] "GET /instagram-atlanta/11-03-2022-1803143-Couple-killed-in-Alpharetta-plane-crash-were-popu.txt HTTP/1.1" 404 88 "-" "Mozilla/5.0 AppleWebKit/537.36 (KHTML, like Gecko; compatible; bingbot/2.0; +http://www.bing.com/bingbot.htm) Chrome/103.0.5060.134 Safari/537.36" "www.metrocrimedaily.com"
66.249.66.4 - - [23/Feb/2023:14:46:16 -0800] "GET /instagram-chicago/02-18-2023-0058281-A.jpg HTTP/1.1" 404 88 "-" "Googlebot-Image/1.0" "metrocrimedaily.com"
213.180.203.93 - - [23/Feb/2023:14:47:48 -0800] "GET /instagram-dallas/01-16-2023-1004441-$2-million-in-jewelry-stolen-after-concrete-wall-.txt HTTP/1.1" 404 88 "-" "Mozilla/5.0 (compatible; YandexBot/3.0; +http://yandex.com/bots)" "metrocrimedaily.com"
69.63.184.117 - - [23/Feb/2023:14:47:55 -0800] "GET /instagram-newyork/02-23-2023-1647241-A.jpg HTTP/1.1" 200 343301 "-" "facebookexternalhit/1.1 (+http://www.facebook.com/externalhit_uatext.php)" "www.metrocrimedaily.com"
69.63.184.1 - - [23/Feb/2023:14:48:11 -0800] "GET /instagram-memphis/02-23-2023-1647511-A.jpg HTTP/1.1" 200 147650 "-" "facebookexternalhit/1.1 (+http://www.facebook.com/externalhit_uatext.php)" "www.metrocrimedaily.com"
213.180.203.132 - - [23/Feb/2023:14:48:16 -0800] "GET /?C=D;O=D HTTP/1.1" 200 157653 "-" "Mozilla/5.0 (compatible; YandexBot/3.0; +http://yandex.com/bots)" "metrocrimedaily.com"
51.222.253.16 - - [23/Feb/2023:14:49:22 -0800] "GET /instagram-memphis/02-23-2023-0939521-Gunman-kills-3--including-reporter-covering-initi.txt HTTP/1.1" 200 1066 "-" "Mozilla/5.0 (compatible; AhrefsBot/7.0; +http://ahrefs.com/robot/)" "www.metrocrimedaily.com"
69.63.184.116 - - [23/Feb/2023:14:50:34 -0800] "GET /instagram-stlouis/02-23-2023-1650141-A.jpg HTTP/1.1" 200 117435 "-" "facebookexternalhit/1.1 (+http://www.facebook.com/externalhit_uatext.php)" "www.metrocrimedaily.com"
213.180.203.93 - - [23/Feb/2023:14:53:08 -0800] "GET /instagram-neworleans/01-15-2023-1308061-Tulane-Police--NOPD-increase-patrols-in-wake-of-a.txt HTTP/1.1" 404 88 "-" "Mozilla/5.0 (compatible; YandexBot/3.0; +http://yandex.com/bots)" "metrocrimedaily.com"
69.63.184.117 - - [23/Feb/2023:14:56:41 -0800] "GET /instagram-houston/02-23-2023-1640482-A.jpg HTTP/1.1" 200 90299 "-" "facebookexternalhit/1.1 (+http://www.facebook.com/externalhit_uatext.php)" "www.metrocrimedaily.com"
51.222.253.5 - - [23/Feb/2023:14:56:51 -0800] "GET /instagram-memphis/02-23-2023-1127091-Mississippi-lawmakers-revisit-sexual-assault-laws.txt HTTP/1.1" 200 213 "-" "Mozilla/5.0 (compatible; AhrefsBot/7.0; +http://ahrefs.com/robot/)" "www.metrocrimedaily.com"
213.180.203.93 - - [23/Feb/2023:14:59:18 -0800] "GET /instagram-losangeles/01-13-2023-0315231-13-year-old-boy-stabbed-to-death-in-downtown-Los-.txt HTTP/1.1" 404 88 "-" "Mozilla/5.0 (compatible; YandexBot/3.0; +http://yandex.com/bots)" "metrocrimedaily.com"
69.63.184.1 - - [23/Feb/2023:15:04:11 -0800] "GET /instagram-chicago/02-23-2023-1703491-A.jpg HTTP/1.1" 200 165631 "-" "facebookexternalhit/1.1 (+http://www.facebook.com/externalhit_uatext.php)" "www.metrocrimedaily.com"
51.222.253.9 - - [23/Feb/2023:15:05:18 -0800] "GET /instagram-memphis/02-23-2023-1127092-Judge-finds-evidence-to-try-suspect-in-attack-on-.txt HTTP/1.1" 200 1102 "-" "Mozilla/5.0 (compatible; AhrefsBot/7.0; +http://ahrefs.com/robot/)" "www.metrocrimedaily.com"
69.63.184.116 - - [23/Feb/2023:15:06:10 -0800] "GET /instagram-stlouis/02-23-2023-1650142-A.jpg HTTP/1.1" 200 110525 "-" "facebookexternalhit/1.1 (+http://www.facebook.com/externalhit_uatext.php)" "www.metrocrimedaily.com"
69.63.184.1 - - [23/Feb/2023:15:11:15 -0800] "GET /instagram-miami/02-23-2023-1710541-A.jpg HTTP/1.1" 200 582666 "-" "facebookexternalhit/1.1 (+http://www.facebook.com/externalhit_uatext.php)" "www.metrocrimedaily.com"
51.222.253.16 - - [23/Feb/2023:15:11:35 -0800] "GET /instagram-memphis/02-23-2023-1257241-Bond-set-at-$25-000-for-second-suspect-in-Whiteha.txt HTTP/1.1" 200 684 "-" "Mozilla/5.0 (compatible; AhrefsBot/7.0; +http://ahrefs.com/robot/)" "www.metrocrimedaily.com"
69.63.184.119 - - [23/Feb/2023:15:12:12 -0800] "GET /instagram-houston/02-23-2023-1640483-A.jpg HTTP/1.1" 200 106587 "-" "facebookexternalhit/1.1 (+http://www.facebook.com/externalhit_uatext.php)" "www.metrocrimedaily.com"
51.222.253.4 - - [23/Feb/2023:15:18:28 -0800] "GET /instagram-memphis/02-23-2023-1257242-Bond-set-at-$25-000-for-second-suspect-in-Whiteha.txt HTTP/1.1" 200 684 "-" "Mozilla/5.0 (compatible; AhrefsBot/7.0; +http://ahrefs.com/robot/)" "www.metrocrimedaily.com"
69.63.184.3 - - [23/Feb/2023:15:21:44 -0800] "GET /instagram-stlouis/02-23-2023-1650143-A.jpg HTTP/1.1" 200 114208 "-" "facebookexternalhit/1.1 (+http://www.facebook.com/externalhit_uatext.php)" "www.metrocrimedaily.com"
66.249.66.79 - - [23/Feb/2023:15:22:35 -0800] "GET /www.freep.com HTTP/1.1" 404 88 "-" "Mozilla/5.0 (Linux; Android 6.0.1; Nexus 5X Build/MMB29P) AppleWebKit/537.36 (KHTML, like Gecko) Chrome/110.0.5481.100 Mobile Safari/537.36 (compatible; Googlebot/2.1; +http://www.google.com/bot.html)" "metrocrimedaily.com"
51.222.253.9 - - [23/Feb/2023:15:25:34 -0800] "GET /instagram-memphis/02-23-2023-1359381-Man-charged-with-mass-shooting-at-Whitehaven-club.txt HTTP/1.1" 200 883 "-" "Mozilla/5.0 (compatible; AhrefsBot/7.0; +http://ahrefs.com/robot/)" "www.metrocrimedaily.com"
52.167.144.38 - - [23/Feb/2023:15:25:40 -0800] "GET /index.html HTTP/1.1" 200 157653 "-" "Mozilla/5.0 AppleWebKit/537.36 (KHTML, like Gecko; compatible; bingbot/2.0; +http://www.bing.com/bingbot.htm) Chrome/103.0.5060.134 Safari/537.36" "metrocrimedaily.com"
213.180.203.93 - - [23/Feb/2023:15:25:57 -0800] "GET /instagram-chicago/01-17-2023-1943001-Family-of-3-year-old-killed-in-bike-crash-suing-c.txt HTTP/1.1" 404 88 "-" "Mozilla/5.0 (compatible; YandexBot/3.0; +http://yandex.com/bots)" "metrocrimedaily.com"
69.63.184.119 - - [23/Feb/2023:15:26:47 -0800] "GET /instagram-miami/02-23-2023-1710542-A.jpg HTTP/1.1" 200 87931 "-" "facebookexternalhit/1.1 (+http://www.facebook.com/externalhit_uatext.php)" "www.metrocrimedaily.com"
69.63.184.119 - - [23/Feb/2023:15:27:45 -0800] "GET /instagram-houston/02-23-2023-1640484-A.jpg HTTP/1.1" 200 170136 "-" "facebookexternalhit/1.1 (+http://www.facebook.com/externalhit_uatext.php)" "www.metrocrimedaily.com"
52.167.144.75 - - [23/Feb/2023:15:28:26 -0800] "GET /instagram-losangeles/01-20-2023-1440302-Bryan-Kohberger-case--Moscow-prosecutor-can-sides.txt HTTP/1.1" 404 88 "-" "Mozilla/5.0 AppleWebKit/537.36 (KHTML, like Gecko; compatible; bingbot/2.0; +http://www.bing.com/bingbot.htm) Chrome/103.0.5060.134 Safari/537.36" "www.metrocrimedaily.com"
52.167.144.38 - - [23/Feb/2023:15:32:19 -0800] "GET /instagram-stlouis/01-17-2023-2335272-Fatal-tree-incident-does-not-add-up--expert-says-.txt HTTP/1.1" 404 88 "-" "Mozilla/5.0 AppleWebKit/537.36 (KHTML, like Gecko; compatible; bingbot/2.0; +http://www.bing.com/bingbot.htm) Chrome/103.0.5060.134 Safari/537.36" "www.metrocrimedaily.com"
51.222.253.7 - - [23/Feb/2023:15:32:29 -0800] "GET /instagram-memphis/02-23-2023-1359382-Harvey-Weinstein-gets-16-years-for-rape--sexual-a.txt HTTP/1.1" 200 1063 "-" "Mozilla/5.0 (compatible; AhrefsBot/7.0; +http://ahrefs.com/robot/)" "www.metrocrimedaily.com"
69.63.184.116 - - [23/Feb/2023:15:34:26 -0800] "GET /instagram-memphis/02-23-2023-1734071-A.jpg HTTP/1.1" 200 149915 "-" "facebookexternalhit/1.1 (+http://www.facebook.com/externalhit_uatext.php)" "www.metrocrimedaily.com"
69.63.184.120 - - [23/Feb/2023:15:37:09 -0800] "GET /instagram-newyork/02-23-2023-1736421-A.jpg HTTP/1.1" 200 111916 "-" "facebookexternalhit/1.1 (+http://www.facebook.com/externalhit_uatext.php)" "www.metrocrimedaily.com"
69.63.184.1 - - [23/Feb/2023:15:37:35 -0800] "GET /instagram-atlanta/02-23-2023-1736331-A.jpg HTTP/1.1" 200 124029 "-" "facebookexternalhit/1.1 (+http://www.facebook.com/externalhit_uatext.php)" "www.metrocrimedaily.com"
51.222.253.18 - - [23/Feb/2023:15:37:45 -0800] "GET /robots.txt HTTP/1.1" 404 88 "-" "Mozilla/5.0 (compatible; AhrefsBot/7.0; +http://ahrefs.com/robot/)" "metrocrimedaily.com"
51.222.253.8 - - [23/Feb/2023:15:37:46 -0800] "GET /instagram-houston/post-later/02-23-2023-1131391-Basketball-skills-challenge-for-kids-in-Vernon-Hi.txt HTTP/1.1" 200 451 "-" "Mozilla/5.0 (compatible; AhrefsBot/7.0; +http://ahrefs.com/robot/)" "metrocrimedaily.com"
69.63.184.120 - - [23/Feb/2023:15:42:18 -0800] "GET /instagram-miami/02-23-2023-1710543-A.jpg HTTP/1.1" 200 222286 "-" "facebookexternalhit/1.1 (+http://www.facebook.com/externalhit_uatext.php)" "www.metrocrimedaily.com"
69.63.184.3 - - [23/Feb/2023:15:42:40 -0800] "GET /instagram-losangeles/02-23-2023-1742181-A.jpg HTTP/1.1" 200 352624 "-" "facebookexternalhit/1.1 (+http://www.facebook.com/externalhit_uatext.php)" "www.metrocrimedaily.com"
69.63.184.4 - - [23/Feb/2023:15:43:18 -0800] "GET /instagram-houston/02-23-2023-1640485-A.jpg HTTP/1.1" 200 64923 "-" "facebookexternalhit/1.1 (+http://www.facebook.com/externalhit_uatext.php)" "www.metrocrimedaily.com"
69.63.184.1 - - [23/Feb/2023:15:45:54 -0800] "GET /instagram-detroit/02-23-2023-1744451-A.jpg HTTP/1.1" 200 95301 "-" "facebookexternalhit/1.1 (+http://www.facebook.com/externalhit_uatext.php)" "www.metrocrimedaily.com"
114.119.143.214 - - [23/Feb/2023:15:47:52 -0800] "GET /instagram-houston/01-27-2023-1907417-Wisconsin-man-charged-with-causing-fatal-Beach-Pa.txt HTTP/1.1" 404 88 "https://metrocrimedaily.com/instagram-houston/?C=D%3BO%3DA" "Mozilla/5.0 (Linux; Android 7.0;) AppleWebKit/537.36 (KHTML, like Gecko) Mobile Safari/537.36 (compatible; PetalBot;+https://webmaster.petalsearch.com/site/petalbot)" "metrocrimedaily.com"
51.222.253.16 - - [23/Feb/2023:15:48:54 -0800] "GET /instagram-stlouis/?C=M;O=D HTTP/1.1" 200 915 "-" "Mozilla/5.0 (compatible; AhrefsBot/7.0; +http://ahrefs.com/robot/)" "www.metrocrimedaily.com"
207.46.13.10 - - [23/Feb/2023:15:49:31 -0800] "GET /instagram-stlouis/01-20-2023-1358322-Fatal-police-shooting-in-Maryland-Heights-was-not.txt HTTP/1.1" 404 88 "-" "Mozilla/5.0 AppleWebKit/537.36 (KHTML, like Gecko; compatible; bingbot/2.0; +http://www.bing.com/bingbot.htm) Chrome/103.0.5060.134 Safari/537.36" "www.metrocrimedaily.com"
69.63.184.119 - - [23/Feb/2023:15:49:55 -0800] "GET /instagram-memphis/02-23-2023-1734072-A.jpg HTTP/1.1" 200 169503 "-" "facebookexternalhit/1.1 (+http://www.facebook.com/externalhit_uatext.php)" "www.metrocrimedaily.com"
69.63.184.117 - - [23/Feb/2023:15:50:15 -0800] "GET /instagram-chicago/02-23-2023-1749521-A.jpg HTTP/1.1" 200 208899 "-" "facebookexternalhit/1.1 (+http://www.facebook.com/externalhit_uatext.php)" "www.metrocrimedaily.com"
141.8.142.101 - - [23/Feb/2023:15:50:59 -0800] "GET /robots.txt HTTP/1.1" 404 73 "-" "Mozilla/5.0 (compatible; YandexBot/3.0; +http://yandex.com/bots)" "metrocrimedaily.com"
51.222.253.20 - - [23/Feb/2023:15:52:36 -0800] "GET /instagram-dallas/post-later/?C=S;O=D HTTP/1.1" 200 2929 "-" "Mozilla/5.0 (compatible; AhrefsBot/7.0; +http://ahrefs.com/robot/)" "metrocrimedaily.com"
69.63.184.2 - - [23/Feb/2023:15:53:09 -0800] "GET /instagram-atlanta/02-23-2023-1736332-A.jpg HTTP/1.1" 200 144981 "-" "facebookexternalhit/1.1 (+http://www.facebook.com/externalhit_uatext.php)" "www.metrocrimedaily.com"
54.36.148.107 - - [23/Feb/2023:15:56:13 -0800] "GET /robots.txt HTTP/1.1" 404 88 "-" "Mozilla/5.0 (compatible; AhrefsBot/7.0; +http://ahrefs.com/robot/)" "www.metrocrimedaily.com"
51.222.253.5 - - [23/Feb/2023:15:56:14 -0800] "GET /CRIME-WATCH-AMERICA/CRIME-WATCH-DETROIT/unix/bin/?C=D;O=A HTTP/1.1" 200 2141 "-" "Mozilla/5.0 (compatible; AhrefsBot/7.0; +http://ahrefs.com/robot/)" "www.metrocrimedaily.com"
69.63.184.120 - - [23/Feb/2023:15:57:49 -0800] "GET /instagram-miami/02-23-2023-1710544-A.jpg HTTP/1.1" 200 471513 "-" "facebookexternalhit/1.1 (+http://www.facebook.com/externalhit_uatext.php)" "www.metrocrimedaily.com"
69.63.184.5 - - [23/Feb/2023:15:58:11 -0800] "GET /instagram-losangeles/02-23-2023-1742182-A.jpg HTTP/1.1" 200 104199 "-" "facebookexternalhit/1.1 (+http://www.facebook.com/externalhit_uatext.php)" "www.metrocrimedaily.com"
69.63.184.2 - - [23/Feb/2023:15:58:19 -0800] "GET /instagram-miami/02-23-2023-1710545-A.jpg HTTP/1.1" 200 311977 "-" "facebookexternalhit/1.1 (+http://www.facebook.com/externalhit_uatext.php)" "www.metrocrimedaily.com"
69.63.184.116 - - [23/Feb/2023:15:58:46 -0800] "GET /instagram-miami/02-23-2023-1710546-A.jpg HTTP/1.1" 200 208202 "-" "facebookexternalhit/1.1 (+http://www.facebook.com/externalhit_uatext.php)" "www.metrocrimedaily.com"
114.119.157.108 - - [23/Feb/2023:15:58:50 -0800] "GET /instagram-losangeles/02-20-2023-0938512-Man-charged-for-holding-woman-hostage-for-nearly-.txt HTTP/1.1" 404 88 "http://www.metrocrimedaily.com/instagram-losangeles/" "Mozilla/5.0 (Linux; Android 7.0;) AppleWebKit/537.36 (KHTML, like Gecko) Mobile Safari/537.36 (compatible; PetalBot;+https://webmaster.petalsearch.com/site/petalbot)" "www.metrocrimedaily.com"
51.222.253.12 - - [23/Feb/2023:15:58:59 -0800] "GET /CRIME-WATCH-AMERICA/CRIME-WATCH-DETROIT/unix/bin/?C=M;O=A HTTP/1.1" 200 2095 "-" "Mozilla/5.0 (compatible; AhrefsBot/7.0; +http://ahrefs.com/robot/)" "www.metrocrimedaily.com"
52.167.144.91 - - [23/Feb/2023:15:59:53 -0800] "GET /index-houston.html HTTP/1.1" 200 262340 "-" "Mozilla/5.0 AppleWebKit/537.36 (KHTML, like Gecko; compatible; bingbot/2.0; +http://www.bing.com/bingbot.htm) Chrome/103.0.5060.134 Safari/537.36" "metrocrimedaily.com"
