69.63.184.118 - - [22/Feb/2023:16:00:27 -0800] "GET /instagram-atlanta/02-22-2023-1657245-A.jpg HTTP/1.1" 200 92967 "-" "facebookexternalhit/1.1 (+http://www.facebook.com/externalhit_uatext.php)" "www.metrocrimedaily.com"
69.63.184.2 - - [22/Feb/2023:16:00:36 -0800] "GET /instagram-dallas/02-22-2023-1744392-A.jpg HTTP/1.1" 200 105952 "-" "facebookexternalhit/1.1 (+http://www.facebook.com/externalhit_uatext.php)" "www.metrocrimedaily.com"
51.222.253.2 - - [22/Feb/2023:16:00:43 -0800] "GET /instagram-houston/02-17-2023-1407232-Man-in-custody-at-Chesapeake-jail-dies-of-apparen.txt HTTP/1.1" 404 88 "-" "Mozilla/5.0 (compatible; AhrefsBot/7.0; +http://ahrefs.com/robot/)" "metrocrimedaily.com"
185.191.171.24 - - [22/Feb/2023:16:01:16 -0800] "GET /CRIME-WATCH-AMERICA/CRIME-WATCH-CHICAGO/mcd-calculate-how-long-ago.html HTTP/1.1" 200 650 "-" "Mozilla/5.0 (compatible; SemrushBot/7~bl; +http://www.semrush.com/bot.html)" "metrocrimedaily.com"
69.63.184.117 - - [22/Feb/2023:16:01:32 -0800] "GET /instagram-neworleans/02-22-2023-1801131-A.jpg HTTP/1.1" 200 133424 "-" "facebookexternalhit/1.1 (+http://www.facebook.com/externalhit_uatext.php)" "www.metrocrimedaily.com"
69.63.184.116 - - [22/Feb/2023:16:02:17 -0800] "GET /instagram-houston/02-22-2023-1746262-A.jpg HTTP/1.1" 200 84930 "-" "facebookexternalhit/1.1 (+http://www.facebook.com/externalhit_uatext.php)" "www.metrocrimedaily.com"
51.222.253.2 - - [22/Feb/2023:16:02:56 -0800] "GET /instagram-houston/02-17-2023-1548001-Houston-man-sentenced-to-60-years-in-prison-for-k.txt HTTP/1.1" 404 88 "-" "Mozilla/5.0 (compatible; AhrefsBot/7.0; +http://ahrefs.com/robot/)" "metrocrimedaily.com"
185.191.171.3 - - [22/Feb/2023:16:03:49 -0800] "GET /instagram-houston/videos/?C=M%3BO%3DA HTTP/1.1" 200 874 "-" "Mozilla/5.0 (compatible; SemrushBot/7~bl; +http://www.semrush.com/bot.html)" "metrocrimedaily.com"
51.222.253.5 - - [22/Feb/2023:16:03:57 -0800] "GET /instagram-houston/02-17-2023-1548002-Wharton-child-sex-offender-sentenced-to-25-years-.txt HTTP/1.1" 404 88 "-" "Mozilla/5.0 (compatible; AhrefsBot/7.0; +http://ahrefs.com/robot/)" "metrocrimedaily.com"
51.222.253.4 - - [22/Feb/2023:16:04:33 -0800] "GET /instagram-houston/02-17-2023-1548003-Murdaugh-prosecutors-reveal-flurry-of-steps-after.txt HTTP/1.1" 404 88 "-" "Mozilla/5.0 (compatible; AhrefsBot/7.0; +http://ahrefs.com/robot/)" "metrocrimedaily.com"
66.249.66.13 - - [22/Feb/2023:16:05:03 -0800] "GET /index-detroit.html HTTP/1.1" 404 88 "-" "Mozilla/5.0 (Linux; Android 6.0.1; Nexus 5X Build/MMB29P) AppleWebKit/537.36 (KHTML, like Gecko) Chrome/110.0.5481.100 Mobile Safari/537.36 (compatible; Googlebot/2.1; +http://www.google.com/bot.html)" "www.metrocrimedaily.com"
185.191.171.41 - - [22/Feb/2023:16:05:09 -0800] "GET /instagram-losangeles/videos/?C=S%3BO%3DA HTTP/1.1" 200 515 "-" "Mozilla/5.0 (compatible; SemrushBot/7~bl; +http://www.semrush.com/bot.html)" "metrocrimedaily.com"
51.222.253.14 - - [22/Feb/2023:16:05:19 -0800] "GET /instagram-houston/02-17-2023-1548004-James-City-County-officer-accused-of-shooting-fel.txt HTTP/1.1" 404 88 "-" "Mozilla/5.0 (compatible; AhrefsBot/7.0; +http://ahrefs.com/robot/)" "metrocrimedaily.com"
69.63.184.4 - - [22/Feb/2023:16:05:31 -0800] "GET /instagram-stlouis/02-22-2023-1647306-A.jpg HTTP/1.1" 200 469306 "-" "facebookexternalhit/1.1 (+http://www.facebook.com/externalhit_uatext.php)" "www.metrocrimedaily.com"
51.222.253.17 - - [22/Feb/2023:16:06:21 -0800] "GET /instagram-houston/02-17-2023-1548005-6-fatally-shot-in-small-Mississippi-town--suspect.txt HTTP/1.1" 404 88 "-" "Mozilla/5.0 (compatible; AhrefsBot/7.0; +http://ahrefs.com/robot/)" "metrocrimedaily.com"
51.222.253.9 - - [22/Feb/2023:16:07:30 -0800] "GET /instagram-houston/02-17-2023-1548006-Video--Man-arrested--accused-of-burglarizing-home.txt HTTP/1.1" 404 88 "-" "Mozilla/5.0 (compatible; AhrefsBot/7.0; +http://ahrefs.com/robot/)" "metrocrimedaily.com"
185.191.171.42 - - [22/Feb/2023:16:08:11 -0800] "GET /instagram-miami/post-later/?C=M%3BO%3DA HTTP/1.1" 200 887 "-" "Mozilla/5.0 (compatible; SemrushBot/7~bl; +http://www.semrush.com/bot.html)" "metrocrimedaily.com"
51.222.253.15 - - [22/Feb/2023:16:08:29 -0800] "GET /instagram-houston/02-17-2023-1548007-DA--Houston-man-sentenced-to-60-years-in-prison-f.txt HTTP/1.1" 404 88 "-" "Mozilla/5.0 (compatible; AhrefsBot/7.0; +http://ahrefs.com/robot/)" "metrocrimedaily.com"
185.191.171.24 - - [22/Feb/2023:16:09:15 -0800] "GET /CRIME-WATCH-AMERICA/CRIME-WATCH-HOUSTON/?C=N%3BO%3DD HTTP/1.1" 200 1194 "-" "Mozilla/5.0 (compatible; SemrushBot/7~bl; +http://www.semrush.com/bot.html)" "metrocrimedaily.com"
51.222.253.12 - - [22/Feb/2023:16:09:43 -0800] "GET /instagram-houston/02-17-2023-1854311-Mother--9-month-old-killed-in-chain-reaction-cras.txt HTTP/1.1" 404 88 "-" "Mozilla/5.0 (compatible; AhrefsBot/7.0; +http://ahrefs.com/robot/)" "metrocrimedaily.com"
66.249.66.43 - - [22/Feb/2023:16:09:55 -0800] "GET /instagram-chicago/02-17-2023-0442391-A.jpg HTTP/1.1" 404 88 "-" "Googlebot-Image/1.0" "metrocrimedaily.com"
69.63.184.3 - - [22/Feb/2023:16:10:07 -0800] "GET /instagram-memphis/02-22-2023-1754172-A.jpg HTTP/1.1" 200 270639 "-" "facebookexternalhit/1.1 (+http://www.facebook.com/externalhit_uatext.php)" "www.metrocrimedaily.com"
51.222.253.14 - - [22/Feb/2023:16:10:51 -0800] "GET /instagram-houston/02-17-2023-1854312-Update--Surveillance-video-released-of-2-suspects.txt HTTP/1.1" 404 88 "-" "Mozilla/5.0 (compatible; AhrefsBot/7.0; +http://ahrefs.com/robot/)" "metrocrimedaily.com"
51.222.253.13 - - [22/Feb/2023:16:12:23 -0800] "GET /instagram-houston/02-17-2023-1854313-Search-underway-for-missing-swimmer-in-San-Jacint.txt HTTP/1.1" 404 88 "-" "Mozilla/5.0 (compatible; AhrefsBot/7.0; +http://ahrefs.com/robot/)" "metrocrimedaily.com"
66.249.66.3 - - [22/Feb/2023:16:13:09 -0800] "GET /favicon.ico HTTP/1.1" 404 88 "-" "Googlebot-Image/1.0" "metrocrimedaily.com"
51.222.253.17 - - [22/Feb/2023:16:13:31 -0800] "GET /instagram-houston/02-17-2023-1854314-6-shot-dead-in-small-Mississippi-town--suspect-in.txt HTTP/1.1" 404 88 "-" "Mozilla/5.0 (compatible; AhrefsBot/7.0; +http://ahrefs.com/robot/)" "metrocrimedaily.com"
66.249.66.71 - - [22/Feb/2023:16:14:01 -0800] "GET /instagram-chicago/02-17-2023-1906491-A.jpg HTTP/1.1" 404 88 "-" "Googlebot-Image/1.0" "metrocrimedaily.com"
66.249.66.43 - - [22/Feb/2023:16:14:06 -0800] "GET /instagram-chicago/02-16-2023-1903202-A.jpg HTTP/1.1" 404 88 "-" "Googlebot-Image/1.0" "metrocrimedaily.com"
66.249.66.43 - - [22/Feb/2023:16:14:13 -0800] "GET /instagram-chicago/02-16-2023-1208501-A.jpg HTTP/1.1" 404 88 "-" "Googlebot-Image/1.0" "metrocrimedaily.com"
51.222.253.2 - - [22/Feb/2023:16:14:42 -0800] "GET /instagram-houston/02-17-2023-1854315-Fugitive-wanted--Man-accused-of-sexually-assaulti.txt HTTP/1.1" 404 88 "-" "Mozilla/5.0 (compatible; AhrefsBot/7.0; +http://ahrefs.com/robot/)" "metrocrimedaily.com"
69.63.184.4 - - [22/Feb/2023:16:14:57 -0800] "GET /instagram-chicago/02-22-2023-1759032-A.jpg HTTP/1.1" 200 242299 "-" "facebookexternalhit/1.1 (+http://www.facebook.com/externalhit_uatext.php)" "www.metrocrimedaily.com"
66.249.66.3 - - [22/Feb/2023:16:15:29 -0800] "GET /instagram-chicago/02-16-2023-2215012-A.jpg HTTP/1.1" 404 88 "-" "Googlebot-Image/1.0" "metrocrimedaily.com"
51.222.253.19 - - [22/Feb/2023:16:15:40 -0800] "GET /instagram-houston/02-18-2023-0755471-Man-filling-gas-tank-on-side-of-highway-dies-afte.txt HTTP/1.1" 404 88 "-" "Mozilla/5.0 (compatible; AhrefsBot/7.0; +http://ahrefs.com/robot/)" "metrocrimedaily.com"
66.249.66.43 - - [22/Feb/2023:16:15:42 -0800] "GET /instagram-chicago/02-16-2023-0645482-A.jpg HTTP/1.1" 404 88 "-" "Googlebot-Image/1.0" "metrocrimedaily.com"
69.63.184.5 - - [22/Feb/2023:16:15:56 -0800] "GET /instagram-newyork/02-22-2023-1815371-A.jpg HTTP/1.1" 200 171759 "-" "facebookexternalhit/1.1 (+http://www.facebook.com/externalhit_uatext.php)" "www.metrocrimedaily.com"
69.63.184.117 - - [22/Feb/2023:16:16:00 -0800] "GET /instagram-atlanta/02-22-2023-1657246-A.jpg HTTP/1.1" 200 136199 "-" "facebookexternalhit/1.1 (+http://www.facebook.com/externalhit_uatext.php)" "www.metrocrimedaily.com"
69.63.184.4 - - [22/Feb/2023:16:16:10 -0800] "GET /instagram-dallas/02-22-2023-1744393-A.jpg HTTP/1.1" 200 808716 "-" "facebookexternalhit/1.1 (+http://www.facebook.com/externalhit_uatext.php)" "www.metrocrimedaily.com"
51.222.253.12 - - [22/Feb/2023:16:16:54 -0800] "GET /instagram-houston/02-18-2023-0919491-Will-Alex-Murdaugh-testify--Takeaways-from-his-mu.txt HTTP/1.1" 404 88 "-" "Mozilla/5.0 (compatible; AhrefsBot/7.0; +http://ahrefs.com/robot/)" "metrocrimedaily.com"
69.63.184.116 - - [22/Feb/2023:16:17:49 -0800] "GET /instagram-houston/02-22-2023-1746263-A.jpg HTTP/1.1" 200 81328 "-" "facebookexternalhit/1.1 (+http://www.facebook.com/externalhit_uatext.php)" "www.metrocrimedaily.com"
51.222.253.13 - - [22/Feb/2023:16:17:58 -0800] "GET /instagram-houston/02-18-2023-0919492-Givenchy-robbery--Thieves-steal-$50K-worth-of-ite.txt HTTP/1.1" 404 88 "-" "Mozilla/5.0 (compatible; AhrefsBot/7.0; +http://ahrefs.com/robot/)" "metrocrimedaily.com"
66.249.66.4 - - [22/Feb/2023:16:18:36 -0800] "GET /instagram-chicago/02-16-2023-2215011-A.jpg HTTP/1.1" 404 88 "-" "Googlebot-Image/1.0" "metrocrimedaily.com"
185.191.171.41 - - [22/Feb/2023:16:18:45 -0800] "GET /instagram-chicago/post-later/?C=D%3BO%3DA HTTP/1.1" 200 1906 "-" "Mozilla/5.0 (compatible; SemrushBot/7~bl; +http://www.semrush.com/bot.html)" "metrocrimedaily.com"
69.63.184.4 - - [22/Feb/2023:16:18:46 -0800] "GET /instagram-detroit/02-22-2023-1817371-A.jpg HTTP/1.1" 200 102110 "-" "facebookexternalhit/1.1 (+http://www.facebook.com/externalhit_uatext.php)" "www.metrocrimedaily.com"
51.222.253.4 - - [22/Feb/2023:16:18:54 -0800] "GET /instagram-houston/02-18-2023-0919493-Man-hit--killed-by-18-wheeler-while-dancing-in-th.txt HTTP/1.1" 404 88 "-" "Mozilla/5.0 (compatible; AhrefsBot/7.0; +http://ahrefs.com/robot/)" "metrocrimedaily.com"
51.222.253.3 - - [22/Feb/2023:16:19:42 -0800] "GET /instagram-houston/02-18-2023-0919494-Happening-today--Harris-County--City-of-Houston-t.txt HTTP/1.1" 404 88 "-" "Mozilla/5.0 (compatible; AhrefsBot/7.0; +http://ahrefs.com/robot/)" "metrocrimedaily.com"
66.249.66.5 - - [22/Feb/2023:16:19:56 -0800] "GET /instagram-chicago/02-16-2023-0823273-A.jpg HTTP/1.1" 404 88 "-" "Googlebot-Image/1.0" "metrocrimedaily.com"
66.249.66.73 - - [22/Feb/2023:16:20:39 -0800] "GET /instagram-chicago/02-16-2023-0823272-A.jpg HTTP/1.1" 404 88 "-" "Googlebot-Image/1.0" "metrocrimedaily.com"
51.222.253.14 - - [22/Feb/2023:16:20:41 -0800] "GET /instagram-houston/02-18-2023-0919495-Houston-prepares-for-third-gun-buyback-after-more.txt HTTP/1.1" 404 88 "-" "Mozilla/5.0 (compatible; AhrefsBot/7.0; +http://ahrefs.com/robot/)" "metrocrimedaily.com"
66.249.66.4 - - [22/Feb/2023:16:20:58 -0800] "GET /instagram-chicago/02-17-2023-1630391-A.jpg HTTP/1.1" 404 88 "-" "Googlebot-Image/1.0" "metrocrimedaily.com"
69.63.184.1 - - [22/Feb/2023:16:21:05 -0800] "GET /instagram-stlouis/02-22-2023-1647307-A.jpg HTTP/1.1" 200 213900 "-" "facebookexternalhit/1.1 (+http://www.facebook.com/externalhit_uatext.php)" "www.metrocrimedaily.com"
66.249.66.73 - - [22/Feb/2023:16:21:07 -0800] "GET /instagram-chicago/02-16-2023-1539511-A.jpg HTTP/1.1" 404 88 "-" "Googlebot-Image/1.0" "metrocrimedaily.com"
66.249.66.4 - - [22/Feb/2023:16:21:14 -0800] "GET /instagram-chicago/02-18-2023-1835383-A.jpg HTTP/1.1" 404 88 "-" "Googlebot-Image/1.0" "metrocrimedaily.com"
51.222.253.5 - - [22/Feb/2023:16:21:47 -0800] "GET /instagram-houston/02-18-2023-0919496-Gunman-kills-6-including-ex-wife-in-northern-Miss.txt HTTP/1.1" 404 88 "-" "Mozilla/5.0 (compatible; AhrefsBot/7.0; +http://ahrefs.com/robot/)" "metrocrimedaily.com"
51.222.253.11 - - [22/Feb/2023:16:22:53 -0800] "GET /instagram-houston/02-18-2023-1317071-Man-shot-to-death-after-stabbing-2-Houston-police.txt HTTP/1.1" 404 88 "-" "Mozilla/5.0 (compatible; AhrefsBot/7.0; +http://ahrefs.com/robot/)" "metrocrimedaily.com"
185.191.171.3 - - [22/Feb/2023:16:23:31 -0800] "GET /instagram-atlanta/videos/?C=D%3BO%3DA HTTP/1.1" 200 1425 "-" "Mozilla/5.0 (compatible; SemrushBot/7~bl; +http://www.semrush.com/bot.html)" "metrocrimedaily.com"
51.222.253.6 - - [22/Feb/2023:16:24:06 -0800] "GET /instagram-houston/02-18-2023-1317072-Houston-and-Harris-Co.-leaders-give-update-on-tod.txt HTTP/1.1" 404 88 "-" "Mozilla/5.0 (compatible; AhrefsBot/7.0; +http://ahrefs.com/robot/)" "metrocrimedaily.com"
185.191.171.42 - - [22/Feb/2023:16:24:16 -0800] "GET /instagram-houston/videos/?C=D%3BO%3DA HTTP/1.1" 200 874 "-" "Mozilla/5.0 (compatible; SemrushBot/7~bl; +http://www.semrush.com/bot.html)" "metrocrimedaily.com"
174.210.230.109 - - [22/Feb/2023:16:25:13 -0800] "GET / HTTP/1.1" 200 151438 "-" "Mozilla/5.0 (iPhone; CPU iPhone OS 14_6 like Mac OS X) AppleWebKit/605.1.15 (KHTML, like Gecko) Version/14.1.1 Mobile/15E148 Safari/604.1" "www.metrocrimedaily.com"
51.222.253.10 - - [22/Feb/2023:16:25:25 -0800] "GET /instagram-houston/02-18-2023-1317073-Texas-death-row-inmate-who-cut-out-his-eyes-seeks.txt HTTP/1.1" 404 88 "-" "Mozilla/5.0 (compatible; AhrefsBot/7.0; +http://ahrefs.com/robot/)" "metrocrimedaily.com"
52.167.144.91 - - [22/Feb/2023:16:26:14 -0800] "GET /instagram-memphis/01-19-2023-1107483-Police-sergeant-on-leave-after-video-shows-him-pu.txt HTTP/1.1" 404 88 "-" "Mozilla/5.0 AppleWebKit/537.36 (KHTML, like Gecko; compatible; bingbot/2.0; +http://www.bing.com/bingbot.htm) Chrome/103.0.5060.134 Safari/537.36" "www.metrocrimedaily.com"
51.222.253.10 - - [22/Feb/2023:16:26:29 -0800] "GET /instagram-houston/02-18-2023-1453381-Defendants-in-Addison-shooting-charged-with-attem.txt HTTP/1.1" 404 88 "-" "Mozilla/5.0 (compatible; AhrefsBot/7.0; +http://ahrefs.com/robot/)" "metrocrimedaily.com"
69.63.184.117 - - [22/Feb/2023:16:26:59 -0800] "GET /instagram-losangeles/02-22-2023-1826401-A.jpg HTTP/1.1" 200 190536 "-" "facebookexternalhit/1.1 (+http://www.facebook.com/externalhit_uatext.php)" "www.metrocrimedaily.com"
51.222.253.11 - - [22/Feb/2023:16:27:34 -0800] "GET /instagram-houston/02-18-2023-1453382-Funerals-held-for-victims-of-Michigan-State-campu.txt HTTP/1.1" 404 88 "-" "Mozilla/5.0 (compatible; AhrefsBot/7.0; +http://ahrefs.com/robot/)" "metrocrimedaily.com"
51.222.253.10 - - [22/Feb/2023:16:28:42 -0800] "GET /instagram-houston/02-18-2023-1453383-Man-recounts-home-assault-amid-6-fatal-Mississipp.txt HTTP/1.1" 404 88 "-" "Mozilla/5.0 (compatible; AhrefsBot/7.0; +http://ahrefs.com/robot/)" "metrocrimedaily.com"
185.191.171.6 - - [22/Feb/2023:16:28:53 -0800] "GET /CRIME-WATCH-AMERICA/CRIME-WATCH-STLOUIS/?C=N%3BO%3DD HTTP/1.1" 200 974 "-" "Mozilla/5.0 (compatible; SemrushBot/7~bl; +http://www.semrush.com/bot.html)" "metrocrimedaily.com"
51.222.253.8 - - [22/Feb/2023:16:30:18 -0800] "GET /instagram-houston/02-18-2023-1634241-Turmoil-in-courts-on-gun-laws-in-wake-of-justices.txt HTTP/1.1" 404 88 "-" "Mozilla/5.0 (compatible; AhrefsBot/7.0; +http://ahrefs.com/robot/)" "metrocrimedaily.com"
69.63.184.3 - - [22/Feb/2023:16:30:31 -0800] "GET /instagram-chicago/02-22-2023-1759033-A.jpg HTTP/1.1" 200 71774 "-" "facebookexternalhit/1.1 (+http://www.facebook.com/externalhit_uatext.php)" "www.metrocrimedaily.com"
207.46.13.10 - - [22/Feb/2023:16:31:09 -0800] "GET /instagram-memphis/01-17-2023-2041571----This-has-been-the-worst-I---ve-ever-been-throu.txt HTTP/1.1" 404 88 "-" "Mozilla/5.0 AppleWebKit/537.36 (KHTML, like Gecko; compatible; bingbot/2.0; +http://www.bing.com/bingbot.htm) Chrome/103.0.5060.134 Safari/537.36" "www.metrocrimedaily.com"
40.77.167.176 - - [22/Feb/2023:16:31:14 -0800] "GET /instagram-losangeles/01-12-2023-1141401-Idaho-murders-trial--Brian-Kohberger-s-next-court.txt HTTP/1.1" 404 88 "-" "Mozilla/5.0 AppleWebKit/537.36 (KHTML, like Gecko; compatible; bingbot/2.0; +http://www.bing.com/bingbot.htm) Chrome/103.0.5060.134 Safari/537.36" "www.metrocrimedaily.com"
69.63.184.120 - - [22/Feb/2023:16:31:26 -0800] "GET /instagram-miami/02-22-2023-1831051-A.jpg HTTP/1.1" 200 87357 "-" "facebookexternalhit/1.1 (+http://www.facebook.com/externalhit_uatext.php)" "www.metrocrimedaily.com"
51.222.253.20 - - [22/Feb/2023:16:31:39 -0800] "GET /instagram-houston/02-18-2023-1634242-North-Chicago-man-found-shot-in-Waukegan-parking-.txt HTTP/1.1" 404 88 "-" "Mozilla/5.0 (compatible; AhrefsBot/7.0; +http://ahrefs.com/robot/)" "metrocrimedaily.com"
69.63.184.118 - - [22/Feb/2023:16:31:44 -0800] "GET /instagram-dallas/02-22-2023-1744394-A.jpg HTTP/1.1" 200 141543 "-" "facebookexternalhit/1.1 (+http://www.facebook.com/externalhit_uatext.php)" "www.metrocrimedaily.com"
51.222.253.18 - - [22/Feb/2023:16:32:55 -0800] "GET /instagram-houston/02-18-2023-1634243-Live-dispatch-audio-reveals-moments-after-man-sho.txt HTTP/1.1" 404 88 "-" "Mozilla/5.0 (compatible; AhrefsBot/7.0; +http://ahrefs.com/robot/)" "metrocrimedaily.com"
69.63.184.116 - - [22/Feb/2023:16:33:20 -0800] "GET /instagram-houston/02-22-2023-1746264-A.jpg HTTP/1.1" 200 85796 "-" "facebookexternalhit/1.1 (+http://www.facebook.com/externalhit_uatext.php)" "www.metrocrimedaily.com"
185.191.171.15 - - [22/Feb/2023:16:33:33 -0800] "GET /robots.txt HTTP/1.1" 404 88 "-" "Mozilla/5.0 (compatible; SemrushBot/7~bl; +http://www.semrush.com/bot.html)" "metrocrimedaily.com"
185.191.171.12 - - [22/Feb/2023:16:33:33 -0800] "GET /instagram-newyork/videos/?C=D%3BO%3DA HTTP/1.1" 200 725 "-" "Mozilla/5.0 (compatible; SemrushBot/7~bl; +http://www.semrush.com/bot.html)" "metrocrimedaily.com"
51.222.253.8 - - [22/Feb/2023:16:33:59 -0800] "GET /instagram-houston/02-18-2023-1634244--Technical-problem--causing-issues-with-gift-card.txt HTTP/1.1" 404 88 "-" "Mozilla/5.0 (compatible; AhrefsBot/7.0; +http://ahrefs.com/robot/)" "metrocrimedaily.com"
76.184.252.42 - - [22/Feb/2023:16:34:08 -0800] "GET /images/police-tape.jpg HTTP/1.1" 200 50766 "-" "Wget/1.20.3 (mingw32)" "metrocrimedaily.com"
69.63.184.120 - - [22/Feb/2023:16:34:31 -0800] "GET /instagram-detroit/02-22-2023-1817372-A.jpg HTTP/1.1" 200 51629 "-" "facebookexternalhit/1.1 (+http://www.facebook.com/externalhit_uatext.php)" "www.metrocrimedaily.com"
51.222.253.12 - - [22/Feb/2023:16:34:53 -0800] "GET /instagram-houston/02-18-2023-1634245-Houston-s-third-gun-buyback-for-gift-cards--peopl.txt HTTP/1.1" 404 88 "-" "Mozilla/5.0 (compatible; AhrefsBot/7.0; +http://ahrefs.com/robot/)" "metrocrimedaily.com"
51.222.253.11 - - [22/Feb/2023:16:35:47 -0800] "GET /instagram-houston/02-18-2023-1634246-Virginia-woman-sends-ex-boyfriend-happy-birthday-.txt HTTP/1.1" 404 88 "-" "Mozilla/5.0 (compatible; AhrefsBot/7.0; +http://ahrefs.com/robot/)" "metrocrimedaily.com"
51.222.253.6 - - [22/Feb/2023:16:36:22 -0800] "GET /instagram-houston/02-18-2023-1901321-Port-Edward-hosts-dinner-buffet-to-raise-money-fo.txt HTTP/1.1" 404 88 "-" "Mozilla/5.0 (compatible; AhrefsBot/7.0; +http://ahrefs.com/robot/)" "metrocrimedaily.com"
69.63.184.119 - - [22/Feb/2023:16:36:35 -0800] "GET /instagram-stlouis/02-22-2023-1647308-A.jpg HTTP/1.1" 200 101491 "-" "facebookexternalhit/1.1 (+http://www.facebook.com/externalhit_uatext.php)" "www.metrocrimedaily.com"
185.191.171.24 - - [22/Feb/2023:16:36:46 -0800] "GET /CRIME-WATCH-AMERICA/CRIME-WATCH-CHICAGO/mcd-epilog.html HTTP/1.1" 200 439 "-" "Mozilla/5.0 (compatible; SemrushBot/7~bl; +http://www.semrush.com/bot.html)" "metrocrimedaily.com"
51.222.253.17 - - [22/Feb/2023:16:36:53 -0800] "GET /instagram-houston/02-18-2023-1901322-Assault-rifle--163-rounds-of-ammunition-confiscat.txt HTTP/1.1" 404 88 "-" "Mozilla/5.0 (compatible; AhrefsBot/7.0; +http://ahrefs.com/robot/)" "metrocrimedaily.com"
51.222.253.13 - - [22/Feb/2023:16:37:13 -0800] "GET /instagram-houston/02-18-2023-1901324-Man-killed-after-stabbing-2-HPD-officers-in-the-f.txt HTTP/1.1" 404 88 "-" "Mozilla/5.0 (compatible; AhrefsBot/7.0; +http://ahrefs.com/robot/)" "metrocrimedaily.com"
51.222.253.13 - - [22/Feb/2023:16:37:30 -0800] "GET /instagram-houston/02-18-2023-1901325-Houston-gun-buyback-event-collects-nearly-800-fir.txt HTTP/1.1" 404 88 "-" "Mozilla/5.0 (compatible; AhrefsBot/7.0; +http://ahrefs.com/robot/)" "metrocrimedaily.com"
51.222.253.19 - - [22/Feb/2023:16:37:59 -0800] "GET /instagram-houston/02-18-2023-1901326-Houston-3rd-gun-buyback-collected-nearly-800-guns.txt HTTP/1.1" 404 88 "-" "Mozilla/5.0 (compatible; AhrefsBot/7.0; +http://ahrefs.com/robot/)" "metrocrimedaily.com"
51.222.253.3 - - [22/Feb/2023:16:38:36 -0800] "GET /instagram-houston/02-19-2023-0918511-Eight-year-old-child--adult-injured-in-Round-Lake.txt HTTP/1.1" 404 88 "-" "Mozilla/5.0 (compatible; AhrefsBot/7.0; +http://ahrefs.com/robot/)" "metrocrimedaily.com"
185.191.171.19 - - [22/Feb/2023:16:39:01 -0800] "GET /CRIME-WATCH-AMERICA/CRIME-WATCH-DALLAS/find-and-post-dallas-stories-RevX.bat HTTP/1.1" 200 17159 "-" "Mozilla/5.0 (compatible; SemrushBot/7~bl; +http://www.semrush.com/bot.html)" "metrocrimedaily.com"
51.222.253.7 - - [22/Feb/2023:16:39:18 -0800] "GET /instagram-houston/02-19-2023-0918512-3-teens-killed-including-expectant-mother--1-year.txt HTTP/1.1" 404 88 "-" "Mozilla/5.0 (compatible; AhrefsBot/7.0; +http://ahrefs.com/robot/)" "metrocrimedaily.com"
51.222.253.9 - - [22/Feb/2023:16:39:53 -0800] "GET /instagram-houston/02-19-2023-0918513-Port-Edward-hosts-dinner-buffet-to-raise-money-fo.txt HTTP/1.1" 404 88 "-" "Mozilla/5.0 (compatible; AhrefsBot/7.0; +http://ahrefs.com/robot/)" "metrocrimedaily.com"
51.222.253.7 - - [22/Feb/2023:16:40:33 -0800] "GET /instagram-houston/02-19-2023-0918514-50-year-old-man-killed-in-Norfolk-shooting-Saturd.txt HTTP/1.1" 404 88 "-" "Mozilla/5.0 (compatible; AhrefsBot/7.0; +http://ahrefs.com/robot/)" "metrocrimedaily.com"
51.222.253.11 - - [22/Feb/2023:16:41:18 -0800] "GET /instagram-houston/02-19-2023-1214551-4-dead-in-Galena-Park-murder-suicide--including-3.txt HTTP/1.1" 404 88 "-" "Mozilla/5.0 (compatible; AhrefsBot/7.0; +http://ahrefs.com/robot/)" "metrocrimedaily.com"
51.222.253.9 - - [22/Feb/2023:16:41:53 -0800] "GET /instagram-houston/02-19-2023-1214552-Lake-County-jail-inmate-dies-after-suffering-seiz.txt HTTP/1.1" 404 88 "-" "Mozilla/5.0 (compatible; AhrefsBot/7.0; +http://ahrefs.com/robot/)" "metrocrimedaily.com"
185.191.171.43 - - [22/Feb/2023:16:42:05 -0800] "GET /CRIME-WATCH-AMERICA/GOOD_BARBER_APP-MAKER/INSTALL-CRIME-WATCH-DALLAS/ HTTP/1.1" 200 943 "-" "Mozilla/5.0 (compatible; SemrushBot/7~bl; +http://www.semrush.com/bot.html)" "metrocrimedaily.com"
69.63.184.117 - - [22/Feb/2023:16:42:31 -0800] "GET /instagram-losangeles/02-22-2023-1826402-A.jpg HTTP/1.1" 200 127476 "-" "facebookexternalhit/1.1 (+http://www.facebook.com/externalhit_uatext.php)" "www.metrocrimedaily.com"
51.222.253.17 - - [22/Feb/2023:16:42:44 -0800] "GET /instagram-houston/02-19-2023-1214553-GONE--BUT-NOT-FORGOTTEN--Thousands-of-roses-to-be.txt HTTP/1.1" 404 88 "-" "Mozilla/5.0 (compatible; AhrefsBot/7.0; +http://ahrefs.com/robot/)" "metrocrimedaily.com"
51.222.253.8 - - [22/Feb/2023:16:43:20 -0800] "GET /instagram-houston/02-19-2023-1346411-Memphis-police-say-1-dead--10-injured-in-overnigh.txt HTTP/1.1" 404 88 "-" "Mozilla/5.0 (compatible; AhrefsBot/7.0; +http://ahrefs.com/robot/)" "metrocrimedaily.com"
51.222.253.5 - - [22/Feb/2023:16:44:06 -0800] "GET /instagram-houston/02-19-2023-1456081-South-Carolina-wife--mother-shot-to-death-in-fron.txt HTTP/1.1" 404 88 "-" "Mozilla/5.0 (compatible; AhrefsBot/7.0; +http://ahrefs.com/robot/)" "metrocrimedaily.com"
51.222.253.5 - - [22/Feb/2023:16:44:48 -0800] "GET /instagram-houston/02-19-2023-1628031-Man-charged-for-holding-woman-hostage-for-nearly-.txt HTTP/1.1" 404 88 "-" "Mozilla/5.0 (compatible; AhrefsBot/7.0; +http://ahrefs.com/robot/)" "metrocrimedaily.com"
51.222.253.19 - - [22/Feb/2023:16:45:24 -0800] "GET /instagram-houston/02-19-2023-1850431-Sheriff--4-dead--including-3-teen-girls--in-appar.txt HTTP/1.1" 404 88 "-" "Mozilla/5.0 (compatible; AhrefsBot/7.0; +http://ahrefs.com/robot/)" "metrocrimedaily.com"
69.63.184.112 - - [22/Feb/2023:16:46:02 -0800] "GET /instagram-chicago/02-22-2023-1759034-A.jpg HTTP/1.1" 200 86516 "-" "facebookexternalhit/1.1 (+http://www.facebook.com/externalhit_uatext.php)" "www.metrocrimedaily.com"
51.222.253.4 - - [22/Feb/2023:16:46:06 -0800] "GET /instagram-dallas/02-16-2023-1132331-Man-Allegedly-Left-Naked-for-Days-on-Jail-s-Concr.txt HTTP/1.1" 404 88 "-" "Mozilla/5.0 (compatible; AhrefsBot/7.0; +http://ahrefs.com/robot/)" "metrocrimedaily.com"
52.167.144.91 - - [22/Feb/2023:16:46:36 -0800] "GET /instagram-dallas/10-16-2022-1619107-Man-dies-after-being-shot-while-driving-in-Old-Ea.txt HTTP/1.1" 404 88 "-" "Mozilla/5.0 AppleWebKit/537.36 (KHTML, like Gecko; compatible; bingbot/2.0; +http://www.bing.com/bingbot.htm) Chrome/103.0.5060.134 Safari/537.36" "www.metrocrimedaily.com"
51.222.253.14 - - [22/Feb/2023:16:46:51 -0800] "GET / HTTP/1.1" 200 151438 "-" "Mozilla/5.0 (compatible; AhrefsBot/7.0; +http://ahrefs.com/robot/)" "metrocrimedaily.com"
69.63.184.1 - - [22/Feb/2023:16:46:56 -0800] "GET /instagram-miami/02-22-2023-1831052-A.jpg HTTP/1.1" 200 646711 "-" "facebookexternalhit/1.1 (+http://www.facebook.com/externalhit_uatext.php)" "www.metrocrimedaily.com"
69.63.184.117 - - [22/Feb/2023:16:47:17 -0800] "GET /instagram-dallas/02-22-2023-1744395-A.jpg HTTP/1.1" 200 136832 "-" "facebookexternalhit/1.1 (+http://www.facebook.com/externalhit_uatext.php)" "www.metrocrimedaily.com"
51.222.253.1 - - [22/Feb/2023:16:47:28 -0800] "GET /instagram-houston/?C=D;O=D HTTP/1.1" 200 2591 "-" "Mozilla/5.0 (compatible; AhrefsBot/7.0; +http://ahrefs.com/robot/)" "www.metrocrimedaily.com"
69.63.184.116 - - [22/Feb/2023:16:47:44 -0800] "GET /instagram-dallas/02-22-2023-1744396-A.jpg HTTP/1.1" 200 118486 "-" "facebookexternalhit/1.1 (+http://www.facebook.com/externalhit_uatext.php)" "www.metrocrimedaily.com"
51.222.253.7 - - [22/Feb/2023:16:48:01 -0800] "GET /CRIME-WATCH-AMERICA/CRIME-WATCH-DETROIT/INSTAGRAM-AUTOMATION/instagram/archive/?C=D;O=A HTTP/1.1" 200 1435 "-" "Mozilla/5.0 (compatible; AhrefsBot/7.0; +http://ahrefs.com/robot/)" "metrocrimedaily.com"
51.222.253.3 - - [22/Feb/2023:16:48:47 -0800] "GET /CRIME-WATCH-AMERICA/CRIME-WATCH-DETROIT/INSTAGRAM-AUTOMATION/instagram/archive/?C=M;O=A HTTP/1.1" 200 1446 "-" "Mozilla/5.0 (compatible; AhrefsBot/7.0; +http://ahrefs.com/robot/)" "metrocrimedaily.com"
69.63.184.118 - - [22/Feb/2023:16:48:52 -0800] "GET /instagram-houston/02-22-2023-1746265-A.jpg HTTP/1.1" 200 82161 "-" "facebookexternalhit/1.1 (+http://www.facebook.com/externalhit_uatext.php)" "www.metrocrimedaily.com"
51.222.253.19 - - [22/Feb/2023:16:49:26 -0800] "GET /CRIME-WATCH-AMERICA/CRIME-WATCH-DETROIT/INSTAGRAM-AUTOMATION/instagram/archive/?C=S;O=A HTTP/1.1" 200 1443 "-" "Mozilla/5.0 (compatible; AhrefsBot/7.0; +http://ahrefs.com/robot/)" "metrocrimedaily.com"
51.222.253.7 - - [22/Feb/2023:16:50:02 -0800] "GET /instagram-dallas/?C=D;O=D HTTP/1.1" 200 2367 "-" "Mozilla/5.0 (compatible; AhrefsBot/7.0; +http://ahrefs.com/robot/)" "metrocrimedaily.com"
69.63.184.117 - - [22/Feb/2023:16:50:18 -0800] "GET /instagram-detroit/02-22-2023-1817373-A.jpg HTTP/1.1" 200 125113 "-" "facebookexternalhit/1.1 (+http://www.facebook.com/externalhit_uatext.php)" "www.metrocrimedaily.com"
185.191.171.38 - - [22/Feb/2023:16:50:44 -0800] "GET /CRIME-WATCH-AMERICA/CRIME-WATCH-ATLANTA/post-to-instagram-RevB.bat HTTP/1.1" 200 6010 "-" "Mozilla/5.0 (compatible; SemrushBot/7~bl; +http://www.semrush.com/bot.html)" "metrocrimedaily.com"
51.222.253.11 - - [22/Feb/2023:16:50:51 -0800] "GET /instagram-losangeles/?C=S;O=D HTTP/1.1" 200 1887 "-" "Mozilla/5.0 (compatible; AhrefsBot/7.0; +http://ahrefs.com/robot/)" "metrocrimedaily.com"
51.222.253.20 - - [22/Feb/2023:16:51:32 -0800] "GET /CRIME-WATCH-AMERICA/CRIME-WATCH-DETROIT/support/?C=N;O=D HTTP/1.1" 200 811 "-" "Mozilla/5.0 (compatible; AhrefsBot/7.0; +http://ahrefs.com/robot/)" "metrocrimedaily.com"
51.222.253.19 - - [22/Feb/2023:16:52:15 -0800] "GET /CRIME-WATCH-AMERICA/CRIME-WATCH-DETROIT/support/ HTTP/1.1" 200 817 "-" "Mozilla/5.0 (compatible; AhrefsBot/7.0; +http://ahrefs.com/robot/)" "www.metrocrimedaily.com"
51.222.253.2 - - [22/Feb/2023:16:52:50 -0800] "GET /CRIME-WATCH-AMERICA/CRIME-WATCH-DETROIT/?C=D;O=A HTTP/1.1" 200 1993 "-" "Mozilla/5.0 (compatible; AhrefsBot/7.0; +http://ahrefs.com/robot/)" "www.metrocrimedaily.com"
185.191.171.42 - - [22/Feb/2023:16:53:04 -0800] "GET /CRIME-WATCH-AMERICA/CRIME-WATCH-DETROIT/?C=N%3BO%3DD HTTP/1.1" 200 1993 "-" "Mozilla/5.0 (compatible; SemrushBot/7~bl; +http://www.semrush.com/bot.html)" "metrocrimedaily.com"
51.222.253.7 - - [22/Feb/2023:16:54:16 -0800] "GET /instagram-memphis/02-21-2023-1733151-First-court-appearance-for-two-men-charged-in-Whi.txt HTTP/1.1" 200 53 "-" "Mozilla/5.0 (compatible; AhrefsBot/7.0; +http://ahrefs.com/robot/)" "www.metrocrimedaily.com"
51.222.253.10 - - [22/Feb/2023:16:54:55 -0800] "GET /instagram-memphis/02-21-2023-1733152-NAACP-calls-on-U.S.-Justice-Dept.-to-investigate-.txt HTTP/1.1" 200 233 "-" "Mozilla/5.0 (compatible; AhrefsBot/7.0; +http://ahrefs.com/robot/)" "www.metrocrimedaily.com"
51.222.253.12 - - [22/Feb/2023:16:55:45 -0800] "GET /instagram-memphis/02-21-2023-1733153-15-year-old-charged-with-murder-of-beloved-Memphi.txt HTTP/1.1" 200 53 "-" "Mozilla/5.0 (compatible; AhrefsBot/7.0; +http://ahrefs.com/robot/)" "www.metrocrimedaily.com"
51.222.253.12 - - [22/Feb/2023:16:56:31 -0800] "GET /instagram-memphis/02-21-2023-2031101-Child-shot--critically-injured-in-Oakhaven--MPD-s.txt HTTP/1.1" 200 331 "-" "Mozilla/5.0 (compatible; AhrefsBot/7.0; +http://ahrefs.com/robot/)" "www.metrocrimedaily.com"
51.222.253.15 - - [22/Feb/2023:16:57:08 -0800] "GET /instagram-memphis/02-21-2023-2031102-Child-shot-in-Southeast-Memphis--police-say-.txt HTTP/1.1" 200 233 "-" "Mozilla/5.0 (compatible; AhrefsBot/7.0; +http://ahrefs.com/robot/)" "www.metrocrimedaily.com"
51.222.253.9 - - [22/Feb/2023:16:57:48 -0800] "GET /instagram-memphis/02-21-2023-2031103-4-victims-in-hospital-after-shootings--minutes-ap.txt HTTP/1.1" 200 702 "-" "Mozilla/5.0 (compatible; AhrefsBot/7.0; +http://ahrefs.com/robot/)" "www.metrocrimedaily.com"
69.63.184.119 - - [22/Feb/2023:16:58:03 -0800] "GET /instagram-losangeles/02-22-2023-1826403-A.jpg HTTP/1.1" 200 138397 "-" "facebookexternalhit/1.1 (+http://www.facebook.com/externalhit_uatext.php)" "www.metrocrimedaily.com"
51.222.253.9 - - [22/Feb/2023:16:58:28 -0800] "GET /instagram-memphis/02-21-2023-2152011-Man-in-critical-condition-after-shooting-in-North.txt HTTP/1.1" 200 397 "-" "Mozilla/5.0 (compatible; AhrefsBot/7.0; +http://ahrefs.com/robot/)" "www.metrocrimedaily.com"
69.63.184.118 - - [22/Feb/2023:16:58:30 -0800] "GET /instagram-memphis/02-22-2023-1858111-A.jpg HTTP/1.1" 200 120434 "-" "facebookexternalhit/1.1 (+http://www.facebook.com/externalhit_uatext.php)" "www.metrocrimedaily.com"
185.191.171.36 - - [22/Feb/2023:16:58:36 -0800] "GET /instagram-stlouis/videos/?C=N%3BO%3DD HTTP/1.1" 200 474 "-" "Mozilla/5.0 (compatible; SemrushBot/7~bl; +http://www.semrush.com/bot.html)" "metrocrimedaily.com"
51.222.253.18 - - [22/Feb/2023:16:59:04 -0800] "GET /instagram-memphis/02-21-2023-2152012-Friends-of-beloved-Memphis-pastor-murdered-reckon.txt HTTP/1.1" 200 53 "-" "Mozilla/5.0 (compatible; AhrefsBot/7.0; +http://ahrefs.com/robot/)" "www.metrocrimedaily.com"
69.63.184.116 - - [22/Feb/2023:16:59:20 -0800] "GET /instagram-neworleans/02-22-2023-1859011-A.jpg HTTP/1.1" 200 141600 "-" "facebookexternalhit/1.1 (+http://www.facebook.com/externalhit_uatext.php)" "www.metrocrimedaily.com"
51.222.253.14 - - [22/Feb/2023:16:59:34 -0800] "GET /instagram-memphis/02-21-2023-2152014-Child--2-others-shot-in-Southeast-Memphis--police.txt HTTP/1.1" 200 233 "-" "Mozilla/5.0 (compatible; AhrefsBot/7.0; +http://ahrefs.com/robot/)" "www.metrocrimedaily.com"
51.222.253.8 - - [22/Feb/2023:17:00:15 -0800] "GET /instagram-memphis/02-21-2023-2152015-FOX13-Investigates--Criminals-find-new-ways-to-st.txt HTTP/1.1" 200 163 "-" "Mozilla/5.0 (compatible; AhrefsBot/7.0; +http://ahrefs.com/robot/)" "www.metrocrimedaily.com"
185.191.171.11 - - [22/Feb/2023:17:00:46 -0800] "GET /CRIME-WATCH-AMERICA/CRIME-WATCH-MEMPHIS/?C=S%3BO%3DA HTTP/1.1" 200 376 "-" "Mozilla/5.0 (compatible; SemrushBot/7~bl; +http://www.semrush.com/bot.html)" "metrocrimedaily.com"
51.222.253.19 - - [22/Feb/2023:17:00:52 -0800] "GET /instagram-memphis/02-21-2023-2324251-Methodist-clergy-grapples-with-release-of-Memphis.txt HTTP/1.1" 200 163 "-" "Mozilla/5.0 (compatible; AhrefsBot/7.0; +http://ahrefs.com/robot/)" "www.metrocrimedaily.com"
69.63.184.4 - - [22/Feb/2023:17:01:34 -0800] "GET /instagram-chicago/02-22-2023-1759035-A.jpg HTTP/1.1" 200 82452 "-" "facebookexternalhit/1.1 (+http://www.facebook.com/externalhit_uatext.php)" "www.metrocrimedaily.com"
51.222.253.12 - - [22/Feb/2023:17:01:40 -0800] "GET /instagram-memphis/02-21-2023-2324252-Child-seriously-injured-in-South-Memphis-shooting.txt HTTP/1.1" 200 53 "-" "Mozilla/5.0 (compatible; AhrefsBot/7.0; +http://ahrefs.com/robot/)" "www.metrocrimedaily.com"
185.191.171.23 - - [22/Feb/2023:17:02:22 -0800] "GET /CRIME-WATCH-AMERICA/CRIME-WATCH-STLOUIS/support/ HTTP/1.1" 200 709 "-" "Mozilla/5.0 (compatible; SemrushBot/7~bl; +http://www.semrush.com/bot.html)" "metrocrimedaily.com"
51.222.253.10 - - [22/Feb/2023:17:02:29 -0800] "GET /instagram-memphis/02-21-2023-2324253-6-adults--1-child-shot-in-less-than-2-hours-acros.txt HTTP/1.1" 200 732 "-" "Mozilla/5.0 (compatible; AhrefsBot/7.0; +http://ahrefs.com/robot/)" "www.metrocrimedaily.com"
185.191.171.15 - - [22/Feb/2023:17:02:47 -0800] "GET /CRIME-WATCH-AMERICA/CRIME-WATCH-ATLANTA/send-email-to-kim-iPhone.bat HTTP/1.1" 200 3997 "-" "Mozilla/5.0 (compatible; SemrushBot/7~bl; +http://www.semrush.com/bot.html)" "metrocrimedaily.com"
51.222.253.7 - - [22/Feb/2023:17:03:04 -0800] "GET /instagram-memphis/02-22-2023-1100401-Man-charged-with-stabbing-his-sister-and-another-.txt HTTP/1.1" 200 563 "-" "Mozilla/5.0 (compatible; AhrefsBot/7.0; +http://ahrefs.com/robot/)" "www.metrocrimedaily.com"
51.222.253.11 - - [22/Feb/2023:17:03:43 -0800] "GET /instagram-memphis/02-22-2023-1200041-Man-stabs-sister--kills-sister---s-boyfriend--sai.txt HTTP/1.1" 200 611 "-" "Mozilla/5.0 (compatible; AhrefsBot/7.0; +http://ahrefs.com/robot/)" "www.metrocrimedaily.com"
185.191.171.19 - - [22/Feb/2023:17:03:52 -0800] "GET /instagram-atlanta/videos/?C=N%3BO%3DD HTTP/1.1" 200 1425 "-" "Mozilla/5.0 (compatible; SemrushBot/7~bl; +http://www.semrush.com/bot.html)" "metrocrimedaily.com"
51.222.253.11 - - [22/Feb/2023:17:04:14 -0800] "GET /instagram-memphis/02-22-2023-1200042-7-year-old-girl--2-others-shot-in-Southeast-Memph.txt HTTP/1.1" 200 255 "-" "Mozilla/5.0 (compatible; AhrefsBot/7.0; +http://ahrefs.com/robot/)" "www.metrocrimedaily.com"
51.222.253.12 - - [22/Feb/2023:17:04:53 -0800] "GET /instagram-memphis/02-22-2023-1300561-MPD-searching-for-robber-who-hit-two-stores-in-sa.txt HTTP/1.1" 200 1046 "-" "Mozilla/5.0 (compatible; AhrefsBot/7.0; +http://ahrefs.com/robot/)" "www.metrocrimedaily.com"
51.222.253.7 - - [22/Feb/2023:17:05:23 -0800] "GET /instagram-memphis/02-22-2023-1300562-Woman-arrested-for-animal-neglect-.txt HTTP/1.1" 200 562 "-" "Mozilla/5.0 (compatible; AhrefsBot/7.0; +http://ahrefs.com/robot/)" "www.metrocrimedaily.com"
185.191.171.41 - - [22/Feb/2023:17:05:50 -0800] "GET /CRIME-WATCH-AMERICA/CRIME-WATCH-ATLANTA/download-atlanta-videos-Rev-.bat HTTP/1.1" 200 8228 "-" "Mozilla/5.0 (compatible; SemrushBot/7~bl; +http://www.semrush.com/bot.html)" "metrocrimedaily.com"
51.222.253.18 - - [22/Feb/2023:17:06:01 -0800] "GET /instagram-memphis/02-22-2023-1300563-Accused-Tate-County--Mississippi-mass-shooter-fac.txt HTTP/1.1" 200 1017 "-" "Mozilla/5.0 (compatible; AhrefsBot/7.0; +http://ahrefs.com/robot/)" "www.metrocrimedaily.com"
69.63.184.120 - - [22/Feb/2023:17:06:08 -0800] "GET /instagram-detroit/02-22-2023-1817374-A.jpg HTTP/1.1" 200 93884 "-" "facebookexternalhit/1.1 (+http://www.facebook.com/externalhit_uatext.php)" "www.metrocrimedaily.com"
51.222.253.13 - - [22/Feb/2023:17:06:35 -0800] "GET /instagram-memphis/02-22-2023-1416341-7-year-old-girl-among-three-people-shot-in-Southe.txt HTTP/1.1" 200 233 "-" "Mozilla/5.0 (compatible; AhrefsBot/7.0; +http://ahrefs.com/robot/)" "www.metrocrimedaily.com"
51.222.253.11 - - [22/Feb/2023:17:07:09 -0800] "GET /instagram-memphis/02-22-2023-1416342-Memphis-Police-investigate-deadly-shooting-in-sou.txt HTTP/1.1" 200 359 "-" "Mozilla/5.0 (compatible; AhrefsBot/7.0; +http://ahrefs.com/robot/)" "www.metrocrimedaily.com"
185.191.171.10 - - [22/Feb/2023:17:07:27 -0800] "GET /CRIME-WATCH-AMERICA/CRIME-WATCH-NEW-YORK-CITY/?C=M%3BO%3DA HTTP/1.1" 200 381 "-" "Mozilla/5.0 (compatible; SemrushBot/7~bl; +http://www.semrush.com/bot.html)" "metrocrimedaily.com"
51.222.253.11 - - [22/Feb/2023:17:07:50 -0800] "GET /instagram-memphis/02-22-2023-1416343-Man-shot-dead-near-beauty-supply-store--police-sa.txt HTTP/1.1" 200 218 "-" "Mozilla/5.0 (compatible; AhrefsBot/7.0; +http://ahrefs.com/robot/)" "www.metrocrimedaily.com"
185.191.171.33 - - [22/Feb/2023:17:08:15 -0800] "GET /instagram-detroit/post-later/?C=D%3BO%3DA HTTP/1.1" 200 330 "-" "Mozilla/5.0 (compatible; SemrushBot/7~bl; +http://www.semrush.com/bot.html)" "metrocrimedaily.com"
51.222.253.9 - - [22/Feb/2023:17:08:26 -0800] "GET /instagram-memphis/02-22-2023-1532031-Nipsey-Hussle-s-killer-gets-60-years-to-life-in-p.txt HTTP/1.1" 200 1084 "-" "Mozilla/5.0 (compatible; AhrefsBot/7.0; +http://ahrefs.com/robot/)" "www.metrocrimedaily.com"
51.222.253.14 - - [22/Feb/2023:17:09:15 -0800] "GET /instagram-memphis/02-22-2023-1532032-MPD--Man-dead--another-injured-in-shooting-on-Kir.txt HTTP/1.1" 200 416 "-" "Mozilla/5.0 (compatible; AhrefsBot/7.0; +http://ahrefs.com/robot/)" "www.metrocrimedaily.com"
69.63.184.117 - - [22/Feb/2023:17:09:42 -0800] "GET /instagram-newyork/02-22-2023-1909231-A.jpg HTTP/1.1" 200 81950 "-" "facebookexternalhit/1.1 (+http://www.facebook.com/externalhit_uatext.php)" "www.metrocrimedaily.com"
51.222.253.14 - - [22/Feb/2023:17:09:52 -0800] "GET /instagram-memphis/02-22-2023-1637221-Student-detained-after-bringing-airsoft-guns-to-M.txt HTTP/1.1" 200 507 "-" "Mozilla/5.0 (compatible; AhrefsBot/7.0; +http://ahrefs.com/robot/)" "www.metrocrimedaily.com"
185.191.171.1 - - [22/Feb/2023:17:10:01 -0800] "GET /CRIME-WATCH-AMERICA/CRIME-WATCH-STLOUIS/wput.exe HTTP/1.1" 200 118784 "-" "Mozilla/5.0 (compatible; SemrushBot/7~bl; +http://www.semrush.com/bot.html)" "metrocrimedaily.com"
51.222.253.5 - - [22/Feb/2023:17:10:44 -0800] "GET /instagram-neworleans/02-22-2023-0726391-Weakened-Cyclone-Freddy-batters-Madagascar--killi.txt HTTP/1.1" 200 1117 "-" "Mozilla/5.0 (compatible; AhrefsBot/7.0; +http://ahrefs.com/robot/)" "metrocrimedaily.com"
95.108.213.191 - - [22/Feb/2023:17:11:26 -0800] "GET /styles-css.txt HTTP/1.1" 200 941 "-" "Mozilla/5.0 (compatible; YandexBot/3.0; +http://yandex.com/bots)" "metrocrimedaily.com"
51.222.253.6 - - [22/Feb/2023:17:11:28 -0800] "GET /instagram-neworleans/02-22-2023-0845241-Woman-killed-in-Mardi-Gras-shooting-on-North-Clai.txt HTTP/1.1" 200 193 "-" "Mozilla/5.0 (compatible; AhrefsBot/7.0; +http://ahrefs.com/robot/)" "metrocrimedaily.com"
51.222.253.14 - - [22/Feb/2023:17:12:15 -0800] "GET /instagram-neworleans/02-22-2023-0845242-Man-arrested-after-nearly-11-hour-standoff-with-S.txt HTTP/1.1" 200 193 "-" "Mozilla/5.0 (compatible; AhrefsBot/7.0; +http://ahrefs.com/robot/)" "metrocrimedaily.com"
51.222.253.5 - - [22/Feb/2023:17:12:57 -0800] "GET /instagram-neworleans/02-22-2023-1111481-New-Orleans-coroner-IDs-4-slain-during-Carnival-w.txt HTTP/1.1" 200 193 "-" "Mozilla/5.0 (compatible; AhrefsBot/7.0; +http://ahrefs.com/robot/)" "metrocrimedaily.com"
51.222.253.15 - - [22/Feb/2023:17:13:32 -0800] "GET /instagram-neworleans/02-22-2023-1229571-Victim-in-Bacchus-parade-shooting-identified-.txt HTTP/1.1" 200 680 "-" "Mozilla/5.0 (compatible; AhrefsBot/7.0; +http://ahrefs.com/robot/)" "metrocrimedaily.com"
69.63.184.117 - - [22/Feb/2023:17:14:01 -0800] "GET /instagram-memphis/02-22-2023-1858112-A.jpg HTTP/1.1" 200 155871 "-" "facebookexternalhit/1.1 (+http://www.facebook.com/externalhit_uatext.php)" "www.metrocrimedaily.com"
51.222.253.15 - - [22/Feb/2023:17:14:19 -0800] "GET /instagram-neworleans/02-22-2023-1229572-2-juveniles-charged-as-adults-with-attempted-murd.txt HTTP/1.1" 200 193 "-" "Mozilla/5.0 (compatible; AhrefsBot/7.0; +http://ahrefs.com/robot/)" "metrocrimedaily.com"
51.222.253.12 - - [22/Feb/2023:17:15:09 -0800] "GET /instagram-neworleans/02-22-2023-1349131-Man-shot-driving-on-I-10-near-Louisa-exit-.txt HTTP/1.1" 200 422 "-" "Mozilla/5.0 (compatible; AhrefsBot/7.0; +http://ahrefs.com/robot/)" "metrocrimedaily.com"
51.222.253.1 - - [22/Feb/2023:17:15:50 -0800] "GET /instagram-neworleans/02-22-2023-1349132-BREAKING--Man-shot-several-times-on-I-10--manages.txt HTTP/1.1" 200 495 "-" "Mozilla/5.0 (compatible; AhrefsBot/7.0; +http://ahrefs.com/robot/)" "metrocrimedaily.com"
51.222.253.17 - - [22/Feb/2023:17:16:38 -0800] "GET /instagram-neworleans/02-22-2023-1349133-What---s-behind-the-Israeli-army---s-deadly-Nablu.txt HTTP/1.1" 200 1119 "-" "Mozilla/5.0 (compatible; AhrefsBot/7.0; +http://ahrefs.com/robot/)" "metrocrimedaily.com"
51.222.253.18 - - [22/Feb/2023:17:17:23 -0800] "GET /instagram-neworleans/02-22-2023-1518591-Man-shot-on-Interstate-10-near-Louisa-Street-Wedn.txt HTTP/1.1" 200 193 "-" "Mozilla/5.0 (compatible; AhrefsBot/7.0; +http://ahrefs.com/robot/)" "metrocrimedaily.com"
185.191.171.43 - - [22/Feb/2023:17:17:46 -0800] "GET /CRIME-WATCH-AMERICA/CRIME-WATCH-DETROIT/mcd-citd-detroit-lnkpreview-RevD.bat HTTP/1.1" 200 15241 "-" "Mozilla/5.0 (compatible; SemrushBot/7~bl; +http://www.semrush.com/bot.html)" "metrocrimedaily.com"
51.222.253.5 - - [22/Feb/2023:17:18:03 -0800] "GET /instagram-neworleans/02-22-2023-1701141-Nipsey-Hussle---s-killer-gets-60-years-to-life-in.txt HTTP/1.1" 200 1105 "-" "Mozilla/5.0 (compatible; AhrefsBot/7.0; +http://ahrefs.com/robot/)" "metrocrimedaily.com"
51.222.253.15 - - [22/Feb/2023:17:18:45 -0800] "GET /instagram-houston/02-21-2023-1341541-Students-evacuated--dismissed-early-after-bomb-th.txt HTTP/1.1" 200 1090 "-" "Mozilla/5.0 (compatible; AhrefsBot/7.0; +http://ahrefs.com/robot/)" "www.metrocrimedaily.com"
51.222.253.6 - - [22/Feb/2023:17:19:20 -0800] "GET /instagram-houston/02-21-2023-1341542-Carpentersville-man-charged-with-possessing--diss.txt HTTP/1.1" 200 581 "-" "Mozilla/5.0 (compatible; AhrefsBot/7.0; +http://ahrefs.com/robot/)" "www.metrocrimedaily.com"
51.222.253.19 - - [22/Feb/2023:17:20:03 -0800] "GET /instagram-houston/02-21-2023-1341543-Family-of-teen-killed-in-murder-suicide-in-Galena.txt HTTP/1.1" 200 722 "-" "Mozilla/5.0 (compatible; AhrefsBot/7.0; +http://ahrefs.com/robot/)" "www.metrocrimedaily.com"
51.222.253.11 - - [22/Feb/2023:17:20:33 -0800] "GET /instagram-houston/02-21-2023-1529371-Man-stabbed-several-times-during-fight-at-LA-Fitn.txt HTTP/1.1" 200 571 "-" "Mozilla/5.0 (compatible; AhrefsBot/7.0; +http://ahrefs.com/robot/)" "www.metrocrimedaily.com"
185.191.171.25 - - [22/Feb/2023:17:20:55 -0800] "GET /CRIME-WATCH-AMERICA/CRIME-WATCH-ATLANTA/wput.exe HTTP/1.1" 200 118784 "-" "Mozilla/5.0 (compatible; SemrushBot/7~bl; +http://www.semrush.com/bot.html)" "metrocrimedaily.com"
51.222.253.11 - - [22/Feb/2023:17:21:22 -0800] "GET /instagram-houston/02-21-2023-1529372-20-year-old-man-with-autism-reported-missing-from.txt HTTP/1.1" 200 466 "-" "Mozilla/5.0 (compatible; AhrefsBot/7.0; +http://ahrefs.com/robot/)" "www.metrocrimedaily.com"
76.184.252.42 - - [22/Feb/2023:17:21:32 -0800] "GET /images/police-tape.jpg HTTP/1.1" 200 50766 "-" "Wget/1.20.3 (mingw32)" "metrocrimedaily.com"
69.63.184.1 - - [22/Feb/2023:17:21:56 -0800] "GET /instagram-detroit/02-22-2023-1817375-A.jpg HTTP/1.1" 200 64853 "-" "facebookexternalhit/1.1 (+http://www.facebook.com/externalhit_uatext.php)" "www.metrocrimedaily.com"
51.222.253.14 - - [22/Feb/2023:17:22:14 -0800] "GET /instagram-houston/02-21-2023-1529373--Forever-a-Spartan---Funeral-held-for-Michigan-St.txt HTTP/1.1" 200 1158 "-" "Mozilla/5.0 (compatible; AhrefsBot/7.0; +http://ahrefs.com/robot/)" "www.metrocrimedaily.com"
185.191.171.35 - - [22/Feb/2023:17:22:56 -0800] "GET /CRIME-WATCH-AMERICA/CRIME-WATCH-STLOUIS/?C=D%3BO%3DA HTTP/1.1" 200 974 "-" "Mozilla/5.0 (compatible; SemrushBot/7~bl; +http://www.semrush.com/bot.html)" "metrocrimedaily.com"
51.222.253.12 - - [22/Feb/2023:17:22:59 -0800] "GET /instagram-houston/02-21-2023-1529374-Mexico---s-ex-public-security-chief-convicted-in-.txt HTTP/1.1" 200 1107 "-" "Mozilla/5.0 (compatible; AhrefsBot/7.0; +http://ahrefs.com/robot/)" "www.metrocrimedaily.com"
51.222.253.17 - - [22/Feb/2023:17:23:51 -0800] "GET /instagram-houston/02-21-2023-1529375-Hampton-man-arrested-in-connection-with-January-h.txt HTTP/1.1" 200 440 "-" "Mozilla/5.0 (compatible; AhrefsBot/7.0; +http://ahrefs.com/robot/)" "www.metrocrimedaily.com"
51.222.253.7 - - [22/Feb/2023:17:24:35 -0800] "GET /instagram-houston/02-21-2023-1529377-2nd-suspect-charged-with-capital-murder-in-deadly.txt HTTP/1.1" 200 747 "-" "Mozilla/5.0 (compatible; AhrefsBot/7.0; +http://ahrefs.com/robot/)" "www.metrocrimedaily.com"
51.222.253.9 - - [22/Feb/2023:17:25:05 -0800] "GET /instagram-houston/02-21-2023-1529378-Alex-Murdaugh-s-surviving-son-takes-stand-at-murd.txt HTTP/1.1" 200 1077 "-" "Mozilla/5.0 (compatible; AhrefsBot/7.0; +http://ahrefs.com/robot/)" "www.metrocrimedaily.com"
69.63.184.5 - - [22/Feb/2023:17:25:21 -0800] "GET /instagram-newyork/02-22-2023-1909232-A.jpg HTTP/1.1" 200 226566 "-" "facebookexternalhit/1.1 (+http://www.facebook.com/externalhit_uatext.php)" "www.metrocrimedaily.com"
185.191.171.4 - - [22/Feb/2023:17:25:37 -0800] "GET /CRIME-WATCH-AMERICA/CRIME-WATCH-DETROIT/sendemail-RevC.bat HTTP/1.1" 200 435 "-" "Mozilla/5.0 (compatible; SemrushBot/7~bl; +http://www.semrush.com/bot.html)" "metrocrimedaily.com"
51.222.253.1 - - [22/Feb/2023:17:25:50 -0800] "GET /instagram-houston/02-21-2023-1828541-Fundraiser-held-to-help-cover-funeral-expenses-fo.txt HTTP/1.1" 200 49 "-" "Mozilla/5.0 (compatible; AhrefsBot/7.0; +http://ahrefs.com/robot/)" "www.metrocrimedaily.com"
51.222.253.3 - - [22/Feb/2023:17:26:23 -0800] "GET /instagram-houston/02-21-2023-18285410-Teen-killed--another-hospitalized-after-SUV--poss.txt HTTP/1.1" 200 580 "-" "Mozilla/5.0 (compatible; AhrefsBot/7.0; +http://ahrefs.com/robot/)" "www.metrocrimedaily.com"
51.222.253.4 - - [22/Feb/2023:17:27:19 -0800] "GET /instagram-houston/02-21-2023-18285411-Yes--scammers-do-send-fake-checks-in-the-mail-.txt HTTP/1.1" 200 1100 "-" "Mozilla/5.0 (compatible; AhrefsBot/7.0; +http://ahrefs.com/robot/)" "www.metrocrimedaily.com"
51.222.253.5 - - [22/Feb/2023:17:28:09 -0800] "GET /instagram-houston/02-21-2023-18285412-Arkansas-officer-involved-in-violent-arrest-back-.txt HTTP/1.1" 200 1052 "-" "Mozilla/5.0 (compatible; AhrefsBot/7.0; +http://ahrefs.com/robot/)" "www.metrocrimedaily.com"
51.222.253.12 - - [22/Feb/2023:17:28:42 -0800] "GET /instagram-houston/02-21-2023-18285413-Portsmouth-police-seek-public---s-help-finding-ma.txt HTTP/1.1" 200 665 "-" "Mozilla/5.0 (compatible; AhrefsBot/7.0; +http://ahrefs.com/robot/)" "www.metrocrimedaily.com"
51.222.253.19 - - [22/Feb/2023:17:29:30 -0800] "GET /instagram-houston/02-21-2023-1828542-Guns-N----Roses-bringing-world-tour-to-Houston--S.txt HTTP/1.1" 200 664 "-" "Mozilla/5.0 (compatible; AhrefsBot/7.0; +http://ahrefs.com/robot/)" "www.metrocrimedaily.com"
51.222.253.20 - - [22/Feb/2023:17:30:22 -0800] "GET /instagram-houston/02-21-2023-1828543-1-woman-arrested--2-others-wanted-after-assaultin.txt HTTP/1.1" 200 542 "-" "Mozilla/5.0 (compatible; AhrefsBot/7.0; +http://ahrefs.com/robot/)" "www.metrocrimedaily.com"
51.222.253.11 - - [22/Feb/2023:17:31:03 -0800] "GET /instagram-houston/02-21-2023-1828544-Watch--Dallas-Zoo-shares-initial-security-plan-wi.txt HTTP/1.1" 200 235 "-" "Mozilla/5.0 (compatible; AhrefsBot/7.0; +http://ahrefs.com/robot/)" "www.metrocrimedaily.com"
51.222.253.14 - - [22/Feb/2023:17:31:46 -0800] "GET /instagram-houston/02-21-2023-1828546--Heartbreaking----Loved-ones-help-raise-money-for.txt HTTP/1.1" 200 1066 "-" "Mozilla/5.0 (compatible; AhrefsBot/7.0; +http://ahrefs.com/robot/)" "www.metrocrimedaily.com"
95.108.213.191 - - [22/Feb/2023:17:31:56 -0800] "GET /instagram-newyork/01-13-2023-0247251-Lisa-Marie-Presley-made-Golden-Globes-2023-appear.txt HTTP/1.1" 404 88 "-" "Mozilla/5.0 (compatible; YandexBot/3.0; +http://yandex.com/bots)" "metrocrimedaily.com"
51.222.253.7 - - [22/Feb/2023:17:32:34 -0800] "GET /instagram-houston/02-21-2023-1828547-Intoxicated-man-upset-about-dogs--barking-all-day.txt HTTP/1.1" 200 736 "-" "Mozilla/5.0 (compatible; AhrefsBot/7.0; +http://ahrefs.com/robot/)" "www.metrocrimedaily.com"
69.63.184.1 - - [22/Feb/2023:17:32:36 -0800] "GET /instagram-dallas/02-22-2023-1932091-A.jpg HTTP/1.1" 200 235517 "-" "facebookexternalhit/1.1 (+http://www.facebook.com/externalhit_uatext.php)" "www.metrocrimedaily.com"
51.222.253.20 - - [22/Feb/2023:17:33:11 -0800] "GET /instagram-houston/02-21-2023-1828548-Precinct-4--Man-shoots-up-neighbor---s-home-becau.txt HTTP/1.1" 200 592 "-" "Mozilla/5.0 (compatible; AhrefsBot/7.0; +http://ahrefs.com/robot/)" "www.metrocrimedaily.com"
51.222.253.4 - - [22/Feb/2023:17:34:03 -0800] "GET /instagram-houston/02-21-2023-1828549-Dallas-man-charged-in-connection-with-weekend--st.txt HTTP/1.1" 200 1037 "-" "Mozilla/5.0 (compatible; AhrefsBot/7.0; +http://ahrefs.com/robot/)" "www.metrocrimedaily.com"
51.222.253.10 - - [22/Feb/2023:17:34:36 -0800] "GET /instagram-houston/02-21-2023-2244541-4th-Fire-Department-employee-probed-in-Tyre-Nicho.txt HTTP/1.1" 200 903 "-" "Mozilla/5.0 (compatible; AhrefsBot/7.0; +http://ahrefs.com/robot/)" "www.metrocrimedaily.com"
52.167.144.38 - - [22/Feb/2023:17:35:11 -0800] "GET /instagram-dallas/10-17-2022-1846214-Southlake-police-officers-shoot-person-of-interes.txt HTTP/1.1" 404 88 "-" "Mozilla/5.0 AppleWebKit/537.36 (KHTML, like Gecko; compatible; bingbot/2.0; +http://www.bing.com/bingbot.htm) Chrome/103.0.5060.134 Safari/537.36" "www.metrocrimedaily.com"
