51.222.253.5 - - [23/Feb/2023:10:41:40 -0800] "GET /instagram-houston/02-23-2023-1131392-Alex-Murdaugh-testifies-in-his-own-defense-at-mur.txt HTTP/1.1" 404 88 "-" "Mozilla/5.0 (compatible; AhrefsBot/7.0; +http://ahrefs.com/robot/)" "metrocrimedaily.com"
51.222.253.14 - - [23/Feb/2023:10:43:19 -0800] "GET /instagram-houston/post-later/02-23-2023-00401110-Serial-robber-hits-multiple-fast-food-restaurants.txt HTTP/1.1" 200 571 "-" "Mozilla/5.0 (compatible; AhrefsBot/7.0; +http://ahrefs.com/robot/)" "metrocrimedaily.com"
51.222.253.7 - - [23/Feb/2023:10:44:19 -0800] "GET /instagram-houston/post-later/02-23-2023-00401111-How-social-media-posts-helped-lead-to-brothers--a.txt HTTP/1.1" 200 1112 "-" "Mozilla/5.0 (compatible; AhrefsBot/7.0; +http://ahrefs.com/robot/)" "metrocrimedaily.com"
69.63.184.5 - - [23/Feb/2023:10:45:13 -0800] "GET /instagram-miami/02-23-2023-1143114-A.jpg HTTP/1.1" 200 269813 "-" "facebookexternalhit/1.1 (+http://www.facebook.com/externalhit_uatext.php)" "www.metrocrimedaily.com"
51.222.253.17 - - [23/Feb/2023:10:45:14 -0800] "GET /instagram-houston/post-later/02-23-2023-00401112-Several-gunmen-fired-more-than-25-shots-in-east-H.txt HTTP/1.1" 200 950 "-" "Mozilla/5.0 (compatible; AhrefsBot/7.0; +http://ahrefs.com/robot/)" "metrocrimedaily.com"
69.63.184.116 - - [23/Feb/2023:10:45:42 -0800] "GET /instagram-miami/02-23-2023-1143115-A.jpg HTTP/1.1" 200 590532 "-" "facebookexternalhit/1.1 (+http://www.facebook.com/externalhit_uatext.php)" "www.metrocrimedaily.com"
69.63.184.1 - - [23/Feb/2023:10:46:05 -0800] "GET /instagram-neworleans/02-23-2023-1159144-A.jpg HTTP/1.1" 200 88062 "-" "facebookexternalhit/1.1 (+http://www.facebook.com/externalhit_uatext.php)" "www.metrocrimedaily.com"
69.63.184.2 - - [23/Feb/2023:10:46:10 -0800] "GET /instagram-miami/02-23-2023-1143116-A.jpg HTTP/1.1" 200 158273 "-" "facebookexternalhit/1.1 (+http://www.facebook.com/externalhit_uatext.php)" "www.metrocrimedaily.com"
51.222.253.13 - - [23/Feb/2023:10:46:14 -0800] "GET /instagram-houston/post-later/02-23-2023-00401113-Orlando-journalist--girl-killed-in-Pine-Hills-sho.txt HTTP/1.1" 200 1023 "-" "Mozilla/5.0 (compatible; AhrefsBot/7.0; +http://ahrefs.com/robot/)" "metrocrimedaily.com"
69.63.184.2 - - [23/Feb/2023:10:46:25 -0800] "GET /instagram-losangeles/02-23-2023-1246051-A.jpg HTTP/1.1" 200 87792 "-" "facebookexternalhit/1.1 (+http://www.facebook.com/externalhit_uatext.php)" "www.metrocrimedaily.com"
69.63.184.5 - - [23/Feb/2023:10:46:53 -0800] "GET /instagram-losangeles/02-23-2023-1246052-A.jpg HTTP/1.1" 200 160787 "-" "facebookexternalhit/1.1 (+http://www.facebook.com/externalhit_uatext.php)" "www.metrocrimedaily.com"
51.222.253.20 - - [23/Feb/2023:10:47:12 -0800] "GET /instagram-houston/post-later/02-23-2023-00401114-Widow-remembers-San-Jacinto-County-deputy-killed-.txt HTTP/1.1" 200 184 "-" "Mozilla/5.0 (compatible; AhrefsBot/7.0; +http://ahrefs.com/robot/)" "metrocrimedaily.com"
69.63.184.116 - - [23/Feb/2023:10:47:24 -0800] "GET /instagram-losangeles/02-23-2023-1246053-A.jpg HTTP/1.1" 200 115867 "-" "facebookexternalhit/1.1 (+http://www.facebook.com/externalhit_uatext.php)" "www.metrocrimedaily.com"
69.63.184.120 - - [23/Feb/2023:10:47:38 -0800] "GET /instagram-newyork/02-23-2023-1247151-A.jpg HTTP/1.1" 200 127417 "-" "facebookexternalhit/1.1 (+http://www.facebook.com/externalhit_uatext.php)" "www.metrocrimedaily.com"
69.63.184.4 - - [23/Feb/2023:10:47:40 -0800] "GET /instagram-dallas/02-23-2023-1247181-A.jpg HTTP/1.1" 200 83259 "-" "facebookexternalhit/1.1 (+http://www.facebook.com/externalhit_uatext.php)" "www.metrocrimedaily.com"
69.63.184.4 - - [23/Feb/2023:10:48:09 -0800] "GET /instagram-dallas/02-23-2023-1247182-A.jpg HTTP/1.1" 200 144890 "-" "facebookexternalhit/1.1 (+http://www.facebook.com/externalhit_uatext.php)" "www.metrocrimedaily.com"
69.63.184.1 - - [23/Feb/2023:10:48:38 -0800] "GET /instagram-dallas/02-23-2023-1247183-A.jpg HTTP/1.1" 200 110094 "-" "facebookexternalhit/1.1 (+http://www.facebook.com/externalhit_uatext.php)" "www.metrocrimedaily.com"
51.222.253.9 - - [23/Feb/2023:10:48:43 -0800] "GET /instagram-houston/post-later/02-23-2023-00401115-Authorities--TV-reporter--9-year-old-girl-fatally.txt HTTP/1.1" 200 999 "-" "Mozilla/5.0 (compatible; AhrefsBot/7.0; +http://ahrefs.com/robot/)" "metrocrimedaily.com"
51.222.253.14 - - [23/Feb/2023:10:49:51 -0800] "GET /instagram-houston/post-later/02-23-2023-0040112-DNA-on-a-discarded-cigarette-butt-helps-police-so.txt HTTP/1.1" 200 1051 "-" "Mozilla/5.0 (compatible; AhrefsBot/7.0; +http://ahrefs.com/robot/)" "metrocrimedaily.com"
51.222.253.20 - - [23/Feb/2023:10:51:09 -0800] "GET /instagram-houston/post-later/02-23-2023-0040113-More-bodies-found-in-China-mine-collapse--49-rema.txt HTTP/1.1" 200 1112 "-" "Mozilla/5.0 (compatible; AhrefsBot/7.0; +http://ahrefs.com/robot/)" "metrocrimedaily.com"
51.222.253.15 - - [23/Feb/2023:10:52:22 -0800] "GET /instagram-houston/post-later/02-23-2023-0040114-Orlando-shooting--News-crew-member--9-year-old-gi.txt HTTP/1.1" 200 49 "-" "Mozilla/5.0 (compatible; AhrefsBot/7.0; +http://ahrefs.com/robot/)" "metrocrimedaily.com"
51.222.253.11 - - [23/Feb/2023:10:53:42 -0800] "GET /instagram-houston/post-later/02-23-2023-0040115-Suspect-in-custody-after-fatal-shootings-of-news-.txt HTTP/1.1" 200 1076 "-" "Mozilla/5.0 (compatible; AhrefsBot/7.0; +http://ahrefs.com/robot/)" "metrocrimedaily.com"
51.222.253.1 - - [23/Feb/2023:10:55:02 -0800] "GET /instagram-houston/post-later/02-23-2023-0040116-US-mass-killings-linked-to-extremism-spiked-over-.txt HTTP/1.1" 200 1016 "-" "Mozilla/5.0 (compatible; AhrefsBot/7.0; +http://ahrefs.com/robot/)" "metrocrimedaily.com"
51.222.253.16 - - [23/Feb/2023:10:56:20 -0800] "GET /instagram-houston/post-later/02-23-2023-0040117-Keith-Melvin-Moses--What-we-know-about-suspect-in.txt HTTP/1.1" 200 1061 "-" "Mozilla/5.0 (compatible; AhrefsBot/7.0; +http://ahrefs.com/robot/)" "metrocrimedaily.com"
51.222.253.12 - - [23/Feb/2023:10:57:36 -0800] "GET /instagram-houston/post-later/02-23-2023-0040118-Man-upset-about-neighbor---s-dogs----barking-all-.txt HTTP/1.1" 200 1113 "-" "Mozilla/5.0 (compatible; AhrefsBot/7.0; +http://ahrefs.com/robot/)" "metrocrimedaily.com"
69.63.184.117 - - [23/Feb/2023:10:57:54 -0800] "GET /instagram-memphis/02-23-2023-1257241-A.jpg HTTP/1.1" 200 142122 "-" "facebookexternalhit/1.1 (+http://www.facebook.com/externalhit_uatext.php)" "www.metrocrimedaily.com"
51.222.253.12 - - [23/Feb/2023:10:58:40 -0800] "GET /instagram-houston/post-later/02-23-2023-0040119-Orlando-TV-news-journalist--9-year-old-girl-kille.txt HTTP/1.1" 200 1045 "-" "Mozilla/5.0 (compatible; AhrefsBot/7.0; +http://ahrefs.com/robot/)" "metrocrimedaily.com"
51.222.253.15 - - [23/Feb/2023:10:59:47 -0800] "GET /instagram-houston/post-later/02-23-2023-0205401-Prosecutors-make-case-for-pre-meditated-attack-on.txt HTTP/1.1" 200 1154 "-" "Mozilla/5.0 (compatible; AhrefsBot/7.0; +http://ahrefs.com/robot/)" "metrocrimedaily.com"
51.222.253.18 - - [23/Feb/2023:11:00:52 -0800] "GET /instagram-houston/post-later/02-23-2023-0205402----They-wake-up-crying-at-night-----Mother-of-gir.txt HTTP/1.1" 200 1122 "-" "Mozilla/5.0 (compatible; AhrefsBot/7.0; +http://ahrefs.com/robot/)" "metrocrimedaily.com"
69.63.184.2 - - [23/Feb/2023:11:01:36 -0800] "GET /instagram-neworleans/02-23-2023-1159145-A.jpg HTTP/1.1" 200 269684 "-" "facebookexternalhit/1.1 (+http://www.facebook.com/externalhit_uatext.php)" "www.metrocrimedaily.com"
69.63.184.120 - - [23/Feb/2023:11:01:45 -0800] "GET /instagram-stlouis/02-23-2023-1301251-A.jpg HTTP/1.1" 200 215934 "-" "facebookexternalhit/1.1 (+http://www.facebook.com/externalhit_uatext.php)" "www.metrocrimedaily.com"
40.77.167.172 - - [23/Feb/2023:11:01:55 -0800] "GET /instagram-atlanta/12-18-2022-1320332-Argentina-wins-the-World-Cup--beating-France-4-2-.txt HTTP/1.1" 404 88 "-" "Mozilla/5.0 AppleWebKit/537.36 (KHTML, like Gecko; compatible; bingbot/2.0; +http://www.bing.com/bingbot.htm) Chrome/103.0.5060.134 Safari/537.36" "www.metrocrimedaily.com"
51.222.253.6 - - [23/Feb/2023:11:01:59 -0800] "GET /instagram-houston/post-later/02-23-2023-0205403-Images-50th-Anniversary-of-the-fatal-Ben-Franklin.txt HTTP/1.1" 200 175 "-" "Mozilla/5.0 (compatible; AhrefsBot/7.0; +http://ahrefs.com/robot/)" "metrocrimedaily.com"
69.63.184.120 - - [23/Feb/2023:11:02:11 -0800] "GET /instagram-stlouis/02-23-2023-1301252-A.jpg HTTP/1.1" 200 64583 "-" "facebookexternalhit/1.1 (+http://www.facebook.com/externalhit_uatext.php)" "www.metrocrimedaily.com"
69.63.184.119 - - [23/Feb/2023:11:02:36 -0800] "GET /instagram-stlouis/02-23-2023-1301253-A.jpg HTTP/1.1" 200 509127 "-" "facebookexternalhit/1.1 (+http://www.facebook.com/externalhit_uatext.php)" "www.metrocrimedaily.com"
51.222.253.19 - - [23/Feb/2023:11:02:54 -0800] "GET /instagram-houston/post-later/02-23-2023-0205404-US-mass-killings-linked-to-extremism-spiked-over-.txt HTTP/1.1" 200 1013 "-" "Mozilla/5.0 (compatible; AhrefsBot/7.0; +http://ahrefs.com/robot/)" "metrocrimedaily.com"
69.63.184.3 - - [23/Feb/2023:11:03:03 -0800] "GET /instagram-stlouis/02-23-2023-1301254-A.jpg HTTP/1.1" 200 65480 "-" "facebookexternalhit/1.1 (+http://www.facebook.com/externalhit_uatext.php)" "www.metrocrimedaily.com"
69.63.184.118 - - [23/Feb/2023:11:03:28 -0800] "GET /instagram-stlouis/02-23-2023-1301255-A.jpg HTTP/1.1" 200 236140 "-" "facebookexternalhit/1.1 (+http://www.facebook.com/externalhit_uatext.php)" "www.metrocrimedaily.com"
51.222.253.19 - - [23/Feb/2023:11:03:42 -0800] "GET /instagram-houston/post-later/02-23-2023-0518031-TV-journalist-killed-while-covering-deadly-Florid.txt HTTP/1.1" 200 1038 "-" "Mozilla/5.0 (compatible; AhrefsBot/7.0; +http://ahrefs.com/robot/)" "metrocrimedaily.com"
69.63.184.4 - - [23/Feb/2023:11:03:55 -0800] "GET /instagram-stlouis/02-23-2023-1301256-A.jpg HTTP/1.1" 200 101197 "-" "facebookexternalhit/1.1 (+http://www.facebook.com/externalhit_uatext.php)" "www.metrocrimedaily.com"
52.167.144.38 - - [23/Feb/2023:11:04:00 -0800] "GET /contact-us.html HTTP/1.1" 200 765 "-" "Mozilla/5.0 AppleWebKit/537.36 (KHTML, like Gecko; compatible; bingbot/2.0; +http://www.bing.com/bingbot.htm) Chrome/103.0.5060.134 Safari/537.36" "metrocrimedaily.com"
52.167.144.75 - - [23/Feb/2023:11:04:10 -0800] "GET /main-menu.html HTTP/1.1" 200 897 "-" "Mozilla/5.0 AppleWebKit/537.36 (KHTML, like Gecko; compatible; bingbot/2.0; +http://www.bing.com/bingbot.htm) Chrome/103.0.5060.134 Safari/537.36" "metrocrimedaily.com"
52.167.144.75 - - [23/Feb/2023:11:04:11 -0800] "GET /social-media-menu.html HTTP/1.1" 200 554 "-" "Mozilla/5.0 AppleWebKit/537.36 (KHTML, like Gecko; compatible; bingbot/2.0; +http://www.bing.com/bingbot.htm) Chrome/103.0.5060.134 Safari/537.36" "metrocrimedaily.com"
52.167.144.75 - - [23/Feb/2023:11:04:11 -0800] "GET /main-menu.html HTTP/1.1" 200 897 "-" "Mozilla/5.0 AppleWebKit/537.36 (KHTML, like Gecko; compatible; bingbot/2.0; +http://www.bing.com/bingbot.htm) Chrome/103.0.5060.134 Safari/537.36" "metrocrimedaily.com"
52.167.144.75 - - [23/Feb/2023:11:04:11 -0800] "GET /social-media-menu.html HTTP/1.1" 200 554 "-" "Mozilla/5.0 AppleWebKit/537.36 (KHTML, like Gecko; compatible; bingbot/2.0; +http://www.bing.com/bingbot.htm) Chrome/103.0.5060.134 Safari/537.36" "metrocrimedaily.com"
52.167.144.91 - - [23/Feb/2023:11:04:15 -0800] "GET /styles-mcd.css HTTP/1.1" 200 1159 "-" "Mozilla/5.0 AppleWebKit/537.36 (KHTML, like Gecko; compatible; bingbot/2.0; +http://www.bing.com/bingbot.htm) Chrome/103.0.5060.134 Safari/537.36" "metrocrimedaily.com"
52.167.144.91 - - [23/Feb/2023:11:04:15 -0800] "GET /styles-mcd.css HTTP/1.1" 200 1159 "-" "Mozilla/5.0 AppleWebKit/537.36 (KHTML, like Gecko; compatible; bingbot/2.0; +http://www.bing.com/bingbot.htm) Chrome/103.0.5060.134 Safari/537.36" "metrocrimedaily.com"
69.63.184.2 - - [23/Feb/2023:11:04:22 -0800] "GET /instagram-stlouis/02-23-2023-1301257-A.jpg HTTP/1.1" 200 192302 "-" "facebookexternalhit/1.1 (+http://www.facebook.com/externalhit_uatext.php)" "www.metrocrimedaily.com"
69.63.184.111 - - [23/Feb/2023:11:04:49 -0800] "GET /instagram-stlouis/02-23-2023-1301258-A.jpg HTTP/1.1" 200 285687 "-" "facebookexternalhit/1.1 (+http://www.facebook.com/externalhit_uatext.php)" "www.metrocrimedaily.com"
51.222.253.2 - - [23/Feb/2023:11:04:54 -0800] "GET /instagram-houston/post-later/02-23-2023-0640411-Spectrum-News-13--%C3%A2%C2%96%C2%93s-Dylan-Lyons-among-those-kill.txt HTTP/1.1" 200 1082 "-" "Mozilla/5.0 (compatible; AhrefsBot/7.0; +http://ahrefs.com/robot/)" "metrocrimedaily.com"
213.180.203.93 - - [23/Feb/2023:11:05:57 -0800] "GET /instagram-neworleans/01-18-2023-0520461-Feds-to-investigate-nursing-home-abuse-of-antipsy.txt HTTP/1.1" 404 88 "-" "Mozilla/5.0 (compatible; YandexBot/3.0; +http://yandex.com/bots)" "metrocrimedaily.com"
66.249.66.80 - - [23/Feb/2023:11:05:59 -0800] "GET /robots.txt HTTP/1.1" 404 88 "-" "Mozilla/5.0 (compatible; Googlebot/2.1; +http://www.google.com/bot.html)" "metrocrimedaily.com"
51.222.253.3 - - [23/Feb/2023:11:06:01 -0800] "GET /instagram-houston/post-later/02-23-2023-0640412-Man--18--arrested-in-death-of-17-year-old-boy-in-.txt HTTP/1.1" 200 635 "-" "Mozilla/5.0 (compatible; AhrefsBot/7.0; +http://ahrefs.com/robot/)" "metrocrimedaily.com"
114.119.137.67 - - [23/Feb/2023:11:07:10 -0800] "GET /instagram-miami/02-22-2023-0730511-Man-tied-to-Lyft-driver-slaying-charged-in-separa.txt HTTP/1.1" 404 88 "https://metrocrimedaily.com/instagram-miami/" "Mozilla/5.0 (Linux; Android 7.0;) AppleWebKit/537.36 (KHTML, like Gecko) Mobile Safari/537.36 (compatible; PetalBot;+https://webmaster.petalsearch.com/site/petalbot)" "metrocrimedaily.com"
51.222.253.19 - - [23/Feb/2023:11:07:17 -0800] "GET /instagram-houston/post-later/02-23-2023-0737441-U.S.-mass-killings-linked-to-extremism-spiked-ove.txt HTTP/1.1" 200 991 "-" "Mozilla/5.0 (compatible; AhrefsBot/7.0; +http://ahrefs.com/robot/)" "metrocrimedaily.com"
76.184.252.42 - - [23/Feb/2023:11:08:36 -0800] "GET /images/police-tape.jpg HTTP/1.1" 200 50766 "-" "Wget/1.20.3 (mingw32)" "metrocrimedaily.com"
114.119.130.177 - - [23/Feb/2023:11:08:37 -0800] "GET /instagram-memphis/02-18-2023-1216251-2-killed--another-hurt-in-I-240-car-crash--police.txt HTTP/1.1" 404 88 "https://metrocrimedaily.com/instagram-memphis/?C=D%3BO%3DA" "Mozilla/5.0 (Linux; Android 7.0;) AppleWebKit/537.36 (KHTML, like Gecko) Mobile Safari/537.36 (compatible; PetalBot;+https://webmaster.petalsearch.com/site/petalbot)" "metrocrimedaily.com"
69.63.184.120 - - [23/Feb/2023:11:09:09 -0800] "GET /instagram-detroit/02-23-2023-1308251-A.jpg HTTP/1.1" 200 54724 "-" "facebookexternalhit/1.1 (+http://www.facebook.com/externalhit_uatext.php)" "www.metrocrimedaily.com"
51.222.253.16 - - [23/Feb/2023:11:09:14 -0800] "GET /instagram-houston/post-later/02-23-2023-0737442-Gaza-rockets--Israeli-strikes-follow-deadly-West-.txt HTTP/1.1" 200 1019 "-" "Mozilla/5.0 (compatible; AhrefsBot/7.0; +http://ahrefs.com/robot/)" "metrocrimedaily.com"
69.63.184.117 - - [23/Feb/2023:11:09:51 -0800] "GET /instagram-detroit/02-23-2023-1308252-A.jpg HTTP/1.1" 200 137123 "-" "facebookexternalhit/1.1 (+http://www.facebook.com/externalhit_uatext.php)" "www.metrocrimedaily.com"
114.119.155.100 - - [23/Feb/2023:11:09:55 -0800] "GET /instagram-stlouis/02-17-2023-1752531-Memphis-officers-plead-not-guilty;-military-finis.txt HTTP/1.1" 404 88 "http://www.metrocrimedaily.com/instagram-stlouis/" "Mozilla/5.0 (Linux; Android 7.0;) AppleWebKit/537.36 (KHTML, like Gecko) Mobile Safari/537.36 (compatible; PetalBot;+https://webmaster.petalsearch.com/site/petalbot)" "www.metrocrimedaily.com"
51.222.253.12 - - [23/Feb/2023:11:10:31 -0800] "GET /instagram-houston/post-later/02-23-2023-0737443-Florida-TV-reporter-killed-while-covering-a-fatal.txt HTTP/1.1" 200 1051 "-" "Mozilla/5.0 (compatible; AhrefsBot/7.0; +http://ahrefs.com/robot/)" "metrocrimedaily.com"
69.63.184.1 - - [23/Feb/2023:11:10:34 -0800] "GET /instagram-detroit/02-23-2023-1308253-A.jpg HTTP/1.1" 200 147782 "-" "facebookexternalhit/1.1 (+http://www.facebook.com/externalhit_uatext.php)" "www.metrocrimedaily.com"
69.63.184.5 - - [23/Feb/2023:11:11:17 -0800] "GET /instagram-detroit/02-23-2023-1308254-A.jpg HTTP/1.1" 200 91359 "-" "facebookexternalhit/1.1 (+http://www.facebook.com/externalhit_uatext.php)" "www.metrocrimedaily.com"
114.119.152.8 - - [23/Feb/2023:11:11:19 -0800] "GET /instagram-neworleans/02-18-2023-1720061-Prison-guard-accused-of-trying-to-smuggle-drugs-i.txt HTTP/1.1" 404 88 "http://www.metrocrimedaily.com/instagram-neworleans/?C=D%3BO%3DA" "Mozilla/5.0 (Linux; Android 7.0;) AppleWebKit/537.36 (KHTML, like Gecko) Mobile Safari/537.36 (compatible; PetalBot;+https://webmaster.petalsearch.com/site/petalbot)" "www.metrocrimedaily.com"
51.222.253.9 - - [23/Feb/2023:11:11:52 -0800] "GET /instagram-houston/post-later/02-23-2023-0737444-Breaking--At-least-one-dead-in-shooting-near-Will.txt HTTP/1.1" 200 49 "-" "Mozilla/5.0 (compatible; AhrefsBot/7.0; +http://ahrefs.com/robot/)" "metrocrimedaily.com"
69.63.184.5 - - [23/Feb/2023:11:11:59 -0800] "GET /instagram-detroit/02-23-2023-1308255-A.jpg HTTP/1.1" 200 111443 "-" "facebookexternalhit/1.1 (+http://www.facebook.com/externalhit_uatext.php)" "www.metrocrimedaily.com"
69.63.184.117 - - [23/Feb/2023:11:12:42 -0800] "GET /instagram-detroit/02-23-2023-1308256-A.jpg HTTP/1.1" 200 229035 "-" "facebookexternalhit/1.1 (+http://www.facebook.com/externalhit_uatext.php)" "www.metrocrimedaily.com"
51.222.253.17 - - [23/Feb/2023:11:13:15 -0800] "GET /instagram-houston/post-later/02-23-2023-0737445-More-bodies-found-in-China-mine-collapse--48-rema.txt HTTP/1.1" 200 1103 "-" "Mozilla/5.0 (compatible; AhrefsBot/7.0; +http://ahrefs.com/robot/)" "metrocrimedaily.com"
69.63.184.120 - - [23/Feb/2023:11:13:31 -0800] "GET /instagram-memphis/02-23-2023-1257242-A.jpg HTTP/1.1" 200 142122 "-" "facebookexternalhit/1.1 (+http://www.facebook.com/externalhit_uatext.php)" "www.metrocrimedaily.com"
51.222.253.20 - - [23/Feb/2023:11:14:21 -0800] "GET /instagram-houston/post-later/02-23-2023-0737446-IRA-dissidents-suspected-of-shooting-N-Ireland-de.txt HTTP/1.1" 200 995 "-" "Mozilla/5.0 (compatible; AhrefsBot/7.0; +http://ahrefs.com/robot/)" "metrocrimedaily.com"
51.222.253.1 - - [23/Feb/2023:11:15:32 -0800] "GET /instagram-houston/post-later/02-23-2023-0737447--We-kill-them-all---Russian-soldiers-in-Ukraine-c.txt HTTP/1.1" 200 1151 "-" "Mozilla/5.0 (compatible; AhrefsBot/7.0; +http://ahrefs.com/robot/)" "metrocrimedaily.com"
69.63.184.119 - - [23/Feb/2023:11:15:51 -0800] "GET /instagram-atlanta/02-23-2023-1315021-A.jpg HTTP/1.1" 200 100675 "-" "facebookexternalhit/1.1 (+http://www.facebook.com/externalhit_uatext.php)" "www.metrocrimedaily.com"
69.63.184.3 - - [23/Feb/2023:11:16:21 -0800] "GET /instagram-atlanta/02-23-2023-1315022-A.jpg HTTP/1.1" 200 110491 "-" "facebookexternalhit/1.1 (+http://www.facebook.com/externalhit_uatext.php)" "www.metrocrimedaily.com"
51.222.253.11 - - [23/Feb/2023:11:16:43 -0800] "GET /instagram-houston/post-later/02-23-2023-0829141-LIVE--Officials-give-update-after-body-found-near.txt HTTP/1.1" 200 988 "-" "Mozilla/5.0 (compatible; AhrefsBot/7.0; +http://ahrefs.com/robot/)" "metrocrimedaily.com"
69.63.184.4 - - [23/Feb/2023:11:16:52 -0800] "GET /instagram-atlanta/02-23-2023-1315023-A.jpg HTTP/1.1" 200 80617 "-" "facebookexternalhit/1.1 (+http://www.facebook.com/externalhit_uatext.php)" "www.metrocrimedaily.com"
69.63.184.1 - - [23/Feb/2023:11:17:21 -0800] "GET /instagram-atlanta/02-23-2023-1315024-A.jpg HTTP/1.1" 200 175118 "-" "facebookexternalhit/1.1 (+http://www.facebook.com/externalhit_uatext.php)" "www.metrocrimedaily.com"
51.222.253.19 - - [23/Feb/2023:11:17:40 -0800] "GET /instagram-houston/post-later/02-23-2023-0829142-Live--Alex-Murdaugh-murder-trial-livestream---Feb.txt HTTP/1.1" 200 198 "-" "Mozilla/5.0 (compatible; AhrefsBot/7.0; +http://ahrefs.com/robot/)" "metrocrimedaily.com"
69.63.184.119 - - [23/Feb/2023:11:17:50 -0800] "GET /instagram-atlanta/02-23-2023-1315025-A.jpg HTTP/1.1" 200 118312 "-" "facebookexternalhit/1.1 (+http://www.facebook.com/externalhit_uatext.php)" "www.metrocrimedaily.com"
69.63.184.2 - - [23/Feb/2023:11:18:41 -0800] "GET /instagram-houston/02-23-2023-1318201-A.jpg HTTP/1.1" 200 111899 "-" "facebookexternalhit/1.1 (+http://www.facebook.com/externalhit_uatext.php)" "www.metrocrimedaily.com"
51.222.253.3 - - [23/Feb/2023:11:18:49 -0800] "GET /instagram-houston/post-later/02-23-2023-0829143-Trump-lawyers-blast-election-probe-after-grand-ju.txt HTTP/1.1" 200 1128 "-" "Mozilla/5.0 (compatible; AhrefsBot/7.0; +http://ahrefs.com/robot/)" "metrocrimedaily.com"
69.63.184.120 - - [23/Feb/2023:11:19:09 -0800] "GET /instagram-houston/02-23-2023-1318202-A.jpg HTTP/1.1" 200 84848 "-" "facebookexternalhit/1.1 (+http://www.facebook.com/externalhit_uatext.php)" "www.metrocrimedaily.com"
69.63.184.118 - - [23/Feb/2023:11:19:37 -0800] "GET /instagram-houston/02-23-2023-1318203-A.jpg HTTP/1.1" 200 83131 "-" "facebookexternalhit/1.1 (+http://www.facebook.com/externalhit_uatext.php)" "www.metrocrimedaily.com"
69.63.184.112 - - [23/Feb/2023:11:20:04 -0800] "GET /instagram-houston/02-23-2023-1318204-A.jpg HTTP/1.1" 200 77751 "-" "facebookexternalhit/1.1 (+http://www.facebook.com/externalhit_uatext.php)" "www.metrocrimedaily.com"
51.222.253.9 - - [23/Feb/2023:11:20:08 -0800] "GET /instagram-houston/post-later/02-23-2023-0829144-MCSO--At-least-one-dead-in-shooting-near-Willis-.txt HTTP/1.1" 200 286 "-" "Mozilla/5.0 (compatible; AhrefsBot/7.0; +http://ahrefs.com/robot/)" "metrocrimedaily.com"
40.77.188.193 - - [23/Feb/2023:11:20:12 -0800] "GET /styles.css HTTP/1.1" 404 73 "-" "Mozilla/5.0 (Windows NT 6.1; WOW64) AppleWebKit/534+ (KHTML, like Gecko) BingPreview/1.0b" "metrocrimedaily.com"
40.77.188.202 - - [23/Feb/2023:11:20:12 -0800] "GET /styles-links.css HTTP/1.1" 200 1105 "-" "Mozilla/5.0 (Windows NT 6.1; WOW64) AppleWebKit/534+ (KHTML, like Gecko) BingPreview/1.0b" "metrocrimedaily.com"
69.63.184.120 - - [23/Feb/2023:11:20:30 -0800] "GET /instagram-houston/02-23-2023-1318205-A.jpg HTTP/1.1" 200 61309 "-" "facebookexternalhit/1.1 (+http://www.facebook.com/externalhit_uatext.php)" "www.metrocrimedaily.com"
40.77.167.172 - - [23/Feb/2023:11:20:32 -0800] "GET /instagram-losangeles/01-14-2023-1436211-Two-Individuals-Shot-by-Officers-During-Vehicle-P.txt HTTP/1.1" 404 88 "-" "Mozilla/5.0 AppleWebKit/537.36 (KHTML, like Gecko; compatible; bingbot/2.0; +http://www.bing.com/bingbot.htm) Chrome/103.0.5060.134 Safari/537.36" "www.metrocrimedaily.com"
69.63.184.118 - - [23/Feb/2023:11:20:55 -0800] "GET /instagram-houston/02-23-2023-1318206-A.jpg HTTP/1.1" 200 109331 "-" "facebookexternalhit/1.1 (+http://www.facebook.com/externalhit_uatext.php)" "www.metrocrimedaily.com"
69.63.184.119 - - [23/Feb/2023:11:21:12 -0800] "GET /instagram-chicago/02-23-2023-1320501-A.jpg HTTP/1.1" 200 86366 "-" "facebookexternalhit/1.1 (+http://www.facebook.com/externalhit_uatext.php)" "www.metrocrimedaily.com"
51.222.253.5 - - [23/Feb/2023:11:21:15 -0800] "GET /instagram-houston/post-later/02-23-2023-0909061-Live--Alex-Murdaugh-murder-trial-livestream---Feb.txt HTTP/1.1" 200 198 "-" "Mozilla/5.0 (compatible; AhrefsBot/7.0; +http://ahrefs.com/robot/)" "metrocrimedaily.com"
69.63.184.111 - - [23/Feb/2023:11:21:22 -0800] "GET /instagram-houston/02-23-2023-1318207-A.jpg HTTP/1.1" 200 166267 "-" "facebookexternalhit/1.1 (+http://www.facebook.com/externalhit_uatext.php)" "www.metrocrimedaily.com"
69.63.184.5 - - [23/Feb/2023:11:21:52 -0800] "GET /instagram-houston/02-23-2023-1318208-A.jpg HTTP/1.1" 200 75812 "-" "facebookexternalhit/1.1 (+http://www.facebook.com/externalhit_uatext.php)" "www.metrocrimedaily.com"
51.222.253.4 - - [23/Feb/2023:11:22:28 -0800] "GET /instagram-houston/post-later/02-23-2023-0957561-Dr.-Seuss---How-the-Grinch-Stole-Christmas--book-.txt HTTP/1.1" 200 1128 "-" "Mozilla/5.0 (compatible; AhrefsBot/7.0; +http://ahrefs.com/robot/)" "metrocrimedaily.com"
114.119.156.44 - - [23/Feb/2023:11:23:23 -0800] "GET /instagram-memphis/02-09-2023-1226545-Parents--12-year-old-son-found-shot-to-death-in-h.txt HTTP/1.1" 404 88 "https://metrocrimedaily.com/instagram-memphis/?C=S%3BO%3DA" "Mozilla/5.0 (Linux; Android 7.0;) AppleWebKit/537.36 (KHTML, like Gecko) Mobile Safari/537.36 (compatible; PetalBot;+https://webmaster.petalsearch.com/site/petalbot)" "metrocrimedaily.com"
51.222.253.9 - - [23/Feb/2023:11:23:32 -0800] "GET /instagram-houston/post-later/02-23-2023-0957562-Bird-flu-kills-11-year-old-girl-in-Cambodia-.txt HTTP/1.1" 200 1153 "-" "Mozilla/5.0 (compatible; AhrefsBot/7.0; +http://ahrefs.com/robot/)" "metrocrimedaily.com"
69.63.184.4 - - [23/Feb/2023:11:24:26 -0800] "GET /instagram-dallas/02-23-2023-1324061-A.jpg HTTP/1.1" 200 56047 "-" "facebookexternalhit/1.1 (+http://www.facebook.com/externalhit_uatext.php)" "www.metrocrimedaily.com"
51.222.253.17 - - [23/Feb/2023:11:24:51 -0800] "GET /instagram-houston/post-later/02-23-2023-0957563-Alex-Murdaugh-testifies-in-own-defense-at-murder-.txt HTTP/1.1" 200 823 "-" "Mozilla/5.0 (compatible; AhrefsBot/7.0; +http://ahrefs.com/robot/)" "metrocrimedaily.com"
114.119.155.36 - - [23/Feb/2023:11:25:16 -0800] "GET /instagram-detroit/post-later/02-20-2023-2109161-Police-warn-of-sextortion-scam-as-some-cases-have.txt HTTP/1.1" 404 88 "https://metrocrimedaily.com/instagram-detroit/post-later/?C=D%3BO%3DA" "Mozilla/5.0 (Linux; Android 7.0;) AppleWebKit/537.36 (KHTML, like Gecko) Mobile Safari/537.36 (compatible; PetalBot;+https://webmaster.petalsearch.com/site/petalbot)" "metrocrimedaily.com"
51.222.253.11 - - [23/Feb/2023:11:26:03 -0800] "GET /instagram-houston/post-later/02-23-2023-0957564-Alex-Murdaugh-s-slain-son--Paul--allegedly-strang.txt HTTP/1.1" 200 1186 "-" "Mozilla/5.0 (compatible; AhrefsBot/7.0; +http://ahrefs.com/robot/)" "metrocrimedaily.com"
213.180.203.93 - - [23/Feb/2023:11:26:39 -0800] "GET /instagram-houston/01-14-2023-12510315-Afghan-soldier-jailed-in-Texas-for-crossing-borde.txt HTTP/1.1" 404 88 "-" "Mozilla/5.0 (compatible; YandexBot/3.0; +http://yandex.com/bots)" "metrocrimedaily.com"
114.119.150.249 - - [23/Feb/2023:11:26:42 -0800] "GET /CRIME-WATCH-AMERICA/CRIME-WATCH-DALLAS/INSTAGRAM-AUTOMATION/instagram-app-verification-details.txt HTTP/1.1" 200 4670 "https://metrocrimedaily.com/CRIME-WATCH-AMERICA/CRIME-WATCH-DALLAS/INSTAGRAM-AUTOMATION/?C=N%3BO%3DD" "Mozilla/5.0 (Linux; Android 7.0;) AppleWebKit/537.36 (KHTML, like Gecko) Mobile Safari/537.36 (compatible; PetalBot;+https://webmaster.petalsearch.com/site/petalbot)" "metrocrimedaily.com"
51.222.253.1 - - [23/Feb/2023:11:27:08 -0800] "GET /instagram-houston/post-later/02-23-2023-1047151-Chesapeake-man-arrested-in-connection-with-bomb-t.txt HTTP/1.1" 200 496 "-" "Mozilla/5.0 (compatible; AhrefsBot/7.0; +http://ahrefs.com/robot/)" "metrocrimedaily.com"
114.119.139.70 - - [23/Feb/2023:11:28:09 -0800] "GET /instagram-memphis/02-17-2023-0627571-Officers-charged-in-Tyre-Nichols-case-make-initia.txt HTTP/1.1" 404 88 "https://metrocrimedaily.com/instagram-memphis/?C=D%3BO%3DA" "Mozilla/5.0 (Linux; Android 7.0;) AppleWebKit/537.36 (KHTML, like Gecko) Mobile Safari/537.36 (compatible; PetalBot;+https://webmaster.petalsearch.com/site/petalbot)" "metrocrimedaily.com"
51.222.253.10 - - [23/Feb/2023:11:28:23 -0800] "GET /instagram-houston/post-later/02-23-2023-1047152-WATCH--Bystander-chases--pins-down-man-who-tried-.txt HTTP/1.1" 200 1053 "-" "Mozilla/5.0 (compatible; AhrefsBot/7.0; +http://ahrefs.com/robot/)" "metrocrimedaily.com"
51.222.253.14 - - [23/Feb/2023:11:30:06 -0800] "GET /instagram-houston/post-later/02-23-2023-1047153-Car-burglary-leads-to-chase--deadly-shooting-in-e.txt HTTP/1.1" 200 49 "-" "Mozilla/5.0 (compatible; AhrefsBot/7.0; +http://ahrefs.com/robot/)" "metrocrimedaily.com"
51.222.253.7 - - [23/Feb/2023:11:32:37 -0800] "GET /instagram-houston/post-later/02-23-2023-1131392-Alex-Murdaugh-testifies-in-his-own-defense-at-mur.txt HTTP/1.1" 200 1057 "-" "Mozilla/5.0 (compatible; AhrefsBot/7.0; +http://ahrefs.com/robot/)" "metrocrimedaily.com"
51.222.253.19 - - [23/Feb/2023:11:33:39 -0800] "GET /instagram-houston/post-later/02-23-2023-1131393-Man-kills-younger-brother-following-argument-outs.txt HTTP/1.1" 200 507 "-" "Mozilla/5.0 (compatible; AhrefsBot/7.0; +http://ahrefs.com/robot/)" "metrocrimedaily.com"
75.41.107.142 - - [23/Feb/2023:11:34:32 -0800] "GET /styles-mcd.css HTTP/1.1" 200 1159 "http://www.metrocrimedaily.com/" "Mozilla/5.0 (iPhone; CPU iPhone OS 16_2 like Mac OS X) AppleWebKit/605.1.15 (KHTML, like Gecko) Version/16.2 Mobile/15E148 Safari/604.1" "www.metrocrimedaily.com"
75.41.107.142 - - [23/Feb/2023:11:34:31 -0800] "GET / HTTP/1.1" 200 156178 "-" "Mozilla/5.0 (iPhone; CPU iPhone OS 16_2 like Mac OS X) AppleWebKit/605.1.15 (KHTML, like Gecko) Version/16.2 Mobile/15E148 Safari/604.1" "www.metrocrimedaily.com"
51.222.253.9 - - [23/Feb/2023:11:34:46 -0800] "GET /instagram-houston/post-later/02-23-2023-00401110-Serial-robber-hits-multiple-fast-food-restaurants.txt HTTP/1.1" 200 571 "-" "Mozilla/5.0 (compatible; AhrefsBot/7.0; +http://ahrefs.com/robot/)" "www.metrocrimedaily.com"
51.222.253.18 - - [23/Feb/2023:11:35:53 -0800] "GET /instagram-houston/post-later/02-23-2023-00401111-How-social-media-posts-helped-lead-to-brothers--a.txt HTTP/1.1" 200 1112 "-" "Mozilla/5.0 (compatible; AhrefsBot/7.0; +http://ahrefs.com/robot/)" "www.metrocrimedaily.com"
114.119.152.246 - - [23/Feb/2023:11:36:23 -0800] "GET /instagram-newyork/02-22-2023-0723191-Woman-nabbed-for-burning-gay-pride-rainbow-flag-o.txt HTTP/1.1" 404 88 "https://metrocrimedaily.com/instagram-newyork/?C=M%3BO%3DA" "Mozilla/5.0 (Linux; Android 7.0;) AppleWebKit/537.36 (KHTML, like Gecko) Mobile Safari/537.36 (compatible; PetalBot;+https://webmaster.petalsearch.com/site/petalbot)" "metrocrimedaily.com"
69.63.184.118 - - [23/Feb/2023:11:36:50 -0800] "GET /instagram-chicago/02-23-2023-1320502-A.jpg HTTP/1.1" 200 175081 "-" "facebookexternalhit/1.1 (+http://www.facebook.com/externalhit_uatext.php)" "www.metrocrimedaily.com"
51.222.253.20 - - [23/Feb/2023:11:36:57 -0800] "GET /instagram-houston/post-later/02-23-2023-00401112-Several-gunmen-fired-more-than-25-shots-in-east-H.txt HTTP/1.1" 200 950 "-" "Mozilla/5.0 (compatible; AhrefsBot/7.0; +http://ahrefs.com/robot/)" "www.metrocrimedaily.com"
114.119.135.132 - - [23/Feb/2023:11:37:35 -0800] "GET /instagram-losangeles/02-14-2023-1237361-Arizona-man-from-Nigeria-romance-scammed-$3M-from.txt HTTP/1.1" 404 88 "http://www.metrocrimedaily.com/instagram-losangeles/" "Mozilla/5.0 (Linux; Android 7.0;) AppleWebKit/537.36 (KHTML, like Gecko) Mobile Safari/537.36 (compatible; PetalBot;+https://webmaster.petalsearch.com/site/petalbot)" "www.metrocrimedaily.com"
51.222.253.6 - - [23/Feb/2023:11:37:43 -0800] "GET /instagram-houston/post-later/02-23-2023-00401113-Orlando-journalist--girl-killed-in-Pine-Hills-sho.txt HTTP/1.1" 200 1023 "-" "Mozilla/5.0 (compatible; AhrefsBot/7.0; +http://ahrefs.com/robot/)" "www.metrocrimedaily.com"
51.222.253.12 - - [23/Feb/2023:11:38:32 -0800] "GET /instagram-houston/post-later/02-23-2023-00401114-Widow-remembers-San-Jacinto-County-deputy-killed-.txt HTTP/1.1" 200 184 "-" "Mozilla/5.0 (compatible; AhrefsBot/7.0; +http://ahrefs.com/robot/)" "www.metrocrimedaily.com"
69.63.184.5 - - [23/Feb/2023:11:39:04 -0800] "GET /instagram-miami/02-23-2023-1338431-A.jpg HTTP/1.1" 404 88 "-" "facebookexternalhit/1.1 (+http://www.facebook.com/externalhit_uatext.php)" "www.metrocrimedaily.com"
69.63.184.4 - - [23/Feb/2023:11:39:27 -0800] "GET /instagram-miami/02-23-2023-1338432-A.jpg HTTP/1.1" 200 497120 "-" "facebookexternalhit/1.1 (+http://www.facebook.com/externalhit_uatext.php)" "www.metrocrimedaily.com"
51.222.253.12 - - [23/Feb/2023:11:39:37 -0800] "GET /instagram-houston/post-later/02-23-2023-00401115-Authorities--TV-reporter--9-year-old-girl-fatally.txt HTTP/1.1" 200 999 "-" "Mozilla/5.0 (compatible; AhrefsBot/7.0; +http://ahrefs.com/robot/)" "www.metrocrimedaily.com"
213.180.203.93 - - [23/Feb/2023:11:39:48 -0800] "GET /instagram-chicago/01-17-2023-1258351-Feds--Two-south-suburban-cops-stole-cash--drugs--.txt HTTP/1.1" 404 88 "-" "Mozilla/5.0 (compatible; YandexBot/3.0; +http://yandex.com/bots)" "metrocrimedaily.com"
194.67.121.69 - - [23/Feb/2023:11:39:49 -0800] "GET /wp-login.php HTTP/1.1" 404 88 "-" "Mozilla/5.0 (Windows NT 10.0; Win64; x64; rv:96.0) Gecko/20100101 Firefox/96" "metrocrimedaily.com"
223.247.179.42 - - [23/Feb/2023:11:40:30 -0800] "GET / HTTP/1.1" 200 156178 "-" "Mozilla/5.0 (iPhone; CPU iPhone OS 13_2_3 like Mac OS X) AppleWebKit/605.1.15 (KHTML, like Gecko) Version/13.0.3 Mobile/15E148 Safari/604.1" "metrocrimedaily.com"
51.222.253.10 - - [23/Feb/2023:11:40:43 -0800] "GET /instagram-houston/post-later/02-23-2023-0040112-DNA-on-a-discarded-cigarette-butt-helps-police-so.txt HTTP/1.1" 200 1051 "-" "Mozilla/5.0 (compatible; AhrefsBot/7.0; +http://ahrefs.com/robot/)" "www.metrocrimedaily.com"
51.222.253.12 - - [23/Feb/2023:11:41:49 -0800] "GET /instagram-houston/post-later/02-23-2023-0040113-More-bodies-found-in-China-mine-collapse--49-rema.txt HTTP/1.1" 200 1112 "-" "Mozilla/5.0 (compatible; AhrefsBot/7.0; +http://ahrefs.com/robot/)" "www.metrocrimedaily.com"
51.222.253.7 - - [23/Feb/2023:11:42:50 -0800] "GET /instagram-houston/post-later/02-23-2023-0040114-Orlando-shooting--News-crew-member--9-year-old-gi.txt HTTP/1.1" 200 49 "-" "Mozilla/5.0 (compatible; AhrefsBot/7.0; +http://ahrefs.com/robot/)" "www.metrocrimedaily.com"
69.63.184.1 - - [23/Feb/2023:11:43:13 -0800] "GET /instagram-newyork/02-23-2023-1342531-A.jpg HTTP/1.1" 200 89783 "-" "facebookexternalhit/1.1 (+http://www.facebook.com/externalhit_uatext.php)" "www.metrocrimedaily.com"
51.222.253.17 - - [23/Feb/2023:11:44:07 -0800] "GET /instagram-houston/post-later/02-23-2023-0040115-Suspect-in-custody-after-fatal-shootings-of-news-.txt HTTP/1.1" 200 1076 "-" "Mozilla/5.0 (compatible; AhrefsBot/7.0; +http://ahrefs.com/robot/)" "www.metrocrimedaily.com"
40.77.167.172 - - [23/Feb/2023:11:44:15 -0800] "GET /instagram-memphis/01-13-2023-2042031-Woman-charged-with-murder-after-body-found-burnin.txt HTTP/1.1" 404 88 "-" "Mozilla/5.0 AppleWebKit/537.36 (KHTML, like Gecko; compatible; bingbot/2.0; +http://www.bing.com/bingbot.htm) Chrome/103.0.5060.134 Safari/537.36" "www.metrocrimedaily.com"
52.167.144.91 - - [23/Feb/2023:11:45:10 -0800] "GET /instagram-neworleans/01-16-2023-1755072-Tulane-police-actively-patrolling-around-campus-a.txt HTTP/1.1" 404 88 "-" "Mozilla/5.0 AppleWebKit/537.36 (KHTML, like Gecko; compatible; bingbot/2.0; +http://www.bing.com/bingbot.htm) Chrome/103.0.5060.134 Safari/537.36" "www.metrocrimedaily.com"
51.222.253.20 - - [23/Feb/2023:11:45:15 -0800] "GET /instagram-houston/post-later/02-23-2023-0040116-US-mass-killings-linked-to-extremism-spiked-over-.txt HTTP/1.1" 200 1016 "-" "Mozilla/5.0 (compatible; AhrefsBot/7.0; +http://ahrefs.com/robot/)" "www.metrocrimedaily.com"
69.63.184.113 - - [23/Feb/2023:11:46:16 -0800] "GET /instagram-stlouis/02-23-2023-1345571-A.jpg HTTP/1.1" 200 58971 "-" "facebookexternalhit/1.1 (+http://www.facebook.com/externalhit_uatext.php)" "www.metrocrimedaily.com"
51.222.253.19 - - [23/Feb/2023:11:46:23 -0800] "GET /instagram-houston/post-later/02-23-2023-0040117-Keith-Melvin-Moses--What-we-know-about-suspect-in.txt HTTP/1.1" 200 1061 "-" "Mozilla/5.0 (compatible; AhrefsBot/7.0; +http://ahrefs.com/robot/)" "www.metrocrimedaily.com"
69.63.184.3 - - [23/Feb/2023:11:46:42 -0800] "GET /instagram-stlouis/02-23-2023-1345572-A.jpg HTTP/1.1" 200 240449 "-" "facebookexternalhit/1.1 (+http://www.facebook.com/externalhit_uatext.php)" "www.metrocrimedaily.com"
69.63.184.117 - - [23/Feb/2023:11:47:08 -0800] "GET /instagram-stlouis/02-23-2023-1345573-A.jpg HTTP/1.1" 200 65464 "-" "facebookexternalhit/1.1 (+http://www.facebook.com/externalhit_uatext.php)" "www.metrocrimedaily.com"
51.222.253.19 - - [23/Feb/2023:11:47:31 -0800] "GET /instagram-houston/post-later/02-23-2023-0040118-Man-upset-about-neighbor---s-dogs----barking-all-.txt HTTP/1.1" 200 1113 "-" "Mozilla/5.0 (compatible; AhrefsBot/7.0; +http://ahrefs.com/robot/)" "www.metrocrimedaily.com"
69.63.184.117 - - [23/Feb/2023:11:47:34 -0800] "GET /instagram-stlouis/02-23-2023-1345574-A.jpg HTTP/1.1" 200 141574 "-" "facebookexternalhit/1.1 (+http://www.facebook.com/externalhit_uatext.php)" "www.metrocrimedaily.com"
51.222.253.9 - - [23/Feb/2023:11:48:40 -0800] "GET /instagram-houston/post-later/02-23-2023-0040119-Orlando-TV-news-journalist--9-year-old-girl-kille.txt HTTP/1.1" 200 1045 "-" "Mozilla/5.0 (compatible; AhrefsBot/7.0; +http://ahrefs.com/robot/)" "www.metrocrimedaily.com"
51.222.253.2 - - [23/Feb/2023:11:50:00 -0800] "GET /instagram-houston/post-later/02-23-2023-0205401-Prosecutors-make-case-for-pre-meditated-attack-on.txt HTTP/1.1" 200 1154 "-" "Mozilla/5.0 (compatible; AhrefsBot/7.0; +http://ahrefs.com/robot/)" "www.metrocrimedaily.com"
69.63.184.3 - - [23/Feb/2023:11:50:13 -0800] "GET /instagram-neworleans/02-23-2023-1349511-A.jpg HTTP/1.1" 200 190015 "-" "facebookexternalhit/1.1 (+http://www.facebook.com/externalhit_uatext.php)" "www.metrocrimedaily.com"
141.8.142.101 - - [23/Feb/2023:11:50:59 -0800] "GET /robots.txt HTTP/1.1" 404 73 "-" "Mozilla/5.0 (compatible; YandexBot/3.0; +http://yandex.com/bots)" "metrocrimedaily.com"
51.222.253.6 - - [23/Feb/2023:11:51:08 -0800] "GET /instagram-houston/post-later/02-23-2023-0205402----They-wake-up-crying-at-night-----Mother-of-gir.txt HTTP/1.1" 200 1122 "-" "Mozilla/5.0 (compatible; AhrefsBot/7.0; +http://ahrefs.com/robot/)" "www.metrocrimedaily.com"
52.167.144.91 - - [23/Feb/2023:11:51:19 -0800] "GET /instagram-memphis/01-12-2023-1950043-Florida-woman-who-attempted-to-rob-bank-left-cell.txt HTTP/1.1" 404 88 "-" "Mozilla/5.0 AppleWebKit/537.36 (KHTML, like Gecko; compatible; bingbot/2.0; +http://www.bing.com/bingbot.htm) Chrome/103.0.5060.134 Safari/537.36" "www.metrocrimedaily.com"
51.222.253.17 - - [23/Feb/2023:11:52:11 -0800] "GET /instagram-houston/post-later/02-23-2023-0205403-Images-50th-Anniversary-of-the-fatal-Ben-Franklin.txt HTTP/1.1" 200 175 "-" "Mozilla/5.0 (compatible; AhrefsBot/7.0; +http://ahrefs.com/robot/)" "www.metrocrimedaily.com"
69.63.184.119 - - [23/Feb/2023:11:52:29 -0800] "GET /instagram-chicago/02-23-2023-1320503-A.jpg HTTP/1.1" 200 200588 "-" "facebookexternalhit/1.1 (+http://www.facebook.com/externalhit_uatext.php)" "www.metrocrimedaily.com"
213.180.203.93 - - [23/Feb/2023:11:52:46 -0800] "GET /instagram-newyork/01-17-2023-1821021-NJ-woman-sentenced-to-2-to-6-years-in-prison-afte.txt HTTP/1.1" 404 88 "-" "Mozilla/5.0 (compatible; YandexBot/3.0; +http://yandex.com/bots)" "metrocrimedaily.com"
52.167.144.91 - - [23/Feb/2023:11:53:10 -0800] "GET /instagram-atlanta/12-27-2022-1257592-Citing-structural-problems--Georgia-state-park-cl.txt HTTP/1.1" 404 88 "-" "Mozilla/5.0 AppleWebKit/537.36 (KHTML, like Gecko; compatible; bingbot/2.0; +http://www.bing.com/bingbot.htm) Chrome/103.0.5060.134 Safari/537.36" "www.metrocrimedaily.com"
51.222.253.1 - - [23/Feb/2023:11:53:16 -0800] "GET /instagram-houston/post-later/02-23-2023-0205404-US-mass-killings-linked-to-extremism-spiked-over-.txt HTTP/1.1" 200 1013 "-" "Mozilla/5.0 (compatible; AhrefsBot/7.0; +http://ahrefs.com/robot/)" "www.metrocrimedaily.com"
51.222.253.8 - - [23/Feb/2023:11:54:25 -0800] "GET /instagram-houston/post-later/02-23-2023-0518031-TV-journalist-killed-while-covering-deadly-Florid.txt HTTP/1.1" 200 1038 "-" "Mozilla/5.0 (compatible; AhrefsBot/7.0; +http://ahrefs.com/robot/)" "www.metrocrimedaily.com"
69.63.184.117 - - [23/Feb/2023:11:55:02 -0800] "GET /instagram-miami/02-23-2023-1338433-A.jpg HTTP/1.1" 200 141986 "-" "facebookexternalhit/1.1 (+http://www.facebook.com/externalhit_uatext.php)" "www.metrocrimedaily.com"
51.222.253.16 - - [23/Feb/2023:11:55:34 -0800] "GET /instagram-houston/post-later/02-23-2023-0640411-Spectrum-News-13--%C3%A2%C2%96%C2%93s-Dylan-Lyons-among-those-kill.txt HTTP/1.1" 200 1082 "-" "Mozilla/5.0 (compatible; AhrefsBot/7.0; +http://ahrefs.com/robot/)" "www.metrocrimedaily.com"
69.63.184.119 - - [23/Feb/2023:11:56:06 -0800] "GET /instagram-atlanta/02-23-2023-1355441-A.jpg HTTP/1.1" 200 90539 "-" "facebookexternalhit/1.1 (+http://www.facebook.com/externalhit_uatext.php)" "www.metrocrimedaily.com"
51.222.253.7 - - [23/Feb/2023:11:56:39 -0800] "GET /instagram-houston/post-later/02-23-2023-0640412-Man--18--arrested-in-death-of-17-year-old-boy-in-.txt HTTP/1.1" 200 635 "-" "Mozilla/5.0 (compatible; AhrefsBot/7.0; +http://ahrefs.com/robot/)" "www.metrocrimedaily.com"
69.63.184.1 - - [23/Feb/2023:11:57:02 -0800] "GET /instagram-losangeles/02-23-2023-1356401-A.jpg HTTP/1.1" 200 241056 "-" "facebookexternalhit/1.1 (+http://www.facebook.com/externalhit_uatext.php)" "www.metrocrimedaily.com"
51.222.253.15 - - [23/Feb/2023:11:57:36 -0800] "GET /instagram-houston/post-later/02-23-2023-0737441-U.S.-mass-killings-linked-to-extremism-spiked-ove.txt HTTP/1.1" 200 991 "-" "Mozilla/5.0 (compatible; AhrefsBot/7.0; +http://ahrefs.com/robot/)" "www.metrocrimedaily.com"
69.63.184.2 - - [23/Feb/2023:11:58:32 -0800] "GET /instagram-dallas/02-23-2023-1358091-A.jpg HTTP/1.1" 200 133433 "-" "facebookexternalhit/1.1 (+http://www.facebook.com/externalhit_uatext.php)" "www.metrocrimedaily.com"
51.222.253.6 - - [23/Feb/2023:11:58:34 -0800] "GET /instagram-houston/post-later/02-23-2023-0737442-Gaza-rockets--Israeli-strikes-follow-deadly-West-.txt HTTP/1.1" 200 1019 "-" "Mozilla/5.0 (compatible; AhrefsBot/7.0; +http://ahrefs.com/robot/)" "www.metrocrimedaily.com"
69.63.184.113 - - [23/Feb/2023:11:58:49 -0800] "GET /instagram-newyork/02-23-2023-1342532-A.jpg HTTP/1.1" 200 115822 "-" "facebookexternalhit/1.1 (+http://www.facebook.com/externalhit_uatext.php)" "www.metrocrimedaily.com"
51.222.253.12 - - [23/Feb/2023:11:59:42 -0800] "GET /instagram-houston/post-later/02-23-2023-0737443-Florida-TV-reporter-killed-while-covering-a-fatal.txt HTTP/1.1" 200 1051 "-" "Mozilla/5.0 (compatible; AhrefsBot/7.0; +http://ahrefs.com/robot/)" "www.metrocrimedaily.com"
69.63.184.116 - - [23/Feb/2023:11:59:58 -0800] "GET /instagram-memphis/02-23-2023-1359381-A.jpg HTTP/1.1" 200 150364 "-" "facebookexternalhit/1.1 (+http://www.facebook.com/externalhit_uatext.php)" "www.metrocrimedaily.com"
51.222.253.11 - - [23/Feb/2023:12:00:40 -0800] "GET /instagram-houston/post-later/02-23-2023-0737444-Breaking--At-least-one-dead-in-shooting-near-Will.txt HTTP/1.1" 200 49 "-" "Mozilla/5.0 (compatible; AhrefsBot/7.0; +http://ahrefs.com/robot/)" "www.metrocrimedaily.com"
213.180.203.93 - - [23/Feb/2023:12:01:12 -0800] "GET /instagram-houston/01-17-2023-0943395-HCSO--Man-barricaded-inside-home-after-allegedly-.txt HTTP/1.1" 404 88 "-" "Mozilla/5.0 (compatible; YandexBot/3.0; +http://yandex.com/bots)" "metrocrimedaily.com"
51.222.253.5 - - [23/Feb/2023:12:02:15 -0800] "GET /instagram-houston/post-later/02-23-2023-0737445-More-bodies-found-in-China-mine-collapse--48-rema.txt HTTP/1.1" 200 1103 "-" "Mozilla/5.0 (compatible; AhrefsBot/7.0; +http://ahrefs.com/robot/)" "www.metrocrimedaily.com"
51.222.253.12 - - [23/Feb/2023:12:03:07 -0800] "GET /instagram-houston/post-later/02-23-2023-0737446-IRA-dissidents-suspected-of-shooting-N-Ireland-de.txt HTTP/1.1" 200 995 "-" "Mozilla/5.0 (compatible; AhrefsBot/7.0; +http://ahrefs.com/robot/)" "www.metrocrimedaily.com"
51.222.253.11 - - [23/Feb/2023:12:04:17 -0800] "GET /instagram-houston/post-later/02-23-2023-0737447--We-kill-them-all---Russian-soldiers-in-Ukraine-c.txt HTTP/1.1" 200 1151 "-" "Mozilla/5.0 (compatible; AhrefsBot/7.0; +http://ahrefs.com/robot/)" "www.metrocrimedaily.com"
51.222.253.9 - - [23/Feb/2023:12:05:31 -0800] "GET /instagram-houston/post-later/02-23-2023-0829141-LIVE--Officials-give-update-after-body-found-near.txt HTTP/1.1" 200 988 "-" "Mozilla/5.0 (compatible; AhrefsBot/7.0; +http://ahrefs.com/robot/)" "www.metrocrimedaily.com"
69.63.184.4 - - [23/Feb/2023:12:05:48 -0800] "GET /instagram-neworleans/02-23-2023-1349512-A.jpg HTTP/1.1" 200 164627 "-" "facebookexternalhit/1.1 (+http://www.facebook.com/externalhit_uatext.php)" "www.metrocrimedaily.com"
51.222.253.20 - - [23/Feb/2023:12:06:32 -0800] "GET /instagram-houston/post-later/02-23-2023-0829142-Live--Alex-Murdaugh-murder-trial-livestream---Feb.txt HTTP/1.1" 200 198 "-" "Mozilla/5.0 (compatible; AhrefsBot/7.0; +http://ahrefs.com/robot/)" "www.metrocrimedaily.com"
51.222.253.17 - - [23/Feb/2023:12:07:50 -0800] "GET /instagram-houston/post-later/02-23-2023-0829143-Trump-lawyers-blast-election-probe-after-grand-ju.txt HTTP/1.1" 200 1128 "-" "Mozilla/5.0 (compatible; AhrefsBot/7.0; +http://ahrefs.com/robot/)" "www.metrocrimedaily.com"
69.63.184.116 - - [23/Feb/2023:12:08:09 -0800] "GET /instagram-chicago/02-23-2023-1320504-A.jpg HTTP/1.1" 200 114185 "-" "facebookexternalhit/1.1 (+http://www.facebook.com/externalhit_uatext.php)" "www.metrocrimedaily.com"
51.222.253.5 - - [23/Feb/2023:12:09:01 -0800] "GET /instagram-houston/post-later/02-23-2023-0829144-MCSO--At-least-one-dead-in-shooting-near-Willis-.txt HTTP/1.1" 200 286 "-" "Mozilla/5.0 (compatible; AhrefsBot/7.0; +http://ahrefs.com/robot/)" "www.metrocrimedaily.com"
51.222.253.8 - - [23/Feb/2023:12:10:13 -0800] "GET /instagram-houston/post-later/02-23-2023-0909061-Live--Alex-Murdaugh-murder-trial-livestream---Feb.txt HTTP/1.1" 200 198 "-" "Mozilla/5.0 (compatible; AhrefsBot/7.0; +http://ahrefs.com/robot/)" "www.metrocrimedaily.com"
69.63.184.3 - - [23/Feb/2023:12:10:35 -0800] "GET /instagram-miami/02-23-2023-1338434-A.jpg HTTP/1.1" 200 206944 "-" "facebookexternalhit/1.1 (+http://www.facebook.com/externalhit_uatext.php)" "www.metrocrimedaily.com"
51.222.253.14 - - [23/Feb/2023:12:11:22 -0800] "GET /instagram-houston/post-later/02-23-2023-0957561-Dr.-Seuss---How-the-Grinch-Stole-Christmas--book-.txt HTTP/1.1" 200 1128 "-" "Mozilla/5.0 (compatible; AhrefsBot/7.0; +http://ahrefs.com/robot/)" "www.metrocrimedaily.com"
51.222.253.18 - - [23/Feb/2023:12:12:29 -0800] "GET /instagram-houston/post-later/02-23-2023-0957562-Bird-flu-kills-11-year-old-girl-in-Cambodia-.txt HTTP/1.1" 200 1153 "-" "Mozilla/5.0 (compatible; AhrefsBot/7.0; +http://ahrefs.com/robot/)" "www.metrocrimedaily.com"
69.63.184.1 - - [23/Feb/2023:12:13:14 -0800] "GET /instagram-houston/02-23-2023-1412541-A.jpg HTTP/1.1" 200 141082 "-" "facebookexternalhit/1.1 (+http://www.facebook.com/externalhit_uatext.php)" "www.metrocrimedaily.com"
51.222.253.2 - - [23/Feb/2023:12:13:38 -0800] "GET /instagram-houston/post-later/02-23-2023-0957563-Alex-Murdaugh-testifies-in-own-defense-at-murder-.txt HTTP/1.1" 200 823 "-" "Mozilla/5.0 (compatible; AhrefsBot/7.0; +http://ahrefs.com/robot/)" "www.metrocrimedaily.com"
69.63.184.1 - - [23/Feb/2023:12:13:42 -0800] "GET /instagram-houston/02-23-2023-1412542-A.jpg HTTP/1.1" 200 140831 "-" "facebookexternalhit/1.1 (+http://www.facebook.com/externalhit_uatext.php)" "www.metrocrimedaily.com"
69.63.184.1 - - [23/Feb/2023:12:14:10 -0800] "GET /instagram-houston/02-23-2023-1412543-A.jpg HTTP/1.1" 200 188952 "-" "facebookexternalhit/1.1 (+http://www.facebook.com/externalhit_uatext.php)" "www.metrocrimedaily.com"
69.63.184.1 - - [23/Feb/2023:12:14:35 -0800] "GET /instagram-detroit/02-23-2023-1413581-A.jpg HTTP/1.1" 200 107067 "-" "facebookexternalhit/1.1 (+http://www.facebook.com/externalhit_uatext.php)" "www.metrocrimedaily.com"
69.63.184.118 - - [23/Feb/2023:12:14:37 -0800] "GET /instagram-houston/02-23-2023-1412544-A.jpg HTTP/1.1" 200 176702 "-" "facebookexternalhit/1.1 (+http://www.facebook.com/externalhit_uatext.php)" "www.metrocrimedaily.com"
51.222.253.14 - - [23/Feb/2023:12:14:47 -0800] "GET /instagram-houston/post-later/02-23-2023-0957564-Alex-Murdaugh-s-slain-son--Paul--allegedly-strang.txt HTTP/1.1" 200 1186 "-" "Mozilla/5.0 (compatible; AhrefsBot/7.0; +http://ahrefs.com/robot/)" "www.metrocrimedaily.com"
69.63.184.3 - - [23/Feb/2023:12:15:17 -0800] "GET /instagram-detroit/02-23-2023-1413582-A.jpg HTTP/1.1" 200 50641 "-" "facebookexternalhit/1.1 (+http://www.facebook.com/externalhit_uatext.php)" "www.metrocrimedaily.com"
69.63.184.119 - - [23/Feb/2023:12:15:31 -0800] "GET /instagram-memphis/02-23-2023-1359382-A.jpg HTTP/1.1" 200 189532 "-" "facebookexternalhit/1.1 (+http://www.facebook.com/externalhit_uatext.php)" "www.metrocrimedaily.com"
51.222.253.19 - - [23/Feb/2023:12:15:53 -0800] "GET /instagram-houston/post-later/02-23-2023-1047151-Chesapeake-man-arrested-in-connection-with-bomb-t.txt HTTP/1.1" 200 496 "-" "Mozilla/5.0 (compatible; AhrefsBot/7.0; +http://ahrefs.com/robot/)" "www.metrocrimedaily.com"
69.63.184.2 - - [23/Feb/2023:12:15:59 -0800] "GET /instagram-detroit/02-23-2023-1413583-A.jpg HTTP/1.1" 200 79503 "-" "facebookexternalhit/1.1 (+http://www.facebook.com/externalhit_uatext.php)" "www.metrocrimedaily.com"
69.63.184.4 - - [23/Feb/2023:12:16:41 -0800] "GET /instagram-detroit/02-23-2023-1413584-A.jpg HTTP/1.1" 200 84944 "-" "facebookexternalhit/1.1 (+http://www.facebook.com/externalhit_uatext.php)" "www.metrocrimedaily.com"
51.222.253.9 - - [23/Feb/2023:12:17:02 -0800] "GET /instagram-houston/post-later/02-23-2023-1047152-WATCH--Bystander-chases--pins-down-man-who-tried-.txt HTTP/1.1" 200 1053 "-" "Mozilla/5.0 (compatible; AhrefsBot/7.0; +http://ahrefs.com/robot/)" "www.metrocrimedaily.com"
51.222.253.18 - - [23/Feb/2023:12:17:58 -0800] "GET /instagram-houston/post-later/02-23-2023-1047153-Car-burglary-leads-to-chase--deadly-shooting-in-e.txt HTTP/1.1" 200 49 "-" "Mozilla/5.0 (compatible; AhrefsBot/7.0; +http://ahrefs.com/robot/)" "www.metrocrimedaily.com"
69.63.184.120 - - [23/Feb/2023:12:23:50 -0800] "GET /instagram-chicago/02-23-2023-1320505-A.jpg HTTP/1.1" 200 527641 "-" "facebookexternalhit/1.1 (+http://www.facebook.com/externalhit_uatext.php)" "www.metrocrimedaily.com"
51.222.253.4 - - [23/Feb/2023:12:24:41 -0800] "GET /instagram-memphis/?C=M;O=D HTTP/1.1" 200 910 "-" "Mozilla/5.0 (compatible; AhrefsBot/7.0; +http://ahrefs.com/robot/)" "www.metrocrimedaily.com"
