114.119.156.233 - - [23/Feb/2023:00:34:13 -0800] "GET /instagram-houston/post-later/02-17-2023-1303425-US-says-IS-commander-killed--troops-wounded-in-NE.txt HTTP/1.1" 200 832 "http://www.metrocrimedaily.com/instagram-houston/post-later/?C=S%3BO%3DA" "Mozilla/5.0 (Linux; Android 7.0;) AppleWebKit/537.36 (KHTML, like Gecko) Mobile Safari/537.36 (compatible; PetalBot;+https://webmaster.petalsearch.com/site/petalbot)" "www.metrocrimedaily.com"
185.191.171.36 - - [23/Feb/2023:00:35:31 -0800] "GET /CRIME-WATCH-AMERICA/GOOD_BARBER_APP-MAKER/left-frame-old.html HTTP/1.1" 200 1093 "-" "Mozilla/5.0 (compatible; SemrushBot/7~bl; +http://www.semrush.com/bot.html)" "metrocrimedaily.com"
185.191.171.39 - - [23/Feb/2023:00:36:10 -0800] "GET /instagram-dallas/videos/?C=M%3BO%3DA HTTP/1.1" 200 327 "-" "Mozilla/5.0 (compatible; SemrushBot/7~bl; +http://www.semrush.com/bot.html)" "metrocrimedaily.com"
51.222.253.17 - - [23/Feb/2023:00:38:04 -0800] "GET /instagram-houston/post-later/02-17-2023-04262615-Mother-outraged-after-9-year-old-was-attacked-on-.txt HTTP/1.1" 200 996 "-" "Mozilla/5.0 (compatible; AhrefsBot/7.0; +http://ahrefs.com/robot/)" "metrocrimedaily.com"
185.191.171.36 - - [23/Feb/2023:00:38:38 -0800] "GET /CRIME-WATCH-AMERICA/CRIME-WATCH-DETROIT/unix/ HTTP/1.1" 200 395 "-" "Mozilla/5.0 (compatible; SemrushBot/7~bl; +http://www.semrush.com/bot.html)" "metrocrimedaily.com"
66.249.66.72 - - [23/Feb/2023:00:39:52 -0800] "GET /instagram-chicago/02-17-2023-1113172-A.jpg HTTP/1.1" 404 88 "-" "Googlebot-Image/1.0" "metrocrimedaily.com"
95.108.213.251 - - [23/Feb/2023:00:40:50 -0800] "GET /instagram-detroit/01-20-2023-1842065-Macomb-County-robbery-suspect-shot-in-arm--taken-.txt HTTP/1.1" 404 88 "-" "Mozilla/5.0 (compatible; YandexBot/3.0; +http://yandex.com/bots)" "metrocrimedaily.com"
114.119.133.245 - - [23/Feb/2023:00:41:55 -0800] "GET /instagram-stlouis/02-19-2023-1700311-A.T.-Still-University-pledges-to-hire-more-securi.txt HTTP/1.1" 404 88 "http://www.metrocrimedaily.com/instagram-stlouis/" "Mozilla/5.0 (Linux; Android 7.0;) AppleWebKit/537.36 (KHTML, like Gecko) Mobile Safari/537.36 (compatible; PetalBot;+https://webmaster.petalsearch.com/site/petalbot)" "www.metrocrimedaily.com"
185.191.171.18 - - [23/Feb/2023:00:42:13 -0800] "GET /CRIME-WATCH-AMERICA/CRIME-WATCH-HOUSTON/download-houston-videos-RevC.bat HTTP/1.1" 200 8227 "-" "Mozilla/5.0 (compatible; SemrushBot/7~bl; +http://www.semrush.com/bot.html)" "metrocrimedaily.com"
51.222.253.15 - - [23/Feb/2023:00:42:47 -0800] "GET /instagram-houston/post-later/02-17-2023-04262616-Student-shot--killed-at-community-center-near-Gal.txt HTTP/1.1" 200 49 "-" "Mozilla/5.0 (compatible; AhrefsBot/7.0; +http://ahrefs.com/robot/)" "metrocrimedaily.com"
114.119.140.84 - - [23/Feb/2023:00:43:14 -0800] "GET /instagram-houston/post-later/02-17-2023-2156401-Driver-shot-during-possible-road-rage-incident-fo.txt HTTP/1.1" 200 662 "http://www.metrocrimedaily.com/instagram-houston/post-later/?C=S%3BO%3DA" "Mozilla/5.0 (Linux; Android 7.0;) AppleWebKit/537.36 (KHTML, like Gecko) Mobile Safari/537.36 (compatible; PetalBot;+https://webmaster.petalsearch.com/site/petalbot)" "www.metrocrimedaily.com"
95.108.213.251 - - [23/Feb/2023:00:44:26 -0800] "GET /instagram-neworleans/01-12-2023-1817052-Manhunt-after-carjacking-at-fast-food-restaurant-.txt HTTP/1.1" 404 88 "-" "Mozilla/5.0 (compatible; YandexBot/3.0; +http://yandex.com/bots)" "metrocrimedaily.com"
185.191.171.13 - - [23/Feb/2023:00:44:54 -0800] "GET /CRIME-WATCH-AMERICA/CRIME-WATCH-CHICAGO/download-chicago-videos-RevA.bat HTTP/1.1" 200 8238 "-" "Mozilla/5.0 (compatible; SemrushBot/7~bl; +http://www.semrush.com/bot.html)" "metrocrimedaily.com"
185.191.171.19 - - [23/Feb/2023:00:46:35 -0800] "GET /CRIME-WATCH-AMERICA/CRIME-WATCH-LOS-ANGELES/?C=N%3BO%3DD HTTP/1.1" 200 379 "-" "Mozilla/5.0 (compatible; SemrushBot/7~bl; +http://www.semrush.com/bot.html)" "metrocrimedaily.com"
51.222.253.13 - - [23/Feb/2023:00:48:12 -0800] "GET /instagram-houston/post-later/02-17-2023-04262618-Gun-reportedly-found-on-campus-of-Sterling-High-S.txt HTTP/1.1" 200 572 "-" "Mozilla/5.0 (compatible; AhrefsBot/7.0; +http://ahrefs.com/robot/)" "metrocrimedaily.com"
207.46.13.10 - - [23/Feb/2023:00:50:45 -0800] "GET /instagram-chicago/01-17-2023-1258353-14-Year-Old-Boy-Charged-in-8-South-Side-Armed-Rob.txt HTTP/1.1" 404 88 "-" "Mozilla/5.0 AppleWebKit/537.36 (KHTML, like Gecko; compatible; bingbot/2.0; +http://www.bing.com/bingbot.htm) Chrome/103.0.5060.134 Safari/537.36" "www.metrocrimedaily.com"
185.191.171.25 - - [23/Feb/2023:00:52:06 -0800] "GET /instagram-monroe/videos/?C=S%3BO%3DA HTTP/1.1" 200 327 "-" "Mozilla/5.0 (compatible; SemrushBot/7~bl; +http://www.semrush.com/bot.html)" "metrocrimedaily.com"
185.191.171.17 - - [23/Feb/2023:00:52:57 -0800] "GET /CRIME-WATCH-AMERICA/CRIME-WATCH-CHICAGO/sendemail.bat HTTP/1.1" 200 506 "-" "Mozilla/5.0 (compatible; SemrushBot/7~bl; +http://www.semrush.com/bot.html)" "metrocrimedaily.com"
51.222.253.9 - - [23/Feb/2023:00:52:59 -0800] "GET /instagram-houston/post-later/02-17-2023-04262619-INMATE-GOES-PUBLIC--Harris-Co.-Jail-inmate-shares.txt HTTP/1.1" 200 1049 "-" "Mozilla/5.0 (compatible; AhrefsBot/7.0; +http://ahrefs.com/robot/)" "metrocrimedaily.com"
185.191.171.33 - - [23/Feb/2023:00:56:30 -0800] "GET /CRIME-WATCH-AMERICA/CRIME-WATCH-DETROIT/find-and-post-detroit-stories-RevX.bat HTTP/1.1" 200 19616 "-" "Mozilla/5.0 (compatible; SemrushBot/7~bl; +http://www.semrush.com/bot.html)" "metrocrimedaily.com"
51.222.253.9 - - [23/Feb/2023:00:57:08 -0800] "GET /instagram-houston/post-later/02-17-2023-04262621-Report--Lisle-bank-robbery-suspects-traced-to-Chi.txt HTTP/1.1" 200 312 "-" "Mozilla/5.0 (compatible; AhrefsBot/7.0; +http://ahrefs.com/robot/)" "metrocrimedaily.com"
114.119.149.90 - - [23/Feb/2023:00:58:45 -0800] "GET /instagram-stlouis/02-06-2023-1118301-TALAT---HUGE-WAVE-ROLLS-OVER-STOLEN-BOAT-(WHOA)-.txt HTTP/1.1" 404 88 "https://metrocrimedaily.com/instagram-stlouis/?C=M%3BO%3DA" "Mozilla/5.0 (Linux; Android 7.0;) AppleWebKit/537.36 (KHTML, like Gecko) Mobile Safari/537.36 (compatible; PetalBot;+https://webmaster.petalsearch.com/site/petalbot)" "metrocrimedaily.com"
95.108.213.251 - - [23/Feb/2023:00:59:05 -0800] "GET /instagram-houston/01-15-2023-1404172-Have-you-seen-Leslie--Search-underway-for-43-year.txt HTTP/1.1" 404 88 "-" "Mozilla/5.0 (compatible; YandexBot/3.0; +http://yandex.com/bots)" "metrocrimedaily.com"
114.119.151.155 - - [23/Feb/2023:00:59:52 -0800] "GET /instagram-miami/02-06-2023-0624575-1-dead--1-detained-following-shooting-in-northwes.txt HTTP/1.1" 404 88 "https://metrocrimedaily.com/instagram-miami/?C=D%3BO%3DA" "Mozilla/5.0 (Linux; Android 7.0;) AppleWebKit/537.36 (KHTML, like Gecko) Mobile Safari/537.36 (compatible; PetalBot;+https://webmaster.petalsearch.com/site/petalbot)" "metrocrimedaily.com"
114.119.133.126 - - [23/Feb/2023:01:01:24 -0800] "GET /instagram-houston/post-later/02-17-2023-13034211-Tyre-Nichols-latest--Former-Memphis-police-office.txt HTTP/1.1" 200 188 "http://www.metrocrimedaily.com/instagram-houston/post-later/?C=S%3BO%3DA" "Mozilla/5.0 (Linux; Android 7.0;) AppleWebKit/537.36 (KHTML, like Gecko) Mobile Safari/537.36 (compatible; PetalBot;+https://webmaster.petalsearch.com/site/petalbot)" "www.metrocrimedaily.com"
51.222.253.8 - - [23/Feb/2023:01:01:40 -0800] "GET /instagram-houston/post-later/02-17-2023-04262622-Aurora-man-accused-of-entering-car--stabbing-woma.txt HTTP/1.1" 200 392 "-" "Mozilla/5.0 (compatible; AhrefsBot/7.0; +http://ahrefs.com/robot/)" "metrocrimedaily.com"
114.119.143.214 - - [23/Feb/2023:01:02:42 -0800] "GET /instagram-houston/02-19-2023-2348292-Family--friends-hold-vigil-for-3-teens-killed-in-.txt HTTP/1.1" 404 88 "http://metrocrimedaily.com/instagram-houston/?C=M%3BO%3DA" "Mozilla/5.0 (Linux; Android 7.0;) AppleWebKit/537.36 (KHTML, like Gecko) Mobile Safari/537.36 (compatible; PetalBot;+https://webmaster.petalsearch.com/site/petalbot)" "metrocrimedaily.com"
69.63.184.116 - - [23/Feb/2023:01:04:22 -0800] "GET /instagram-dallas/02-23-2023-0000048-A.jpg HTTP/1.1" 200 213317 "-" "facebookexternalhit/1.1 (+http://www.facebook.com/externalhit_uatext.php)" "www.metrocrimedaily.com"
69.63.184.120 - - [23/Feb/2023:01:04:51 -0800] "GET /instagram-dallas/02-23-2023-0000049-A.jpg HTTP/1.1" 200 143883 "-" "facebookexternalhit/1.1 (+http://www.facebook.com/externalhit_uatext.php)" "www.metrocrimedaily.com"
69.63.184.5 - - [23/Feb/2023:01:05:19 -0800] "GET /instagram-dallas/02-23-2023-00000410-A.jpg HTTP/1.1" 200 303851 "-" "facebookexternalhit/1.1 (+http://www.facebook.com/externalhit_uatext.php)" "www.metrocrimedaily.com"
51.222.253.12 - - [23/Feb/2023:01:06:09 -0800] "GET /instagram-houston/post-later/02-17-2023-04262623-Drug-bust-in-Houston--Fentanyl--stolen-credit-car.txt HTTP/1.1" 200 824 "-" "Mozilla/5.0 (compatible; AhrefsBot/7.0; +http://ahrefs.com/robot/)" "metrocrimedaily.com"
185.191.171.42 - - [23/Feb/2023:01:06:20 -0800] "GET /robots.txt HTTP/1.1" 404 88 "-" "Mozilla/5.0 (compatible; SemrushBot/7~bl; +http://www.semrush.com/bot.html)" "metrocrimedaily.com"
185.191.171.45 - - [23/Feb/2023:01:06:21 -0800] "GET /instagram-stlouis/post-later/?C=N%3BO%3DD HTTP/1.1" 200 5350 "-" "Mozilla/5.0 (compatible; SemrushBot/7~bl; +http://www.semrush.com/bot.html)" "metrocrimedaily.com"
114.119.136.217 - - [23/Feb/2023:01:08:47 -0800] "GET /instagram-miami/02-16-2023-1404041-Everglades-High-School-in-Miramar-Evacuated-Over-.txt HTTP/1.1" 200 790 "https://metrocrimedaily.com/instagram-miami/" "Mozilla/5.0 (Linux; Android 7.0;) AppleWebKit/537.36 (KHTML, like Gecko) Mobile Safari/537.36 (compatible; PetalBot;+https://webmaster.petalsearch.com/site/petalbot)" "metrocrimedaily.com"
51.222.253.16 - - [23/Feb/2023:01:11:03 -0800] "GET /instagram-houston/post-later/02-17-2023-04262624-Suspect-chose-to-sexually-assault-5-year-old-with.txt HTTP/1.1" 200 49 "-" "Mozilla/5.0 (compatible; AhrefsBot/7.0; +http://ahrefs.com/robot/)" "metrocrimedaily.com"
51.222.253.11 - - [23/Feb/2023:01:13:47 -0800] "GET /instagram-houston/post-later/02-17-2023-04262625-17-year-old-shot--killed-in-parking-lot-near-Gale.txt HTTP/1.1" 200 548 "-" "Mozilla/5.0 (compatible; AhrefsBot/7.0; +http://ahrefs.com/robot/)" "metrocrimedaily.com"
40.77.167.172 - - [23/Feb/2023:01:14:41 -0800] "GET /instagram-detroit/01-17-2023-0736412-Driver-arrested-after-running-out-of-gas-on-I-94-.txt HTTP/1.1" 404 88 "-" "Mozilla/5.0 AppleWebKit/537.36 (KHTML, like Gecko; compatible; bingbot/2.0; +http://www.bing.com/bingbot.htm) Chrome/103.0.5060.134 Safari/537.36" "www.metrocrimedaily.com"
51.222.253.9 - - [23/Feb/2023:01:15:05 -0800] "GET /instagram-houston/post-later/02-17-2023-04262626-Suspect-chose-to-sexually-assault-5-year-old-with.txt HTTP/1.1" 200 992 "-" "Mozilla/5.0 (compatible; AhrefsBot/7.0; +http://ahrefs.com/robot/)" "metrocrimedaily.com"
51.222.253.5 - - [23/Feb/2023:01:16:16 -0800] "GET /instagram-houston/post-later/02-17-2023-0426269-Note-with-possible-motive-found-on-Michigan-State.txt HTTP/1.1" 200 1066 "-" "Mozilla/5.0 (compatible; AhrefsBot/7.0; +http://ahrefs.com/robot/)" "metrocrimedaily.com"
95.108.213.251 - - [23/Feb/2023:01:26:23 -0800] "GET /instagram-dallas/01-15-2023-2316312-Teenager-arrested-in-connection-to-fatal-shooting.txt HTTP/1.1" 404 88 "-" "Mozilla/5.0 (compatible; YandexBot/3.0; +http://yandex.com/bots)" "metrocrimedaily.com"
37.57.218.243 - - [23/Feb/2023:01:27:56 -0800] "GET /robots.txt HTTP/1.1" 404 73 "-" "Mozilla/5.0 (compatible; MJ12bot/v1.4.8; http://mj12bot.com/)" "metrocrimedaily.com"
51.222.253.11 - - [23/Feb/2023:01:28:00 -0800] "GET /instagram-houston/post-later/02-17-2023-0758574-Charges-won-t-be-filed-in-death-of-12-year-old-in.txt HTTP/1.1" 200 1002 "-" "Mozilla/5.0 (compatible; AhrefsBot/7.0; +http://ahrefs.com/robot/)" "metrocrimedaily.com"
37.57.218.243 - - [23/Feb/2023:01:28:02 -0800] "GET /instagram-houston/post-later/02-08-2023-2342086-Pearland-woman-fears-for-fianc%C3%A2%C2%94%C2%9C%C3%A2%C2%8C%C2%90-s-health--claims.txt HTTP/1.1" 404 88 "-" "Mozilla/5.0 (compatible; MJ12bot/v1.4.8; http://mj12bot.com/)" "metrocrimedaily.com"
37.57.218.243 - - [23/Feb/2023:01:28:11 -0800] "GET /robots.txt HTTP/1.1" 404 73 "-" "Mozilla/5.0 (compatible; MJ12bot/v1.4.8; http://mj12bot.com/)" "metrocrimedaily.com"
37.57.218.243 - - [23/Feb/2023:01:28:15 -0800] "GET /instagram-houston/post-later/02-08-2023-2342086-Pearland-woman-fears-for-fianc%C3%A2%C2%94%C2%9C%C3%A2%C2%8C%C2%90-s-health--claims.txt HTTP/1.1" 404 88 "-" "Mozilla/5.0 (compatible; MJ12bot/v1.4.8; http://mj12bot.com/)" "metrocrimedaily.com"
37.57.218.243 - - [23/Feb/2023:01:28:23 -0800] "GET /instagram-houston/post-later/02-09-2023-0546301---%C3%82%C2%A3Terrifying--%C3%82%C2%A5-appeals-court-ruling-says-allege.txt HTTP/1.1" 404 88 "-" "Mozilla/5.0 (compatible; MJ12bot/v1.4.8; http://mj12bot.com/)" "metrocrimedaily.com"
37.57.218.243 - - [23/Feb/2023:01:28:29 -0800] "GET /instagram-houston/post-later/02-09-2023-0546301---%C3%82%C2%A3Terrifying--%C3%82%C2%A5-appeals-court-ruling-says-allege.txt HTTP/1.1" 404 88 "-" "Mozilla/5.0 (compatible; MJ12bot/v1.4.8; http://mj12bot.com/)" "metrocrimedaily.com"
95.108.213.251 - - [23/Feb/2023:01:29:07 -0800] "GET /instagram-houston/01-11-2023-1117546-Supreme-Court-lets-New-York-enforce-gun-law-durin.txt HTTP/1.1" 404 88 "-" "Mozilla/5.0 (compatible; YandexBot/3.0; +http://yandex.com/bots)" "metrocrimedaily.com"
51.222.253.4 - - [23/Feb/2023:01:29:30 -0800] "GET /instagram-houston/post-later/02-17-2023-13034210-U-Haul-rampage-victim-died-striving-for--American.txt HTTP/1.1" 200 1139 "-" "Mozilla/5.0 (compatible; AhrefsBot/7.0; +http://ahrefs.com/robot/)" "metrocrimedaily.com"
51.222.253.12 - - [23/Feb/2023:01:30:40 -0800] "GET /instagram-houston/post-later/02-17-2023-13034211-Tyre-Nichols-latest--Former-Memphis-police-office.txt HTTP/1.1" 200 188 "-" "Mozilla/5.0 (compatible; AhrefsBot/7.0; +http://ahrefs.com/robot/)" "metrocrimedaily.com"
51.222.253.7 - - [23/Feb/2023:01:32:11 -0800] "GET /instagram-houston/post-later/02-17-2023-1303422-U-Haul-rampage-victim-died-striving-for--American.txt HTTP/1.1" 200 1117 "-" "Mozilla/5.0 (compatible; AhrefsBot/7.0; +http://ahrefs.com/robot/)" "metrocrimedaily.com"
95.108.213.251 - - [23/Feb/2023:01:35:53 -0800] "GET /instagram-dallas/01-20-2023-2305262-Police-still-searching-for-missing-McKinney-girls.txt HTTP/1.1" 404 88 "-" "Mozilla/5.0 (compatible; YandexBot/3.0; +http://yandex.com/bots)" "metrocrimedaily.com"
69.63.184.117 - - [23/Feb/2023:01:39:35 -0800] "GET /instagram-dallas/02-23-2023-0339091-A.jpg HTTP/1.1" 200 231158 "-" "facebookexternalhit/1.1 (+http://www.facebook.com/externalhit_uatext.php)" "www.metrocrimedaily.com"
95.108.213.251 - - [23/Feb/2023:01:42:00 -0800] "GET /CRIME-WATCH-AMERICA/GOOD_BARBER_APP-MAKER/CID_Links.txt HTTP/1.1" 200 1030 "-" "Mozilla/5.0 (compatible; YandexBot/3.0; +http://yandex.com/bots)" "metrocrimedaily.com"
51.222.253.15 - - [23/Feb/2023:01:47:59 -0800] "GET / HTTP/1.1" 200 153935 "-" "Mozilla/5.0 (compatible; AhrefsBot/7.0; +http://ahrefs.com/robot/)" "www.metrocrimedaily.com"
51.222.253.8 - - [23/Feb/2023:01:48:37 -0800] "GET /instagram-houston/post-later/?C=N;O=A HTTP/1.1" 200 11274 "-" "Mozilla/5.0 (compatible; AhrefsBot/7.0; +http://ahrefs.com/robot/)" "metrocrimedaily.com"
51.222.253.4 - - [23/Feb/2023:01:49:32 -0800] "GET /instagram-stlouis/ HTTP/1.1" 200 3211 "-" "Mozilla/5.0 (compatible; AhrefsBot/7.0; +http://ahrefs.com/robot/)" "www.metrocrimedaily.com"
51.222.253.7 - - [23/Feb/2023:01:50:15 -0800] "GET /instagram-detroit/02-22-2023-1557295-Detroit-man-charged-with-peeping-through-windows-.txt HTTP/1.1" 200 535 "-" "Mozilla/5.0 (compatible; AhrefsBot/7.0; +http://ahrefs.com/robot/)" "www.metrocrimedaily.com"
51.222.253.14 - - [23/Feb/2023:01:50:59 -0800] "GET /instagram-detroit/02-22-2023-1817371-Armed-robbery-suspects-barricade-selves-in-Detroi.txt HTTP/1.1" 200 635 "-" "Mozilla/5.0 (compatible; AhrefsBot/7.0; +http://ahrefs.com/robot/)" "www.metrocrimedaily.com"
51.222.253.6 - - [23/Feb/2023:01:51:47 -0800] "GET /instagram-detroit/02-22-2023-1817372-Nipsey-Hussle-s-killer-gets-60-years-to-life-in-p.txt HTTP/1.1" 200 1103 "-" "Mozilla/5.0 (compatible; AhrefsBot/7.0; +http://ahrefs.com/robot/)" "www.metrocrimedaily.com"
51.222.253.10 - - [23/Feb/2023:01:52:37 -0800] "GET /instagram-detroit/02-22-2023-1817373-Thief-who-steals-car-in-Taylor-with-child-inside-.txt HTTP/1.1" 200 1118 "-" "Mozilla/5.0 (compatible; AhrefsBot/7.0; +http://ahrefs.com/robot/)" "www.metrocrimedaily.com"
51.222.253.20 - - [23/Feb/2023:01:53:19 -0800] "GET /instagram-detroit/02-22-2023-1817374-DNA-technology-helps-solve-nearly-40-year-old-mur.txt HTTP/1.1" 200 1173 "-" "Mozilla/5.0 (compatible; AhrefsBot/7.0; +http://ahrefs.com/robot/)" "www.metrocrimedaily.com"
40.77.167.184 - - [23/Feb/2023:01:53:28 -0800] "GET /robots.txt HTTP/1.1" 404 88 "-" "Mozilla/5.0 AppleWebKit/537.36 (KHTML, like Gecko; compatible; bingbot/2.0; +http://www.bing.com/bingbot.htm) Chrome/103.0.5060.134 Safari/537.36" "www.metrocrimedaily.com"
40.77.167.172 - - [23/Feb/2023:01:53:34 -0800] "GET /CRIME-WATCH-MONROE/instagram/ HTTP/1.1" 404 88 "-" "Mozilla/5.0 AppleWebKit/537.36 (KHTML, like Gecko; compatible; bingbot/2.0; +http://www.bing.com/bingbot.htm) Chrome/103.0.5060.134 Safari/537.36" "www.metrocrimedaily.com"
40.77.167.212 - - [23/Feb/2023:01:53:38 -0800] "GET /instagram-atlanta/12-23-2022-1714491-Atlanta-police-looking-for-person-of-interest-in-.txt HTTP/1.1" 404 88 "-" "Mozilla/5.0 AppleWebKit/537.36 (KHTML, like Gecko; compatible; bingbot/2.0; +http://www.bing.com/bingbot.htm) Chrome/103.0.5060.134 Safari/537.36" "www.metrocrimedaily.com"
51.222.253.15 - - [23/Feb/2023:01:54:16 -0800] "GET /instagram-detroit/02-22-2023-1817375-Lansing-street-gang-leader-sentenced-to-12-years-.txt HTTP/1.1" 200 1117 "-" "Mozilla/5.0 (compatible; AhrefsBot/7.0; +http://ahrefs.com/robot/)" "www.metrocrimedaily.com"
51.222.253.1 - - [23/Feb/2023:01:55:08 -0800] "GET /instagram-detroit/02-22-2023-2034061-Audio-released-from-cockpit-of-F-22-Raptor-that-s.txt HTTP/1.1" 200 1076 "-" "Mozilla/5.0 (compatible; AhrefsBot/7.0; +http://ahrefs.com/robot/)" "www.metrocrimedaily.com"
51.222.253.16 - - [23/Feb/2023:01:56:01 -0800] "GET /instagram-detroit/02-22-2023-2034062-Car-stealing-ring-suspects-caught-after-Southfiel.txt HTTP/1.1" 200 928 "-" "Mozilla/5.0 (compatible; AhrefsBot/7.0; +http://ahrefs.com/robot/)" "www.metrocrimedaily.com"
51.222.253.3 - - [23/Feb/2023:01:57:05 -0800] "GET /instagram-detroit/02-22-2023-2157361-Man-gets-46-60-years-for-killing-Detroit-officer-.txt HTTP/1.1" 200 756 "-" "Mozilla/5.0 (compatible; AhrefsBot/7.0; +http://ahrefs.com/robot/)" "www.metrocrimedaily.com"
51.222.253.14 - - [23/Feb/2023:01:58:15 -0800] "GET /robots.txt HTTP/1.1" 404 88 "-" "Mozilla/5.0 (compatible; AhrefsBot/7.0; +http://ahrefs.com/robot/)" "www.metrocrimedaily.com"
51.222.253.18 - - [23/Feb/2023:01:58:16 -0800] "GET /instagram-detroit/02-22-2023-2310321-Man-charged-in-Eastpointe-window-peeping-incident.txt HTTP/1.1" 200 1120 "-" "Mozilla/5.0 (compatible; AhrefsBot/7.0; +http://ahrefs.com/robot/)" "www.metrocrimedaily.com"
51.222.253.9 - - [23/Feb/2023:01:58:44 -0800] "GET /instagram-detroit/02-22-2023-2310322-Winter-ice-storm-causing-big-problems-for-drivers.txt HTTP/1.1" 200 889 "-" "Mozilla/5.0 (compatible; AhrefsBot/7.0; +http://ahrefs.com/robot/)" "www.metrocrimedaily.com"
51.222.253.14 - - [23/Feb/2023:01:59:26 -0800] "GET /instagram-detroit/02-22-2023-2310323-US-Rep-Slotkin-says-Michigan-leadership-is-poised.txt HTTP/1.1" 200 1099 "-" "Mozilla/5.0 (compatible; AhrefsBot/7.0; +http://ahrefs.com/robot/)" "www.metrocrimedaily.com"
51.222.253.20 - - [23/Feb/2023:02:00:17 -0800] "GET /instagram-detroit/02-23-2023-0054431-Detroit-man-stabbed-over-lottery-ticket-on-Southf.txt HTTP/1.1" 200 560 "-" "Mozilla/5.0 (compatible; AhrefsBot/7.0; +http://ahrefs.com/robot/)" "www.metrocrimedaily.com"
51.222.253.2 - - [23/Feb/2023:02:01:01 -0800] "GET /instagram-detroit/02-23-2023-0054432-First-Lady-of-Motown-Claudette-Robinson-shares-he.txt HTTP/1.1" 200 1053 "-" "Mozilla/5.0 (compatible; AhrefsBot/7.0; +http://ahrefs.com/robot/)" "www.metrocrimedaily.com"
51.222.253.13 - - [23/Feb/2023:02:02:15 -0800] "GET /robots.txt HTTP/1.1" 404 88 "-" "Mozilla/5.0 (compatible; AhrefsBot/7.0; +http://ahrefs.com/robot/)" "www.metrocrimedaily.com"
51.222.253.9 - - [23/Feb/2023:02:02:15 -0800] "GET /instagram-losangeles/02-22-2023-1006591-South-Carolina-woman-killed-in-Kroger-parking-lot.txt HTTP/1.1" 200 1170 "-" "Mozilla/5.0 (compatible; AhrefsBot/7.0; +http://ahrefs.com/robot/)" "www.metrocrimedaily.com"
51.222.253.13 - - [23/Feb/2023:02:02:43 -0800] "GET /instagram-losangeles/02-22-2023-1112201-Nipsey-Hussle-s-killer-to-be-sentenced-today-.txt HTTP/1.1" 200 1117 "-" "Mozilla/5.0 (compatible; AhrefsBot/7.0; +http://ahrefs.com/robot/)" "www.metrocrimedaily.com"
51.222.253.14 - - [23/Feb/2023:02:03:40 -0800] "GET /instagram-losangeles/02-22-2023-1358081-Motorcyclist-killed-in-crash-on-101-in-Encino-.txt HTTP/1.1" 200 487 "-" "Mozilla/5.0 (compatible; AhrefsBot/7.0; +http://ahrefs.com/robot/)" "www.metrocrimedaily.com"
51.222.253.16 - - [23/Feb/2023:02:04:33 -0800] "GET /instagram-losangeles/02-22-2023-1453171-Suspect-accused-of-killing-LA-Bishop-charged-with.txt HTTP/1.1" 200 1103 "-" "Mozilla/5.0 (compatible; AhrefsBot/7.0; +http://ahrefs.com/robot/)" "www.metrocrimedaily.com"
51.222.253.4 - - [23/Feb/2023:02:05:16 -0800] "GET /instagram-losangeles/02-22-2023-1453172-Nipsey-Hussle---s-killer-gets-60-years-to-life-in.txt HTTP/1.1" 200 1115 "-" "Mozilla/5.0 (compatible; AhrefsBot/7.0; +http://ahrefs.com/robot/)" "www.metrocrimedaily.com"
114.119.148.37 - - [23/Feb/2023:02:06:04 -0800] "GET /instagram-chicago/02-09-2023-1803581-COPA-says-it---s----unclear----whether-man-killed.txt HTTP/1.1" 404 88 "https://metrocrimedaily.com/instagram-chicago/?C=S%3BO%3DA" "Mozilla/5.0 (Linux; Android 7.0;) AppleWebKit/537.36 (KHTML, like Gecko) Mobile Safari/537.36 (compatible; PetalBot;+https://webmaster.petalsearch.com/site/petalbot)" "metrocrimedaily.com"
51.222.253.15 - - [23/Feb/2023:02:06:14 -0800] "GET /instagram-losangeles/02-22-2023-1604561-Hemet-police-shoot--kill-man-in-his-backyard-duri.txt HTTP/1.1" 200 467 "-" "Mozilla/5.0 (compatible; AhrefsBot/7.0; +http://ahrefs.com/robot/)" "www.metrocrimedaily.com"
51.222.253.12 - - [23/Feb/2023:02:06:58 -0800] "GET /instagram-losangeles/02-22-2023-1604562-Husband-of-housekeeper-charged-in-killing-of-Los-.txt HTTP/1.1" 200 1028 "-" "Mozilla/5.0 (compatible; AhrefsBot/7.0; +http://ahrefs.com/robot/)" "www.metrocrimedaily.com"
51.222.253.7 - - [23/Feb/2023:02:07:37 -0800] "GET /instagram-losangeles/02-22-2023-1716091-Burglary-and-kidnapping-suspect-barricaded-inside.txt HTTP/1.1" 200 453 "-" "Mozilla/5.0 (compatible; AhrefsBot/7.0; +http://ahrefs.com/robot/)" "www.metrocrimedaily.com"
51.222.253.5 - - [23/Feb/2023:02:08:33 -0800] "GET /instagram-losangeles/02-22-2023-1716092-Armed-man-shot-by-officers-in-Hemet-backyard-.txt HTTP/1.1" 200 550 "-" "Mozilla/5.0 (compatible; AhrefsBot/7.0; +http://ahrefs.com/robot/)" "www.metrocrimedaily.com"
51.222.253.16 - - [23/Feb/2023:02:09:07 -0800] "GET /instagram-losangeles/02-22-2023-1826401-Mom--Supporters-Rally-Outside-Gardena-School-Afte.txt HTTP/1.1" 200 1070 "-" "Mozilla/5.0 (compatible; AhrefsBot/7.0; +http://ahrefs.com/robot/)" "www.metrocrimedaily.com"
114.119.157.57 - - [23/Feb/2023:02:09:40 -0800] "GET /instagram-stlouis/02-02-2023-2226331-Homicide-detectives-investigating-after-juvenile-.txt HTTP/1.1" 404 88 "https://metrocrimedaily.com/instagram-stlouis/?C=M%3BO%3DA" "Mozilla/5.0 (Linux; Android 7.0;) AppleWebKit/537.36 (KHTML, like Gecko) Mobile Safari/537.36 (compatible; PetalBot;+https://webmaster.petalsearch.com/site/petalbot)" "metrocrimedaily.com"
51.222.253.17 - - [23/Feb/2023:02:10:14 -0800] "GET /instagram-losangeles/02-22-2023-1826402-Idaho-murders-suspect-Bryan-Kohberger-has-distant.txt HTTP/1.1" 200 1073 "-" "Mozilla/5.0 (compatible; AhrefsBot/7.0; +http://ahrefs.com/robot/)" "www.metrocrimedaily.com"
114.119.156.181 - - [23/Feb/2023:02:11:01 -0800] "GET /instagram-atlanta/post-later/02-17-2023-1248378-Father-charged-with-murder-after--punching-child-.txt HTTP/1.1" 200 642 "https://metrocrimedaily.com/instagram-atlanta/post-later/?C=N%3BO%3DD" "Mozilla/5.0 (Linux; Android 7.0;) AppleWebKit/537.36 (KHTML, like Gecko) Mobile Safari/537.36 (compatible; PetalBot;+https://webmaster.petalsearch.com/site/petalbot)" "metrocrimedaily.com"
51.222.253.9 - - [23/Feb/2023:02:11:09 -0800] "GET /instagram-losangeles/02-22-2023-1826403-Former-MoviePass-exec-charged-with-money-launderi.txt HTTP/1.1" 200 1095 "-" "Mozilla/5.0 (compatible; AhrefsBot/7.0; +http://ahrefs.com/robot/)" "www.metrocrimedaily.com"
51.222.253.12 - - [23/Feb/2023:02:12:04 -0800] "GET /instagram-losangeles/02-22-2023-1953271-DNA-on-a-discarded-cigarette-butt-helps-police-so.txt HTTP/1.1" 200 1051 "-" "Mozilla/5.0 (compatible; AhrefsBot/7.0; +http://ahrefs.com/robot/)" "www.metrocrimedaily.com"
51.222.253.12 - - [23/Feb/2023:02:12:39 -0800] "GET /instagram-losangeles/02-22-2023-1953272-DNA-on-a-discarded-cigarette-butt-helps-police-so.txt HTTP/1.1" 200 768 "-" "Mozilla/5.0 (compatible; AhrefsBot/7.0; +http://ahrefs.com/robot/)" "www.metrocrimedaily.com"
95.108.213.251 - - [23/Feb/2023:02:12:45 -0800] "GET /instagram-detroit/01-15-2023-1927041-Police--Michigan-man-arrested-after-taking-2-wome.txt HTTP/1.1" 404 88 "-" "Mozilla/5.0 (compatible; YandexBot/3.0; +http://yandex.com/bots)" "metrocrimedaily.com"
51.222.253.2 - - [23/Feb/2023:02:13:35 -0800] "GET /instagram-losangeles/02-22-2023-1953273-3-wanted-in-Garden-Grove-carjacking-caught-on-cam.txt HTTP/1.1" 200 577 "-" "Mozilla/5.0 (compatible; AhrefsBot/7.0; +http://ahrefs.com/robot/)" "www.metrocrimedaily.com"
51.222.253.2 - - [23/Feb/2023:02:14:23 -0800] "GET /instagram-losangeles/02-22-2023-2119461----Dances-With-Wolves----actor-indicted-in-Nevada.txt HTTP/1.1" 200 1140 "-" "Mozilla/5.0 (compatible; AhrefsBot/7.0; +http://ahrefs.com/robot/)" "www.metrocrimedaily.com"
51.222.253.7 - - [23/Feb/2023:02:15:05 -0800] "GET /instagram-losangeles/02-22-2023-2119462-Hemet-Father-of-5-Shot-and-Killed-by-Police-in-Ba.txt HTTP/1.1" 200 973 "-" "Mozilla/5.0 (compatible; AhrefsBot/7.0; +http://ahrefs.com/robot/)" "www.metrocrimedaily.com"
51.222.253.4 - - [23/Feb/2023:02:15:52 -0800] "GET /instagram-losangeles/02-22-2023-2119463-Orange-County-carjacking-caught-on-camera--suspec.txt HTTP/1.1" 200 816 "-" "Mozilla/5.0 (compatible; AhrefsBot/7.0; +http://ahrefs.com/robot/)" "www.metrocrimedaily.com"
51.222.253.19 - - [23/Feb/2023:02:16:40 -0800] "GET /instagram-losangeles/02-22-2023-2230511-Seeking-Justice-for-Matthew-Price--Killer-Sought-.txt HTTP/1.1" 200 1147 "-" "Mozilla/5.0 (compatible; AhrefsBot/7.0; +http://ahrefs.com/robot/)" "www.metrocrimedaily.com"
51.222.253.15 - - [23/Feb/2023:02:18:02 -0800] "GET /instagram-losangeles/02-22-2023-2230512-Keith-Melvin-Moses--What-we-know-about-suspect-in.txt HTTP/1.1" 200 1057 "-" "Mozilla/5.0 (compatible; AhrefsBot/7.0; +http://ahrefs.com/robot/)" "www.metrocrimedaily.com"
51.222.253.1 - - [23/Feb/2023:02:18:57 -0800] "GET /instagram-losangeles/02-22-2023-2342001-Woman-shot-by-LAPD-in-Silver-Lake-.txt HTTP/1.1" 200 458 "-" "Mozilla/5.0 (compatible; AhrefsBot/7.0; +http://ahrefs.com/robot/)" "www.metrocrimedaily.com"
51.222.253.12 - - [23/Feb/2023:02:19:29 -0800] "GET /instagram-losangeles/02-22-2023-2342002-Man-arrested-for-allegedly-trying-to-run-over-peo.txt HTTP/1.1" 200 599 "-" "Mozilla/5.0 (compatible; AhrefsBot/7.0; +http://ahrefs.com/robot/)" "www.metrocrimedaily.com"
51.222.253.15 - - [23/Feb/2023:02:20:20 -0800] "GET /instagram-losangeles/02-22-2023-2342003-Attempted-murder--stalking-and-conspiracy-arrests.txt HTTP/1.1" 200 852 "-" "Mozilla/5.0 (compatible; AhrefsBot/7.0; +http://ahrefs.com/robot/)" "www.metrocrimedaily.com"
51.222.253.15 - - [23/Feb/2023:02:20:56 -0800] "GET /instagram-houston/post-later/02-16-2023-0609452-Man-in-critical-condition-after-being-shot-during.txt HTTP/1.1" 200 550 "-" "Mozilla/5.0 (compatible; AhrefsBot/7.0; +http://ahrefs.com/robot/)" "metrocrimedaily.com"
51.222.253.2 - - [23/Feb/2023:02:21:44 -0800] "GET /instagram-houston/post-later/02-16-2023-0702461-Warrant-issued-for-former-Waller-HS-teacher-charg.txt HTTP/1.1" 200 1010 "-" "Mozilla/5.0 (compatible; AhrefsBot/7.0; +http://ahrefs.com/robot/)" "metrocrimedaily.com"
51.222.253.11 - - [23/Feb/2023:02:22:44 -0800] "GET /instagram-houston/post-later/02-16-2023-0759343-HPD--Man-shot-in-neck-during-carjacking-on-south-.txt HTTP/1.1" 200 507 "-" "Mozilla/5.0 (compatible; AhrefsBot/7.0; +http://ahrefs.com/robot/)" "metrocrimedaily.com"
51.222.253.19 - - [23/Feb/2023:02:23:39 -0800] "GET /instagram-houston/post-later/02-16-2023-0759345-Russia-fires-another-missile-barrage-at-Ukraine--.txt HTTP/1.1" 200 1085 "-" "Mozilla/5.0 (compatible; AhrefsBot/7.0; +http://ahrefs.com/robot/)" "metrocrimedaily.com"
51.222.253.20 - - [23/Feb/2023:02:24:19 -0800] "GET /instagram-houston/post-later/02-16-2023-1833365-D.C.-based-DOJ-investigators-take-over-corruption.txt HTTP/1.1" 200 1042 "-" "Mozilla/5.0 (compatible; AhrefsBot/7.0; +http://ahrefs.com/robot/)" "metrocrimedaily.com"
51.222.253.13 - - [23/Feb/2023:02:25:15 -0800] "GET /instagram-houston/post-later/02-17-2023-0426266-HPD--Gunfire-detected-more-than-5K-times-over-2-y.txt HTTP/1.1" 200 1110 "-" "Mozilla/5.0 (compatible; AhrefsBot/7.0; +http://ahrefs.com/robot/)" "metrocrimedaily.com"
185.191.171.6 - - [23/Feb/2023:02:25:31 -0800] "GET /robots.txt HTTP/1.1" 404 88 "-" "Mozilla/5.0 (compatible; SemrushBot/7~bl; +http://www.semrush.com/bot.html)" "metrocrimedaily.com"
185.191.171.34 - - [23/Feb/2023:02:25:31 -0800] "GET /CRIME-WATCH-AMERICA/CRIME-WATCH-ATLANTA/mcd-citd-atlanta-lnkpreview-RevE.bat HTTP/1.1" 200 15265 "-" "Mozilla/5.0 (compatible; SemrushBot/7~bl; +http://www.semrush.com/bot.html)" "metrocrimedaily.com"
51.222.253.18 - - [23/Feb/2023:02:25:47 -0800] "GET /instagram-houston/post-later/02-17-2023-0426268-Victim--deputies-use-Apple-Watch-to-track-stolen-.txt HTTP/1.1" 200 537 "-" "Mozilla/5.0 (compatible; AhrefsBot/7.0; +http://ahrefs.com/robot/)" "metrocrimedaily.com"
51.222.253.4 - - [23/Feb/2023:02:26:37 -0800] "GET /instagram-houston/post-later/02-17-2023-0758571-Tanner-Horner--man-accused-of-killing-Athena-Stra.txt HTTP/1.1" 200 1031 "-" "Mozilla/5.0 (compatible; AhrefsBot/7.0; +http://ahrefs.com/robot/)" "metrocrimedaily.com"
51.222.253.12 - - [23/Feb/2023:02:27:34 -0800] "GET /instagram-houston/post-later/02-17-2023-0829051-Live--Alex-Murdaugh-murder-trial-livestream---Feb.txt HTTP/1.1" 200 198 "-" "Mozilla/5.0 (compatible; AhrefsBot/7.0; +http://ahrefs.com/robot/)" "metrocrimedaily.com"
51.222.253.12 - - [23/Feb/2023:02:28:15 -0800] "GET /instagram-houston/post-later/02-17-2023-1303423-Trump-lawyers-try-to-ban--Access-Hollywood--tape-.txt HTTP/1.1" 200 1134 "-" "Mozilla/5.0 (compatible; AhrefsBot/7.0; +http://ahrefs.com/robot/)" "metrocrimedaily.com"
51.222.253.16 - - [23/Feb/2023:02:28:59 -0800] "GET /instagram-houston/post-later/02-17-2023-1303425-US-says-IS-commander-killed--troops-wounded-in-NE.txt HTTP/1.1" 200 832 "-" "Mozilla/5.0 (compatible; AhrefsBot/7.0; +http://ahrefs.com/robot/)" "metrocrimedaily.com"
51.222.253.10 - - [23/Feb/2023:02:29:49 -0800] "GET /instagram-houston/post-later/02-17-2023-1303426-Sheriff--Homeowner-injured-during-home-invasion-i.txt HTTP/1.1" 200 1020 "-" "Mozilla/5.0 (compatible; AhrefsBot/7.0; +http://ahrefs.com/robot/)" "metrocrimedaily.com"
51.222.253.1 - - [23/Feb/2023:02:30:25 -0800] "GET /instagram-houston/post-later/02-17-2023-1303427-Single-adoptive-father-of-9-charged-with-sexual-a.txt HTTP/1.1" 200 996 "-" "Mozilla/5.0 (compatible; AhrefsBot/7.0; +http://ahrefs.com/robot/)" "metrocrimedaily.com"
51.222.253.18 - - [23/Feb/2023:02:31:19 -0800] "GET /instagram-houston/post-later/02-17-2023-1303429-Homeowner-grazed-by-bullet-during-home-invasion-i.txt HTTP/1.1" 200 180 "-" "Mozilla/5.0 (compatible; AhrefsBot/7.0; +http://ahrefs.com/robot/)" "metrocrimedaily.com"
51.222.253.6 - - [23/Feb/2023:02:32:03 -0800] "GET /instagram-houston/post-later/02-17-2023-18543110-Newport-News-Public-Schools-and-others-failed-to-.txt HTTP/1.1" 200 1050 "-" "Mozilla/5.0 (compatible; AhrefsBot/7.0; +http://ahrefs.com/robot/)" "metrocrimedaily.com"
51.222.253.19 - - [23/Feb/2023:02:32:42 -0800] "GET /instagram-houston/post-later/02-17-2023-18543111-TSA-stops-loaded--assault-rifle--in-carry-on-bag-.txt HTTP/1.1" 200 211 "-" "Mozilla/5.0 (compatible; AhrefsBot/7.0; +http://ahrefs.com/robot/)" "metrocrimedaily.com"
51.222.253.2 - - [23/Feb/2023:02:33:40 -0800] "GET /instagram-houston/post-later/02-17-2023-18543112-New-video-shows-suspects-in-deadly-carjacking-in-.txt HTTP/1.1" 200 188 "-" "Mozilla/5.0 (compatible; AhrefsBot/7.0; +http://ahrefs.com/robot/)" "metrocrimedaily.com"
51.222.253.7 - - [23/Feb/2023:02:34:30 -0800] "GET /instagram-houston/post-later/02-17-2023-18543113-Loaded--assault-rifle--found-in-carry-on-of-man-h.txt HTTP/1.1" 200 1101 "-" "Mozilla/5.0 (compatible; AhrefsBot/7.0; +http://ahrefs.com/robot/)" "metrocrimedaily.com"
51.222.253.14 - - [23/Feb/2023:02:35:12 -0800] "GET /instagram-houston/post-later/02-17-2023-18543114-Harris-County-Jail-listed-as--non-compliance--aft.txt HTTP/1.1" 200 1047 "-" "Mozilla/5.0 (compatible; AhrefsBot/7.0; +http://ahrefs.com/robot/)" "metrocrimedaily.com"
51.222.253.7 - - [23/Feb/2023:02:36:05 -0800] "GET /instagram-houston/post-later/02-17-2023-18543115-Search-for-missing-swimmer-in-San-Jacinto-River-.txt HTTP/1.1" 200 192 "-" "Mozilla/5.0 (compatible; AhrefsBot/7.0; +http://ahrefs.com/robot/)" "metrocrimedaily.com"
51.222.253.19 - - [23/Feb/2023:02:36:51 -0800] "GET /instagram-houston/post-later/02-17-2023-1854316-Suspect-in-shooting-of-2-Jewish-men-in-LA-faces-h.txt HTTP/1.1" 200 1098 "-" "Mozilla/5.0 (compatible; AhrefsBot/7.0; +http://ahrefs.com/robot/)" "metrocrimedaily.com"
51.222.253.14 - - [23/Feb/2023:02:37:22 -0800] "GET /instagram-houston/post-later/02-17-2023-1854317-Mississippi-shooting--Six-people-killed-in-rampag.txt HTTP/1.1" 200 49 "-" "Mozilla/5.0 (compatible; AhrefsBot/7.0; +http://ahrefs.com/robot/)" "metrocrimedaily.com"
51.222.253.19 - - [23/Feb/2023:02:38:10 -0800] "GET /instagram-houston/post-later/02-17-2023-1854318-Hanover-Park-police-issue-arrest-warrant-for-man-.txt HTTP/1.1" 200 712 "-" "Mozilla/5.0 (compatible; AhrefsBot/7.0; +http://ahrefs.com/robot/)" "metrocrimedaily.com"
95.108.213.251 - - [23/Feb/2023:02:38:27 -0800] "GET /instagram-houston/01-16-2023-0006281-Houston-activists-call-for-Taqueria-customer-who-.txt HTTP/1.1" 404 88 "-" "Mozilla/5.0 (compatible; YandexBot/3.0; +http://yandex.com/bots)" "metrocrimedaily.com"
51.222.253.8 - - [23/Feb/2023:02:38:48 -0800] "GET /instagram-houston/post-later/02-17-2023-2112132-Teen-arrested-in-deadly-shooting-of-Galena-Park-H.txt HTTP/1.1" 200 606 "-" "Mozilla/5.0 (compatible; AhrefsBot/7.0; +http://ahrefs.com/robot/)" "metrocrimedaily.com"
51.222.253.15 - - [23/Feb/2023:02:39:30 -0800] "GET /instagram-houston/post-later/02-17-2023-2112133-Friends--family-grieving-after-17-year-old-killed.txt HTTP/1.1" 200 1063 "-" "Mozilla/5.0 (compatible; AhrefsBot/7.0; +http://ahrefs.com/robot/)" "metrocrimedaily.com"
51.222.253.13 - - [23/Feb/2023:02:40:26 -0800] "GET /instagram-houston/post-later/02-17-2023-2156401-Driver-shot-during-possible-road-rage-incident-fo.txt HTTP/1.1" 200 662 "-" "Mozilla/5.0 (compatible; AhrefsBot/7.0; +http://ahrefs.com/robot/)" "metrocrimedaily.com"
51.222.253.19 - - [23/Feb/2023:02:41:09 -0800] "GET /instagram-houston/post-later/02-17-2023-2242311-Rosenberg-man-out-on-bond-for-4-counts-of-intoxic.txt HTTP/1.1" 200 395 "-" "Mozilla/5.0 (compatible; AhrefsBot/7.0; +http://ahrefs.com/robot/)" "metrocrimedaily.com"
51.222.253.16 - - [23/Feb/2023:02:42:08 -0800] "GET /instagram-houston/post-later/02-17-2023-2242312-Teen-arrested-in-deadly-shooting-of-Galena-Park-H.txt HTTP/1.1" 200 49 "-" "Mozilla/5.0 (compatible; AhrefsBot/7.0; +http://ahrefs.com/robot/)" "metrocrimedaily.com"
51.222.253.18 - - [23/Feb/2023:02:43:05 -0800] "GET /instagram-houston/post-later/02-17-2023-2242313-Bellaire-police-investigating-evening-road-rage-s.txt HTTP/1.1" 200 651 "-" "Mozilla/5.0 (compatible; AhrefsBot/7.0; +http://ahrefs.com/robot/)" "metrocrimedaily.com"
95.108.213.251 - - [23/Feb/2023:02:43:16 -0800] "GET /instagram-losangeles/01-16-2023-1407331-Darnell-Calhoun--Vigil-for-slain-Riverside-County.txt HTTP/1.1" 404 88 "-" "Mozilla/5.0 (compatible; YandexBot/3.0; +http://yandex.com/bots)" "metrocrimedaily.com"
51.222.253.12 - - [23/Feb/2023:02:43:51 -0800] "GET /instagram-houston/post-later/02-17-2023-2333171-Woman-accused-of-killing-Texas-husband-also-suspe.txt HTTP/1.1" 200 1006 "-" "Mozilla/5.0 (compatible; AhrefsBot/7.0; +http://ahrefs.com/robot/)" "metrocrimedaily.com"
51.222.253.5 - - [23/Feb/2023:02:44:28 -0800] "GET /instagram-houston/post-later/02-17-2023-2333172-Federal-judge-denies-injunction-on-Naperville-gun.txt HTTP/1.1" 200 960 "-" "Mozilla/5.0 (compatible; AhrefsBot/7.0; +http://ahrefs.com/robot/)" "metrocrimedaily.com"
95.108.213.251 - - [23/Feb/2023:02:45:18 -0800] "GET /instagram-neworleans/01-11-2023-1233481-Bills----Damar-Hamlin-discharged-from-hospital-.txt HTTP/1.1" 404 88 "-" "Mozilla/5.0 (compatible; YandexBot/3.0; +http://yandex.com/bots)" "metrocrimedaily.com"
51.222.253.18 - - [23/Feb/2023:02:45:56 -0800] "GET /instagram-houston/post-later/02-17-2023-2333173-HCSO--County-jail-to-stay-on-Texas-Commission-on-.txt HTTP/1.1" 200 203 "-" "Mozilla/5.0 (compatible; AhrefsBot/7.0; +http://ahrefs.com/robot/)" "metrocrimedaily.com"
51.222.253.18 - - [23/Feb/2023:02:46:49 -0800] "GET /instagram-houston/post-later/02-17-2023-2333174-Woman-wrongfully-imprisoned-because-of-error-by-W.txt HTTP/1.1" 200 1050 "-" "Mozilla/5.0 (compatible; AhrefsBot/7.0; +http://ahrefs.com/robot/)" "metrocrimedaily.com"
51.222.253.6 - - [23/Feb/2023:02:47:41 -0800] "GET /instagram-houston/post-later/02-17-2023-2333175-US-ends-search-for-objects-shot-down-over-Alaska-.txt HTTP/1.1" 200 1055 "-" "Mozilla/5.0 (compatible; AhrefsBot/7.0; +http://ahrefs.com/robot/)" "metrocrimedaily.com"
95.108.213.251 - - [23/Feb/2023:02:47:51 -0800] "GET /instagram-newyork/01-12-2023-1025021-Photo-released-of-new-wanted-suspect-in-Manhattan.txt HTTP/1.1" 404 88 "-" "Mozilla/5.0 (compatible; YandexBot/3.0; +http://yandex.com/bots)" "metrocrimedaily.com"
51.222.253.18 - - [23/Feb/2023:02:48:13 -0800] "GET /instagram-houston/post-later/02-18-2023-0100261-4-men-charged-with-attempted-murder-in-Addison-sh.txt HTTP/1.1" 200 543 "-" "Mozilla/5.0 (compatible; AhrefsBot/7.0; +http://ahrefs.com/robot/)" "metrocrimedaily.com"
51.222.253.19 - - [23/Feb/2023:02:49:07 -0800] "GET /instagram-houston/post-later/02-18-2023-0100262-Kellie-Pickler---s-husband-Kyle-Jacobs-dead-at-49.txt HTTP/1.1" 200 1096 "-" "Mozilla/5.0 (compatible; AhrefsBot/7.0; +http://ahrefs.com/robot/)" "metrocrimedaily.com"
40.77.167.212 - - [23/Feb/2023:02:50:01 -0800] "GET /instagram-losangeles/01-20-2023-2029433-1-dead-in-stabbing-in-Mid-City%3B-Heavy-police-pres.txt HTTP/1.1" 404 88 "-" "Mozilla/5.0 AppleWebKit/537.36 (KHTML, like Gecko; compatible; bingbot/2.0; +http://www.bing.com/bingbot.htm) Chrome/103.0.5060.134 Safari/537.36" "www.metrocrimedaily.com"
51.222.253.9 - - [23/Feb/2023:02:50:33 -0800] "GET /instagram-houston/post-later/02-18-2023-1317075-Man-killed-after-stabbing-2-HPD-officers-near-Ali.txt HTTP/1.1" 200 729 "-" "Mozilla/5.0 (compatible; AhrefsBot/7.0; +http://ahrefs.com/robot/)" "metrocrimedaily.com"
40.77.167.172 - - [23/Feb/2023:02:50:38 -0800] "GET /instagram-chicago/12-23-2022-2058121-10-year-old-girl-wounded-in-accidental-shooting-i.txt HTTP/1.1" 404 88 "-" "Mozilla/5.0 AppleWebKit/537.36 (KHTML, like Gecko; compatible; bingbot/2.0; +http://www.bing.com/bingbot.htm) Chrome/103.0.5060.134 Safari/537.36" "www.metrocrimedaily.com"
51.222.253.17 - - [23/Feb/2023:02:50:58 -0800] "GET /instagram-houston/post-later/02-18-2023-1317076-Raw-video--2-HPD-officers-stabbed--suspect-shot-n.txt HTTP/1.1" 200 178 "-" "Mozilla/5.0 (compatible; AhrefsBot/7.0; +http://ahrefs.com/robot/)" "metrocrimedaily.com"
51.222.253.19 - - [23/Feb/2023:02:51:49 -0800] "GET /instagram-houston/post-later/02-18-2023-1317077-Police--Man-accused-of-causing-crash-that-killed-.txt HTTP/1.1" 200 756 "-" "Mozilla/5.0 (compatible; AhrefsBot/7.0; +http://ahrefs.com/robot/)" "metrocrimedaily.com"
114.119.156.251 - - [23/Feb/2023:02:52:12 -0800] "GET /instagram-neworleans/02-17-2023-1508151-Man-toting-assault-rifle-stopped-at-New-Orleans-a.txt HTTP/1.1" 404 88 "http://www.metrocrimedaily.com/instagram-neworleans/?C=D%3BO%3DA" "Mozilla/5.0 (Linux; Android 7.0;) AppleWebKit/537.36 (KHTML, like Gecko) Mobile Safari/537.36 (compatible; PetalBot;+https://webmaster.petalsearch.com/site/petalbot)" "www.metrocrimedaily.com"
54.36.148.245 - - [23/Feb/2023:02:53:30 -0800] "GET /robots.txt HTTP/1.1" 404 88 "-" "Mozilla/5.0 (compatible; AhrefsBot/7.0; +http://ahrefs.com/robot/)" "metrocrimedaily.com"
51.222.253.8 - - [23/Feb/2023:02:53:31 -0800] "GET /instagram-houston/post-later/02-18-2023-1453384-Texas-death-row-inmate-who-cut-out-his-eyes-seeks.txt HTTP/1.1" 200 1104 "-" "Mozilla/5.0 (compatible; AhrefsBot/7.0; +http://ahrefs.com/robot/)" "metrocrimedaily.com"
51.222.253.8 - - [23/Feb/2023:02:53:48 -0800] "GET /instagram-houston/post-later/02-18-2023-2119111-Nine-children--teenagers-shot-at-Georgia-gas-stat.txt HTTP/1.1" 200 1124 "-" "Mozilla/5.0 (compatible; AhrefsBot/7.0; +http://ahrefs.com/robot/)" "metrocrimedaily.com"
95.108.213.251 - - [23/Feb/2023:02:54:23 -0800] "GET /instagram-detroit/01-19-2023-1515444-Pittsfield-Twp.-police-probe-death-of-woman-found.txt HTTP/1.1" 404 88 "-" "Mozilla/5.0 (compatible; YandexBot/3.0; +http://yandex.com/bots)" "metrocrimedaily.com"
51.222.253.16 - - [23/Feb/2023:02:54:47 -0800] "GET /instagram-houston/post-later/02-18-2023-2119112-Former-Cruiser-s-bouncer-gets-3-1-2-years-in-pris.txt HTTP/1.1" 200 504 "-" "Mozilla/5.0 (compatible; AhrefsBot/7.0; +http://ahrefs.com/robot/)" "metrocrimedaily.com"
51.222.253.15 - - [23/Feb/2023:02:55:35 -0800] "GET /instagram-houston/post-later/02-18-2023-2201331-WHAT-WAS-HE-DOING--Man-stole-more-than-$3-million.txt HTTP/1.1" 200 756 "-" "Mozilla/5.0 (compatible; AhrefsBot/7.0; +http://ahrefs.com/robot/)" "metrocrimedaily.com"
95.108.213.251 - - [23/Feb/2023:02:56:21 -0800] "GET /instagram-dallas/01-20-2023-1946115-16-year-old-boy-killed--17-year-old-girl-seriousl.txt HTTP/1.1" 404 88 "-" "Mozilla/5.0 (compatible; YandexBot/3.0; +http://yandex.com/bots)" "metrocrimedaily.com"
51.222.253.14 - - [23/Feb/2023:02:56:36 -0800] "GET /instagram-houston/post-later/02-18-2023-2251111-Houston-gun-buyback-event-collects-nearly-800-fir.txt HTTP/1.1" 200 49 "-" "Mozilla/5.0 (compatible; AhrefsBot/7.0; +http://ahrefs.com/robot/)" "metrocrimedaily.com"
51.222.253.4 - - [23/Feb/2023:02:57:38 -0800] "GET /instagram-houston/post-later/02-18-2023-2251113-At-Hampton-City-Jail-s-book-club--inmates-tackle-.txt HTTP/1.1" 200 1125 "-" "Mozilla/5.0 (compatible; AhrefsBot/7.0; +http://ahrefs.com/robot/)" "metrocrimedaily.com"
95.108.213.251 - - [23/Feb/2023:02:58:12 -0800] "GET /robots.txt HTTP/1.1" 404 73 "-" "Mozilla/5.0 (compatible; YandexBot/3.0; +http://yandex.com/bots)" "metrocrimedaily.com"
51.222.253.1 - - [23/Feb/2023:02:58:24 -0800] "GET /instagram-houston/post-later/02-18-2023-2251114-Temple-University-police-officer-killed-in-shooti.txt HTTP/1.1" 200 1062 "-" "Mozilla/5.0 (compatible; AhrefsBot/7.0; +http://ahrefs.com/robot/)" "metrocrimedaily.com"
51.222.253.5 - - [23/Feb/2023:02:59:07 -0800] "GET /instagram-houston/post-later/02-18-2023-2251115-Rosenberg-PD--Suspect-charged-in-deadly-Galveston.txt HTTP/1.1" 200 49 "-" "Mozilla/5.0 (compatible; AhrefsBot/7.0; +http://ahrefs.com/robot/)" "metrocrimedaily.com"
95.108.213.251 - - [23/Feb/2023:02:59:42 -0800] "GET /installation/ HTTP/1.1" 200 314 "-" "Mozilla/5.0 (compatible; YandexBot/3.0; +http://yandex.com/bots)" "metrocrimedaily.com"
51.222.253.7 - - [23/Feb/2023:03:00:01 -0800] "GET /instagram-houston/post-later/02-18-2023-2331591-US-captures-ISIS-official-after-helicopter-raid-i.txt HTTP/1.1" 200 988 "-" "Mozilla/5.0 (compatible; AhrefsBot/7.0; +http://ahrefs.com/robot/)" "metrocrimedaily.com"
69.63.189.116 - - [23/Feb/2023:03:00:15 -0800] "GET /instagram-miami/02-23-2023-0459531-A.jpg HTTP/1.1" 200 117427 "-" "facebookexternalhit/1.1 (+http://www.facebook.com/externalhit_uatext.php)" "www.metrocrimedaily.com"
95.108.213.251 - - [23/Feb/2023:03:00:21 -0800] "GET /instagram-neworleans/01-16-2023-1041411-New-Orleans-police-respond-to-deadly-shooting-on-.txt HTTP/1.1" 404 88 "-" "Mozilla/5.0 (compatible; YandexBot/3.0; +http://yandex.com/bots)" "metrocrimedaily.com"
51.222.253.7 - - [23/Feb/2023:03:00:50 -0800] "GET /instagram-houston/post-later/02-19-2023-0631491-Sheriff--4-people-dead-in-apparent-murder-suicide.txt HTTP/1.1" 200 1014 "-" "Mozilla/5.0 (compatible; AhrefsBot/7.0; +http://ahrefs.com/robot/)" "metrocrimedaily.com"
51.222.253.18 - - [23/Feb/2023:03:01:31 -0800] "GET /instagram-houston/post-later/02-19-2023-0710201-4-dead--including-3-teen-girls--in-apparent-murde.txt HTTP/1.1" 200 49 "-" "Mozilla/5.0 (compatible; AhrefsBot/7.0; +http://ahrefs.com/robot/)" "metrocrimedaily.com"
51.222.253.11 - - [23/Feb/2023:03:02:19 -0800] "GET /instagram-houston/post-later/02-19-2023-1214554-Houston-Newsmakers--US-Rep.-Wesley-Hunt-says-no-t.txt HTTP/1.1" 200 1106 "-" "Mozilla/5.0 (compatible; AhrefsBot/7.0; +http://ahrefs.com/robot/)" "metrocrimedaily.com"
51.222.253.17 - - [23/Feb/2023:03:03:26 -0800] "GET /instagram-houston/post-later/02-19-2023-1214555-2-girls-escape-after-apparent-triple-murder-suici.txt HTTP/1.1" 200 49 "-" "Mozilla/5.0 (compatible; AhrefsBot/7.0; +http://ahrefs.com/robot/)" "metrocrimedaily.com"
51.222.253.16 - - [23/Feb/2023:03:04:04 -0800] "GET /instagram-houston/post-later/02-19-2023-1214556-Police--Man-injured--individuals-in-custody-after.txt HTTP/1.1" 200 534 "-" "Mozilla/5.0 (compatible; AhrefsBot/7.0; +http://ahrefs.com/robot/)" "metrocrimedaily.com"
51.222.253.16 - - [23/Feb/2023:03:05:07 -0800] "GET /instagram-houston/post-later/02-20-2023-0802371-1-killed--4-injured-in-shooting-during-Mardi-Gras.txt HTTP/1.1" 200 706 "-" "Mozilla/5.0 (compatible; AhrefsBot/7.0; +http://ahrefs.com/robot/)" "metrocrimedaily.com"
51.222.253.8 - - [23/Feb/2023:03:05:57 -0800] "GET /instagram-houston/post-later/02-20-2023-0802373--Chris-is-a-hero---Family--friends-mourn-Temple-U.txt HTTP/1.1" 200 1150 "-" "Mozilla/5.0 (compatible; AhrefsBot/7.0; +http://ahrefs.com/robot/)" "metrocrimedaily.com"
51.222.253.10 - - [23/Feb/2023:03:06:30 -0800] "GET /instagram-houston/post-later/02-20-2023-0802374-Mardi-Gras-shooting--1-dead--4-shot-at-Bacchus-pa.txt HTTP/1.1" 200 196 "-" "Mozilla/5.0 (compatible; AhrefsBot/7.0; +http://ahrefs.com/robot/)" "metrocrimedaily.com"
51.222.253.11 - - [23/Feb/2023:03:07:25 -0800] "GET /instagram-houston/post-later/02-20-2023-0844401-Downpour-kills-at-least-36-in-Brazil--cities-canc.txt HTTP/1.1" 200 1108 "-" "Mozilla/5.0 (compatible; AhrefsBot/7.0; +http://ahrefs.com/robot/)" "metrocrimedaily.com"
51.222.253.5 - - [23/Feb/2023:03:08:27 -0800] "GET /instagram-houston/post-later/02-20-2023-1130496-Record-6-542-guns-intercepted-at-US-airport-secur.txt HTTP/1.1" 200 1061 "-" "Mozilla/5.0 (compatible; AhrefsBot/7.0; +http://ahrefs.com/robot/)" "metrocrimedaily.com"
51.222.253.1 - - [23/Feb/2023:03:09:13 -0800] "GET /instagram-houston/post-later/02-20-2023-1130497-Mardi-Gras-parade-shooting-in-New-Orleans-kills-1.txt HTTP/1.1" 200 602 "-" "Mozilla/5.0 (compatible; AhrefsBot/7.0; +http://ahrefs.com/robot/)" "metrocrimedaily.com"
51.222.253.10 - - [23/Feb/2023:03:09:55 -0800] "GET /instagram-houston/post-later/02-20-2023-14160010-Arrest-made-in-killing-of-Catholic-bishop-in-Cali.txt HTTP/1.1" 200 1098 "-" "Mozilla/5.0 (compatible; AhrefsBot/7.0; +http://ahrefs.com/robot/)" "metrocrimedaily.com"
51.222.253.14 - - [23/Feb/2023:03:10:52 -0800] "GET /instagram-houston/post-later/02-20-2023-14160011-SWAT-standoff-in-Cypress-ends-after-kidnapping-su.txt HTTP/1.1" 200 49 "-" "Mozilla/5.0 (compatible; AhrefsBot/7.0; +http://ahrefs.com/robot/)" "metrocrimedaily.com"
51.222.253.18 - - [23/Feb/2023:03:11:52 -0800] "GET /instagram-houston/post-later/02-20-2023-14160012-Sheriff--Kidnapping-suspect-in-custody-after-hour.txt HTTP/1.1" 200 527 "-" "Mozilla/5.0 (compatible; AhrefsBot/7.0; +http://ahrefs.com/robot/)" "metrocrimedaily.com"
69.63.184.119 - - [23/Feb/2023:03:12:27 -0800] "GET /instagram-chicago/02-23-2023-0511401-A.jpg HTTP/1.1" 200 446187 "-" "facebookexternalhit/1.1 (+http://www.facebook.com/externalhit_uatext.php)" "www.metrocrimedaily.com"
51.222.253.2 - - [23/Feb/2023:03:12:36 -0800] "GET /instagram-houston/post-later/02-20-2023-1416003-Alec-Baldwin-no-longer-facing-gun-enhancement-cha.txt HTTP/1.1" 200 967 "-" "Mozilla/5.0 (compatible; AhrefsBot/7.0; +http://ahrefs.com/robot/)" "metrocrimedaily.com"
51.222.253.16 - - [23/Feb/2023:03:13:31 -0800] "GET /instagram-houston/post-later/02-20-2023-1416004-Trail-ride-honors-fallen-9-year-old-Arlene-Alvare.txt HTTP/1.1" 200 980 "-" "Mozilla/5.0 (compatible; AhrefsBot/7.0; +http://ahrefs.com/robot/)" "metrocrimedaily.com"
51.222.253.4 - - [23/Feb/2023:03:14:27 -0800] "GET /instagram-houston/post-later/02-20-2023-1416005-Man-dies-after-being-hit-by-2-vehicles-while-tryi.txt HTTP/1.1" 200 310 "-" "Mozilla/5.0 (compatible; AhrefsBot/7.0; +http://ahrefs.com/robot/)" "metrocrimedaily.com"
51.222.253.5 - - [23/Feb/2023:03:15:26 -0800] "GET /instagram-houston/post-later/02-20-2023-1416006-3-year-old-girl-hospitalized-after-being-struck-b.txt HTTP/1.1" 200 576 "-" "Mozilla/5.0 (compatible; AhrefsBot/7.0; +http://ahrefs.com/robot/)" "metrocrimedaily.com"
