51.222.253.14 - - [22/Feb/2023:17:35:14 -0800] "GET /instagram-houston/02-21-2023-2244542-Police-say-gunfire-in-Elgin-was-accidental-.txt HTTP/1.1" 200 362 "-" "Mozilla/5.0 (compatible; AhrefsBot/7.0; +http://ahrefs.com/robot/)" "www.metrocrimedaily.com"
51.222.253.12 - - [22/Feb/2023:17:35:59 -0800] "GET /instagram-houston/02-21-2023-2244543-Man-charged-with-murder-after-two-shot--killed-in.txt HTTP/1.1" 200 1061 "-" "Mozilla/5.0 (compatible; AhrefsBot/7.0; +http://ahrefs.com/robot/)" "www.metrocrimedaily.com"
69.63.184.119 - - [22/Feb/2023:17:37:16 -0800] "GET /instagram-atlanta/02-22-2023-1934221-A.jpg HTTP/1.1" 200 107191 "-" "facebookexternalhit/1.1 (+http://www.facebook.com/externalhit_uatext.php)" "www.metrocrimedaily.com"
51.222.253.15 - - [22/Feb/2023:17:38:40 -0800] "GET /instagram-houston/02-22-2023-1557593-Student-arrested-after-bringing-gun-to-Woodside-H.txt HTTP/1.1" 200 668 "-" "Mozilla/5.0 (compatible; AhrefsBot/7.0; +http://ahrefs.com/robot/)" "www.metrocrimedaily.com"
51.222.253.20 - - [22/Feb/2023:17:39:52 -0800] "GET /instagram-houston/02-22-2023-1557594-Nipsey-Hussle-s-killer-gets-60-years-to-life-in-p.txt HTTP/1.1" 200 1082 "-" "Mozilla/5.0 (compatible; AhrefsBot/7.0; +http://ahrefs.com/robot/)" "www.metrocrimedaily.com"
51.222.253.11 - - [22/Feb/2023:17:40:26 -0800] "GET /instagram-dallas/02-17-2023-1503392-Man-accused-of-killing-estranged-wife-at-Royse-Ci.txt HTTP/1.1" 404 88 "-" "Mozilla/5.0 (compatible; AhrefsBot/7.0; +http://ahrefs.com/robot/)" "metrocrimedaily.com"
51.222.253.6 - - [22/Feb/2023:17:41:07 -0800] "GET /instagram-dallas/02-17-2023-1614212-US-Says-Islamic-State-Commander-Killed--Troops-Wo.txt HTTP/1.1" 404 88 "-" "Mozilla/5.0 (compatible; AhrefsBot/7.0; +http://ahrefs.com/robot/)" "metrocrimedaily.com"
51.222.253.17 - - [22/Feb/2023:17:41:40 -0800] "GET /instagram-dallas/02-17-2023-1729051-Candlelight-vigil-to-be-held-for-teenage-victims-.txt HTTP/1.1" 404 88 "-" "Mozilla/5.0 (compatible; AhrefsBot/7.0; +http://ahrefs.com/robot/)" "metrocrimedaily.com"
51.222.253.1 - - [22/Feb/2023:17:42:19 -0800] "GET /instagram-houston/02-16-2023-0950005-Robot-documents-forces-eroding-Doomsday-Glacier-.txt HTTP/1.1" 404 88 "-" "Mozilla/5.0 (compatible; AhrefsBot/7.0; +http://ahrefs.com/robot/)" "metrocrimedaily.com"
95.108.213.191 - - [22/Feb/2023:17:42:24 -0800] "GET /instagram-monroe/?C=N;O=D HTTP/1.1" 200 357 "-" "Mozilla/5.0 (compatible; YandexBot/3.0; +http://yandex.com/bots)" "metrocrimedaily.com"
51.222.253.14 - - [22/Feb/2023:17:43:13 -0800] "GET /instagram-houston/02-17-2023-0426265-Lombard-caretaker-charged-with-sexual-assault-.txt HTTP/1.1" 404 88 "-" "Mozilla/5.0 (compatible; AhrefsBot/7.0; +http://ahrefs.com/robot/)" "metrocrimedaily.com"
51.222.253.17 - - [22/Feb/2023:17:43:46 -0800] "GET /instagram-houston/02-17-2023-0955551-Man-found-guilty-in-2012-Newport-News-killing-.txt HTTP/1.1" 404 88 "-" "Mozilla/5.0 (compatible; AhrefsBot/7.0; +http://ahrefs.com/robot/)" "metrocrimedaily.com"
69.63.184.120 - - [22/Feb/2023:17:43:48 -0800] "GET /instagram-miami/02-22-2023-1943281-A.jpg HTTP/1.1" 200 90641 "-" "facebookexternalhit/1.1 (+http://www.facebook.com/externalhit_uatext.php)" "www.metrocrimedaily.com"
51.222.253.8 - - [22/Feb/2023:17:44:32 -0800] "GET /instagram-houston/02-18-2023-1901323-Robots-rumble-in-high-school-competition-.txt HTTP/1.1" 404 88 "-" "Mozilla/5.0 (compatible; AhrefsBot/7.0; +http://ahrefs.com/robot/)" "metrocrimedaily.com"
185.191.171.20 - - [22/Feb/2023:17:45:05 -0800] "GET /robots.txt HTTP/1.1" 404 88 "-" "Mozilla/5.0 (compatible; SemrushBot/7~bl; +http://www.semrush.com/bot.html)" "metrocrimedaily.com"
185.191.171.33 - - [22/Feb/2023:17:45:05 -0800] "GET /CRIME-WATCH-AMERICA/GOOD_BARBER_APP-MAKER/youtube-upload-master/ HTTP/1.1" 200 719 "-" "Mozilla/5.0 (compatible; SemrushBot/7~bl; +http://www.semrush.com/bot.html)" "metrocrimedaily.com"
51.222.253.20 - - [22/Feb/2023:17:45:07 -0800] "GET /instagram-dallas/02-16-2023-1339161-Man-who-stayed-on-Dallas-crane-for-24-hours-now-f.txt HTTP/1.1" 404 88 "-" "Mozilla/5.0 (compatible; AhrefsBot/7.0; +http://ahrefs.com/robot/)" "metrocrimedaily.com"
185.191.171.36 - - [22/Feb/2023:17:45:45 -0800] "GET /CRIME-WATCH-AMERICA/CRIME-WATCH-NEW-YORK-CITY/?C=M%3BO%3DA HTTP/1.1" 200 381 "-" "Mozilla/5.0 (compatible; SemrushBot/7~bl; +http://www.semrush.com/bot.html)" "metrocrimedaily.com"
51.222.253.13 - - [22/Feb/2023:17:45:49 -0800] "GET /instagram-dallas/02-16-2023-1650341--Never-Give-Up---Video-Shows-Florida-Woman-Fighti.txt HTTP/1.1" 404 88 "-" "Mozilla/5.0 (compatible; AhrefsBot/7.0; +http://ahrefs.com/robot/)" "metrocrimedaily.com"
51.222.253.5 - - [22/Feb/2023:17:46:22 -0800] "GET /instagram-dallas/02-16-2023-1650342-Michigan-State-Sporting-Events-to-Return-Followin.txt HTTP/1.1" 404 88 "-" "Mozilla/5.0 (compatible; AhrefsBot/7.0; +http://ahrefs.com/robot/)" "metrocrimedaily.com"
51.222.253.15 - - [22/Feb/2023:17:47:15 -0800] "GET /instagram-dallas/02-16-2023-1821562-Man-who-stayed-on-Dallas-crane-now-faces-felony-c.txt HTTP/1.1" 404 88 "-" "Mozilla/5.0 (compatible; AhrefsBot/7.0; +http://ahrefs.com/robot/)" "metrocrimedaily.com"
185.191.171.44 - - [22/Feb/2023:17:47:36 -0800] "GET /CRIME-WATCH-AMERICA/GOOD_BARBER_APP-MAKER/ReadMe HTTP/1.1" 200 445 "-" "Mozilla/5.0 (compatible; SemrushBot/7~bl; +http://www.semrush.com/bot.html)" "metrocrimedaily.com"
51.222.253.3 - - [22/Feb/2023:17:47:55 -0800] "GET /instagram-dallas/02-16-2023-1821563-Flower-Mound-police-identify-suspect-they-believe.txt HTTP/1.1" 404 88 "-" "Mozilla/5.0 (compatible; AhrefsBot/7.0; +http://ahrefs.com/robot/)" "metrocrimedaily.com"
69.63.184.4 - - [22/Feb/2023:17:47:57 -0800] "GET /instagram-stlouis/02-22-2023-1947371-A.jpg HTTP/1.1" 200 137687 "-" "facebookexternalhit/1.1 (+http://www.facebook.com/externalhit_uatext.php)" "www.metrocrimedaily.com"
69.63.184.3 - - [22/Feb/2023:17:48:10 -0800] "GET /instagram-dallas/02-22-2023-1932092-A.jpg HTTP/1.1" 200 130271 "-" "facebookexternalhit/1.1 (+http://www.facebook.com/externalhit_uatext.php)" "www.metrocrimedaily.com"
51.222.253.9 - - [22/Feb/2023:17:48:35 -0800] "GET /instagram-dallas/02-16-2023-1821566-Funeral-Services-Held-for-Arlington-Man-Shot--Kil.txt HTTP/1.1" 404 88 "-" "Mozilla/5.0 (compatible; AhrefsBot/7.0; +http://ahrefs.com/robot/)" "metrocrimedaily.com"
185.191.171.15 - - [22/Feb/2023:17:48:43 -0800] "GET /CRIME-WATCH-AMERICA/CRIME-WATCH-DETROIT/json-TEMPLATE.json HTTP/1.1" 200 1175 "-" "Mozilla/5.0 (compatible; SemrushBot/7~bl; +http://www.semrush.com/bot.html)" "metrocrimedaily.com"
51.222.253.10 - - [22/Feb/2023:17:49:27 -0800] "GET /instagram-dallas/02-16-2023-2046461-Semi-truck-driver-arrested--charged-in-connection.txt HTTP/1.1" 404 88 "-" "Mozilla/5.0 (compatible; AhrefsBot/7.0; +http://ahrefs.com/robot/)" "metrocrimedaily.com"
51.222.253.4 - - [22/Feb/2023:17:50:24 -0800] "GET /instagram-dallas/02-16-2023-2046462-$10-000-reward-offered-for-information-on-killing.txt HTTP/1.1" 404 88 "-" "Mozilla/5.0 (compatible; AhrefsBot/7.0; +http://ahrefs.com/robot/)" "metrocrimedaily.com"
51.222.253.10 - - [22/Feb/2023:17:50:59 -0800] "GET /instagram-dallas/02-16-2023-2046464-UT-at-Dallas-Bans-Woman-Ahead-of-Vegas-Stabbing-T.txt HTTP/1.1" 404 88 "-" "Mozilla/5.0 (compatible; AhrefsBot/7.0; +http://ahrefs.com/robot/)" "metrocrimedaily.com"
51.222.253.15 - - [22/Feb/2023:17:51:44 -0800] "GET /instagram-dallas/02-16-2023-2225321-Tanner-Horner--man-accused-of-killing-Athena-Stra.txt HTTP/1.1" 404 88 "-" "Mozilla/5.0 (compatible; AhrefsBot/7.0; +http://ahrefs.com/robot/)" "metrocrimedaily.com"
69.63.184.1 - - [22/Feb/2023:17:52:53 -0800] "GET /instagram-atlanta/02-22-2023-1934222-A.jpg HTTP/1.1" 200 124225 "-" "facebookexternalhit/1.1 (+http://www.facebook.com/externalhit_uatext.php)" "www.metrocrimedaily.com"
51.222.253.3 - - [22/Feb/2023:17:53:01 -0800] "GET /instagram-dallas/02-17-2023-0614581-Police-say-suspect-in-Garland-bike-shop-killing-i.txt HTTP/1.1" 404 88 "-" "Mozilla/5.0 (compatible; AhrefsBot/7.0; +http://ahrefs.com/robot/)" "metrocrimedaily.com"
51.222.253.5 - - [22/Feb/2023:17:53:36 -0800] "GET /instagram-dallas/02-17-2023-1028091-Alvin-Kamara--Three-Others-Indicted-in-2022-Las-V.txt HTTP/1.1" 404 88 "-" "Mozilla/5.0 (compatible; AhrefsBot/7.0; +http://ahrefs.com/robot/)" "metrocrimedaily.com"
69.63.184.118 - - [22/Feb/2023:17:53:46 -0800] "GET /instagram-losangeles/02-22-2023-1953271-A.jpg HTTP/1.1" 200 232128 "-" "facebookexternalhit/1.1 (+http://www.facebook.com/externalhit_uatext.php)" "www.metrocrimedaily.com"
51.222.253.12 - - [22/Feb/2023:17:54:31 -0800] "GET /instagram-dallas/02-17-2023-1210161-Florida-3-Year-Old-Dies-After-Shooting-Himself-Wi.txt HTTP/1.1" 404 88 "-" "Mozilla/5.0 (compatible; AhrefsBot/7.0; +http://ahrefs.com/robot/)" "metrocrimedaily.com"
51.222.253.17 - - [22/Feb/2023:17:55:16 -0800] "GET /instagram-dallas/02-17-2023-1210162-Man-Indicted-on-Kidnapping--Capital-Murder-Charge.txt HTTP/1.1" 404 88 "-" "Mozilla/5.0 (compatible; AhrefsBot/7.0; +http://ahrefs.com/robot/)" "metrocrimedaily.com"
69.63.184.3 - - [22/Feb/2023:17:55:57 -0800] "GET /instagram-chicago/02-22-2023-1953291-A.jpg HTTP/1.1" 200 131858 "-" "facebookexternalhit/1.1 (+http://www.facebook.com/externalhit_uatext.php)" "www.metrocrimedaily.com"
51.222.253.20 - - [22/Feb/2023:17:56:10 -0800] "GET /instagram-dallas/02-17-2023-1404331-Man-charged-with-murder-after-his-estranged-wife-.txt HTTP/1.1" 404 88 "-" "Mozilla/5.0 (compatible; AhrefsBot/7.0; +http://ahrefs.com/robot/)" "metrocrimedaily.com"
51.222.253.11 - - [22/Feb/2023:17:56:44 -0800] "GET /instagram-dallas/02-17-2023-1503391-Trump-Seeks-to-Bar-Evidence-of-2-Other-Alleged-Se.txt HTTP/1.1" 404 88 "-" "Mozilla/5.0 (compatible; AhrefsBot/7.0; +http://ahrefs.com/robot/)" "metrocrimedaily.com"
51.222.253.13 - - [22/Feb/2023:17:57:46 -0800] "GET /instagram-dallas/02-17-2023-1503392-Man-accused-of-killing-estranged-wife-at-Royse-Ci.txt HTTP/1.1" 404 88 "-" "Mozilla/5.0 (compatible; AhrefsBot/7.0; +http://ahrefs.com/robot/)" "metrocrimedaily.com"
51.222.253.9 - - [22/Feb/2023:17:58:33 -0800] "GET /instagram-dallas/02-17-2023-1614211-Feral-Cows-in-New-Mexico-Will-Be-Shot-From-Helico.txt HTTP/1.1" 404 88 "-" "Mozilla/5.0 (compatible; AhrefsBot/7.0; +http://ahrefs.com/robot/)" "metrocrimedaily.com"
185.191.171.42 - - [22/Feb/2023:17:58:47 -0800] "GET /CRIME-WATCH-AMERICA/CRIME-WATCH-ATLANTA/sendemail-RevC.bat HTTP/1.1" 200 505 "-" "Mozilla/5.0 (compatible; SemrushBot/7~bl; +http://www.semrush.com/bot.html)" "metrocrimedaily.com"
51.222.253.18 - - [22/Feb/2023:17:59:10 -0800] "GET /instagram-dallas/02-17-2023-1729052-North-Texas-law-enforcement-agencies-arrest-59-pe.txt HTTP/1.1" 404 88 "-" "Mozilla/5.0 (compatible; AhrefsBot/7.0; +http://ahrefs.com/robot/)" "metrocrimedaily.com"
69.63.184.116 - - [22/Feb/2023:17:59:22 -0800] "GET /instagram-miami/02-22-2023-1943282-A.jpg HTTP/1.1" 200 97033 "-" "facebookexternalhit/1.1 (+http://www.facebook.com/externalhit_uatext.php)" "www.metrocrimedaily.com"
68.62.79.156 - - [22/Feb/2023:17:59:51 -0800] "GET / HTTP/1.1" 200 152284 "https://www.google.com/" "Mozilla/5.0 (iPhone; CPU iPhone OS 16_1 like Mac OS X) AppleWebKit/605.1.15 (KHTML, like Gecko) CriOS/110.0.5481.83 Mobile/15E148 Safari/604.1" "www.metrocrimedaily.com"
68.62.79.156 - - [22/Feb/2023:17:59:51 -0800] "GET /styles-mcd.css HTTP/1.1" 200 1159 "http://www.metrocrimedaily.com/" "Mozilla/5.0 (iPhone; CPU iPhone OS 16_1 like Mac OS X) AppleWebKit/605.1.15 (KHTML, like Gecko) CriOS/110.0.5481.83 Mobile/15E148 Safari/604.1" "www.metrocrimedaily.com"
68.62.79.156 - - [22/Feb/2023:17:59:51 -0800] "GET /images/crimeinthed-logo.jpg HTTP/1.1" 200 14960 "http://www.metrocrimedaily.com/" "Mozilla/5.0 (iPhone; CPU iPhone OS 16_1 like Mac OS X) AppleWebKit/605.1.15 (KHTML, like Gecko) CriOS/110.0.5481.83 Mobile/15E148 Safari/604.1" "www.metrocrimedaily.com"
68.62.79.156 - - [22/Feb/2023:17:59:51 -0800] "GET /images/police-tape.jpg HTTP/1.1" 200 50766 "http://www.metrocrimedaily.com/" "Mozilla/5.0 (iPhone; CPU iPhone OS 16_1 like Mac OS X) AppleWebKit/605.1.15 (KHTML, like Gecko) CriOS/110.0.5481.83 Mobile/15E148 Safari/604.1" "metrocrimedaily.com"
68.62.79.156 - - [22/Feb/2023:17:59:51 -0800] "GET /images/youtube-logo-tiny.png HTTP/1.1" 200 689 "http://www.metrocrimedaily.com/" "Mozilla/5.0 (iPhone; CPU iPhone OS 16_1 like Mac OS X) AppleWebKit/605.1.15 (KHTML, like Gecko) CriOS/110.0.5481.83 Mobile/15E148 Safari/604.1" "www.metrocrimedaily.com"
68.62.79.156 - - [22/Feb/2023:17:59:51 -0800] "GET /images/facebook-logo-tiny.png HTTP/1.1" 200 1280 "http://www.metrocrimedaily.com/" "Mozilla/5.0 (iPhone; CPU iPhone OS 16_1 like Mac OS X) AppleWebKit/605.1.15 (KHTML, like Gecko) CriOS/110.0.5481.83 Mobile/15E148 Safari/604.1" "www.metrocrimedaily.com"
68.62.79.156 - - [22/Feb/2023:17:59:51 -0800] "GET /images/twitter-logo-b-tiny.png HTTP/1.1" 200 1600 "http://www.metrocrimedaily.com/" "Mozilla/5.0 (iPhone; CPU iPhone OS 16_1 like Mac OS X) AppleWebKit/605.1.15 (KHTML, like Gecko) CriOS/110.0.5481.83 Mobile/15E148 Safari/604.1" "www.metrocrimedaily.com"
51.222.253.19 - - [22/Feb/2023:17:59:55 -0800] "GET /instagram-dallas/02-17-2023-1834401-28-Children-Rescued--59-Adults-Arrested-in-Massiv.txt HTTP/1.1" 404 88 "-" "Mozilla/5.0 (compatible; AhrefsBot/7.0; +http://ahrefs.com/robot/)" "metrocrimedaily.com"
51.222.253.8 - - [22/Feb/2023:18:00:31 -0800] "GET /instagram-dallas/02-17-2023-2001401-Taking-a-Look-Inside-Texas-Long-Term-Care-Facilit.txt HTTP/1.1" 404 88 "-" "Mozilla/5.0 (compatible; AhrefsBot/7.0; +http://ahrefs.com/robot/)" "metrocrimedaily.com"
157.55.39.214 - - [22/Feb/2023:18:01:05 -0800] "GET /instagram-neworleans/01-18-2023-0651221-Double-homicide-in-Westwego-.txt HTTP/1.1" 404 88 "-" "Mozilla/5.0 AppleWebKit/537.36 (KHTML, like Gecko; compatible; bingbot/2.0; +http://www.bing.com/bingbot.htm) Chrome/103.0.5060.134 Safari/537.36" "www.metrocrimedaily.com"
51.222.253.19 - - [22/Feb/2023:18:01:23 -0800] "GET /instagram-dallas/02-17-2023-2001402-Human-Trafficking-Now-Being-Investigated-After-Dr.txt HTTP/1.1" 404 88 "-" "Mozilla/5.0 (compatible; AhrefsBot/7.0; +http://ahrefs.com/robot/)" "metrocrimedaily.com"
51.222.253.7 - - [22/Feb/2023:18:02:10 -0800] "GET /instagram-dallas/02-17-2023-2107581-Ponder-Volunteer-Fire-Department-asking-for-help-.txt HTTP/1.1" 404 88 "-" "Mozilla/5.0 (compatible; AhrefsBot/7.0; +http://ahrefs.com/robot/)" "metrocrimedaily.com"
69.63.184.118 - - [22/Feb/2023:18:02:54 -0800] "GET /instagram-neworleans/02-22-2023-2002351-A.jpg HTTP/1.1" 200 151997 "-" "facebookexternalhit/1.1 (+http://www.facebook.com/externalhit_uatext.php)" "www.metrocrimedaily.com"
51.222.253.17 - - [22/Feb/2023:18:02:55 -0800] "GET /instagram-dallas/02-18-2023-0037071-MISSING--Little-Elm-police-searching-for-16-year-.txt HTTP/1.1" 404 88 "-" "Mozilla/5.0 (compatible; AhrefsBot/7.0; +http://ahrefs.com/robot/)" "metrocrimedaily.com"
69.63.184.120 - - [22/Feb/2023:18:03:30 -0800] "GET /instagram-stlouis/02-22-2023-1947372-A.jpg HTTP/1.1" 200 136483 "-" "facebookexternalhit/1.1 (+http://www.facebook.com/externalhit_uatext.php)" "www.metrocrimedaily.com"
51.222.253.6 - - [22/Feb/2023:18:03:42 -0800] "GET /instagram-dallas/02-18-2023-0212581-GOP-Strategist-Sentenced-to-18-Months-Over-Russia.txt HTTP/1.1" 404 88 "-" "Mozilla/5.0 (compatible; AhrefsBot/7.0; +http://ahrefs.com/robot/)" "metrocrimedaily.com"
69.63.184.5 - - [22/Feb/2023:18:03:51 -0800] "GET /instagram-dallas/02-22-2023-1932093-A.jpg HTTP/1.1" 200 165615 "-" "facebookexternalhit/1.1 (+http://www.facebook.com/externalhit_uatext.php)" "www.metrocrimedaily.com"
185.191.171.7 - - [22/Feb/2023:18:04:11 -0800] "GET /CRIME-WATCH-AMERICA/CRIME-WATCH-CHICAGO/find-and-post-chicago-stories-RevD.bat HTTP/1.1" 200 18169 "-" "Mozilla/5.0 (compatible; SemrushBot/7~bl; +http://www.semrush.com/bot.html)" "metrocrimedaily.com"
51.222.253.17 - - [22/Feb/2023:18:04:32 -0800] "GET /instagram-dallas/02-18-2023-1343411-Boy--5--Among-9-Kids-Injured-in-Shooting-at-Georg.txt HTTP/1.1" 404 88 "-" "Mozilla/5.0 (compatible; AhrefsBot/7.0; +http://ahrefs.com/robot/)" "metrocrimedaily.com"
185.191.171.10 - - [22/Feb/2023:18:05:06 -0800] "GET /instagram-dallas/post-later/?C=S%3BO%3DA HTTP/1.1" 200 4167 "-" "Mozilla/5.0 (compatible; SemrushBot/7~bl; +http://www.semrush.com/bot.html)" "metrocrimedaily.com"
51.222.253.10 - - [22/Feb/2023:18:05:12 -0800] "GET /instagram-dallas/02-18-2023-1432181----We-Have-Nothing-to-Hide---Ukraine-s-Foreign-Mi.txt HTTP/1.1" 404 88 "-" "Mozilla/5.0 (compatible; AhrefsBot/7.0; +http://ahrefs.com/robot/)" "metrocrimedaily.com"
51.222.253.15 - - [22/Feb/2023:18:06:06 -0800] "GET /instagram-dallas/02-18-2023-1735091-Turmoil-in-courts-on-gun-laws-in-wake-of-justices.txt HTTP/1.1" 404 88 "-" "Mozilla/5.0 (compatible; AhrefsBot/7.0; +http://ahrefs.com/robot/)" "metrocrimedaily.com"
185.191.171.26 - - [22/Feb/2023:18:06:40 -0800] "GET /CRIME-WATCH-AMERICA/CRIME-WATCH-ATLANTA/download-atlanta-videos-Rev-.bat HTTP/1.1" 200 8228 "-" "Mozilla/5.0 (compatible; SemrushBot/7~bl; +http://www.semrush.com/bot.html)" "metrocrimedaily.com"
51.222.253.19 - - [22/Feb/2023:18:06:51 -0800] "GET /instagram-dallas/02-18-2023-1929081-Family-hoping-to-find-driver-who-fled-scene-of-Fo.txt HTTP/1.1" 404 88 "-" "Mozilla/5.0 (compatible; AhrefsBot/7.0; +http://ahrefs.com/robot/)" "metrocrimedaily.com"
51.222.253.16 - - [22/Feb/2023:18:07:30 -0800] "GET /instagram-dallas/02-18-2023-2103311-Michigan-Honors-Victims-of-Michigan-State-Shootin.txt HTTP/1.1" 404 88 "-" "Mozilla/5.0 (compatible; AhrefsBot/7.0; +http://ahrefs.com/robot/)" "metrocrimedaily.com"
51.222.253.15 - - [22/Feb/2023:18:08:22 -0800] "GET /instagram-dallas/02-18-2023-2103312--Beyond-Terrible---Twitter-Blasts-2023-NBA-All-St.txt HTTP/1.1" 404 88 "-" "Mozilla/5.0 (compatible; AhrefsBot/7.0; +http://ahrefs.com/robot/)" "metrocrimedaily.com"
69.63.184.4 - - [22/Feb/2023:18:08:32 -0800] "GET /instagram-atlanta/02-22-2023-1934223-A.jpg HTTP/1.1" 200 131128 "-" "facebookexternalhit/1.1 (+http://www.facebook.com/externalhit_uatext.php)" "www.metrocrimedaily.com"
51.222.253.16 - - [22/Feb/2023:18:08:55 -0800] "GET /instagram-dallas/02-18-2023-2103314-Police-Say-Mother-s-Fatal-90-Foot-Fall-From-Niaga.txt HTTP/1.1" 404 88 "-" "Mozilla/5.0 (compatible; AhrefsBot/7.0; +http://ahrefs.com/robot/)" "metrocrimedaily.com"
69.63.184.117 - - [22/Feb/2023:18:09:21 -0800] "GET /instagram-losangeles/02-22-2023-1953272-A.jpg HTTP/1.1" 200 157834 "-" "facebookexternalhit/1.1 (+http://www.facebook.com/externalhit_uatext.php)" "www.metrocrimedaily.com"
51.222.253.15 - - [22/Feb/2023:18:10:19 -0800] "GET /instagram-dallas/02-19-2023-0029271-5-Killed--15-Wounded-in-Israeli-Missile-Strike-in.txt HTTP/1.1" 404 88 "-" "Mozilla/5.0 (compatible; AhrefsBot/7.0; +http://ahrefs.com/robot/)" "metrocrimedaily.com"
51.222.253.15 - - [22/Feb/2023:18:10:55 -0800] "GET /instagram-dallas/02-19-2023-0135031-California-Police-Investigate----Suspicious----De.txt HTTP/1.1" 404 88 "-" "Mozilla/5.0 (compatible; AhrefsBot/7.0; +http://ahrefs.com/robot/)" "metrocrimedaily.com"
69.63.184.4 - - [22/Feb/2023:18:11:33 -0800] "GET /instagram-chicago/02-22-2023-1953292-A.jpg HTTP/1.1" 200 525056 "-" "facebookexternalhit/1.1 (+http://www.facebook.com/externalhit_uatext.php)" "www.metrocrimedaily.com"
51.222.253.3 - - [22/Feb/2023:18:11:41 -0800] "GET /instagram-dallas/02-19-2023-0945151-Man-shot-inside-home-during-drive-by--Fort-Worth-.txt HTTP/1.1" 404 88 "-" "Mozilla/5.0 (compatible; AhrefsBot/7.0; +http://ahrefs.com/robot/)" "metrocrimedaily.com"
51.222.253.13 - - [22/Feb/2023:18:12:18 -0800] "GET /instagram-dallas/02-19-2023-1054282-Why-Did-DA-Drop-Felony-Charge-Against-Ex-Texas-Co.txt HTTP/1.1" 404 88 "-" "Mozilla/5.0 (compatible; AhrefsBot/7.0; +http://ahrefs.com/robot/)" "metrocrimedaily.com"
51.222.253.13 - - [22/Feb/2023:18:12:55 -0800] "GET /instagram-dallas/02-19-2023-1443053-Temple-University-officer-killed-in-shooting-is-s.txt HTTP/1.1" 404 88 "-" "Mozilla/5.0 (compatible; AhrefsBot/7.0; +http://ahrefs.com/robot/)" "metrocrimedaily.com"
51.222.253.6 - - [22/Feb/2023:18:13:25 -0800] "GET /instagram-dallas/02-19-2023-1443054-Son-of-Former-Fort-Worth-Police-Chief-Killed-in-t.txt HTTP/1.1" 404 88 "-" "Mozilla/5.0 (compatible; AhrefsBot/7.0; +http://ahrefs.com/robot/)" "metrocrimedaily.com"
51.222.253.13 - - [22/Feb/2023:18:14:13 -0800] "GET /instagram-dallas/02-19-2023-1443055-Suspect--18--to-be-charged-with-murder-in-Temple-.txt HTTP/1.1" 404 88 "-" "Mozilla/5.0 (compatible; AhrefsBot/7.0; +http://ahrefs.com/robot/)" "metrocrimedaily.com"
51.222.253.9 - - [22/Feb/2023:18:14:44 -0800] "GET /instagram-dallas/02-19-2023-1443056-Off-duty-Dallas-officer-on-administrative-leave-f.txt HTTP/1.1" 404 88 "-" "Mozilla/5.0 (compatible; AhrefsBot/7.0; +http://ahrefs.com/robot/)" "metrocrimedaily.com"
69.63.184.1 - - [22/Feb/2023:18:14:54 -0800] "GET /instagram-miami/02-22-2023-1943283-A.jpg HTTP/1.1" 200 85803 "-" "facebookexternalhit/1.1 (+http://www.facebook.com/externalhit_uatext.php)" "www.metrocrimedaily.com"
51.222.253.6 - - [22/Feb/2023:18:15:35 -0800] "GET /instagram-dallas/02-19-2023-1705051-Unmarked-Dallas-police-vehicle-involved-in-crash-.txt HTTP/1.1" 404 88 "-" "Mozilla/5.0 (compatible; AhrefsBot/7.0; +http://ahrefs.com/robot/)" "metrocrimedaily.com"
51.222.253.2 - - [22/Feb/2023:18:16:25 -0800] "GET /instagram-dallas/02-19-2023-1705053-Michigan-State-University-Set-to-Resume-Classes-M.txt HTTP/1.1" 404 88 "-" "Mozilla/5.0 (compatible; AhrefsBot/7.0; +http://ahrefs.com/robot/)" "metrocrimedaily.com"
69.63.184.118 - - [22/Feb/2023:18:16:35 -0800] "GET /instagram-houston/02-22-2023-2014091-A.jpg HTTP/1.1" 200 174783 "-" "facebookexternalhit/1.1 (+http://www.facebook.com/externalhit_uatext.php)" "www.metrocrimedaily.com"
51.222.253.5 - - [22/Feb/2023:18:16:57 -0800] "GET /instagram-dallas/02-19-2023-1705055-Texas-organization-traveling-to-help-Turkey--Syri.txt HTTP/1.1" 404 88 "-" "Mozilla/5.0 (compatible; AhrefsBot/7.0; +http://ahrefs.com/robot/)" "metrocrimedaily.com"
114.119.149.51 - - [22/Feb/2023:18:17:04 -0800] "GET /robots.txt HTTP/1.1" 404 88 "-" "Mozilla/5.0 (compatible;PetalBot;+https://webmaster.petalsearch.com/site/petalbot)" "www.metrocrimedaily.com"
51.222.253.6 - - [22/Feb/2023:18:17:47 -0800] "GET /instagram-dallas/02-19-2023-2139061-Man-shot-while-walking-along-neighborhood-street-.txt HTTP/1.1" 404 88 "-" "Mozilla/5.0 (compatible; AhrefsBot/7.0; +http://ahrefs.com/robot/)" "metrocrimedaily.com"
69.63.184.2 - - [22/Feb/2023:18:18:26 -0800] "GET /instagram-neworleans/02-22-2023-2002352-A.jpg HTTP/1.1" 200 139382 "-" "facebookexternalhit/1.1 (+http://www.facebook.com/externalhit_uatext.php)" "www.metrocrimedaily.com"
51.222.253.7 - - [22/Feb/2023:18:18:38 -0800] "GET /instagram-dallas/02-19-2023-2227321-Beloved-Garland-bike-shop-employee-who-was-killed.txt HTTP/1.1" 404 88 "-" "Mozilla/5.0 (compatible; AhrefsBot/7.0; +http://ahrefs.com/robot/)" "metrocrimedaily.com"
69.63.184.117 - - [22/Feb/2023:18:19:03 -0800] "GET /instagram-stlouis/02-22-2023-1947373-A.jpg HTTP/1.1" 200 172106 "-" "facebookexternalhit/1.1 (+http://www.facebook.com/externalhit_uatext.php)" "www.metrocrimedaily.com"
69.63.184.4 - - [22/Feb/2023:18:19:22 -0800] "GET /instagram-dallas/02-22-2023-1932094-A.jpg HTTP/1.1" 200 113004 "-" "facebookexternalhit/1.1 (+http://www.facebook.com/externalhit_uatext.php)" "www.metrocrimedaily.com"
51.222.253.7 - - [22/Feb/2023:18:19:29 -0800] "GET /instagram-dallas/02-19-2023-2323081-Y-all-itics--Will-gun-reform-legislation-pass-in-.txt HTTP/1.1" 404 88 "-" "Mozilla/5.0 (compatible; AhrefsBot/7.0; +http://ahrefs.com/robot/)" "metrocrimedaily.com"
51.222.253.19 - - [22/Feb/2023:18:20:12 -0800] "GET /instagram-dallas/02-19-2023-2323082-Beloved-Garland-bike-shop-employee-who-was-killed.txt HTTP/1.1" 404 88 "-" "Mozilla/5.0 (compatible; AhrefsBot/7.0; +http://ahrefs.com/robot/)" "metrocrimedaily.com"
51.222.253.17 - - [22/Feb/2023:18:21:00 -0800] "GET /instagram-dallas/02-20-2023-0655251-1-killed--4-injured-in-shooting-during-Mardi-Gras.txt HTTP/1.1" 404 88 "-" "Mozilla/5.0 (compatible; AhrefsBot/7.0; +http://ahrefs.com/robot/)" "metrocrimedaily.com"
69.63.184.116 - - [22/Feb/2023:18:21:23 -0800] "GET /instagram-newyork/02-22-2023-2021031-A.jpg HTTP/1.1" 200 174484 "-" "facebookexternalhit/1.1 (+http://www.facebook.com/externalhit_uatext.php)" "www.metrocrimedaily.com"
51.222.253.17 - - [22/Feb/2023:18:21:46 -0800] "GET /instagram-dallas/02-20-2023-1211091-Four-people-hit-by-vehicle-after-separate-car-acc.txt HTTP/1.1" 404 88 "-" "Mozilla/5.0 (compatible; AhrefsBot/7.0; +http://ahrefs.com/robot/)" "metrocrimedaily.com"
51.222.253.8 - - [22/Feb/2023:18:22:29 -0800] "GET /instagram-dallas/02-20-2023-1300131-El-Paso-Mall-Shooting-Began-as-a-Fight-Between-Gr.txt HTTP/1.1" 404 88 "-" "Mozilla/5.0 (compatible; AhrefsBot/7.0; +http://ahrefs.com/robot/)" "metrocrimedaily.com"
52.167.144.91 - - [22/Feb/2023:18:22:35 -0800] "GET /instagram-neworleans/01-18-2023-2314351-2-more-people-killed-in-southern-Peru-amid-unrest.txt HTTP/1.1" 404 88 "-" "Mozilla/5.0 AppleWebKit/537.36 (KHTML, like Gecko; compatible; bingbot/2.0; +http://www.bing.com/bingbot.htm) Chrome/103.0.5060.134 Safari/537.36" "www.metrocrimedaily.com"
51.222.253.11 - - [22/Feb/2023:18:23:11 -0800] "GET /instagram-dallas/02-20-2023-1350531-Alec-Baldwin-Shooting-Case--Prosecutors-Drop-Poss.txt HTTP/1.1" 404 88 "-" "Mozilla/5.0 (compatible; AhrefsBot/7.0; +http://ahrefs.com/robot/)" "metrocrimedaily.com"
51.222.253.17 - - [22/Feb/2023:18:23:45 -0800] "GET /instagram-dallas/02-20-2023-1605521-Mardi-Gras-Parade-Shooting-in-New-Orleans-Kills-1.txt HTTP/1.1" 404 88 "-" "Mozilla/5.0 (compatible; AhrefsBot/7.0; +http://ahrefs.com/robot/)" "metrocrimedaily.com"
69.63.184.3 - - [22/Feb/2023:18:24:04 -0800] "GET /instagram-atlanta/02-22-2023-1934224-A.jpg HTTP/1.1" 200 215454 "-" "facebookexternalhit/1.1 (+http://www.facebook.com/externalhit_uatext.php)" "www.metrocrimedaily.com"
51.222.253.11 - - [22/Feb/2023:18:24:26 -0800] "GET /instagram-dallas/02-20-2023-1654341-WATCH--North-Texas-strip-mall-hit-by-thieves--rep.txt HTTP/1.1" 404 88 "-" "Mozilla/5.0 (compatible; AhrefsBot/7.0; +http://ahrefs.com/robot/)" "metrocrimedaily.com"
69.63.184.117 - - [22/Feb/2023:18:24:51 -0800] "GET /instagram-losangeles/02-22-2023-1953273-A.jpg HTTP/1.1" 200 176297 "-" "facebookexternalhit/1.1 (+http://www.facebook.com/externalhit_uatext.php)" "www.metrocrimedaily.com"
51.222.253.19 - - [22/Feb/2023:18:24:59 -0800] "GET /instagram-dallas/02-20-2023-1750212--You-Run-or-You-Die---Flooding--Landslides-in-Bra.txt HTTP/1.1" 404 88 "-" "Mozilla/5.0 (compatible; AhrefsBot/7.0; +http://ahrefs.com/robot/)" "metrocrimedaily.com"
51.222.253.15 - - [22/Feb/2023:18:25:37 -0800] "GET /instagram-dallas/02-20-2023-1750213-North-Texas-police-officers-to-attend-funeral-for.txt HTTP/1.1" 404 88 "-" "Mozilla/5.0 (compatible; AhrefsBot/7.0; +http://ahrefs.com/robot/)" "metrocrimedaily.com"
51.222.253.9 - - [22/Feb/2023:18:26:06 -0800] "GET /instagram-dallas/02-20-2023-1912151-Missing-Monkeys-Back-Entertaining-Visitors-at-Dal.txt HTTP/1.1" 404 88 "-" "Mozilla/5.0 (compatible; AhrefsBot/7.0; +http://ahrefs.com/robot/)" "metrocrimedaily.com"
51.222.253.1 - - [22/Feb/2023:18:26:37 -0800] "GET /instagram-dallas/02-20-2023-2008151-85-Year-Old-Florida-Woman-Killed-in-Alligator-Att.txt HTTP/1.1" 404 88 "-" "Mozilla/5.0 (compatible; AhrefsBot/7.0; +http://ahrefs.com/robot/)" "metrocrimedaily.com"
51.222.253.14 - - [22/Feb/2023:18:27:03 -0800] "GET /instagram-dallas/02-20-2023-2008152-Man-shot-and-killed-inside-Dallas-GameStop--2-cha.txt HTTP/1.1" 404 88 "-" "Mozilla/5.0 (compatible; AhrefsBot/7.0; +http://ahrefs.com/robot/)" "metrocrimedaily.com"
207.46.13.10 - - [22/Feb/2023:18:27:20 -0800] "GET /CRIME-WATCH-AMERICA/CRIME-WATCH-DALLAS/ HTTP/1.1" 200 1371 "-" "Mozilla/5.0 AppleWebKit/537.36 (KHTML, like Gecko; compatible; bingbot/2.0; +http://www.bing.com/bingbot.htm) Chrome/103.0.5060.134 Safari/537.36" "www.metrocrimedaily.com"
51.222.253.5 - - [22/Feb/2023:18:27:22 -0800] "GET /instagram-dallas/02-20-2023-2223481-Feds-wants-funds-seized-from-man-convicted-in-201.txt HTTP/1.1" 404 88 "-" "Mozilla/5.0 (compatible; AhrefsBot/7.0; +http://ahrefs.com/robot/)" "metrocrimedaily.com"
51.222.253.19 - - [22/Feb/2023:18:27:54 -0800] "GET /instagram-houston/post-later/02-20-2023-1800145-$1.2M-bond-for-suspect-accused-of-sexually-assaul.txt HTTP/1.1" 200 1081 "-" "Mozilla/5.0 (compatible; AhrefsBot/7.0; +http://ahrefs.com/robot/)" "metrocrimedaily.com"
95.108.213.191 - - [22/Feb/2023:18:27:55 -0800] "GET /instagram-dallas/01-13-2023-1542542-Actor-Ezra-Miller-Gets-Fine--Probation-After-Home.txt HTTP/1.1" 404 88 "-" "Mozilla/5.0 (compatible; YandexBot/3.0; +http://yandex.com/bots)" "metrocrimedaily.com"
51.222.253.11 - - [22/Feb/2023:18:28:20 -0800] "GET /instagram-houston/post-later/02-20-2023-1800146-Lawyers--Feds-seek--eye-for-eye--from-NYC-bike-pa.txt HTTP/1.1" 200 1092 "-" "Mozilla/5.0 (compatible; AhrefsBot/7.0; +http://ahrefs.com/robot/)" "metrocrimedaily.com"
51.222.253.20 - - [22/Feb/2023:18:28:42 -0800] "GET /instagram-houston/02-20-2023-1130495-Man-crossing-Gulf-Freeway-killed-after-being-hit-.txt HTTP/1.1" 404 88 "-" "Mozilla/5.0 (compatible; AhrefsBot/7.0; +http://ahrefs.com/robot/)" "metrocrimedaily.com"
51.222.253.13 - - [22/Feb/2023:18:29:10 -0800] "GET /instagram-houston/02-20-2023-1416001-Suspected-drunken-driver-charged-after-fatally-st.txt HTTP/1.1" 404 88 "-" "Mozilla/5.0 (compatible; AhrefsBot/7.0; +http://ahrefs.com/robot/)" "metrocrimedaily.com"
185.191.171.39 - - [22/Feb/2023:18:30:14 -0800] "GET /CRIME-WATCH-AMERICA/CRIME-WATCH-HOUSTON/find-and-post-houston-stories-RevA.bat HTTP/1.1" 200 19838 "-" "Mozilla/5.0 (compatible; SemrushBot/7~bl; +http://www.semrush.com/bot.html)" "metrocrimedaily.com"
69.63.184.119 - - [22/Feb/2023:18:32:06 -0800] "GET /instagram-houston/02-22-2023-2014092-A.jpg HTTP/1.1" 200 161285 "-" "facebookexternalhit/1.1 (+http://www.facebook.com/externalhit_uatext.php)" "www.metrocrimedaily.com"
93.159.230.87 - - [22/Feb/2023:18:33:26 -0800] "GET / HTTP/1.1" 200 152284 "-" "Mozilla/5.0 (Windows NT 10.0; Win64; x64) AppleWebKit/537.36 (KHTML, like Gecko) Chrome/71.0.3578.98 Safari/537.36" "metrocrimedaily.com"
51.222.253.12 - - [22/Feb/2023:18:34:20 -0800] "GET /instagram-chicago/videos/?C=D;O=D HTTP/1.1" 200 699 "-" "Mozilla/5.0 (compatible; AhrefsBot/7.0; +http://ahrefs.com/robot/)" "metrocrimedaily.com"
69.63.184.2 - - [22/Feb/2023:18:34:36 -0800] "GET /instagram-stlouis/02-22-2023-1947374-A.jpg HTTP/1.1" 200 197405 "-" "facebookexternalhit/1.1 (+http://www.facebook.com/externalhit_uatext.php)" "www.metrocrimedaily.com"
69.63.184.4 - - [22/Feb/2023:18:34:56 -0800] "GET /instagram-dallas/02-22-2023-1932095-A.jpg HTTP/1.1" 200 200094 "-" "facebookexternalhit/1.1 (+http://www.facebook.com/externalhit_uatext.php)" "www.metrocrimedaily.com"
69.63.184.3 - - [22/Feb/2023:18:35:02 -0800] "GET /instagram-detroit/02-22-2023-2034061-A.jpg HTTP/1.1" 200 148483 "-" "facebookexternalhit/1.1 (+http://www.facebook.com/externalhit_uatext.php)" "www.metrocrimedaily.com"
52.167.144.91 - - [22/Feb/2023:18:35:11 -0800] "GET /instagram-newyork/01-19-2023-1633042-Suspect-pleads-guilty-to-2005-murder-of-Angel-Ser.txt HTTP/1.1" 404 88 "-" "Mozilla/5.0 AppleWebKit/537.36 (KHTML, like Gecko; compatible; bingbot/2.0; +http://www.bing.com/bingbot.htm) Chrome/103.0.5060.134 Safari/537.36" "www.metrocrimedaily.com"
51.222.253.19 - - [22/Feb/2023:18:35:28 -0800] "GET /instagram-neworleans/?C=S;O=D HTTP/1.1" 200 1955 "-" "Mozilla/5.0 (compatible; AhrefsBot/7.0; +http://ahrefs.com/robot/)" "metrocrimedaily.com"
51.222.253.16 - - [22/Feb/2023:18:36:49 -0800] "GET /instagram-losangeles/?C=D;O=D HTTP/1.1" 200 2084 "-" "Mozilla/5.0 (compatible; AhrefsBot/7.0; +http://ahrefs.com/robot/)" "metrocrimedaily.com"
69.63.184.2 - - [22/Feb/2023:18:36:55 -0800] "GET /instagram-newyork/02-22-2023-2021032-A.jpg HTTP/1.1" 200 175964 "-" "facebookexternalhit/1.1 (+http://www.facebook.com/externalhit_uatext.php)" "www.metrocrimedaily.com"
51.222.253.17 - - [22/Feb/2023:18:38:04 -0800] "GET /instagram-memphis/post-later/?C=N;O=D HTTP/1.1" 200 1135 "-" "Mozilla/5.0 (compatible; AhrefsBot/7.0; +http://ahrefs.com/robot/)" "metrocrimedaily.com"
69.63.184.116 - - [22/Feb/2023:18:39:36 -0800] "GET /instagram-atlanta/02-22-2023-1934225-A.jpg HTTP/1.1" 200 120391 "-" "facebookexternalhit/1.1 (+http://www.facebook.com/externalhit_uatext.php)" "www.metrocrimedaily.com"
51.222.253.11 - - [22/Feb/2023:18:39:52 -0800] "GET /instagram-losangeles/?C=M;O=D HTTP/1.1" 200 2073 "-" "Mozilla/5.0 (compatible; AhrefsBot/7.0; +http://ahrefs.com/robot/)" "metrocrimedaily.com"
185.191.171.18 - - [22/Feb/2023:18:40:05 -0800] "GET /CRIME-WATCH-AMERICA/CRIME-WATCH-NEW-ORLEANS/?C=M%3BO%3DA HTTP/1.1" 200 379 "-" "Mozilla/5.0 (compatible; SemrushBot/7~bl; +http://www.semrush.com/bot.html)" "metrocrimedaily.com"
51.222.253.5 - - [22/Feb/2023:18:41:23 -0800] "GET /instagram-neworleans/?C=D;O=D HTTP/1.1" 200 1940 "-" "Mozilla/5.0 (compatible; AhrefsBot/7.0; +http://ahrefs.com/robot/)" "metrocrimedaily.com"
185.191.171.34 - - [22/Feb/2023:18:42:26 -0800] "GET /CRIME-WATCH-AMERICA/CRIME-WATCH-DETROIT/sendemail.bat HTTP/1.1" 200 494 "-" "Mozilla/5.0 (compatible; SemrushBot/7~bl; +http://www.semrush.com/bot.html)" "metrocrimedaily.com"
185.191.171.25 - - [22/Feb/2023:18:43:05 -0800] "GET /CRIME-WATCH-AMERICA/CRIME-WATCH-DETROIT/post-to-instagram-RevD.bat HTTP/1.1" 200 7643 "-" "Mozilla/5.0 (compatible; SemrushBot/7~bl; +http://www.semrush.com/bot.html)" "metrocrimedaily.com"
51.222.253.19 - - [22/Feb/2023:18:43:10 -0800] "GET /videos/ HTTP/1.1" 200 312 "-" "Mozilla/5.0 (compatible; AhrefsBot/7.0; +http://ahrefs.com/robot/)" "metrocrimedaily.com"
51.222.253.1 - - [22/Feb/2023:18:44:32 -0800] "GET /instagram-losangeles/02-22-2023-1006591-South-Carolina-woman-killed-in-Kroger-parking-lot.txt HTTP/1.1" 200 1170 "-" "Mozilla/5.0 (compatible; AhrefsBot/7.0; +http://ahrefs.com/robot/)" "metrocrimedaily.com"
185.191.171.26 - - [22/Feb/2023:18:44:41 -0800] "GET /CRIME-WATCH-AMERICA/GOOD_BARBER_APP-MAKER/INSTALL-CRIME-WATCH-CHICAGO/ HTTP/1.1" 200 1198 "-" "Mozilla/5.0 (compatible; SemrushBot/7~bl; +http://www.semrush.com/bot.html)" "metrocrimedaily.com"
51.222.253.16 - - [22/Feb/2023:18:46:10 -0800] "GET /instagram-losangeles/02-22-2023-1112201-Nipsey-Hussle-s-killer-to-be-sentenced-today-.txt HTTP/1.1" 200 1117 "-" "Mozilla/5.0 (compatible; AhrefsBot/7.0; +http://ahrefs.com/robot/)" "metrocrimedaily.com"
40.77.167.176 - - [22/Feb/2023:18:46:45 -0800] "GET /instagram-stlouis/01-13-2023-1541012-Robbie-Knievel--daredevil-son-of-Evel-Knievel--di.txt HTTP/1.1" 404 88 "-" "Mozilla/5.0 AppleWebKit/537.36 (KHTML, like Gecko; compatible; bingbot/2.0; +http://www.bing.com/bingbot.htm) Chrome/103.0.5060.134 Safari/537.36" "www.metrocrimedaily.com"
69.63.184.2 - - [22/Feb/2023:18:47:37 -0800] "GET /instagram-houston/02-22-2023-2014093-A.jpg HTTP/1.1" 200 229179 "-" "facebookexternalhit/1.1 (+http://www.facebook.com/externalhit_uatext.php)" "www.metrocrimedaily.com"
51.222.253.13 - - [22/Feb/2023:18:47:55 -0800] "GET /instagram-losangeles/02-22-2023-1358081-Motorcyclist-killed-in-crash-on-101-in-Encino-.txt HTTP/1.1" 200 487 "-" "Mozilla/5.0 (compatible; AhrefsBot/7.0; +http://ahrefs.com/robot/)" "metrocrimedaily.com"
51.222.253.10 - - [22/Feb/2023:18:49:35 -0800] "GET /instagram-losangeles/02-22-2023-1453171-Suspect-accused-of-killing-LA-Bishop-charged-with.txt HTTP/1.1" 200 1103 "-" "Mozilla/5.0 (compatible; AhrefsBot/7.0; +http://ahrefs.com/robot/)" "metrocrimedaily.com"
185.191.171.18 - - [22/Feb/2023:18:49:37 -0800] "GET /robots.txt HTTP/1.1" 404 88 "-" "Mozilla/5.0 (compatible; SemrushBot/7~bl; +http://www.semrush.com/bot.html)" "metrocrimedaily.com"
185.191.171.22 - - [22/Feb/2023:18:49:38 -0800] "GET /CRIME-WATCH-AMERICA/CRIME-WATCH-CHICAGO/find-and-post-chicago-stories-RevE.bat HTTP/1.1" 200 18903 "-" "Mozilla/5.0 (compatible; SemrushBot/7~bl; +http://www.semrush.com/bot.html)" "metrocrimedaily.com"
185.191.171.33 - - [22/Feb/2023:18:49:44 -0800] "GET /sitemap.xml HTTP/1.1" 404 88 "-" "Mozilla/5.0 (compatible; SemrushBot/7~bl; +http://www.semrush.com/bot.html)" "metrocrimedaily.com"
69.63.184.116 - - [22/Feb/2023:18:50:11 -0800] "GET /instagram-stlouis/02-22-2023-1947375-A.jpg HTTP/1.1" 200 72769 "-" "facebookexternalhit/1.1 (+http://www.facebook.com/externalhit_uatext.php)" "www.metrocrimedaily.com"
69.63.184.2 - - [22/Feb/2023:18:50:50 -0800] "GET /instagram-detroit/02-22-2023-2034062-A.jpg HTTP/1.1" 200 155223 "-" "facebookexternalhit/1.1 (+http://www.facebook.com/externalhit_uatext.php)" "www.metrocrimedaily.com"
51.222.253.2 - - [22/Feb/2023:18:51:30 -0800] "GET /instagram-losangeles/02-22-2023-1453172-Nipsey-Hussle---s-killer-gets-60-years-to-life-in.txt HTTP/1.1" 200 1115 "-" "Mozilla/5.0 (compatible; AhrefsBot/7.0; +http://ahrefs.com/robot/)" "metrocrimedaily.com"
207.46.13.10 - - [22/Feb/2023:18:51:31 -0800] "GET /instagram-chicago/10-18-2022-1746334-Jury-finds-Paul-Flores-guilty-of-murdering-Kristi.txt HTTP/1.1" 404 88 "-" "Mozilla/5.0 AppleWebKit/537.36 (KHTML, like Gecko; compatible; bingbot/2.0; +http://www.bing.com/bingbot.htm) Chrome/103.0.5060.134 Safari/537.36" "www.metrocrimedaily.com"
69.63.184.117 - - [22/Feb/2023:18:52:31 -0800] "GET /instagram-memphis/02-22-2023-2052101-A.jpg HTTP/1.1" 200 288547 "-" "facebookexternalhit/1.1 (+http://www.facebook.com/externalhit_uatext.php)" "www.metrocrimedaily.com"
207.46.13.10 - - [22/Feb/2023:18:52:32 -0800] "GET /instagram-stlouis/01-13-2023-1037062-One-arrested-after-St.-Louis-shooting-involving-o.txt HTTP/1.1" 404 88 "-" "Mozilla/5.0 AppleWebKit/537.36 (KHTML, like Gecko; compatible; bingbot/2.0; +http://www.bing.com/bingbot.htm) Chrome/103.0.5060.134 Safari/537.36" "www.metrocrimedaily.com"
51.222.253.17 - - [22/Feb/2023:18:52:51 -0800] "GET /instagram-losangeles/02-22-2023-1604561-Hemet-police-shoot--kill-man-in-his-backyard-duri.txt HTTP/1.1" 200 467 "-" "Mozilla/5.0 (compatible; AhrefsBot/7.0; +http://ahrefs.com/robot/)" "metrocrimedaily.com"
51.222.253.15 - - [22/Feb/2023:18:54:15 -0800] "GET /instagram-losangeles/02-22-2023-1604562-Husband-of-housekeeper-charged-in-killing-of-Los-.txt HTTP/1.1" 200 1028 "-" "Mozilla/5.0 (compatible; AhrefsBot/7.0; +http://ahrefs.com/robot/)" "metrocrimedaily.com"
185.196.220.26 - - [22/Feb/2023:18:54:21 -0800] "GET /wp-content/plugins/access-demo-importer/readme.txt HTTP/1.1" 404 88 "-" "Mozilla/5.0 (Macintosh; Intel Mac OS X 13_1) AppleWebKit/537.36 (KHTML, like Gecko) Chrome/109.0.0.0 Safari/537.36" "metrocrimedaily.com"
69.63.184.116 - - [22/Feb/2023:18:55:05 -0800] "GET /instagram-atlanta/02-22-2023-1934226-A.jpg HTTP/1.1" 404 88 "-" "facebookexternalhit/1.1 (+http://www.facebook.com/externalhit_uatext.php)" "www.metrocrimedaily.com"
69.63.184.3 - - [22/Feb/2023:18:55:28 -0800] "GET /instagram-atlanta/02-22-2023-1934227-A.jpg HTTP/1.1" 404 88 "-" "facebookexternalhit/1.1 (+http://www.facebook.com/externalhit_uatext.php)" "www.metrocrimedaily.com"
69.63.184.5 - - [22/Feb/2023:18:55:48 -0800] "GET /instagram-atlanta/02-22-2023-1934228-A.jpg HTTP/1.1" 404 88 "-" "facebookexternalhit/1.1 (+http://www.facebook.com/externalhit_uatext.php)" "www.metrocrimedaily.com"
51.222.253.16 - - [22/Feb/2023:18:55:59 -0800] "GET /instagram-losangeles/02-22-2023-1716091-Burglary-and-kidnapping-suspect-barricaded-inside.txt HTTP/1.1" 200 453 "-" "Mozilla/5.0 (compatible; AhrefsBot/7.0; +http://ahrefs.com/robot/)" "metrocrimedaily.com"
51.222.253.3 - - [22/Feb/2023:18:57:27 -0800] "GET /instagram-losangeles/02-22-2023-1716092-Armed-man-shot-by-officers-in-Hemet-backyard-.txt HTTP/1.1" 200 550 "-" "Mozilla/5.0 (compatible; AhrefsBot/7.0; +http://ahrefs.com/robot/)" "metrocrimedaily.com"
95.108.213.219 - - [22/Feb/2023:18:58:12 -0800] "GET /robots.txt HTTP/1.1" 404 73 "-" "Mozilla/5.0 (compatible; YandexBot/3.0; +http://yandex.com/bots)" "metrocrimedaily.com"
5.255.231.32 - - [22/Feb/2023:18:58:13 -0800] "GET /instagram-detroit/01-15-2023-1104182-Kalamazoo-Public-Safety-officer-arrested-on-fraud.txt HTTP/1.1" 404 88 "-" "Mozilla/5.0 (compatible; YandexBot/3.0; +http://yandex.com/bots)" "metrocrimedaily.com"
51.222.253.9 - - [22/Feb/2023:18:59:01 -0800] "GET /instagram-losangeles/02-22-2023-1826401-Mom--Supporters-Rally-Outside-Gardena-School-Afte.txt HTTP/1.1" 200 1070 "-" "Mozilla/5.0 (compatible; AhrefsBot/7.0; +http://ahrefs.com/robot/)" "metrocrimedaily.com"
185.191.171.11 - - [22/Feb/2023:18:59:36 -0800] "GET /CRIME-WATCH-AMERICA/CRIME-WATCH-DALLAS/mcd-epilog.html HTTP/1.1" 200 439 "-" "Mozilla/5.0 (compatible; SemrushBot/7~bl; +http://www.semrush.com/bot.html)" "metrocrimedaily.com"
51.222.253.6 - - [22/Feb/2023:19:00:48 -0800] "GET /instagram-losangeles/02-22-2023-1826402-Idaho-murders-suspect-Bryan-Kohberger-has-distant.txt HTTP/1.1" 200 1073 "-" "Mozilla/5.0 (compatible; AhrefsBot/7.0; +http://ahrefs.com/robot/)" "metrocrimedaily.com"
185.191.171.22 - - [22/Feb/2023:19:00:57 -0800] "GET /CRIME-WATCH-AMERICA/CRIME-WATCH-LOS-ANGELES/?C=N%3BO%3DD HTTP/1.1" 200 379 "-" "Mozilla/5.0 (compatible; SemrushBot/7~bl; +http://www.semrush.com/bot.html)" "metrocrimedaily.com"
51.222.253.13 - - [22/Feb/2023:19:02:22 -0800] "GET /instagram-dallas/02-22-2023-1405531-5-Things-to-Know-About-How-Dallas-Police-s-52K-Un.txt HTTP/1.1" 200 394 "-" "Mozilla/5.0 (compatible; AhrefsBot/7.0; +http://ahrefs.com/robot/)" "metrocrimedaily.com"
69.63.184.120 - - [22/Feb/2023:19:03:01 -0800] "GET /instagram-chicago/02-22-2023-2102401-A.jpg HTTP/1.1" 200 125102 "-" "facebookexternalhit/1.1 (+http://www.facebook.com/externalhit_uatext.php)" "www.metrocrimedaily.com"
69.63.184.1 - - [22/Feb/2023:19:03:07 -0800] "GET /instagram-houston/02-22-2023-2014094-A.jpg HTTP/1.1" 200 510508 "-" "facebookexternalhit/1.1 (+http://www.facebook.com/externalhit_uatext.php)" "www.metrocrimedaily.com"
51.222.253.19 - - [22/Feb/2023:19:04:03 -0800] "GET /instagram-dallas/02-22-2023-1500271----Go-Away-or-I-ll-Kill-You-Too---Girl-Sexually-A.txt HTTP/1.1" 200 932 "-" "Mozilla/5.0 (compatible; AhrefsBot/7.0; +http://ahrefs.com/robot/)" "metrocrimedaily.com"
51.222.253.11 - - [22/Feb/2023:19:05:42 -0800] "GET /instagram-dallas/02-22-2023-1500272-Fired-Georgia-Police-Officer-Charged-With-Murder-.txt HTTP/1.1" 200 704 "-" "Mozilla/5.0 (compatible; AhrefsBot/7.0; +http://ahrefs.com/robot/)" "metrocrimedaily.com"
69.63.184.119 - - [22/Feb/2023:19:05:42 -0800] "GET /instagram-stlouis/02-22-2023-1947376-A.jpg HTTP/1.1" 200 160425 "-" "facebookexternalhit/1.1 (+http://www.facebook.com/externalhit_uatext.php)" "www.metrocrimedaily.com"
51.222.253.17 - - [22/Feb/2023:19:07:10 -0800] "GET /instagram-dallas/02-22-2023-1617441-Texas-police-arrest-accused--ringleader--of-New-Y.txt HTTP/1.1" 200 908 "-" "Mozilla/5.0 (compatible; AhrefsBot/7.0; +http://ahrefs.com/robot/)" "metrocrimedaily.com"
185.191.171.36 - - [22/Feb/2023:19:07:25 -0800] "GET /CRIME-WATCH-AMERICA/CRIME-WATCH-MEMPHIS/?C=N%3BO%3DD HTTP/1.1" 200 376 "-" "Mozilla/5.0 (compatible; SemrushBot/7~bl; +http://www.semrush.com/bot.html)" "metrocrimedaily.com"
185.191.171.44 - - [22/Feb/2023:19:08:04 -0800] "GET /CRIME-WATCH-AMERICA/CRIME-WATCH-LOS-ANGELES/?C=S%3BO%3DA HTTP/1.1" 200 379 "-" "Mozilla/5.0 (compatible; SemrushBot/7~bl; +http://www.semrush.com/bot.html)" "metrocrimedaily.com"
51.222.253.7 - - [22/Feb/2023:19:09:20 -0800] "GET /instagram-dallas/02-22-2023-1617442-Human-Bones-in-Car-Matched-to-Georgia-Man-Missing.txt HTTP/1.1" 200 1010 "-" "Mozilla/5.0 (compatible; AhrefsBot/7.0; +http://ahrefs.com/robot/)" "metrocrimedaily.com"
51.222.253.3 - - [22/Feb/2023:19:10:49 -0800] "GET /instagram-dallas/02-22-2023-1744391----His-Face-May-Never-Be-the-Same---Fort-Worth-Ma.txt HTTP/1.1" 200 946 "-" "Mozilla/5.0 (compatible; AhrefsBot/7.0; +http://ahrefs.com/robot/)" "metrocrimedaily.com"
185.191.171.24 - - [22/Feb/2023:19:10:53 -0800] "GET /CRIME-WATCH-AMERICA/CRIME-WATCH-DALLAS/sendemail-RevC.bat HTTP/1.1" 200 496 "-" "Mozilla/5.0 (compatible; SemrushBot/7~bl; +http://www.semrush.com/bot.html)" "metrocrimedaily.com"
51.222.253.7 - - [22/Feb/2023:19:12:19 -0800] "GET /instagram-dallas/02-22-2023-1744392-Trackdown--Help-find-the-Dallas-Longhorn-Icehouse.txt HTTP/1.1" 200 744 "-" "Mozilla/5.0 (compatible; AhrefsBot/7.0; +http://ahrefs.com/robot/)" "metrocrimedaily.com"
185.191.171.11 - - [22/Feb/2023:19:12:46 -0800] "GET /instagram-losangeles/videos/?C=M%3BO%3DA HTTP/1.1" 200 515 "-" "Mozilla/5.0 (compatible; SemrushBot/7~bl; +http://www.semrush.com/bot.html)" "metrocrimedaily.com"
51.222.253.11 - - [22/Feb/2023:19:14:08 -0800] "GET /instagram-dallas/02-22-2023-1744393-Woman-Gets-More-Than-4-Years-for-Role-in-Ex-Con-s.txt HTTP/1.1" 200 1157 "-" "Mozilla/5.0 (compatible; AhrefsBot/7.0; +http://ahrefs.com/robot/)" "metrocrimedaily.com"
114.119.136.208 - - [22/Feb/2023:19:14:55 -0800] "GET /instagram-houston/02-08-2023-1921545-Family-of-man-killed-by-Newport-News-police-consi.txt HTTP/1.1" 404 88 "https://metrocrimedaily.com/instagram-houston/?C=D%3BO%3DA" "Mozilla/5.0 (Linux; Android 7.0;) AppleWebKit/537.36 (KHTML, like Gecko) Mobile Safari/537.36 (compatible; PetalBot;+https://webmaster.petalsearch.com/site/petalbot)" "metrocrimedaily.com"
95.108.213.251 - - [22/Feb/2023:19:15:36 -0800] "GET /instagram-stlouis/videos/?C=M;O=A HTTP/1.1" 200 474 "-" "Mozilla/5.0 (compatible; YandexBot/3.0; +http://yandex.com/bots)" "metrocrimedaily.com"
51.222.253.20 - - [22/Feb/2023:19:15:48 -0800] "GET /instagram-dallas/02-22-2023-1744394-Two-People-Shot-Overnight-Outside-Uptown-Dallas-B.txt HTTP/1.1" 200 850 "-" "Mozilla/5.0 (compatible; AhrefsBot/7.0; +http://ahrefs.com/robot/)" "metrocrimedaily.com"
185.191.171.2 - - [22/Feb/2023:19:17:04 -0800] "GET /instagram-neworleans/post-later/?C=N%3BO%3DD HTTP/1.1" 200 331 "-" "Mozilla/5.0 (compatible; SemrushBot/7~bl; +http://www.semrush.com/bot.html)" "metrocrimedaily.com"
52.167.144.38 - - [22/Feb/2023:19:17:30 -0800] "GET /instagram-atlanta/12-21-2022-2149441-Missing-Conyers-man-with-dementia-found-.txt HTTP/1.1" 404 88 "-" "Mozilla/5.0 AppleWebKit/537.36 (KHTML, like Gecko; compatible; bingbot/2.0; +http://www.bing.com/bingbot.htm) Chrome/103.0.5060.134 Safari/537.36" "www.metrocrimedaily.com"
51.222.253.17 - - [22/Feb/2023:19:17:56 -0800] "GET /instagram-houston/02-22-2023-1746261-Car-stolen-with-baby-inside-in-southwest-Houston-.txt HTTP/1.1" 200 485 "-" "Mozilla/5.0 (compatible; AhrefsBot/7.0; +http://ahrefs.com/robot/)" "www.metrocrimedaily.com"
69.63.184.118 - - [22/Feb/2023:19:18:36 -0800] "GET /instagram-chicago/02-22-2023-2102402-A.jpg HTTP/1.1" 200 93731 "-" "facebookexternalhit/1.1 (+http://www.facebook.com/externalhit_uatext.php)" "www.metrocrimedaily.com"
69.63.184.4 - - [22/Feb/2023:19:18:44 -0800] "GET /instagram-houston/02-22-2023-2014095-A.jpg HTTP/1.1" 200 63693 "-" "facebookexternalhit/1.1 (+http://www.facebook.com/externalhit_uatext.php)" "www.metrocrimedaily.com"
95.108.213.251 - - [22/Feb/2023:19:19:25 -0800] "GET /instagram-houston/01-16-2023-0006282-Shooting-with-AK-47-kills-1--injures-4-outside-no.txt HTTP/1.1" 404 88 "-" "Mozilla/5.0 (compatible; YandexBot/3.0; +http://yandex.com/bots)" "metrocrimedaily.com"
185.191.171.5 - - [22/Feb/2023:19:19:30 -0800] "GET /CRIME-WATCH-AMERICA/CRIME-WATCH-ATLANTA/post-to-instagram-RevD.bat HTTP/1.1" 200 7643 "-" "Mozilla/5.0 (compatible; SemrushBot/7~bl; +http://www.semrush.com/bot.html)" "metrocrimedaily.com"
51.222.253.2 - - [22/Feb/2023:19:19:51 -0800] "GET /instagram-houston/02-22-2023-1746262-Man-charged-with-trespassing-at-Aurora-school-.txt HTTP/1.1" 200 392 "-" "Mozilla/5.0 (compatible; AhrefsBot/7.0; +http://ahrefs.com/robot/)" "www.metrocrimedaily.com"
69.63.184.1 - - [22/Feb/2023:19:20:05 -0800] "GET /instagram-losangeles/02-22-2023-2119461-A.jpg HTTP/1.1" 200 279733 "-" "facebookexternalhit/1.1 (+http://www.facebook.com/externalhit_uatext.php)" "www.metrocrimedaily.com"
69.63.184.4 - - [22/Feb/2023:19:21:23 -0800] "GET /instagram-stlouis/02-22-2023-1947377-A.jpg HTTP/1.1" 200 228236 "-" "facebookexternalhit/1.1 (+http://www.facebook.com/externalhit_uatext.php)" "www.metrocrimedaily.com"
51.222.253.1 - - [22/Feb/2023:19:21:27 -0800] "GET /instagram-houston/02-22-2023-1746263-Murder-charge-dropped-in-West-Dundee-road-rage-ca.txt HTTP/1.1" 200 896 "-" "Mozilla/5.0 (compatible; AhrefsBot/7.0; +http://ahrefs.com/robot/)" "www.metrocrimedaily.com"
185.191.171.15 - - [22/Feb/2023:19:22:08 -0800] "GET /instagram-memphis/post-later/?C=D%3BO%3DA HTTP/1.1" 200 1124 "-" "Mozilla/5.0 (compatible; SemrushBot/7~bl; +http://www.semrush.com/bot.html)" "metrocrimedaily.com"
40.77.167.172 - - [22/Feb/2023:19:22:28 -0800] "GET /instagram-stlouis/01-16-2023-1251124-Neighborhood-surveillance-video-leads-to-arrest-i.txt HTTP/1.1" 404 88 "-" "Mozilla/5.0 AppleWebKit/537.36 (KHTML, like Gecko; compatible; bingbot/2.0; +http://www.bing.com/bingbot.htm) Chrome/103.0.5060.134 Safari/537.36" "www.metrocrimedaily.com"
51.222.253.12 - - [22/Feb/2023:19:23:02 -0800] "GET /instagram-houston/02-22-2023-1746264-Sheriff--5-killed-after-small-plane-crashes-in-Ar.txt HTTP/1.1" 200 1057 "-" "Mozilla/5.0 (compatible; AhrefsBot/7.0; +http://ahrefs.com/robot/)" "www.metrocrimedaily.com"
185.191.171.36 - - [22/Feb/2023:19:23:53 -0800] "GET /instagram-chicago/post-later/?C=D%3BO%3DA HTTP/1.1" 200 1906 "-" "Mozilla/5.0 (compatible; SemrushBot/7~bl; +http://www.semrush.com/bot.html)" "metrocrimedaily.com"
51.222.253.1 - - [22/Feb/2023:19:24:24 -0800] "GET /instagram-dallas/02-16-2023-1023261-Bluetooth-Tracker-Tile-Is-Taking-a-New-Approach-t.txt HTTP/1.1" 404 88 "-" "Mozilla/5.0 (compatible; AhrefsBot/7.0; +http://ahrefs.com/robot/)" "metrocrimedaily.com"
51.222.253.14 - - [22/Feb/2023:19:25:56 -0800] "GET /instagram-dallas/02-16-2023-1132332-Grand-Jury-in-Trump-Election-Probe-Believes-Some-.txt HTTP/1.1" 404 88 "-" "Mozilla/5.0 (compatible; AhrefsBot/7.0; +http://ahrefs.com/robot/)" "metrocrimedaily.com"
