51.222.253.5 - - [23/Feb/2023:03:16:08 -0800] "GET /instagram-houston/post-later/02-20-2023-1416007-Inside-the-killings-of-4-University-of-Idaho-stud.txt HTTP/1.1" 200 49 "-" "Mozilla/5.0 (compatible; AhrefsBot/7.0; +http://ahrefs.com/robot/)" "metrocrimedaily.com"
52.167.144.91 - - [23/Feb/2023:03:16:45 -0800] "GET /instagram-stlouis/01-17-2023-1608171-Reality-TV-stars-Todd-and-Julie-Chrisley-report-t.txt HTTP/1.1" 404 88 "-" "Mozilla/5.0 AppleWebKit/537.36 (KHTML, like Gecko; compatible; bingbot/2.0; +http://www.bing.com/bingbot.htm) Chrome/103.0.5060.134 Safari/537.36" "www.metrocrimedaily.com"
51.222.253.18 - - [23/Feb/2023:03:17:02 -0800] "GET /instagram-houston/post-later/02-20-2023-1416009-Sheriff--Kidnapping-suspect-in-custody-after-hour.txt HTTP/1.1" 200 49 "-" "Mozilla/5.0 (compatible; AhrefsBot/7.0; +http://ahrefs.com/robot/)" "metrocrimedaily.com"
52.167.144.38 - - [23/Feb/2023:03:17:46 -0800] "GET /index-chicago.html HTTP/1.1" 200 122019 "-" "Mozilla/5.0 AppleWebKit/537.36 (KHTML, like Gecko; compatible; bingbot/2.0; +http://www.bing.com/bingbot.htm) Chrome/103.0.5060.134 Safari/537.36" "metrocrimedaily.com"
95.108.213.251 - - [23/Feb/2023:03:17:49 -0800] "GET /instagram-neworleans/01-13-2023-1557171-Louisiana-clergyman-charged-with-two-counts-of-ra.txt HTTP/1.1" 404 88 "-" "Mozilla/5.0 (compatible; YandexBot/3.0; +http://yandex.com/bots)" "metrocrimedaily.com"
69.63.189.2 - - [23/Feb/2023:03:17:53 -0800] "GET /instagram-dallas/02-23-2023-0517271-A.jpg HTTP/1.1" 200 143964 "-" "facebookexternalhit/1.1 (+http://www.facebook.com/externalhit_uatext.php)" "www.metrocrimedaily.com"
52.167.144.91 - - [23/Feb/2023:03:17:56 -0800] "GET /index-houston.html HTTP/1.1" 200 253105 "-" "Mozilla/5.0 AppleWebKit/537.36 (KHTML, like Gecko; compatible; bingbot/2.0; +http://www.bing.com/bingbot.htm) Chrome/103.0.5060.134 Safari/537.36" "metrocrimedaily.com"
51.222.253.16 - - [23/Feb/2023:03:18:03 -0800] "GET /instagram-houston/post-later/02-20-2023-1542483-5-year-firearms-enhancement-dropped-in-Baldwin-sh.txt HTTP/1.1" 200 1017 "-" "Mozilla/5.0 (compatible; AhrefsBot/7.0; +http://ahrefs.com/robot/)" "metrocrimedaily.com"
69.63.189.2 - - [23/Feb/2023:03:18:47 -0800] "GET /instagram-houston/02-23-2023-0518031-A.jpg HTTP/1.1" 200 431747 "-" "facebookexternalhit/1.1 (+http://www.facebook.com/externalhit_uatext.php)" "www.metrocrimedaily.com"
51.222.253.14 - - [23/Feb/2023:03:18:50 -0800] "GET /instagram-houston/post-later/02-20-2023-1542484-Two-teens-and-a-baby-killed-in-Chicago-highway-sh.txt HTTP/1.1" 200 628 "-" "Mozilla/5.0 (compatible; AhrefsBot/7.0; +http://ahrefs.com/robot/)" "metrocrimedaily.com"
51.222.253.13 - - [23/Feb/2023:03:19:32 -0800] "GET /instagram-houston/post-later/02-20-2023-1542485-Search-for-missing-23-year-old-man-last-seen-in-H.txt HTTP/1.1" 200 426 "-" "Mozilla/5.0 (compatible; AhrefsBot/7.0; +http://ahrefs.com/robot/)" "metrocrimedaily.com"
52.167.144.91 - - [23/Feb/2023:03:19:35 -0800] "GET /instagram-memphis/01-14-2023-0833251-Police--Repeat-stowaway-arrested-at-Las-Vegas-air.txt HTTP/1.1" 404 88 "-" "Mozilla/5.0 AppleWebKit/537.36 (KHTML, like Gecko; compatible; bingbot/2.0; +http://www.bing.com/bingbot.htm) Chrome/103.0.5060.134 Safari/537.36" "www.metrocrimedaily.com"
40.77.167.212 - - [23/Feb/2023:03:19:45 -0800] "GET /instagram-newyork/01-18-2023-1656371-Brooklyn-murder-victim-did-time-for-intimidating-.txt HTTP/1.1" 404 88 "-" "Mozilla/5.0 AppleWebKit/537.36 (KHTML, like Gecko; compatible; bingbot/2.0; +http://www.bing.com/bingbot.htm) Chrome/103.0.5060.134 Safari/537.36" "www.metrocrimedaily.com"
95.108.213.251 - - [23/Feb/2023:03:20:03 -0800] "GET /instagram-chicago/01-13-2023-1433482-Stuntman-Robbie-Knievel--son-of-Evel-Knievel--die.txt HTTP/1.1" 404 88 "-" "Mozilla/5.0 (compatible; YandexBot/3.0; +http://yandex.com/bots)" "metrocrimedaily.com"
51.222.253.1 - - [23/Feb/2023:03:20:27 -0800] "GET /instagram-houston/post-later/02-20-2023-1647032-Houston-DEA-head-says-fentanyl-is-the----biggest-.txt HTTP/1.1" 200 1054 "-" "Mozilla/5.0 (compatible; AhrefsBot/7.0; +http://ahrefs.com/robot/)" "metrocrimedaily.com"
69.63.189.2 - - [23/Feb/2023:03:20:45 -0800] "GET /instagram-stlouis/02-23-2023-0520241-A.jpg HTTP/1.1" 200 172947 "-" "facebookexternalhit/1.1 (+http://www.facebook.com/externalhit_uatext.php)" "www.metrocrimedaily.com"
51.222.253.19 - - [23/Feb/2023:03:21:11 -0800] "GET /instagram-houston/post-later/02-20-2023-1800141-Funeral-services-announced-for-Elysian-Fields-stu.txt HTTP/1.1" 200 584 "-" "Mozilla/5.0 (compatible; AhrefsBot/7.0; +http://ahrefs.com/robot/)" "metrocrimedaily.com"
69.63.189.2 - - [23/Feb/2023:03:21:12 -0800] "GET /instagram-stlouis/02-23-2023-0520242-A.jpg HTTP/1.1" 200 166160 "-" "facebookexternalhit/1.1 (+http://www.facebook.com/externalhit_uatext.php)" "www.metrocrimedaily.com"
185.191.171.22 - - [23/Feb/2023:03:23:21 -0800] "GET /instagram-detroit/videos/?C=M%3BO%3DA HTTP/1.1" 200 981 "-" "Mozilla/5.0 (compatible; SemrushBot/7~bl; +http://www.semrush.com/bot.html)" "metrocrimedaily.com"
95.108.213.251 - - [23/Feb/2023:03:23:32 -0800] "GET /instagram-neworleans/01-14-2023-2141371-School-nurse-notice-makeup-covering-5-year-old-st.txt HTTP/1.1" 404 88 "-" "Mozilla/5.0 (compatible; YandexBot/3.0; +http://yandex.com/bots)" "metrocrimedaily.com"
213.180.203.161 - - [23/Feb/2023:03:33:40 -0800] "GET /robots.txt HTTP/1.1" 404 73 "-" "Mozilla/5.0 (compatible; YandexBot/3.0; +http://yandex.com/bots)" "metrocrimedaily.com"
213.180.203.169 - - [23/Feb/2023:03:33:41 -0800] "GET /instagram-dallas/01-13-2023-1331081-Dallas-Zoo-Update-on-Search-for-Missing-Clouded-L.txt HTTP/1.1" 404 88 "-" "Mozilla/5.0 (compatible; YandexBot/3.0; +http://yandex.com/bots)" "metrocrimedaily.com"
51.222.253.10 - - [23/Feb/2023:03:33:49 -0800] "GET /CRIME-WATCH-AMERICA/CRIME-WATCH-DALLAS/index-dallas.html HTTP/1.1" 200 46 "-" "Mozilla/5.0 (compatible; AhrefsBot/7.0; +http://ahrefs.com/robot/)" "www.metrocrimedaily.com"
176.111.173.153 - - [23/Feb/2023:03:35:21 -0800] "POST /wp-plain.php HTTP/1.1" 404 73 "www.google.com" "Mozilla/5.0 (Linux; Android 7.0; SM-G892A Bulid/NRD90M; wv) AppleWebKit/537.36 (KHTML, like Gecko) Version/4.0 Chrome/60.0.3112.107 Moblie Safari/537.36" "metrocrimedaily.com"
176.111.173.153 - - [23/Feb/2023:03:35:21 -0800] "POST /ALFA_DATA/alfacgiapi/perl.alfa HTTP/1.1" 404 73 "www.google.com" "Mozlila/5.0 (Linux; Android 7.0; SM-G892A Bulid/NRD90M; wv) AppleWebKit/537.36 (KHTML, like Gecko) Version/4.0 Chrome/60.0.3112.107 Moblie Safari/537.36" "metrocrimedaily.com"
176.111.173.153 - - [23/Feb/2023:03:35:21 -0800] "GET / HTTP/1.1" 200 1357377 "-" "Mozlila/5.0 (Linux; Android 7.0; SM-G892A Bulid/NRD90M; wv) AppleWebKit/537.36 (KHTML, like Gecko) Version/4.0 Chrome/60.0.3112.107 Moblie Safari/537.36" "metrocrimedaily.com"
176.111.173.153 - - [23/Feb/2023:03:35:21 -0800] "GET /wexslyrv.php?Fox=d3wL7 HTTP/1.1" 404 73 "www.google.com" "Mozilla/5.0 (Linux; Android 7.0; SM-G892A Bulid/NRD90M; wv) AppleWebKit/537.36 (KHTML, like Gecko) Version/4.0 Chrome/60.0.3112.107 Moblie Safari/537.36" "metrocrimedaily.com"
176.111.173.153 - - [23/Feb/2023:03:35:21 -0800] "POST /alfacgiapi/perl.alfa HTTP/1.1" 404 73 "www.google.com" "Mozlila/5.0 (Linux; Android 7.0; SM-G892A Bulid/NRD90M; wv) AppleWebKit/537.36 (KHTML, like Gecko) Version/4.0 Chrome/60.0.3112.107 Moblie Safari/537.36" "metrocrimedaily.com"
176.111.173.153 - - [23/Feb/2023:03:35:21 -0800] "POST /wp-plain.php HTTP/1.1" 404 73 "www.google.com" "Mozilla/5.0 (Linux; Android 7.0; SM-G892A Bulid/NRD90M; wv) AppleWebKit/537.36 (KHTML, like Gecko) Version/4.0 Chrome/60.0.3112.107 Moblie Safari/537.36" "metrocrimedaily.com"
176.111.173.153 - - [23/Feb/2023:03:35:21 -0800] "GET /biacgnta.php?Fox=d3wL7 HTTP/1.1" 404 73 "www.google.com" "Mozilla/5.0 (Linux; Android 7.0; SM-G892A Bulid/NRD90M; wv) AppleWebKit/537.36 (KHTML, like Gecko) Version/4.0 Chrome/60.0.3112.107 Moblie Safari/537.36" "metrocrimedaily.com"
51.222.253.12 - - [23/Feb/2023:03:35:26 -0800] "GET /instagram-dallas/?C=S;O=D HTTP/1.1" 200 3313 "-" "Mozilla/5.0 (compatible; AhrefsBot/7.0; +http://ahrefs.com/robot/)" "metrocrimedaily.com"
51.222.253.7 - - [23/Feb/2023:03:36:12 -0800] "GET /CRIME-WATCH-AMERICA/CRIME-WATCH-DETROIT/INSTAGRAM-AUTOMATION/?C=M;O=D HTTP/1.1" 200 1072 "-" "Mozilla/5.0 (compatible; AhrefsBot/7.0; +http://ahrefs.com/robot/)" "www.metrocrimedaily.com"
51.222.253.7 - - [23/Feb/2023:03:36:45 -0800] "GET /CRIME-WATCH-AMERICA/CRIME-WATCH-DETROIT/INSTAGRAM-AUTOMATION/?C=S;O=D HTTP/1.1" 200 1084 "-" "Mozilla/5.0 (compatible; AhrefsBot/7.0; +http://ahrefs.com/robot/)" "www.metrocrimedaily.com"
51.222.253.8 - - [23/Feb/2023:03:37:21 -0800] "GET /CRIME-WATCH-AMERICA/CRIME-WATCH-DETROIT/INSTAGRAM-AUTOMATION/?C=S;O=D HTTP/1.1" 200 1084 "-" "Mozilla/5.0 (compatible; AhrefsBot/7.0; +http://ahrefs.com/robot/)" "www.metrocrimedaily.com"
51.222.253.18 - - [23/Feb/2023:03:37:47 -0800] "GET /CRIME-WATCH-AMERICA/CRIME-WATCH-DETROIT/?C=S;O=D HTTP/1.1" 200 1987 "-" "Mozilla/5.0 (compatible; AhrefsBot/7.0; +http://ahrefs.com/robot/)" "www.metrocrimedaily.com"
51.222.253.15 - - [23/Feb/2023:03:38:28 -0800] "GET /instagram-houston/?C=S;O=D HTTP/1.1" 200 3388 "-" "Mozilla/5.0 (compatible; AhrefsBot/7.0; +http://ahrefs.com/robot/)" "www.metrocrimedaily.com"
51.222.253.17 - - [23/Feb/2023:03:38:59 -0800] "GET /instagram-houston/post-later/02-16-2023-0609451-Catalytic-converter-theft-suspect-run-over-and-ki.txt HTTP/1.1" 200 680 "-" "Mozilla/5.0 (compatible; AhrefsBot/7.0; +http://ahrefs.com/robot/)" "metrocrimedaily.com"
51.222.253.20 - - [23/Feb/2023:03:39:42 -0800] "GET /instagram-houston/post-later/02-16-2023-0759342-HPD--Man-shot-in-the-neck-during-carjacking-on-so.txt HTTP/1.1" 200 176 "-" "Mozilla/5.0 (compatible; AhrefsBot/7.0; +http://ahrefs.com/robot/)" "metrocrimedaily.com"
51.222.253.20 - - [23/Feb/2023:03:40:20 -0800] "GET /instagram-houston/post-later/02-16-2023-0852271-Live--Alex-Murdaugh-murder-trial-livestream---Feb.txt HTTP/1.1" 200 198 "-" "Mozilla/5.0 (compatible; AhrefsBot/7.0; +http://ahrefs.com/robot/)" "metrocrimedaily.com"
207.46.13.10 - - [23/Feb/2023:03:40:43 -0800] "GET /instagram-stlouis/01-15-2023-1756281-Murder-suspect-in-custody-after-I-55-crash-in-sou.txt HTTP/1.1" 404 88 "-" "Mozilla/5.0 AppleWebKit/537.36 (KHTML, like Gecko; compatible; bingbot/2.0; +http://www.bing.com/bingbot.htm) Chrome/103.0.5060.134 Safari/537.36" "www.metrocrimedaily.com"
51.222.253.16 - - [23/Feb/2023:03:41:01 -0800] "GET /instagram-houston/post-later/02-16-2023-1833369-Man-sentenced-to-25-years-for-shooting--killing-h.txt HTTP/1.1" 200 1041 "-" "Mozilla/5.0 (compatible; AhrefsBot/7.0; +http://ahrefs.com/robot/)" "metrocrimedaily.com"
51.222.253.1 - - [23/Feb/2023:03:41:43 -0800] "GET /instagram-houston/post-later/02-17-2023-04262610-Missing-Nassau-Bay-girl-found-safe--police-say-.txt HTTP/1.1" 200 403 "-" "Mozilla/5.0 (compatible; AhrefsBot/7.0; +http://ahrefs.com/robot/)" "metrocrimedaily.com"
51.222.253.15 - - [23/Feb/2023:03:42:28 -0800] "GET /instagram-houston/post-later/02-17-2023-04262617-Two-people-shot-in-Addison-.txt HTTP/1.1" 200 464 "-" "Mozilla/5.0 (compatible; AhrefsBot/7.0; +http://ahrefs.com/robot/)" "metrocrimedaily.com"
51.222.253.1 - - [23/Feb/2023:03:43:09 -0800] "GET /instagram-houston/post-later/02-17-2023-0426267-Lawyers-representing-children-in-federal-foster-c.txt HTTP/1.1" 200 1056 "-" "Mozilla/5.0 (compatible; AhrefsBot/7.0; +http://ahrefs.com/robot/)" "metrocrimedaily.com"
51.222.253.7 - - [23/Feb/2023:03:43:42 -0800] "GET /instagram-houston/post-later/02-17-2023-0758572--.txt HTTP/1.1" 200 20 "-" "Mozilla/5.0 (compatible; AhrefsBot/7.0; +http://ahrefs.com/robot/)" "metrocrimedaily.com"
69.63.184.119 - - [23/Feb/2023:03:44:04 -0800] "GET /instagram-atlanta/02-23-2023-0543401-A.jpg HTTP/1.1" 200 219599 "-" "facebookexternalhit/1.1 (+http://www.facebook.com/externalhit_uatext.php)" "www.metrocrimedaily.com"
51.222.253.14 - - [23/Feb/2023:03:44:24 -0800] "GET /instagram-houston/post-later/02-17-2023-0758573-Former-Memphis-officers-charged-in-Tyre-Nichols--.txt HTTP/1.1" 200 1060 "-" "Mozilla/5.0 (compatible; AhrefsBot/7.0; +http://ahrefs.com/robot/)" "metrocrimedaily.com"
51.222.253.19 - - [23/Feb/2023:03:44:55 -0800] "GET /instagram-houston/post-later/02-17-2023-1303424-Armed-suspect-forced-way-into-couple-s-home--shot.txt HTTP/1.1" 200 579 "-" "Mozilla/5.0 (compatible; AhrefsBot/7.0; +http://ahrefs.com/robot/)" "metrocrimedaily.com"
51.222.253.6 - - [23/Feb/2023:03:45:35 -0800] "GET /instagram-houston/post-later/02-17-2023-1303428-Trump-lawyers-try-to-ban--Access-Hollywood--tape-.txt HTTP/1.1" 200 1156 "-" "Mozilla/5.0 (compatible; AhrefsBot/7.0; +http://ahrefs.com/robot/)" "metrocrimedaily.com"
51.222.253.7 - - [23/Feb/2023:03:46:04 -0800] "GET /instagram-houston/post-later/02-17-2023-1854319-New-surveillance-video-released-in-deadly-carjack.txt HTTP/1.1" 200 1023 "-" "Mozilla/5.0 (compatible; AhrefsBot/7.0; +http://ahrefs.com/robot/)" "metrocrimedaily.com"
51.222.253.2 - - [23/Feb/2023:03:46:40 -0800] "GET /instagram-houston/post-later/02-17-2023-2112131-HCSO--County-jail-to-stay-on-Texas-Commission-on-.txt HTTP/1.1" 200 875 "-" "Mozilla/5.0 (compatible; AhrefsBot/7.0; +http://ahrefs.com/robot/)" "metrocrimedaily.com"
51.222.253.9 - - [23/Feb/2023:03:47:13 -0800] "GET /instagram-houston/post-later/02-17-2023-2112134-ODU-police-warn-of-scam-targeting-students-.txt HTTP/1.1" 200 445 "-" "Mozilla/5.0 (compatible; AhrefsBot/7.0; +http://ahrefs.com/robot/)" "metrocrimedaily.com"
51.222.253.6 - - [23/Feb/2023:03:47:54 -0800] "GET /instagram-houston/post-later/02-17-2023-2112135-Family-demanding-justice-after-loved-one-was-kill.txt HTTP/1.1" 200 1086 "-" "Mozilla/5.0 (compatible; AhrefsBot/7.0; +http://ahrefs.com/robot/)" "metrocrimedaily.com"
51.222.253.17 - - [23/Feb/2023:03:48:22 -0800] "GET /instagram-houston/post-later/02-17-2023-2112136-Cypress-man-heartbroken-after-wife-and-baby-son-k.txt HTTP/1.1" 200 194 "-" "Mozilla/5.0 (compatible; AhrefsBot/7.0; +http://ahrefs.com/robot/)" "metrocrimedaily.com"
51.222.253.4 - - [23/Feb/2023:03:49:03 -0800] "GET /instagram-houston/post-later/02-18-2023-1317074-2-HPD-officers-stabbed--man-in----mental-crisis--.txt HTTP/1.1" 200 617 "-" "Mozilla/5.0 (compatible; AhrefsBot/7.0; +http://ahrefs.com/robot/)" "metrocrimedaily.com"
51.222.253.7 - - [23/Feb/2023:03:49:29 -0800] "GET /instagram-houston/post-later/02-18-2023-2251112-LA-Bishop-shot-to-death-in-Hacienda-Heights-.txt HTTP/1.1" 200 780 "-" "Mozilla/5.0 (compatible; AhrefsBot/7.0; +http://ahrefs.com/robot/)" "metrocrimedaily.com"
51.222.253.20 - - [23/Feb/2023:03:50:08 -0800] "GET /instagram-houston/post-later/02-19-2023-0516101-Missing-Portsmouth-teen-found-safe-.txt HTTP/1.1" 200 564 "-" "Mozilla/5.0 (compatible; AhrefsBot/7.0; +http://ahrefs.com/robot/)" "metrocrimedaily.com"
51.222.253.11 - - [23/Feb/2023:03:50:38 -0800] "GET /instagram-houston/post-later/02-19-2023-0750221-HCSO--3-teens--1-man-dead-in-apparent-murder-suic.txt HTTP/1.1" 200 967 "-" "Mozilla/5.0 (compatible; AhrefsBot/7.0; +http://ahrefs.com/robot/)" "metrocrimedaily.com"
141.8.142.101 - - [23/Feb/2023:03:50:59 -0800] "GET /robots.txt HTTP/1.1" 404 73 "-" "Mozilla/5.0 (compatible; YandexBot/3.0; +http://yandex.com/bots)" "metrocrimedaily.com"
51.222.253.6 - - [23/Feb/2023:03:51:20 -0800] "GET /instagram-houston/post-later/02-20-2023-0802372-1-dead--4-injured-in-shooting-on-Bacchus-parade-r.txt HTTP/1.1" 200 1113 "-" "Mozilla/5.0 (compatible; AhrefsBot/7.0; +http://ahrefs.com/robot/)" "metrocrimedaily.com"
51.222.253.2 - - [23/Feb/2023:03:51:50 -0800] "GET /instagram-houston/post-later/02-20-2023-1542482-Virginia-18-year-old-who-was-missing-for-3-weeks-.txt HTTP/1.1" 200 596 "-" "Mozilla/5.0 (compatible; AhrefsBot/7.0; +http://ahrefs.com/robot/)" "metrocrimedaily.com"
51.222.253.19 - - [23/Feb/2023:03:52:28 -0800] "GET /instagram-houston/post-later/02-20-2023-1647033-Students--faculty-return-to-Michigan-State-after-.txt HTTP/1.1" 200 1009 "-" "Mozilla/5.0 (compatible; AhrefsBot/7.0; +http://ahrefs.com/robot/)" "metrocrimedaily.com"
51.222.253.14 - - [23/Feb/2023:03:53:02 -0800] "GET /instagram-houston/post-later/02-20-2023-2054453-Large-alligator-kills-85-year-old-Florida-woman-.txt HTTP/1.1" 200 702 "-" "Mozilla/5.0 (compatible; AhrefsBot/7.0; +http://ahrefs.com/robot/)" "metrocrimedaily.com"
51.222.253.16 - - [23/Feb/2023:03:53:38 -0800] "GET /instagram-stlouis/02-21-2023-1354561-Defense-to-resume-witness-testimony-in-Alex-Murda.txt HTTP/1.1" 200 1147 "-" "Mozilla/5.0 (compatible; AhrefsBot/7.0; +http://ahrefs.com/robot/)" "www.metrocrimedaily.com"
69.63.184.4 - - [23/Feb/2023:03:54:02 -0800] "GET /instagram-stlouis/02-23-2023-0553421-A.jpg HTTP/1.1" 200 82283 "-" "facebookexternalhit/1.1 (+http://www.facebook.com/externalhit_uatext.php)" "www.metrocrimedaily.com"
51.222.253.20 - - [23/Feb/2023:03:54:16 -0800] "GET /instagram-stlouis/02-21-2023-1354562-Cuba--Mo.--man-charged-with-murder-in-St.-Louis-C.txt HTTP/1.1" 200 424 "-" "Mozilla/5.0 (compatible; AhrefsBot/7.0; +http://ahrefs.com/robot/)" "www.metrocrimedaily.com"
69.63.184.3 - - [23/Feb/2023:03:54:30 -0800] "GET /instagram-stlouis/02-23-2023-0553422-A.jpg HTTP/1.1" 200 138607 "-" "facebookexternalhit/1.1 (+http://www.facebook.com/externalhit_uatext.php)" "www.metrocrimedaily.com"
51.222.253.16 - - [23/Feb/2023:03:54:57 -0800] "GET /instagram-stlouis/02-21-2023-1354563-Woman-in-her-60s-found-stabbed-to-death-inside-so.txt HTTP/1.1" 200 306 "-" "Mozilla/5.0 (compatible; AhrefsBot/7.0; +http://ahrefs.com/robot/)" "www.metrocrimedaily.com"
69.63.184.3 - - [23/Feb/2023:03:54:58 -0800] "GET /instagram-stlouis/02-23-2023-0553423-A.jpg HTTP/1.1" 200 101021 "-" "facebookexternalhit/1.1 (+http://www.facebook.com/externalhit_uatext.php)" "www.metrocrimedaily.com"
51.222.253.18 - - [23/Feb/2023:03:55:30 -0800] "GET /instagram-stlouis/02-21-2023-1354564-Men-who-terrorized-kidnapped-migrants-sentenced-.txt HTTP/1.1" 200 1100 "-" "Mozilla/5.0 (compatible; AhrefsBot/7.0; +http://ahrefs.com/robot/)" "www.metrocrimedaily.com"
51.222.253.20 - - [23/Feb/2023:03:56:19 -0800] "GET /instagram-stlouis/02-21-2023-1354565-St.-Louis-County-man-facing-kidnapping--assault-c.txt HTTP/1.1" 200 1047 "-" "Mozilla/5.0 (compatible; AhrefsBot/7.0; +http://ahrefs.com/robot/)" "www.metrocrimedaily.com"
51.222.253.1 - - [23/Feb/2023:03:56:50 -0800] "GET /instagram-stlouis/02-21-2023-1354566-77-year-old-Illinois-woman-arrested-for-deliverin.txt HTTP/1.1" 200 407 "-" "Mozilla/5.0 (compatible; AhrefsBot/7.0; +http://ahrefs.com/robot/)" "www.metrocrimedaily.com"
51.222.253.20 - - [23/Feb/2023:03:57:33 -0800] "GET /instagram-stlouis/02-21-2023-1354567-Woman-stabbed--killed-in-south-St.-Louis-.txt HTTP/1.1" 200 384 "-" "Mozilla/5.0 (compatible; AhrefsBot/7.0; +http://ahrefs.com/robot/)" "www.metrocrimedaily.com"
157.55.39.214 - - [23/Feb/2023:03:57:33 -0800] "GET /instagram-stlouis/01-14-2023-1635091-St.-Louis-medium-security-jail--also-known-as-wor.txt HTTP/1.1" 404 88 "-" "Mozilla/5.0 AppleWebKit/537.36 (KHTML, like Gecko; compatible; bingbot/2.0; +http://www.bing.com/bingbot.htm) Chrome/103.0.5060.134 Safari/537.36" "www.metrocrimedaily.com"
87.250.224.234 - - [23/Feb/2023:03:58:02 -0800] "GET /instagram-losangeles/01-16-2023-1809262-New-Details-Discovered-Surrounding-Orange-County-.txt HTTP/1.1" 404 88 "-" "Mozilla/5.0 (compatible; YandexBot/3.0; +http://yandex.com/bots)" "metrocrimedaily.com"
51.222.253.10 - - [23/Feb/2023:03:58:03 -0800] "GET /instagram-stlouis/02-21-2023-1623351-Man-charged-with-hitting-volleyball-player-in-dow.txt HTTP/1.1" 200 1164 "-" "Mozilla/5.0 (compatible; AhrefsBot/7.0; +http://ahrefs.com/robot/)" "www.metrocrimedaily.com"
51.222.253.20 - - [23/Feb/2023:03:58:50 -0800] "GET /instagram-stlouis/02-21-2023-1623352-Person-sleeping-in-car-with-large-sword---handgun.txt HTTP/1.1" 200 437 "-" "Mozilla/5.0 (compatible; AhrefsBot/7.0; +http://ahrefs.com/robot/)" "www.metrocrimedaily.com"
75.41.107.142 - - [23/Feb/2023:03:58:53 -0800] "GET / HTTP/1.1" 200 153935 "-" "Mozilla/5.0 (iPhone; CPU iPhone OS 16_2 like Mac OS X) AppleWebKit/605.1.15 (KHTML, like Gecko) Version/16.2 Mobile/15E148 Safari/604.1" "www.metrocrimedaily.com"
75.41.107.142 - - [23/Feb/2023:03:58:53 -0800] "GET /styles-mcd.css HTTP/1.1" 200 1159 "http://www.metrocrimedaily.com/" "Mozilla/5.0 (iPhone; CPU iPhone OS 16_2 like Mac OS X) AppleWebKit/605.1.15 (KHTML, like Gecko) Version/16.2 Mobile/15E148 Safari/604.1" "www.metrocrimedaily.com"
75.41.107.142 - - [23/Feb/2023:03:58:53 -0800] "GET /images/crimeinthed-logo.jpg HTTP/1.1" 200 14960 "http://www.metrocrimedaily.com/" "Mozilla/5.0 (iPhone; CPU iPhone OS 16_2 like Mac OS X) AppleWebKit/605.1.15 (KHTML, like Gecko) Version/16.2 Mobile/15E148 Safari/604.1" "www.metrocrimedaily.com"
51.222.253.19 - - [23/Feb/2023:03:59:33 -0800] "GET /instagram-stlouis/02-21-2023-1623353-Police--2-kids-held-up-at-gunpoint-during-attempt.txt HTTP/1.1" 200 607 "-" "Mozilla/5.0 (compatible; AhrefsBot/7.0; +http://ahrefs.com/robot/)" "www.metrocrimedaily.com"
114.119.159.135 - - [23/Feb/2023:03:59:40 -0800] "GET /instagram-detroit/02-18-2023-2326191--A-diamond-to-this-family---Vigil-held-to-honor-M.txt HTTP/1.1" 404 88 "http://www.metrocrimedaily.com/instagram-detroit/?C=S%3BO%3DA" "Mozilla/5.0 (Linux; Android 7.0;) AppleWebKit/537.36 (KHTML, like Gecko) Mobile Safari/537.36 (compatible; PetalBot;+https://webmaster.petalsearch.com/site/petalbot)" "www.metrocrimedaily.com"
51.222.253.6 - - [23/Feb/2023:04:00:03 -0800] "GET /instagram-stlouis/02-21-2023-1623354-48-arrested--8-minors-rescued-in-San-Diego-human-.txt HTTP/1.1" 200 1100 "-" "Mozilla/5.0 (compatible; AhrefsBot/7.0; +http://ahrefs.com/robot/)" "www.metrocrimedaily.com"
51.222.253.11 - - [23/Feb/2023:04:00:44 -0800] "GET /instagram-stlouis/02-21-2023-1744431-Justices-reject-appeal-from-man-arrested-for-spoo.txt HTTP/1.1" 200 575 "-" "Mozilla/5.0 (compatible; AhrefsBot/7.0; +http://ahrefs.com/robot/)" "www.metrocrimedaily.com"
51.222.253.12 - - [23/Feb/2023:04:01:11 -0800] "GET /instagram-stlouis/02-21-2023-1744432-Man-fleeing-police-in-St.-Louis-County-arrested-a.txt HTTP/1.1" 200 465 "-" "Mozilla/5.0 (compatible; AhrefsBot/7.0; +http://ahrefs.com/robot/)" "www.metrocrimedaily.com"
51.222.253.20 - - [23/Feb/2023:04:01:36 -0800] "GET /instagram-stlouis/02-21-2023-1744433-Teen-killed-in-St.-Charles-shooting-was-a-Liberty.txt HTTP/1.1" 200 1046 "-" "Mozilla/5.0 (compatible; AhrefsBot/7.0; +http://ahrefs.com/robot/)" "www.metrocrimedaily.com"
51.222.253.20 - - [23/Feb/2023:04:02:21 -0800] "GET /instagram-stlouis/02-21-2023-1744434-Yes--scammers-do-send-fake-checks-in-the-mail-.txt HTTP/1.1" 200 1101 "-" "Mozilla/5.0 (compatible; AhrefsBot/7.0; +http://ahrefs.com/robot/)" "www.metrocrimedaily.com"
51.222.253.18 - - [23/Feb/2023:04:03:03 -0800] "GET /instagram-stlouis/02-21-2023-1744435-Grandmother-stabbed-to-death-by-grandson-in-south.txt HTTP/1.1" 200 429 "-" "Mozilla/5.0 (compatible; AhrefsBot/7.0; +http://ahrefs.com/robot/)" "www.metrocrimedaily.com"
51.222.253.12 - - [23/Feb/2023:04:03:30 -0800] "GET /instagram-stlouis/02-21-2023-1744436-Remains-of-missing-Auburn-University-student-ID--.txt HTTP/1.1" 200 1088 "-" "Mozilla/5.0 (compatible; AhrefsBot/7.0; +http://ahrefs.com/robot/)" "www.metrocrimedaily.com"
51.222.253.8 - - [23/Feb/2023:04:03:57 -0800] "GET /instagram-stlouis/02-21-2023-1744437-Glen-Carbon-sexual-predator-gets-40-years-in-pris.txt HTTP/1.1" 200 659 "-" "Mozilla/5.0 (compatible; AhrefsBot/7.0; +http://ahrefs.com/robot/)" "www.metrocrimedaily.com"
51.222.253.3 - - [23/Feb/2023:04:04:29 -0800] "GET /instagram-stlouis/02-21-2023-1744438-Parents-of-volleyball-player-who-lost-legs-in-cra.txt HTTP/1.1" 200 1070 "-" "Mozilla/5.0 (compatible; AhrefsBot/7.0; +http://ahrefs.com/robot/)" "www.metrocrimedaily.com"
76.184.252.42 - - [23/Feb/2023:04:04:55 -0800] "GET /?C=N;O=A HTTP/1.1" 200 153935 "-" "Mozilla/5.0 (Windows NT 10.0; Win64; x64) AppleWebKit/537.36 (KHTML, like Gecko) Chrome/110.0.0.0 Safari/537.36 Edg/110.0.1587.50" "www.metrocrimedaily.com"
51.222.253.10 - - [23/Feb/2023:04:04:55 -0800] "GET /instagram-stlouis/02-21-2023-1744439-Man-fleeing-police-in-St.-Louis-County-arrested-a.txt HTTP/1.1" 200 164 "-" "Mozilla/5.0 (compatible; AhrefsBot/7.0; +http://ahrefs.com/robot/)" "www.metrocrimedaily.com"
35.245.188.175 - - [23/Feb/2023:04:05:03 -0800] "GET / HTTP/1.1" 200 1357377 "-" "Mozilla/5.0 (Windows NT 6.1; WOW64; Trident/7.0; rv:11.0) like Gecko" "www.metrocrimedaily.com"
114.119.129.33 - - [23/Feb/2023:04:05:30 -0800] "GET /instagram-dallas/02-20-2023-2223482-Four-children-inside-mother-s-car-when-unknown-su.txt HTTP/1.1" 404 88 "http://www.metrocrimedaily.com/instagram-dallas/?C=N%3BO%3DD" "Mozilla/5.0 (Linux; Android 7.0;) AppleWebKit/537.36 (KHTML, like Gecko) Mobile Safari/537.36 (compatible; PetalBot;+https://webmaster.petalsearch.com/site/petalbot)" "www.metrocrimedaily.com"
51.222.253.10 - - [23/Feb/2023:04:05:32 -0800] "GET /instagram-stlouis/02-21-2023-2107131-Police-identify-Lake-St.-Louis-teen-killed-in-wee.txt HTTP/1.1" 200 948 "-" "Mozilla/5.0 (compatible; AhrefsBot/7.0; +http://ahrefs.com/robot/)" "www.metrocrimedaily.com"
51.222.253.19 - - [23/Feb/2023:04:06:03 -0800] "GET /instagram-stlouis/02-21-2023-2107132-Sentencing-for-Florissant-man-shot-while-committi.txt HTTP/1.1" 200 674 "-" "Mozilla/5.0 (compatible; AhrefsBot/7.0; +http://ahrefs.com/robot/)" "www.metrocrimedaily.com"
87.250.224.234 - - [23/Feb/2023:04:06:42 -0800] "GET /instagram-newyork/ig-newyork-stories-to-post-later.txt HTTP/1.1" 200 390 "-" "Mozilla/5.0 (compatible; YandexBot/3.0; +http://yandex.com/bots)" "metrocrimedaily.com"
51.222.253.19 - - [23/Feb/2023:04:06:49 -0800] "GET /instagram-stlouis/02-21-2023-2107133-Vanderbilt-University-officials-to-review-into-Ch.txt HTTP/1.1" 200 1078 "-" "Mozilla/5.0 (compatible; AhrefsBot/7.0; +http://ahrefs.com/robot/)" "www.metrocrimedaily.com"
87.250.224.209 - - [23/Feb/2023:04:07:00 -0800] "GET /instagram-houston/01-18-2023-0905344-EU-lawmakers-replace-disgraced-VP-as-suspect-cuts.txt HTTP/1.1" 404 88 "-" "Mozilla/5.0 (compatible; YandexBot/3.0; +http://yandex.com/bots)" "metrocrimedaily.com"
51.222.253.11 - - [23/Feb/2023:04:07:26 -0800] "GET /instagram-stlouis/02-21-2023-2107134-Ferguson-pastor-saves-church-from-robbery-through.txt HTTP/1.1" 200 168 "-" "Mozilla/5.0 (compatible; AhrefsBot/7.0; +http://ahrefs.com/robot/)" "www.metrocrimedaily.com"
87.250.224.234 - - [23/Feb/2023:04:07:57 -0800] "GET /instagram-chicago/01-19-2023-0821491-3-men-attacked-outside-restaurant-on-NW-side-.txt HTTP/1.1" 404 88 "-" "Mozilla/5.0 (compatible; YandexBot/3.0; +http://yandex.com/bots)" "metrocrimedaily.com"
51.222.253.11 - - [23/Feb/2023:04:08:05 -0800] "GET /instagram-stlouis/02-21-2023-2107135-Man-charged-with-hitting-teen-in-downtown-St.-Lou.txt HTTP/1.1" 200 1144 "-" "Mozilla/5.0 (compatible; AhrefsBot/7.0; +http://ahrefs.com/robot/)" "www.metrocrimedaily.com"
51.222.253.7 - - [23/Feb/2023:04:08:34 -0800] "GET /instagram-stlouis/02-21-2023-2107136--I-believe-they-felt-the-power-of-God---Ferguson-.txt HTTP/1.1" 200 976 "-" "Mozilla/5.0 (compatible; AhrefsBot/7.0; +http://ahrefs.com/robot/)" "www.metrocrimedaily.com"
51.222.253.14 - - [23/Feb/2023:04:09:20 -0800] "GET /instagram-stlouis/02-21-2023-2328141--St.-Louis-has-let-you-down---Father-of-robbery-v.txt HTTP/1.1" 200 1081 "-" "Mozilla/5.0 (compatible; AhrefsBot/7.0; +http://ahrefs.com/robot/)" "www.metrocrimedaily.com"
51.222.253.13 - - [23/Feb/2023:04:09:56 -0800] "GET /instagram-stlouis/02-22-2023-1420091-St.-Louis-mayor-says-Circuit-Attorney-Kimberly-Ga.txt HTTP/1.1" 200 1120 "-" "Mozilla/5.0 (compatible; AhrefsBot/7.0; +http://ahrefs.com/robot/)" "www.metrocrimedaily.com"
76.184.252.42 - - [23/Feb/2023:04:10:04 -0800] "GET /images/police-tape.jpg HTTP/1.1" 200 50766 "-" "Wget/1.20.3 (mingw32)" "metrocrimedaily.com"
4.227.141.70 - - [23/Feb/2023:04:10:33 -0800] "GET /wp-content/ HTTP/1.1" 404 88 "-" "Mozilla/5.0 (Macintosh; Intel Mac OS X 10.15; rv:77.0) Gecko/20100101 Firefox/77.0" "metrocrimedaily.com"
69.63.184.3 - - [23/Feb/2023:04:10:33 -0800] "GET /instagram-detroit/02-23-2023-0609531-A.jpg HTTP/1.1" 200 52132 "-" "facebookexternalhit/1.1 (+http://www.facebook.com/externalhit_uatext.php)" "www.metrocrimedaily.com"
51.222.253.9 - - [23/Feb/2023:04:10:39 -0800] "GET /instagram-stlouis/02-22-2023-1420092-Inside-the-Trump-grand-jury-that-probed-election-.txt HTTP/1.1" 200 1156 "-" "Mozilla/5.0 (compatible; AhrefsBot/7.0; +http://ahrefs.com/robot/)" "www.metrocrimedaily.com"
51.222.253.20 - - [23/Feb/2023:04:11:31 -0800] "GET /instagram-stlouis/02-22-2023-1524351-Man-arrested-after-fleeing-police--shooting-at-de.txt HTTP/1.1" 200 790 "-" "Mozilla/5.0 (compatible; AhrefsBot/7.0; +http://ahrefs.com/robot/)" "www.metrocrimedaily.com"
51.222.253.16 - - [23/Feb/2023:04:12:05 -0800] "GET /instagram-stlouis/02-22-2023-1524352-Nipsey-Hussle-s-killer-gets-60-years-to-life-in-p.txt HTTP/1.1" 200 1083 "-" "Mozilla/5.0 (compatible; AhrefsBot/7.0; +http://ahrefs.com/robot/)" "www.metrocrimedaily.com"
51.222.253.6 - - [23/Feb/2023:04:12:48 -0800] "GET /instagram-stlouis/02-22-2023-1647301-Nipsey-Hussle---s-killer-gets-60-years-to-life-in.txt HTTP/1.1" 200 1107 "-" "Mozilla/5.0 (compatible; AhrefsBot/7.0; +http://ahrefs.com/robot/)" "www.metrocrimedaily.com"
51.222.253.20 - - [23/Feb/2023:04:13:18 -0800] "GET /instagram-stlouis/02-22-2023-1647302-Who-is-Kim-Gardner--A-look-at-the-St.-Louis-circu.txt HTTP/1.1" 200 412 "-" "Mozilla/5.0 (compatible; AhrefsBot/7.0; +http://ahrefs.com/robot/)" "www.metrocrimedaily.com"
51.222.253.19 - - [23/Feb/2023:04:14:05 -0800] "GET /instagram-stlouis/02-22-2023-1647303-St.-Louis-mayor-says-Circuit-Attorney-Kim-Gardner.txt HTTP/1.1" 200 1121 "-" "Mozilla/5.0 (compatible; AhrefsBot/7.0; +http://ahrefs.com/robot/)" "www.metrocrimedaily.com"
51.222.253.9 - - [23/Feb/2023:04:14:47 -0800] "GET /instagram-stlouis/02-22-2023-1647304-Nipsey-Hussle---s-killer-gets-60-years-to-life-in.txt HTTP/1.1" 200 1107 "-" "Mozilla/5.0 (compatible; AhrefsBot/7.0; +http://ahrefs.com/robot/)" "www.metrocrimedaily.com"
51.222.253.13 - - [23/Feb/2023:04:15:18 -0800] "GET /instagram-stlouis/02-22-2023-1647305-Missouri-Senate-president-calls-on-St.-Louis-Circ.txt HTTP/1.1" 200 1145 "-" "Mozilla/5.0 (compatible; AhrefsBot/7.0; +http://ahrefs.com/robot/)" "www.metrocrimedaily.com"
51.222.253.9 - - [23/Feb/2023:04:15:58 -0800] "GET /instagram-stlouis/02-22-2023-1647306-St.-Louis-man-charged-for-gunfire-outside-Planned.txt HTTP/1.1" 200 498 "-" "Mozilla/5.0 (compatible; AhrefsBot/7.0; +http://ahrefs.com/robot/)" "www.metrocrimedaily.com"
51.222.253.18 - - [23/Feb/2023:04:16:37 -0800] "GET /instagram-stlouis/02-22-2023-1647307-What-we-know-about-Roberta-Laundrie---s-letter-to.txt HTTP/1.1" 200 1047 "-" "Mozilla/5.0 (compatible; AhrefsBot/7.0; +http://ahrefs.com/robot/)" "www.metrocrimedaily.com"
69.63.184.5 - - [23/Feb/2023:04:17:11 -0800] "GET /instagram-miami/02-23-2023-0616461-A.jpg HTTP/1.1" 200 211519 "-" "facebookexternalhit/1.1 (+http://www.facebook.com/externalhit_uatext.php)" "www.metrocrimedaily.com"
51.222.253.9 - - [23/Feb/2023:04:17:18 -0800] "GET /instagram-stlouis/02-22-2023-1647308-Holleman-----Finger-pointing----statement-by-St.-.txt HTTP/1.1" 200 1133 "-" "Mozilla/5.0 (compatible; AhrefsBot/7.0; +http://ahrefs.com/robot/)" "www.metrocrimedaily.com"
114.119.156.110 - - [23/Feb/2023:04:17:25 -0800] "GET /instagram-atlanta/post-later/02-15-2023-1218376-Buffalo-mass-shooter-sentenced-to-life-in-prison-.txt HTTP/1.1" 404 88 "https://metrocrimedaily.com/instagram-atlanta/post-later/?C=N%3BO%3DD" "Mozilla/5.0 (Linux; Android 7.0;) AppleWebKit/537.36 (KHTML, like Gecko) Mobile Safari/537.36 (compatible; PetalBot;+https://webmaster.petalsearch.com/site/petalbot)" "metrocrimedaily.com"
87.250.224.234 - - [23/Feb/2023:04:17:42 -0800] "GET /instagram-stlouis/post-later/?C=N;O=D HTTP/1.1" 200 5664 "-" "Mozilla/5.0 (compatible; YandexBot/3.0; +http://yandex.com/bots)" "metrocrimedaily.com"
51.222.253.12 - - [23/Feb/2023:04:17:49 -0800] "GET /instagram-stlouis/02-22-2023-1947371-Missouri-Senate-president--House-speaker-call-on-.txt HTTP/1.1" 200 1147 "-" "Mozilla/5.0 (compatible; AhrefsBot/7.0; +http://ahrefs.com/robot/)" "www.metrocrimedaily.com"
75.41.107.142 - - [23/Feb/2023:04:17:56 -0800] "GET /images/crimeinthed-logo.jpg HTTP/1.1" 200 14960 "http://www.metrocrimedaily.com/" "Mozilla/5.0 (iPhone; CPU iPhone OS 16_2 like Mac OS X) AppleWebKit/605.1.15 (KHTML, like Gecko) Version/16.2 Mobile/15E148 Safari/604.1" "www.metrocrimedaily.com"
51.222.253.14 - - [23/Feb/2023:04:18:33 -0800] "GET /instagram-stlouis/02-22-2023-19473710-Florida-journalist--9-year-old-killed-in-shooting.txt HTTP/1.1" 200 877 "-" "Mozilla/5.0 (compatible; AhrefsBot/7.0; +http://ahrefs.com/robot/)" "www.metrocrimedaily.com"
51.222.253.2 - - [23/Feb/2023:04:19:05 -0800] "GET /instagram-stlouis/02-22-2023-1947372-Dad-of-robbery-victim-says-St.-Louis-prosecutors-.txt HTTP/1.1" 200 1055 "-" "Mozilla/5.0 (compatible; AhrefsBot/7.0; +http://ahrefs.com/robot/)" "www.metrocrimedaily.com"
51.222.253.4 - - [23/Feb/2023:04:19:47 -0800] "GET /instagram-stlouis/02-22-2023-1947373-Journalist--child-killed-in-shooting-near-homicid.txt HTTP/1.1" 200 1056 "-" "Mozilla/5.0 (compatible; AhrefsBot/7.0; +http://ahrefs.com/robot/)" "www.metrocrimedaily.com"
51.222.253.19 - - [23/Feb/2023:04:20:18 -0800] "GET /instagram-stlouis/02-22-2023-1947374-Police-seek-leads-in-2020-killings-of-2-men-in-St.txt HTTP/1.1" 200 1010 "-" "Mozilla/5.0 (compatible; AhrefsBot/7.0; +http://ahrefs.com/robot/)" "www.metrocrimedaily.com"
51.222.253.20 - - [23/Feb/2023:04:21:00 -0800] "GET /instagram-stlouis/02-22-2023-1947375-Cape-Girardeau-man-arrested-for-kidnapping--child.txt HTTP/1.1" 200 745 "-" "Mozilla/5.0 (compatible; AhrefsBot/7.0; +http://ahrefs.com/robot/)" "www.metrocrimedaily.com"
87.250.224.234 - - [23/Feb/2023:04:21:27 -0800] "GET /instagram-dallas/01-12-2023-2231291-Metal-Detector-to-Be-Installed-at-Virginia-School.txt HTTP/1.1" 404 88 "-" "Mozilla/5.0 (compatible; YandexBot/3.0; +http://yandex.com/bots)" "metrocrimedaily.com"
51.222.253.15 - - [23/Feb/2023:04:21:27 -0800] "GET /instagram-stlouis/02-22-2023-1947376-St.-Louis-Police-investigate-woman---s----Suspici.txt HTTP/1.1" 200 332 "-" "Mozilla/5.0 (compatible; AhrefsBot/7.0; +http://ahrefs.com/robot/)" "www.metrocrimedaily.com"
51.222.253.5 - - [23/Feb/2023:04:22:09 -0800] "GET /instagram-stlouis/02-22-2023-1947377-Kim-Gardner-should--do-some-soul-searching---deci.txt HTTP/1.1" 200 50 "-" "Mozilla/5.0 (compatible; AhrefsBot/7.0; +http://ahrefs.com/robot/)" "www.metrocrimedaily.com"
69.63.184.116 - - [23/Feb/2023:04:22:32 -0800] "GET /instagram-memphis/02-23-2023-0622071-A.jpg HTTP/1.1" 200 195519 "-" "facebookexternalhit/1.1 (+http://www.facebook.com/externalhit_uatext.php)" "www.metrocrimedaily.com"
51.222.253.2 - - [23/Feb/2023:04:22:39 -0800] "GET /instagram-stlouis/02-22-2023-1947378-Kim-Gardner-should--do-some-soul-searching---deci.txt HTTP/1.1" 200 50 "-" "Mozilla/5.0 (compatible; AhrefsBot/7.0; +http://ahrefs.com/robot/)" "www.metrocrimedaily.com"
51.222.253.1 - - [23/Feb/2023:04:23:19 -0800] "GET /instagram-stlouis/02-22-2023-1947379-Guns----N-Hoses-boxing-event-raised-$1M-for-the-B.txt HTTP/1.1" 200 1010 "-" "Mozilla/5.0 (compatible; AhrefsBot/7.0; +http://ahrefs.com/robot/)" "www.metrocrimedaily.com"
51.222.253.12 - - [23/Feb/2023:04:23:47 -0800] "GET /instagram-stlouis/02-22-2023-2319511-News-4-Investigates--The-training-behind-police-K.txt HTTP/1.1" 200 248 "-" "Mozilla/5.0 (compatible; AhrefsBot/7.0; +http://ahrefs.com/robot/)" "www.metrocrimedaily.com"
51.222.253.10 - - [23/Feb/2023:04:24:35 -0800] "GET /instagram-stlouis/02-22-2023-2319512-2nd-robbery-suspect-walks-free-after-St.-Louis-ci.txt HTTP/1.1" 200 1042 "-" "Mozilla/5.0 (compatible; AhrefsBot/7.0; +http://ahrefs.com/robot/)" "www.metrocrimedaily.com"
51.222.253.8 - - [23/Feb/2023:04:25:05 -0800] "GET /instagram-stlouis/02-22-2023-2319513-Missing-Washington-woman-identified-using-DNA-fro.txt HTTP/1.1" 200 792 "-" "Mozilla/5.0 (compatible; AhrefsBot/7.0; +http://ahrefs.com/robot/)" "www.metrocrimedaily.com"
51.222.253.20 - - [23/Feb/2023:04:25:44 -0800] "GET /instagram-houston/02-22-2023-2014095-50-people-charged-for-illegally-possessing-guns--.txt HTTP/1.1" 200 1055 "-" "Mozilla/5.0 (compatible; AhrefsBot/7.0; +http://ahrefs.com/robot/)" "metrocrimedaily.com"
51.222.253.6 - - [23/Feb/2023:04:26:15 -0800] "GET /instagram-houston/post-later/02-20-2023-1800142-Two-Houston-police-officers-stabbed-in-neck-and-c.txt HTTP/1.1" 200 632 "-" "Mozilla/5.0 (compatible; AhrefsBot/7.0; +http://ahrefs.com/robot/)" "metrocrimedaily.com"
51.222.253.2 - - [23/Feb/2023:04:26:54 -0800] "GET /instagram-houston/post-later/02-20-2023-1800143-Man-charged-with-aggravated-DUI-after-crash-into-.txt HTTP/1.1" 200 998 "-" "Mozilla/5.0 (compatible; AhrefsBot/7.0; +http://ahrefs.com/robot/)" "metrocrimedaily.com"
51.222.253.12 - - [23/Feb/2023:04:27:36 -0800] "GET /instagram-houston/post-later/02-20-2023-1800144-Birthday-observance-held-for-5-year-old-Lina-Khil.txt HTTP/1.1" 200 1099 "-" "Mozilla/5.0 (compatible; AhrefsBot/7.0; +http://ahrefs.com/robot/)" "metrocrimedaily.com"
51.222.253.17 - - [23/Feb/2023:04:28:04 -0800] "GET /instagram-houston/post-later/02-20-2023-1800145-$1.2M-bond-for-suspect-accused-of-sexually-assaul.txt HTTP/1.1" 200 1081 "-" "Mozilla/5.0 (compatible; AhrefsBot/7.0; +http://ahrefs.com/robot/)" "metrocrimedaily.com"
69.63.189.5 - - [23/Feb/2023:04:28:29 -0800] "GET /instagram-stlouis/02-23-2023-0628071-A.jpg HTTP/1.1" 200 98487 "-" "facebookexternalhit/1.1 (+http://www.facebook.com/externalhit_uatext.php)" "www.metrocrimedaily.com"
51.222.253.19 - - [23/Feb/2023:04:28:31 -0800] "GET /instagram-houston/post-later/02-20-2023-1800146-Lawyers--Feds-seek--eye-for-eye--from-NYC-bike-pa.txt HTTP/1.1" 200 1092 "-" "Mozilla/5.0 (compatible; AhrefsBot/7.0; +http://ahrefs.com/robot/)" "metrocrimedaily.com"
69.63.189.119 - - [23/Feb/2023:04:28:59 -0800] "GET /instagram-dallas/02-23-2023-0628331-A.jpg HTTP/1.1" 200 122415 "-" "facebookexternalhit/1.1 (+http://www.facebook.com/externalhit_uatext.php)" "www.metrocrimedaily.com"
69.63.189.4 - - [23/Feb/2023:04:28:59 -0800] "GET /instagram-stlouis/02-23-2023-0628072-A.jpg HTTP/1.1" 200 93635 "-" "facebookexternalhit/1.1 (+http://www.facebook.com/externalhit_uatext.php)" "www.metrocrimedaily.com"
69.63.189.116 - - [23/Feb/2023:04:29:27 -0800] "GET /instagram-dallas/02-23-2023-0628332-A.jpg HTTP/1.1" 200 144912 "-" "facebookexternalhit/1.1 (+http://www.facebook.com/externalhit_uatext.php)" "www.metrocrimedaily.com"
51.222.253.1 - - [23/Feb/2023:04:29:29 -0800] "GET /instagram-houston/post-later/02-20-2023-1900025-Florida-alligator-attack--85-year-old-woman-walki.txt HTTP/1.1" 200 155 "-" "Mozilla/5.0 (compatible; AhrefsBot/7.0; +http://ahrefs.com/robot/)" "metrocrimedaily.com"
51.222.253.6 - - [23/Feb/2023:04:30:08 -0800] "GET /instagram-houston/post-later/02-20-2023-1900026-Who-were-the-victims-killed-in-the-Galena-Park-mu.txt HTTP/1.1" 200 1012 "-" "Mozilla/5.0 (compatible; AhrefsBot/7.0; +http://ahrefs.com/robot/)" "metrocrimedaily.com"
51.222.253.1 - - [23/Feb/2023:04:30:40 -0800] "GET /instagram-houston/post-later/02-20-2023-2054451-Police-officer-killed-at-Temple-University-starte.txt HTTP/1.1" 200 985 "-" "Mozilla/5.0 (compatible; AhrefsBot/7.0; +http://ahrefs.com/robot/)" "metrocrimedaily.com"
51.222.253.12 - - [23/Feb/2023:04:31:17 -0800] "GET /instagram-houston/post-later/02-20-2023-2054452-Galena-Park-residents-reeling-after-3-teens--incl.txt HTTP/1.1" 200 1146 "-" "Mozilla/5.0 (compatible; AhrefsBot/7.0; +http://ahrefs.com/robot/)" "metrocrimedaily.com"
51.222.253.6 - - [23/Feb/2023:04:31:54 -0800] "GET /instagram-houston/post-later/02-20-2023-2054454-Naperville-free-to-enforce-gun-sale-ban-after-rul.txt HTTP/1.1" 200 1041 "-" "Mozilla/5.0 (compatible; AhrefsBot/7.0; +http://ahrefs.com/robot/)" "metrocrimedaily.com"
51.222.253.4 - - [23/Feb/2023:04:32:30 -0800] "GET /instagram-houston/post-later/02-20-2023-2054455-Where-is-Olga-Silva--Authorities-need-your-help-f.txt HTTP/1.1" 200 486 "-" "Mozilla/5.0 (compatible; AhrefsBot/7.0; +http://ahrefs.com/robot/)" "metrocrimedaily.com"
114.119.133.53 - - [23/Feb/2023:04:32:52 -0800] "GET /instagram-newyork/02-02-2023-14552011-Sex-offender-OB-GYN-Robert-Hadden-is-behind-bars-.txt HTTP/1.1" 404 88 "https://metrocrimedaily.com/instagram-newyork/?C=M%3BO%3DA" "Mozilla/5.0 (Linux; Android 7.0;) AppleWebKit/537.36 (KHTML, like Gecko) Mobile Safari/537.36 (compatible; PetalBot;+https://webmaster.petalsearch.com/site/petalbot)" "metrocrimedaily.com"
51.222.253.19 - - [23/Feb/2023:04:33:05 -0800] "GET /instagram-houston/post-later/02-20-2023-2142532-18-year-old-charged-with-murder-in-shooting-death.txt HTTP/1.1" 200 204 "-" "Mozilla/5.0 (compatible; AhrefsBot/7.0; +http://ahrefs.com/robot/)" "metrocrimedaily.com"
51.222.253.20 - - [23/Feb/2023:04:33:50 -0800] "GET /instagram-houston/post-later/02-21-2023-22445410-CAUGHT-ON-CAMERA--Attackers-wanted-in-shoplifting.txt HTTP/1.1" 200 710 "-" "Mozilla/5.0 (compatible; AhrefsBot/7.0; +http://ahrefs.com/robot/)" "metrocrimedaily.com"
114.119.156.56 - - [23/Feb/2023:04:34:14 -0800] "GET /instagram-miami/02-22-2023-1315294-BSO--Bus-stolen-following-deputy-involved-shootin.txt HTTP/1.1" 200 858 "https://metrocrimedaily.com/instagram-miami/" "Mozilla/5.0 (Linux; Android 7.0;) AppleWebKit/537.36 (KHTML, like Gecko) Mobile Safari/537.36 (compatible; PetalBot;+https://webmaster.petalsearch.com/site/petalbot)" "metrocrimedaily.com"
51.222.253.6 - - [23/Feb/2023:04:34:17 -0800] "GET /instagram-houston/post-later/02-21-2023-22445411-Police--Teen-killed-after-SUV-intentionally-hits-.txt HTTP/1.1" 200 207 "-" "Mozilla/5.0 (compatible; AhrefsBot/7.0; +http://ahrefs.com/robot/)" "metrocrimedaily.com"
51.222.253.5 - - [23/Feb/2023:04:34:55 -0800] "GET /instagram-houston/post-later/02-21-2023-2244544--We-have-to-figure-out-what-that-looks-like---Nap.txt HTTP/1.1" 200 1031 "-" "Mozilla/5.0 (compatible; AhrefsBot/7.0; +http://ahrefs.com/robot/)" "metrocrimedaily.com"
114.119.159.15 - - [23/Feb/2023:04:35:35 -0800] "GET /instagram-atlanta/02-08-2023-1444021-Deputies-seize-meth--oxy-and-guns-at-Georgia-home.txt HTTP/1.1" 404 88 "https://metrocrimedaily.com/instagram-atlanta/?C=N%3BO%3DD" "Mozilla/5.0 (Linux; Android 7.0;) AppleWebKit/537.36 (KHTML, like Gecko) Mobile Safari/537.36 (compatible; PetalBot;+https://webmaster.petalsearch.com/site/petalbot)" "metrocrimedaily.com"
51.222.253.9 - - [23/Feb/2023:04:35:39 -0800] "GET /instagram-houston/post-later/02-21-2023-2244545-Man-charged-in-shooting-that-injured-a-person-in-.txt HTTP/1.1" 200 429 "-" "Mozilla/5.0 (compatible; AhrefsBot/7.0; +http://ahrefs.com/robot/)" "metrocrimedaily.com"
51.222.253.10 - - [23/Feb/2023:04:36:18 -0800] "GET /instagram-houston/post-later/02-21-2023-2244546-Lake-County-jail-inmate-who-died-Saturday-may-hav.txt HTTP/1.1" 200 880 "-" "Mozilla/5.0 (compatible; AhrefsBot/7.0; +http://ahrefs.com/robot/)" "metrocrimedaily.com"
51.222.253.2 - - [23/Feb/2023:04:36:47 -0800] "GET /instagram-houston/post-later/02-21-2023-2244547-Galena-Park-residents-in-shock-after-4-teens-kill.txt HTTP/1.1" 200 1094 "-" "Mozilla/5.0 (compatible; AhrefsBot/7.0; +http://ahrefs.com/robot/)" "metrocrimedaily.com"
114.119.142.37 - - [23/Feb/2023:04:36:58 -0800] "GET /instagram-newyork/02-22-2023-1212461-Man-charged-with-murder-in-death-of-Jersey-City-k.txt HTTP/1.1" 200 957 "http://www.metrocrimedaily.com/instagram-newyork/?C=M%3BO%3DA" "Mozilla/5.0 (Linux; Android 7.0;) AppleWebKit/537.36 (KHTML, like Gecko) Mobile Safari/537.36 (compatible; PetalBot;+https://webmaster.petalsearch.com/site/petalbot)" "www.metrocrimedaily.com"
51.222.253.20 - - [23/Feb/2023:04:37:26 -0800] "GET /instagram-houston/post-later/02-21-2023-2244548-Newport-News-police-investigating-shooting-that-l.txt HTTP/1.1" 200 456 "-" "Mozilla/5.0 (compatible; AhrefsBot/7.0; +http://ahrefs.com/robot/)" "metrocrimedaily.com"
51.222.253.1 - - [23/Feb/2023:04:37:47 -0800] "GET /instagram-houston/post-later/02-21-2023-2244549-Man-shoots-into-neighbor-s-home-in-Atascocita-bec.txt HTTP/1.1" 200 1081 "-" "Mozilla/5.0 (compatible; AhrefsBot/7.0; +http://ahrefs.com/robot/)" "metrocrimedaily.com"
157.55.39.214 - - [23/Feb/2023:04:37:51 -0800] "GET /instagram-losangeles/01-12-2023-1453453-Lisa-Marie-Presley-rushed-to-hospital-after-suffe.txt HTTP/1.1" 404 88 "-" "Mozilla/5.0 AppleWebKit/537.36 (KHTML, like Gecko; compatible; bingbot/2.0; +http://www.bing.com/bingbot.htm) Chrome/103.0.5060.134 Safari/537.36" "www.metrocrimedaily.com"
51.222.253.2 - - [23/Feb/2023:04:38:19 -0800] "GET /instagram-houston/post-later/02-22-2023-0027081-Colorado-gay-club-shooting-no-mystery--but-motive.txt HTTP/1.1" 200 1099 "-" "Mozilla/5.0 (compatible; AhrefsBot/7.0; +http://ahrefs.com/robot/)" "metrocrimedaily.com"
114.119.138.65 - - [23/Feb/2023:04:38:30 -0800] "GET /instagram-miami/post-later/02-03-2023-1709232-Mexican-actor-Pablo-Lyle-gets-prison-for-road-rag.txt HTTP/1.1" 404 88 "https://metrocrimedaily.com/instagram-miami/post-later/" "Mozilla/5.0 (Linux; Android 7.0;) AppleWebKit/537.36 (KHTML, like Gecko) Mobile Safari/537.36 (compatible; PetalBot;+https://webmaster.petalsearch.com/site/petalbot)" "metrocrimedaily.com"
51.222.253.2 - - [23/Feb/2023:04:38:46 -0800] "GET /instagram-houston/post-later/02-22-2023-0027082-Man-shoots-into-neighbor-s-home-in-Atascocita-bec.txt HTTP/1.1" 200 200 "-" "Mozilla/5.0 (compatible; AhrefsBot/7.0; +http://ahrefs.com/robot/)" "metrocrimedaily.com"
51.222.253.3 - - [23/Feb/2023:04:39:25 -0800] "GET /instagram-houston/post-later/02-22-2023-0027083--A-girl-with-a-smile----Church-remembers-teen-who.txt HTTP/1.1" 200 49 "-" "Mozilla/5.0 (compatible; AhrefsBot/7.0; +http://ahrefs.com/robot/)" "metrocrimedaily.com"
157.55.39.214 - - [23/Feb/2023:04:39:26 -0800] "GET /instagram-atlanta/12-23-2022-2043342-Mattie-s-Call-issued-for-79-year-old-man-who-didn.txt HTTP/1.1" 404 88 "-" "Mozilla/5.0 AppleWebKit/537.36 (KHTML, like Gecko; compatible; bingbot/2.0; +http://www.bing.com/bingbot.htm) Chrome/103.0.5060.134 Safari/537.36" "www.metrocrimedaily.com"
114.119.150.4 - - [23/Feb/2023:04:39:41 -0800] "GET /instagram-detroit/post-later/02-16-2023-1319238-MSU-shooting-survivors-may-experience-mental--edu.txt HTTP/1.1" 404 88 "https://metrocrimedaily.com/instagram-detroit/post-later/?C=D%3BO%3DA" "Mozilla/5.0 (Linux; Android 7.0;) AppleWebKit/537.36 (KHTML, like Gecko) Mobile Safari/537.36 (compatible; PetalBot;+https://webmaster.petalsearch.com/site/petalbot)" "metrocrimedaily.com"
51.222.253.15 - - [23/Feb/2023:04:39:55 -0800] "GET /instagram-houston/post-later/02-22-2023-0027084-Civil-rights-lawsuit-filed-after-man-claims-forme.txt HTTP/1.1" 200 49 "-" "Mozilla/5.0 (compatible; AhrefsBot/7.0; +http://ahrefs.com/robot/)" "metrocrimedaily.com"
51.222.253.16 - - [23/Feb/2023:04:40:34 -0800] "GET /instagram-houston/post-later/02-22-2023-0106471-Police-say-woman-jumped-to-her-death-from-bridge-.txt HTTP/1.1" 200 434 "-" "Mozilla/5.0 (compatible; AhrefsBot/7.0; +http://ahrefs.com/robot/)" "metrocrimedaily.com"
69.63.184.4 - - [23/Feb/2023:04:41:02 -0800] "GET /instagram-houston/02-23-2023-0640411-A.jpg HTTP/1.1" 200 90967 "-" "facebookexternalhit/1.1 (+http://www.facebook.com/externalhit_uatext.php)" "www.metrocrimedaily.com"
51.222.253.1 - - [23/Feb/2023:04:41:07 -0800] "GET /instagram-houston/post-later/02-22-2023-0455141-Man-arrested--accused-of-robbery--forcing-victims.txt HTTP/1.1" 200 732 "-" "Mozilla/5.0 (compatible; AhrefsBot/7.0; +http://ahrefs.com/robot/)" "metrocrimedaily.com"
114.119.142.100 - - [23/Feb/2023:04:41:16 -0800] "GET /instagram-newyork/02-19-2023-0557001-Elderly-Florida-woman-shoots--kills-armed-intrude.txt HTTP/1.1" 404 88 "http://www.metrocrimedaily.com/instagram-newyork/?C=N%3BO%3DD" "Mozilla/5.0 (Linux; Android 7.0;) AppleWebKit/537.36 (KHTML, like Gecko) Mobile Safari/537.36 (compatible; PetalBot;+https://webmaster.petalsearch.com/site/petalbot)" "www.metrocrimedaily.com"
69.63.184.116 - - [23/Feb/2023:04:41:29 -0800] "GET /instagram-houston/02-23-2023-0640412-A.jpg HTTP/1.1" 200 71382 "-" "facebookexternalhit/1.1 (+http://www.facebook.com/externalhit_uatext.php)" "www.metrocrimedaily.com"
51.222.253.5 - - [23/Feb/2023:04:41:44 -0800] "GET /instagram-houston/post-later/02-22-2023-0545281-Mother-of-slain-North-Texas-girl-sues-FedEx--cont.txt HTTP/1.1" 200 1079 "-" "Mozilla/5.0 (compatible; AhrefsBot/7.0; +http://ahrefs.com/robot/)" "metrocrimedaily.com"
51.222.253.16 - - [23/Feb/2023:04:42:14 -0800] "GET /instagram-houston/post-later/02-22-2023-0545282-In-a-Central-Texas-county--high-schoolers-are-jai.txt HTTP/1.1" 200 1169 "-" "Mozilla/5.0 (compatible; AhrefsBot/7.0; +http://ahrefs.com/robot/)" "metrocrimedaily.com"
114.119.156.44 - - [23/Feb/2023:04:42:36 -0800] "GET /instagram-losangeles/02-19-2023-2056322-Suspect-arrested-for-alleged-role-in-Seal-Beach-c.txt HTTP/1.1" 404 88 "http://www.metrocrimedaily.com/instagram-losangeles/" "Mozilla/5.0 (Linux; Android 7.0;) AppleWebKit/537.36 (KHTML, like Gecko) Mobile Safari/537.36 (compatible; PetalBot;+https://webmaster.petalsearch.com/site/petalbot)" "www.metrocrimedaily.com"
51.222.253.8 - - [23/Feb/2023:04:42:50 -0800] "GET /instagram-houston/post-later/02-22-2023-0545283-1-dead--2-hurt-after-night-out-ends-in-gunfire-in.txt HTTP/1.1" 200 49 "-" "Mozilla/5.0 (compatible; AhrefsBot/7.0; +http://ahrefs.com/robot/)" "metrocrimedaily.com"
51.222.253.18 - - [23/Feb/2023:04:43:24 -0800] "GET /instagram-houston/post-later/02-22-2023-0545284-HPD--Man-accused-of-fatally-shooting-daughter---s.txt HTTP/1.1" 200 633 "-" "Mozilla/5.0 (compatible; AhrefsBot/7.0; +http://ahrefs.com/robot/)" "metrocrimedaily.com"
