51.222.253.1 - - [22/Feb/2023:08:13:06 -0800] "GET /instagram-houston/post-later/02-20-2023-2054454-Naperville-free-to-enforce-gun-sale-ban-after-rul.txt HTTP/1.1" 200 1041 "-" "Mozilla/5.0 (compatible; AhrefsBot/7.0; +http://ahrefs.com/robot/)" "www.metrocrimedaily.com"
185.191.171.35 - - [22/Feb/2023:08:13:41 -0800] "GET /robots.txt HTTP/1.1" 404 88 "-" "Mozilla/5.0 (compatible; SemrushBot/7~bl; +http://www.semrush.com/bot.html)" "metrocrimedaily.com"
185.191.171.14 - - [22/Feb/2023:08:13:41 -0800] "GET /CRIME-WATCH-AMERICA/CRIME-WATCH-DETROIT/wget.exe HTTP/1.1" 200 4923280 "-" "Mozilla/5.0 (compatible; SemrushBot/7~bl; +http://www.semrush.com/bot.html)" "metrocrimedaily.com"
51.222.253.13 - - [22/Feb/2023:08:13:43 -0800] "GET /instagram-houston/post-later/02-20-2023-2054455-Where-is-Olga-Silva--Authorities-need-your-help-f.txt HTTP/1.1" 200 486 "-" "Mozilla/5.0 (compatible; AhrefsBot/7.0; +http://ahrefs.com/robot/)" "www.metrocrimedaily.com"
51.222.253.11 - - [22/Feb/2023:08:14:22 -0800] "GET /instagram-houston/post-later/02-20-2023-2142532-18-year-old-charged-with-murder-in-shooting-death.txt HTTP/1.1" 200 204 "-" "Mozilla/5.0 (compatible; AhrefsBot/7.0; +http://ahrefs.com/robot/)" "www.metrocrimedaily.com"
51.222.253.17 - - [22/Feb/2023:08:15:01 -0800] "GET /instagram-newyork/02-16-2023-0755101-Ex-con-nabbed-for-slaying-of-man-found-shot-to-de.txt HTTP/1.1" 404 88 "-" "Mozilla/5.0 (compatible; AhrefsBot/7.0; +http://ahrefs.com/robot/)" "www.metrocrimedaily.com"
185.191.171.2 - - [22/Feb/2023:08:15:20 -0800] "GET /CRIME-WATCH-AMERICA/CRIME-WATCH-STLOUIS/post-to-instagram-stlouis-RevA.bat HTTP/1.1" 200 16353 "-" "Mozilla/5.0 (compatible; SemrushBot/7~bl; +http://www.semrush.com/bot.html)" "metrocrimedaily.com"
5.255.231.4 - - [22/Feb/2023:08:15:38 -0800] "GET /instagram-houston/01-12-2023-2151391-Teen-shot-in-head-3-times-after-breaking-up-with-.txt HTTP/1.1" 404 88 "-" "Mozilla/5.0 (compatible; YandexBot/3.0; +http://yandex.com/bots)" "metrocrimedaily.com"
51.222.253.8 - - [22/Feb/2023:08:15:52 -0800] "GET /instagram-newyork/02-16-2023-0755102-Ex-con-killed-in-Manhattan-drive-by-shooting-.txt HTTP/1.1" 404 88 "-" "Mozilla/5.0 (compatible; AhrefsBot/7.0; +http://ahrefs.com/robot/)" "www.metrocrimedaily.com"
51.222.253.6 - - [22/Feb/2023:08:16:36 -0800] "GET /instagram-newyork/02-16-2023-0936531-Career-criminal-busted-for-trying-to-rape-woman-i.txt HTTP/1.1" 404 88 "-" "Mozilla/5.0 (compatible; AhrefsBot/7.0; +http://ahrefs.com/robot/)" "www.metrocrimedaily.com"
51.222.253.6 - - [22/Feb/2023:08:17:13 -0800] "GET /instagram-newyork/02-16-2023-1128391-Man-fatally-shot-in-Washington-Heights-.txt HTTP/1.1" 404 88 "-" "Mozilla/5.0 (compatible; AhrefsBot/7.0; +http://ahrefs.com/robot/)" "www.metrocrimedaily.com"
51.222.253.8 - - [22/Feb/2023:08:18:02 -0800] "GET /instagram-newyork/02-16-2023-1428431-House-reportedly-asked-to-investigate-George-Sant.txt HTTP/1.1" 404 88 "-" "Mozilla/5.0 (compatible; AhrefsBot/7.0; +http://ahrefs.com/robot/)" "www.metrocrimedaily.com"
51.222.253.17 - - [22/Feb/2023:08:18:45 -0800] "GET /instagram-newyork/02-16-2023-1727331-Teen-punched--stabbed--and-shot-at-in-the-Bronx-.txt HTTP/1.1" 404 88 "-" "Mozilla/5.0 (compatible; AhrefsBot/7.0; +http://ahrefs.com/robot/)" "www.metrocrimedaily.com"
185.191.171.7 - - [22/Feb/2023:08:19:17 -0800] "GET /CRIME-WATCH-AMERICA/CRIME-WATCH-DETROIT/send-email-to-kim-iPhone.bat HTTP/1.1" 200 4033 "-" "Mozilla/5.0 (compatible; SemrushBot/7~bl; +http://www.semrush.com/bot.html)" "metrocrimedaily.com"
51.222.253.7 - - [22/Feb/2023:08:19:21 -0800] "GET /instagram-newyork/02-16-2023-1947031-Accused-killer-of-FDNY-EMT-Yadira-Arroyo-whined-a.txt HTTP/1.1" 404 88 "-" "Mozilla/5.0 (compatible; AhrefsBot/7.0; +http://ahrefs.com/robot/)" "www.metrocrimedaily.com"
185.191.171.40 - - [22/Feb/2023:08:19:35 -0800] "GET /CRIME-WATCH-AMERICA/CRIME-WATCH-DETROIT/instagram-citd-lnkpreview-RevA.bat HTTP/1.1" 200 8725 "-" "Mozilla/5.0 (compatible; SemrushBot/7~bl; +http://www.semrush.com/bot.html)" "metrocrimedaily.com"
51.222.253.1 - - [22/Feb/2023:08:20:05 -0800] "GET /instagram-newyork/02-17-2023-0324251-Brooklyn-19-year-old---s-mom-believes-his-horrifi.txt HTTP/1.1" 404 88 "-" "Mozilla/5.0 (compatible; AhrefsBot/7.0; +http://ahrefs.com/robot/)" "www.metrocrimedaily.com"
51.222.253.18 - - [22/Feb/2023:08:20:48 -0800] "GET /instagram-newyork/02-17-2023-0324252-Man-charged-with-hate-crime-for-threatening-to-sh.txt HTTP/1.1" 404 88 "-" "Mozilla/5.0 (compatible; AhrefsBot/7.0; +http://ahrefs.com/robot/)" "www.metrocrimedaily.com"
51.222.253.17 - - [22/Feb/2023:08:21:27 -0800] "GET /instagram-newyork/02-17-2023-0639011-Minnesota-convicted-murderer-on-the-loose--may-be.txt HTTP/1.1" 404 88 "-" "Mozilla/5.0 (compatible; AhrefsBot/7.0; +http://ahrefs.com/robot/)" "www.metrocrimedaily.com"
185.191.171.15 - - [22/Feb/2023:08:21:44 -0800] "GET /CRIME-WATCH-AMERICA/CRIME-WATCH-MIAMI/?C=D%3BO%3DA HTTP/1.1" 200 374 "-" "Mozilla/5.0 (compatible; SemrushBot/7~bl; +http://www.semrush.com/bot.html)" "metrocrimedaily.com"
51.222.253.4 - - [22/Feb/2023:08:22:11 -0800] "GET /instagram-newyork/02-17-2023-0928011-Trump-wants-to-block-Access-Hollywood----grab----.txt HTTP/1.1" 404 88 "-" "Mozilla/5.0 (compatible; AhrefsBot/7.0; +http://ahrefs.com/robot/)" "www.metrocrimedaily.com"
51.222.253.17 - - [22/Feb/2023:08:23:16 -0800] "GET /instagram-newyork/02-17-2023-0928012-Gunman-opens-fire-on-Queens-deli-worker-with-assa.txt HTTP/1.1" 404 88 "-" "Mozilla/5.0 (compatible; AhrefsBot/7.0; +http://ahrefs.com/robot/)" "www.metrocrimedaily.com"
69.63.184.5 - - [22/Feb/2023:08:24:02 -0800] "GET /instagram-chicago/02-22-2023-0953062-A.jpg HTTP/1.1" 200 212933 "-" "facebookexternalhit/1.1 (+http://www.facebook.com/externalhit_uatext.php)" "www.metrocrimedaily.com"
51.222.253.18 - - [22/Feb/2023:08:24:06 -0800] "GET /instagram-newyork/02-17-2023-1113011--.txt HTTP/1.1" 404 88 "-" "Mozilla/5.0 (compatible; AhrefsBot/7.0; +http://ahrefs.com/robot/)" "www.metrocrimedaily.com"
69.63.184.119 - - [22/Feb/2023:08:24:20 -0800] "GET /instagram-atlanta/02-22-2023-1023591-A.jpg HTTP/1.1" 200 170744 "-" "facebookexternalhit/1.1 (+http://www.facebook.com/externalhit_uatext.php)" "www.metrocrimedaily.com"
51.222.253.18 - - [22/Feb/2023:08:24:44 -0800] "GET /instagram-newyork/02-17-2023-1113012-Thieves-raid-SoHo-Givenchy--stealing-$50K-in-pric.txt HTTP/1.1" 404 88 "-" "Mozilla/5.0 (compatible; AhrefsBot/7.0; +http://ahrefs.com/robot/)" "www.metrocrimedaily.com"
185.191.171.19 - - [22/Feb/2023:08:24:58 -0800] "GET /CRIME-WATCH-AMERICA/CRIME-WATCH-CHICAGO/youtube-dl.exe HTTP/1.1" 200 8031644 "-" "Mozilla/5.0 (compatible; SemrushBot/7~bl; +http://www.semrush.com/bot.html)" "metrocrimedaily.com"
51.222.253.3 - - [22/Feb/2023:08:25:23 -0800] "GET /instagram-newyork/02-17-2023-1113013-Officials--23-year-old-man-fatally-stabbed-inside.txt HTTP/1.1" 404 88 "-" "Mozilla/5.0 (compatible; AhrefsBot/7.0; +http://ahrefs.com/robot/)" "www.metrocrimedaily.com"
51.222.253.3 - - [22/Feb/2023:08:26:02 -0800] "GET /instagram-newyork/02-17-2023-1113014--.txt HTTP/1.1" 404 88 "-" "Mozilla/5.0 (compatible; AhrefsBot/7.0; +http://ahrefs.com/robot/)" "www.metrocrimedaily.com"
51.222.253.10 - - [22/Feb/2023:08:26:46 -0800] "GET /instagram-newyork/02-17-2023-1500231-Jen-Shah-reports-to-prison---Real-Housewives--sta.txt HTTP/1.1" 404 88 "-" "Mozilla/5.0 (compatible; AhrefsBot/7.0; +http://ahrefs.com/robot/)" "www.metrocrimedaily.com"
51.222.253.19 - - [22/Feb/2023:08:27:30 -0800] "GET /instagram-newyork/02-17-2023-1730491-NYPD-investigates-accusations-of-theft-brought-up.txt HTTP/1.1" 404 88 "-" "Mozilla/5.0 (compatible; AhrefsBot/7.0; +http://ahrefs.com/robot/)" "www.metrocrimedaily.com"
185.191.171.15 - - [22/Feb/2023:08:27:56 -0800] "GET /instagram-chicago/post-later/?C=S%3BO%3DA HTTP/1.1" 200 1665 "-" "Mozilla/5.0 (compatible; SemrushBot/7~bl; +http://www.semrush.com/bot.html)" "metrocrimedaily.com"
51.222.253.1 - - [22/Feb/2023:08:28:10 -0800] "GET /instagram-newyork/02-17-2023-2034281-Ex-CNN-anchor-Chris-Cuomo-says-firing-consumed-hi.txt HTTP/1.1" 404 88 "-" "Mozilla/5.0 (compatible; AhrefsBot/7.0; +http://ahrefs.com/robot/)" "www.metrocrimedaily.com"
51.222.253.12 - - [22/Feb/2023:08:28:50 -0800] "GET /instagram-newyork/02-17-2023-2034282-7-year-old-girl-killed-by-SUV-in-Queens-.txt HTTP/1.1" 404 88 "-" "Mozilla/5.0 (compatible; AhrefsBot/7.0; +http://ahrefs.com/robot/)" "www.metrocrimedaily.com"
51.222.253.9 - - [22/Feb/2023:08:29:32 -0800] "GET /instagram-newyork/02-17-2023-2034283-Calls-for-NYC-to-release-information-on-air-quali.txt HTTP/1.1" 404 88 "-" "Mozilla/5.0 (compatible; AhrefsBot/7.0; +http://ahrefs.com/robot/)" "www.metrocrimedaily.com"
51.222.253.1 - - [22/Feb/2023:08:30:13 -0800] "GET /instagram-newyork/02-17-2023-2034284-Man-killed-by-chicken-in-vicious-attack-.txt HTTP/1.1" 404 88 "-" "Mozilla/5.0 (compatible; AhrefsBot/7.0; +http://ahrefs.com/robot/)" "www.metrocrimedaily.com"
51.222.253.7 - - [22/Feb/2023:08:30:51 -0800] "GET /instagram-newyork/02-17-2023-2215291-9-year-old-girl-dies-after-SUV-strikes-her-on-Que.txt HTTP/1.1" 404 88 "-" "Mozilla/5.0 (compatible; AhrefsBot/7.0; +http://ahrefs.com/robot/)" "www.metrocrimedaily.com"
51.222.253.9 - - [22/Feb/2023:08:31:34 -0800] "GET /instagram-newyork/02-17-2023-2215292--.txt HTTP/1.1" 404 88 "-" "Mozilla/5.0 (compatible; AhrefsBot/7.0; +http://ahrefs.com/robot/)" "www.metrocrimedaily.com"
157.55.39.214 - - [22/Feb/2023:08:31:52 -0800] "GET /instagram-houston/01-11-2023-1430275-Sheriff---s-deputy-shot--homicide-suspect-killed-.txt HTTP/1.1" 404 88 "-" "Mozilla/5.0 AppleWebKit/537.36 (KHTML, like Gecko; compatible; bingbot/2.0; +http://www.bing.com/bingbot.htm) Chrome/103.0.5060.134 Safari/537.36" "www.metrocrimedaily.com"
185.191.171.26 - - [22/Feb/2023:08:32:18 -0800] "GET /CRIME-WATCH-AMERICA/CRIME-WATCH-DETROIT/mcd-prolog.html HTTP/1.1" 200 839 "-" "Mozilla/5.0 (compatible; SemrushBot/7~bl; +http://www.semrush.com/bot.html)" "metrocrimedaily.com"
51.222.253.8 - - [22/Feb/2023:08:32:26 -0800] "GET /instagram-newyork/02-18-2023-0702491-Cow-sex-allegation-leads-man-to-kill-fiancee-.txt HTTP/1.1" 404 88 "-" "Mozilla/5.0 (compatible; AhrefsBot/7.0; +http://ahrefs.com/robot/)" "www.metrocrimedaily.com"
51.222.253.18 - - [22/Feb/2023:08:33:13 -0800] "GET /instagram-newyork/02-18-2023-1019491-Woman-struck--killed-by-NYPD-vehicle-in-Queens-.txt HTTP/1.1" 404 88 "-" "Mozilla/5.0 (compatible; AhrefsBot/7.0; +http://ahrefs.com/robot/)" "www.metrocrimedaily.com"
51.222.253.3 - - [22/Feb/2023:08:33:51 -0800] "GET /instagram-newyork/02-18-2023-1129122-Man-gunned-down-in-Bronx-was-arguing-with-teens-w.txt HTTP/1.1" 404 88 "-" "Mozilla/5.0 (compatible; AhrefsBot/7.0; +http://ahrefs.com/robot/)" "www.metrocrimedaily.com"
157.55.39.214 - - [22/Feb/2023:08:34:30 -0800] "GET /instagram-chicago/01-17-2023-1714351-Wisconsin-man-arrested-on-drug--gun-charges-on-I-.txt HTTP/1.1" 404 88 "-" "Mozilla/5.0 AppleWebKit/537.36 (KHTML, like Gecko; compatible; bingbot/2.0; +http://www.bing.com/bingbot.htm) Chrome/103.0.5060.134 Safari/537.36" "www.metrocrimedaily.com"
51.222.253.15 - - [22/Feb/2023:08:34:42 -0800] "GET /instagram-newyork/02-18-2023-1249051-Family-mourns-Deandre-Matthews--young-gay-man-fou.txt HTTP/1.1" 404 88 "-" "Mozilla/5.0 (compatible; AhrefsBot/7.0; +http://ahrefs.com/robot/)" "www.metrocrimedaily.com"
51.222.253.15 - - [22/Feb/2023:08:35:25 -0800] "GET /instagram-newyork/02-18-2023-1838541-Queens-robbery-suspect-gets-conviction-tossed-aft.txt HTTP/1.1" 404 88 "-" "Mozilla/5.0 (compatible; AhrefsBot/7.0; +http://ahrefs.com/robot/)" "www.metrocrimedaily.com"
51.222.253.1 - - [22/Feb/2023:08:36:04 -0800] "GET /instagram-newyork/02-19-2023-0241371-Man--75--arrested-in-2005-killing-of-California-w.txt HTTP/1.1" 404 88 "-" "Mozilla/5.0 (compatible; AhrefsBot/7.0; +http://ahrefs.com/robot/)" "www.metrocrimedaily.com"
51.222.253.3 - - [22/Feb/2023:08:36:44 -0800] "GET /instagram-newyork/02-19-2023-0557001-Elderly-Florida-woman-shoots--kills-armed-intrude.txt HTTP/1.1" 404 88 "-" "Mozilla/5.0 (compatible; AhrefsBot/7.0; +http://ahrefs.com/robot/)" "www.metrocrimedaily.com"
51.222.253.18 - - [22/Feb/2023:08:37:23 -0800] "GET /instagram-newyork/02-19-2023-0839461-Woman-fatally-struck-by-SUV-driver-after-tripping.txt HTTP/1.1" 404 88 "-" "Mozilla/5.0 (compatible; AhrefsBot/7.0; +http://ahrefs.com/robot/)" "www.metrocrimedaily.com"
185.191.171.1 - - [22/Feb/2023:08:37:29 -0800] "GET /instagram-losangeles/post-later/?C=S%3BO%3DA HTTP/1.1" 200 2578 "-" "Mozilla/5.0 (compatible; SemrushBot/7~bl; +http://www.semrush.com/bot.html)" "metrocrimedaily.com"
185.191.171.11 - - [22/Feb/2023:08:37:46 -0800] "GET /instagram-miami/post-later/?C=S%3BO%3DA HTTP/1.1" 200 887 "-" "Mozilla/5.0 (compatible; SemrushBot/7~bl; +http://www.semrush.com/bot.html)" "metrocrimedaily.com"
51.222.253.13 - - [22/Feb/2023:08:38:06 -0800] "GET /instagram-newyork/02-19-2023-0943231-Temple-University-police-officer-killed-in-shooti.txt HTTP/1.1" 404 88 "-" "Mozilla/5.0 (compatible; AhrefsBot/7.0; +http://ahrefs.com/robot/)" "www.metrocrimedaily.com"
51.222.253.17 - - [22/Feb/2023:08:38:41 -0800] "GET /instagram-newyork/02-19-2023-1052322-Man-wanted-for-questioning-in-Harlem-smoke-shop-m.txt HTTP/1.1" 404 88 "-" "Mozilla/5.0 (compatible; AhrefsBot/7.0; +http://ahrefs.com/robot/)" "www.metrocrimedaily.com"
51.222.253.14 - - [22/Feb/2023:08:39:20 -0800] "GET /instagram-newyork/02-19-2023-1232271-Man-dragged-off-NYC-subway--punched-several-times.txt HTTP/1.1" 404 88 "-" "Mozilla/5.0 (compatible; AhrefsBot/7.0; +http://ahrefs.com/robot/)" "www.metrocrimedaily.com"
185.191.171.24 - - [22/Feb/2023:08:39:59 -0800] "GET /CRIME-WATCH-AMERICA/CRIME-WATCH-ATLANTA/support/ HTTP/1.1" 200 964 "-" "Mozilla/5.0 (compatible; SemrushBot/7~bl; +http://www.semrush.com/bot.html)" "metrocrimedaily.com"
69.63.184.119 - - [22/Feb/2023:08:40:01 -0800] "GET /instagram-detroit/02-22-2023-1039131-A.jpg HTTP/1.1" 200 62470 "-" "facebookexternalhit/1.1 (+http://www.facebook.com/externalhit_uatext.php)" "www.metrocrimedaily.com"
51.222.253.7 - - [22/Feb/2023:08:40:02 -0800] "GET /instagram-newyork/02-19-2023-1232272-Bronx-car-wash-worker-killed-by-hit-and-run-SUV-d.txt HTTP/1.1" 404 88 "-" "Mozilla/5.0 (compatible; AhrefsBot/7.0; +http://ahrefs.com/robot/)" "www.metrocrimedaily.com"
51.222.253.7 - - [22/Feb/2023:08:40:35 -0800] "GET /instagram-newyork/02-19-2023-1232273-3-killed--including-1-juvenile--in-Linden-shootin.txt HTTP/1.1" 404 88 "-" "Mozilla/5.0 (compatible; AhrefsBot/7.0; +http://ahrefs.com/robot/)" "www.metrocrimedaily.com"
51.222.253.6 - - [22/Feb/2023:08:41:16 -0800] "GET /instagram-newyork/02-19-2023-1352511-Man-charged-for-holding-woman-hostage-for-nearly-.txt HTTP/1.1" 404 88 "-" "Mozilla/5.0 (compatible; AhrefsBot/7.0; +http://ahrefs.com/robot/)" "www.metrocrimedaily.com"
51.222.253.19 - - [22/Feb/2023:08:42:02 -0800] "GET /instagram-newyork/02-19-2023-1735241-South-Carolina-wife--mother-shot-to-death-in-fron.txt HTTP/1.1" 404 88 "-" "Mozilla/5.0 (compatible; AhrefsBot/7.0; +http://ahrefs.com/robot/)" "www.metrocrimedaily.com"
51.222.253.20 - - [22/Feb/2023:08:42:45 -0800] "GET /instagram-newyork/02-19-2023-1735242-Health-aide-fatally-struck-by-NYPD-vehicle-was-wa.txt HTTP/1.1" 404 88 "-" "Mozilla/5.0 (compatible; AhrefsBot/7.0; +http://ahrefs.com/robot/)" "www.metrocrimedaily.com"
51.222.253.14 - - [22/Feb/2023:08:43:27 -0800] "GET /instagram-newyork/02-19-2023-1946371-Health-aide-fatally-struck-by-NYPD-vehicle-was-wa.txt HTTP/1.1" 404 88 "-" "Mozilla/5.0 (compatible; AhrefsBot/7.0; +http://ahrefs.com/robot/)" "www.metrocrimedaily.com"
51.222.253.16 - - [22/Feb/2023:08:44:16 -0800] "GET /instagram-newyork/02-20-2023-0559341-Wisconsin-dismemberment-case--Woman-accused-attac.txt HTTP/1.1" 404 88 "-" "Mozilla/5.0 (compatible; AhrefsBot/7.0; +http://ahrefs.com/robot/)" "www.metrocrimedaily.com"
40.77.167.203 - - [22/Feb/2023:08:44:29 -0800] "GET /robots.txt HTTP/1.1" 404 88 "-" "Mozilla/5.0 AppleWebKit/537.36 (KHTML, like Gecko; compatible; bingbot/2.0; +http://www.bing.com/bingbot.htm) Chrome/103.0.5060.134 Safari/537.36" "www.metrocrimedaily.com"
40.77.167.203 - - [22/Feb/2023:08:44:29 -0800] "GET /robots.txt HTTP/1.1" 404 88 "-" "Mozilla/5.0 AppleWebKit/537.36 (KHTML, like Gecko; compatible; bingbot/2.0; +http://www.bing.com/bingbot.htm) Chrome/103.0.5060.134 Safari/537.36" "www.metrocrimedaily.com"
51.222.253.13 - - [22/Feb/2023:08:44:57 -0800] "GET /instagram-newyork/02-20-2023-1023061-WW1-era-machine-gun-stolen-from-roof-of-Long-Isla.txt HTTP/1.1" 404 88 "-" "Mozilla/5.0 (compatible; AhrefsBot/7.0; +http://ahrefs.com/robot/)" "www.metrocrimedaily.com"
185.191.171.23 - - [22/Feb/2023:08:45:25 -0800] "GET /instagram-stlouis/videos/?C=S%3BO%3DA HTTP/1.1" 200 474 "-" "Mozilla/5.0 (compatible; SemrushBot/7~bl; +http://www.semrush.com/bot.html)" "metrocrimedaily.com"
51.222.253.4 - - [22/Feb/2023:08:45:39 -0800] "GET /instagram-newyork/02-20-2023-1631141-Elderly-man-killed-on-Coney-Island-.txt HTTP/1.1" 404 88 "-" "Mozilla/5.0 (compatible; AhrefsBot/7.0; +http://ahrefs.com/robot/)" "www.metrocrimedaily.com"
51.222.253.12 - - [22/Feb/2023:08:46:16 -0800] "GET /instagram-newyork/02-20-2023-1631142-Queens-drug-kingpin-Lorenzo----Fat-Cat----Nichols.txt HTTP/1.1" 404 88 "-" "Mozilla/5.0 (compatible; AhrefsBot/7.0; +http://ahrefs.com/robot/)" "www.metrocrimedaily.com"
51.222.253.17 - - [22/Feb/2023:08:47:04 -0800] "GET /instagram-newyork/02-20-2023-2238271-NYPD-releases-photo-of-person-of-interest-in-dead.txt HTTP/1.1" 404 88 "-" "Mozilla/5.0 (compatible; AhrefsBot/7.0; +http://ahrefs.com/robot/)" "www.metrocrimedaily.com"
51.222.253.13 - - [22/Feb/2023:08:47:43 -0800] "GET /instagram-chicago/02-19-2023-2118102-CPD--Woman-charged-with-murder-in-4-month-old---s.txt HTTP/1.1" 404 88 "-" "Mozilla/5.0 (compatible; AhrefsBot/7.0; +http://ahrefs.com/robot/)" "www.metrocrimedaily.com"
51.222.253.5 - - [22/Feb/2023:08:48:19 -0800] "GET /instagram-losangeles/02-16-2023-1117212-Chino-city-council-condemns-judge-who-approved-ba.txt HTTP/1.1" 404 88 "-" "Mozilla/5.0 (compatible; AhrefsBot/7.0; +http://ahrefs.com/robot/)" "metrocrimedaily.com"
51.222.253.15 - - [22/Feb/2023:08:49:05 -0800] "GET /instagram-losangeles/02-16-2023-1117213-Watch--Tampa-woman-fights-off-attacker-inside-gym.txt HTTP/1.1" 404 88 "-" "Mozilla/5.0 (compatible; AhrefsBot/7.0; +http://ahrefs.com/robot/)" "metrocrimedaily.com"
51.222.253.14 - - [22/Feb/2023:08:49:49 -0800] "GET /instagram-losangeles/02-16-2023-1327181-California-school-board-member-among-213-arrested.txt HTTP/1.1" 404 88 "-" "Mozilla/5.0 (compatible; AhrefsBot/7.0; +http://ahrefs.com/robot/)" "metrocrimedaily.com"
77.75.79.31 - - [22/Feb/2023:08:49:52 -0800] "GET /robots.txt HTTP/1.1" 404 88 "-" "Mozilla/5.0 (compatible; SeznamBot/4.0-RC1; +http://napoveda.seznam.cz/seznambot-intro/)" "metrocrimedaily.com"
77.75.79.31 - - [22/Feb/2023:08:49:52 -0800] "GET /index.html HTTP/1.1" 200 148200 "-" "Mozilla/5.0 (compatible; SeznamBot/4.0-RC1; +http://napoveda.seznam.cz/seznambot-intro/)" "metrocrimedaily.com"
51.222.253.15 - - [22/Feb/2023:08:50:28 -0800] "GET /instagram-losangeles/02-16-2023-1701101-Van-Nuys-HS-on-lockdown-after-child-brings-gun-to.txt HTTP/1.1" 404 88 "-" "Mozilla/5.0 (compatible; AhrefsBot/7.0; +http://ahrefs.com/robot/)" "metrocrimedaily.com"
5.255.231.4 - - [22/Feb/2023:08:50:53 -0800] "GET /instagram-newyork/01-12-2023-2317521-Cops-nab-suspect-in-2021-broad-daylight-slaying-o.txt HTTP/1.1" 404 88 "-" "Mozilla/5.0 (compatible; YandexBot/3.0; +http://yandex.com/bots)" "metrocrimedaily.com"
69.63.184.116 - - [22/Feb/2023:08:51:08 -0800] "GET /instagram-houston/02-22-2023-1050481-A.jpg HTTP/1.1" 200 70703 "-" "facebookexternalhit/1.1 (+http://www.facebook.com/externalhit_uatext.php)" "www.metrocrimedaily.com"
51.222.253.4 - - [22/Feb/2023:08:51:11 -0800] "GET /instagram-losangeles/02-16-2023-1701102-Fugitives-arrested-in-Mexico-for-Riverside-County.txt HTTP/1.1" 404 88 "-" "Mozilla/5.0 (compatible; AhrefsBot/7.0; +http://ahrefs.com/robot/)" "metrocrimedaily.com"
69.63.184.120 - - [22/Feb/2023:08:51:36 -0800] "GET /instagram-houston/02-22-2023-1050482-A.jpg HTTP/1.1" 200 85887 "-" "facebookexternalhit/1.1 (+http://www.facebook.com/externalhit_uatext.php)" "www.metrocrimedaily.com"
51.222.253.3 - - [22/Feb/2023:08:51:47 -0800] "GET /instagram-losangeles/02-16-2023-1820391-Memorial-service-held-for-doctor-killed-in-violen.txt HTTP/1.1" 404 88 "-" "Mozilla/5.0 (compatible; AhrefsBot/7.0; +http://ahrefs.com/robot/)" "metrocrimedaily.com"
40.77.167.176 - - [22/Feb/2023:08:51:57 -0800] "GET /instagram-losangeles/01-20-2023-1608121-News-outlets-join-to-oppose-gag-order-in-Idaho-st.txt HTTP/1.1" 404 88 "-" "Mozilla/5.0 AppleWebKit/537.36 (KHTML, like Gecko; compatible; bingbot/2.0; +http://www.bing.com/bingbot.htm) Chrome/103.0.5060.134 Safari/537.36" "www.metrocrimedaily.com"
69.63.184.119 - - [22/Feb/2023:08:52:04 -0800] "GET /instagram-houston/02-22-2023-1050483-A.jpg HTTP/1.1" 200 213453 "-" "facebookexternalhit/1.1 (+http://www.facebook.com/externalhit_uatext.php)" "www.metrocrimedaily.com"
51.222.253.10 - - [22/Feb/2023:08:52:30 -0800] "GET /instagram-losangeles/02-16-2023-1820392-Ex-CA-school-board-leader--others-face-charges-ov.txt HTTP/1.1" 404 88 "-" "Mozilla/5.0 (compatible; AhrefsBot/7.0; +http://ahrefs.com/robot/)" "metrocrimedaily.com"
185.191.171.34 - - [22/Feb/2023:08:53:04 -0800] "GET /CRIME-WATCH-AMERICA/CRIME-WATCH-STLOUIS/sendemail.bat HTTP/1.1" 200 500 "-" "Mozilla/5.0 (compatible; SemrushBot/7~bl; +http://www.semrush.com/bot.html)" "metrocrimedaily.com"
51.222.253.9 - - [22/Feb/2023:08:53:22 -0800] "GET /instagram-losangeles/02-16-2023-1820393-Police-search-for-murder-suspect-following-San-Fe.txt HTTP/1.1" 404 88 "-" "Mozilla/5.0 (compatible; AhrefsBot/7.0; +http://ahrefs.com/robot/)" "metrocrimedaily.com"
157.55.39.214 - - [22/Feb/2023:08:54:02 -0800] "GET /instagram-chicago/01-13-2023-1310153-Stuntman-Robbie-Knievel--son-of-Evel-Knievel--die.txt HTTP/1.1" 404 88 "-" "Mozilla/5.0 AppleWebKit/537.36 (KHTML, like Gecko; compatible; bingbot/2.0; +http://www.bing.com/bingbot.htm) Chrome/103.0.5060.134 Safari/537.36" "www.metrocrimedaily.com"
51.222.253.6 - - [22/Feb/2023:08:54:03 -0800] "GET /instagram-losangeles/02-16-2023-2001191-Authorities-seek-public---s-help-in-killing-of-Sa.txt HTTP/1.1" 404 88 "-" "Mozilla/5.0 (compatible; AhrefsBot/7.0; +http://ahrefs.com/robot/)" "metrocrimedaily.com"
69.63.184.116 - - [22/Feb/2023:08:54:38 -0800] "GET /instagram-chicago/02-22-2023-0953063-A.jpg HTTP/1.1" 200 218811 "-" "facebookexternalhit/1.1 (+http://www.facebook.com/externalhit_uatext.php)" "www.metrocrimedaily.com"
51.222.253.8 - - [22/Feb/2023:08:54:53 -0800] "GET /instagram-losangeles/02-17-2023-0329002-3-people-hospitalized--including-innocent-victim-.txt HTTP/1.1" 404 88 "-" "Mozilla/5.0 (compatible; AhrefsBot/7.0; +http://ahrefs.com/robot/)" "metrocrimedaily.com"
5.255.231.4 - - [22/Feb/2023:08:55:36 -0800] "GET /instagram-newyork/01-11-2023-1618311-NYC-correction-officer-jumped-in-Rikers-Island-ja.txt HTTP/1.1" 404 88 "-" "Mozilla/5.0 (compatible; YandexBot/3.0; +http://yandex.com/bots)" "metrocrimedaily.com"
51.222.253.16 - - [22/Feb/2023:08:55:43 -0800] "GET /instagram-losangeles/02-17-2023-0329004-Man-wanted-for-attempted-kidnapping-and-robbery-o.txt HTTP/1.1" 404 88 "-" "Mozilla/5.0 (compatible; AhrefsBot/7.0; +http://ahrefs.com/robot/)" "metrocrimedaily.com"
51.222.253.14 - - [22/Feb/2023:08:56:27 -0800] "GET /instagram-losangeles/02-17-2023-0935571-2-killed-in-crash-on-5-Fwy-in-Sun-Valley--CHP-.txt HTTP/1.1" 404 88 "-" "Mozilla/5.0 (compatible; AhrefsBot/7.0; +http://ahrefs.com/robot/)" "metrocrimedaily.com"
185.191.171.10 - - [22/Feb/2023:08:56:54 -0800] "GET /instagram-newyork/post-later/?C=D%3BO%3DA HTTP/1.1" 200 331 "-" "Mozilla/5.0 (compatible; SemrushBot/7~bl; +http://www.semrush.com/bot.html)" "metrocrimedaily.com"
51.222.253.7 - - [22/Feb/2023:08:57:17 -0800] "GET /instagram-losangeles/02-17-2023-0935572-Eli-Hart-killing--Mom-sentenced-to-life-in-prison.txt HTTP/1.1" 404 88 "-" "Mozilla/5.0 (compatible; AhrefsBot/7.0; +http://ahrefs.com/robot/)" "metrocrimedaily.com"
69.63.184.120 - - [22/Feb/2023:08:57:39 -0800] "GET /instagram-miami/02-22-2023-1057181-A.jpg HTTP/1.1" 200 175883 "-" "facebookexternalhit/1.1 (+http://www.facebook.com/externalhit_uatext.php)" "www.metrocrimedaily.com"
51.222.253.11 - - [22/Feb/2023:08:57:57 -0800] "GET /instagram-losangeles/02-17-2023-1121341-Ontario-triple-homicide--Suspect-identified-as-re.txt HTTP/1.1" 404 88 "-" "Mozilla/5.0 (compatible; AhrefsBot/7.0; +http://ahrefs.com/robot/)" "metrocrimedaily.com"
51.222.253.14 - - [22/Feb/2023:08:58:40 -0800] "GET /instagram-losangeles/02-17-2023-1121342-Worker-pleads-not-guilty-to-killing-7-at-Californ.txt HTTP/1.1" 404 88 "-" "Mozilla/5.0 (compatible; AhrefsBot/7.0; +http://ahrefs.com/robot/)" "metrocrimedaily.com"
5.255.231.4 - - [22/Feb/2023:08:59:18 -0800] "GET /instagram-losangeles/01-12-2023-1621452-Lisa-Marie-Presley-hospitalized-after-going-into-.txt HTTP/1.1" 404 88 "-" "Mozilla/5.0 (compatible; YandexBot/3.0; +http://yandex.com/bots)" "metrocrimedaily.com"
51.222.253.1 - - [22/Feb/2023:08:59:25 -0800] "GET /instagram-losangeles/02-17-2023-1121343-Shooter-in-Montclair-triple-homicide-is-related-t.txt HTTP/1.1" 404 88 "-" "Mozilla/5.0 (compatible; AhrefsBot/7.0; +http://ahrefs.com/robot/)" "metrocrimedaily.com"
51.222.253.13 - - [22/Feb/2023:09:00:13 -0800] "GET /instagram-losangeles/02-17-2023-1121344-Louisiana-officer-arrested-for-deadly-shooting-of.txt HTTP/1.1" 404 88 "-" "Mozilla/5.0 (compatible; AhrefsBot/7.0; +http://ahrefs.com/robot/)" "metrocrimedaily.com"
51.222.253.3 - - [22/Feb/2023:09:00:55 -0800] "GET /instagram-losangeles/02-17-2023-1121345-5-former-Memphis-officers-plead-not-guilty-in-dea.txt HTTP/1.1" 404 88 "-" "Mozilla/5.0 (compatible; AhrefsBot/7.0; +http://ahrefs.com/robot/)" "metrocrimedaily.com"
69.63.184.119 - - [22/Feb/2023:09:00:59 -0800] "GET /instagram-memphis/02-22-2023-1100401-A.jpg HTTP/1.1" 200 126017 "-" "facebookexternalhit/1.1 (+http://www.facebook.com/externalhit_uatext.php)" "www.metrocrimedaily.com"
51.222.253.7 - - [22/Feb/2023:09:01:37 -0800] "GET /instagram-losangeles/02-17-2023-1350571-Trump-lawyers-try-to-ban----Access-Hollywood----t.txt HTTP/1.1" 404 88 "-" "Mozilla/5.0 (compatible; AhrefsBot/7.0; +http://ahrefs.com/robot/)" "metrocrimedaily.com"
69.63.184.4 - - [22/Feb/2023:09:02:21 -0800] "GET /instagram-stlouis/02-22-2023-1102021-A.jpg HTTP/1.1" 200 152029 "-" "facebookexternalhit/1.1 (+http://www.facebook.com/externalhit_uatext.php)" "www.metrocrimedaily.com"
51.222.253.19 - - [22/Feb/2023:09:02:28 -0800] "GET /instagram-losangeles/02-17-2023-1350572-Pregnant-Detroit-mom-shoots-woman-pregnant-by-the.txt HTTP/1.1" 404 88 "-" "Mozilla/5.0 (compatible; AhrefsBot/7.0; +http://ahrefs.com/robot/)" "metrocrimedaily.com"
51.222.253.1 - - [22/Feb/2023:09:03:10 -0800] "GET /instagram-losangeles/02-17-2023-1506271-California-to-review-cases-for-possible-wrongful-.txt HTTP/1.1" 404 88 "-" "Mozilla/5.0 (compatible; AhrefsBot/7.0; +http://ahrefs.com/robot/)" "metrocrimedaily.com"
51.222.253.11 - - [22/Feb/2023:09:04:02 -0800] "GET /instagram-losangeles/02-17-2023-1506273-Man-suspected-of-shooting-Orthodox-Jews-sought-ou.txt HTTP/1.1" 404 88 "-" "Mozilla/5.0 (compatible; AhrefsBot/7.0; +http://ahrefs.com/robot/)" "metrocrimedaily.com"
69.63.184.3 - - [22/Feb/2023:09:05:21 -0800] "GET /instagram-atlanta/02-22-2023-1101591-A.jpg HTTP/1.1" 200 127938 "-" "facebookexternalhit/1.1 (+http://www.facebook.com/externalhit_uatext.php)" "www.metrocrimedaily.com"
185.191.171.1 - - [22/Feb/2023:09:06:34 -0800] "GET /instagram-atlanta/videos/?C=S%3BO%3DA HTTP/1.1" 200 1160 "-" "Mozilla/5.0 (compatible; SemrushBot/7~bl; +http://www.semrush.com/bot.html)" "metrocrimedaily.com"
5.255.231.4 - - [22/Feb/2023:09:06:47 -0800] "GET /instagram-losangeles/01-16-2023-0107161-Takar-Smith--Family-demands-answers-after-mental-.txt HTTP/1.1" 404 88 "-" "Mozilla/5.0 (compatible; YandexBot/3.0; +http://yandex.com/bots)" "metrocrimedaily.com"
69.63.184.116 - - [22/Feb/2023:09:07:31 -0800] "GET /instagram-dallas/02-22-2023-1107101-A.jpg HTTP/1.1" 200 149232 "-" "facebookexternalhit/1.1 (+http://www.facebook.com/externalhit_uatext.php)" "www.metrocrimedaily.com"
69.63.184.120 - - [22/Feb/2023:09:08:14 -0800] "GET /instagram-newyork/02-22-2023-1107551-A.jpg HTTP/1.1" 200 156409 "-" "facebookexternalhit/1.1 (+http://www.facebook.com/externalhit_uatext.php)" "www.metrocrimedaily.com"
69.63.184.117 - - [22/Feb/2023:09:12:07 -0800] "GET /instagram-neworleans/02-22-2023-1111481-A.jpg HTTP/1.1" 200 191101 "-" "facebookexternalhit/1.1 (+http://www.facebook.com/externalhit_uatext.php)" "www.metrocrimedaily.com"
185.191.171.18 - - [22/Feb/2023:09:12:14 -0800] "GET /CRIME-WATCH-AMERICA/CRIME-WATCH-CHICAGO/?C=N%3BO%3DD HTTP/1.1" 200 1249 "-" "Mozilla/5.0 (compatible; SemrushBot/7~bl; +http://www.semrush.com/bot.html)" "metrocrimedaily.com"
69.63.184.2 - - [22/Feb/2023:09:12:39 -0800] "GET /instagram-losangeles/02-22-2023-1112201-A.jpg HTTP/1.1" 200 68285 "-" "facebookexternalhit/1.1 (+http://www.facebook.com/externalhit_uatext.php)" "www.metrocrimedaily.com"
185.191.171.11 - - [22/Feb/2023:09:14:15 -0800] "GET /robots.txt HTTP/1.1" 404 88 "-" "Mozilla/5.0 (compatible; SemrushBot/7~bl; +http://www.semrush.com/bot.html)" "metrocrimedaily.com"
185.191.171.10 - - [22/Feb/2023:09:14:15 -0800] "GET /CRIME-WATCH-AMERICA/CRIME-WATCH-DETROIT/wget.exe HTTP/1.1" 200 4923280 "-" "Mozilla/5.0 (compatible; SemrushBot/7~bl; +http://www.semrush.com/bot.html)" "metrocrimedaily.com"
185.191.171.11 - - [22/Feb/2023:09:15:49 -0800] "GET /CRIME-WATCH-AMERICA/CRIME-WATCH-DALLAS/?C=S%3BO%3DA HTTP/1.1" 200 1371 "-" "Mozilla/5.0 (compatible; SemrushBot/7~bl; +http://www.semrush.com/bot.html)" "metrocrimedaily.com"
51.222.253.15 - - [22/Feb/2023:09:18:33 -0800] "GET /instagram-losangeles/02-17-2023-1506274--Never-Give-Up---Video-Shows-Florida-Woman-Fighti.txt HTTP/1.1" 404 88 "-" "Mozilla/5.0 (compatible; AhrefsBot/7.0; +http://ahrefs.com/robot/)" "metrocrimedaily.com"
51.222.253.17 - - [22/Feb/2023:09:19:21 -0800] "GET /instagram-losangeles/02-17-2023-1647571-New-Break-in-Montclair-Triple-Murder--Suspect-on-.txt HTTP/1.1" 404 88 "-" "Mozilla/5.0 (compatible; AhrefsBot/7.0; +http://ahrefs.com/robot/)" "metrocrimedaily.com"
51.222.253.7 - - [22/Feb/2023:09:20:01 -0800] "GET /instagram-losangeles/02-17-2023-1647572-6-shot-and-killed-in-Mississippi-town--suspect-in.txt HTTP/1.1" 404 88 "-" "Mozilla/5.0 (compatible; AhrefsBot/7.0; +http://ahrefs.com/robot/)" "metrocrimedaily.com"
51.222.253.13 - - [22/Feb/2023:09:20:45 -0800] "GET /instagram-losangeles/02-17-2023-1813391-Man-suspected-of-shooting-Orthodox-Jews-sought-ou.txt HTTP/1.1" 404 88 "-" "Mozilla/5.0 (compatible; AhrefsBot/7.0; +http://ahrefs.com/robot/)" "metrocrimedaily.com"
51.222.253.18 - - [22/Feb/2023:09:21:28 -0800] "GET /instagram-losangeles/02-17-2023-1813393-Truck-window-shattered-during-road-rage-incident-.txt HTTP/1.1" 404 88 "-" "Mozilla/5.0 (compatible; AhrefsBot/7.0; +http://ahrefs.com/robot/)" "metrocrimedaily.com"
51.222.253.3 - - [22/Feb/2023:09:22:06 -0800] "GET /instagram-losangeles/02-17-2023-1948162-Convicted-Killer-to-be-Released-After-Almost-40-Y.txt HTTP/1.1" 404 88 "-" "Mozilla/5.0 (compatible; AhrefsBot/7.0; +http://ahrefs.com/robot/)" "metrocrimedaily.com"
51.222.253.18 - - [22/Feb/2023:09:22:50 -0800] "GET /instagram-losangeles/02-18-2023-0852311-Deadly-crash-shuts-down-5-Freeway-in-Sun-Valley-.txt HTTP/1.1" 404 88 "-" "Mozilla/5.0 (compatible; AhrefsBot/7.0; +http://ahrefs.com/robot/)" "metrocrimedaily.com"
51.222.253.4 - - [22/Feb/2023:09:23:29 -0800] "GET /instagram-losangeles/02-18-2023-1141211-NC-man-wanted-to-kill-woman----for-the-thrill----.txt HTTP/1.1" 404 88 "-" "Mozilla/5.0 (compatible; AhrefsBot/7.0; +http://ahrefs.com/robot/)" "metrocrimedaily.com"
51.222.253.15 - - [22/Feb/2023:09:24:19 -0800] "GET /instagram-losangeles/02-18-2023-1354511-Boy--5--Among-9-Kids-Injured-in-Shooting-at-Georg.txt HTTP/1.1" 404 88 "-" "Mozilla/5.0 (compatible; AhrefsBot/7.0; +http://ahrefs.com/robot/)" "metrocrimedaily.com"
69.63.184.1 - - [22/Feb/2023:09:25:10 -0800] "GET /instagram-chicago/02-22-2023-0953064-A.jpg HTTP/1.1" 200 81928 "-" "facebookexternalhit/1.1 (+http://www.facebook.com/externalhit_uatext.php)" "www.metrocrimedaily.com"
51.222.253.3 - - [22/Feb/2023:09:25:13 -0800] "GET /instagram-losangeles/02-18-2023-1902011-California-to-review-cases-for-possible-wrongful-.txt HTTP/1.1" 404 88 "-" "Mozilla/5.0 (compatible; AhrefsBot/7.0; +http://ahrefs.com/robot/)" "metrocrimedaily.com"
5.255.231.4 - - [22/Feb/2023:09:25:13 -0800] "GET /instagram-losangeles/01-17-2023-0843081-9-charged-with-trying-to-smuggle-drugs-from-L.A.-.txt HTTP/1.1" 404 88 "-" "Mozilla/5.0 (compatible; YandexBot/3.0; +http://yandex.com/bots)" "metrocrimedaily.com"
51.222.253.14 - - [22/Feb/2023:09:25:51 -0800] "GET /instagram-losangeles/02-18-2023-1958231-Nine-children--teenagers-shot-at-Georgia-gas-stat.txt HTTP/1.1" 404 88 "-" "Mozilla/5.0 (compatible; AhrefsBot/7.0; +http://ahrefs.com/robot/)" "metrocrimedaily.com"
185.191.171.44 - - [22/Feb/2023:09:26:01 -0800] "GET /CRIME-WATCH-AMERICA/GOOD_BARBER_APP-MAKER/INSTALL-CRIME-WATCH-MONROE/ HTTP/1.1" 200 943 "-" "Mozilla/5.0 (compatible; SemrushBot/7~bl; +http://www.semrush.com/bot.html)" "metrocrimedaily.com"
51.222.253.12 - - [22/Feb/2023:09:26:34 -0800] "GET /instagram-losangeles/02-18-2023-2103371-Temple-University-police-officer-killed-in-shooti.txt HTTP/1.1" 404 88 "-" "Mozilla/5.0 (compatible; AhrefsBot/7.0; +http://ahrefs.com/robot/)" "metrocrimedaily.com"
185.191.171.1 - - [22/Feb/2023:09:26:47 -0800] "GET /CRIME-WATCH-AMERICA/CRIME-WATCH-CHICAGO/find-and-post-chicago-stories-RevC.bat HTTP/1.1" 200 18142 "-" "Mozilla/5.0 (compatible; SemrushBot/7~bl; +http://www.semrush.com/bot.html)" "metrocrimedaily.com"
51.222.253.17 - - [22/Feb/2023:09:27:19 -0800] "GET /instagram-losangeles/02-18-2023-2153311-Los-Angeles-deputies-held-free-etching-event-amid.txt HTTP/1.1" 404 88 "-" "Mozilla/5.0 (compatible; AhrefsBot/7.0; +http://ahrefs.com/robot/)" "metrocrimedaily.com"
51.222.253.19 - - [22/Feb/2023:09:27:58 -0800] "GET /instagram-losangeles/02-18-2023-2322501-Police-Say-Mother-s-Fatal-90-Foot-Fall-From-Niaga.txt HTTP/1.1" 404 88 "-" "Mozilla/5.0 (compatible; AhrefsBot/7.0; +http://ahrefs.com/robot/)" "metrocrimedaily.com"
69.63.184.3 - - [22/Feb/2023:09:28:17 -0800] "GET /instagram-miami/02-22-2023-1057182-A.jpg HTTP/1.1" 200 72097 "-" "facebookexternalhit/1.1 (+http://www.facebook.com/externalhit_uatext.php)" "www.metrocrimedaily.com"
51.222.253.6 - - [22/Feb/2023:09:28:40 -0800] "GET /instagram-losangeles/02-18-2023-2322502-Los-Angeles-bishop-found-shot-to-death-in-Haciend.txt HTTP/1.1" 404 88 "-" "Mozilla/5.0 (compatible; AhrefsBot/7.0; +http://ahrefs.com/robot/)" "metrocrimedaily.com"
185.191.171.18 - - [22/Feb/2023:09:29:04 -0800] "GET /CRIME-WATCH-AMERICA/CRIME-WATCH-DALLAS/mcd-calculate-how-long-ago.html HTTP/1.1" 200 650 "-" "Mozilla/5.0 (compatible; SemrushBot/7~bl; +http://www.semrush.com/bot.html)" "metrocrimedaily.com"
66.249.66.72 - - [22/Feb/2023:09:29:39 -0800] "GET /instagram-chicago/02-16-2023-1811511-A.jpg HTTP/1.1" 404 88 "-" "Googlebot-Image/1.0" "metrocrimedaily.com"
51.222.253.20 - - [22/Feb/2023:09:29:58 -0800] "GET /CRIME-WATCH-AMERICA/CRIME-WATCH-DETROIT/unix/?C=N;O=D HTTP/1.1" 200 389 "-" "Mozilla/5.0 (compatible; AhrefsBot/7.0; +http://ahrefs.com/robot/)" "metrocrimedaily.com"
69.63.184.1 - - [22/Feb/2023:09:30:02 -0800] "GET /instagram-stlouis/02-22-2023-1129401-A.jpg HTTP/1.1" 200 104454 "-" "facebookexternalhit/1.1 (+http://www.facebook.com/externalhit_uatext.php)" "www.metrocrimedaily.com"
51.222.253.20 - - [22/Feb/2023:09:30:52 -0800] "GET /CRIME-WATCH-AMERICA/CRIME-WATCH-DETROIT/INSTAGRAM-AUTOMATION/instagram/ HTTP/1.1" 200 405 "-" "Mozilla/5.0 (compatible; AhrefsBot/7.0; +http://ahrefs.com/robot/)" "www.metrocrimedaily.com"
185.191.171.5 - - [22/Feb/2023:09:31:12 -0800] "GET /instagram-atlanta/videos/?C=M%3BO%3DA HTTP/1.1" 200 1160 "-" "Mozilla/5.0 (compatible; SemrushBot/7~bl; +http://www.semrush.com/bot.html)" "metrocrimedaily.com"
51.222.253.19 - - [22/Feb/2023:09:31:37 -0800] "GET /instagram-memphis/?C=N;O=D HTTP/1.1" 200 1290 "-" "Mozilla/5.0 (compatible; AhrefsBot/7.0; +http://ahrefs.com/robot/)" "metrocrimedaily.com"
51.222.253.12 - - [22/Feb/2023:09:32:18 -0800] "GET /instagram-losangeles/ HTTP/1.1" 200 1376 "-" "Mozilla/5.0 (compatible; AhrefsBot/7.0; +http://ahrefs.com/robot/)" "www.metrocrimedaily.com"
51.222.253.14 - - [22/Feb/2023:09:33:05 -0800] "GET /CRIME-WATCH-AMERICA/GOOD_BARBER_APP-MAKER/INSTALL-CRIME-WATCH-ATLANTA/CRIME-WATCH-ATLANTA/?C=N;O=D HTTP/1.1" 200 1319 "-" "Mozilla/5.0 (compatible; AhrefsBot/7.0; +http://ahrefs.com/robot/)" "metrocrimedaily.com"
5.255.231.4 - - [22/Feb/2023:09:33:17 -0800] "GET /instagram-chicago/01-19-2023-1034443----Unknown-substance----sickens-Illinois-prison-s.txt HTTP/1.1" 404 88 "-" "Mozilla/5.0 (compatible; YandexBot/3.0; +http://yandex.com/bots)" "metrocrimedaily.com"
51.222.253.2 - - [22/Feb/2023:09:33:55 -0800] "GET /instagram-memphis/videos/?C=N;O=D HTTP/1.1" 200 630 "-" "Mozilla/5.0 (compatible; AhrefsBot/7.0; +http://ahrefs.com/robot/)" "metrocrimedaily.com"
51.222.253.3 - - [22/Feb/2023:09:34:46 -0800] "GET /instagram-detroit/videos/ HTTP/1.1" 200 446 "-" "Mozilla/5.0 (compatible; AhrefsBot/7.0; +http://ahrefs.com/robot/)" "metrocrimedaily.com"
51.222.253.6 - - [22/Feb/2023:09:35:37 -0800] "GET /index-mcd-master.html HTTP/1.1" 200 1171 "-" "Mozilla/5.0 (compatible; AhrefsBot/7.0; +http://ahrefs.com/robot/)" "metrocrimedaily.com"
51.222.253.17 - - [22/Feb/2023:09:35:41 -0800] "GET /images/mcd-blog.jpg HTTP/1.1" 200 5239 "-" "Mozilla/5.0 (compatible; AhrefsBot/7.0; +http://ahrefs.com/robot/)" "metrocrimedaily.com"
51.222.253.20 - - [22/Feb/2023:09:35:42 -0800] "GET /images/houston-harris-county.jpg HTTP/1.1" 200 8893 "-" "Mozilla/5.0 (compatible; AhrefsBot/7.0; +http://ahrefs.com/robot/)" "metrocrimedaily.com"
51.222.253.10 - - [22/Feb/2023:09:35:43 -0800] "GET /images/new-orleans-orleans-parish.jpg HTTP/1.1" 200 9641 "-" "Mozilla/5.0 (compatible; AhrefsBot/7.0; +http://ahrefs.com/robot/)" "metrocrimedaily.com"
51.222.253.7 - - [22/Feb/2023:09:35:44 -0800] "GET /images/dallas-dallas-county.jpg HTTP/1.1" 200 8819 "-" "Mozilla/5.0 (compatible; AhrefsBot/7.0; +http://ahrefs.com/robot/)" "metrocrimedaily.com"
51.222.253.2 - - [22/Feb/2023:09:35:44 -0800] "GET /images/crime-scene.jpg HTTP/1.1" 200 15225 "-" "Mozilla/5.0 (compatible; AhrefsBot/7.0; +http://ahrefs.com/robot/)" "metrocrimedaily.com"
51.222.253.16 - - [22/Feb/2023:09:35:45 -0800] "GET /images/do-not-cross.jpg HTTP/1.1" 200 17417 "-" "Mozilla/5.0 (compatible; AhrefsBot/7.0; +http://ahrefs.com/robot/)" "metrocrimedaily.com"
51.222.253.10 - - [22/Feb/2023:09:35:45 -0800] "GET /images/atlanta-fulton-county.jpg HTTP/1.1" 200 7955 "-" "Mozilla/5.0 (compatible; AhrefsBot/7.0; +http://ahrefs.com/robot/)" "metrocrimedaily.com"
51.222.253.16 - - [22/Feb/2023:09:35:46 -0800] "GET /images/advertise-here.jpg HTTP/1.1" 200 9507 "-" "Mozilla/5.0 (compatible; AhrefsBot/7.0; +http://ahrefs.com/robot/)" "metrocrimedaily.com"
69.63.184.5 - - [22/Feb/2023:09:35:47 -0800] "GET /instagram-houston/02-22-2023-1135271-A.jpg HTTP/1.1" 200 150416 "-" "facebookexternalhit/1.1 (+http://www.facebook.com/externalhit_uatext.php)" "www.metrocrimedaily.com"
69.63.184.3 - - [22/Feb/2023:09:36:14 -0800] "GET /instagram-houston/02-22-2023-1135272-A.jpg HTTP/1.1" 200 107295 "-" "facebookexternalhit/1.1 (+http://www.facebook.com/externalhit_uatext.php)" "www.metrocrimedaily.com"
51.222.253.17 - - [22/Feb/2023:09:36:21 -0800] "GET /crime-watch-usa.html HTTP/1.1" 200 1081 "-" "Mozilla/5.0 (compatible; AhrefsBot/7.0; +http://ahrefs.com/robot/)" "metrocrimedaily.com"
69.63.184.119 - - [22/Feb/2023:09:36:41 -0800] "GET /instagram-houston/02-22-2023-1135273-A.jpg HTTP/1.1" 200 122469 "-" "facebookexternalhit/1.1 (+http://www.facebook.com/externalhit_uatext.php)" "www.metrocrimedaily.com"
185.191.171.8 - - [22/Feb/2023:09:36:46 -0800] "GET /CRIME-WATCH-AMERICA/CRIME-WATCH-STLOUIS/wget.exe HTTP/1.1" 200 4923280 "-" "Mozilla/5.0 (compatible; SemrushBot/7~bl; +http://www.semrush.com/bot.html)" "metrocrimedaily.com"
51.222.253.5 - - [22/Feb/2023:09:36:54 -0800] "GET /instagram-houston/post-later/02-16-2023-0609451-Catalytic-converter-theft-suspect-run-over-and-ki.txt HTTP/1.1" 200 680 "-" "Mozilla/5.0 (compatible; AhrefsBot/7.0; +http://ahrefs.com/robot/)" "www.metrocrimedaily.com"
69.63.184.5 - - [22/Feb/2023:09:36:59 -0800] "GET /instagram-detroit/02-22-2023-1136371-A.jpg HTTP/1.1" 200 158050 "-" "facebookexternalhit/1.1 (+http://www.facebook.com/externalhit_uatext.php)" "www.metrocrimedaily.com"
185.191.171.34 - - [22/Feb/2023:09:37:12 -0800] "GET /CRIME-WATCH-AMERICA/CRIME-WATCH-CHICAGO/support/ HTTP/1.1" 200 877 "-" "Mozilla/5.0 (compatible; SemrushBot/7~bl; +http://www.semrush.com/bot.html)" "metrocrimedaily.com"
76.184.252.42 - - [22/Feb/2023:09:37:16 -0800] "GET /images/police-tape.jpg HTTP/1.1" 200 50766 "-" "Wget/1.20.3 (mingw32)" "metrocrimedaily.com"
51.222.253.3 - - [22/Feb/2023:09:37:23 -0800] "GET /instagram-houston/post-later/02-16-2023-0609453-Texas-should-tell-parents-their-rights-when-it-in.txt HTTP/1.1" 200 1106 "-" "Mozilla/5.0 (compatible; AhrefsBot/7.0; +http://ahrefs.com/robot/)" "www.metrocrimedaily.com"
69.63.184.2 - - [22/Feb/2023:09:37:26 -0800] "GET /instagram-detroit/02-22-2023-1136372-A.jpg HTTP/1.1" 200 59257 "-" "facebookexternalhit/1.1 (+http://www.facebook.com/externalhit_uatext.php)" "www.metrocrimedaily.com"
51.222.253.12 - - [22/Feb/2023:09:38:17 -0800] "GET /instagram-losangeles/02-16-2023-0958431-Man-Fatally-Shot-Near-Hawthorne-.txt HTTP/1.1" 404 88 "-" "Mozilla/5.0 (compatible; AhrefsBot/7.0; +http://ahrefs.com/robot/)" "metrocrimedaily.com"
51.222.253.9 - - [22/Feb/2023:09:39:07 -0800] "GET /instagram-losangeles/02-16-2023-1117211-Homicide-investigation-launched-in-Hawthorne-.txt HTTP/1.1" 404 88 "-" "Mozilla/5.0 (compatible; AhrefsBot/7.0; +http://ahrefs.com/robot/)" "metrocrimedaily.com"
51.222.253.11 - - [22/Feb/2023:09:39:51 -0800] "GET /instagram-losangeles/02-16-2023-1557061--.txt HTTP/1.1" 404 88 "-" "Mozilla/5.0 (compatible; AhrefsBot/7.0; +http://ahrefs.com/robot/)" "metrocrimedaily.com"
51.222.253.11 - - [22/Feb/2023:09:40:31 -0800] "GET /instagram-losangeles/02-17-2023-0329003--.txt HTTP/1.1" 404 88 "-" "Mozilla/5.0 (compatible; AhrefsBot/7.0; +http://ahrefs.com/robot/)" "metrocrimedaily.com"
69.63.184.118 - - [22/Feb/2023:09:41:12 -0800] "GET /instagram-dallas/02-22-2023-1140501-A.jpg HTTP/1.1" 200 169075 "-" "facebookexternalhit/1.1 (+http://www.facebook.com/externalhit_uatext.php)" "www.metrocrimedaily.com"
51.222.253.13 - - [22/Feb/2023:09:41:23 -0800] "GET /instagram-losangeles/02-17-2023-1506272--.txt HTTP/1.1" 404 88 "-" "Mozilla/5.0 (compatible; AhrefsBot/7.0; +http://ahrefs.com/robot/)" "metrocrimedaily.com"
185.191.171.5 - - [22/Feb/2023:09:41:53 -0800] "GET /instagram-chicago/videos/?C=D%3BO%3DA HTTP/1.1" 200 572 "-" "Mozilla/5.0 (compatible; SemrushBot/7~bl; +http://www.semrush.com/bot.html)" "metrocrimedaily.com"
51.222.253.16 - - [22/Feb/2023:09:42:21 -0800] "GET /instagram-losangeles/02-17-2023-1647573-1-dead--1-wounded-in-Pomona-shooting-.txt HTTP/1.1" 404 88 "-" "Mozilla/5.0 (compatible; AhrefsBot/7.0; +http://ahrefs.com/robot/)" "metrocrimedaily.com"
51.222.253.4 - - [22/Feb/2023:09:43:05 -0800] "GET /instagram-losangeles/02-18-2023-1958232-Man-shot-and-killed-in-Hacienda-Heights-.txt HTTP/1.1" 404 88 "-" "Mozilla/5.0 (compatible; AhrefsBot/7.0; +http://ahrefs.com/robot/)" "metrocrimedaily.com"
51.222.253.14 - - [22/Feb/2023:09:43:46 -0800] "GET /instagram-losangeles/02-19-2023-0209251-Man-Arrested-in-2022-Killing-of-Mother-of-Three-i.txt HTTP/1.1" 404 88 "-" "Mozilla/5.0 (compatible; AhrefsBot/7.0; +http://ahrefs.com/robot/)" "metrocrimedaily.com"
51.222.253.4 - - [22/Feb/2023:09:44:44 -0800] "GET /instagram-losangeles/02-19-2023-0313391-1-killed--1-injured-in-shooting-at-South-LA-chick.txt HTTP/1.1" 404 88 "-" "Mozilla/5.0 (compatible; AhrefsBot/7.0; +http://ahrefs.com/robot/)" "metrocrimedaily.com"
185.191.171.14 - - [22/Feb/2023:09:45:13 -0800] "GET /instagram-dallas/videos/?C=S%3BO%3DA HTTP/1.1" 200 327 "-" "Mozilla/5.0 (compatible; SemrushBot/7~bl; +http://www.semrush.com/bot.html)" "metrocrimedaily.com"
51.222.253.12 - - [22/Feb/2023:09:45:22 -0800] "GET /instagram-losangeles/02-19-2023-0633041--Beyond-Terrible---Twitter-Blasts-2023-NBA-All-St.txt HTTP/1.1" 404 88 "-" "Mozilla/5.0 (compatible; AhrefsBot/7.0; +http://ahrefs.com/robot/)" "metrocrimedaily.com"
51.222.253.1 - - [22/Feb/2023:09:46:09 -0800] "GET /instagram-losangeles/02-19-2023-1135451-South-Carolina-wife--mother-shot-to-death-in-fron.txt HTTP/1.1" 404 88 "-" "Mozilla/5.0 (compatible; AhrefsBot/7.0; +http://ahrefs.com/robot/)" "metrocrimedaily.com"
51.222.253.11 - - [22/Feb/2023:09:47:02 -0800] "GET /instagram-losangeles/02-19-2023-1532231-Security-guard--suspect-hospitalized-following-sh.txt HTTP/1.1" 404 88 "-" "Mozilla/5.0 (compatible; AhrefsBot/7.0; +http://ahrefs.com/robot/)" "metrocrimedaily.com"
51.222.253.16 - - [22/Feb/2023:09:47:43 -0800] "GET /instagram-losangeles/02-19-2023-1623031-Skateboarder-hit--killed-by-vehicle-in-Riverside-.txt HTTP/1.1" 404 88 "-" "Mozilla/5.0 (compatible; AhrefsBot/7.0; +http://ahrefs.com/robot/)" "metrocrimedaily.com"
51.222.253.5 - - [22/Feb/2023:09:48:25 -0800] "GET /instagram-losangeles/02-19-2023-1713001-Huntington-Beach-officer-killed-in-helicopter-cra.txt HTTP/1.1" 404 88 "-" "Mozilla/5.0 (compatible; AhrefsBot/7.0; +http://ahrefs.com/robot/)" "metrocrimedaily.com"
51.222.253.13 - - [22/Feb/2023:09:49:10 -0800] "GET /instagram-losangeles/02-19-2023-1837041-Body-of-missing-hiker-Robert-Gregory-found-in-San.txt HTTP/1.1" 404 88 "-" "Mozilla/5.0 (compatible; AhrefsBot/7.0; +http://ahrefs.com/robot/)" "metrocrimedaily.com"
51.222.253.7 - - [22/Feb/2023:09:49:52 -0800] "GET /instagram-losangeles/02-19-2023-1927451-Falling-tree-kills-1-near-Anaheim-park-.txt HTTP/1.1" 404 88 "-" "Mozilla/5.0 (compatible; AhrefsBot/7.0; +http://ahrefs.com/robot/)" "metrocrimedaily.com"
51.222.253.7 - - [22/Feb/2023:09:50:31 -0800] "GET /instagram-houston/02-19-2023-1850431-Sheriff--4-dead--including-3-teen-girls--in-appar.txt HTTP/1.1" 404 88 "-" "Mozilla/5.0 (compatible; AhrefsBot/7.0; +http://ahrefs.com/robot/)" "metrocrimedaily.com"
51.222.253.9 - - [22/Feb/2023:09:51:18 -0800] "GET /instagram-houston/02-19-2023-1850433-Driver-killed--4-firefighters-injured-when-Telsa-.txt HTTP/1.1" 404 88 "-" "Mozilla/5.0 (compatible; AhrefsBot/7.0; +http://ahrefs.com/robot/)" "metrocrimedaily.com"
185.191.171.1 - - [22/Feb/2023:09:51:18 -0800] "GET /CRIME-WATCH-AMERICA/CRIME-WATCH-DALLAS/mcd-citd-lnkpreview-RevB.bat HTTP/1.1" 200 9463 "-" "Mozilla/5.0 (compatible; SemrushBot/7~bl; +http://www.semrush.com/bot.html)" "metrocrimedaily.com"
5.255.231.4 - - [22/Feb/2023:09:51:19 -0800] "GET /instagram-chicago/01-19-2023-1034444-Cohen-meets-Trump-prosecutors-amid-renewed-hush-m.txt HTTP/1.1" 404 88 "-" "Mozilla/5.0 (compatible; YandexBot/3.0; +http://yandex.com/bots)" "metrocrimedaily.com"
66.249.66.3 - - [22/Feb/2023:09:51:22 -0800] "GET /instagram-chicago/02-16-2023-1031532-A.jpg HTTP/1.1" 404 88 "-" "Googlebot-Image/1.0" "metrocrimedaily.com"
69.63.184.117 - - [22/Feb/2023:09:51:31 -0800] "GET /instagram-atlanta/02-22-2023-1148371-A.jpg HTTP/1.1" 200 156694 "-" "facebookexternalhit/1.1 (+http://www.facebook.com/externalhit_uatext.php)" "www.metrocrimedaily.com"
51.222.253.9 - - [22/Feb/2023:09:51:58 -0800] "GET /instagram-houston/02-19-2023-1850434-Temple-University-police-officer-shot-to-death-ne.txt HTTP/1.1" 404 88 "-" "Mozilla/5.0 (compatible; AhrefsBot/7.0; +http://ahrefs.com/robot/)" "metrocrimedaily.com"
69.63.184.120 - - [22/Feb/2023:09:52:02 -0800] "GET /instagram-atlanta/02-22-2023-1148372-A.jpg HTTP/1.1" 200 132731 "-" "facebookexternalhit/1.1 (+http://www.facebook.com/externalhit_uatext.php)" "www.metrocrimedaily.com"
66.249.66.72 - - [22/Feb/2023:09:52:16 -0800] "GET /instagram-chicago/02-17-2023-2313091-A.jpg HTTP/1.1" 404 88 "-" "Googlebot-Image/1.0" "metrocrimedaily.com"
5.255.231.4 - - [22/Feb/2023:09:52:47 -0800] "GET /instagram-houston/01-14-2023-12510321-2-dead-in-apparent-murder-suicide-reported-in-NW-.txt HTTP/1.1" 404 88 "-" "Mozilla/5.0 (compatible; YandexBot/3.0; +http://yandex.com/bots)" "metrocrimedaily.com"
51.222.253.18 - - [22/Feb/2023:09:52:50 -0800] "GET /instagram-houston/02-19-2023-2110231-2-police-officers-stabbed-in-west-Houston-release.txt HTTP/1.1" 404 88 "-" "Mozilla/5.0 (compatible; AhrefsBot/7.0; +http://ahrefs.com/robot/)" "metrocrimedaily.com"
51.222.253.18 - - [22/Feb/2023:09:53:35 -0800] "GET /instagram-houston/02-19-2023-2211051-Driver-testifies-in-Newport-News-double-slaying-c.txt HTTP/1.1" 404 88 "-" "Mozilla/5.0 (compatible; AhrefsBot/7.0; +http://ahrefs.com/robot/)" "metrocrimedaily.com"
51.222.253.17 - - [22/Feb/2023:09:54:16 -0800] "GET /instagram-houston/02-19-2023-2211052-FOUND--3-kids-reported-missing-in-west-Houston--a.txt HTTP/1.1" 404 88 "-" "Mozilla/5.0 (compatible; AhrefsBot/7.0; +http://ahrefs.com/robot/)" "metrocrimedaily.com"
5.255.231.4 - - [22/Feb/2023:09:54:20 -0800] "GET /instagram-losangeles/01-15-2023-1200351-Andy-Dick-accused-of-public-intoxication--failing.txt HTTP/1.1" 404 88 "-" "Mozilla/5.0 (compatible; YandexBot/3.0; +http://yandex.com/bots)" "metrocrimedaily.com"
185.191.171.15 - - [22/Feb/2023:09:54:23 -0800] "GET /CRIME-WATCH-AMERICA/CRIME-WATCH-LOS-ANGELES/?C=M%3BO%3DA HTTP/1.1" 200 379 "-" "Mozilla/5.0 (compatible; SemrushBot/7~bl; +http://www.semrush.com/bot.html)" "metrocrimedaily.com"
