185.191.171.7 - - [21/Feb/2023:20:45:57 -0800] "GET /CRIME-WATCH-AMERICA/DELETE-ME-IM-JUNK/?C=N%3BO%3DD HTTP/1.1" 200 399 "-" "Mozilla/5.0 (compatible; SemrushBot/7~bl; +http://www.semrush.com/bot.html)" "metrocrimedaily.com"
213.180.203.32 - - [21/Feb/2023:20:46:05 -0800] "GET /instagram-chicago/01-13-2023-1642261-Ex-Payroll-Manager-Charged-With-Defrauding-Art-In.txt HTTP/1.1" 404 88 "-" "Mozilla/5.0 (compatible; YandexBot/3.0; +http://yandex.com/bots)" "metrocrimedaily.com"
51.222.253.6 - - [21/Feb/2023:20:46:11 -0800] "GET /instagram-dallas/02-18-2023-2103311-Michigan-Honors-Victims-of-Michigan-State-Shootin.txt HTTP/1.1" 404 88 "-" "Mozilla/5.0 (compatible; AhrefsBot/7.0; +http://ahrefs.com/robot/)" "www.metrocrimedaily.com"
95.108.213.158 - - [21/Feb/2023:20:46:30 -0800] "GET /instagram-neworleans/01-18-2023-1258152-NOPD-on-the-scene-of-a-homicide-in-Central-City-.txt HTTP/1.1" 404 88 "-" "Mozilla/5.0 (compatible; YandexBot/3.0; +http://yandex.com/bots)" "metrocrimedaily.com"
69.63.184.4 - - [21/Feb/2023:20:46:37 -0800] "GET /instagram-houston/02-21-2023-2244541-A.jpg HTTP/1.1" 200 68914 "-" "facebookexternalhit/1.1 (+http://www.facebook.com/externalhit_uatext.php)" "www.metrocrimedaily.com"
51.222.253.5 - - [21/Feb/2023:20:47:08 -0800] "GET /instagram-dallas/02-18-2023-2103312--Beyond-Terrible---Twitter-Blasts-2023-NBA-All-St.txt HTTP/1.1" 404 88 "-" "Mozilla/5.0 (compatible; AhrefsBot/7.0; +http://ahrefs.com/robot/)" "www.metrocrimedaily.com"
69.63.184.3 - - [21/Feb/2023:20:47:12 -0800] "GET /instagram-neworleans/02-21-2023-2246511-A.jpg HTTP/1.1" 200 155218 "-" "facebookexternalhit/1.1 (+http://www.facebook.com/externalhit_uatext.php)" "www.metrocrimedaily.com"
51.222.253.15 - - [21/Feb/2023:20:48:04 -0800] "GET /instagram-dallas/02-18-2023-2103314-Police-Say-Mother-s-Fatal-90-Foot-Fall-From-Niaga.txt HTTP/1.1" 404 88 "-" "Mozilla/5.0 (compatible; AhrefsBot/7.0; +http://ahrefs.com/robot/)" "www.metrocrimedaily.com"
51.222.253.3 - - [21/Feb/2023:20:49:05 -0800] "GET /instagram-dallas/02-18-2023-2338481-El-Paso-mall-shooting--Suspect-was-shot-by-armed-.txt HTTP/1.1" 404 88 "-" "Mozilla/5.0 (compatible; AhrefsBot/7.0; +http://ahrefs.com/robot/)" "www.metrocrimedaily.com"
51.222.253.8 - - [21/Feb/2023:20:50:02 -0800] "GET /instagram-dallas/02-19-2023-0029271-5-Killed--15-Wounded-in-Israeli-Missile-Strike-in.txt HTTP/1.1" 404 88 "-" "Mozilla/5.0 (compatible; AhrefsBot/7.0; +http://ahrefs.com/robot/)" "www.metrocrimedaily.com"
51.222.253.10 - - [21/Feb/2023:20:50:42 -0800] "GET /instagram-dallas/02-19-2023-0135031-California-Police-Investigate----Suspicious----De.txt HTTP/1.1" 404 88 "-" "Mozilla/5.0 (compatible; AhrefsBot/7.0; +http://ahrefs.com/robot/)" "www.metrocrimedaily.com"
51.222.253.3 - - [21/Feb/2023:20:51:43 -0800] "GET /instagram-dallas/02-19-2023-0945151-Man-shot-inside-home-during-drive-by--Fort-Worth-.txt HTTP/1.1" 404 88 "-" "Mozilla/5.0 (compatible; AhrefsBot/7.0; +http://ahrefs.com/robot/)" "www.metrocrimedaily.com"
51.222.253.11 - - [21/Feb/2023:20:52:33 -0800] "GET /instagram-dallas/02-19-2023-1054281-10-Injured--1-Killed-in-Pair-of-Memphis-Shootings.txt HTTP/1.1" 404 88 "-" "Mozilla/5.0 (compatible; AhrefsBot/7.0; +http://ahrefs.com/robot/)" "www.metrocrimedaily.com"
185.191.171.23 - - [21/Feb/2023:20:52:56 -0800] "GET /instagram-stlouis/videos/?C=D%3BO%3DA HTTP/1.1" 200 474 "-" "Mozilla/5.0 (compatible; SemrushBot/7~bl; +http://www.semrush.com/bot.html)" "metrocrimedaily.com"
51.222.253.12 - - [21/Feb/2023:20:53:18 -0800] "GET /instagram-dallas/02-19-2023-1054282-Why-Did-DA-Drop-Felony-Charge-Against-Ex-Texas-Co.txt HTTP/1.1" 404 88 "-" "Mozilla/5.0 (compatible; AhrefsBot/7.0; +http://ahrefs.com/robot/)" "www.metrocrimedaily.com"
51.222.253.6 - - [21/Feb/2023:20:54:00 -0800] "GET /instagram-dallas/02-19-2023-1336031-South-Carolina-wife--mother-shot-to-death-in-fron.txt HTTP/1.1" 404 88 "-" "Mozilla/5.0 (compatible; AhrefsBot/7.0; +http://ahrefs.com/robot/)" "www.metrocrimedaily.com"
51.222.253.18 - - [21/Feb/2023:20:54:52 -0800] "GET /instagram-dallas/02-19-2023-1443051-Fort-Worth-police-arrest-man-accused-of-shooting-.txt HTTP/1.1" 404 88 "-" "Mozilla/5.0 (compatible; AhrefsBot/7.0; +http://ahrefs.com/robot/)" "www.metrocrimedaily.com"
185.191.171.22 - - [21/Feb/2023:20:55:18 -0800] "GET /instagram-newyork/post-later/?C=D%3BO%3DA HTTP/1.1" 200 331 "-" "Mozilla/5.0 (compatible; SemrushBot/7~bl; +http://www.semrush.com/bot.html)" "metrocrimedaily.com"
51.222.253.15 - - [21/Feb/2023:20:55:49 -0800] "GET /instagram-dallas/02-19-2023-1443054-Son-of-Former-Fort-Worth-Police-Chief-Killed-in-t.txt HTTP/1.1" 404 88 "-" "Mozilla/5.0 (compatible; AhrefsBot/7.0; +http://ahrefs.com/robot/)" "www.metrocrimedaily.com"
66.249.64.171 - - [21/Feb/2023:20:56:02 -0800] "GET /robots.txt HTTP/1.1" 404 88 "-" "Mozilla/5.0 (compatible; Googlebot/2.1; +http://www.google.com/bot.html)" "metrocrimedaily.com"
40.77.167.176 - - [21/Feb/2023:20:56:22 -0800] "GET /instagram-atlanta/12-24-2022-0018132-Thieves-hit-popular-Marietta-Square-business-on-o.txt HTTP/1.1" 404 88 "-" "Mozilla/5.0 AppleWebKit/537.36 (KHTML, like Gecko; compatible; bingbot/2.0; +http://www.bing.com/bingbot.htm) Chrome/103.0.5060.134 Safari/537.36" "www.metrocrimedaily.com"
51.222.253.18 - - [21/Feb/2023:20:56:36 -0800] "GET /instagram-dallas/02-19-2023-1443056-Off-duty-Dallas-officer-on-administrative-leave-f.txt HTTP/1.1" 404 88 "-" "Mozilla/5.0 (compatible; AhrefsBot/7.0; +http://ahrefs.com/robot/)" "www.metrocrimedaily.com"
51.222.253.14 - - [21/Feb/2023:20:57:35 -0800] "GET /instagram-dallas/02-19-2023-1705051-Unmarked-Dallas-police-vehicle-involved-in-crash-.txt HTTP/1.1" 404 88 "-" "Mozilla/5.0 (compatible; AhrefsBot/7.0; +http://ahrefs.com/robot/)" "www.metrocrimedaily.com"
51.222.253.7 - - [21/Feb/2023:20:58:26 -0800] "GET /instagram-dallas/02-19-2023-1705052-Three-Teenage-Girls--Gunman-Dead-in-Texas-Shootin.txt HTTP/1.1" 404 88 "-" "Mozilla/5.0 (compatible; AhrefsBot/7.0; +http://ahrefs.com/robot/)" "www.metrocrimedaily.com"
51.222.253.15 - - [21/Feb/2023:20:59:29 -0800] "GET /instagram-dallas/02-19-2023-1705053-Michigan-State-University-Set-to-Resume-Classes-M.txt HTTP/1.1" 404 88 "-" "Mozilla/5.0 (compatible; AhrefsBot/7.0; +http://ahrefs.com/robot/)" "www.metrocrimedaily.com"
51.222.253.14 - - [21/Feb/2023:21:00:23 -0800] "GET /instagram-dallas/02-19-2023-1705054-Dallas-officer-on-administrative-leave-following-.txt HTTP/1.1" 404 88 "-" "Mozilla/5.0 (compatible; AhrefsBot/7.0; +http://ahrefs.com/robot/)" "www.metrocrimedaily.com"
51.222.253.20 - - [21/Feb/2023:21:01:08 -0800] "GET /instagram-dallas/02-19-2023-1705056-One-dead--one-in-custody-after-shooting-at-Dallas.txt HTTP/1.1" 404 88 "-" "Mozilla/5.0 (compatible; AhrefsBot/7.0; +http://ahrefs.com/robot/)" "www.metrocrimedaily.com"
51.222.253.20 - - [21/Feb/2023:21:02:05 -0800] "GET /instagram-dallas/02-19-2023-1918472-Son-of-former-Fort-Worth-police-chief--also-an-of.txt HTTP/1.1" 404 88 "-" "Mozilla/5.0 (compatible; AhrefsBot/7.0; +http://ahrefs.com/robot/)" "www.metrocrimedaily.com"
69.63.184.3 - - [21/Feb/2023:21:02:09 -0800] "GET /instagram-houston/02-21-2023-2244542-A.jpg HTTP/1.1" 200 211185 "-" "facebookexternalhit/1.1 (+http://www.facebook.com/externalhit_uatext.php)" "www.metrocrimedaily.com"
51.222.253.13 - - [21/Feb/2023:21:03:06 -0800] "GET /instagram-dallas/02-19-2023-2139061-Man-shot-while-walking-along-neighborhood-street-.txt HTTP/1.1" 404 88 "-" "Mozilla/5.0 (compatible; AhrefsBot/7.0; +http://ahrefs.com/robot/)" "www.metrocrimedaily.com"
51.222.253.2 - - [21/Feb/2023:21:04:07 -0800] "GET /instagram-dallas/02-19-2023-2227321-Beloved-Garland-bike-shop-employee-who-was-killed.txt HTTP/1.1" 404 88 "-" "Mozilla/5.0 (compatible; AhrefsBot/7.0; +http://ahrefs.com/robot/)" "www.metrocrimedaily.com"
51.222.253.6 - - [21/Feb/2023:21:04:49 -0800] "GET /instagram-dallas/02-19-2023-2323081-Y-all-itics--Will-gun-reform-legislation-pass-in-.txt HTTP/1.1" 404 88 "-" "Mozilla/5.0 (compatible; AhrefsBot/7.0; +http://ahrefs.com/robot/)" "www.metrocrimedaily.com"
51.222.253.3 - - [21/Feb/2023:21:05:44 -0800] "GET /instagram-dallas/02-19-2023-2323082-Beloved-Garland-bike-shop-employee-who-was-killed.txt HTTP/1.1" 404 88 "-" "Mozilla/5.0 (compatible; AhrefsBot/7.0; +http://ahrefs.com/robot/)" "www.metrocrimedaily.com"
51.222.253.6 - - [21/Feb/2023:21:06:32 -0800] "GET /instagram-dallas/02-20-2023-0551341-Biden-in-Kyiv-on-Surprise-Visit%3B-Air-Raid-Warning.txt HTTP/1.1" 404 88 "-" "Mozilla/5.0 (compatible; AhrefsBot/7.0; +http://ahrefs.com/robot/)" "www.metrocrimedaily.com"
185.191.171.2 - - [21/Feb/2023:21:07:16 -0800] "GET /instagram-atlanta/videos/?C=D%3BO%3DA HTTP/1.1" 200 975 "-" "Mozilla/5.0 (compatible; SemrushBot/7~bl; +http://www.semrush.com/bot.html)" "metrocrimedaily.com"
51.222.253.6 - - [21/Feb/2023:21:07:25 -0800] "GET /instagram-dallas/02-20-2023-0655251-1-killed--4-injured-in-shooting-during-Mardi-Gras.txt HTTP/1.1" 404 88 "-" "Mozilla/5.0 (compatible; AhrefsBot/7.0; +http://ahrefs.com/robot/)" "www.metrocrimedaily.com"
51.222.253.17 - - [21/Feb/2023:21:08:10 -0800] "GET /instagram-dallas/02-20-2023-0810461-North-Texas-man-killed-by-coworker-at-bike-shop--.txt HTTP/1.1" 404 88 "-" "Mozilla/5.0 (compatible; AhrefsBot/7.0; +http://ahrefs.com/robot/)" "www.metrocrimedaily.com"
51.222.253.14 - - [21/Feb/2023:21:09:02 -0800] "GET /instagram-dallas/02-20-2023-1211091-Four-people-hit-by-vehicle-after-separate-car-acc.txt HTTP/1.1" 404 88 "-" "Mozilla/5.0 (compatible; AhrefsBot/7.0; +http://ahrefs.com/robot/)" "www.metrocrimedaily.com"
51.222.253.6 - - [21/Feb/2023:21:09:56 -0800] "GET /instagram-dallas/02-20-2023-1300131-El-Paso-Mall-Shooting-Began-as-a-Fight-Between-Gr.txt HTTP/1.1" 404 88 "-" "Mozilla/5.0 (compatible; AhrefsBot/7.0; +http://ahrefs.com/robot/)" "www.metrocrimedaily.com"
51.222.253.20 - - [21/Feb/2023:21:10:42 -0800] "GET /instagram-dallas/02-20-2023-1441181-Alec-Baldwin-Shooting-Case--Prosecutors-Drop-Poss.txt HTTP/1.1" 404 88 "-" "Mozilla/5.0 (compatible; AhrefsBot/7.0; +http://ahrefs.com/robot/)" "www.metrocrimedaily.com"
51.222.253.10 - - [21/Feb/2023:21:11:52 -0800] "GET /instagram-atlanta/02-17-2023-0012211-Mom-devastated-over-son-s-shooting-death-at-Buckh.txt HTTP/1.1" 200 899 "-" "Mozilla/5.0 (compatible; AhrefsBot/7.0; +http://ahrefs.com/robot/)" "metrocrimedaily.com"
66.249.64.166 - - [21/Feb/2023:21:11:52 -0800] "GET /instagram-chicago/02-18-2023-1413181-A.jpg HTTP/1.1" 404 88 "-" "Googlebot-Image/1.0" "metrocrimedaily.com"
51.222.253.6 - - [21/Feb/2023:21:12:46 -0800] "GET /instagram-atlanta/02-17-2023-1733035-Idaho-murders--Bryan-Kohberger-defense-could-cost.txt HTTP/1.1" 200 904 "-" "Mozilla/5.0 (compatible; AhrefsBot/7.0; +http://ahrefs.com/robot/)" "metrocrimedaily.com"
51.222.253.7 - - [21/Feb/2023:21:13:35 -0800] "GET /instagram-atlanta/02-18-2023-2252531-Temple-University-police-officer-killed-in-shooti.txt HTTP/1.1" 200 1061 "-" "Mozilla/5.0 (compatible; AhrefsBot/7.0; +http://ahrefs.com/robot/)" "metrocrimedaily.com"
185.191.171.19 - - [21/Feb/2023:21:14:10 -0800] "GET /instagram-stlouis/post-later/?C=N%3BO%3DD HTTP/1.1" 200 3675 "-" "Mozilla/5.0 (compatible; SemrushBot/7~bl; +http://www.semrush.com/bot.html)" "metrocrimedaily.com"
51.222.253.16 - - [21/Feb/2023:21:14:32 -0800] "GET /instagram-chicago/02-17-2023-1630391-6-dead-in-Arkabutla--MS-shootings%3B-suspect-in-cus.txt HTTP/1.1" 404 88 "-" "Mozilla/5.0 (compatible; AhrefsBot/7.0; +http://ahrefs.com/robot/)" "metrocrimedaily.com"
51.222.253.16 - - [21/Feb/2023:21:15:36 -0800] "GET /instagram-dallas/post-later/02-16-2023-0943423-Grapevine-Colleyville-ISD-Students-Do-%23SomethingG.txt HTTP/1.1" 200 161 "-" "Mozilla/5.0 (compatible; AhrefsBot/7.0; +http://ahrefs.com/robot/)" "www.metrocrimedaily.com"
51.222.253.5 - - [21/Feb/2023:21:16:20 -0800] "GET /instagram-stlouis/02-20-2023-1730561-2-teenagers-charged-after-15-year-old-girl-shot--.txt HTTP/1.1" 404 88 "-" "Mozilla/5.0 (compatible; AhrefsBot/7.0; +http://ahrefs.com/robot/)" "www.metrocrimedaily.com"
51.222.253.10 - - [21/Feb/2023:21:17:16 -0800] "GET /instagram-chicago/02-17-2023-1630391-6-dead-in-Arkabutla--MS-shootings%3B-suspect-in-cus.txt HTTP/1.1" 404 88 "-" "Mozilla/5.0 (compatible; AhrefsBot/7.0; +http://ahrefs.com/robot/)" "www.metrocrimedaily.com"
69.63.184.1 - - [21/Feb/2023:21:17:40 -0800] "GET /instagram-houston/02-21-2023-2244543-A.jpg HTTP/1.1" 200 121447 "-" "facebookexternalhit/1.1 (+http://www.facebook.com/externalhit_uatext.php)" "www.metrocrimedaily.com"
51.222.253.7 - - [21/Feb/2023:21:18:16 -0800] "GET /instagram-stlouis/post-later/02-20-2023-1345443-Man-found-dead-with-gunshot-wounds-at-St.-Louis-C.txt HTTP/1.1" 200 1022 "-" "Mozilla/5.0 (compatible; AhrefsBot/7.0; +http://ahrefs.com/robot/)" "www.metrocrimedaily.com"
51.222.253.18 - - [21/Feb/2023:21:19:05 -0800] "GET /instagram-stlouis/post-later/02-20-2023-1345444-Arrest-made-in-slaying-of-Los-Angeles-Bishop-Davi.txt HTTP/1.1" 200 907 "-" "Mozilla/5.0 (compatible; AhrefsBot/7.0; +http://ahrefs.com/robot/)" "www.metrocrimedaily.com"
69.63.184.4 - - [21/Feb/2023:21:19:12 -0800] "GET /instagram-dallas/02-21-2023-2318491-A.jpg HTTP/1.1" 200 179482 "-" "facebookexternalhit/1.1 (+http://www.facebook.com/externalhit_uatext.php)" "www.metrocrimedaily.com"
51.222.253.8 - - [21/Feb/2023:21:19:45 -0800] "GET /CRIME-WATCH-AMERICA/GOOD_BARBER_APP-MAKER/INSTALL-CRIME-WATCH-ATLANTA/CRIME-WATCH-ATLANTA/INSTAGRAM-AUTOMATION/?C=D;O=A HTTP/1.1" 200 1057 "-" "Mozilla/5.0 (compatible; AhrefsBot/7.0; +http://ahrefs.com/robot/)" "metrocrimedaily.com"
51.222.253.11 - - [21/Feb/2023:21:20:31 -0800] "GET /CRIME-WATCH-AMERICA/GOOD_BARBER_APP-MAKER/INSTALL-CRIME-WATCH-ATLANTA/CRIME-WATCH-ATLANTA/INSTAGRAM-AUTOMATION/?C=M;O=A HTTP/1.1" 200 1052 "-" "Mozilla/5.0 (compatible; AhrefsBot/7.0; +http://ahrefs.com/robot/)" "metrocrimedaily.com"
51.222.253.6 - - [21/Feb/2023:21:21:25 -0800] "GET /CRIME-WATCH-AMERICA/GOOD_BARBER_APP-MAKER/INSTALL-CRIME-WATCH-ATLANTA/CRIME-WATCH-ATLANTA/INSTAGRAM-AUTOMATION/?C=S;O=A HTTP/1.1" 200 1045 "-" "Mozilla/5.0 (compatible; AhrefsBot/7.0; +http://ahrefs.com/robot/)" "metrocrimedaily.com"
51.222.253.3 - - [21/Feb/2023:21:22:32 -0800] "GET /CRIME-WATCH-AMERICA/GOOD_BARBER_APP-MAKER/INSTALL-CRIME-WATCH-ATLANTA/CRIME-WATCH-ATLANTA/support/ HTTP/1.1" 200 709 "-" "Mozilla/5.0 (compatible; AhrefsBot/7.0; +http://ahrefs.com/robot/)" "metrocrimedaily.com"
51.222.253.20 - - [21/Feb/2023:21:23:16 -0800] "GET /?C=D;O=D HTTP/1.1" 200 145213 "-" "Mozilla/5.0 (compatible; AhrefsBot/7.0; +http://ahrefs.com/robot/)" "metrocrimedaily.com"
51.222.253.5 - - [21/Feb/2023:21:24:20 -0800] "GET /?C=M;O=D HTTP/1.1" 200 145213 "-" "Mozilla/5.0 (compatible; AhrefsBot/7.0; +http://ahrefs.com/robot/)" "metrocrimedaily.com"
69.63.184.118 - - [21/Feb/2023:21:24:45 -0800] "GET /instagram-memphis/02-21-2023-2324251-A.jpg HTTP/1.1" 200 163450 "-" "facebookexternalhit/1.1 (+http://www.facebook.com/externalhit_uatext.php)" "www.metrocrimedaily.com"
69.63.184.2 - - [21/Feb/2023:21:24:47 -0800] "GET /instagram-losangeles/02-21-2023-2324261-A.jpg HTTP/1.1" 200 192028 "-" "facebookexternalhit/1.1 (+http://www.facebook.com/externalhit_uatext.php)" "www.metrocrimedaily.com"
51.222.253.14 - - [21/Feb/2023:21:25:12 -0800] "GET /?C=S;O=D HTTP/1.1" 200 145213 "-" "Mozilla/5.0 (compatible; AhrefsBot/7.0; +http://ahrefs.com/robot/)" "metrocrimedaily.com"
51.222.253.2 - - [21/Feb/2023:21:26:15 -0800] "GET /?C=D;O=D HTTP/1.1" 200 145213 "-" "Mozilla/5.0 (compatible; AhrefsBot/7.0; +http://ahrefs.com/robot/)" "metrocrimedaily.com"
51.222.253.4 - - [21/Feb/2023:21:26:16 -0800] "GET /images/youtube-logo-tiny.png HTTP/1.1" 200 689 "-" "Mozilla/5.0 (compatible; AhrefsBot/7.0; +http://ahrefs.com/robot/)" "metrocrimedaily.com"
51.222.253.12 - - [21/Feb/2023:21:26:17 -0800] "GET /images/twitter-logo-b-tiny.png HTTP/1.1" 200 1600 "-" "Mozilla/5.0 (compatible; AhrefsBot/7.0; +http://ahrefs.com/robot/)" "metrocrimedaily.com"
51.222.253.13 - - [21/Feb/2023:21:26:16 -0800] "GET /instagram-houston/post-later/?C=D;O=A HTTP/1.1" 200 7894 "-" "Mozilla/5.0 (compatible; AhrefsBot/7.0; +http://ahrefs.com/robot/)" "www.metrocrimedaily.com"
51.222.253.11 - - [21/Feb/2023:21:26:17 -0800] "GET /images/facebook-logo-tiny.png HTTP/1.1" 200 1280 "-" "Mozilla/5.0 (compatible; AhrefsBot/7.0; +http://ahrefs.com/robot/)" "metrocrimedaily.com"
51.222.253.9 - - [21/Feb/2023:21:26:18 -0800] "GET /images/crimeinthed-logo.jpg HTTP/1.1" 200 14960 "-" "Mozilla/5.0 (compatible; AhrefsBot/7.0; +http://ahrefs.com/robot/)" "metrocrimedaily.com"
51.222.253.10 - - [21/Feb/2023:21:27:11 -0800] "GET /instagram-houston/post-later/?C=M;O=A HTTP/1.1" 200 7946 "-" "Mozilla/5.0 (compatible; AhrefsBot/7.0; +http://ahrefs.com/robot/)" "www.metrocrimedaily.com"
51.222.253.16 - - [21/Feb/2023:21:27:55 -0800] "GET /instagram-houston/post-later/?C=S;O=A HTTP/1.1" 200 8270 "-" "Mozilla/5.0 (compatible; AhrefsBot/7.0; +http://ahrefs.com/robot/)" "www.metrocrimedaily.com"
185.191.171.24 - - [21/Feb/2023:21:28:28 -0800] "GET /robots.txt HTTP/1.1" 404 88 "-" "Mozilla/5.0 (compatible; SemrushBot/7~bl; +http://www.semrush.com/bot.html)" "metrocrimedaily.com"
185.191.171.45 - - [21/Feb/2023:21:28:28 -0800] "GET /CRIME-WATCH-AMERICA/CRIME-WATCH-HOUSTON/testme.bat HTTP/1.1" 200 614 "-" "Mozilla/5.0 (compatible; SemrushBot/7~bl; +http://www.semrush.com/bot.html)" "metrocrimedaily.com"
69.63.184.3 - - [21/Feb/2023:21:28:33 -0800] "GET /instagram-stlouis/02-21-2023-2328141-A.jpg HTTP/1.1" 200 211698 "-" "facebookexternalhit/1.1 (+http://www.facebook.com/externalhit_uatext.php)" "www.metrocrimedaily.com"
51.222.253.15 - - [21/Feb/2023:21:28:46 -0800] "GET /instagram-houston/02-17-2023-0955554-US-prosecutors-ask-for-25-more-years-in-prison-fo.txt HTTP/1.1" 404 88 "-" "Mozilla/5.0 (compatible; AhrefsBot/7.0; +http://ahrefs.com/robot/)" "metrocrimedaily.com"
69.63.184.118 - - [21/Feb/2023:21:29:20 -0800] "GET /instagram-neworleans/02-21-2023-2329011-A.jpg HTTP/1.1" 200 322800 "-" "facebookexternalhit/1.1 (+http://www.facebook.com/externalhit_uatext.php)" "www.metrocrimedaily.com"
51.222.253.19 - - [21/Feb/2023:21:29:48 -0800] "GET /instagram-houston/02-17-2023-1303421-5-Memphis-officers-plead-not-guilty-in-death-of-T.txt HTTP/1.1" 404 88 "-" "Mozilla/5.0 (compatible; AhrefsBot/7.0; +http://ahrefs.com/robot/)" "metrocrimedaily.com"
51.222.253.18 - - [21/Feb/2023:21:30:57 -0800] "GET /instagram-houston/02-18-2023-1453383-Man-recounts-home-assault-amid-6-fatal-Mississipp.txt HTTP/1.1" 404 88 "-" "Mozilla/5.0 (compatible; AhrefsBot/7.0; +http://ahrefs.com/robot/)" "metrocrimedaily.com"
185.191.171.40 - - [21/Feb/2023:21:31:23 -0800] "GET /instagram-memphis/videos/?C=D%3BO%3DA HTTP/1.1" 200 633 "-" "Mozilla/5.0 (compatible; SemrushBot/7~bl; +http://www.semrush.com/bot.html)" "metrocrimedaily.com"
51.222.253.18 - - [21/Feb/2023:21:31:50 -0800] "GET /instagram-houston/02-18-2023-1634241-Turmoil-in-courts-on-gun-laws-in-wake-of-justices.txt HTTP/1.1" 404 88 "-" "Mozilla/5.0 (compatible; AhrefsBot/7.0; +http://ahrefs.com/robot/)" "metrocrimedaily.com"
51.222.253.17 - - [21/Feb/2023:21:32:34 -0800] "GET /instagram-houston/02-18-2023-1634242-North-Chicago-man-found-shot-in-Waukegan-parking-.txt HTTP/1.1" 404 88 "-" "Mozilla/5.0 (compatible; AhrefsBot/7.0; +http://ahrefs.com/robot/)" "metrocrimedaily.com"
69.63.184.118 - - [21/Feb/2023:21:32:52 -0800] "GET /instagram-atlanta/02-21-2023-2331411-A.jpg HTTP/1.1" 200 92948 "-" "facebookexternalhit/1.1 (+http://www.facebook.com/externalhit_uatext.php)" "www.metrocrimedaily.com"
69.63.184.1 - - [21/Feb/2023:21:33:12 -0800] "GET /instagram-houston/02-21-2023-2244544-A.jpg HTTP/1.1" 200 123988 "-" "facebookexternalhit/1.1 (+http://www.facebook.com/externalhit_uatext.php)" "www.metrocrimedaily.com"
51.222.253.6 - - [21/Feb/2023:21:33:28 -0800] "GET /instagram-dallas/02-16-2023-1339162--.txt HTTP/1.1" 404 88 "-" "Mozilla/5.0 (compatible; AhrefsBot/7.0; +http://ahrefs.com/robot/)" "www.metrocrimedaily.com"
69.63.184.5 - - [21/Feb/2023:21:33:38 -0800] "GET /instagram-houston/02-21-2023-2244545-A.jpg HTTP/1.1" 200 78935 "-" "facebookexternalhit/1.1 (+http://www.facebook.com/externalhit_uatext.php)" "www.metrocrimedaily.com"
69.63.184.4 - - [21/Feb/2023:21:34:06 -0800] "GET /instagram-houston/02-21-2023-2244546-A.jpg HTTP/1.1" 200 99330 "-" "facebookexternalhit/1.1 (+http://www.facebook.com/externalhit_uatext.php)" "www.metrocrimedaily.com"
51.222.253.19 - - [21/Feb/2023:21:34:26 -0800] "GET /instagram-dallas/02-16-2023-1445111--.txt HTTP/1.1" 404 88 "-" "Mozilla/5.0 (compatible; AhrefsBot/7.0; +http://ahrefs.com/robot/)" "www.metrocrimedaily.com"
69.63.184.117 - - [21/Feb/2023:21:34:31 -0800] "GET /instagram-houston/02-21-2023-2244547-A.jpg HTTP/1.1" 200 79673 "-" "facebookexternalhit/1.1 (+http://www.facebook.com/externalhit_uatext.php)" "www.metrocrimedaily.com"
69.63.184.118 - - [21/Feb/2023:21:34:43 -0800] "GET /instagram-dallas/02-21-2023-2318492-A.jpg HTTP/1.1" 200 164893 "-" "facebookexternalhit/1.1 (+http://www.facebook.com/externalhit_uatext.php)" "www.metrocrimedaily.com"
69.63.184.113 - - [21/Feb/2023:21:34:57 -0800] "GET /instagram-houston/02-21-2023-2244548-A.jpg HTTP/1.1" 200 78390 "-" "facebookexternalhit/1.1 (+http://www.facebook.com/externalhit_uatext.php)" "www.metrocrimedaily.com"
51.222.253.20 - - [21/Feb/2023:21:35:18 -0800] "GET /instagram-dallas/02-16-2023-1821565-Missing-Little-Elm-teenager-found--police-say-.txt HTTP/1.1" 404 88 "-" "Mozilla/5.0 (compatible; AhrefsBot/7.0; +http://ahrefs.com/robot/)" "www.metrocrimedaily.com"
69.63.184.1 - - [21/Feb/2023:21:35:23 -0800] "GET /instagram-houston/02-21-2023-2244549-A.jpg HTTP/1.1" 200 157348 "-" "facebookexternalhit/1.1 (+http://www.facebook.com/externalhit_uatext.php)" "www.metrocrimedaily.com"
69.63.184.5 - - [21/Feb/2023:21:35:49 -0800] "GET /instagram-houston/02-21-2023-22445410-A.jpg HTTP/1.1" 200 75136 "-" "facebookexternalhit/1.1 (+http://www.facebook.com/externalhit_uatext.php)" "www.metrocrimedaily.com"
69.63.184.119 - - [21/Feb/2023:21:36:16 -0800] "GET /instagram-houston/02-21-2023-22445411-A.jpg HTTP/1.1" 200 219630 "-" "facebookexternalhit/1.1 (+http://www.facebook.com/externalhit_uatext.php)" "www.metrocrimedaily.com"
66.249.64.170 - - [21/Feb/2023:21:36:33 -0800] "GET /instagram-chicago/02-18-2023-0722021-A.jpg HTTP/1.1" 404 88 "-" "Googlebot-Image/1.0" "metrocrimedaily.com"
66.249.64.166 - - [21/Feb/2023:21:36:41 -0800] "GET /instagram-chicago/02-18-2023-1204204-A.jpg HTTP/1.1" 404 88 "-" "Googlebot-Image/1.0" "metrocrimedaily.com"
51.222.253.17 - - [21/Feb/2023:21:38:04 -0800] "GET /instagram-dallas/02-17-2023-2001401-Taking-a-Look-Inside-Texas-Long-Term-Care-Facilit.txt HTTP/1.1" 404 88 "-" "Mozilla/5.0 (compatible; AhrefsBot/7.0; +http://ahrefs.com/robot/)" "www.metrocrimedaily.com"
51.222.253.9 - - [21/Feb/2023:21:39:05 -0800] "GET /instagram-dallas/02-17-2023-2001402-Human-Trafficking-Now-Being-Investigated-After-Dr.txt HTTP/1.1" 404 88 "-" "Mozilla/5.0 (compatible; AhrefsBot/7.0; +http://ahrefs.com/robot/)" "www.metrocrimedaily.com"
51.222.253.16 - - [21/Feb/2023:21:40:11 -0800] "GET /instagram-dallas/02-17-2023-2203342-Fort-Worth-police-searching-for-missing-man-.txt HTTP/1.1" 404 88 "-" "Mozilla/5.0 (compatible; AhrefsBot/7.0; +http://ahrefs.com/robot/)" "www.metrocrimedaily.com"
69.63.184.2 - - [21/Feb/2023:21:40:16 -0800] "GET /instagram-memphis/02-21-2023-2324252-A.jpg HTTP/1.1" 200 126793 "-" "facebookexternalhit/1.1 (+http://www.facebook.com/externalhit_uatext.php)" "www.metrocrimedaily.com"
69.63.184.120 - - [21/Feb/2023:21:40:18 -0800] "GET /instagram-losangeles/02-21-2023-2324262-A.jpg HTTP/1.1" 200 201488 "-" "facebookexternalhit/1.1 (+http://www.facebook.com/externalhit_uatext.php)" "www.metrocrimedaily.com"
66.249.64.170 - - [21/Feb/2023:21:40:35 -0800] "GET /instagram-chicago/02-18-2023-1204201-A.jpg HTTP/1.1" 404 88 "-" "Googlebot-Image/1.0" "metrocrimedaily.com"
66.249.64.166 - - [21/Feb/2023:21:40:36 -0800] "GET /instagram-chicago/02-16-2023-2005551-A.jpg HTTP/1.1" 404 88 "-" "Googlebot-Image/1.0" "metrocrimedaily.com"
66.249.64.166 - - [21/Feb/2023:21:40:51 -0800] "GET /instagram-chicago/02-18-2023-1835382-A.jpg HTTP/1.1" 404 88 "-" "Googlebot-Image/1.0" "metrocrimedaily.com"
185.191.171.41 - - [21/Feb/2023:21:40:53 -0800] "GET /instagram-chicago/videos/?C=N%3BO%3DD HTTP/1.1" 200 572 "-" "Mozilla/5.0 (compatible; SemrushBot/7~bl; +http://www.semrush.com/bot.html)" "metrocrimedaily.com"
51.222.253.16 - - [21/Feb/2023:21:40:54 -0800] "GET /instagram-dallas/02-18-2023-1432181----We-Have-Nothing-to-Hide---Ukraine-s-Foreign-Mi.txt HTTP/1.1" 404 88 "-" "Mozilla/5.0 (compatible; AhrefsBot/7.0; +http://ahrefs.com/robot/)" "www.metrocrimedaily.com"
66.249.64.166 - - [21/Feb/2023:21:41:45 -0800] "GET /instagram-chicago/02-17-2023-0935141-A.jpg HTTP/1.1" 404 88 "-" "Googlebot-Image/1.0" "metrocrimedaily.com"
51.222.253.14 - - [21/Feb/2023:21:41:54 -0800] "GET /instagram-dallas/02-18-2023-1735091-Turmoil-in-courts-on-gun-laws-in-wake-of-justices.txt HTTP/1.1" 404 88 "-" "Mozilla/5.0 (compatible; AhrefsBot/7.0; +http://ahrefs.com/robot/)" "www.metrocrimedaily.com"
51.222.253.20 - - [21/Feb/2023:21:43:04 -0800] "GET /instagram-dallas/02-18-2023-2103313-Grapevine-Man-Missing-Since-January-Found-Safe--R.txt HTTP/1.1" 404 88 "-" "Mozilla/5.0 (compatible; AhrefsBot/7.0; +http://ahrefs.com/robot/)" "www.metrocrimedaily.com"
213.180.203.32 - - [21/Feb/2023:21:43:34 -0800] "GET /instagram-neworleans/01-16-2023-1859043-CAUGHT-ON-CAMERA--Armed-robbery-suspects-robbing-.txt HTTP/1.1" 404 88 "-" "Mozilla/5.0 (compatible; YandexBot/3.0; +http://yandex.com/bots)" "metrocrimedaily.com"
51.222.253.4 - - [21/Feb/2023:21:43:59 -0800] "GET /instagram-dallas/02-19-2023-1443052-Shooting-near-Downtown-Dallas-leaves-one-man-dead.txt HTTP/1.1" 404 88 "-" "Mozilla/5.0 (compatible; AhrefsBot/7.0; +http://ahrefs.com/robot/)" "www.metrocrimedaily.com"
69.63.184.1 - - [21/Feb/2023:21:44:05 -0800] "GET /instagram-stlouis/02-21-2023-2328142-A.jpg HTTP/1.1" 200 219977 "-" "facebookexternalhit/1.1 (+http://www.facebook.com/externalhit_uatext.php)" "www.metrocrimedaily.com"
157.90.182.29 - - [21/Feb/2023:21:44:17 -0800] "GET /robots.txt HTTP/1.1" 404 88 "-" "Mozilla/5.0 (compatible; BLEXBot/1.0; +http://webmeup-crawler.com/)" "metrocrimedaily.com"
157.90.182.29 - - [21/Feb/2023:21:44:19 -0800] "GET /sitemap HTTP/1.1" 404 88 "-" "Mozilla/5.0 (compatible; BLEXBot/1.0; +http://webmeup-crawler.com/)" "metrocrimedaily.com"
157.90.182.29 - - [21/Feb/2023:21:44:23 -0800] "GET /sitemap.txt HTTP/1.1" 404 88 "-" "Mozilla/5.0 (compatible; BLEXBot/1.0; +http://webmeup-crawler.com/)" "metrocrimedaily.com"
69.63.184.1 - - [21/Feb/2023:21:44:31 -0800] "GET /instagram-stlouis/02-21-2023-2328143-A.jpg HTTP/1.1" 200 231275 "-" "facebookexternalhit/1.1 (+http://www.facebook.com/externalhit_uatext.php)" "www.metrocrimedaily.com"
51.222.253.17 - - [21/Feb/2023:21:44:53 -0800] "GET /instagram-dallas/02-19-2023-1443053-Temple-University-officer-killed-in-shooting-is-s.txt HTTP/1.1" 404 88 "-" "Mozilla/5.0 (compatible; AhrefsBot/7.0; +http://ahrefs.com/robot/)" "www.metrocrimedaily.com"
69.63.184.119 - - [21/Feb/2023:21:45:00 -0800] "GET /instagram-stlouis/02-21-2023-2328144-A.jpg HTTP/1.1" 200 224479 "-" "facebookexternalhit/1.1 (+http://www.facebook.com/externalhit_uatext.php)" "www.metrocrimedaily.com"
40.77.167.176 - - [21/Feb/2023:21:45:12 -0800] "GET /instagram-detroit/12-26-2022-1445202-Psychiatrist-at-Henry-Ford-Jackson-missing-since-.txt HTTP/1.1" 404 88 "-" "Mozilla/5.0 AppleWebKit/537.36 (KHTML, like Gecko; compatible; bingbot/2.0; +http://www.bing.com/bingbot.htm) Chrome/103.0.5060.134 Safari/537.36" "www.metrocrimedaily.com"
69.63.184.117 - - [21/Feb/2023:21:45:26 -0800] "GET /instagram-stlouis/02-21-2023-2328145-A.jpg HTTP/1.1" 200 193813 "-" "facebookexternalhit/1.1 (+http://www.facebook.com/externalhit_uatext.php)" "www.metrocrimedaily.com"
51.222.253.17 - - [21/Feb/2023:21:45:39 -0800] "GET /instagram-dallas/02-19-2023-1443055-Suspect--18--to-be-charged-with-murder-in-Temple-.txt HTTP/1.1" 404 88 "-" "Mozilla/5.0 (compatible; AhrefsBot/7.0; +http://ahrefs.com/robot/)" "www.metrocrimedaily.com"
69.63.184.118 - - [21/Feb/2023:21:45:53 -0800] "GET /instagram-stlouis/02-21-2023-2328146-A.jpg HTTP/1.1" 200 132197 "-" "facebookexternalhit/1.1 (+http://www.facebook.com/externalhit_uatext.php)" "www.metrocrimedaily.com"
51.222.253.8 - - [21/Feb/2023:21:46:32 -0800] "GET /instagram-dallas/02-19-2023-1705055-Texas-organization-traveling-to-help-Turkey--Syri.txt HTTP/1.1" 404 88 "-" "Mozilla/5.0 (compatible; AhrefsBot/7.0; +http://ahrefs.com/robot/)" "www.metrocrimedaily.com"
51.222.253.3 - - [21/Feb/2023:21:47:28 -0800] "GET /instagram-dallas/02-19-2023-1918471-Dallas-PD-officer-arrested-on-DWI-charge-.txt HTTP/1.1" 404 88 "-" "Mozilla/5.0 (compatible; AhrefsBot/7.0; +http://ahrefs.com/robot/)" "www.metrocrimedaily.com"
51.222.253.10 - - [21/Feb/2023:21:48:19 -0800] "GET /instagram-dallas/02-20-2023-1350531-Alec-Baldwin-Shooting-Case--Prosecutors-Drop-Poss.txt HTTP/1.1" 404 88 "-" "Mozilla/5.0 (compatible; AhrefsBot/7.0; +http://ahrefs.com/robot/)" "www.metrocrimedaily.com"
51.222.253.4 - - [21/Feb/2023:21:49:04 -0800] "GET /instagram-atlanta/02-16-2023-1034181-Beloved-Ga.-middle-school-teacher-killed-in-crash.txt HTTP/1.1" 200 945 "-" "Mozilla/5.0 (compatible; AhrefsBot/7.0; +http://ahrefs.com/robot/)" "metrocrimedaily.com"
51.222.253.1 - - [21/Feb/2023:21:49:49 -0800] "GET /instagram-atlanta/02-16-2023-1034182-2-shot-at-Austell-apartment-complex--Cobb-County-.txt HTTP/1.1" 200 359 "-" "Mozilla/5.0 (compatible; AhrefsBot/7.0; +http://ahrefs.com/robot/)" "metrocrimedaily.com"
185.191.171.38 - - [21/Feb/2023:21:50:25 -0800] "GET /instagram-memphis/videos/?C=S%3BO%3DA HTTP/1.1" 200 633 "-" "Mozilla/5.0 (compatible; SemrushBot/7~bl; +http://www.semrush.com/bot.html)" "metrocrimedaily.com"
51.222.253.4 - - [21/Feb/2023:21:50:44 -0800] "GET /instagram-atlanta/02-16-2023-1034183-Deputies-responding-to-Tyre-Nichols-stop-didn-t-k.txt HTTP/1.1" 200 1077 "-" "Mozilla/5.0 (compatible; AhrefsBot/7.0; +http://ahrefs.com/robot/)" "metrocrimedaily.com"
51.222.253.7 - - [21/Feb/2023:21:51:27 -0800] "GET /instagram-atlanta/02-16-2023-1249171-Carrollton-County-man-found-guilty-of-murder--pol.txt HTTP/1.1" 200 668 "-" "Mozilla/5.0 (compatible; AhrefsBot/7.0; +http://ahrefs.com/robot/)" "metrocrimedaily.com"
51.222.253.15 - - [21/Feb/2023:21:52:20 -0800] "GET /instagram-atlanta/02-16-2023-1249172----LOTTO----gang-members-indicted-in-Gwinnett-on-.txt HTTP/1.1" 200 1052 "-" "Mozilla/5.0 (compatible; AhrefsBot/7.0; +http://ahrefs.com/robot/)" "metrocrimedaily.com"
51.222.253.9 - - [21/Feb/2023:21:53:17 -0800] "GET /instagram-atlanta/02-16-2023-1418242-Man-accused-of-breaking-into-cars-previously-arre.txt HTTP/1.1" 200 661 "-" "Mozilla/5.0 (compatible; AhrefsBot/7.0; +http://ahrefs.com/robot/)" "metrocrimedaily.com"
40.77.167.212 - - [21/Feb/2023:21:53:26 -0800] "GET /instagram-newyork/01-13-2023-0247251-Lisa-Marie-Presley-made-Golden-Globes-2023-appear.txt HTTP/1.1" 404 88 "-" "Mozilla/5.0 AppleWebKit/537.36 (KHTML, like Gecko; compatible; bingbot/2.0; +http://www.bing.com/bingbot.htm) Chrome/103.0.5060.134 Safari/537.36" "www.metrocrimedaily.com"
185.191.171.9 - - [21/Feb/2023:21:53:37 -0800] "GET /instagram-dallas/videos/?C=N%3BO%3DD HTTP/1.1" 200 327 "-" "Mozilla/5.0 (compatible; SemrushBot/7~bl; +http://www.semrush.com/bot.html)" "metrocrimedaily.com"
213.180.203.32 - - [21/Feb/2023:21:54:03 -0800] "GET /instagram-houston/01-14-2023-1251032-Business-owners-in-the-Bellaire-area-search-for-s.txt HTTP/1.1" 404 88 "-" "Mozilla/5.0 (compatible; YandexBot/3.0; +http://yandex.com/bots)" "metrocrimedaily.com"
141.8.142.101 - - [21/Feb/2023:21:54:03 -0800] "GET /robots.txt HTTP/1.1" 404 73 "-" "Mozilla/5.0 (compatible; YandexBot/3.0; +http://yandex.com/bots)" "metrocrimedaily.com"
141.8.142.105 - - [21/Feb/2023:21:54:04 -0800] "GET /instagram-houston/01-14-2023-1251032-Business-owners-in-the-Bellaire-area-search-for-s.txt HTTP/1.1" 404 88 "-" "Mozilla/5.0 (compatible; YandexBot/3.0; +http://yandex.com/bots)" "metrocrimedaily.com"
51.222.253.16 - - [21/Feb/2023:21:54:11 -0800] "GET /instagram-atlanta/02-16-2023-1418243-Child-missing--woman-wanted-for-kidnapping-in-Bar.txt HTTP/1.1" 200 555 "-" "Mozilla/5.0 (compatible; AhrefsBot/7.0; +http://ahrefs.com/robot/)" "metrocrimedaily.com"
95.108.213.158 - - [21/Feb/2023:21:54:13 -0800] "GET /instagram-neworleans/01-16-2023-1859043-CAUGHT-ON-CAMERA--Armed-robbery-suspects-robbing-.txt HTTP/1.1" 404 88 "-" "Mozilla/5.0 (compatible; YandexBot/3.0; +http://yandex.com/bots)" "metrocrimedaily.com"
51.222.253.10 - - [21/Feb/2023:21:54:51 -0800] "GET /instagram-atlanta/02-16-2023-1545582-Fulton-special-grand-jury-report--Witnesses-may-h.txt HTTP/1.1" 200 1047 "-" "Mozilla/5.0 (compatible; AhrefsBot/7.0; +http://ahrefs.com/robot/)" "metrocrimedaily.com"
40.77.167.212 - - [21/Feb/2023:21:55:16 -0800] "GET /instagram-chicago/01-14-2023-1229032-5-more-classified-documents-found-at-Biden---s-Wi.txt HTTP/1.1" 404 88 "-" "Mozilla/5.0 AppleWebKit/537.36 (KHTML, like Gecko; compatible; bingbot/2.0; +http://www.bing.com/bingbot.htm) Chrome/103.0.5060.134 Safari/537.36" "www.metrocrimedaily.com"
40.77.167.212 - - [21/Feb/2023:21:55:17 -0800] "GET /instagram-atlanta/01-20-2023-2142172-Bryan-Kohberger-case--Moscow-prosecutor-can-sides.txt HTTP/1.1" 404 88 "-" "Mozilla/5.0 AppleWebKit/537.36 (KHTML, like Gecko; compatible; bingbot/2.0; +http://www.bing.com/bingbot.htm) Chrome/103.0.5060.134 Safari/537.36" "www.metrocrimedaily.com"
69.63.184.119 - - [21/Feb/2023:21:55:48 -0800] "GET /instagram-memphis/02-21-2023-2324253-A.jpg HTTP/1.1" 200 196683 "-" "facebookexternalhit/1.1 (+http://www.facebook.com/externalhit_uatext.php)" "www.metrocrimedaily.com"
51.222.253.18 - - [21/Feb/2023:21:56:00 -0800] "GET /instagram-atlanta/02-16-2023-1708451-GBI-searching-for----armed-and-dangerous----suspe.txt HTTP/1.1" 200 626 "-" "Mozilla/5.0 (compatible; AhrefsBot/7.0; +http://ahrefs.com/robot/)" "metrocrimedaily.com"
51.222.253.13 - - [21/Feb/2023:21:57:01 -0800] "GET /instagram-atlanta/02-16-2023-1708452-Hamilton-County-inmate-stabs-corrections-officers.txt HTTP/1.1" 200 556 "-" "Mozilla/5.0 (compatible; AhrefsBot/7.0; +http://ahrefs.com/robot/)" "metrocrimedaily.com"
213.180.203.32 - - [21/Feb/2023:21:57:16 -0800] "GET /instagram-dallas/01-18-2023-1927013-Aaron-Dean-s-Attorneys-Ask-for-New-Trial-in-Atati.txt HTTP/1.1" 404 88 "-" "Mozilla/5.0 (compatible; YandexBot/3.0; +http://yandex.com/bots)" "metrocrimedaily.com"
51.222.253.5 - - [21/Feb/2023:21:57:55 -0800] "GET /instagram-atlanta/02-16-2023-1708453-Woman-threatens-to-kill-Marietta-officer--herself.txt HTTP/1.1" 200 707 "-" "Mozilla/5.0 (compatible; AhrefsBot/7.0; +http://ahrefs.com/robot/)" "metrocrimedaily.com"
185.191.171.41 - - [21/Feb/2023:21:58:18 -0800] "GET /instagram-stlouis/post-later/?C=S%3BO%3DA HTTP/1.1" 200 3940 "-" "Mozilla/5.0 (compatible; SemrushBot/7~bl; +http://www.semrush.com/bot.html)" "metrocrimedaily.com"
51.222.253.19 - - [21/Feb/2023:21:58:47 -0800] "GET /instagram-atlanta/02-16-2023-1708454-Former-Falcon--NFL-player-among-8-busted-on-gang-.txt HTTP/1.1" 200 1083 "-" "Mozilla/5.0 (compatible; AhrefsBot/7.0; +http://ahrefs.com/robot/)" "metrocrimedaily.com"
66.249.64.166 - - [21/Feb/2023:21:59:11 -0800] "GET /instagram-chicago/02-16-2023-1725101-A.jpg HTTP/1.1" 404 88 "-" "Googlebot-Image/1.0" "metrocrimedaily.com"
51.222.253.2 - - [21/Feb/2023:21:59:43 -0800] "GET /instagram-atlanta/02-16-2023-1708455-Meth-and-enough-fentanyl-to-kill-20-000-people-se.txt HTTP/1.1" 200 748 "-" "Mozilla/5.0 (compatible; AhrefsBot/7.0; +http://ahrefs.com/robot/)" "metrocrimedaily.com"
185.191.171.18 - - [21/Feb/2023:21:59:45 -0800] "GET /CRIME-WATCH-AMERICA/CRIME-WATCH-ATLANTA/youtube-dl.exe HTTP/1.1" 200 8031644 "-" "Mozilla/5.0 (compatible; SemrushBot/7~bl; +http://www.semrush.com/bot.html)" "metrocrimedaily.com"
185.191.171.6 - - [21/Feb/2023:21:59:47 -0800] "GET /CRIME-WATCH-AMERICA/GOOD_BARBER_APP-MAKER/INSTALL-CRIME-WATCH-DETROIT/ HTTP/1.1" 200 943 "-" "Mozilla/5.0 (compatible; SemrushBot/7~bl; +http://www.semrush.com/bot.html)" "metrocrimedaily.com"
51.222.253.18 - - [21/Feb/2023:22:00:40 -0800] "GET /instagram-atlanta/02-16-2023-1944371-Cherokee-County-man-sentenced-to-60-years-for-201.txt HTTP/1.1" 200 817 "-" "Mozilla/5.0 (compatible; AhrefsBot/7.0; +http://ahrefs.com/robot/)" "metrocrimedaily.com"
69.63.184.5 - - [21/Feb/2023:22:01:22 -0800] "GET /instagram-detroit/02-22-2023-0000071-A.jpg HTTP/1.1" 200 194030 "-" "facebookexternalhit/1.1 (+http://www.facebook.com/externalhit_uatext.php)" "www.metrocrimedaily.com"
51.222.253.6 - - [21/Feb/2023:22:01:41 -0800] "GET /instagram-atlanta/02-16-2023-1944372-Secretary-of-State-says----we-were-vindicated----.txt HTTP/1.1" 200 1010 "-" "Mozilla/5.0 (compatible; AhrefsBot/7.0; +http://ahrefs.com/robot/)" "metrocrimedaily.com"
51.222.253.19 - - [21/Feb/2023:22:02:40 -0800] "GET /instagram-atlanta/02-16-2023-2143161----We---re-tired-----Families-of-police-violence-.txt HTTP/1.1" 200 1017 "-" "Mozilla/5.0 (compatible; AhrefsBot/7.0; +http://ahrefs.com/robot/)" "metrocrimedaily.com"
51.222.253.15 - - [21/Feb/2023:22:03:21 -0800] "GET /instagram-atlanta/02-16-2023-2244071-Missing-82-year-old-Atlanta-woman-with-dementia-f.txt HTTP/1.1" 200 428 "-" "Mozilla/5.0 (compatible; AhrefsBot/7.0; +http://ahrefs.com/robot/)" "metrocrimedaily.com"
51.222.253.19 - - [21/Feb/2023:22:04:10 -0800] "GET /instagram-atlanta/02-16-2023-2244072-4-gang-members-with-alleged-ties-to-Young-Slime-L.txt HTTP/1.1" 200 1075 "-" "Mozilla/5.0 (compatible; AhrefsBot/7.0; +http://ahrefs.com/robot/)" "metrocrimedaily.com"
114.119.130.61 - - [21/Feb/2023:22:04:10 -0800] "GET /instagram-stlouis/post-later/?C=D%3BO%3DA HTTP/1.1" 200 3940 "https://metrocrimedaily.com/instagram-stlouis/post-later/" "Mozilla/5.0 (Linux; Android 7.0;) AppleWebKit/537.36 (KHTML, like Gecko) Mobile Safari/537.36 (compatible; PetalBot;+https://webmaster.petalsearch.com/site/petalbot)" "metrocrimedaily.com"
185.191.171.40 - - [21/Feb/2023:22:04:43 -0800] "GET /CRIME-WATCH-AMERICA/CRIME-WATCH-DALLAS/?C=M%3BO%3DA HTTP/1.1" 200 1371 "-" "Mozilla/5.0 (compatible; SemrushBot/7~bl; +http://www.semrush.com/bot.html)" "metrocrimedaily.com"
51.222.253.8 - - [21/Feb/2023:22:05:01 -0800] "GET /instagram-atlanta/02-16-2023-2244073-4-gang-members-sentenced-for-armed-robbery-after-.txt HTTP/1.1" 200 1026 "-" "Mozilla/5.0 (compatible; AhrefsBot/7.0; +http://ahrefs.com/robot/)" "metrocrimedaily.com"
213.180.203.32 - - [21/Feb/2023:22:05:20 -0800] "GET /instagram-houston/01-17-2023-1812104-Wisconsin-man-arrested-on-drug--gun-charges-on-I-.txt HTTP/1.1" 404 88 "-" "Mozilla/5.0 (compatible; YandexBot/3.0; +http://yandex.com/bots)" "metrocrimedaily.com"
51.222.253.1 - - [21/Feb/2023:22:05:46 -0800] "GET /instagram-atlanta/02-17-2023-0012212-Black-Hawk-pilots-killed-in-Alabama-crash-were-ex.txt HTTP/1.1" 200 969 "-" "Mozilla/5.0 (compatible; AhrefsBot/7.0; +http://ahrefs.com/robot/)" "metrocrimedaily.com"
69.63.184.3 - - [21/Feb/2023:22:05:51 -0800] "GET /instagram-dallas/02-21-2023-2318494-A.jpg HTTP/1.1" 200 136664 "-" "facebookexternalhit/1.1 (+http://www.facebook.com/externalhit_uatext.php)" "www.metrocrimedaily.com"
66.249.64.168 - - [21/Feb/2023:22:06:35 -0800] "GET /instagram-chicago/02-16-2023-2327472-A.jpg HTTP/1.1" 404 88 "-" "Googlebot-Image/1.0" "metrocrimedaily.com"
51.222.253.4 - - [21/Feb/2023:22:06:39 -0800] "GET /instagram-atlanta/02-17-2023-1050461-Prosecutors-ask-judge-to-keep-singer-R-Kelly-in-j.txt HTTP/1.1" 200 637 "-" "Mozilla/5.0 (compatible; AhrefsBot/7.0; +http://ahrefs.com/robot/)" "metrocrimedaily.com"
51.222.253.5 - - [21/Feb/2023:22:07:27 -0800] "GET /instagram-atlanta/02-17-2023-1050462-Louisiana-officer-arrested-for-deadly-shooting-of.txt HTTP/1.1" 200 983 "-" "Mozilla/5.0 (compatible; AhrefsBot/7.0; +http://ahrefs.com/robot/)" "metrocrimedaily.com"
185.191.171.6 - - [21/Feb/2023:22:08:18 -0800] "GET /CRIME-WATCH-AMERICA/CRIME-WATCH-HOUSTON/mcd-prolog.html HTTP/1.1" 200 847 "-" "Mozilla/5.0 (compatible; SemrushBot/7~bl; +http://www.semrush.com/bot.html)" "metrocrimedaily.com"
51.222.253.6 - - [21/Feb/2023:22:08:36 -0800] "GET /instagram-atlanta/02-17-2023-1248372-Deputies-searching-for-runaway-14-year-old-Pauldi.txt HTTP/1.1" 200 401 "-" "Mozilla/5.0 (compatible; AhrefsBot/7.0; +http://ahrefs.com/robot/)" "metrocrimedaily.com"
51.222.253.13 - - [21/Feb/2023:22:09:19 -0800] "GET /instagram-atlanta/02-17-2023-1248374-US-says-IS-commander-killed--troops-wounded-in-NE.txt HTTP/1.1" 200 834 "-" "Mozilla/5.0 (compatible; AhrefsBot/7.0; +http://ahrefs.com/robot/)" "metrocrimedaily.com"
51.222.253.13 - - [21/Feb/2023:22:10:15 -0800] "GET /instagram-atlanta/02-17-2023-1444221-Men-found-guilty-of-murdering-teen-at-Carroll-Cou.txt HTTP/1.1" 200 732 "-" "Mozilla/5.0 (compatible; AhrefsBot/7.0; +http://ahrefs.com/robot/)" "metrocrimedaily.com"
51.222.253.9 - - [21/Feb/2023:22:11:18 -0800] "GET /instagram-atlanta/02-17-2023-1615011-2-men-convicted-of-murdering-19-year-old-in-Carro.txt HTTP/1.1" 200 872 "-" "Mozilla/5.0 (compatible; AhrefsBot/7.0; +http://ahrefs.com/robot/)" "metrocrimedaily.com"
51.222.253.11 - - [21/Feb/2023:22:12:04 -0800] "GET /instagram-atlanta/02-17-2023-1615012-6-shot-dead-in-small-Mississippi-town--suspect-in.txt HTTP/1.1" 200 918 "-" "Mozilla/5.0 (compatible; AhrefsBot/7.0; +http://ahrefs.com/robot/)" "metrocrimedaily.com"
185.191.171.21 - - [21/Feb/2023:22:12:48 -0800] "GET /instagram-dallas/videos/?C=S%3BO%3DA HTTP/1.1" 200 327 "-" "Mozilla/5.0 (compatible; SemrushBot/7~bl; +http://www.semrush.com/bot.html)" "metrocrimedaily.com"
51.222.253.5 - - [21/Feb/2023:22:12:52 -0800] "GET /instagram-atlanta/02-17-2023-1733031-6-year-old-North-Port-girl-accidentally-shoots-gr.txt HTTP/1.1" 200 889 "-" "Mozilla/5.0 (compatible; AhrefsBot/7.0; +http://ahrefs.com/robot/)" "metrocrimedaily.com"
66.249.64.168 - - [21/Feb/2023:22:13:52 -0800] "GET /instagram-chicago/02-18-2023-1530331-A.jpg HTTP/1.1" 404 88 "-" "Googlebot-Image/1.0" "metrocrimedaily.com"
51.222.253.9 - - [21/Feb/2023:22:13:53 -0800] "GET /instagram-atlanta/02-17-2023-1733032-Jen-Shah-reports-to-prison---Real-Housewives--sta.txt HTTP/1.1" 200 1140 "-" "Mozilla/5.0 (compatible; AhrefsBot/7.0; +http://ahrefs.com/robot/)" "metrocrimedaily.com"
51.222.253.3 - - [21/Feb/2023:22:14:44 -0800] "GET /instagram-atlanta/02-17-2023-1952002-Paulding-County-deputy-slams-man-during-arrest--p.txt HTTP/1.1" 200 414 "-" "Mozilla/5.0 (compatible; AhrefsBot/7.0; +http://ahrefs.com/robot/)" "metrocrimedaily.com"
52.167.144.38 - - [21/Feb/2023:22:15:13 -0800] "GET /CRIME-WATCH-CHICAGO/about-us.html HTTP/1.1" 404 88 "-" "Mozilla/5.0 AppleWebKit/537.36 (KHTML, like Gecko; compatible; bingbot/2.0; +http://www.bing.com/bingbot.htm) Chrome/103.0.5060.134 Safari/537.36" "www.metrocrimedaily.com"
51.222.253.2 - - [21/Feb/2023:22:15:41 -0800] "GET /instagram-atlanta/02-17-2023-1952003-17-year-old-arrested-after-man-shot-to-death-outs.txt HTTP/1.1" 200 20 "-" "Mozilla/5.0 (compatible; AhrefsBot/7.0; +http://ahrefs.com/robot/)" "metrocrimedaily.com"
66.249.64.166 - - [21/Feb/2023:22:15:56 -0800] "GET /instagram-chicago/02-16-2023-2327473-A.jpg HTTP/1.1" 404 88 "-" "Googlebot-Image/1.0" "metrocrimedaily.com"
185.191.171.10 - - [21/Feb/2023:22:16:20 -0800] "GET /CRIME-WATCH-AMERICA/CRIME-WATCH-DALLAS/INSTAGRAM-AUTOMATION/ HTTP/1.1" 200 938 "-" "Mozilla/5.0 (compatible; SemrushBot/7~bl; +http://www.semrush.com/bot.html)" "metrocrimedaily.com"
51.222.253.6 - - [21/Feb/2023:22:16:25 -0800] "GET /instagram-atlanta/02-17-2023-2249281-High-school-football-player-in-Coweta-County-kill.txt HTTP/1.1" 200 702 "-" "Mozilla/5.0 (compatible; AhrefsBot/7.0; +http://ahrefs.com/robot/)" "metrocrimedaily.com"
51.222.253.20 - - [21/Feb/2023:22:17:12 -0800] "GET /instagram-atlanta/02-17-2023-2357001-US-ends-search-for-objects-shot-down-over-Alaska-.txt HTTP/1.1" 200 1058 "-" "Mozilla/5.0 (compatible; AhrefsBot/7.0; +http://ahrefs.com/robot/)" "metrocrimedaily.com"
185.191.171.17 - - [21/Feb/2023:22:17:35 -0800] "GET /CRIME-WATCH-AMERICA/CRIME-WATCH-LOS-ANGELES/?C=D%3BO%3DA HTTP/1.1" 200 379 "-" "Mozilla/5.0 (compatible; SemrushBot/7~bl; +http://www.semrush.com/bot.html)" "metrocrimedaily.com"
51.222.253.9 - - [21/Feb/2023:22:18:01 -0800] "GET /instagram-atlanta/02-18-2023-0236011----You-will-get-caught-----Security-guards-beefin.txt HTTP/1.1" 200 1031 "-" "Mozilla/5.0 (compatible; AhrefsBot/7.0; +http://ahrefs.com/robot/)" "metrocrimedaily.com"
51.222.253.18 - - [21/Feb/2023:22:18:48 -0800] "GET /instagram-atlanta/02-18-2023-0453121-17-year-old-steals-gun-from-man-at-Dunkin-----sho.txt HTTP/1.1" 200 1057 "-" "Mozilla/5.0 (compatible; AhrefsBot/7.0; +http://ahrefs.com/robot/)" "metrocrimedaily.com"
66.249.64.166 - - [21/Feb/2023:22:19:49 -0800] "GET /instagram-chicago/02-18-2023-1413183-A.jpg HTTP/1.1" 404 88 "-" "Googlebot-Image/1.0" "metrocrimedaily.com"
51.222.253.17 - - [21/Feb/2023:22:19:51 -0800] "GET /instagram-atlanta/02-18-2023-0638451-Two-teens-hospitalized-following-shooting-near-At.txt HTTP/1.1" 200 405 "-" "Mozilla/5.0 (compatible; AhrefsBot/7.0; +http://ahrefs.com/robot/)" "metrocrimedaily.com"
51.222.253.8 - - [21/Feb/2023:22:20:42 -0800] "GET /instagram-atlanta/02-18-2023-1115301-Multiple-children-shot-outside-Columbus--Ga.-gas-.txt HTTP/1.1" 200 631 "-" "Mozilla/5.0 (compatible; AhrefsBot/7.0; +http://ahrefs.com/robot/)" "metrocrimedaily.com"
213.180.203.32 - - [21/Feb/2023:22:21:44 -0800] "GET /instagram-chicago/01-15-2023-0548451-Murder-of-ABC7-producer-Anne-Swaney-in-Belize-rem.txt HTTP/1.1" 404 88 "-" "Mozilla/5.0 (compatible; YandexBot/3.0; +http://yandex.com/bots)" "metrocrimedaily.com"
51.222.253.6 - - [21/Feb/2023:22:22:01 -0800] "GET /instagram-atlanta/02-18-2023-1235301-3-people-shot-at-gas-station--nearby-apartment-co.txt HTTP/1.1" 200 557 "-" "Mozilla/5.0 (compatible; AhrefsBot/7.0; +http://ahrefs.com/robot/)" "metrocrimedaily.com"
185.191.171.6 - - [21/Feb/2023:22:22:32 -0800] "GET /CRIME-WATCH-AMERICA/CRIME-WATCH-DETROIT/unix/ HTTP/1.1" 200 395 "-" "Mozilla/5.0 (compatible; SemrushBot/7~bl; +http://www.semrush.com/bot.html)" "metrocrimedaily.com"
51.222.253.3 - - [21/Feb/2023:22:22:56 -0800] "GET /instagram-atlanta/02-18-2023-1423291-27-year-old-Morrow-woman-with-medical-issues-repo.txt HTTP/1.1" 200 413 "-" "Mozilla/5.0 (compatible; AhrefsBot/7.0; +http://ahrefs.com/robot/)" "metrocrimedaily.com"
51.222.253.3 - - [21/Feb/2023:22:23:47 -0800] "GET /instagram-atlanta/02-18-2023-1423292-Man-making-food-delivery-injured-in-DeKalb-County.txt HTTP/1.1" 200 479 "-" "Mozilla/5.0 (compatible; AhrefsBot/7.0; +http://ahrefs.com/robot/)" "metrocrimedaily.com"
51.222.253.20 - - [21/Feb/2023:22:24:59 -0800] "GET /robots.txt HTTP/1.1" 404 88 "-" "Mozilla/5.0 (compatible; AhrefsBot/7.0; +http://ahrefs.com/robot/)" "metrocrimedaily.com"
51.222.253.15 - - [21/Feb/2023:22:24:59 -0800] "GET /instagram-atlanta/02-18-2023-1423293-Atlanta-police-searching-for-burglary-suspects-se.txt HTTP/1.1" 200 713 "-" "Mozilla/5.0 (compatible; AhrefsBot/7.0; +http://ahrefs.com/robot/)" "metrocrimedaily.com"
51.222.253.7 - - [21/Feb/2023:22:25:36 -0800] "GET /instagram-atlanta/02-18-2023-1551102-2-teenagers-hospitalized-after-being-shot-outside.txt HTTP/1.1" 200 616 "-" "Mozilla/5.0 (compatible; AhrefsBot/7.0; +http://ahrefs.com/robot/)" "metrocrimedaily.com"
51.222.253.5 - - [21/Feb/2023:22:26:28 -0800] "GET /instagram-atlanta/02-18-2023-1756083-Family-mourns-16-year-old-Coweta-County-high-scho.txt HTTP/1.1" 200 701 "-" "Mozilla/5.0 (compatible; AhrefsBot/7.0; +http://ahrefs.com/robot/)" "metrocrimedaily.com"
69.63.184.5 - - [21/Feb/2023:22:27:31 -0800] "GET /instagram-houston/02-22-2023-0027081-A.jpg HTTP/1.1" 200 193284 "-" "facebookexternalhit/1.1 (+http://www.facebook.com/externalhit_uatext.php)" "www.metrocrimedaily.com"
51.222.253.4 - - [21/Feb/2023:22:27:44 -0800] "GET /instagram-atlanta/02-18-2023-1930511-Nine-children--teenagers-shot-at-Georgia-gas-stat.txt HTTP/1.1" 200 1122 "-" "Mozilla/5.0 (compatible; AhrefsBot/7.0; +http://ahrefs.com/robot/)" "metrocrimedaily.com"
69.63.184.116 - - [21/Feb/2023:22:27:58 -0800] "GET /instagram-houston/02-22-2023-0027082-A.jpg HTTP/1.1" 200 157348 "-" "facebookexternalhit/1.1 (+http://www.facebook.com/externalhit_uatext.php)" "www.metrocrimedaily.com"
185.191.171.44 - - [21/Feb/2023:22:28:15 -0800] "GET /CRIME-WATCH-AMERICA/CRIME-WATCH-LOS-ANGELES/?C=M%3BO%3DA HTTP/1.1" 200 379 "-" "Mozilla/5.0 (compatible; SemrushBot/7~bl; +http://www.semrush.com/bot.html)" "metrocrimedaily.com"
69.63.184.117 - - [21/Feb/2023:22:28:25 -0800] "GET /instagram-houston/02-22-2023-0027083-A.jpg HTTP/1.1" 200 147582 "-" "facebookexternalhit/1.1 (+http://www.facebook.com/externalhit_uatext.php)" "www.metrocrimedaily.com"
51.222.253.11 - - [21/Feb/2023:22:28:39 -0800] "GET /instagram-atlanta/02-18-2023-1930512-9-children--including-5-year-old--shot-outside-Ga.txt HTTP/1.1" 200 766 "-" "Mozilla/5.0 (compatible; AhrefsBot/7.0; +http://ahrefs.com/robot/)" "metrocrimedaily.com"
69.63.184.5 - - [21/Feb/2023:22:28:51 -0800] "GET /instagram-houston/02-22-2023-0027084-A.jpg HTTP/1.1" 200 132935 "-" "facebookexternalhit/1.1 (+http://www.facebook.com/externalhit_uatext.php)" "www.metrocrimedaily.com"
51.222.253.7 - - [21/Feb/2023:22:29:29 -0800] "GET /instagram-atlanta/02-18-2023-1930514-Woman-with-disability-reported-missing-from-Clayt.txt HTTP/1.1" 200 470 "-" "Mozilla/5.0 (compatible; AhrefsBot/7.0; +http://ahrefs.com/robot/)" "metrocrimedaily.com"
40.77.167.212 - - [21/Feb/2023:22:29:46 -0800] "GET /instagram-losangeles/01-20-2023-1440302-Bryan-Kohberger-case--Moscow-prosecutor-can-sides.txt HTTP/1.1" 404 88 "-" "Mozilla/5.0 AppleWebKit/537.36 (KHTML, like Gecko; compatible; bingbot/2.0; +http://www.bing.com/bingbot.htm) Chrome/103.0.5060.134 Safari/537.36" "www.metrocrimedaily.com"
