69.63.184.117 - - [20/Feb/2023:18:55:33 -0800] "GET /instagram-houston/02-20-2023-2054452-A.jpg HTTP/1.1" 200 119624 "-" "facebookexternalhit/1.1 (+http://www.facebook.com/externalhit_uatext.php)" "www.metrocrimedaily.com"
69.63.184.5 - - [20/Feb/2023:18:56:00 -0800] "GET /instagram-houston/02-20-2023-2054453-A.jpg HTTP/1.1" 200 120562 "-" "facebookexternalhit/1.1 (+http://www.facebook.com/externalhit_uatext.php)" "www.metrocrimedaily.com"
157.55.39.144 - - [20/Feb/2023:18:56:07 -0800] "GET /instagram-memphis/01-20-2023-1048551-Polar-bear-emerged-unseen-from-snowstorm-to-kill-.txt HTTP/1.1" 404 88 "-" "Mozilla/5.0 AppleWebKit/537.36 (KHTML, like Gecko; compatible; bingbot/2.0; +http://www.bing.com/bingbot.htm) Chrome/103.0.5060.134 Safari/537.36" "www.metrocrimedaily.com"
69.63.184.116 - - [20/Feb/2023:18:56:28 -0800] "GET /instagram-houston/02-20-2023-2054454-A.jpg HTTP/1.1" 200 114098 "-" "facebookexternalhit/1.1 (+http://www.facebook.com/externalhit_uatext.php)" "www.metrocrimedaily.com"
51.222.253.12 - - [20/Feb/2023:18:56:45 -0800] "GET /CRIME-WATCH-AMERICA/GOOD_BARBER_APP-MAKER/INSTALL-CRIME-WATCH-CHICAGO/CRIME-WATCH-CHICAGO/INSTAGRAM-AUTOMATION/?C=S;O=A HTTP/1.1" 200 899 "-" "Mozilla/5.0 (compatible; AhrefsBot/7.0; +http://ahrefs.com/robot/)" "metrocrimedaily.com"
69.63.184.4 - - [20/Feb/2023:18:56:56 -0800] "GET /instagram-houston/02-20-2023-2054455-A.jpg HTTP/1.1" 200 136283 "-" "facebookexternalhit/1.1 (+http://www.facebook.com/externalhit_uatext.php)" "www.metrocrimedaily.com"
51.222.253.19 - - [20/Feb/2023:18:58:26 -0800] "GET /CRIME-WATCH-AMERICA/GOOD_BARBER_APP-MAKER/youtube-upload-master/youtube_upload/?C=M;O=A HTTP/1.1" 200 555 "-" "Mozilla/5.0 (compatible; AhrefsBot/7.0; +http://ahrefs.com/robot/)" "metrocrimedaily.com"
51.222.253.5 - - [20/Feb/2023:18:59:58 -0800] "GET /CRIME-WATCH-AMERICA/GOOD_BARBER_APP-MAKER/INSTALL-CRIME-WATCH-CHICAGO/CRIME-WATCH-CHICAGO/unix/?C=D;O=A HTTP/1.1" 200 408 "-" "Mozilla/5.0 (compatible; AhrefsBot/7.0; +http://ahrefs.com/robot/)" "metrocrimedaily.com"
51.222.253.12 - - [20/Feb/2023:19:01:43 -0800] "GET /CRIME-WATCH-AMERICA/GOOD_BARBER_APP-MAKER/html-goodbarber/?C=D;O=A HTTP/1.1" 200 522 "-" "Mozilla/5.0 (compatible; AhrefsBot/7.0; +http://ahrefs.com/robot/)" "metrocrimedaily.com"
51.222.253.10 - - [20/Feb/2023:19:03:18 -0800] "GET /CRIME-WATCH-AMERICA/CRIME-WATCH-HOUSTON/mcd-calculate-how-long-ago.html HTTP/1.1" 200 650 "-" "Mozilla/5.0 (compatible; AhrefsBot/7.0; +http://ahrefs.com/robot/)" "metrocrimedaily.com"
51.222.253.11 - - [20/Feb/2023:19:04:47 -0800] "GET /CRIME-WATCH-AMERICA/CRIME-WATCH-DETROIT/INSTAGRAM-AUTOMATION/instagram/archive/ HTTP/1.1" 200 1435 "-" "Mozilla/5.0 (compatible; AhrefsBot/7.0; +http://ahrefs.com/robot/)" "metrocrimedaily.com"
51.222.253.8 - - [20/Feb/2023:19:06:21 -0800] "GET /instagram-chicago/?C=S;O=D HTTP/1.1" 200 5987 "-" "Mozilla/5.0 (compatible; AhrefsBot/7.0; +http://ahrefs.com/robot/)" "metrocrimedaily.com"
66.249.70.138 - - [20/Feb/2023:19:06:40 -0800] "GET /robots.txt HTTP/1.1" 404 88 "-" "Mozilla/5.0 (compatible; Googlebot/2.1; +http://www.google.com/bot.html)" "metrocrimedaily.com"
51.222.253.20 - - [20/Feb/2023:19:07:52 -0800] "GET /CRIME-WATCH-AMERICA/GOOD_BARBER_APP-MAKER/youtube-upload-master/?C=N;O=D HTTP/1.1" 200 713 "-" "Mozilla/5.0 (compatible; AhrefsBot/7.0; +http://ahrefs.com/robot/)" "metrocrimedaily.com"
51.222.253.8 - - [20/Feb/2023:19:09:33 -0800] "GET /CRIME-WATCH-AMERICA/GOOD_BARBER_APP-MAKER/html-goodbarber/?C=M;O=A HTTP/1.1" 200 523 "-" "Mozilla/5.0 (compatible; AhrefsBot/7.0; +http://ahrefs.com/robot/)" "metrocrimedaily.com"
69.63.184.3 - - [20/Feb/2023:19:09:45 -0800] "GET /instagram-stlouis/02-20-2023-2109231-A.jpg HTTP/1.1" 200 631667 "-" "facebookexternalhit/1.1 (+http://www.facebook.com/externalhit_uatext.php)" "www.metrocrimedaily.com"
69.63.184.118 - - [20/Feb/2023:19:09:57 -0800] "GET /instagram-detroit/02-20-2023-2109161-A.jpg HTTP/1.1" 200 150279 "-" "facebookexternalhit/1.1 (+http://www.facebook.com/externalhit_uatext.php)" "www.metrocrimedaily.com"
69.63.184.1 - - [20/Feb/2023:19:10:23 -0800] "GET /instagram-detroit/02-20-2023-2109162-A.jpg HTTP/1.1" 200 87457 "-" "facebookexternalhit/1.1 (+http://www.facebook.com/externalhit_uatext.php)" "www.metrocrimedaily.com"
51.222.253.9 - - [20/Feb/2023:19:11:21 -0800] "GET /instagram-chicago/post-later/?C=D;O=A HTTP/1.1" 200 1665 "-" "Mozilla/5.0 (compatible; AhrefsBot/7.0; +http://ahrefs.com/robot/)" "metrocrimedaily.com"
114.119.159.228 - - [20/Feb/2023:19:12:22 -0800] "GET /instagram-dallas/02-18-2023-2103314-Police-Say-Mother-s-Fatal-90-Foot-Fall-From-Niaga.txt HTTP/1.1" 200 544 "http://www.metrocrimedaily.com/instagram-dallas/?C=M%3BO%3DA" "Mozilla/5.0 (Linux; Android 7.0;) AppleWebKit/537.36 (KHTML, like Gecko) Mobile Safari/537.36 (compatible; PetalBot;+https://webmaster.petalsearch.com/site/petalbot)" "www.metrocrimedaily.com"
51.222.253.11 - - [20/Feb/2023:19:12:58 -0800] "GET /CRIME-WATCH-AMERICA/CRIME-WATCH-ATLANTA/support/ HTTP/1.1" 200 964 "-" "Mozilla/5.0 (compatible; AhrefsBot/7.0; +http://ahrefs.com/robot/)" "www.metrocrimedaily.com"
51.222.253.18 - - [20/Feb/2023:19:14:25 -0800] "GET /music/?C=D;O=A HTTP/1.1" 200 663 "-" "Mozilla/5.0 (compatible; AhrefsBot/7.0; +http://ahrefs.com/robot/)" "metrocrimedaily.com"
51.222.253.5 - - [20/Feb/2023:19:15:57 -0800] "GET /CRIME-WATCH-AMERICA/GOOD_BARBER_APP-MAKER/INSTALL-CRIME-WATCH-HOUSTON/CRIME-WATCH-HOUSTON/instagram/archive/ HTTP/1.1" 200 379 "-" "Mozilla/5.0 (compatible; AhrefsBot/7.0; +http://ahrefs.com/robot/)" "metrocrimedaily.com"
69.63.184.1 - - [20/Feb/2023:19:16:42 -0800] "GET /instagram-losangeles/02-20-2023-2116241-A.jpg HTTP/1.1" 404 88 "-" "facebookexternalhit/1.1 (+http://www.facebook.com/externalhit_uatext.php)" "www.metrocrimedaily.com"
51.222.253.15 - - [20/Feb/2023:19:17:34 -0800] "GET /instagram-dallas/post-later/?C=S;O=D HTTP/1.1" 200 3368 "-" "Mozilla/5.0 (compatible; AhrefsBot/7.0; +http://ahrefs.com/robot/)" "www.metrocrimedaily.com"
51.222.253.16 - - [20/Feb/2023:19:19:02 -0800] "GET /music/?C=M;O=A HTTP/1.1" 200 664 "-" "Mozilla/5.0 (compatible; AhrefsBot/7.0; +http://ahrefs.com/robot/)" "metrocrimedaily.com"
51.222.253.9 - - [20/Feb/2023:19:20:41 -0800] "GET /CRIME-WATCH-AMERICA/CRIME-WATCH-ATLANTA/support/?C=M;O=A HTTP/1.1" 200 960 "-" "Mozilla/5.0 (compatible; AhrefsBot/7.0; +http://ahrefs.com/robot/)" "metrocrimedaily.com"
51.222.253.20 - - [20/Feb/2023:19:22:17 -0800] "GET /instagram-dallas/post-later/?C=D;O=D HTTP/1.1" 200 3333 "-" "Mozilla/5.0 (compatible; AhrefsBot/7.0; +http://ahrefs.com/robot/)" "www.metrocrimedaily.com"
69.63.184.119 - - [20/Feb/2023:19:23:36 -0800] "GET /instagram-atlanta/02-20-2023-2122521-A.jpg HTTP/1.1" 200 88625 "-" "facebookexternalhit/1.1 (+http://www.facebook.com/externalhit_uatext.php)" "www.metrocrimedaily.com"
51.222.253.11 - - [20/Feb/2023:19:23:48 -0800] "GET /instagram-dallas/videos/?C=N;O=D HTTP/1.1" 200 325 "-" "Mozilla/5.0 (compatible; AhrefsBot/7.0; +http://ahrefs.com/robot/)" "www.metrocrimedaily.com"
51.222.253.6 - - [20/Feb/2023:19:25:28 -0800] "GET /instagram-houston/post-later/?C=S;O=D HTTP/1.1" 200 8141 "-" "Mozilla/5.0 (compatible; AhrefsBot/7.0; +http://ahrefs.com/robot/)" "metrocrimedaily.com"
51.222.253.13 - - [20/Feb/2023:19:26:59 -0800] "GET /CRIME-WATCH-AMERICA/GOOD_BARBER_APP-MAKER/html-goodbarber/ HTTP/1.1" 200 522 "-" "Mozilla/5.0 (compatible; AhrefsBot/7.0; +http://ahrefs.com/robot/)" "metrocrimedaily.com"
51.222.253.15 - - [20/Feb/2023:19:28:37 -0800] "GET /instagram-chicago/post-later/ HTTP/1.1" 200 1665 "-" "Mozilla/5.0 (compatible; AhrefsBot/7.0; +http://ahrefs.com/robot/)" "metrocrimedaily.com"
51.222.253.10 - - [20/Feb/2023:19:30:14 -0800] "GET /instagram-chicago/videos/?C=N;O=D HTTP/1.1" 200 699 "-" "Mozilla/5.0 (compatible; AhrefsBot/7.0; +http://ahrefs.com/robot/)" "metrocrimedaily.com"
51.222.253.7 - - [20/Feb/2023:19:32:01 -0800] "GET /?C=S;O=D HTTP/1.1" 200 137829 "-" "Mozilla/5.0 (compatible; AhrefsBot/7.0; +http://ahrefs.com/robot/)" "www.metrocrimedaily.com"
114.119.130.213 - - [20/Feb/2023:19:32:10 -0800] "GET /instagram-dallas/01-27-2023-1631241-Amy-Robach-and-T.J.-Holmes-Expected-to-Leave----G.txt HTTP/1.1" 404 88 "https://metrocrimedaily.com/instagram-dallas/?C=N%3BO%3DD" "Mozilla/5.0 (Linux; Android 7.0;) AppleWebKit/537.36 (KHTML, like Gecko) Mobile Safari/537.36 (compatible; PetalBot;+https://webmaster.petalsearch.com/site/petalbot)" "metrocrimedaily.com"
51.222.253.13 - - [20/Feb/2023:19:32:13 -0800] "GET /images/facebook-logo-tiny.png HTTP/1.1" 200 1280 "-" "Mozilla/5.0 (compatible; AhrefsBot/7.0; +http://ahrefs.com/robot/)" "www.metrocrimedaily.com"
51.222.253.5 - - [20/Feb/2023:19:32:13 -0800] "GET /images/twitter-logo-b-tiny.png HTTP/1.1" 200 1600 "-" "Mozilla/5.0 (compatible; AhrefsBot/7.0; +http://ahrefs.com/robot/)" "www.metrocrimedaily.com"
51.222.253.10 - - [20/Feb/2023:19:32:14 -0800] "GET /images/youtube-logo-tiny.png HTTP/1.1" 200 689 "-" "Mozilla/5.0 (compatible; AhrefsBot/7.0; +http://ahrefs.com/robot/)" "www.metrocrimedaily.com"
51.222.253.19 - - [20/Feb/2023:19:32:14 -0800] "GET /?C=S;O=D HTTP/1.1" 200 137829 "-" "Mozilla/5.0 (compatible; AhrefsBot/7.0; +http://ahrefs.com/robot/)" "www.metrocrimedaily.com"
51.222.253.18 - - [20/Feb/2023:19:32:15 -0800] "GET /images/crimeinthed-logo.jpg HTTP/1.1" 200 14960 "-" "Mozilla/5.0 (compatible; AhrefsBot/7.0; +http://ahrefs.com/robot/)" "www.metrocrimedaily.com"
114.119.136.95 - - [20/Feb/2023:19:33:32 -0800] "GET /instagram-atlanta/post-later/?C=M%3BO%3DA HTTP/1.1" 200 4705 "https://metrocrimedaily.com/instagram-atlanta/post-later/?C=D%3BO%3DA" "Mozilla/5.0 (Linux; Android 7.0;) AppleWebKit/537.36 (KHTML, like Gecko) Mobile Safari/537.36 (compatible; PetalBot;+https://webmaster.petalsearch.com/site/petalbot)" "metrocrimedaily.com"
51.222.253.2 - - [20/Feb/2023:19:33:38 -0800] "GET /CRIME-WATCH-AMERICA/GOOD_BARBER_APP-MAKER/youtube-upload-master/bin/?C=S;O=A HTTP/1.1" 200 433 "-" "Mozilla/5.0 (compatible; AhrefsBot/7.0; +http://ahrefs.com/robot/)" "metrocrimedaily.com"
114.119.162.58 - - [20/Feb/2023:19:34:18 -0800] "GET /www.atlantanewsfirst.com HTTP/1.1" 404 88 "http://www.metrocrimedaily.com/index-atlanta.html" "Mozilla/5.0 (Linux; Android 7.0;) AppleWebKit/537.36 (KHTML, like Gecko) Mobile Safari/537.36 (compatible; PetalBot;+https://webmaster.petalsearch.com/site/petalbot)" "www.metrocrimedaily.com"
54.212.174.83 - - [20/Feb/2023:19:34:53 -0800] "GET / HTTP/1.1" 200 137829 "-" "Mozilla/5.0 (X11; Linux x86_64) AppleWebKit/537.36 (KHTML, like Gecko) Chrome/83.0.4103.97 Safari/537.36" "metrocrimedaily.com"
34.221.194.215 - - [20/Feb/2023:19:34:56 -0800] "GET / HTTP/1.1" 200 137829 "-" "Mozilla/5.0 (X11; Linux x86_64) AppleWebKit/537.36 (KHTML, like Gecko) Chrome/83.0.4103.97 Safari/537.36" "metrocrimedaily.com"
51.222.253.15 - - [20/Feb/2023:19:35:25 -0800] "GET /instagram-memphis/ HTTP/1.1" 200 4277 "-" "Mozilla/5.0 (compatible; AhrefsBot/7.0; +http://ahrefs.com/robot/)" "metrocrimedaily.com"
34.216.221.118 - - [20/Feb/2023:19:35:36 -0800] "GET /favicon.ico HTTP/1.1" 404 88 "-" "Mozilla/5.0 (X11; Linux x86_64) AppleWebKit/537.36 (KHTML, like Gecko) Chrome/83.0.4103.97 Safari/537.36" "metrocrimedaily.com"
69.63.184.116 - - [20/Feb/2023:19:35:38 -0800] "GET /instagram-neworleans/02-20-2023-2135181-A.jpg HTTP/1.1" 200 194273 "-" "facebookexternalhit/1.1 (+http://www.facebook.com/externalhit_uatext.php)" "www.metrocrimedaily.com"
34.216.221.118 - - [20/Feb/2023:19:35:41 -0800] "GET / HTTP/1.1" 200 137829 "-" "Mozilla/5.0 (X11; Linux x86_64) AppleWebKit/537.36 (KHTML, like Gecko) Chrome/83.0.4103.97 Safari/537.36" "metrocrimedaily.com"
51.222.253.14 - - [20/Feb/2023:19:36:28 -0800] "GET /instagram-chicago/post-later/?C=M;O=A HTTP/1.1" 200 1667 "-" "Mozilla/5.0 (compatible; AhrefsBot/7.0; +http://ahrefs.com/robot/)" "metrocrimedaily.com"
51.222.253.15 - - [20/Feb/2023:19:37:47 -0800] "GET /CRIME-WATCH-AMERICA/GOOD_BARBER_APP-MAKER/youtube-upload-master/examples/?C=D;O=A HTTP/1.1" 200 438 "-" "Mozilla/5.0 (compatible; AhrefsBot/7.0; +http://ahrefs.com/robot/)" "metrocrimedaily.com"
114.119.130.57 - - [20/Feb/2023:19:37:48 -0800] "GET /instagram-memphis/02-13-2023-0838512-WATCH--FOX13-Investigates--How-hiring-tactics-hav.txt HTTP/1.1" 404 88 "https://metrocrimedaily.com/instagram-memphis/?C=S%3BO%3DA" "Mozilla/5.0 (Linux; Android 7.0;) AppleWebKit/537.36 (KHTML, like Gecko) Mobile Safari/537.36 (compatible; PetalBot;+https://webmaster.petalsearch.com/site/petalbot)" "metrocrimedaily.com"
69.63.184.119 - - [20/Feb/2023:19:39:12 -0800] "GET /instagram-atlanta/02-20-2023-2122522-A.jpg HTTP/1.1" 200 142169 "-" "facebookexternalhit/1.1 (+http://www.facebook.com/externalhit_uatext.php)" "www.metrocrimedaily.com"
51.222.253.2 - - [20/Feb/2023:19:39:32 -0800] "GET /privacy-policy.html HTTP/1.1" 200 2353 "-" "Mozilla/5.0 (compatible; AhrefsBot/7.0; +http://ahrefs.com/robot/)" "www.metrocrimedaily.com"
87.250.224.211 - - [20/Feb/2023:19:40:41 -0800] "GET /robots.txt HTTP/1.1" 404 73 "-" "Mozilla/5.0 (compatible; YandexBot/3.0; +http://yandex.com/bots)" "metrocrimedaily.com"
95.108.213.199 - - [20/Feb/2023:19:40:41 -0800] "GET /instagram-neworleans/01-15-2023-2136051-Monroe-woman-accused-of-fatally-stabbing-girlfrie.txt HTTP/1.1" 404 88 "-" "Mozilla/5.0 (compatible; YandexBot/3.0; +http://yandex.com/bots)" "metrocrimedaily.com"
51.222.253.17 - - [20/Feb/2023:19:41:18 -0800] "GET /instagram-chicago/?C=M;O=D HTTP/1.1" 200 5738 "-" "Mozilla/5.0 (compatible; AhrefsBot/7.0; +http://ahrefs.com/robot/)" "metrocrimedaily.com"
69.63.184.5 - - [20/Feb/2023:19:43:13 -0800] "GET /instagram-houston/02-20-2023-2142531-A.jpg HTTP/1.1" 200 155370 "-" "facebookexternalhit/1.1 (+http://www.facebook.com/externalhit_uatext.php)" "www.metrocrimedaily.com"
51.222.253.13 - - [20/Feb/2023:19:43:27 -0800] "GET /CRIME-WATCH-AMERICA/CRIME-WATCH-DALLAS/support/ HTTP/1.1" 200 1200 "-" "Mozilla/5.0 (compatible; AhrefsBot/7.0; +http://ahrefs.com/robot/)" "metrocrimedaily.com"
51.222.253.13 - - [20/Feb/2023:19:44:59 -0800] "GET /CRIME-WATCH-AMERICA/GOOD_BARBER_APP-MAKER/html-goodbarber/?C=S;O=A HTTP/1.1" 200 524 "-" "Mozilla/5.0 (compatible; AhrefsBot/7.0; +http://ahrefs.com/robot/)" "metrocrimedaily.com"
69.63.184.116 - - [20/Feb/2023:19:45:39 -0800] "GET /instagram-dallas/02-20-2023-2145171-A.jpg HTTP/1.1" 200 228748 "-" "facebookexternalhit/1.1 (+http://www.facebook.com/externalhit_uatext.php)" "www.metrocrimedaily.com"
51.222.253.19 - - [20/Feb/2023:19:46:43 -0800] "GET /instagram-dallas/post-later/?C=N;O=D HTTP/1.1" 200 3333 "-" "Mozilla/5.0 (compatible; AhrefsBot/7.0; +http://ahrefs.com/robot/)" "www.metrocrimedaily.com"
51.222.253.11 - - [20/Feb/2023:19:48:21 -0800] "GET /instagram-chicago/videos/ HTTP/1.1" 200 699 "-" "Mozilla/5.0 (compatible; AhrefsBot/7.0; +http://ahrefs.com/robot/)" "metrocrimedaily.com"
51.222.253.9 - - [20/Feb/2023:19:50:05 -0800] "GET /CRIME-WATCH-AMERICA/CRIME-WATCH-ATLANTA/support/?C=M;O=D HTTP/1.1" 200 964 "-" "Mozilla/5.0 (compatible; AhrefsBot/7.0; +http://ahrefs.com/robot/)" "www.metrocrimedaily.com"
157.55.39.218 - - [20/Feb/2023:19:51:20 -0800] "GET /instagram-neworleans/01-12-2023-1920061-NOPD-says-female-student-arrested-for-slashing-a-.txt HTTP/1.1" 404 88 "-" "Mozilla/5.0 AppleWebKit/537.36 (KHTML, like Gecko; compatible; bingbot/2.0; +http://www.bing.com/bingbot.htm) Chrome/103.0.5060.134 Safari/537.36" "www.metrocrimedaily.com"
51.222.253.20 - - [20/Feb/2023:19:51:38 -0800] "GET /CRIME-WATCH-AMERICA/GOOD_BARBER_APP-MAKER/html-goodbarber/leave-a-message.html HTTP/1.1" 200 2846 "-" "Mozilla/5.0 (compatible; AhrefsBot/7.0; +http://ahrefs.com/robot/)" "metrocrimedaily.com"
40.77.167.212 - - [20/Feb/2023:19:52:52 -0800] "GET /instagram-losangeles/01-12-2023-0218002-Hit-and-run-driver-kills-13-year-old--leaves-todd.txt HTTP/1.1" 404 88 "-" "Mozilla/5.0 AppleWebKit/537.36 (KHTML, like Gecko; compatible; bingbot/2.0; +http://www.bing.com/bingbot.htm) Chrome/103.0.5060.134 Safari/537.36" "www.metrocrimedaily.com"
51.222.253.16 - - [20/Feb/2023:19:53:19 -0800] "GET /CRIME-WATCH-AMERICA/GOOD_BARBER_APP-MAKER/INSTALL-CRIME-WATCH-CHICAGO/archive/?C=N;O=D HTTP/1.1" 200 525 "-" "Mozilla/5.0 (compatible; AhrefsBot/7.0; +http://ahrefs.com/robot/)" "metrocrimedaily.com"
69.63.184.1 - - [20/Feb/2023:19:54:45 -0800] "GET /instagram-atlanta/02-20-2023-2122523-A.jpg HTTP/1.1" 200 84589 "-" "facebookexternalhit/1.1 (+http://www.facebook.com/externalhit_uatext.php)" "www.metrocrimedaily.com"
51.222.253.3 - - [20/Feb/2023:19:54:58 -0800] "GET /CRIME-WATCH-AMERICA/CRIME-WATCH-DALLAS/?C=D;O=A HTTP/1.1" 200 1371 "-" "Mozilla/5.0 (compatible; AhrefsBot/7.0; +http://ahrefs.com/robot/)" "www.metrocrimedaily.com"
69.63.189.119 - - [20/Feb/2023:19:56:53 -0800] "GET /instagram-memphis/02-20-2023-2156321-A.jpg HTTP/1.1" 200 340897 "-" "facebookexternalhit/1.1 (+http://www.facebook.com/externalhit_uatext.php)" "www.metrocrimedaily.com"
51.222.253.3 - - [20/Feb/2023:19:56:53 -0800] "GET /instagram-monroe/videos/?C=M;O=A HTTP/1.1" 200 326 "-" "Mozilla/5.0 (compatible; AhrefsBot/7.0; +http://ahrefs.com/robot/)" "metrocrimedaily.com"
51.222.253.7 - - [20/Feb/2023:19:58:37 -0800] "GET /instagram-stlouis/videos/?C=D;O=A HTTP/1.1" 200 461 "-" "Mozilla/5.0 (compatible; AhrefsBot/7.0; +http://ahrefs.com/robot/)" "www.metrocrimedaily.com"
69.63.189.3 - - [20/Feb/2023:19:58:46 -0800] "GET /instagram-houston/02-20-2023-2142532-A.jpg HTTP/1.1" 200 170930 "-" "facebookexternalhit/1.1 (+http://www.facebook.com/externalhit_uatext.php)" "www.metrocrimedaily.com"
95.108.213.165 - - [20/Feb/2023:19:59:25 -0800] "GET /instagram-dallas/01-17-2023-1133334-Dallas-Zoo--Clouded-leopard-doing-fine%3B-hole-in-m.txt HTTP/1.1" 404 88 "-" "Mozilla/5.0 (compatible; YandexBot/3.0; +http://yandex.com/bots)" "metrocrimedaily.com"
51.222.253.18 - - [20/Feb/2023:20:00:20 -0800] "GET /instagram-chicago/post-later/?C=S;O=A HTTP/1.1" 200 1684 "-" "Mozilla/5.0 (compatible; AhrefsBot/7.0; +http://ahrefs.com/robot/)" "metrocrimedaily.com"
51.222.253.17 - - [20/Feb/2023:20:02:01 -0800] "GET /instagram-chicago/?C=D;O=D HTTP/1.1" 200 5845 "-" "Mozilla/5.0 (compatible; AhrefsBot/7.0; +http://ahrefs.com/robot/)" "metrocrimedaily.com"
76.184.252.42 - - [20/Feb/2023:20:02:31 -0800] "GET /images/police-tape.jpg HTTP/1.1" 200 50766 "-" "Wget/1.20.3 (mingw32)" "metrocrimedaily.com"
69.63.184.1 - - [20/Feb/2023:20:02:41 -0800] "GET /instagram-detroit/02-20-2023-2202201-A.jpg HTTP/1.1" 200 54648 "-" "facebookexternalhit/1.1 (+http://www.facebook.com/externalhit_uatext.php)" "www.metrocrimedaily.com"
51.222.253.2 - - [20/Feb/2023:20:03:36 -0800] "GET /CRIME-WATCH-AMERICA/GOOD_BARBER_APP-MAKER/youtube-upload-master/build/?C=D;O=A HTTP/1.1" 200 424 "-" "Mozilla/5.0 (compatible; AhrefsBot/7.0; +http://ahrefs.com/robot/)" "metrocrimedaily.com"
51.222.253.8 - - [20/Feb/2023:20:05:06 -0800] "GET /CRIME-WATCH-AMERICA/GOOD_BARBER_APP-MAKER/INSTALL-CRIME-WATCH-HOUSTON/CRIME-WATCH-HOUSTON/unix/bin/ HTTP/1.1" 200 2159 "-" "Mozilla/5.0 (compatible; AhrefsBot/7.0; +http://ahrefs.com/robot/)" "metrocrimedaily.com"
114.119.157.174 - - [20/Feb/2023:20:06:11 -0800] "GET /instagram-neworleans/02-04-2023-0802412-One-killed-in-double-shooting-on-Tchoupitoulas-St.txt HTTP/1.1" 404 88 "https://metrocrimedaily.com/instagram-neworleans/?C=N%3BO%3DD" "Mozilla/5.0 (Linux; Android 7.0;) AppleWebKit/537.36 (KHTML, like Gecko) Mobile Safari/537.36 (compatible; PetalBot;+https://webmaster.petalsearch.com/site/petalbot)" "metrocrimedaily.com"
114.119.152.195 - - [20/Feb/2023:20:06:43 -0800] "GET /www.click2houston.com HTTP/1.1" 404 88 "http://www.metrocrimedaily.com/index-houston.html" "Mozilla/5.0 (Linux; Android 7.0;) AppleWebKit/537.36 (KHTML, like Gecko) Mobile Safari/537.36 (compatible; PetalBot;+https://webmaster.petalsearch.com/site/petalbot)" "www.metrocrimedaily.com"
51.222.253.19 - - [20/Feb/2023:20:06:51 -0800] "GET /contact-us.html HTTP/1.1" 200 765 "-" "Mozilla/5.0 (compatible; AhrefsBot/7.0; +http://ahrefs.com/robot/)" "metrocrimedaily.com"
114.119.145.150 - - [20/Feb/2023:20:07:30 -0800] "GET /instagram-houston/post-later/02-17-2023-2242311-Rosenberg-man-out-on-bond-for-4-counts-of-intoxic.txt HTTP/1.1" 200 395 "http://www.metrocrimedaily.com/instagram-houston/post-later/" "Mozilla/5.0 (Linux; Android 7.0;) AppleWebKit/537.36 (KHTML, like Gecko) Mobile Safari/537.36 (compatible; PetalBot;+https://webmaster.petalsearch.com/site/petalbot)" "www.metrocrimedaily.com"
51.222.253.18 - - [20/Feb/2023:20:08:37 -0800] "GET /CRIME-WATCH-AMERICA/CRIME-WATCH-DALLAS/INSTAGRAM-AUTOMATION/?C=S;O=D HTTP/1.1" 200 931 "-" "Mozilla/5.0 (compatible; AhrefsBot/7.0; +http://ahrefs.com/robot/)" "metrocrimedaily.com"
69.63.184.1 - - [20/Feb/2023:20:10:17 -0800] "GET /instagram-atlanta/02-20-2023-2122524-A.jpg HTTP/1.1" 200 103224 "-" "facebookexternalhit/1.1 (+http://www.facebook.com/externalhit_uatext.php)" "www.metrocrimedaily.com"
51.222.253.2 - - [20/Feb/2023:20:10:34 -0800] "GET /instagram-dallas/?C=N;O=A HTTP/1.1" 200 5730 "-" "Mozilla/5.0 (compatible; AhrefsBot/7.0; +http://ahrefs.com/robot/)" "www.metrocrimedaily.com"
51.222.253.9 - - [20/Feb/2023:20:12:19 -0800] "GET /instagram-losangeles/videos/ HTTP/1.1" 200 756 "-" "Mozilla/5.0 (compatible; AhrefsBot/7.0; +http://ahrefs.com/robot/)" "www.metrocrimedaily.com"
95.108.213.165 - - [20/Feb/2023:20:12:27 -0800] "GET /instagram-chicago/01-19-2023-1521062-Man-charged-with-burglarizing-Lincoln-Park-church.txt HTTP/1.1" 404 88 "-" "Mozilla/5.0 (compatible; YandexBot/3.0; +http://yandex.com/bots)" "metrocrimedaily.com"
69.63.184.1 - - [20/Feb/2023:20:13:57 -0800] "GET /instagram-chicago/02-20-2023-2213351-A.jpg HTTP/1.1" 200 98739 "-" "facebookexternalhit/1.1 (+http://www.facebook.com/externalhit_uatext.php)" "www.metrocrimedaily.com"
51.222.253.18 - - [20/Feb/2023:20:14:03 -0800] "GET /instagram-atlanta/videos/?C=S;O=A HTTP/1.1" 200 1870 "-" "Mozilla/5.0 (compatible; AhrefsBot/7.0; +http://ahrefs.com/robot/)" "metrocrimedaily.com"
51.222.253.13 - - [20/Feb/2023:20:15:35 -0800] "GET /CRIME-WATCH-AMERICA/GOOD_BARBER_APP-MAKER/youtube-upload-master/build/?C=M;O=A HTTP/1.1" 200 424 "-" "Mozilla/5.0 (compatible; AhrefsBot/7.0; +http://ahrefs.com/robot/)" "metrocrimedaily.com"
51.222.253.11 - - [20/Feb/2023:20:17:27 -0800] "GET /instagram-chicago/post-later/?C=N;O=A HTTP/1.1" 200 1665 "-" "Mozilla/5.0 (compatible; AhrefsBot/7.0; +http://ahrefs.com/robot/)" "metrocrimedaily.com"
51.222.253.13 - - [20/Feb/2023:20:19:02 -0800] "GET /instagram-dallas/post-later/?C=N;O=D HTTP/1.1" 200 3333 "-" "Mozilla/5.0 (compatible; AhrefsBot/7.0; +http://ahrefs.com/robot/)" "www.metrocrimedaily.com"
51.222.253.7 - - [20/Feb/2023:20:20:29 -0800] "GET /CRIME-WATCH-AMERICA/CRIME-WATCH-ATLANTA/support/?C=S;O=D HTTP/1.1" 200 963 "-" "Mozilla/5.0 (compatible; AhrefsBot/7.0; +http://ahrefs.com/robot/)" "www.metrocrimedaily.com"
40.77.167.212 - - [20/Feb/2023:20:20:47 -0800] "GET /instagram-houston/01-19-2023-0035491-Exclusive--Woman-caught-in-crossfire-when-TakeOff.txt HTTP/1.1" 404 88 "-" "Mozilla/5.0 AppleWebKit/537.36 (KHTML, like Gecko; compatible; bingbot/2.0; +http://www.bing.com/bingbot.htm) Chrome/103.0.5060.134 Safari/537.36" "www.metrocrimedaily.com"
51.222.253.11 - - [20/Feb/2023:20:22:03 -0800] "GET /instagram-newyork/?C=N;O=D HTTP/1.1" 200 3288 "-" "Mozilla/5.0 (compatible; AhrefsBot/7.0; +http://ahrefs.com/robot/)" "metrocrimedaily.com"
95.108.213.165 - - [20/Feb/2023:20:22:53 -0800] "GET /instagram-miami/?C=D;O=A HTTP/1.1" 200 3901 "-" "Mozilla/5.0 (compatible; YandexBot/3.0; +http://yandex.com/bots)" "metrocrimedaily.com"
69.63.184.1 - - [20/Feb/2023:20:24:10 -0800] "GET /instagram-dallas/02-20-2023-2223481-A.jpg HTTP/1.1" 200 57759 "-" "facebookexternalhit/1.1 (+http://www.facebook.com/externalhit_uatext.php)" "www.metrocrimedaily.com"
51.222.253.14 - - [20/Feb/2023:20:24:18 -0800] "GET /CRIME-WATCH-AMERICA/GOOD_BARBER_APP-MAKER/INSTALL-CRIME-WATCH-HOUSTON/CRIME-WATCH-HOUSTON/support/?C=D;O=A HTTP/1.1" 200 712 "-" "Mozilla/5.0 (compatible; AhrefsBot/7.0; +http://ahrefs.com/robot/)" "metrocrimedaily.com"
69.63.184.118 - - [20/Feb/2023:20:24:32 -0800] "GET /instagram-stlouis/02-20-2023-2224121-A.jpg HTTP/1.1" 200 215019 "-" "facebookexternalhit/1.1 (+http://www.facebook.com/externalhit_uatext.php)" "www.metrocrimedaily.com"
157.55.39.144 - - [20/Feb/2023:20:25:04 -0800] "GET /instagram-atlanta/01-17-2023-12053110-Woman-dies-after-shooting-at-MLK-Day-party-in-Flo.txt HTTP/1.1" 404 88 "-" "Mozilla/5.0 AppleWebKit/537.36 (KHTML, like Gecko; compatible; bingbot/2.0; +http://www.bing.com/bingbot.htm) Chrome/103.0.5060.134 Safari/537.36" "www.metrocrimedaily.com"
69.63.184.2 - - [20/Feb/2023:20:25:53 -0800] "GET /instagram-atlanta/02-20-2023-2122525-A.jpg HTTP/1.1" 200 87414 "-" "facebookexternalhit/1.1 (+http://www.facebook.com/externalhit_uatext.php)" "www.metrocrimedaily.com"
51.222.253.14 - - [20/Feb/2023:20:26:22 -0800] "GET /CRIME-WATCH-AMERICA/GOOD_BARBER_APP-MAKER/INSTALL-CRIME-WATCH-HOUSTON/CRIME-WATCH-HOUSTON/support/?C=M;O=A HTTP/1.1" 200 721 "-" "Mozilla/5.0 (compatible; AhrefsBot/7.0; +http://ahrefs.com/robot/)" "metrocrimedaily.com"
40.77.167.212 - - [20/Feb/2023:20:26:54 -0800] "GET /instagram-newyork/01-13-2023-0247251-Lisa-Marie-Presley-made-Golden-Globes-2023-appear.txt HTTP/1.1" 404 88 "-" "Mozilla/5.0 AppleWebKit/537.36 (KHTML, like Gecko; compatible; bingbot/2.0; +http://www.bing.com/bingbot.htm) Chrome/103.0.5060.134 Safari/537.36" "www.metrocrimedaily.com"
51.222.253.19 - - [20/Feb/2023:20:27:59 -0800] "GET /CRIME-WATCH-AMERICA/GOOD_BARBER_APP-MAKER/dallas-links-menu.html HTTP/1.1" 200 420 "-" "Mozilla/5.0 (compatible; AhrefsBot/7.0; +http://ahrefs.com/robot/)" "metrocrimedaily.com"
69.63.184.113 - - [20/Feb/2023:20:29:32 -0800] "GET /instagram-chicago/02-20-2023-2213352-A.jpg HTTP/1.1" 200 80950 "-" "facebookexternalhit/1.1 (+http://www.facebook.com/externalhit_uatext.php)" "www.metrocrimedaily.com"
51.222.253.6 - - [20/Feb/2023:20:29:46 -0800] "GET /CRIME-WATCH-AMERICA/GOOD_BARBER_APP-MAKER/INSTALL-CRIME-WATCH-HOUSTON/CRIME-WATCH-HOUSTON/support/?C=S;O=A HTTP/1.1" 200 715 "-" "Mozilla/5.0 (compatible; AhrefsBot/7.0; +http://ahrefs.com/robot/)" "metrocrimedaily.com"
51.222.253.2 - - [20/Feb/2023:20:31:17 -0800] "GET /instagram-monroe/?C=N;O=D HTTP/1.1" 200 357 "-" "Mozilla/5.0 (compatible; AhrefsBot/7.0; +http://ahrefs.com/robot/)" "metrocrimedaily.com"
51.222.253.16 - - [20/Feb/2023:20:32:46 -0800] "GET /instagram-dallas/post-later/?C=D;O=A HTTP/1.1" 200 3305 "-" "Mozilla/5.0 (compatible; AhrefsBot/7.0; +http://ahrefs.com/robot/)" "www.metrocrimedaily.com"
51.222.253.7 - - [20/Feb/2023:20:33:52 -0800] "GET /CRIME-WATCH-AMERICA/GOOD_BARBER_APP-MAKER/2b1-join-fan-club.html HTTP/1.1" 200 2909 "-" "Mozilla/5.0 (compatible; AhrefsBot/7.0; +http://ahrefs.com/robot/)" "metrocrimedaily.com"
51.222.253.5 - - [20/Feb/2023:20:35:11 -0800] "GET /CRIME-WATCH-AMERICA/CRIME-WATCH-DALLAS/?C=S;O=D HTTP/1.1" 200 1361 "-" "Mozilla/5.0 (compatible; AhrefsBot/7.0; +http://ahrefs.com/robot/)" "metrocrimedaily.com"
69.63.184.3 - - [20/Feb/2023:20:36:28 -0800] "GET /instagram-losangeles/02-20-2023-2236041-A.jpg HTTP/1.1" 200 62969 "-" "facebookexternalhit/1.1 (+http://www.facebook.com/externalhit_uatext.php)" "www.metrocrimedaily.com"
51.222.253.18 - - [20/Feb/2023:20:37:15 -0800] "GET /CRIME-WATCH-AMERICA/GOOD_BARBER_APP-MAKER/INSTALL-CRIME-WATCH-CHICAGO/archive/?C=M;O=D HTTP/1.1" 200 526 "-" "Mozilla/5.0 (compatible; AhrefsBot/7.0; +http://ahrefs.com/robot/)" "metrocrimedaily.com"
69.63.184.116 - - [20/Feb/2023:20:38:36 -0800] "GET /instagram-houston/02-20-2023-2238131-A.jpg HTTP/1.1" 200 227933 "-" "facebookexternalhit/1.1 (+http://www.facebook.com/externalhit_uatext.php)" "www.metrocrimedaily.com"
69.63.184.118 - - [20/Feb/2023:20:38:47 -0800] "GET /instagram-newyork/02-20-2023-2238271-A.jpg HTTP/1.1" 200 91950 "-" "facebookexternalhit/1.1 (+http://www.facebook.com/externalhit_uatext.php)" "www.metrocrimedaily.com"
51.222.253.3 - - [20/Feb/2023:20:38:53 -0800] "GET /CRIME-WATCH-AMERICA/GOOD_BARBER_APP-MAKER/INSTALL-CRIME-WATCH-ATLANTA/CRIME-WATCH-ATLANTA/WIP/?C=D;O=A HTTP/1.1" 200 368 "-" "Mozilla/5.0 (compatible; AhrefsBot/7.0; +http://ahrefs.com/robot/)" "metrocrimedaily.com"
69.63.184.118 - - [20/Feb/2023:20:39:44 -0800] "GET /instagram-dallas/02-20-2023-2223482-A.jpg HTTP/1.1" 200 231507 "-" "facebookexternalhit/1.1 (+http://www.facebook.com/externalhit_uatext.php)" "www.metrocrimedaily.com"
51.222.253.13 - - [20/Feb/2023:20:40:16 -0800] "GET /CRIME-WATCH-AMERICA/GOOD_BARBER_APP-MAKER/INSTALL-CRIME-WATCH-ATLANTA/CRIME-WATCH-ATLANTA/WIP/?C=M;O=A HTTP/1.1" 200 368 "-" "Mozilla/5.0 (compatible; AhrefsBot/7.0; +http://ahrefs.com/robot/)" "metrocrimedaily.com"
95.108.213.165 - - [20/Feb/2023:20:40:17 -0800] "GET /instagram-detroit/01-12-2023-1633589-2-men-still-wanted-after-double-murder-outside-Ha.txt HTTP/1.1" 404 88 "-" "Mozilla/5.0 (compatible; YandexBot/3.0; +http://yandex.com/bots)" "metrocrimedaily.com"
51.222.253.15 - - [20/Feb/2023:20:41:42 -0800] "GET /CRIME-WATCH-AMERICA/GOOD_BARBER_APP-MAKER/INSTALL-CRIME-WATCH-ATLANTA/CRIME-WATCH-ATLANTA/WIP/?C=S;O=A HTTP/1.1" 200 368 "-" "Mozilla/5.0 (compatible; AhrefsBot/7.0; +http://ahrefs.com/robot/)" "metrocrimedaily.com"
69.63.184.117 - - [20/Feb/2023:20:41:59 -0800] "GET /instagram-memphis/02-20-2023-2241261-A.jpg HTTP/1.1" 200 107697 "-" "facebookexternalhit/1.1 (+http://www.facebook.com/externalhit_uatext.php)" "www.metrocrimedaily.com"
51.222.253.18 - - [20/Feb/2023:20:42:58 -0800] "GET /instagram-dallas/?C=S;O=D HTTP/1.1" 200 6069 "-" "Mozilla/5.0 (compatible; AhrefsBot/7.0; +http://ahrefs.com/robot/)" "www.metrocrimedaily.com"
157.55.39.144 - - [20/Feb/2023:20:43:07 -0800] "GET /instagram-houston/01-16-2023-0006283-Man-taken-to-the-hospital-by-Life-Flight-after-he.txt HTTP/1.1" 404 88 "-" "Mozilla/5.0 AppleWebKit/537.36 (KHTML, like Gecko; compatible; bingbot/2.0; +http://www.bing.com/bingbot.htm) Chrome/103.0.5060.134 Safari/537.36" "www.metrocrimedaily.com"
114.119.141.135 - - [20/Feb/2023:20:43:52 -0800] "GET /instagram-dallas/02-08-2023-2058161-Dallas-Zoo-officials-say-change-is-underway-after.txt HTTP/1.1" 404 88 "https://metrocrimedaily.com/instagram-dallas/?C=D%3BO%3DA" "Mozilla/5.0 (Linux; Android 7.0;) AppleWebKit/537.36 (KHTML, like Gecko) Mobile Safari/537.36 (compatible; PetalBot;+https://webmaster.petalsearch.com/site/petalbot)" "metrocrimedaily.com"
51.222.253.16 - - [20/Feb/2023:20:44:19 -0800] "GET /CRIME-WATCH-AMERICA/GOOD_BARBER_APP-MAKER/INSTALL-CRIME-WATCH-CHICAGO/CRIME-WATCH-CHICAGO/unix/ HTTP/1.1" 200 408 "-" "Mozilla/5.0 (compatible; AhrefsBot/7.0; +http://ahrefs.com/robot/)" "metrocrimedaily.com"
51.222.253.19 - - [20/Feb/2023:20:45:53 -0800] "GET /images/ HTTP/1.1" 200 943 "-" "Mozilla/5.0 (compatible; AhrefsBot/7.0; +http://ahrefs.com/robot/)" "metrocrimedaily.com"
51.222.253.14 - - [20/Feb/2023:20:47:10 -0800] "GET /instagram-chicago/videos/?C=N;O=D HTTP/1.1" 200 699 "-" "Mozilla/5.0 (compatible; AhrefsBot/7.0; +http://ahrefs.com/robot/)" "metrocrimedaily.com"
51.222.253.12 - - [20/Feb/2023:20:48:26 -0800] "GET /instagram-chicago/?C=D;O=D HTTP/1.1" 200 5960 "-" "Mozilla/5.0 (compatible; AhrefsBot/7.0; +http://ahrefs.com/robot/)" "metrocrimedaily.com"
51.222.253.16 - - [20/Feb/2023:20:49:50 -0800] "GET /instagram-neworleans/ HTTP/1.1" 200 4881 "-" "Mozilla/5.0 (compatible; AhrefsBot/7.0; +http://ahrefs.com/robot/)" "www.metrocrimedaily.com"
51.222.253.15 - - [20/Feb/2023:20:51:17 -0800] "GET /instagram-chicago/?C=M;O=D HTTP/1.1" 200 5852 "-" "Mozilla/5.0 (compatible; AhrefsBot/7.0; +http://ahrefs.com/robot/)" "metrocrimedaily.com"
69.63.184.5 - - [20/Feb/2023:20:52:01 -0800] "GET /instagram-losangeles/02-20-2023-2236042-A.jpg HTTP/1.1" 200 104269 "-" "facebookexternalhit/1.1 (+http://www.facebook.com/externalhit_uatext.php)" "www.metrocrimedaily.com"
95.108.213.165 - - [20/Feb/2023:20:52:06 -0800] "GET /mcd-epilog.html HTTP/1.1" 200 435 "-" "Mozilla/5.0 (compatible; YandexBot/3.0; +http://yandex.com/bots)" "metrocrimedaily.com"
51.222.253.4 - - [20/Feb/2023:20:53:09 -0800] "GET /CRIME-WATCH-AMERICA/GOOD_BARBER_APP-MAKER/INSTALL-CRIME-WATCH-CHICAGO/mcd-epilog.html HTTP/1.1" 200 439 "-" "Mozilla/5.0 (compatible; AhrefsBot/7.0; +http://ahrefs.com/robot/)" "metrocrimedaily.com"
51.222.253.4 - - [20/Feb/2023:20:54:35 -0800] "GET /CRIME-WATCH-AMERICA/GOOD_BARBER_APP-MAKER/INSTALL-CRIME-WATCH-CHICAGO/mcd-prolog.html HTTP/1.1" 200 859 "-" "Mozilla/5.0 (compatible; AhrefsBot/7.0; +http://ahrefs.com/robot/)" "metrocrimedaily.com"
69.63.184.1 - - [20/Feb/2023:20:54:37 -0800] "GET /instagram-detroit/02-20-2023-2253371-A.jpg HTTP/1.1" 200 52473 "-" "facebookexternalhit/1.1 (+http://www.facebook.com/externalhit_uatext.php)" "www.metrocrimedaily.com"
51.222.253.2 - - [20/Feb/2023:20:54:41 -0800] "GET /CRIME-WATCH-AMERICA/GOOD_BARBER_APP-MAKER/INSTALL-CRIME-WATCH-CHICAGO/styles-mcd.css HTTP/1.1" 404 88 "-" "Mozilla/5.0 (compatible; AhrefsBot/7.0; +http://ahrefs.com/robot/)" "metrocrimedaily.com"
51.222.253.5 - - [20/Feb/2023:20:54:42 -0800] "GET /CRIME-WATCH-AMERICA/GOOD_BARBER_APP-MAKER/INSTALL-CRIME-WATCH-CHICAGO/images/crime-scene-chicago-banner.jpg HTTP/1.1" 404 88 "-" "Mozilla/5.0 (compatible; AhrefsBot/7.0; +http://ahrefs.com/robot/)" "metrocrimedaily.com"
69.63.184.119 - - [20/Feb/2023:20:55:17 -0800] "GET /instagram-dallas/02-20-2023-2223483-A.jpg HTTP/1.1" 200 119838 "-" "facebookexternalhit/1.1 (+http://www.facebook.com/externalhit_uatext.php)" "www.metrocrimedaily.com"
51.222.253.12 - - [20/Feb/2023:20:56:02 -0800] "GET /instagram-newyork/post-later/ HTTP/1.1" 200 331 "-" "Mozilla/5.0 (compatible; AhrefsBot/7.0; +http://ahrefs.com/robot/)" "metrocrimedaily.com"
69.63.184.5 - - [20/Feb/2023:20:56:07 -0800] "GET /instagram-miami/02-20-2023-2255481-A.jpg HTTP/1.1" 200 85635 "-" "facebookexternalhit/1.1 (+http://www.facebook.com/externalhit_uatext.php)" "www.metrocrimedaily.com"
69.63.184.5 - - [20/Feb/2023:20:57:30 -0800] "GET /instagram-memphis/02-20-2023-2241262-A.jpg HTTP/1.1" 200 131067 "-" "facebookexternalhit/1.1 (+http://www.facebook.com/externalhit_uatext.php)" "www.metrocrimedaily.com"
51.222.253.8 - - [20/Feb/2023:20:57:54 -0800] "GET /instagram-detroit/ HTTP/1.1" 200 1082 "-" "Mozilla/5.0 (compatible; AhrefsBot/7.0; +http://ahrefs.com/robot/)" "www.metrocrimedaily.com"
51.222.253.7 - - [20/Feb/2023:20:59:16 -0800] "GET /instagram-monroe/ HTTP/1.1" 200 358 "-" "Mozilla/5.0 (compatible; AhrefsBot/7.0; +http://ahrefs.com/robot/)" "metrocrimedaily.com"
51.222.253.11 - - [20/Feb/2023:21:00:44 -0800] "GET /instagram-newyork/ HTTP/1.1" 200 3315 "-" "Mozilla/5.0 (compatible; AhrefsBot/7.0; +http://ahrefs.com/robot/)" "www.metrocrimedaily.com"
114.119.143.177 - - [20/Feb/2023:21:01:48 -0800] "GET /instagram-neworleans/02-18-2023-1618042-Jeff-Davis-parents-arrested-on-murder-charges-.txt HTTP/1.1" 200 698 "http://www.metrocrimedaily.com/instagram-neworleans/?C=N%3BO%3DD" "Mozilla/5.0 (Linux; Android 7.0;) AppleWebKit/537.36 (KHTML, like Gecko) Mobile Safari/537.36 (compatible; PetalBot;+https://webmaster.petalsearch.com/site/petalbot)" "www.metrocrimedaily.com"
51.222.253.16 - - [20/Feb/2023:21:02:23 -0800] "GET /instagram-chicago/ HTTP/1.1" 200 5933 "-" "Mozilla/5.0 (compatible; AhrefsBot/7.0; +http://ahrefs.com/robot/)" "metrocrimedaily.com"
51.222.253.11 - - [20/Feb/2023:21:03:49 -0800] "GET /post-mcd-stories.html HTTP/1.1" 200 6538 "-" "Mozilla/5.0 (compatible; AhrefsBot/7.0; +http://ahrefs.com/robot/)" "metrocrimedaily.com"
95.108.213.165 - - [20/Feb/2023:21:04:05 -0800] "GET /instagram-neworleans/01-15-2023-1618031-Woman-wounded-following-shooting-at-intersection-.txt HTTP/1.1" 404 88 "-" "Mozilla/5.0 (compatible; YandexBot/3.0; +http://yandex.com/bots)" "metrocrimedaily.com"
51.222.253.15 - - [20/Feb/2023:21:05:49 -0800] "GET /instagram-dallas/ HTTP/1.1" 200 5887 "-" "Mozilla/5.0 (compatible; AhrefsBot/7.0; +http://ahrefs.com/robot/)" "metrocrimedaily.com"
51.222.253.4 - - [20/Feb/2023:21:07:10 -0800] "GET /CRIME-WATCH-AMERICA/ HTTP/1.1" 200 614 "-" "Mozilla/5.0 (compatible; AhrefsBot/7.0; +http://ahrefs.com/robot/)" "metrocrimedaily.com"
69.63.184.2 - - [20/Feb/2023:21:07:35 -0800] "GET /instagram-losangeles/02-20-2023-2236043-A.jpg HTTP/1.1" 200 118998 "-" "facebookexternalhit/1.1 (+http://www.facebook.com/externalhit_uatext.php)" "www.metrocrimedaily.com"
51.222.253.16 - - [20/Feb/2023:21:08:41 -0800] "GET /instagram-chicago/post-later/02-16-2023-1322172-Father-of-Highland-Park-mass-shooting-suspect-ple.txt HTTP/1.1" 200 1064 "-" "Mozilla/5.0 (compatible; AhrefsBot/7.0; +http://ahrefs.com/robot/)" "metrocrimedaily.com"
69.63.184.3 - - [20/Feb/2023:21:09:39 -0800] "GET /instagram-stlouis/02-20-2023-2309191-A.jpg HTTP/1.1" 200 175235 "-" "facebookexternalhit/1.1 (+http://www.facebook.com/externalhit_uatext.php)" "www.metrocrimedaily.com"
95.108.213.165 - - [20/Feb/2023:21:10:21 -0800] "GET /instagram-neworleans/01-13-2023-2335431-Brazil---s-Supreme-Court-agrees-to-probe-Bolsonar.txt HTTP/1.1" 404 88 "-" "Mozilla/5.0 (compatible; YandexBot/3.0; +http://yandex.com/bots)" "metrocrimedaily.com"
51.222.253.7 - - [20/Feb/2023:21:10:25 -0800] "GET /instagram-chicago/post-later/02-16-2023-1322173-Tesla-recalls-nearly-363K-vehicles-with--Full-Sel.txt HTTP/1.1" 200 888 "-" "Mozilla/5.0 (compatible; AhrefsBot/7.0; +http://ahrefs.com/robot/)" "metrocrimedaily.com"
69.63.184.2 - - [20/Feb/2023:21:11:37 -0800] "GET /instagram-miami/02-20-2023-2255482-A.jpg HTTP/1.1" 200 107655 "-" "facebookexternalhit/1.1 (+http://www.facebook.com/externalhit_uatext.php)" "www.metrocrimedaily.com"
51.222.253.3 - - [20/Feb/2023:21:11:53 -0800] "GET /instagram-chicago/post-later/02-16-2023-1322174-Police--Michigan-State-University-shooter-had-2-h.txt HTTP/1.1" 200 1163 "-" "Mozilla/5.0 (compatible; AhrefsBot/7.0; +http://ahrefs.com/robot/)" "metrocrimedaily.com"
51.222.253.16 - - [20/Feb/2023:21:13:17 -0800] "GET /instagram-chicago/post-later/02-16-2023-1322175-Father-of-Man-Charged-in-Highland-Park-Parade-Sho.txt HTTP/1.1" 200 1130 "-" "Mozilla/5.0 (compatible; AhrefsBot/7.0; +http://ahrefs.com/robot/)" "metrocrimedaily.com"
51.222.253.10 - - [20/Feb/2023:21:14:45 -0800] "GET /instagram-chicago/post-later/02-17-2023-0657143-Man-killed--pregnant-woman-taken-to-hospital-afte.txt HTTP/1.1" 200 464 "-" "Mozilla/5.0 (compatible; AhrefsBot/7.0; +http://ahrefs.com/robot/)" "metrocrimedaily.com"
69.63.184.3 - - [20/Feb/2023:21:16:15 -0800] "GET /instagram-chicago/02-20-2023-2315541-A.jpg HTTP/1.1" 200 409194 "-" "facebookexternalhit/1.1 (+http://www.facebook.com/externalhit_uatext.php)" "www.metrocrimedaily.com"
51.222.253.6 - - [20/Feb/2023:21:16:30 -0800] "GET /instagram-chicago/post-later/02-17-2023-0657144-Feds-want-25-more-years-in-jail-for-R.-Kelly-on-C.txt HTTP/1.1" 200 1131 "-" "Mozilla/5.0 (compatible; AhrefsBot/7.0; +http://ahrefs.com/robot/)" "metrocrimedaily.com"
51.222.253.19 - - [20/Feb/2023:21:17:56 -0800] "GET /instagram-chicago/post-later/02-17-2023-1311284-Trump-lawyers-try-to-ban--Access-Hollywood--tape-.txt HTTP/1.1" 200 1155 "-" "Mozilla/5.0 (compatible; AhrefsBot/7.0; +http://ahrefs.com/robot/)" "metrocrimedaily.com"
51.222.253.17 - - [20/Feb/2023:21:19:17 -0800] "GET /instagram-chicago/post-later/02-17-2023-1429311-Winthrop-Harbor-man-broke-court-officer---s-nose-.txt HTTP/1.1" 200 791 "-" "Mozilla/5.0 (compatible; AhrefsBot/7.0; +http://ahrefs.com/robot/)" "metrocrimedaily.com"
114.119.135.120 - - [20/Feb/2023:21:20:04 -0800] "GET /instagram-neworleans/videos/?C=M%3BO%3DA HTTP/1.1" 200 520 "https://metrocrimedaily.com/instagram-neworleans/videos/?C=D%3BO%3DA" "Mozilla/5.0 (Linux; Android 7.0;) AppleWebKit/537.36 (KHTML, like Gecko) Mobile Safari/537.36 (compatible; PetalBot;+https://webmaster.petalsearch.com/site/petalbot)" "metrocrimedaily.com"
51.222.253.17 - - [20/Feb/2023:21:20:44 -0800] "GET /instagram-chicago/post-later/02-17-2023-1531321-Beverly-bar-violated-liquor-license-on-night-off-.txt HTTP/1.1" 200 997 "-" "Mozilla/5.0 (compatible; AhrefsBot/7.0; +http://ahrefs.com/robot/)" "metrocrimedaily.com"
207.46.13.22 - - [20/Feb/2023:21:20:50 -0800] "GET /instagram-newyork/01-18-2023-1519042-Manhattan-man-busted-for-using-3D-printers-to-run.txt HTTP/1.1" 404 88 "-" "Mozilla/5.0 AppleWebKit/537.36 (KHTML, like Gecko; compatible; bingbot/2.0; +http://www.bing.com/bingbot.htm) Chrome/103.0.5060.134 Safari/537.36" "www.metrocrimedaily.com"
114.119.156.175 - - [20/Feb/2023:21:21:06 -0800] "GET /instagram-losangeles/02-17-2023-0329001-Suspect-in-custody-after-2-Orthodox-Jews-shot-out.txt HTTP/1.1" 200 1115 "https://metrocrimedaily.com/instagram-losangeles/?C=D%3BO%3DA" "Mozilla/5.0 (Linux; Android 7.0;) AppleWebKit/537.36 (KHTML, like Gecko) Mobile Safari/537.36 (compatible; PetalBot;+https://webmaster.petalsearch.com/site/petalbot)" "metrocrimedaily.com"
114.119.131.110 - - [20/Feb/2023:21:21:22 -0800] "GET /CRIME-WATCH-AMERICA/GOOD_BARBER_APP-MAKER/?C=M%3BO%3DA HTTP/1.1" 200 1661 "https://metrocrimedaily.com/CRIME-WATCH-AMERICA/GOOD_BARBER_APP-MAKER/?C=N%3BO%3DD" "Mozilla/5.0 (Linux; Android 7.0;) AppleWebKit/537.36 (KHTML, like Gecko) Mobile Safari/537.36 (compatible; PetalBot;+https://webmaster.petalsearch.com/site/petalbot)" "metrocrimedaily.com"
95.108.213.165 - - [20/Feb/2023:21:21:43 -0800] "GET /instagram-neworleans/01-17-2023-1700291-Irvin-Mayfield-serves-less-than-a-year-into-his-1.txt HTTP/1.1" 404 88 "-" "Mozilla/5.0 (compatible; YandexBot/3.0; +http://yandex.com/bots)" "metrocrimedaily.com"
51.222.253.13 - - [20/Feb/2023:21:22:08 -0800] "GET /instagram-chicago/post-later/02-17-2023-1721461-Feds-seek-R.-Kelly-sentence-that-would-virtually-.txt HTTP/1.1" 200 1093 "-" "Mozilla/5.0 (compatible; AhrefsBot/7.0; +http://ahrefs.com/robot/)" "metrocrimedaily.com"
114.119.132.114 - - [20/Feb/2023:21:22:30 -0800] "GET /instagram-newyork/?C=N%3BO%3DD HTTP/1.1" 200 3315 "http://www.metrocrimedaily.com/instagram-newyork/?C=D%3BO%3DA" "Mozilla/5.0 (Linux; Android 7.0;) AppleWebKit/537.36 (KHTML, like Gecko) Mobile Safari/537.36 (compatible; PetalBot;+https://webmaster.petalsearch.com/site/petalbot)" "www.metrocrimedaily.com"
69.63.184.120 - - [20/Feb/2023:21:23:08 -0800] "GET /instagram-losangeles/02-20-2023-2236044-A.jpg HTTP/1.1" 200 549711 "-" "facebookexternalhit/1.1 (+http://www.facebook.com/externalhit_uatext.php)" "www.metrocrimedaily.com"
51.222.253.5 - - [20/Feb/2023:21:23:35 -0800] "GET /instagram-chicago/post-later/02-17-2023-1721462-Ex-wanted-for-shooting-death-of-Hanover-Park-moth.txt HTTP/1.1" 200 889 "-" "Mozilla/5.0 (compatible; AhrefsBot/7.0; +http://ahrefs.com/robot/)" "metrocrimedaily.com"
114.119.155.13 - - [20/Feb/2023:21:24:00 -0800] "GET /instagram-losangeles/02-17-2023-1813393-Truck-window-shattered-during-road-rage-incident-.txt HTTP/1.1" 200 531 "http://www.metrocrimedaily.com/instagram-losangeles/?C=D%3BO%3DA" "Mozilla/5.0 (Linux; Android 7.0;) AppleWebKit/537.36 (KHTML, like Gecko) Mobile Safari/537.36 (compatible; PetalBot;+https://webmaster.petalsearch.com/site/petalbot)" "www.metrocrimedaily.com"
51.222.253.17 - - [20/Feb/2023:21:25:06 -0800] "GET /instagram-chicago/post-later/02-17-2023-1721463-Notorious-West-Side-dump-site-known-as-Mount-Henr.txt HTTP/1.1" 200 1158 "-" "Mozilla/5.0 (compatible; AhrefsBot/7.0; +http://ahrefs.com/robot/)" "metrocrimedaily.com"
69.63.184.116 - - [20/Feb/2023:21:26:30 -0800] "GET /instagram-atlanta/02-20-2023-2325311-A.jpg HTTP/1.1" 200 125943 "-" "facebookexternalhit/1.1 (+http://www.facebook.com/externalhit_uatext.php)" "www.metrocrimedaily.com"
207.46.13.22 - - [20/Feb/2023:21:26:30 -0800] "GET /instagram-dallas/12-28-2022-0701021-Grand-jury-to-review-case-of-maintenance-worker-f.txt HTTP/1.1" 404 88 "-" "Mozilla/5.0 AppleWebKit/537.36 (KHTML, like Gecko; compatible; bingbot/2.0; +http://www.bing.com/bingbot.htm) Chrome/103.0.5060.134 Safari/537.36" "www.metrocrimedaily.com"
51.222.253.1 - - [20/Feb/2023:21:27:11 -0800] "GET /instagram-chicago/post-later/02-17-2023-1759153-Hanover-Park-police-issue-arrest-warrant-for-man-.txt HTTP/1.1" 200 712 "-" "Mozilla/5.0 (compatible; AhrefsBot/7.0; +http://ahrefs.com/robot/)" "metrocrimedaily.com"
51.222.253.7 - - [20/Feb/2023:21:28:50 -0800] "GET /instagram-chicago/post-later/02-17-2023-2157162-Highland--Indiana-police-shoot-man-during-shoplif.txt HTTP/1.1" 200 503 "-" "Mozilla/5.0 (compatible; AhrefsBot/7.0; +http://ahrefs.com/robot/)" "metrocrimedaily.com"
40.77.167.212 - - [20/Feb/2023:21:29:32 -0800] "GET /instagram-memphis/01-11-2023-1805561-Tennessee-program-now-lets-victims-of-trafficking.txt HTTP/1.1" 404 88 "-" "Mozilla/5.0 AppleWebKit/537.36 (KHTML, like Gecko; compatible; bingbot/2.0; +http://www.bing.com/bingbot.htm) Chrome/103.0.5060.134 Safari/537.36" "www.metrocrimedaily.com"
114.119.138.59 - - [20/Feb/2023:21:29:50 -0800] "GET /instagram-stlouis/02-17-2023-04282120-Panic--prayers--and-flashbacks-as-St.-Louis-polic.txt HTTP/1.1" 200 1102 "https://metrocrimedaily.com/instagram-stlouis/" "Mozilla/5.0 (Linux; Android 7.0;) AppleWebKit/537.36 (KHTML, like Gecko) Mobile Safari/537.36 (compatible; PetalBot;+https://webmaster.petalsearch.com/site/petalbot)" "metrocrimedaily.com"
51.222.253.14 - - [20/Feb/2023:21:30:09 -0800] "GET /instagram-chicago/post-later/02-20-2023-1549433-5-shot-along-Mardi-Gras-parade-route--1-person-ar.txt HTTP/1.1" 200 1115 "-" "Mozilla/5.0 (compatible; AhrefsBot/7.0; +http://ahrefs.com/robot/)" "metrocrimedaily.com"
114.119.141.42 - - [20/Feb/2023:21:31:17 -0800] "GET /instagram-dallas/02-17-2023-1503392-Man-accused-of-killing-estranged-wife-at-Royse-Ci.txt HTTP/1.1" 200 600 "https://metrocrimedaily.com/instagram-dallas/?C=S%3BO%3DA" "Mozilla/5.0 (Linux; Android 7.0;) AppleWebKit/537.36 (KHTML, like Gecko) Mobile Safari/537.36 (compatible; PetalBot;+https://webmaster.petalsearch.com/site/petalbot)" "metrocrimedaily.com"
51.222.253.20 - - [20/Feb/2023:21:31:36 -0800] "GET /instagram-chicago/post-later/02-20-2023-1549434----Trust-the-word-of-God-----Sitter-paid-North-Si.txt HTTP/1.1" 200 1068 "-" "Mozilla/5.0 (compatible; AhrefsBot/7.0; +http://ahrefs.com/robot/)" "metrocrimedaily.com"
69.63.184.116 - - [20/Feb/2023:21:32:35 -0800] "GET /instagram-houston/02-20-2023-2332131-A.jpg HTTP/1.1" 404 88 "-" "facebookexternalhit/1.1 (+http://www.facebook.com/externalhit_uatext.php)" "www.metrocrimedaily.com"
51.222.253.4 - - [20/Feb/2023:21:33:40 -0800] "GET /instagram-chicago/post-later/02-20-2023-1549435-5-year-firearms-enhancement-dropped-in-Baldwin-sh.txt HTTP/1.1" 200 1017 "-" "Mozilla/5.0 (compatible; AhrefsBot/7.0; +http://ahrefs.com/robot/)" "metrocrimedaily.com"
51.222.253.18 - - [20/Feb/2023:21:35:03 -0800] "GET /instagram-chicago/post-later/02-20-2023-1549436-6-killed--including-a-1-year-old-girl--in-weekend.txt HTTP/1.1" 200 967 "-" "Mozilla/5.0 (compatible; AhrefsBot/7.0; +http://ahrefs.com/robot/)" "metrocrimedaily.com"
51.222.253.1 - - [20/Feb/2023:21:37:45 -0800] "GET /instagram-chicago/post-later/02-20-2023-1659352-Chicago-Babysitter-Charged-With-Murder-After-Deat.txt HTTP/1.1" 200 1045 "-" "Mozilla/5.0 (compatible; AhrefsBot/7.0; +http://ahrefs.com/robot/)" "metrocrimedaily.com"
51.222.253.4 - - [20/Feb/2023:21:39:29 -0800] "GET /instagram-chicago/post-later/02-20-2023-1731191-Man-charged-with-aggravated-DUI-after-crash-into-.txt HTTP/1.1" 200 998 "-" "Mozilla/5.0 (compatible; AhrefsBot/7.0; +http://ahrefs.com/robot/)" "metrocrimedaily.com"
95.108.213.165 - - [20/Feb/2023:21:39:31 -0800] "GET /instagram-dallas/01-12-2023-0729492-Two-people-charged-in-connection-to-Frisco-purse-.txt HTTP/1.1" 404 88 "-" "Mozilla/5.0 (compatible; YandexBot/3.0; +http://yandex.com/bots)" "metrocrimedaily.com"
51.222.253.20 - - [20/Feb/2023:21:41:01 -0800] "GET /instagram-losangeles/02-16-2023-0958431-Man-Fatally-Shot-Near-Hawthorne-.txt HTTP/1.1" 200 614 "-" "Mozilla/5.0 (compatible; AhrefsBot/7.0; +http://ahrefs.com/robot/)" "www.metrocrimedaily.com"
95.108.213.165 - - [20/Feb/2023:21:41:02 -0800] "GET /instagram-detroit/01-13-2023-1735464-Starkman--GM-CEO-Mary-Barra-s-Killer-EV-Hummer-.txt HTTP/1.1" 404 88 "-" "Mozilla/5.0 (compatible; YandexBot/3.0; +http://yandex.com/bots)" "metrocrimedaily.com"
69.63.184.119 - - [20/Feb/2023:21:41:30 -0800] "GET /instagram-memphis/02-20-2023-2341101-A.jpg HTTP/1.1" 404 88 "-" "facebookexternalhit/1.1 (+http://www.facebook.com/externalhit_uatext.php)" "www.metrocrimedaily.com"
69.63.184.4 - - [20/Feb/2023:21:41:50 -0800] "GET /instagram-memphis/02-20-2023-2341102-A.jpg HTTP/1.1" 404 88 "-" "facebookexternalhit/1.1 (+http://www.facebook.com/externalhit_uatext.php)" "www.metrocrimedaily.com"
69.63.184.117 - - [20/Feb/2023:21:42:05 -0800] "GET /instagram-atlanta/02-20-2023-2325312-A.jpg HTTP/1.1" 404 88 "-" "facebookexternalhit/1.1 (+http://www.facebook.com/externalhit_uatext.php)" "www.metrocrimedaily.com"
69.63.184.118 - - [20/Feb/2023:21:42:10 -0800] "GET /instagram-memphis/02-20-2023-2341103-A.jpg HTTP/1.1" 404 88 "-" "facebookexternalhit/1.1 (+http://www.facebook.com/externalhit_uatext.php)" "www.metrocrimedaily.com"
69.63.184.1 - - [20/Feb/2023:21:42:25 -0800] "GET /instagram-atlanta/02-20-2023-2325313-A.jpg HTTP/1.1" 404 88 "-" "facebookexternalhit/1.1 (+http://www.facebook.com/externalhit_uatext.php)" "www.metrocrimedaily.com"
51.222.253.3 - - [20/Feb/2023:21:42:51 -0800] "GET /instagram-losangeles/02-16-2023-1117211-Homicide-investigation-launched-in-Hawthorne-.txt HTTP/1.1" 200 482 "-" "Mozilla/5.0 (compatible; AhrefsBot/7.0; +http://ahrefs.com/robot/)" "www.metrocrimedaily.com"
114.119.136.188 - - [20/Feb/2023:21:43:01 -0800] "GET /instagram-newyork/02-17-2023-2034284-Man-killed-by-chicken-in-vicious-attack-.txt HTTP/1.1" 200 607 "https://metrocrimedaily.com/instagram-newyork/?C=D%3BO%3DA" "Mozilla/5.0 (Linux; Android 7.0;) AppleWebKit/537.36 (KHTML, like Gecko) Mobile Safari/537.36 (compatible; PetalBot;+https://webmaster.petalsearch.com/site/petalbot)" "metrocrimedaily.com"
