185.191.171.18 - - [21/Feb/2023:04:17:22 -0800] "GET /CRIME-WATCH-AMERICA/CRIME-WATCH-NEW-YORK-CITY/?C=N%3BO%3DD HTTP/1.1" 200 381 "-" "Mozilla/5.0 (compatible; SemrushBot/7~bl; +http://www.semrush.com/bot.html)" "metrocrimedaily.com"
51.222.253.12 - - [21/Feb/2023:04:18:02 -0800] "GET /instagram-chicago/02-17-2023-1759151-Man-dies-days-after-shooting-on-Lower-West-Side-.txt HTTP/1.1" 200 343 "-" "Mozilla/5.0 (compatible; AhrefsBot/7.0; +http://ahrefs.com/robot/)" "metrocrimedaily.com"
66.249.64.170 - - [21/Feb/2023:04:18:07 -0800] "GET /instagram-chicago/02-17-2023-1311281-A.jpg HTTP/1.1" 200 127309 "-" "Googlebot-Image/1.0" "metrocrimedaily.com"
40.77.167.212 - - [21/Feb/2023:04:18:46 -0800] "GET /instagram-atlanta/12-18-2022-2012084-Tree-in-Atlanta-represents-child-victims-of-gun-v.txt HTTP/1.1" 404 88 "-" "Mozilla/5.0 AppleWebKit/537.36 (KHTML, like Gecko; compatible; bingbot/2.0; +http://www.bing.com/bingbot.htm) Chrome/103.0.5060.134 Safari/537.36" "www.metrocrimedaily.com"
51.222.253.12 - - [21/Feb/2023:04:19:05 -0800] "GET /instagram-chicago/02-17-2023-1759152-CPD-officer-who-shot-fleeing-suspect-in-2018-in-S.txt HTTP/1.1" 200 927 "-" "Mozilla/5.0 (compatible; AhrefsBot/7.0; +http://ahrefs.com/robot/)" "metrocrimedaily.com"
40.77.167.212 - - [21/Feb/2023:04:19:08 -0800] "GET /main-menu.html HTTP/1.1" 200 897 "-" "Mozilla/5.0 AppleWebKit/537.36 (KHTML, like Gecko; compatible; bingbot/2.0; +http://www.bing.com/bingbot.htm) Chrome/103.0.5060.134 Safari/537.36" "www.metrocrimedaily.com"
51.222.253.20 - - [21/Feb/2023:04:20:23 -0800] "GET /instagram-chicago/02-17-2023-1906491-Man--19--accused-of-fatally-stabbing--beating-roo.txt HTTP/1.1" 200 1039 "-" "Mozilla/5.0 (compatible; AhrefsBot/7.0; +http://ahrefs.com/robot/)" "metrocrimedaily.com"
185.191.171.15 - - [21/Feb/2023:04:20:57 -0800] "GET /instagram-miami/videos/?C=N%3BO%3DD HTTP/1.1" 200 326 "-" "Mozilla/5.0 (compatible; SemrushBot/7~bl; +http://www.semrush.com/bot.html)" "metrocrimedaily.com"
51.222.253.15 - - [21/Feb/2023:04:21:26 -0800] "GET /instagram-chicago/02-17-2023-1906492-Illinois-hobbyist-group-says-its-balloon-went-mis.txt HTTP/1.1" 200 720 "-" "Mozilla/5.0 (compatible; AhrefsBot/7.0; +http://ahrefs.com/robot/)" "metrocrimedaily.com"
51.222.253.3 - - [21/Feb/2023:04:22:29 -0800] "GET /instagram-chicago/02-17-2023-2008291-Chicago-Police--17-year-old-girl-shot-while-on-si.txt HTTP/1.1" 200 386 "-" "Mozilla/5.0 (compatible; AhrefsBot/7.0; +http://ahrefs.com/robot/)" "metrocrimedaily.com"
40.77.167.184 - - [21/Feb/2023:04:22:40 -0800] "GET /robots.txt HTTP/1.1" 404 88 "-" "Mozilla/5.0 AppleWebKit/537.36 (KHTML, like Gecko; compatible; bingbot/2.0; +http://www.bing.com/bingbot.htm) Chrome/103.0.5060.134 Safari/537.36" "metrocrimedaily.com"
40.77.167.212 - - [21/Feb/2023:04:23:11 -0800] "GET /sitemap.xml.gz HTTP/1.1" 404 88 "-" "Mozilla/5.0 AppleWebKit/537.36 (KHTML, like Gecko; compatible; bingbot/2.0; +http://www.bing.com/bingbot.htm) Chrome/103.0.5060.134 Safari/537.36" "metrocrimedaily.com"
69.63.184.118 - - [21/Feb/2023:04:23:13 -0800] "GET /instagram-stlouis/02-21-2023-0622531-A.jpg HTTP/1.1" 404 88 "-" "facebookexternalhit/1.1 (+http://www.facebook.com/externalhit_uatext.php)" "www.metrocrimedaily.com"
51.222.253.15 - - [21/Feb/2023:04:23:36 -0800] "GET /instagram-chicago/02-17-2023-2157161-Week-in-Review--Dark-Money--Attacks-in-Chicago-Ma.txt HTTP/1.1" 200 1003 "-" "Mozilla/5.0 (compatible; AhrefsBot/7.0; +http://ahrefs.com/robot/)" "metrocrimedaily.com"
69.63.184.118 - - [21/Feb/2023:04:23:52 -0800] "GET /instagram-chicago/02-21-2023-0623311-A.jpg HTTP/1.1" 404 88 "-" "facebookexternalhit/1.1 (+http://www.facebook.com/externalhit_uatext.php)" "www.metrocrimedaily.com"
12.227.13.118 - - [21/Feb/2023:04:24:05 -0800] "GET / HTTP/1.1" 200 1644 "-" "Mozilla/5.0 (Windows NT 10.0; Win64; x64) AppleWebKit/537.36 (KHTML, like Gecko) Chrome/110.0.0.0 Safari/537.36" "metrocrimedaily.com"
12.227.13.118 - - [21/Feb/2023:04:24:22 -0800] "GET / HTTP/1.1" 200 1644 "-" "Mozilla/5.0 (Windows NT 10.0; Win64; x64) AppleWebKit/537.36 (KHTML, like Gecko) Chrome/110.0.0.0 Safari/537.36" "metrocrimedaily.com"
12.227.13.118 - - [21/Feb/2023:04:24:23 -0800] "GET /favicon.ico HTTP/1.1" 404 88 "http://metrocrimedaily.com/" "Mozilla/5.0 (Windows NT 10.0; Win64; x64) AppleWebKit/537.36 (KHTML, like Gecko) Chrome/110.0.0.0 Safari/537.36" "metrocrimedaily.com"
12.227.13.118 - - [21/Feb/2023:04:24:27 -0800] "GET /instagram-detroit/ HTTP/1.1" 200 1083 "http://metrocrimedaily.com/" "Mozilla/5.0 (Windows NT 10.0; Win64; x64) AppleWebKit/537.36 (KHTML, like Gecko) Chrome/110.0.0.0 Safari/537.36" "metrocrimedaily.com"
12.227.13.118 - - [21/Feb/2023:04:24:28 -0800] "GET /instagram-detroit/02-20-2023-1613291-A.jpg HTTP/1.1" 200 233706 "http://metrocrimedaily.com/instagram-detroit/" "Mozilla/5.0 (Windows NT 10.0; Win64; x64) AppleWebKit/537.36 (KHTML, like Gecko) Chrome/110.0.0.0 Safari/537.36" "metrocrimedaily.com"
51.222.253.4 - - [21/Feb/2023:04:24:59 -0800] "GET /instagram-chicago/02-17-2023-2313091-Federal-judge-denies-injunction-on-Naperville-gun.txt HTTP/1.1" 200 960 "-" "Mozilla/5.0 (compatible; AhrefsBot/7.0; +http://ahrefs.com/robot/)" "metrocrimedaily.com"
73.145.71.88 - - [21/Feb/2023:04:25:11 -0800] "GET / HTTP/1.1" 200 1644 "-" "Mozilla/5.0 (Linux; Android 11; moto g pure) AppleWebKit/537.36 (KHTML, like Gecko) Chrome/110.0.0.0 Mobile Safari/537.36" "www.metrocrimedaily.com"
73.145.71.88 - - [21/Feb/2023:04:25:11 -0800] "GET /favicon.ico HTTP/1.1" 404 88 "http://www.metrocrimedaily.com/" "Mozilla/5.0 (Linux; Android 11; moto g pure) AppleWebKit/537.36 (KHTML, like Gecko) Chrome/110.0.0.0 Mobile Safari/537.36" "www.metrocrimedaily.com"
51.222.253.11 - - [21/Feb/2023:04:26:02 -0800] "GET /instagram-chicago/02-18-2023-0058281-4-men-charged-with-attempted-murder-in-Addison-sh.txt HTTP/1.1" 200 542 "-" "Mozilla/5.0 (compatible; AhrefsBot/7.0; +http://ahrefs.com/robot/)" "metrocrimedaily.com"
69.63.184.4 - - [21/Feb/2023:04:26:49 -0800] "GET /instagram-dallas/02-21-2023-0626301-A.jpg HTTP/1.1" 404 88 "-" "facebookexternalhit/1.1 (+http://www.facebook.com/externalhit_uatext.php)" "www.metrocrimedaily.com"
51.222.253.14 - - [21/Feb/2023:04:27:02 -0800] "GET /instagram-chicago/02-18-2023-0722021-Man-shot-after-verbal-altercation-in-Near-West-Si.txt HTTP/1.1" 200 496 "-" "Mozilla/5.0 (compatible; AhrefsBot/7.0; +http://ahrefs.com/robot/)" "metrocrimedaily.com"
51.222.253.11 - - [21/Feb/2023:04:28:09 -0800] "GET /instagram-chicago/02-18-2023-0823131-New-Orleans-mother-wants-answers-after-baby-is-at.txt HTTP/1.1" 200 1075 "-" "Mozilla/5.0 (compatible; AhrefsBot/7.0; +http://ahrefs.com/robot/)" "metrocrimedaily.com"
51.222.253.11 - - [21/Feb/2023:04:29:08 -0800] "GET /instagram-chicago/02-18-2023-1052331-Man-found-shot-dead-on-sidewalk-in-South-Side--po.txt HTTP/1.1" 200 323 "-" "Mozilla/5.0 (compatible; AhrefsBot/7.0; +http://ahrefs.com/robot/)" "metrocrimedaily.com"
185.191.171.19 - - [21/Feb/2023:04:29:34 -0800] "GET /instagram-dallas/videos/?C=N%3BO%3DD HTTP/1.1" 200 327 "-" "Mozilla/5.0 (compatible; SemrushBot/7~bl; +http://www.semrush.com/bot.html)" "metrocrimedaily.com"
51.222.253.14 - - [21/Feb/2023:04:30:06 -0800] "GET /instagram-chicago/02-18-2023-1204201-Man-found-fatally-shot-in-Englewood-.txt HTTP/1.1" 200 254 "-" "Mozilla/5.0 (compatible; AhrefsBot/7.0; +http://ahrefs.com/robot/)" "metrocrimedaily.com"
95.108.213.165 - - [21/Feb/2023:04:30:42 -0800] "GET /instagram-miami/post-later/ HTTP/1.1" 200 887 "-" "Mozilla/5.0 (compatible; YandexBot/3.0; +http://yandex.com/bots)" "metrocrimedaily.com"
51.222.253.16 - - [21/Feb/2023:04:31:12 -0800] "GET /instagram-chicago/02-18-2023-1204202-Man-shot-after-traffic-crash-on-Near-West-Side-.txt HTTP/1.1" 200 421 "-" "Mozilla/5.0 (compatible; AhrefsBot/7.0; +http://ahrefs.com/robot/)" "metrocrimedaily.com"
51.222.253.7 - - [21/Feb/2023:04:32:18 -0800] "GET /instagram-chicago/02-18-2023-1204203-Lawsuit--Mentally-ill-man-froze-to-death-in-Alaba.txt HTTP/1.1" 200 1091 "-" "Mozilla/5.0 (compatible; AhrefsBot/7.0; +http://ahrefs.com/robot/)" "metrocrimedaily.com"
51.222.253.19 - - [21/Feb/2023:04:33:28 -0800] "GET /instagram-chicago/02-18-2023-1204204-New-Orleans-mother-wants-answers-after-baby-is-at.txt HTTP/1.1" 200 1062 "-" "Mozilla/5.0 (compatible; AhrefsBot/7.0; +http://ahrefs.com/robot/)" "metrocrimedaily.com"
185.191.171.3 - - [21/Feb/2023:04:34:26 -0800] "GET /CRIME-WATCH-AMERICA/CRIME-WATCH-ATLANTA/?C=S%3BO%3DA HTTP/1.1" 200 1338 "-" "Mozilla/5.0 (compatible; SemrushBot/7~bl; +http://www.semrush.com/bot.html)" "metrocrimedaily.com"
51.222.253.17 - - [21/Feb/2023:04:34:30 -0800] "GET /instagram-chicago/02-18-2023-1413181-9-minors-injured-in-shooting-at-Georgia-gas-stati.txt HTTP/1.1" 200 1050 "-" "Mozilla/5.0 (compatible; AhrefsBot/7.0; +http://ahrefs.com/robot/)" "metrocrimedaily.com"
185.191.171.42 - - [21/Feb/2023:04:34:57 -0800] "GET /instagram-newyork/videos/?C=N%3BO%3DD HTTP/1.1" 200 619 "-" "Mozilla/5.0 (compatible; SemrushBot/7~bl; +http://www.semrush.com/bot.html)" "metrocrimedaily.com"
51.222.253.15 - - [21/Feb/2023:04:37:10 -0800] "GET /instagram-chicago/02-18-2023-1530331-North-Chicago-man-found-shot-in-Waukegan-parking-.txt HTTP/1.1" 200 572 "-" "Mozilla/5.0 (compatible; AhrefsBot/7.0; +http://ahrefs.com/robot/)" "metrocrimedaily.com"
51.222.253.2 - - [21/Feb/2023:04:38:17 -0800] "GET /instagram-chicago/02-18-2023-1715331-Chicago-police-probe-suspicious-death-of-baby-gir.txt HTTP/1.1" 200 619 "-" "Mozilla/5.0 (compatible; AhrefsBot/7.0; +http://ahrefs.com/robot/)" "metrocrimedaily.com"
51.222.253.7 - - [21/Feb/2023:04:39:29 -0800] "GET /instagram-chicago/02-18-2023-1835381-Andrew-Holmes-teams-up-with-CPD--Chicago-Survivor.txt HTTP/1.1" 200 732 "-" "Mozilla/5.0 (compatible; AhrefsBot/7.0; +http://ahrefs.com/robot/)" "metrocrimedaily.com"
185.191.171.15 - - [21/Feb/2023:04:39:36 -0800] "GET /instagram-detroit/post-later/?C=N%3BO%3DD HTTP/1.1" 200 1045 "-" "Mozilla/5.0 (compatible; SemrushBot/7~bl; +http://www.semrush.com/bot.html)" "metrocrimedaily.com"
69.63.184.1 - - [21/Feb/2023:04:40:34 -0800] "GET /instagram-miami/02-21-2023-0640151-A.jpg HTTP/1.1" 404 88 "-" "facebookexternalhit/1.1 (+http://www.facebook.com/externalhit_uatext.php)" "www.metrocrimedaily.com"
51.222.253.10 - - [21/Feb/2023:04:40:39 -0800] "GET /instagram-chicago/02-18-2023-1835382-Robots-rumble-in-high-school-competition-.txt HTTP/1.1" 200 539 "-" "Mozilla/5.0 (compatible; AhrefsBot/7.0; +http://ahrefs.com/robot/)" "metrocrimedaily.com"
51.222.253.12 - - [21/Feb/2023:04:41:46 -0800] "GET /instagram-chicago/02-18-2023-1835383-Port-Edward-hosts-dinner-buffet-to-raise-money-fo.txt HTTP/1.1" 200 1091 "-" "Mozilla/5.0 (compatible; AhrefsBot/7.0; +http://ahrefs.com/robot/)" "metrocrimedaily.com"
51.222.253.1 - - [21/Feb/2023:04:42:48 -0800] "GET /instagram-chicago/02-18-2023-2022141-Police--4-month-old-girl---s-death-being-investig.txt HTTP/1.1" 200 509 "-" "Mozilla/5.0 (compatible; AhrefsBot/7.0; +http://ahrefs.com/robot/)" "metrocrimedaily.com"
51.222.253.17 - - [21/Feb/2023:04:43:45 -0800] "GET /instagram-chicago/02-18-2023-2205401-Michigan-State-grads-honor-shooting-victims-at-Ri.txt HTTP/1.1" 200 705 "-" "Mozilla/5.0 (compatible; AhrefsBot/7.0; +http://ahrefs.com/robot/)" "metrocrimedaily.com"
185.191.171.40 - - [21/Feb/2023:04:44:19 -0800] "GET /CRIME-WATCH-AMERICA/CRIME-WATCH-DETROIT/post-to-instagram-RevC.bat HTTP/1.1" 200 6398 "-" "Mozilla/5.0 (compatible; SemrushBot/7~bl; +http://www.semrush.com/bot.html)" "metrocrimedaily.com"
51.222.253.4 - - [21/Feb/2023:04:44:36 -0800] "GET /instagram-chicago/02-18-2023-2251371-Police--8-year-old-and-an-adult-wounded-in-Round-.txt HTTP/1.1" 200 540 "-" "Mozilla/5.0 (compatible; AhrefsBot/7.0; +http://ahrefs.com/robot/)" "metrocrimedaily.com"
51.222.253.19 - - [21/Feb/2023:04:45:31 -0800] "GET /instagram-chicago/02-19-2023-0529531-More-than-decade-ago--CPD-vowed-to-catch-a-cop---.txt HTTP/1.1" 200 1148 "-" "Mozilla/5.0 (compatible; AhrefsBot/7.0; +http://ahrefs.com/robot/)" "metrocrimedaily.com"
51.222.253.15 - - [21/Feb/2023:04:46:36 -0800] "GET /instagram-chicago/02-19-2023-0901031-More-than-decade-ago--CPD-vowed-to-catch-a-cop---.txt HTTP/1.1" 200 1148 "-" "Mozilla/5.0 (compatible; AhrefsBot/7.0; +http://ahrefs.com/robot/)" "metrocrimedaily.com"
40.77.167.172 - - [21/Feb/2023:04:47:59 -0800] "GET /instagram-atlanta/12-20-2022-1835542-Madalina-Cojocari--Police-release-last-known-foot.txt HTTP/1.1" 404 88 "-" "Mozilla/5.0 AppleWebKit/537.36 (KHTML, like Gecko; compatible; bingbot/2.0; +http://www.bing.com/bingbot.htm) Chrome/103.0.5060.134 Safari/537.36" "www.metrocrimedaily.com"
51.222.253.3 - - [21/Feb/2023:04:48:06 -0800] "GET /instagram-chicago/02-19-2023-0901032-Eight-year-old-child--adult-injured-in-Round-Lake.txt HTTP/1.1" 200 400 "-" "Mozilla/5.0 (compatible; AhrefsBot/7.0; +http://ahrefs.com/robot/)" "metrocrimedaily.com"
40.77.167.172 - - [21/Feb/2023:04:48:12 -0800] "GET /instagram-losangeles/01-17-2023-2319271-Police-asking-for-public---s-help-identifying-sus.txt HTTP/1.1" 404 88 "-" "Mozilla/5.0 AppleWebKit/537.36 (KHTML, like Gecko; compatible; bingbot/2.0; +http://www.bing.com/bingbot.htm) Chrome/103.0.5060.134 Safari/537.36" "www.metrocrimedaily.com"
185.191.171.18 - - [21/Feb/2023:04:48:18 -0800] "GET /CRIME-WATCH-AMERICA/CRIME-WATCH-DALLAS/sendemail-RevC.bat HTTP/1.1" 200 496 "-" "Mozilla/5.0 (compatible; SemrushBot/7~bl; +http://www.semrush.com/bot.html)" "metrocrimedaily.com"
51.222.253.14 - - [21/Feb/2023:04:49:06 -0800] "GET /instagram-chicago/02-19-2023-1043221-3-teens-face-felonies-for-armed-carjacking-on-Sou.txt HTTP/1.1" 200 465 "-" "Mozilla/5.0 (compatible; AhrefsBot/7.0; +http://ahrefs.com/robot/)" "metrocrimedaily.com"
95.108.213.165 - - [21/Feb/2023:04:50:06 -0800] "GET /CRIME-WATCH-AMERICA/?C=N;O=D HTTP/1.1" 200 616 "-" "Mozilla/5.0 (compatible; YandexBot/3.0; +http://yandex.com/bots)" "metrocrimedaily.com"
51.222.253.20 - - [21/Feb/2023:04:50:13 -0800] "GET /instagram-chicago/02-19-2023-1043222-3-teens-face-felonies-for-armed-carjacking-on-Sou.txt HTTP/1.1" 200 465 "-" "Mozilla/5.0 (compatible; AhrefsBot/7.0; +http://ahrefs.com/robot/)" "metrocrimedaily.com"
51.222.253.9 - - [21/Feb/2023:04:51:06 -0800] "GET /instagram-chicago/02-19-2023-1043223-Temple-University-police-officer-fatally-shot-dur.txt HTTP/1.1" 200 888 "-" "Mozilla/5.0 (compatible; AhrefsBot/7.0; +http://ahrefs.com/robot/)" "metrocrimedaily.com"
51.222.253.2 - - [21/Feb/2023:04:52:07 -0800] "GET /instagram-chicago/02-19-2023-1043224-Police--Man-injured--individuals-in-custody-after.txt HTTP/1.1" 200 533 "-" "Mozilla/5.0 (compatible; AhrefsBot/7.0; +http://ahrefs.com/robot/)" "metrocrimedaily.com"
51.222.253.16 - - [21/Feb/2023:04:53:03 -0800] "GET /instagram-chicago/02-19-2023-1307101-Chicago-shootings--At-least-7-shot--1-killed-in-w.txt HTTP/1.1" 200 905 "-" "Mozilla/5.0 (compatible; AhrefsBot/7.0; +http://ahrefs.com/robot/)" "metrocrimedaily.com"
95.108.213.165 - - [21/Feb/2023:04:53:42 -0800] "GET /instagram-houston/01-11-2023-1430272-Officers-plead-not-guilty-in-police-van-paralysis.txt HTTP/1.1" 404 88 "-" "Mozilla/5.0 (compatible; YandexBot/3.0; +http://yandex.com/bots)" "metrocrimedaily.com"
51.222.253.17 - - [21/Feb/2023:04:54:06 -0800] "GET /instagram-chicago/02-19-2023-1307102-Lake-County-jail-inmate-dies-after-suffering-seiz.txt HTTP/1.1" 200 801 "-" "Mozilla/5.0 (compatible; AhrefsBot/7.0; +http://ahrefs.com/robot/)" "metrocrimedaily.com"
69.63.184.4 - - [21/Feb/2023:04:54:44 -0800] "GET /instagram-chicago/02-21-2023-0654221-A.jpg HTTP/1.1" 404 88 "-" "facebookexternalhit/1.1 (+http://www.facebook.com/externalhit_uatext.php)" "www.metrocrimedaily.com"
51.222.253.10 - - [21/Feb/2023:04:54:58 -0800] "GET /instagram-chicago/02-19-2023-1408591-Longtime-activist-celebrates-90th-birthday-.txt HTTP/1.1" 200 1105 "-" "Mozilla/5.0 (compatible; AhrefsBot/7.0; +http://ahrefs.com/robot/)" "metrocrimedaily.com"
51.222.253.3 - - [21/Feb/2023:04:56:04 -0800] "GET /instagram-chicago/02-19-2023-1756461-Man-fatally-shot-in-South-Shore-.txt HTTP/1.1" 200 277 "-" "Mozilla/5.0 (compatible; AhrefsBot/7.0; +http://ahrefs.com/robot/)" "metrocrimedaily.com"
51.222.253.15 - - [21/Feb/2023:04:57:07 -0800] "GET /instagram-chicago/02-19-2023-1756462-Memphis-police-say-1-dead--10-injured-in-overnigh.txt HTTP/1.1" 200 804 "-" "Mozilla/5.0 (compatible; AhrefsBot/7.0; +http://ahrefs.com/robot/)" "metrocrimedaily.com"
51.222.253.3 - - [21/Feb/2023:04:58:10 -0800] "GET /instagram-chicago/02-19-2023-1858421-Archdiocese-of-Chicago-welcomes-Nicaraguan-politi.txt HTTP/1.1" 200 1098 "-" "Mozilla/5.0 (compatible; AhrefsBot/7.0; +http://ahrefs.com/robot/)" "metrocrimedaily.com"
51.222.253.13 - - [21/Feb/2023:04:59:11 -0800] "GET /instagram-dallas/post-later/02-20-2023-0810462-Driver-on-the-run-after-hitting-three-people-with.txt HTTP/1.1" 200 185 "-" "Mozilla/5.0 (compatible; AhrefsBot/7.0; +http://ahrefs.com/robot/)" "www.metrocrimedaily.com"
95.108.213.165 - - [21/Feb/2023:05:00:09 -0800] "GET /instagram-newyork/01-12-2023-0815263--.txt HTTP/1.1" 404 88 "-" "Mozilla/5.0 (compatible; YandexBot/3.0; +http://yandex.com/bots)" "metrocrimedaily.com"
51.222.253.10 - - [21/Feb/2023:05:00:16 -0800] "GET /instagram-dallas/post-later/02-20-2023-0810463-74-year-old-man-reported-missing-in-Dallas--polic.txt HTTP/1.1" 200 600 "-" "Mozilla/5.0 (compatible; AhrefsBot/7.0; +http://ahrefs.com/robot/)" "www.metrocrimedaily.com"
185.191.171.1 - - [21/Feb/2023:05:00:57 -0800] "GET /CRIME-WATCH-AMERICA/GOOD_BARBER_APP-MAKER/unix/ HTTP/1.1" 200 390 "-" "Mozilla/5.0 (compatible; SemrushBot/7~bl; +http://www.semrush.com/bot.html)" "metrocrimedaily.com"
51.222.253.15 - - [21/Feb/2023:05:01:25 -0800] "GET /instagram-dallas/post-later/02-20-2023-0810464-Michigan-State-shooting--Classes-set-to-resume-.txt HTTP/1.1" 200 159 "-" "Mozilla/5.0 (compatible; AhrefsBot/7.0; +http://ahrefs.com/robot/)" "www.metrocrimedaily.com"
69.63.184.2 - - [21/Feb/2023:05:02:08 -0800] "GET /instagram-memphis/02-21-2023-0701491-A.jpg HTTP/1.1" 404 88 "-" "facebookexternalhit/1.1 (+http://www.facebook.com/externalhit_uatext.php)" "www.metrocrimedaily.com"
69.63.184.116 - - [21/Feb/2023:05:02:23 -0800] "GET /instagram-stlouis/02-21-2023-0702021-A.jpg HTTP/1.1" 404 88 "-" "facebookexternalhit/1.1 (+http://www.facebook.com/externalhit_uatext.php)" "www.metrocrimedaily.com"
69.63.184.119 - - [21/Feb/2023:05:02:44 -0800] "GET /instagram-stlouis/02-21-2023-0702022-A.jpg HTTP/1.1" 404 88 "-" "facebookexternalhit/1.1 (+http://www.facebook.com/externalhit_uatext.php)" "www.metrocrimedaily.com"
51.222.253.13 - - [21/Feb/2023:05:02:44 -0800] "GET /instagram-dallas/post-later/02-20-2023-0922361-More-Guns-Than-Ever-Were-Intercepted-Last-Year-at.txt HTTP/1.1" 200 1013 "-" "Mozilla/5.0 (compatible; AhrefsBot/7.0; +http://ahrefs.com/robot/)" "www.metrocrimedaily.com"
185.191.171.10 - - [21/Feb/2023:05:02:58 -0800] "GET /instagram-chicago/videos/?C=D%3BO%3DA HTTP/1.1" 200 699 "-" "Mozilla/5.0 (compatible; SemrushBot/7~bl; +http://www.semrush.com/bot.html)" "metrocrimedaily.com"
69.63.184.4 - - [21/Feb/2023:05:03:04 -0800] "GET /instagram-stlouis/02-21-2023-0702023-A.jpg HTTP/1.1" 404 88 "-" "facebookexternalhit/1.1 (+http://www.facebook.com/externalhit_uatext.php)" "www.metrocrimedaily.com"
69.63.184.116 - - [21/Feb/2023:05:03:25 -0800] "GET /instagram-stlouis/02-21-2023-0702024-A.jpg HTTP/1.1" 404 88 "-" "facebookexternalhit/1.1 (+http://www.facebook.com/externalhit_uatext.php)" "www.metrocrimedaily.com"
185.191.171.13 - - [21/Feb/2023:05:04:01 -0800] "GET /CRIME-WATCH-AMERICA/CRIME-WATCH-STLOUIS/find-quota-usage-RevB.bat HTTP/1.1" 200 4061 "-" "Mozilla/5.0 (compatible; SemrushBot/7~bl; +http://www.semrush.com/bot.html)" "metrocrimedaily.com"
51.222.253.14 - - [21/Feb/2023:05:04:18 -0800] "GET /instagram-dallas/post-later/02-20-2023-0922362-TSA-head-on-record-guns-at-checkpoints-in-2022---.txt HTTP/1.1" 200 1117 "-" "Mozilla/5.0 (compatible; AhrefsBot/7.0; +http://ahrefs.com/robot/)" "www.metrocrimedaily.com"
66.249.64.122 - - [21/Feb/2023:05:04:47 -0800] "GET /robots.txt HTTP/1.1" 404 88 "-" "Mozilla/5.0 (compatible; Googlebot/2.1; +http://www.google.com/bot.html)" "www.metrocrimedaily.com"
185.191.171.5 - - [21/Feb/2023:05:05:12 -0800] "GET /CRIME-WATCH-AMERICA/CRIME-WATCH-CHICAGO/?C=N%3BO%3DD HTTP/1.1" 200 1249 "-" "Mozilla/5.0 (compatible; SemrushBot/7~bl; +http://www.semrush.com/bot.html)" "metrocrimedaily.com"
51.222.253.13 - - [21/Feb/2023:05:05:28 -0800] "GET /instagram-memphis/post-later/02-17-2023-1442411-Call-for-federal-investigation-into-Gershun-Freem.txt HTTP/1.1" 200 53 "-" "Mozilla/5.0 (compatible; AhrefsBot/7.0; +http://ahrefs.com/robot/)" "metrocrimedaily.com"
51.222.253.9 - - [21/Feb/2023:05:06:34 -0800] "GET /instagram-memphis/post-later/02-17-2023-1442412-New-Orleans-double-murder-suspect-captured-in-Mem.txt HTTP/1.1" 200 768 "-" "Mozilla/5.0 (compatible; AhrefsBot/7.0; +http://ahrefs.com/robot/)" "metrocrimedaily.com"
51.222.253.17 - - [21/Feb/2023:05:07:57 -0800] "GET /instagram-memphis/post-later/02-17-2023-1442413-6-shot--killed-in-Tate-County%3B-suspect-in-custody.txt HTTP/1.1" 200 666 "-" "Mozilla/5.0 (compatible; AhrefsBot/7.0; +http://ahrefs.com/robot/)" "metrocrimedaily.com"
51.222.253.8 - - [21/Feb/2023:05:09:16 -0800] "GET /instagram-memphis/post-later/02-17-2023-1442414-Six-shot-and-killed-in-Tate-County--suspect-in-cu.txt HTTP/1.1" 200 309 "-" "Mozilla/5.0 (compatible; AhrefsBot/7.0; +http://ahrefs.com/robot/)" "metrocrimedaily.com"
40.77.167.212 - - [21/Feb/2023:05:10:12 -0800] "GET /instagram-losangeles/01-12-2023-1453451-Lisa-Marie-Presley-hospitalized-after-going-into-.txt HTTP/1.1" 404 88 "-" "Mozilla/5.0 AppleWebKit/537.36 (KHTML, like Gecko; compatible; bingbot/2.0; +http://www.bing.com/bingbot.htm) Chrome/103.0.5060.134 Safari/537.36" "www.metrocrimedaily.com"
51.222.253.3 - - [21/Feb/2023:05:10:16 -0800] "GET /instagram-memphis/post-later/02-17-2023-1442415-FOX13-Investigates-the-history-of-Crystal-Palace-.txt HTTP/1.1" 200 216 "-" "Mozilla/5.0 (compatible; AhrefsBot/7.0; +http://ahrefs.com/robot/)" "metrocrimedaily.com"
51.222.253.20 - - [21/Feb/2023:05:11:25 -0800] "GET /instagram-memphis/post-later/02-17-2023-1442416-Six-dead-after-shootings-in-Tate-County--one-in-c.txt HTTP/1.1" 200 216 "-" "Mozilla/5.0 (compatible; AhrefsBot/7.0; +http://ahrefs.com/robot/)" "metrocrimedaily.com"
51.222.253.1 - - [21/Feb/2023:05:12:29 -0800] "GET /instagram-memphis/post-later/02-17-2023-1442417-Teen-arrested-in-carjacking--shooting-at-a-dog--p.txt HTTP/1.1" 200 216 "-" "Mozilla/5.0 (compatible; AhrefsBot/7.0; +http://ahrefs.com/robot/)" "metrocrimedaily.com"
51.222.253.12 - - [21/Feb/2023:05:13:23 -0800] "GET /instagram-losangeles/02-19-2023-1927451-Falling-tree-kills-1-near-Anaheim-park-.txt HTTP/1.1" 200 458 "-" "Mozilla/5.0 (compatible; AhrefsBot/7.0; +http://ahrefs.com/robot/)" "www.metrocrimedaily.com"
51.222.253.20 - - [21/Feb/2023:05:14:23 -0800] "GET /instagram-losangeles/02-19-2023-2056321-Suspected-DUI-Driver-Crashes-into-Building-in-Dow.txt HTTP/1.1" 200 380 "-" "Mozilla/5.0 (compatible; AhrefsBot/7.0; +http://ahrefs.com/robot/)" "www.metrocrimedaily.com"
95.108.213.165 - - [21/Feb/2023:05:15:14 -0800] "GET /instagram-detroit/01-12-2023-1633585-89-year-old-driver-killed-in-Sumpter-Township-cra.txt HTTP/1.1" 404 88 "-" "Mozilla/5.0 (compatible; YandexBot/3.0; +http://yandex.com/bots)" "metrocrimedaily.com"
51.222.253.9 - - [21/Feb/2023:05:15:21 -0800] "GET /instagram-losangeles/02-19-2023-2056322-Suspect-arrested-for-alleged-role-in-Seal-Beach-c.txt HTTP/1.1" 200 901 "-" "Mozilla/5.0 (compatible; AhrefsBot/7.0; +http://ahrefs.com/robot/)" "www.metrocrimedaily.com"
185.191.171.15 - - [21/Feb/2023:05:16:14 -0800] "GET /robots.txt HTTP/1.1" 404 88 "-" "Mozilla/5.0 (compatible; SemrushBot/7~bl; +http://www.semrush.com/bot.html)" "metrocrimedaily.com"
185.191.171.19 - - [21/Feb/2023:05:16:14 -0800] "GET /CRIME-WATCH-AMERICA/CRIME-WATCH-CHICAGO/INSTAGRAM-AUTOMATION/ HTTP/1.1" 200 939 "-" "Mozilla/5.0 (compatible; SemrushBot/7~bl; +http://www.semrush.com/bot.html)" "metrocrimedaily.com"
95.108.213.165 - - [21/Feb/2023:05:16:23 -0800] "GET /instagram-chicago/01-18-2023-0856183-Court-to-hear-appeal-of-ex-officer-in-murder-of-G.txt HTTP/1.1" 404 88 "-" "Mozilla/5.0 (compatible; YandexBot/3.0; +http://yandex.com/bots)" "metrocrimedaily.com"
51.222.253.10 - - [21/Feb/2023:05:16:26 -0800] "GET /instagram-losangeles/02-19-2023-2056323-Suspect-in-violent-Seal-Beach-hit-and-run-arreste.txt HTTP/1.1" 200 1091 "-" "Mozilla/5.0 (compatible; AhrefsBot/7.0; +http://ahrefs.com/robot/)" "www.metrocrimedaily.com"
51.222.253.6 - - [21/Feb/2023:05:17:19 -0800] "GET /instagram-losangeles/02-19-2023-2253041-Seal-Beach-Hit-and-Run-Suspect-Arrested-.txt HTTP/1.1" 200 736 "-" "Mozilla/5.0 (compatible; AhrefsBot/7.0; +http://ahrefs.com/robot/)" "www.metrocrimedaily.com"
51.222.253.2 - - [21/Feb/2023:05:18:48 -0800] "GET / HTTP/1.1" 200 1644 "-" "Mozilla/5.0 (compatible; AhrefsBot/7.0; +http://ahrefs.com/robot/)" "metrocrimedaily.com"
51.222.253.13 - - [21/Feb/2023:05:19:32 -0800] "GET / HTTP/1.1" 200 1644 "-" "Mozilla/5.0 (compatible; AhrefsBot/7.0; +http://ahrefs.com/robot/)" "www.metrocrimedaily.com"
51.222.253.20 - - [21/Feb/2023:05:20:27 -0800] "GET /CRIME-WATCH-AMERICA/GOOD_BARBER_APP-MAKER/INSTALL-CRIME-WATCH-CHICAGO/support/?C=M;O=D HTTP/1.1" 200 719 "-" "Mozilla/5.0 (compatible; AhrefsBot/7.0; +http://ahrefs.com/robot/)" "metrocrimedaily.com"
51.222.253.9 - - [21/Feb/2023:05:21:22 -0800] "GET /CRIME-WATCH-AMERICA/GOOD_BARBER_APP-MAKER/INSTALL-CRIME-WATCH-CHICAGO/support/?C=S;O=D HTTP/1.1" 200 723 "-" "Mozilla/5.0 (compatible; AhrefsBot/7.0; +http://ahrefs.com/robot/)" "metrocrimedaily.com"
51.222.253.10 - - [21/Feb/2023:05:22:30 -0800] "GET /CRIME-WATCH-AMERICA/CRIME-WATCH-DETROIT/INSTAGRAM-AUTOMATION/ HTTP/1.1" 200 1083 "-" "Mozilla/5.0 (compatible; AhrefsBot/7.0; +http://ahrefs.com/robot/)" "www.metrocrimedaily.com"
69.63.184.119 - - [21/Feb/2023:05:22:52 -0800] "GET /instagram-newyork/02-21-2023-0722311-A.jpg HTTP/1.1" 404 88 "-" "facebookexternalhit/1.1 (+http://www.facebook.com/externalhit_uatext.php)" "www.metrocrimedaily.com"
69.63.184.4 - - [21/Feb/2023:05:23:12 -0800] "GET /instagram-newyork/02-21-2023-0722312-A.jpg HTTP/1.1" 404 88 "-" "facebookexternalhit/1.1 (+http://www.facebook.com/externalhit_uatext.php)" "www.metrocrimedaily.com"
51.222.253.20 - - [21/Feb/2023:05:23:27 -0800] "GET /CRIME-WATCH-AMERICA/DELETE-ME-IM-JUNK/ HTTP/1.1" 200 399 "-" "Mozilla/5.0 (compatible; AhrefsBot/7.0; +http://ahrefs.com/robot/)" "www.metrocrimedaily.com"
95.163.255.62 - - [21/Feb/2023:05:24:20 -0800] "GET /robots.txt HTTP/1.1" 404 73 "-" "Mozilla/5.0 (compatible; Linux x86_64; Mail.RU_Bot/2.0; +https://help.mail.ru/webmaster/indexing/robots)" "metrocrimedaily.com"
51.222.253.8 - - [21/Feb/2023:05:24:31 -0800] "GET /CRIME-WATCH-AMERICA/GOOD_BARBER_APP-MAKER/youtube-upload-master/build/lib/youtube_upload/auth/?C=N;O=D HTTP/1.1" 200 499 "-" "Mozilla/5.0 (compatible; AhrefsBot/7.0; +http://ahrefs.com/robot/)" "metrocrimedaily.com"
185.191.171.42 - - [21/Feb/2023:05:25:19 -0800] "GET /instagram-miami/post-later/?C=D%3BO%3DA HTTP/1.1" 200 887 "-" "Mozilla/5.0 (compatible; SemrushBot/7~bl; +http://www.semrush.com/bot.html)" "metrocrimedaily.com"
51.222.253.10 - - [21/Feb/2023:05:25:21 -0800] "GET /CRIME-WATCH-AMERICA/GOOD_BARBER_APP-MAKER/INSTALL-CRIME-WATCH-CHICAGO/CRIME-WATCH-CHICAGO/mcd-epilog.html HTTP/1.1" 200 439 "-" "Mozilla/5.0 (compatible; AhrefsBot/7.0; +http://ahrefs.com/robot/)" "metrocrimedaily.com"
51.222.253.8 - - [21/Feb/2023:05:26:20 -0800] "GET /CRIME-WATCH-AMERICA/GOOD_BARBER_APP-MAKER/INSTALL-CRIME-WATCH-CHICAGO/CRIME-WATCH-CHICAGO/mcd-prolog.html HTTP/1.1" 200 859 "-" "Mozilla/5.0 (compatible; AhrefsBot/7.0; +http://ahrefs.com/robot/)" "metrocrimedaily.com"
51.222.253.18 - - [21/Feb/2023:05:26:23 -0800] "GET /CRIME-WATCH-AMERICA/GOOD_BARBER_APP-MAKER/INSTALL-CRIME-WATCH-CHICAGO/CRIME-WATCH-CHICAGO/styles-mcd.css HTTP/1.1" 404 88 "-" "Mozilla/5.0 (compatible; AhrefsBot/7.0; +http://ahrefs.com/robot/)" "metrocrimedaily.com"
51.222.253.9 - - [21/Feb/2023:05:26:26 -0800] "GET /CRIME-WATCH-AMERICA/GOOD_BARBER_APP-MAKER/INSTALL-CRIME-WATCH-CHICAGO/CRIME-WATCH-CHICAGO/images/crime-scene-chicago-banner.jpg HTTP/1.1" 404 88 "-" "Mozilla/5.0 (compatible; AhrefsBot/7.0; +http://ahrefs.com/robot/)" "metrocrimedaily.com"
51.222.253.19 - - [21/Feb/2023:05:27:17 -0800] "GET /instagram-stlouis/02-19-2023-1215511-Memphis-police-looking-for-three-connected-to-sho.txt HTTP/1.1" 200 816 "-" "Mozilla/5.0 (compatible; AhrefsBot/7.0; +http://ahrefs.com/robot/)" "www.metrocrimedaily.com"
51.222.253.12 - - [21/Feb/2023:05:28:10 -0800] "GET /instagram-stlouis/02-19-2023-1215512-Catholic-Bishop-David-O---Connell-shot-to-death-i.txt HTTP/1.1" 200 1095 "-" "Mozilla/5.0 (compatible; AhrefsBot/7.0; +http://ahrefs.com/robot/)" "www.metrocrimedaily.com"
185.191.171.16 - - [21/Feb/2023:05:29:04 -0800] "GET /CRIME-WATCH-AMERICA/CRIME-WATCH-ATLANTA/mcd-citd-lnkpreview-RevC.bat HTTP/1.1" 200 13195 "-" "Mozilla/5.0 (compatible; SemrushBot/7~bl; +http://www.semrush.com/bot.html)" "metrocrimedaily.com"
51.222.253.17 - - [21/Feb/2023:05:29:49 -0800] "GET /instagram-chicago/02-16-2023-1031531-Johnson-Becomes-Focus-of-Attacks-as-Mayor---s-Rac.txt HTTP/1.1" 200 1088 "-" "Mozilla/5.0 (compatible; AhrefsBot/7.0; +http://ahrefs.com/robot/)" "metrocrimedaily.com"
51.222.253.11 - - [21/Feb/2023:05:30:40 -0800] "GET /instagram-dallas/02-16-2023-1023261-Bluetooth-Tracker-Tile-Is-Taking-a-New-Approach-t.txt HTTP/1.1" 200 1025 "-" "Mozilla/5.0 (compatible; AhrefsBot/7.0; +http://ahrefs.com/robot/)" "www.metrocrimedaily.com"
51.222.253.12 - - [21/Feb/2023:05:31:46 -0800] "GET /instagram-dallas/02-16-2023-1132331-Man-Allegedly-Left-Naked-for-Days-on-Jail-s-Concr.txt HTTP/1.1" 200 758 "-" "Mozilla/5.0 (compatible; AhrefsBot/7.0; +http://ahrefs.com/robot/)" "www.metrocrimedaily.com"
95.163.255.67 - - [21/Feb/2023:05:31:54 -0800] "GET /www.wxyz.com HTTP/1.1" 404 88 "-" "Mozilla/5.0 (compatible; Linux x86_64; Mail.RU_Bot/2.0; +https://help.mail.ru/webmaster/indexing/robots)" "metrocrimedaily.com"
185.191.171.4 - - [21/Feb/2023:05:32:24 -0800] "GET /CRIME-WATCH-AMERICA/CRIME-WATCH-ATLANTA/sendemail-RevC.bat HTTP/1.1" 200 505 "-" "Mozilla/5.0 (compatible; SemrushBot/7~bl; +http://www.semrush.com/bot.html)" "metrocrimedaily.com"
51.222.253.15 - - [21/Feb/2023:05:32:42 -0800] "GET /instagram-dallas/02-16-2023-1132332-Grand-Jury-in-Trump-Election-Probe-Believes-Some-.txt HTTP/1.1" 200 1061 "-" "Mozilla/5.0 (compatible; AhrefsBot/7.0; +http://ahrefs.com/robot/)" "www.metrocrimedaily.com"
51.222.253.4 - - [21/Feb/2023:05:33:51 -0800] "GET /instagram-dallas/02-16-2023-1339161-Man-who-stayed-on-Dallas-crane-for-24-hours-now-f.txt HTTP/1.1" 200 199 "-" "Mozilla/5.0 (compatible; AhrefsBot/7.0; +http://ahrefs.com/robot/)" "www.metrocrimedaily.com"
69.63.184.117 - - [21/Feb/2023:05:34:11 -0800] "GET /instagram-atlanta/02-21-2023-0733491-A.jpg HTTP/1.1" 404 88 "-" "facebookexternalhit/1.1 (+http://www.facebook.com/externalhit_uatext.php)" "www.metrocrimedaily.com"
185.191.171.15 - - [21/Feb/2023:05:34:29 -0800] "GET /CRIME-WATCH-AMERICA/CRIME-WATCH-CHICAGO/wget.exe HTTP/1.1" 200 4923280 "-" "Mozilla/5.0 (compatible; SemrushBot/7~bl; +http://www.semrush.com/bot.html)" "metrocrimedaily.com"
69.63.184.116 - - [21/Feb/2023:05:34:31 -0800] "GET /instagram-atlanta/02-21-2023-0733492-A.jpg HTTP/1.1" 404 88 "-" "facebookexternalhit/1.1 (+http://www.facebook.com/externalhit_uatext.php)" "www.metrocrimedaily.com"
69.63.184.1 - - [21/Feb/2023:05:34:51 -0800] "GET /instagram-atlanta/02-21-2023-0733493-A.jpg HTTP/1.1" 404 88 "-" "facebookexternalhit/1.1 (+http://www.facebook.com/externalhit_uatext.php)" "www.metrocrimedaily.com"
51.222.253.3 - - [21/Feb/2023:05:34:57 -0800] "GET /instagram-dallas/02-16-2023-1339162--.txt HTTP/1.1" 200 20 "-" "Mozilla/5.0 (compatible; AhrefsBot/7.0; +http://ahrefs.com/robot/)" "www.metrocrimedaily.com"
185.191.171.43 - - [21/Feb/2023:05:34:59 -0800] "GET /instagram-stlouis/videos/?C=M%3BO%3DA HTTP/1.1" 200 461 "-" "Mozilla/5.0 (compatible; SemrushBot/7~bl; +http://www.semrush.com/bot.html)" "metrocrimedaily.com"
40.77.167.212 - - [21/Feb/2023:05:36:46 -0800] "GET /instagram-dallas/12-22-2022-1154481-Fatal-Crash-Shuts-Down-Eastbound-Lanes-of-Interst.txt HTTP/1.1" 404 88 "-" "Mozilla/5.0 AppleWebKit/537.36 (KHTML, like Gecko; compatible; bingbot/2.0; +http://www.bing.com/bingbot.htm) Chrome/103.0.5060.134 Safari/537.36" "www.metrocrimedaily.com"
51.222.253.9 - - [21/Feb/2023:05:37:37 -0800] "GET /instagram-dallas/02-16-2023-1539172-Garland-bike-shop-employee-found-murdered-inside-.txt HTTP/1.1" 200 464 "-" "Mozilla/5.0 (compatible; AhrefsBot/7.0; +http://ahrefs.com/robot/)" "www.metrocrimedaily.com"
87.250.224.216 - - [21/Feb/2023:05:37:38 -0800] "GET /robots.txt HTTP/1.1" 404 73 "-" "Mozilla/5.0 (compatible; YandexBot/3.0; +http://yandex.com/bots)" "metrocrimedaily.com"
213.180.203.141 - - [21/Feb/2023:05:37:39 -0800] "GET /instagram-houston/01-14-2023-12510320-20-year-old-suspect-charged-with-murder-more-than.txt HTTP/1.1" 404 88 "-" "Mozilla/5.0 (compatible; YandexBot/3.0; +http://yandex.com/bots)" "metrocrimedaily.com"
185.191.171.14 - - [21/Feb/2023:05:37:41 -0800] "GET /instagram-houston/post-later/?C=N%3BO%3DD HTTP/1.1" 200 7894 "-" "Mozilla/5.0 (compatible; SemrushBot/7~bl; +http://www.semrush.com/bot.html)" "metrocrimedaily.com"
51.222.253.6 - - [21/Feb/2023:05:38:35 -0800] "GET /instagram-dallas/02-16-2023-1650342-Michigan-State-Sporting-Events-to-Return-Followin.txt HTTP/1.1" 200 1080 "-" "Mozilla/5.0 (compatible; AhrefsBot/7.0; +http://ahrefs.com/robot/)" "www.metrocrimedaily.com"
69.63.184.119 - - [21/Feb/2023:05:39:02 -0800] "GET /instagram-dallas/02-21-2023-0738421-A.jpg HTTP/1.1" 404 88 "-" "facebookexternalhit/1.1 (+http://www.facebook.com/externalhit_uatext.php)" "www.metrocrimedaily.com"
69.63.184.3 - - [21/Feb/2023:05:39:22 -0800] "GET /instagram-dallas/02-21-2023-0738422-A.jpg HTTP/1.1" 404 88 "-" "facebookexternalhit/1.1 (+http://www.facebook.com/externalhit_uatext.php)" "www.metrocrimedaily.com"
51.222.253.1 - - [21/Feb/2023:05:39:42 -0800] "GET /instagram-dallas/02-16-2023-1821561--Tragic-Loss---Black-Hawk-Pilots-Killed-in-Alabam.txt HTTP/1.1" 200 1074 "-" "Mozilla/5.0 (compatible; AhrefsBot/7.0; +http://ahrefs.com/robot/)" "www.metrocrimedaily.com"
51.222.253.2 - - [21/Feb/2023:05:40:44 -0800] "GET /instagram-dallas/02-16-2023-1821562-Man-who-stayed-on-Dallas-crane-now-faces-felony-c.txt HTTP/1.1" 200 176 "-" "Mozilla/5.0 (compatible; AhrefsBot/7.0; +http://ahrefs.com/robot/)" "www.metrocrimedaily.com"
40.77.167.212 - - [21/Feb/2023:05:41:14 -0800] "GET /instagram-stlouis/01-18-2023-2056382-Mother-and-son-mauled-in-polar-bear-attack-identi.txt HTTP/1.1" 404 88 "-" "Mozilla/5.0 AppleWebKit/537.36 (KHTML, like Gecko; compatible; bingbot/2.0; +http://www.bing.com/bingbot.htm) Chrome/103.0.5060.134 Safari/537.36" "www.metrocrimedaily.com"
51.222.253.6 - - [21/Feb/2023:05:41:40 -0800] "GET /instagram-dallas/02-16-2023-1821563-Flower-Mound-police-identify-suspect-they-believe.txt HTTP/1.1" 200 571 "-" "Mozilla/5.0 (compatible; AhrefsBot/7.0; +http://ahrefs.com/robot/)" "www.metrocrimedaily.com"
51.222.253.2 - - [21/Feb/2023:05:42:37 -0800] "GET /instagram-dallas/02-16-2023-1821564-Arlington-man-killed-by-suspected-burglar-as-he-p.txt HTTP/1.1" 200 199 "-" "Mozilla/5.0 (compatible; AhrefsBot/7.0; +http://ahrefs.com/robot/)" "www.metrocrimedaily.com"
51.222.253.3 - - [21/Feb/2023:05:43:43 -0800] "GET /instagram-dallas/02-16-2023-1821565-Missing-Little-Elm-teenager-found--police-say-.txt HTTP/1.1" 200 49 "-" "Mozilla/5.0 (compatible; AhrefsBot/7.0; +http://ahrefs.com/robot/)" "www.metrocrimedaily.com"
51.222.253.20 - - [21/Feb/2023:05:44:35 -0800] "GET /instagram-dallas/02-16-2023-1821566-Funeral-Services-Held-for-Arlington-Man-Shot--Kil.txt HTTP/1.1" 200 1124 "-" "Mozilla/5.0 (compatible; AhrefsBot/7.0; +http://ahrefs.com/robot/)" "www.metrocrimedaily.com"
87.250.224.204 - - [21/Feb/2023:05:45:18 -0800] "GET /instagram-dallas/01-11-2023-1933534-Ezra-Miller-Agrees-to-Plead-Guilty-in-Vermont-Bur.txt HTTP/1.1" 404 88 "-" "Mozilla/5.0 (compatible; YandexBot/3.0; +http://yandex.com/bots)" "metrocrimedaily.com"
51.222.253.13 - - [21/Feb/2023:05:45:44 -0800] "GET /instagram-dallas/02-16-2023-2046461-Semi-truck-driver-arrested--charged-in-connection.txt HTTP/1.1" 200 937 "-" "Mozilla/5.0 (compatible; AhrefsBot/7.0; +http://ahrefs.com/robot/)" "www.metrocrimedaily.com"
51.222.253.7 - - [21/Feb/2023:05:46:49 -0800] "GET /instagram-dallas/02-16-2023-2046462-$10-000-reward-offered-for-information-on-killing.txt HTTP/1.1" 200 600 "-" "Mozilla/5.0 (compatible; AhrefsBot/7.0; +http://ahrefs.com/robot/)" "www.metrocrimedaily.com"
185.191.171.13 - - [21/Feb/2023:05:46:55 -0800] "GET /instagram-stlouis/videos/?C=M%3BO%3DA HTTP/1.1" 200 461 "-" "Mozilla/5.0 (compatible; SemrushBot/7~bl; +http://www.semrush.com/bot.html)" "metrocrimedaily.com"
51.222.253.3 - - [21/Feb/2023:05:47:54 -0800] "GET /instagram-dallas/02-16-2023-2046463-San-Antonio-trucker-charged-with-kidnapping-Littl.txt HTTP/1.1" 200 401 "-" "Mozilla/5.0 (compatible; AhrefsBot/7.0; +http://ahrefs.com/robot/)" "www.metrocrimedaily.com"
185.191.171.35 - - [21/Feb/2023:05:48:23 -0800] "GET /instagram-memphis/videos/?C=M%3BO%3DA HTTP/1.1" 200 1040 "-" "Mozilla/5.0 (compatible; SemrushBot/7~bl; +http://www.semrush.com/bot.html)" "metrocrimedaily.com"
51.222.253.11 - - [21/Feb/2023:05:48:45 -0800] "GET /instagram-dallas/02-16-2023-2046464-UT-at-Dallas-Bans-Woman-Ahead-of-Vegas-Stabbing-T.txt HTTP/1.1" 200 1139 "-" "Mozilla/5.0 (compatible; AhrefsBot/7.0; +http://ahrefs.com/robot/)" "www.metrocrimedaily.com"
51.222.253.17 - - [21/Feb/2023:05:49:41 -0800] "GET /instagram-dallas/02-16-2023-2225321-Tanner-Horner--man-accused-of-killing-Athena-Stra.txt HTTP/1.1" 200 1030 "-" "Mozilla/5.0 (compatible; AhrefsBot/7.0; +http://ahrefs.com/robot/)" "www.metrocrimedaily.com"
87.250.224.204 - - [21/Feb/2023:05:50:14 -0800] "GET /instagram-chicago/01-16-2023-2050441-Remains-of-Downers-Grove-woman-missing-since-2017.txt HTTP/1.1" 404 88 "-" "Mozilla/5.0 (compatible; YandexBot/3.0; +http://yandex.com/bots)" "metrocrimedaily.com"
40.77.167.172 - - [21/Feb/2023:05:50:26 -0800] "GET /index-yh-udc.html HTTP/1.1" 200 535 "-" "Mozilla/5.0 AppleWebKit/537.36 (KHTML, like Gecko; compatible; bingbot/2.0; +http://www.bing.com/bingbot.htm) Chrome/103.0.5060.134 Safari/537.36" "www.metrocrimedaily.com"
51.222.253.13 - - [21/Feb/2023:05:50:50 -0800] "GET /instagram-dallas/02-16-2023-2321591-Dallas-Police-Oversight-Hosts-Conversations-to-Di.txt HTTP/1.1" 200 1121 "-" "Mozilla/5.0 (compatible; AhrefsBot/7.0; +http://ahrefs.com/robot/)" "www.metrocrimedaily.com"
185.191.171.35 - - [21/Feb/2023:05:51:29 -0800] "GET /CRIME-WATCH-AMERICA/CRIME-WATCH-CHICAGO/mcd-citd-lnkpreview-RevB.bat HTTP/1.1" 200 9470 "-" "Mozilla/5.0 (compatible; SemrushBot/7~bl; +http://www.semrush.com/bot.html)" "metrocrimedaily.com"
51.222.253.13 - - [21/Feb/2023:05:51:55 -0800] "GET /instagram-dallas/02-17-2023-0614581-Police-say-suspect-in-Garland-bike-shop-killing-i.txt HTTP/1.1" 200 49 "-" "Mozilla/5.0 (compatible; AhrefsBot/7.0; +http://ahrefs.com/robot/)" "www.metrocrimedaily.com"
51.222.253.1 - - [21/Feb/2023:05:52:50 -0800] "GET /instagram-dallas/02-17-2023-1028091-Alvin-Kamara--Three-Others-Indicted-in-2022-Las-V.txt HTTP/1.1" 200 1124 "-" "Mozilla/5.0 (compatible; AhrefsBot/7.0; +http://ahrefs.com/robot/)" "www.metrocrimedaily.com"
51.222.253.10 - - [21/Feb/2023:05:53:47 -0800] "GET /instagram-dallas/02-17-2023-1210161-Florida-3-Year-Old-Dies-After-Shooting-Himself-Wi.txt HTTP/1.1" 200 932 "-" "Mozilla/5.0 (compatible; AhrefsBot/7.0; +http://ahrefs.com/robot/)" "www.metrocrimedaily.com"
51.222.253.2 - - [21/Feb/2023:05:54:43 -0800] "GET /instagram-dallas/02-17-2023-1210162-Man-Indicted-on-Kidnapping--Capital-Murder-Charge.txt HTTP/1.1" 200 1122 "-" "Mozilla/5.0 (compatible; AhrefsBot/7.0; +http://ahrefs.com/robot/)" "www.metrocrimedaily.com"
51.222.253.7 - - [21/Feb/2023:05:55:37 -0800] "GET /instagram-dallas/02-17-2023-1404331-Man-charged-with-murder-after-his-estranged-wife-.txt HTTP/1.1" 200 510 "-" "Mozilla/5.0 (compatible; AhrefsBot/7.0; +http://ahrefs.com/robot/)" "www.metrocrimedaily.com"
185.191.171.26 - - [21/Feb/2023:05:56:14 -0800] "GET /instagram-miami/post-later/?C=M%3BO%3DA HTTP/1.1" 200 887 "-" "Mozilla/5.0 (compatible; SemrushBot/7~bl; +http://www.semrush.com/bot.html)" "metrocrimedaily.com"
51.222.253.11 - - [21/Feb/2023:05:56:35 -0800] "GET /instagram-dallas/02-17-2023-1503391-Trump-Seeks-to-Bar-Evidence-of-2-Other-Alleged-Se.txt HTTP/1.1" 200 950 "-" "Mozilla/5.0 (compatible; AhrefsBot/7.0; +http://ahrefs.com/robot/)" "www.metrocrimedaily.com"
51.222.253.3 - - [21/Feb/2023:05:57:41 -0800] "GET /instagram-dallas/02-17-2023-1503392-Man-accused-of-killing-estranged-wife-at-Royse-Ci.txt HTTP/1.1" 200 600 "-" "Mozilla/5.0 (compatible; AhrefsBot/7.0; +http://ahrefs.com/robot/)" "www.metrocrimedaily.com"
69.63.184.5 - - [21/Feb/2023:05:58:13 -0800] "GET /instagram-stlouis/02-21-2023-0757541-A.jpg HTTP/1.1" 404 88 "-" "facebookexternalhit/1.1 (+http://www.facebook.com/externalhit_uatext.php)" "www.metrocrimedaily.com"
51.222.253.4 - - [21/Feb/2023:05:58:32 -0800] "GET /instagram-dallas/02-17-2023-1614211-Feral-Cows-in-New-Mexico-Will-Be-Shot-From-Helico.txt HTTP/1.1" 200 1110 "-" "Mozilla/5.0 (compatible; AhrefsBot/7.0; +http://ahrefs.com/robot/)" "www.metrocrimedaily.com"
69.63.184.119 - - [21/Feb/2023:05:59:10 -0800] "GET /instagram-chicago/02-21-2023-0758401-A.jpg HTTP/1.1" 404 88 "-" "facebookexternalhit/1.1 (+http://www.facebook.com/externalhit_uatext.php)" "www.metrocrimedaily.com"
69.63.184.116 - - [21/Feb/2023:05:59:33 -0800] "GET /instagram-chicago/02-21-2023-0758402-A.jpg HTTP/1.1" 404 88 "-" "facebookexternalhit/1.1 (+http://www.facebook.com/externalhit_uatext.php)" "www.metrocrimedaily.com"
51.222.253.11 - - [21/Feb/2023:05:59:37 -0800] "GET /instagram-dallas/02-17-2023-1614212-US-Says-Islamic-State-Commander-Killed--Troops-Wo.txt HTTP/1.1" 200 1045 "-" "Mozilla/5.0 (compatible; AhrefsBot/7.0; +http://ahrefs.com/robot/)" "www.metrocrimedaily.com"
51.222.253.1 - - [21/Feb/2023:06:00:33 -0800] "GET /instagram-dallas/02-17-2023-1729051-Candlelight-vigil-to-be-held-for-teenage-victims-.txt HTTP/1.1" 200 1047 "-" "Mozilla/5.0 (compatible; AhrefsBot/7.0; +http://ahrefs.com/robot/)" "www.metrocrimedaily.com"
51.222.253.10 - - [21/Feb/2023:06:01:32 -0800] "GET /instagram-dallas/02-17-2023-1729052-North-Texas-law-enforcement-agencies-arrest-59-pe.txt HTTP/1.1" 200 889 "-" "Mozilla/5.0 (compatible; AhrefsBot/7.0; +http://ahrefs.com/robot/)" "www.metrocrimedaily.com"
51.222.253.12 - - [21/Feb/2023:06:02:32 -0800] "GET /instagram-dallas/02-17-2023-1834401-28-Children-Rescued--59-Adults-Arrested-in-Massiv.txt HTTP/1.1" 200 1088 "-" "Mozilla/5.0 (compatible; AhrefsBot/7.0; +http://ahrefs.com/robot/)" "www.metrocrimedaily.com"
51.222.253.15 - - [21/Feb/2023:06:03:27 -0800] "GET /instagram-dallas/02-17-2023-2001401-Taking-a-Look-Inside-Texas-Long-Term-Care-Facilit.txt HTTP/1.1" 200 92 "-" "Mozilla/5.0 (compatible; AhrefsBot/7.0; +http://ahrefs.com/robot/)" "www.metrocrimedaily.com"
51.222.253.4 - - [21/Feb/2023:06:04:53 -0800] "GET /instagram-dallas/02-17-2023-2001402-Human-Trafficking-Now-Being-Investigated-After-Dr.txt HTTP/1.1" 200 1142 "-" "Mozilla/5.0 (compatible; AhrefsBot/7.0; +http://ahrefs.com/robot/)" "www.metrocrimedaily.com"
66.249.64.170 - - [21/Feb/2023:06:05:26 -0800] "GET /instagram-chicago/02-17-2023-2008291-A.jpg HTTP/1.1" 200 115441 "-" "Googlebot-Image/1.0" "metrocrimedaily.com"
51.222.253.17 - - [21/Feb/2023:06:05:49 -0800] "GET /instagram-dallas/02-17-2023-2107581-Ponder-Volunteer-Fire-Department-asking-for-help-.txt HTTP/1.1" 200 484 "-" "Mozilla/5.0 (compatible; AhrefsBot/7.0; +http://ahrefs.com/robot/)" "www.metrocrimedaily.com"
69.63.184.2 - - [21/Feb/2023:06:05:50 -0800] "GET /instagram-houston/02-21-2023-0805281-A.jpg HTTP/1.1" 404 88 "-" "facebookexternalhit/1.1 (+http://www.facebook.com/externalhit_uatext.php)" "www.metrocrimedaily.com"
69.63.184.5 - - [21/Feb/2023:06:06:10 -0800] "GET /instagram-houston/02-21-2023-0805282-A.jpg HTTP/1.1" 404 88 "-" "facebookexternalhit/1.1 (+http://www.facebook.com/externalhit_uatext.php)" "www.metrocrimedaily.com"
69.63.184.1 - - [21/Feb/2023:06:06:30 -0800] "GET /instagram-houston/02-21-2023-0805283-A.jpg HTTP/1.1" 404 88 "-" "facebookexternalhit/1.1 (+http://www.facebook.com/externalhit_uatext.php)" "www.metrocrimedaily.com"
51.222.253.13 - - [21/Feb/2023:06:06:33 -0800] "GET /instagram-dallas/02-17-2023-2203341-Sister-of-Murdered-Denton-Man-Pleads-for-Answers-.txt HTTP/1.1" 200 1052 "-" "Mozilla/5.0 (compatible; AhrefsBot/7.0; +http://ahrefs.com/robot/)" "www.metrocrimedaily.com"
69.63.184.117 - - [21/Feb/2023:06:06:50 -0800] "GET /instagram-houston/02-21-2023-0805284-A.jpg HTTP/1.1" 404 88 "-" "facebookexternalhit/1.1 (+http://www.facebook.com/externalhit_uatext.php)" "www.metrocrimedaily.com"
69.63.184.4 - - [21/Feb/2023:06:07:10 -0800] "GET /instagram-houston/02-21-2023-0805285-A.jpg HTTP/1.1" 404 88 "-" "facebookexternalhit/1.1 (+http://www.facebook.com/externalhit_uatext.php)" "www.metrocrimedaily.com"
51.222.253.5 - - [21/Feb/2023:06:07:27 -0800] "GET /instagram-dallas/02-17-2023-2203342-Fort-Worth-police-searching-for-missing-man-.txt HTTP/1.1" 200 413 "-" "Mozilla/5.0 (compatible; AhrefsBot/7.0; +http://ahrefs.com/robot/)" "www.metrocrimedaily.com"
51.222.253.8 - - [21/Feb/2023:06:08:27 -0800] "GET /instagram-dallas/02-17-2023-2203343-Suspect-in-Shooting-of-2-Jewish-Men-in-LA-Faces-H.txt HTTP/1.1" 200 1120 "-" "Mozilla/5.0 (compatible; AhrefsBot/7.0; +http://ahrefs.com/robot/)" "www.metrocrimedaily.com"
51.222.253.17 - - [21/Feb/2023:06:09:20 -0800] "GET /instagram-dallas/02-18-2023-0037071-MISSING--Little-Elm-police-searching-for-16-year-.txt HTTP/1.1" 200 305 "-" "Mozilla/5.0 (compatible; AhrefsBot/7.0; +http://ahrefs.com/robot/)" "www.metrocrimedaily.com"
185.191.171.18 - - [21/Feb/2023:06:10:01 -0800] "GET /CRIME-WATCH-AMERICA/CRIME-WATCH-HOUSTON/sendemail.bat HTTP/1.1" 200 500 "-" "Mozilla/5.0 (compatible; SemrushBot/7~bl; +http://www.semrush.com/bot.html)" "metrocrimedaily.com"
51.222.253.18 - - [21/Feb/2023:06:10:11 -0800] "GET /instagram-dallas/02-18-2023-0037072-US-Ends-Its-Search-for-Remnants-of-Aerial-Objects.txt HTTP/1.1" 200 1068 "-" "Mozilla/5.0 (compatible; AhrefsBot/7.0; +http://ahrefs.com/robot/)" "www.metrocrimedaily.com"
69.63.184.1 - - [21/Feb/2023:06:10:41 -0800] "GET /instagram-atlanta/02-21-2023-0810201-A.jpg HTTP/1.1" 404 88 "-" "facebookexternalhit/1.1 (+http://www.facebook.com/externalhit_uatext.php)" "www.metrocrimedaily.com"
51.222.253.16 - - [21/Feb/2023:06:11:13 -0800] "GET /instagram-dallas/02-18-2023-0212581-GOP-Strategist-Sentenced-to-18-Months-Over-Russia.txt HTTP/1.1" 200 629 "-" "Mozilla/5.0 (compatible; AhrefsBot/7.0; +http://ahrefs.com/robot/)" "www.metrocrimedaily.com"
51.222.253.16 - - [21/Feb/2023:06:12:20 -0800] "GET /instagram-dallas/02-18-2023-1131411-Can-Southwest-Airlines-Fix-Its-Tech-Problems--We-.txt HTTP/1.1" 200 1114 "-" "Mozilla/5.0 (compatible; AhrefsBot/7.0; +http://ahrefs.com/robot/)" "www.metrocrimedaily.com"
69.63.184.118 - - [21/Feb/2023:06:12:52 -0800] "GET /instagram-dallas/02-21-2023-0812301-A.jpg HTTP/1.1" 404 88 "-" "facebookexternalhit/1.1 (+http://www.facebook.com/externalhit_uatext.php)" "www.metrocrimedaily.com"
51.222.253.17 - - [21/Feb/2023:06:13:59 -0800] "GET /instagram-dallas/02-18-2023-1432181----We-Have-Nothing-to-Hide---Ukraine-s-Foreign-Mi.txt HTTP/1.1" 200 957 "-" "Mozilla/5.0 (compatible; AhrefsBot/7.0; +http://ahrefs.com/robot/)" "www.metrocrimedaily.com"
51.222.253.13 - - [21/Feb/2023:06:14:43 -0800] "GET /instagram-dallas/02-18-2023-1735091-Turmoil-in-courts-on-gun-laws-in-wake-of-justices.txt HTTP/1.1" 200 1089 "-" "Mozilla/5.0 (compatible; AhrefsBot/7.0; +http://ahrefs.com/robot/)" "www.metrocrimedaily.com"
51.222.253.17 - - [21/Feb/2023:06:15:43 -0800] "GET /instagram-dallas/02-18-2023-1929081-Family-hoping-to-find-driver-who-fled-scene-of-Fo.txt HTTP/1.1" 200 1105 "-" "Mozilla/5.0 (compatible; AhrefsBot/7.0; +http://ahrefs.com/robot/)" "www.metrocrimedaily.com"
66.249.64.170 - - [21/Feb/2023:06:16:30 -0800] "GET /instagram-chicago/02-18-2023-1204203-A.jpg HTTP/1.1" 200 441306 "-" "Googlebot-Image/1.0" "metrocrimedaily.com"
51.222.253.3 - - [21/Feb/2023:06:16:46 -0800] "GET /instagram-dallas/02-18-2023-2103311-Michigan-Honors-Victims-of-Michigan-State-Shootin.txt HTTP/1.1" 200 1133 "-" "Mozilla/5.0 (compatible; AhrefsBot/7.0; +http://ahrefs.com/robot/)" "www.metrocrimedaily.com"
51.222.253.8 - - [21/Feb/2023:06:17:35 -0800] "GET /instagram-dallas/02-18-2023-2103312--Beyond-Terrible---Twitter-Blasts-2023-NBA-All-St.txt HTTP/1.1" 200 998 "-" "Mozilla/5.0 (compatible; AhrefsBot/7.0; +http://ahrefs.com/robot/)" "www.metrocrimedaily.com"
51.222.253.15 - - [21/Feb/2023:06:18:37 -0800] "GET /instagram-dallas/02-18-2023-2103313-Grapevine-Man-Missing-Since-January-Found-Safe--R.txt HTTP/1.1" 200 410 "-" "Mozilla/5.0 (compatible; AhrefsBot/7.0; +http://ahrefs.com/robot/)" "www.metrocrimedaily.com"
51.222.253.11 - - [21/Feb/2023:06:19:55 -0800] "GET /instagram-dallas/02-18-2023-2103314-Police-Say-Mother-s-Fatal-90-Foot-Fall-From-Niaga.txt HTTP/1.1" 200 544 "-" "Mozilla/5.0 (compatible; AhrefsBot/7.0; +http://ahrefs.com/robot/)" "www.metrocrimedaily.com"
43.153.13.123 - - [21/Feb/2023:06:20:04 -0800] "GET / HTTP/1.1" 200 10348 "-" "Mozilla/5.0 (Windows NT 10.0; Win64; x64) AppleWebKit/537.36 (KHTML, like Gecko) Chrome/89.0.4389.114 Safari/537.36" "metrocrimedaily.com"
43.153.13.123 - - [21/Feb/2023:06:20:08 -0800] "GET / HTTP/1.1" 200 10348 "-" "Mozilla/5.0 (Windows NT 10.0; Win64; x64) AppleWebKit/537.36 (KHTML, like Gecko) Chrome/89.0.4389.114 Safari/537.36" "metrocrimedaily.com"
