51.222.253.2 - - [21/Feb/2023:13:33:49 -0800] "GET /instagram-neworleans/02-19-2023-0821061-Man-killed-near-UNO-campus-Sunday-morning-.txt HTTP/1.1" 404 88 "-" "Mozilla/5.0 (compatible; AhrefsBot/7.0; +http://ahrefs.com/robot/)" "www.metrocrimedaily.com"
69.63.184.117 - - [21/Feb/2023:13:34:38 -0800] "GET /instagram-miami/02-21-2023-1518452-A.jpg HTTP/1.1" 200 537388 "-" "facebookexternalhit/1.1 (+http://www.facebook.com/externalhit_uatext.php)" "www.metrocrimedaily.com"
51.222.253.14 - - [21/Feb/2023:13:35:22 -0800] "GET /instagram-neworleans/02-19-2023-1217231-Gentilly-shooting-early-Sunday-leaves-one-man-dea.txt HTTP/1.1" 404 88 "-" "Mozilla/5.0 (compatible; AhrefsBot/7.0; +http://ahrefs.com/robot/)" "www.metrocrimedaily.com"
114.119.139.70 - - [21/Feb/2023:13:35:27 -0800] "GET /instagram-houston/02-17-2023-1548005-6-fatally-shot-in-small-Mississippi-town--suspect.txt HTTP/1.1" 404 88 "http://www.metrocrimedaily.com/instagram-houston/?C=D%3BO%3DA" "Mozilla/5.0 (Linux; Android 7.0;) AppleWebKit/537.36 (KHTML, like Gecko) Mobile Safari/537.36 (compatible; PetalBot;+https://webmaster.petalsearch.com/site/petalbot)" "www.metrocrimedaily.com"
213.180.203.32 - - [21/Feb/2023:13:37:04 -0800] "GET /instagram-detroit/01-18-2023-1437026-Fed-s-Mester--Rate-hikes-have-begun-to-quell-US-i.txt HTTP/1.1" 404 88 "-" "Mozilla/5.0 (compatible; YandexBot/3.0; +http://yandex.com/bots)" "metrocrimedaily.com"
185.191.171.19 - - [21/Feb/2023:13:38:36 -0800] "GET /instagram-atlanta/post-later/?C=S%3BO%3DA HTTP/1.1" 200 4705 "-" "Mozilla/5.0 (compatible; SemrushBot/7~bl; +http://www.semrush.com/bot.html)" "metrocrimedaily.com"
51.222.253.6 - - [21/Feb/2023:13:38:59 -0800] "GET /instagram-neworleans/02-19-2023-2247022-Four-people-shot-on-Bacchus-parade-route-.txt HTTP/1.1" 404 88 "-" "Mozilla/5.0 (compatible; AhrefsBot/7.0; +http://ahrefs.com/robot/)" "www.metrocrimedaily.com"
185.191.171.24 - - [21/Feb/2023:13:38:59 -0800] "GET /CRIME-WATCH-AMERICA/CRIME-WATCH-DALLAS/find-and-post-dallas-stories-RevU.bat HTTP/1.1" 200 16147 "-" "Mozilla/5.0 (compatible; SemrushBot/7~bl; +http://www.semrush.com/bot.html)" "metrocrimedaily.com"
185.191.171.14 - - [21/Feb/2023:13:40:59 -0800] "GET /instagram-newyork/post-later/?C=S%3BO%3DA HTTP/1.1" 200 331 "-" "Mozilla/5.0 (compatible; SemrushBot/7~bl; +http://www.semrush.com/bot.html)" "metrocrimedaily.com"
51.222.253.12 - - [21/Feb/2023:13:41:05 -0800] "GET /instagram-neworleans/02-20-2023-0101001-5-injured-in-shooting-along-Uptown-parade-route-a.txt HTTP/1.1" 404 88 "-" "Mozilla/5.0 (compatible; AhrefsBot/7.0; +http://ahrefs.com/robot/)" "www.metrocrimedaily.com"
185.191.171.45 - - [21/Feb/2023:13:41:17 -0800] "GET /CRIME-WATCH-AMERICA/CRIME-WATCH-ATLANTA/mcd-prolog.html HTTP/1.1" 200 861 "-" "Mozilla/5.0 (compatible; SemrushBot/7~bl; +http://www.semrush.com/bot.html)" "metrocrimedaily.com"
51.222.253.9 - - [21/Feb/2023:13:41:52 -0800] "GET /instagram-neworleans/02-20-2023-0314411-Witness-to-Bacchus-parade-shooting-.txt HTTP/1.1" 404 88 "-" "Mozilla/5.0 (compatible; AhrefsBot/7.0; +http://ahrefs.com/robot/)" "www.metrocrimedaily.com"
51.222.253.13 - - [21/Feb/2023:13:42:29 -0800] "GET /instagram-neworleans/02-20-2023-0704391--Everyone-took-cover--1-dead--4-others-shot-at-Ba.txt HTTP/1.1" 404 88 "-" "Mozilla/5.0 (compatible; AhrefsBot/7.0; +http://ahrefs.com/robot/)" "www.metrocrimedaily.com"
51.222.253.3 - - [21/Feb/2023:13:43:24 -0800] "GET /instagram-neworleans/02-20-2023-0801221-Mass-shooting-at-Bacchus-Mardi-Gras-parade-leaves.txt HTTP/1.1" 404 88 "-" "Mozilla/5.0 (compatible; AhrefsBot/7.0; +http://ahrefs.com/robot/)" "www.metrocrimedaily.com"
51.222.253.17 - - [21/Feb/2023:13:44:12 -0800] "GET /instagram-neworleans/02-20-2023-1038021-Man-shot-on-I-10-near-Louisa-Street%3B-6th-intersta.txt HTTP/1.1" 404 88 "-" "Mozilla/5.0 (compatible; AhrefsBot/7.0; +http://ahrefs.com/robot/)" "www.metrocrimedaily.com"
51.222.253.13 - - [21/Feb/2023:13:44:57 -0800] "GET /instagram-neworleans/02-20-2023-1201511-New-Orleans-police-update-on-deadly-parade-route-.txt HTTP/1.1" 404 88 "-" "Mozilla/5.0 (compatible; AhrefsBot/7.0; +http://ahrefs.com/robot/)" "www.metrocrimedaily.com"
69.63.184.1 - - [21/Feb/2023:13:45:29 -0800] "GET /instagram-houston/02-21-2023-1529372-A.jpg HTTP/1.1" 200 126949 "-" "facebookexternalhit/1.1 (+http://www.facebook.com/externalhit_uatext.php)" "www.metrocrimedaily.com"
185.191.171.26 - - [21/Feb/2023:13:45:32 -0800] "GET /CRIME-WATCH-AMERICA/CRIME-WATCH-CHICAGO/yt-dlp.exe HTTP/1.1" 200 106359 "-" "Mozilla/5.0 (compatible; SemrushBot/7~bl; +http://www.semrush.com/bot.html)" "metrocrimedaily.com"
51.222.253.8 - - [21/Feb/2023:13:45:47 -0800] "GET /instagram-neworleans/02-20-2023-1250411-Suspect-arrested-in-shooting-at-Boulder-hotel-.txt HTTP/1.1" 404 88 "-" "Mozilla/5.0 (compatible; AhrefsBot/7.0; +http://ahrefs.com/robot/)" "www.metrocrimedaily.com"
51.222.253.5 - - [21/Feb/2023:13:46:49 -0800] "GET /instagram-neworleans/02-20-2023-1250412-Inside-the-killings-of-4-University-of-Idaho-stud.txt HTTP/1.1" 404 88 "-" "Mozilla/5.0 (compatible; AhrefsBot/7.0; +http://ahrefs.com/robot/)" "www.metrocrimedaily.com"
69.63.184.1 - - [21/Feb/2023:13:47:12 -0800] "GET /instagram-chicago/02-21-2023-1531172-A.jpg HTTP/1.1" 200 101011 "-" "facebookexternalhit/1.1 (+http://www.facebook.com/externalhit_uatext.php)" "www.metrocrimedaily.com"
51.222.253.3 - - [21/Feb/2023:13:47:41 -0800] "GET /instagram-neworleans/02-20-2023-1250413-Shooting-at-Bacchus-parade-kills-teen--injures-4-.txt HTTP/1.1" 404 88 "-" "Mozilla/5.0 (compatible; AhrefsBot/7.0; +http://ahrefs.com/robot/)" "www.metrocrimedaily.com"
51.222.253.6 - - [21/Feb/2023:13:48:19 -0800] "GET /instagram-neworleans/02-20-2023-1404451-New-Orleans-mass-shootings-account-for-5%25-of-2023.txt HTTP/1.1" 404 88 "-" "Mozilla/5.0 (compatible; AhrefsBot/7.0; +http://ahrefs.com/robot/)" "www.metrocrimedaily.com"
69.63.184.3 - - [21/Feb/2023:13:48:22 -0800] "GET /instagram-detroit/02-21-2023-1430236-A.jpg HTTP/1.1" 200 208025 "-" "facebookexternalhit/1.1 (+http://www.facebook.com/externalhit_uatext.php)" "www.metrocrimedaily.com"
185.191.171.22 - - [21/Feb/2023:13:48:55 -0800] "GET /robots.txt HTTP/1.1" 404 88 "-" "Mozilla/5.0 (compatible; SemrushBot/7~bl; +http://www.semrush.com/bot.html)" "metrocrimedaily.com"
185.191.171.36 - - [21/Feb/2023:13:48:55 -0800] "GET /instagram-detroit/post-later/?C=M%3BO%3DA HTTP/1.1" 200 1045 "-" "Mozilla/5.0 (compatible; SemrushBot/7~bl; +http://www.semrush.com/bot.html)" "metrocrimedaily.com"
51.222.253.10 - - [21/Feb/2023:13:49:13 -0800] "GET /instagram-neworleans/02-20-2023-1543181-Charges-against-Alec-Baldwin-downgraded-in----Rus.txt HTTP/1.1" 404 88 "-" "Mozilla/5.0 (compatible; AhrefsBot/7.0; +http://ahrefs.com/robot/)" "www.metrocrimedaily.com"
185.191.171.41 - - [21/Feb/2023:13:49:21 -0800] "GET /CRIME-WATCH-AMERICA/CRIME-WATCH-HOUSTON/post-to-instagram-houston-RevE.bat HTTP/1.1" 200 16514 "-" "Mozilla/5.0 (compatible; SemrushBot/7~bl; +http://www.semrush.com/bot.html)" "metrocrimedaily.com"
185.191.171.34 - - [21/Feb/2023:13:49:27 -0800] "GET /CRIME-WATCH-AMERICA/CRIME-WATCH-DALLAS/youtube-dl.exe HTTP/1.1" 200 8031644 "-" "Mozilla/5.0 (compatible; SemrushBot/7~bl; +http://www.semrush.com/bot.html)" "metrocrimedaily.com"
51.222.253.6 - - [21/Feb/2023:13:50:07 -0800] "GET /instagram-neworleans/02-20-2023-1543182-Unknown-suspect-wanted-for-armed-carjacking-in-Ge.txt HTTP/1.1" 404 88 "-" "Mozilla/5.0 (compatible; AhrefsBot/7.0; +http://ahrefs.com/robot/)" "www.metrocrimedaily.com"
69.63.184.116 - - [21/Feb/2023:13:50:10 -0800] "GET /instagram-miami/02-21-2023-1518453-A.jpg HTTP/1.1" 200 98924 "-" "facebookexternalhit/1.1 (+http://www.facebook.com/externalhit_uatext.php)" "www.metrocrimedaily.com"
185.191.171.34 - - [21/Feb/2023:13:50:41 -0800] "GET /CRIME-WATCH-AMERICA/GOOD_BARBER_APP-MAKER/?C=N%3BO%3DD HTTP/1.1" 200 1661 "-" "Mozilla/5.0 (compatible; SemrushBot/7~bl; +http://www.semrush.com/bot.html)" "metrocrimedaily.com"
51.222.253.3 - - [21/Feb/2023:13:51:05 -0800] "GET /instagram-neworleans/02-20-2023-1641201-Political-rainmaker--restaurateur-Fouad-Zeton-set.txt HTTP/1.1" 404 88 "-" "Mozilla/5.0 (compatible; AhrefsBot/7.0; +http://ahrefs.com/robot/)" "www.metrocrimedaily.com"
40.77.167.172 - - [21/Feb/2023:13:51:43 -0800] "GET /crime-watch-usa.html HTTP/1.1" 200 1081 "-" "Mozilla/5.0 AppleWebKit/537.36 (KHTML, like Gecko; compatible; bingbot/2.0; +http://www.bing.com/bingbot.htm) Chrome/103.0.5060.134 Safari/537.36" "www.metrocrimedaily.com"
51.222.253.18 - - [21/Feb/2023:13:51:47 -0800] "GET /instagram-neworleans/02-20-2023-1723151-New-Orleans-police-say-parade-shooting-suspect-fa.txt HTTP/1.1" 404 88 "-" "Mozilla/5.0 (compatible; AhrefsBot/7.0; +http://ahrefs.com/robot/)" "www.metrocrimedaily.com"
66.249.64.168 - - [21/Feb/2023:13:52:49 -0800] "GET /instagram-chicago/02-19-2023-0529531-A.jpg HTTP/1.1" 404 88 "-" "Googlebot-Image/1.0" "metrocrimedaily.com"
51.222.253.12 - - [21/Feb/2023:13:52:52 -0800] "GET /instagram-stlouis/02-20-2023-0443201-15-year-old-girl-shot--killed-Saturday-night-in-S.txt HTTP/1.1" 404 88 "-" "Mozilla/5.0 (compatible; AhrefsBot/7.0; +http://ahrefs.com/robot/)" "www.metrocrimedaily.com"
51.222.253.6 - - [21/Feb/2023:13:53:37 -0800] "GET /instagram-stlouis/02-20-2023-0614371-Detectives-treating-Los-Angeles-bishop-s-death-as.txt HTTP/1.1" 404 88 "-" "Mozilla/5.0 (compatible; AhrefsBot/7.0; +http://ahrefs.com/robot/)" "www.metrocrimedaily.com"
51.222.253.15 - - [21/Feb/2023:13:54:18 -0800] "GET /instagram-stlouis/02-20-2023-0614372-Biden-visits-Kyiv-in-Ukraine-ahead-of-invasion-an.txt HTTP/1.1" 404 88 "-" "Mozilla/5.0 (compatible; AhrefsBot/7.0; +http://ahrefs.com/robot/)" "www.metrocrimedaily.com"
51.222.253.5 - - [21/Feb/2023:13:55:04 -0800] "GET /instagram-stlouis/02-20-2023-0750421-Police--19-year-old-missing-after-leaving-hospita.txt HTTP/1.1" 404 88 "-" "Mozilla/5.0 (compatible; AhrefsBot/7.0; +http://ahrefs.com/robot/)" "www.metrocrimedaily.com"
40.77.167.171 - - [21/Feb/2023:13:55:16 -0800] "GET /instagram-dallas/01-16-2023-0334311-FAA-Releases-Recording-of-Dallas-Air-Show-Plane-C.txt HTTP/1.1" 404 88 "-" "Mozilla/5.0 AppleWebKit/537.36 (KHTML, like Gecko; compatible; bingbot/2.0; +http://www.bing.com/bingbot.htm) Chrome/103.0.5060.134 Safari/537.36" "www.metrocrimedaily.com"
185.191.171.1 - - [21/Feb/2023:13:55:33 -0800] "GET /CRIME-WATCH-AMERICA/CRIME-WATCH-CHICAGO/mcd-citd-chicago-lnkpreview-RevD.bat HTTP/1.1" 200 15299 "-" "Mozilla/5.0 (compatible; SemrushBot/7~bl; +http://www.semrush.com/bot.html)" "metrocrimedaily.com"
51.222.253.19 - - [21/Feb/2023:13:55:48 -0800] "GET /instagram-stlouis/02-20-2023-0750422-4-injured-in-nightclub-shooting-Saturday-night-.txt HTTP/1.1" 404 88 "-" "Mozilla/5.0 (compatible; AhrefsBot/7.0; +http://ahrefs.com/robot/)" "www.metrocrimedaily.com"
51.222.253.20 - - [21/Feb/2023:13:56:33 -0800] "GET /instagram-stlouis/02-20-2023-0750423-Shots-fired-outside-food-mart-Sunday-afternoon-.txt HTTP/1.1" 404 88 "-" "Mozilla/5.0 (compatible; AhrefsBot/7.0; +http://ahrefs.com/robot/)" "www.metrocrimedaily.com"
69.63.184.5 - - [21/Feb/2023:13:56:42 -0800] "GET /instagram-losangeles/02-21-2023-1556211-A.jpg HTTP/1.1" 200 131299 "-" "facebookexternalhit/1.1 (+http://www.facebook.com/externalhit_uatext.php)" "www.metrocrimedaily.com"
51.222.253.10 - - [21/Feb/2023:13:57:23 -0800] "GET /instagram-stlouis/02-20-2023-0957091-Record-6-542-guns-intercepted-at-US-airport-secur.txt HTTP/1.1" 404 88 "-" "Mozilla/5.0 (compatible; AhrefsBot/7.0; +http://ahrefs.com/robot/)" "www.metrocrimedaily.com"
157.55.39.144 - - [21/Feb/2023:13:57:55 -0800] "GET /index-atlanta.html HTTP/1.1" 200 187601 "-" "Mozilla/5.0 AppleWebKit/537.36 (KHTML, like Gecko; compatible; bingbot/2.0; +http://www.bing.com/bingbot.htm) Chrome/103.0.5060.134 Safari/537.36" "metrocrimedaily.com"
51.222.253.18 - - [21/Feb/2023:13:58:11 -0800] "GET /instagram-stlouis/02-20-2023-0957092-Roughly-18-guns-per-day-intercepted-at-US-airport.txt HTTP/1.1" 404 88 "-" "Mozilla/5.0 (compatible; AhrefsBot/7.0; +http://ahrefs.com/robot/)" "www.metrocrimedaily.com"
51.222.253.5 - - [21/Feb/2023:13:59:06 -0800] "GET /instagram-stlouis/02-20-2023-1143261-5-shot--including-a-child--along-Mardi-Gras-parad.txt HTTP/1.1" 404 88 "-" "Mozilla/5.0 (compatible; AhrefsBot/7.0; +http://ahrefs.com/robot/)" "www.metrocrimedaily.com"
51.222.253.5 - - [21/Feb/2023:14:00:12 -0800] "GET /instagram-stlouis/02-20-2023-1143262-New-Illinois-law-gives-additional-hope-to-younges.txt HTTP/1.1" 404 88 "-" "Mozilla/5.0 (compatible; AhrefsBot/7.0; +http://ahrefs.com/robot/)" "www.metrocrimedaily.com"
51.222.253.5 - - [21/Feb/2023:14:00:57 -0800] "GET /instagram-stlouis/02-20-2023-1143263-Homeowner-faces-city-fines-after-suspected-DWI-dr.txt HTTP/1.1" 404 88 "-" "Mozilla/5.0 (compatible; AhrefsBot/7.0; +http://ahrefs.com/robot/)" "www.metrocrimedaily.com"
69.63.184.4 - - [21/Feb/2023:14:00:59 -0800] "GET /instagram-houston/02-21-2023-1529373-A.jpg HTTP/1.1" 200 205082 "-" "facebookexternalhit/1.1 (+http://www.facebook.com/externalhit_uatext.php)" "www.metrocrimedaily.com"
185.191.171.38 - - [21/Feb/2023:14:01:08 -0800] "GET /instagram-neworleans/videos/?C=M%3BO%3DA HTTP/1.1" 200 330 "-" "Mozilla/5.0 (compatible; SemrushBot/7~bl; +http://www.semrush.com/bot.html)" "metrocrimedaily.com"
185.191.171.25 - - [21/Feb/2023:14:01:56 -0800] "GET /CRIME-WATCH-AMERICA/CRIME-WATCH-DALLAS/?C=N%3BO%3DD HTTP/1.1" 200 1371 "-" "Mozilla/5.0 (compatible; SemrushBot/7~bl; +http://www.semrush.com/bot.html)" "metrocrimedaily.com"
51.222.253.12 - - [21/Feb/2023:14:02:04 -0800] "GET /instagram-stlouis/02-20-2023-1143264-A-record-6-542-guns-were-intercepted-at-US-airpor.txt HTTP/1.1" 404 88 "-" "Mozilla/5.0 (compatible; AhrefsBot/7.0; +http://ahrefs.com/robot/)" "www.metrocrimedaily.com"
69.63.184.116 - - [21/Feb/2023:14:02:23 -0800] "GET /instagram-dallas/02-21-2023-1602021-A.jpg HTTP/1.1" 200 116539 "-" "facebookexternalhit/1.1 (+http://www.facebook.com/externalhit_uatext.php)" "www.metrocrimedaily.com"
51.222.253.20 - - [21/Feb/2023:14:03:00 -0800] "GET /instagram-stlouis/02-20-2023-1345441-Inside-the-killings-of-4-University-of-Idaho-stud.txt HTTP/1.1" 404 88 "-" "Mozilla/5.0 (compatible; AhrefsBot/7.0; +http://ahrefs.com/robot/)" "www.metrocrimedaily.com"
69.63.184.3 - - [21/Feb/2023:14:03:55 -0800] "GET /instagram-detroit/02-21-2023-1430237-A.jpg HTTP/1.1" 200 184278 "-" "facebookexternalhit/1.1 (+http://www.facebook.com/externalhit_uatext.php)" "www.metrocrimedaily.com"
51.222.253.2 - - [21/Feb/2023:14:03:55 -0800] "GET /instagram-stlouis/02-20-2023-1345442-Major-Case-Squad-makes-arrest-in-Hanley-Hills-mur.txt HTTP/1.1" 404 88 "-" "Mozilla/5.0 (compatible; AhrefsBot/7.0; +http://ahrefs.com/robot/)" "www.metrocrimedaily.com"
66.249.64.168 - - [21/Feb/2023:14:04:41 -0800] "GET /instagram-chicago/02-18-2023-1413182-A.jpg HTTP/1.1" 404 88 "-" "Googlebot-Image/1.0" "metrocrimedaily.com"
51.222.253.19 - - [21/Feb/2023:14:05:22 -0800] "GET /instagram-stlouis/02-20-2023-1453111-2-St.-Charles-teens-charged-in-shooting-death-of-.txt HTTP/1.1" 404 88 "-" "Mozilla/5.0 (compatible; AhrefsBot/7.0; +http://ahrefs.com/robot/)" "www.metrocrimedaily.com"
51.222.253.2 - - [21/Feb/2023:14:06:12 -0800] "GET /instagram-stlouis/02-20-2023-1453112-Charges-against-Alec-Baldwin-downgraded-in----Rus.txt HTTP/1.1" 404 88 "-" "Mozilla/5.0 (compatible; AhrefsBot/7.0; +http://ahrefs.com/robot/)" "www.metrocrimedaily.com"
51.222.253.3 - - [21/Feb/2023:14:07:15 -0800] "GET /instagram-stlouis/02-20-2023-1628421-Police--Man-dressed-in-FedEx-attire-steals-packag.txt HTTP/1.1" 404 88 "-" "Mozilla/5.0 (compatible; AhrefsBot/7.0; +http://ahrefs.com/robot/)" "www.metrocrimedaily.com"
51.222.253.8 - - [21/Feb/2023:14:08:09 -0800] "GET /instagram-stlouis/02-20-2023-1628422----Trust-the-word-of-God-----Sitter-paid-Illinois.txt HTTP/1.1" 404 88 "-" "Mozilla/5.0 (compatible; AhrefsBot/7.0; +http://ahrefs.com/robot/)" "www.metrocrimedaily.com"
213.180.203.32 - - [21/Feb/2023:14:08:38 -0800] "GET /instagram-losangeles/01-17-2023-0235094-One-Killed-in-Multi-Vehicle-Crash-on-101-Freeway-.txt HTTP/1.1" 404 88 "-" "Mozilla/5.0 (compatible; YandexBot/3.0; +http://yandex.com/bots)" "metrocrimedaily.com"
51.222.253.6 - - [21/Feb/2023:14:08:58 -0800] "GET /instagram-detroit/02-18-2023-2022581-University-of-Michigan-honors-Michigan-State-afte.txt HTTP/1.1" 404 88 "-" "Mozilla/5.0 (compatible; AhrefsBot/7.0; +http://ahrefs.com/robot/)" "metrocrimedaily.com"
51.222.253.13 - - [21/Feb/2023:14:09:40 -0800] "GET /instagram-detroit/02-18-2023-2220211-Church-overflows-for-MSU-victim-Arielle-Anderson-.txt HTTP/1.1" 404 88 "-" "Mozilla/5.0 (compatible; AhrefsBot/7.0; +http://ahrefs.com/robot/)" "metrocrimedaily.com"
51.222.253.3 - - [21/Feb/2023:14:10:28 -0800] "GET /instagram-detroit/02-18-2023-2326191--A-diamond-to-this-family---Vigil-held-to-honor-M.txt HTTP/1.1" 404 88 "-" "Mozilla/5.0 (compatible; AhrefsBot/7.0; +http://ahrefs.com/robot/)" "metrocrimedaily.com"
51.222.253.7 - - [21/Feb/2023:14:11:19 -0800] "GET /instagram-detroit/02-19-2023-0530321-Detroit-police-honor-MSU-shooting-victims--includ.txt HTTP/1.1" 404 88 "-" "Mozilla/5.0 (compatible; AhrefsBot/7.0; +http://ahrefs.com/robot/)" "metrocrimedaily.com"
69.63.184.2 - - [21/Feb/2023:14:11:22 -0800] "GET /instagram-atlanta/02-21-2023-1610541-A.jpg HTTP/1.1" 200 103591 "-" "facebookexternalhit/1.1 (+http://www.facebook.com/externalhit_uatext.php)" "www.metrocrimedaily.com"
69.63.184.117 - - [21/Feb/2023:14:12:15 -0800] "GET /instagram-losangeles/02-21-2023-1556212-A.jpg HTTP/1.1" 200 201822 "-" "facebookexternalhit/1.1 (+http://www.facebook.com/externalhit_uatext.php)" "www.metrocrimedaily.com"
51.222.253.3 - - [21/Feb/2023:14:12:32 -0800] "GET /instagram-detroit/02-19-2023-0926591-MSP--14-year-old-arrested-after-pursuit-with-stol.txt HTTP/1.1" 404 88 "-" "Mozilla/5.0 (compatible; AhrefsBot/7.0; +http://ahrefs.com/robot/)" "metrocrimedaily.com"
51.222.253.8 - - [21/Feb/2023:14:13:34 -0800] "GET /instagram-detroit/02-19-2023-0926592-Michigan-State-Police-investigating-fiery-fatal-c.txt HTTP/1.1" 404 88 "-" "Mozilla/5.0 (compatible; AhrefsBot/7.0; +http://ahrefs.com/robot/)" "metrocrimedaily.com"
185.191.171.37 - - [21/Feb/2023:14:15:18 -0800] "GET /instagram-neworleans/post-later/?C=N%3BO%3DD HTTP/1.1" 200 331 "-" "Mozilla/5.0 (compatible; SemrushBot/7~bl; +http://www.semrush.com/bot.html)" "metrocrimedaily.com"
51.222.253.2 - - [21/Feb/2023:14:16:21 -0800] "GET /instagram-detroit/02-19-2023-1129011-N.-Korea-makes-fresh-threats--US-bombers-fly-afte.txt HTTP/1.1" 404 88 "-" "Mozilla/5.0 (compatible; AhrefsBot/7.0; +http://ahrefs.com/robot/)" "metrocrimedaily.com"
207.46.13.5 - - [21/Feb/2023:14:16:34 -0800] "GET /instagram-chicago/01-20-2023-1233241-Chicago-man-charged-for-robbery-of-17-year-old-gi.txt HTTP/1.1" 404 88 "-" "Mozilla/5.0 AppleWebKit/537.36 (KHTML, like Gecko; compatible; bingbot/2.0; +http://www.bing.com/bingbot.htm) Chrome/103.0.5060.134 Safari/537.36" "www.metrocrimedaily.com"
69.63.184.5 - - [21/Feb/2023:14:16:36 -0800] "GET /instagram-houston/02-21-2023-1529374-A.jpg HTTP/1.1" 200 210174 "-" "facebookexternalhit/1.1 (+http://www.facebook.com/externalhit_uatext.php)" "www.metrocrimedaily.com"
51.222.253.20 - - [21/Feb/2023:14:17:20 -0800] "GET /instagram-detroit/02-19-2023-1129012-Morning-4--Michigan-State-Police-investigating-fi.txt HTTP/1.1" 404 88 "-" "Mozilla/5.0 (compatible; AhrefsBot/7.0; +http://ahrefs.com/robot/)" "metrocrimedaily.com"
69.63.184.117 - - [21/Feb/2023:14:18:00 -0800] "GET /instagram-dallas/02-21-2023-1602022-A.jpg HTTP/1.1" 200 132482 "-" "facebookexternalhit/1.1 (+http://www.facebook.com/externalhit_uatext.php)" "www.metrocrimedaily.com"
51.222.253.2 - - [21/Feb/2023:14:18:22 -0800] "GET /instagram-detroit/02-19-2023-1129013-Watch-live--Michigan-State-officials-discuss-resu.txt HTTP/1.1" 404 88 "-" "Mozilla/5.0 (compatible; AhrefsBot/7.0; +http://ahrefs.com/robot/)" "metrocrimedaily.com"
51.222.253.10 - - [21/Feb/2023:14:19:04 -0800] "GET /instagram-detroit/02-19-2023-1129014-One-killed-in-fiery-crash-on-I-696-in-Farmington-.txt HTTP/1.1" 404 88 "-" "Mozilla/5.0 (compatible; AhrefsBot/7.0; +http://ahrefs.com/robot/)" "metrocrimedaily.com"
51.222.253.9 - - [21/Feb/2023:14:19:50 -0800] "GET /instagram-detroit/02-19-2023-1342081-Survivor-of-MSU-mass-shooting-paralyzed--fundrais.txt HTTP/1.1" 404 88 "-" "Mozilla/5.0 (compatible; AhrefsBot/7.0; +http://ahrefs.com/robot/)" "metrocrimedaily.com"
51.222.253.3 - - [21/Feb/2023:14:20:37 -0800] "GET /instagram-detroit/02-19-2023-1342082-MSU-to-cover-medical-bills-for-victims-of-mass-sh.txt HTTP/1.1" 404 88 "-" "Mozilla/5.0 (compatible; AhrefsBot/7.0; +http://ahrefs.com/robot/)" "metrocrimedaily.com"
185.191.171.20 - - [21/Feb/2023:14:21:13 -0800] "GET /CRIME-WATCH-AMERICA/CRIME-WATCH-NEW-ORLEANS/?C=N%3BO%3DD HTTP/1.1" 200 379 "-" "Mozilla/5.0 (compatible; SemrushBot/7~bl; +http://www.semrush.com/bot.html)" "metrocrimedaily.com"
51.222.253.12 - - [21/Feb/2023:14:21:21 -0800] "GET /instagram-detroit/02-19-2023-1342083-14-year-old-arrested--stolen-vehicle-recovered-af.txt HTTP/1.1" 404 88 "-" "Mozilla/5.0 (compatible; AhrefsBot/7.0; +http://ahrefs.com/robot/)" "metrocrimedaily.com"
51.222.253.18 - - [21/Feb/2023:14:22:12 -0800] "GET /instagram-dallas/?C=M;O=A HTTP/1.1" 200 807 "-" "Mozilla/5.0 (compatible; AhrefsBot/7.0; +http://ahrefs.com/robot/)" "metrocrimedaily.com"
51.222.253.16 - - [21/Feb/2023:14:23:05 -0800] "GET /instagram-dallas/?C=S;O=A HTTP/1.1" 200 796 "-" "Mozilla/5.0 (compatible; AhrefsBot/7.0; +http://ahrefs.com/robot/)" "metrocrimedaily.com"
69.63.184.2 - - [21/Feb/2023:14:23:56 -0800] "GET /instagram-stlouis/02-21-2023-1623351-A.jpg HTTP/1.1" 200 153658 "-" "facebookexternalhit/1.1 (+http://www.facebook.com/externalhit_uatext.php)" "www.metrocrimedaily.com"
51.222.253.3 - - [21/Feb/2023:14:24:01 -0800] "GET /instagram-dallas/post-later/ HTTP/1.1" 200 3305 "-" "Mozilla/5.0 (compatible; AhrefsBot/7.0; +http://ahrefs.com/robot/)" "metrocrimedaily.com"
51.222.253.13 - - [21/Feb/2023:14:24:42 -0800] "GET /CRIME-WATCH-AMERICA/CRIME-WATCH-ATLANTA/mcd-calculate-how-long-ago.html HTTP/1.1" 200 650 "-" "Mozilla/5.0 (compatible; AhrefsBot/7.0; +http://ahrefs.com/robot/)" "metrocrimedaily.com"
185.191.171.11 - - [21/Feb/2023:14:25:09 -0800] "GET /instagram-newyork/post-later/?C=N%3BO%3DD HTTP/1.1" 200 331 "-" "Mozilla/5.0 (compatible; SemrushBot/7~bl; +http://www.semrush.com/bot.html)" "metrocrimedaily.com"
51.222.253.15 - - [21/Feb/2023:14:25:31 -0800] "GET /instagram-losangeles/?C=D;O=A HTTP/1.1" 200 744 "-" "Mozilla/5.0 (compatible; AhrefsBot/7.0; +http://ahrefs.com/robot/)" "metrocrimedaily.com"
51.222.253.17 - - [21/Feb/2023:14:26:20 -0800] "GET /instagram-losangeles/?C=S;O=A HTTP/1.1" 200 744 "-" "Mozilla/5.0 (compatible; AhrefsBot/7.0; +http://ahrefs.com/robot/)" "metrocrimedaily.com"
69.63.184.117 - - [21/Feb/2023:14:26:55 -0800] "GET /instagram-atlanta/02-21-2023-1610542-A.jpg HTTP/1.1" 200 78684 "-" "facebookexternalhit/1.1 (+http://www.facebook.com/externalhit_uatext.php)" "www.metrocrimedaily.com"
69.63.184.120 - - [21/Feb/2023:14:27:01 -0800] "GET /instagram-neworleans/02-21-2023-1626401-A.jpg HTTP/1.1" 200 128271 "-" "facebookexternalhit/1.1 (+http://www.facebook.com/externalhit_uatext.php)" "www.metrocrimedaily.com"
51.222.253.20 - - [21/Feb/2023:14:27:05 -0800] "GET /instagram-stlouis/ HTTP/1.1" 200 956 "-" "Mozilla/5.0 (compatible; AhrefsBot/7.0; +http://ahrefs.com/robot/)" "www.metrocrimedaily.com"
51.222.253.6 - - [21/Feb/2023:14:28:12 -0800] "GET /CRIME-WATCH-AMERICA/CRIME-WATCH-DALLAS/mcd-calculate-how-long-ago.html HTTP/1.1" 200 650 "-" "Mozilla/5.0 (compatible; AhrefsBot/7.0; +http://ahrefs.com/robot/)" "metrocrimedaily.com"
51.222.253.6 - - [21/Feb/2023:14:29:07 -0800] "GET /CRIME-WATCH-AMERICA/CRIME-WATCH-DALLAS/post-mcd-stories.html HTTP/1.1" 200 46 "-" "Mozilla/5.0 (compatible; AhrefsBot/7.0; +http://ahrefs.com/robot/)" "metrocrimedaily.com"
51.222.253.20 - - [21/Feb/2023:14:30:00 -0800] "GET /CRIME-WATCH-AMERICA/CRIME-WATCH-DETROIT/support/?C=D;O=A HTTP/1.1" 200 817 "-" "Mozilla/5.0 (compatible; AhrefsBot/7.0; +http://ahrefs.com/robot/)" "metrocrimedaily.com"
51.222.253.3 - - [21/Feb/2023:14:31:02 -0800] "GET /CRIME-WATCH-AMERICA/CRIME-WATCH-DETROIT/support/?C=M;O=A HTTP/1.1" 200 823 "-" "Mozilla/5.0 (compatible; AhrefsBot/7.0; +http://ahrefs.com/robot/)" "metrocrimedaily.com"
213.180.203.32 - - [21/Feb/2023:14:31:09 -0800] "GET /instagram-chicago/01-19-2023-1315544-Suburban-woman-charged-for-stealing-mail-from-nei.txt HTTP/1.1" 404 88 "-" "Mozilla/5.0 (compatible; YandexBot/3.0; +http://yandex.com/bots)" "metrocrimedaily.com"
69.63.184.4 - - [21/Feb/2023:14:32:07 -0800] "GET /instagram-houston/02-21-2023-1529375-A.jpg HTTP/1.1" 200 101796 "-" "facebookexternalhit/1.1 (+http://www.facebook.com/externalhit_uatext.php)" "www.metrocrimedaily.com"
51.222.253.3 - - [21/Feb/2023:14:32:12 -0800] "GET /CRIME-WATCH-AMERICA/CRIME-WATCH-DETROIT/support/?C=S;O=A HTTP/1.1" 200 810 "-" "Mozilla/5.0 (compatible; AhrefsBot/7.0; +http://ahrefs.com/robot/)" "metrocrimedaily.com"
185.191.171.43 - - [21/Feb/2023:14:32:36 -0800] "GET /CRIME-WATCH-AMERICA/CRIME-WATCH-LOS-ANGELES/?C=S%3BO%3DA HTTP/1.1" 200 379 "-" "Mozilla/5.0 (compatible; SemrushBot/7~bl; +http://www.semrush.com/bot.html)" "metrocrimedaily.com"
51.222.253.4 - - [21/Feb/2023:14:32:59 -0800] "GET /instagram-losangeles/?C=M;O=A HTTP/1.1" 200 754 "-" "Mozilla/5.0 (compatible; AhrefsBot/7.0; +http://ahrefs.com/robot/)" "metrocrimedaily.com"
51.222.253.8 - - [21/Feb/2023:14:34:04 -0800] "GET /instagram-dallas/02-21-2023-1358101-Man-killed-at-Dallas-GameStop%3B-2-arrested-in-the-.txt HTTP/1.1" 200 506 "-" "Mozilla/5.0 (compatible; AhrefsBot/7.0; +http://ahrefs.com/robot/)" "metrocrimedaily.com"
51.222.253.16 - - [21/Feb/2023:14:35:02 -0800] "GET /instagram-detroit/02-19-2023-1621201-2-of-5-students-injured-during-Michigan-State-mas.txt HTTP/1.1" 404 88 "-" "Mozilla/5.0 (compatible; AhrefsBot/7.0; +http://ahrefs.com/robot/)" "metrocrimedaily.com"
185.191.171.11 - - [21/Feb/2023:14:35:53 -0800] "GET /CRIME-WATCH-AMERICA/CRIME-WATCH-ATLANTA/find-and-post-atlanta-stories-RevB.bat HTTP/1.1" 200 17333 "-" "Mozilla/5.0 (compatible; SemrushBot/7~bl; +http://www.semrush.com/bot.html)" "metrocrimedaily.com"
51.222.253.10 - - [21/Feb/2023:14:35:57 -0800] "GET /instagram-detroit/02-19-2023-1621202-7-year-old-injured-in-shooting-on-Detroit-s-west-.txt HTTP/1.1" 404 88 "-" "Mozilla/5.0 (compatible; AhrefsBot/7.0; +http://ahrefs.com/robot/)" "metrocrimedaily.com"
213.180.203.32 - - [21/Feb/2023:14:36:17 -0800] "GET /instagram-detroit/01-15-2023-1800112-Detroit-police-searching-for-suspect-who-robbed-C.txt HTTP/1.1" 404 88 "-" "Mozilla/5.0 (compatible; YandexBot/3.0; +http://yandex.com/bots)" "metrocrimedaily.com"
51.222.253.4 - - [21/Feb/2023:14:36:29 -0800] "GET /instagram-detroit/02-19-2023-1621203-2-Detroit-police-officers-found-dead-from-apparen.txt HTTP/1.1" 404 88 "-" "Mozilla/5.0 (compatible; AhrefsBot/7.0; +http://ahrefs.com/robot/)" "metrocrimedaily.com"
51.222.253.3 - - [21/Feb/2023:14:37:05 -0800] "GET /instagram-detroit/02-19-2023-1621204-7-people-questioned-in-Gibraltar-shooting-inciden.txt HTTP/1.1" 404 88 "-" "Mozilla/5.0 (compatible; AhrefsBot/7.0; +http://ahrefs.com/robot/)" "metrocrimedaily.com"
185.191.171.17 - - [21/Feb/2023:14:37:15 -0800] "GET /instagram-houston/post-later/?C=D%3BO%3DA HTTP/1.1" 200 7894 "-" "Mozilla/5.0 (compatible; SemrushBot/7~bl; +http://www.semrush.com/bot.html)" "metrocrimedaily.com"
51.222.253.11 - - [21/Feb/2023:14:37:52 -0800] "GET /instagram-detroit/02-19-2023-1825331-Michigan-State-University-to-pay-shooting-victims.txt HTTP/1.1" 404 88 "-" "Mozilla/5.0 (compatible; AhrefsBot/7.0; +http://ahrefs.com/robot/)" "metrocrimedaily.com"
213.180.203.32 - - [21/Feb/2023:14:38:23 -0800] "GET /instagram-houston/01-12-2023-1441172-Man-charged-with-murder-after-slain-cousin-found-.txt HTTP/1.1" 404 88 "-" "Mozilla/5.0 (compatible; YandexBot/3.0; +http://yandex.com/bots)" "metrocrimedaily.com"
51.222.253.18 - - [21/Feb/2023:14:38:30 -0800] "GET /instagram-detroit/02-19-2023-1825332-2-Detroit-police-officers-dead-in-Livonia-murder-.txt HTTP/1.1" 404 88 "-" "Mozilla/5.0 (compatible; AhrefsBot/7.0; +http://ahrefs.com/robot/)" "metrocrimedaily.com"
66.249.64.168 - - [21/Feb/2023:14:38:32 -0800] "GET /instagram-chicago/02-18-2023-0058281-A.jpg HTTP/1.1" 404 88 "-" "Googlebot-Image/1.0" "metrocrimedaily.com"
51.222.253.6 - - [21/Feb/2023:14:39:54 -0800] "GET /instagram-detroit/02-19-2023-1825333-Two-Detroit-Police-officers-dead-in---%C3%82%C2%A3apparent-m.txt HTTP/1.1" 404 88 "-" "Mozilla/5.0 (compatible; AhrefsBot/7.0; +http://ahrefs.com/robot/)" "metrocrimedaily.com"
69.63.184.1 - - [21/Feb/2023:14:39:54 -0800] "GET /instagram-stlouis/02-21-2023-1623352-A.jpg HTTP/1.1" 200 107268 "-" "facebookexternalhit/1.1 (+http://www.facebook.com/externalhit_uatext.php)" "www.metrocrimedaily.com"
69.63.184.4 - - [21/Feb/2023:14:40:12 -0800] "GET /instagram-newyork/02-21-2023-1637562-A.jpg HTTP/1.1" 200 125525 "-" "facebookexternalhit/1.1 (+http://www.facebook.com/externalhit_uatext.php)" "www.metrocrimedaily.com"
69.63.184.118 - - [21/Feb/2023:14:40:13 -0800] "GET /instagram-newyork/02-21-2023-1637561-A.jpg HTTP/1.1" 200 138829 "-" "facebookexternalhit/1.1 (+http://www.facebook.com/externalhit_uatext.php)" "www.metrocrimedaily.com"
69.63.184.118 - - [21/Feb/2023:14:40:18 -0800] "GET /instagram-stlouis/02-21-2023-1623354-A.jpg HTTP/1.1" 200 205016 "-" "facebookexternalhit/1.1 (+http://www.facebook.com/externalhit_uatext.php)" "www.metrocrimedaily.com"
51.222.253.12 - - [21/Feb/2023:14:40:33 -0800] "GET /instagram-detroit/02-19-2023-1825334-2-Detroit-police-officers-found-dead-inside-Livon.txt HTTP/1.1" 404 88 "-" "Mozilla/5.0 (compatible; AhrefsBot/7.0; +http://ahrefs.com/robot/)" "metrocrimedaily.com"
95.108.213.158 - - [21/Feb/2023:14:40:34 -0800] "GET /instagram-newyork/01-13-2023-0006231-Romance-scammers--Record-losses-reported-by-datin.txt HTTP/1.1" 404 88 "-" "Mozilla/5.0 (compatible; YandexBot/3.0; +http://yandex.com/bots)" "metrocrimedaily.com"
66.249.64.168 - - [21/Feb/2023:14:40:47 -0800] "GET /instagram-chicago/02-16-2023-2327471-A.jpg HTTP/1.1" 404 88 "-" "Googlebot-Image/1.0" "metrocrimedaily.com"
185.191.171.43 - - [21/Feb/2023:14:40:59 -0800] "GET /CRIME-WATCH-AMERICA/CRIME-WATCH-ATLANTA/post-to-instagram-RevD.bat HTTP/1.1" 200 7643 "-" "Mozilla/5.0 (compatible; SemrushBot/7~bl; +http://www.semrush.com/bot.html)" "metrocrimedaily.com"
69.63.184.120 - - [21/Feb/2023:14:41:25 -0800] "GET /instagram-miami/02-21-2023-1641051-A.jpg HTTP/1.1" 200 225097 "-" "facebookexternalhit/1.1 (+http://www.facebook.com/externalhit_uatext.php)" "www.metrocrimedaily.com"
185.191.171.9 - - [21/Feb/2023:14:41:29 -0800] "GET /instagram-detroit/post-later/?C=S%3BO%3DA HTTP/1.1" 200 1045 "-" "Mozilla/5.0 (compatible; SemrushBot/7~bl; +http://www.semrush.com/bot.html)" "metrocrimedaily.com"
51.222.253.16 - - [21/Feb/2023:14:42:16 -0800] "GET /instagram-detroit/02-19-2023-1825335-2-Detroit-cops-found-dead-in-Livonia-in-apparent-.txt HTTP/1.1" 404 88 "-" "Mozilla/5.0 (compatible; AhrefsBot/7.0; +http://ahrefs.com/robot/)" "metrocrimedaily.com"
69.63.184.4 - - [21/Feb/2023:14:42:28 -0800] "GET /instagram-atlanta/02-21-2023-1610543-A.jpg HTTP/1.1" 200 164940 "-" "facebookexternalhit/1.1 (+http://www.facebook.com/externalhit_uatext.php)" "www.metrocrimedaily.com"
51.222.253.20 - - [21/Feb/2023:14:44:31 -0800] "GET /instagram-chicago/02-20-2023-0814551-1-year-old-girl-among-3-killed--teen-boy-wounded-.txt HTTP/1.1" 404 88 "-" "Mozilla/5.0 (compatible; AhrefsBot/7.0; +http://ahrefs.com/robot/)" "metrocrimedaily.com"
69.63.184.118 - - [21/Feb/2023:14:44:58 -0800] "GET /instagram-chicago/02-21-2023-1644371-A.jpg HTTP/1.1" 200 219018 "-" "facebookexternalhit/1.1 (+http://www.facebook.com/externalhit_uatext.php)" "www.metrocrimedaily.com"
185.191.171.45 - - [21/Feb/2023:14:45:59 -0800] "GET /CRIME-WATCH-AMERICA/CRIME-WATCH-DETROIT/?C=M%3BO%3DA HTTP/1.1" 200 1993 "-" "Mozilla/5.0 (compatible; SemrushBot/7~bl; +http://www.semrush.com/bot.html)" "metrocrimedaily.com"
51.222.253.12 - - [21/Feb/2023:14:46:30 -0800] "GET /instagram-chicago/02-20-2023-0814552-ISP--3-dead--including-baby--after-6-shot-on-I-57.txt HTTP/1.1" 404 88 "-" "Mozilla/5.0 (compatible; AhrefsBot/7.0; +http://ahrefs.com/robot/)" "metrocrimedaily.com"
69.63.184.3 - - [21/Feb/2023:14:47:36 -0800] "GET /instagram-houston/02-21-2023-1529376-A.jpg HTTP/1.1" 404 88 "-" "facebookexternalhit/1.1 (+http://www.facebook.com/externalhit_uatext.php)" "www.metrocrimedaily.com"
69.63.184.4 - - [21/Feb/2023:14:47:58 -0800] "GET /instagram-houston/02-21-2023-1529377-A.jpg HTTP/1.1" 200 149440 "-" "facebookexternalhit/1.1 (+http://www.facebook.com/externalhit_uatext.php)" "www.metrocrimedaily.com"
51.222.253.11 - - [21/Feb/2023:14:48:27 -0800] "GET /instagram-chicago/02-20-2023-1005221-Boy--17--shot-in-West-Garfield-Park-restaurant-pa.txt HTTP/1.1" 404 88 "-" "Mozilla/5.0 (compatible; AhrefsBot/7.0; +http://ahrefs.com/robot/)" "metrocrimedaily.com"
51.222.253.16 - - [21/Feb/2023:14:50:18 -0800] "GET /instagram-chicago/02-20-2023-1005222-Infant-girl-among-3-dead--3-injured-in-I-57-shoot.txt HTTP/1.1" 404 88 "-" "Mozilla/5.0 (compatible; AhrefsBot/7.0; +http://ahrefs.com/robot/)" "metrocrimedaily.com"
51.222.253.19 - - [21/Feb/2023:14:52:22 -0800] "GET /instagram-chicago/02-20-2023-1005223-1-dead--4-wounded--after-Mardi-Gras-shooting-in-N.txt HTTP/1.1" 404 88 "-" "Mozilla/5.0 (compatible; AhrefsBot/7.0; +http://ahrefs.com/robot/)" "metrocrimedaily.com"
40.77.167.172 - - [21/Feb/2023:14:53:50 -0800] "GET /instagram-neworleans/01-18-2023-0821211-Man--woman-killed-in-shooting-in-unincorporated-W.txt HTTP/1.1" 404 88 "-" "Mozilla/5.0 AppleWebKit/537.36 (KHTML, like Gecko; compatible; bingbot/2.0; +http://www.bing.com/bingbot.htm) Chrome/103.0.5060.134 Safari/537.36" "www.metrocrimedaily.com"
51.222.253.10 - - [21/Feb/2023:14:54:15 -0800] "GET /instagram-chicago/02-20-2023-1005224-Mardi-Gras-parade-shooting-in-New-Orleans-kills-1.txt HTTP/1.1" 404 88 "-" "Mozilla/5.0 (compatible; AhrefsBot/7.0; +http://ahrefs.com/robot/)" "metrocrimedaily.com"
157.55.39.144 - - [21/Feb/2023:14:54:29 -0800] "GET /instagram-chicago/12-26-2022-0810171-Woman-critical-after-getting-shot-through-door-on.txt HTTP/1.1" 404 88 "-" "Mozilla/5.0 AppleWebKit/537.36 (KHTML, like Gecko; compatible; bingbot/2.0; +http://www.bing.com/bingbot.htm) Chrome/103.0.5060.134 Safari/537.36" "www.metrocrimedaily.com"
51.222.253.16 - - [21/Feb/2023:14:56:51 -0800] "GET /instagram-chicago/02-20-2023-1005225-Man-shot-to-death-in-South-Chicago-.txt HTTP/1.1" 404 88 "-" "Mozilla/5.0 (compatible; AhrefsBot/7.0; +http://ahrefs.com/robot/)" "metrocrimedaily.com"
69.63.184.5 - - [21/Feb/2023:14:58:01 -0800] "GET /instagram-atlanta/02-21-2023-1610544-A.jpg HTTP/1.1" 200 107847 "-" "facebookexternalhit/1.1 (+http://www.facebook.com/externalhit_uatext.php)" "www.metrocrimedaily.com"
185.191.171.24 - - [21/Feb/2023:14:58:14 -0800] "GET /robots.txt HTTP/1.1" 404 88 "-" "Mozilla/5.0 (compatible; SemrushBot/7~bl; +http://www.semrush.com/bot.html)" "metrocrimedaily.com"
185.191.171.8 - - [21/Feb/2023:14:58:15 -0800] "GET /CRIME-WATCH-AMERICA/CRIME-WATCH-DALLAS/sendemail.bat HTTP/1.1" 200 496 "-" "Mozilla/5.0 (compatible; SemrushBot/7~bl; +http://www.semrush.com/bot.html)" "metrocrimedaily.com"
51.222.253.14 - - [21/Feb/2023:14:58:55 -0800] "GET /instagram-chicago/02-20-2023-1005226-Downpour-kills-at-least-36-in-Brazil--cities-canc.txt HTTP/1.1" 404 88 "-" "Mozilla/5.0 (compatible; AhrefsBot/7.0; +http://ahrefs.com/robot/)" "metrocrimedaily.com"
185.191.171.26 - - [21/Feb/2023:15:00:12 -0800] "GET /CRIME-WATCH-AMERICA/CRIME-WATCH-NEW-ORLEANS/?C=M%3BO%3DA HTTP/1.1" 200 379 "-" "Mozilla/5.0 (compatible; SemrushBot/7~bl; +http://www.semrush.com/bot.html)" "metrocrimedaily.com"
69.63.184.117 - - [21/Feb/2023:15:00:32 -0800] "GET /instagram-chicago/02-21-2023-1644372-A.jpg HTTP/1.1" 200 169286 "-" "facebookexternalhit/1.1 (+http://www.facebook.com/externalhit_uatext.php)" "www.metrocrimedaily.com"
51.222.253.9 - - [21/Feb/2023:15:00:44 -0800] "GET /instagram-chicago/02-20-2023-1329471-Mardi-Gras-parade-shooting-in-New-Orleans-kills-1.txt HTTP/1.1" 404 88 "-" "Mozilla/5.0 (compatible; AhrefsBot/7.0; +http://ahrefs.com/robot/)" "metrocrimedaily.com"
185.191.171.7 - - [21/Feb/2023:15:01:21 -0800] "GET /CRIME-WATCH-AMERICA/CRIME-WATCH-DETROIT/download-detroit-videos-RevC.bat HTTP/1.1" 200 8228 "-" "Mozilla/5.0 (compatible; SemrushBot/7~bl; +http://www.semrush.com/bot.html)" "metrocrimedaily.com"
51.222.253.20 - - [21/Feb/2023:15:01:33 -0800] "GET /instagram-chicago/02-20-2023-1329472-Record-6-542-guns-intercepted-at-US-airport-secur.txt HTTP/1.1" 404 88 "-" "Mozilla/5.0 (compatible; AhrefsBot/7.0; +http://ahrefs.com/robot/)" "metrocrimedaily.com"
213.180.203.32 - - [21/Feb/2023:15:01:43 -0800] "GET /instagram-losangeles/01-19-2023-0204031-Los-Angeles-County-public-defender-kidnapped--wro.txt HTTP/1.1" 404 88 "-" "Mozilla/5.0 (compatible; YandexBot/3.0; +http://yandex.com/bots)" "metrocrimedaily.com"
185.191.171.45 - - [21/Feb/2023:15:01:48 -0800] "GET /CRIME-WATCH-AMERICA/CRIME-WATCH-ATLANTA/?C=M%3BO%3DA HTTP/1.1" 200 1338 "-" "Mozilla/5.0 (compatible; SemrushBot/7~bl; +http://www.semrush.com/bot.html)" "metrocrimedaily.com"
51.222.253.12 - - [21/Feb/2023:15:02:30 -0800] "GET /instagram-chicago/02-20-2023-1329473-DeSantis-says-Biden----neglecting----domestic-pro.txt HTTP/1.1" 404 88 "-" "Mozilla/5.0 (compatible; AhrefsBot/7.0; +http://ahrefs.com/robot/)" "metrocrimedaily.com"
69.63.184.116 - - [21/Feb/2023:15:02:33 -0800] "GET /instagram-losangeles/02-21-2023-1702141-A.jpg HTTP/1.1" 200 180690 "-" "facebookexternalhit/1.1 (+http://www.facebook.com/externalhit_uatext.php)" "www.metrocrimedaily.com"
114.119.140.196 - - [21/Feb/2023:15:02:41 -0800] "GET /www.nbcdfw.com HTTP/1.1" 404 88 "http://www.metrocrimedaily.com/index-dallas.html" "Mozilla/5.0 (Linux; Android 7.0;) AppleWebKit/537.36 (KHTML, like Gecko) Mobile Safari/537.36 (compatible; PetalBot;+https://webmaster.petalsearch.com/site/petalbot)" "www.metrocrimedaily.com"
69.63.184.1 - - [21/Feb/2023:15:03:30 -0800] "GET /instagram-houston/02-21-2023-1529378-A.jpg HTTP/1.1" 200 81240 "-" "facebookexternalhit/1.1 (+http://www.facebook.com/externalhit_uatext.php)" "www.metrocrimedaily.com"
51.222.253.7 - - [21/Feb/2023:15:03:33 -0800] "GET /instagram-chicago/02-20-2023-1329474-9-@-9--Have-you-ever-seen-prisons-in-Norway--.txt HTTP/1.1" 404 88 "-" "Mozilla/5.0 (compatible; AhrefsBot/7.0; +http://ahrefs.com/robot/)" "metrocrimedaily.com"
51.222.253.3 - - [21/Feb/2023:15:04:27 -0800] "GET /instagram-chicago/02-20-2023-1329475-Detectives-treating-Los-Angeles-bishop-s-death-as.txt HTTP/1.1" 404 88 "-" "Mozilla/5.0 (compatible; AhrefsBot/7.0; +http://ahrefs.com/robot/)" "metrocrimedaily.com"
185.191.171.45 - - [21/Feb/2023:15:04:34 -0800] "GET /instagram-losangeles/videos/?C=D%3BO%3DA HTTP/1.1" 200 330 "-" "Mozilla/5.0 (compatible; SemrushBot/7~bl; +http://www.semrush.com/bot.html)" "metrocrimedaily.com"
51.222.253.13 - - [21/Feb/2023:15:05:28 -0800] "GET /instagram-chicago/02-20-2023-1329476-5-shot--including-a-child--along-Mardi-Gras-parad.txt HTTP/1.1" 404 88 "-" "Mozilla/5.0 (compatible; AhrefsBot/7.0; +http://ahrefs.com/robot/)" "metrocrimedaily.com"
51.222.253.10 - - [21/Feb/2023:15:06:12 -0800] "GET /instagram-chicago/02-20-2023-1549431-Charges-against-Alec-Baldwin-downgraded-in----Rus.txt HTTP/1.1" 404 88 "-" "Mozilla/5.0 (compatible; AhrefsBot/7.0; +http://ahrefs.com/robot/)" "metrocrimedaily.com"
51.222.253.19 - - [21/Feb/2023:15:07:05 -0800] "GET /instagram-chicago/02-20-2023-1549432-Two-teens-and-a-baby-killed-in-Chicago-highway-sh.txt HTTP/1.1" 404 88 "-" "Mozilla/5.0 (compatible; AhrefsBot/7.0; +http://ahrefs.com/robot/)" "metrocrimedaily.com"
51.222.253.18 - - [21/Feb/2023:15:08:04 -0800] "GET /instagram-chicago/02-20-2023-1906291-Father--son-charged-in-January-6th-Capitol-riot-a.txt HTTP/1.1" 404 88 "-" "Mozilla/5.0 (compatible; AhrefsBot/7.0; +http://ahrefs.com/robot/)" "metrocrimedaily.com"
51.222.253.5 - - [21/Feb/2023:15:08:59 -0800] "GET /instagram-chicago/02-20-2023-1906292-Naperville-free-to-enforce-gun-sale-ban-after-rul.txt HTTP/1.1" 404 88 "-" "Mozilla/5.0 (compatible; AhrefsBot/7.0; +http://ahrefs.com/robot/)" "metrocrimedaily.com"
185.191.171.8 - - [21/Feb/2023:15:09:44 -0800] "GET /CRIME-WATCH-AMERICA/CRIME-WATCH-ATLANTA/find-and-post-atlanta-stories-RevA.bat HTTP/1.1" 200 16968 "-" "Mozilla/5.0 (compatible; SemrushBot/7~bl; +http://www.semrush.com/bot.html)" "metrocrimedaily.com"
51.222.253.13 - - [21/Feb/2023:15:09:57 -0800] "GET /instagram-houston/post-later/02-16-2023-0043272-1-dead%3B-7-HPD-officers-on-leave-after-shootout-in.txt HTTP/1.1" 200 815 "-" "Mozilla/5.0 (compatible; AhrefsBot/7.0; +http://ahrefs.com/robot/)" "metrocrimedaily.com"
51.222.253.15 - - [21/Feb/2023:15:10:50 -0800] "GET /instagram-houston/post-later/02-16-2023-0609451-Catalytic-converter-theft-suspect-run-over-and-ki.txt HTTP/1.1" 200 680 "-" "Mozilla/5.0 (compatible; AhrefsBot/7.0; +http://ahrefs.com/robot/)" "metrocrimedaily.com"
51.222.253.10 - - [21/Feb/2023:15:11:43 -0800] "GET /instagram-houston/post-later/02-16-2023-0609452-Man-in-critical-condition-after-being-shot-during.txt HTTP/1.1" 200 550 "-" "Mozilla/5.0 (compatible; AhrefsBot/7.0; +http://ahrefs.com/robot/)" "metrocrimedaily.com"
51.222.253.9 - - [21/Feb/2023:15:12:40 -0800] "GET /instagram-houston/post-later/02-16-2023-0702461-Warrant-issued-for-former-Waller-HS-teacher-charg.txt HTTP/1.1" 200 1010 "-" "Mozilla/5.0 (compatible; AhrefsBot/7.0; +http://ahrefs.com/robot/)" "metrocrimedaily.com"
213.180.203.32 - - [21/Feb/2023:15:12:55 -0800] "GET /instagram-chicago/01-13-2023-1810291-2nd-trial--same-sentence--30-years-for-Geneva-man.txt HTTP/1.1" 404 88 "-" "Mozilla/5.0 (compatible; YandexBot/3.0; +http://yandex.com/bots)" "metrocrimedaily.com"
51.222.253.14 - - [21/Feb/2023:15:13:34 -0800] "GET /instagram-houston/post-later/02-16-2023-0702462-Authorities--Man-stole-more-than-$2-300-in-items-.txt HTTP/1.1" 200 662 "-" "Mozilla/5.0 (compatible; AhrefsBot/7.0; +http://ahrefs.com/robot/)" "metrocrimedaily.com"
69.63.184.116 - - [21/Feb/2023:15:13:35 -0800] "GET /instagram-atlanta/02-21-2023-1610545-A.jpg HTTP/1.1" 200 154314 "-" "facebookexternalhit/1.1 (+http://www.facebook.com/externalhit_uatext.php)" "www.metrocrimedaily.com"
51.222.253.16 - - [21/Feb/2023:15:14:43 -0800] "GET /instagram-houston/post-later/02-16-2023-0759342-HPD--Man-shot-in-the-neck-during-carjacking-on-so.txt HTTP/1.1" 200 176 "-" "Mozilla/5.0 (compatible; AhrefsBot/7.0; +http://ahrefs.com/robot/)" "metrocrimedaily.com"
51.222.253.5 - - [21/Feb/2023:15:15:38 -0800] "GET /instagram-houston/post-later/02-16-2023-0759343-HPD--Man-shot-in-neck-during-carjacking-on-south-.txt HTTP/1.1" 200 507 "-" "Mozilla/5.0 (compatible; AhrefsBot/7.0; +http://ahrefs.com/robot/)" "metrocrimedaily.com"
69.63.184.118 - - [21/Feb/2023:15:16:05 -0800] "GET /instagram-chicago/02-21-2023-1644373-A.jpg HTTP/1.1" 200 181828 "-" "facebookexternalhit/1.1 (+http://www.facebook.com/externalhit_uatext.php)" "www.metrocrimedaily.com"
51.222.253.17 - - [21/Feb/2023:15:16:27 -0800] "GET /instagram-houston/post-later/02-16-2023-0759344-Michigan-State-students--training-kicked-in-durin.txt HTTP/1.1" 200 1096 "-" "Mozilla/5.0 (compatible; AhrefsBot/7.0; +http://ahrefs.com/robot/)" "metrocrimedaily.com"
51.222.253.19 - - [21/Feb/2023:15:17:24 -0800] "GET /instagram-houston/post-later/02-16-2023-0852271-Live--Alex-Murdaugh-murder-trial-livestream---Feb.txt HTTP/1.1" 200 198 "-" "Mozilla/5.0 (compatible; AhrefsBot/7.0; +http://ahrefs.com/robot/)" "metrocrimedaily.com"
69.63.184.120 - - [21/Feb/2023:15:17:38 -0800] "GET /instagram-dallas/02-21-2023-1717171-A.jpg HTTP/1.1" 200 196478 "-" "facebookexternalhit/1.1 (+http://www.facebook.com/externalhit_uatext.php)" "www.metrocrimedaily.com"
213.180.203.32 - - [21/Feb/2023:15:18:10 -0800] "GET /instagram-neworleans/01-12-2023-1337352-Man-arrested-in-non-fatal-shooting-near-Abita-Spr.txt HTTP/1.1" 404 88 "-" "Mozilla/5.0 (compatible; YandexBot/3.0; +http://yandex.com/bots)" "metrocrimedaily.com"
51.222.253.16 - - [21/Feb/2023:15:18:25 -0800] "GET /instagram-houston/post-later/02-16-2023-18333610-Fight-between-2-groups-leads-to-mass-shooting-at-.txt HTTP/1.1" 200 166 "-" "Mozilla/5.0 (compatible; AhrefsBot/7.0; +http://ahrefs.com/robot/)" "metrocrimedaily.com"
51.222.253.2 - - [21/Feb/2023:15:19:24 -0800] "GET /instagram-houston/post-later/02-16-2023-18333611-Jackie-Robinson-is-not-the-first-Black-Major-Leag.txt HTTP/1.1" 200 182 "-" "Mozilla/5.0 (compatible; AhrefsBot/7.0; +http://ahrefs.com/robot/)" "metrocrimedaily.com"
51.222.253.11 - - [21/Feb/2023:15:20:16 -0800] "GET /instagram-houston/post-later/02-16-2023-18333612-Justice-Dept.-in-DC-taking-over-Texas-AG-corrupti.txt HTTP/1.1" 200 1006 "-" "Mozilla/5.0 (compatible; AhrefsBot/7.0; +http://ahrefs.com/robot/)" "metrocrimedaily.com"
114.119.137.125 - - [21/Feb/2023:15:20:20 -0800] "GET /instagram-detroit/post-later/02-17-2023-1851461-Lawsuit-is-latest-evidence-of-bogus--stolen-elect.txt HTTP/1.1" 404 88 "https://metrocrimedaily.com/instagram-detroit/post-later/?C=N%3BO%3DD" "Mozilla/5.0 (Linux; Android 7.0;) AppleWebKit/537.36 (KHTML, like Gecko) Mobile Safari/537.36 (compatible; PetalBot;+https://webmaster.petalsearch.com/site/petalbot)" "metrocrimedaily.com"
114.119.132.202 - - [21/Feb/2023:15:21:03 -0800] "GET /instagram-newyork/02-01-2023-1336081-VIDEO--Man-accused-of-hatchet-attack-in-Manhattan.txt HTTP/1.1" 404 88 "https://metrocrimedaily.com/instagram-newyork/?C=M%3BO%3DA" "Mozilla/5.0 (Linux; Android 7.0;) AppleWebKit/537.36 (KHTML, like Gecko) Mobile Safari/537.36 (compatible; PetalBot;+https://webmaster.petalsearch.com/site/petalbot)" "metrocrimedaily.com"
51.222.253.3 - - [21/Feb/2023:15:21:09 -0800] "GET /instagram-houston/post-later/02-16-2023-18333613-What-will-happen-to-11-year-old-accused-of-sexual.txt HTTP/1.1" 200 227 "-" "Mozilla/5.0 (compatible; AhrefsBot/7.0; +http://ahrefs.com/robot/)" "metrocrimedaily.com"
51.222.253.9 - - [21/Feb/2023:15:21:59 -0800] "GET /instagram-houston/post-later/02-16-2023-18333614-UT-Dallas-bans-student-ahead-of-Vegas-area--reven.txt HTTP/1.1" 200 1150 "-" "Mozilla/5.0 (compatible; AhrefsBot/7.0; +http://ahrefs.com/robot/)" "metrocrimedaily.com"
114.119.128.34 - - [21/Feb/2023:15:22:39 -0800] "GET /instagram-houston/02-19-2023-1850431-Sheriff--4-dead--including-3-teen-girls--in-appar.txt HTTP/1.1" 404 88 "http://metrocrimedaily.com/instagram-houston/?C=M%3BO%3DA" "Mozilla/5.0 (Linux; Android 7.0;) AppleWebKit/537.36 (KHTML, like Gecko) Mobile Safari/537.36 (compatible; PetalBot;+https://webmaster.petalsearch.com/site/petalbot)" "metrocrimedaily.com"
51.222.253.15 - - [21/Feb/2023:15:22:49 -0800] "GET /instagram-houston/post-later/02-16-2023-18333615-President-Biden-gives-update-on-objects-shot-down.txt HTTP/1.1" 200 193 "-" "Mozilla/5.0 (compatible; AhrefsBot/7.0; +http://ahrefs.com/robot/)" "metrocrimedaily.com"
185.191.171.18 - - [21/Feb/2023:15:22:49 -0800] "GET /CRIME-WATCH-AMERICA/CRIME-WATCH-ATLANTA/?C=N%3BO%3DD HTTP/1.1" 200 1338 "-" "Mozilla/5.0 (compatible; SemrushBot/7~bl; +http://www.semrush.com/bot.html)" "metrocrimedaily.com"
51.222.253.11 - - [21/Feb/2023:15:23:53 -0800] "GET /instagram-houston/post-later/02-16-2023-18333616-MISSING--11-year-old-Nassau-Bay-girl-last-seen-We.txt HTTP/1.1" 200 325 "-" "Mozilla/5.0 (compatible; AhrefsBot/7.0; +http://ahrefs.com/robot/)" "metrocrimedaily.com"
185.191.171.1 - - [21/Feb/2023:15:24:35 -0800] "GET /CRIME-WATCH-AMERICA/CRIME-WATCH-CHICAGO/find-and-post-chicago-stories-RevG.bat HTTP/1.1" 200 19462 "-" "Mozilla/5.0 (compatible; SemrushBot/7~bl; +http://www.semrush.com/bot.html)" "metrocrimedaily.com"
51.222.253.1 - - [21/Feb/2023:15:25:04 -0800] "GET /instagram-houston/post-later/02-16-2023-1833365-D.C.-based-DOJ-investigators-take-over-corruption.txt HTTP/1.1" 200 1042 "-" "Mozilla/5.0 (compatible; AhrefsBot/7.0; +http://ahrefs.com/robot/)" "metrocrimedaily.com"
51.222.253.9 - - [21/Feb/2023:15:26:16 -0800] "GET /instagram-houston/post-later/02-16-2023-1833366-North-Carolina-family-seeks-charges-in-police-stu.txt HTTP/1.1" 200 1054 "-" "Mozilla/5.0 (compatible; AhrefsBot/7.0; +http://ahrefs.com/robot/)" "metrocrimedaily.com"
185.191.171.17 - - [21/Feb/2023:15:26:46 -0800] "GET /CRIME-WATCH-AMERICA/CRIME-WATCH-DETROIT/yt-dlp.exe HTTP/1.1" 200 106359 "-" "Mozilla/5.0 (compatible; SemrushBot/7~bl; +http://www.semrush.com/bot.html)" "metrocrimedaily.com"
51.222.253.13 - - [21/Feb/2023:15:27:02 -0800] "GET /instagram-houston/post-later/02-16-2023-1833369-Man-sentenced-to-25-years-for-shooting--killing-h.txt HTTP/1.1" 200 1041 "-" "Mozilla/5.0 (compatible; AhrefsBot/7.0; +http://ahrefs.com/robot/)" "metrocrimedaily.com"
51.222.253.16 - - [21/Feb/2023:15:28:12 -0800] "GET /instagram-houston/post-later/02-17-2023-04262611-TikTok-challenge-shows-users-how-to-easily-steal-.txt HTTP/1.1" 200 1106 "-" "Mozilla/5.0 (compatible; AhrefsBot/7.0; +http://ahrefs.com/robot/)" "metrocrimedaily.com"
69.63.184.117 - - [21/Feb/2023:15:29:08 -0800] "GET /instagram-atlanta/02-21-2023-1610546-A.jpg HTTP/1.1" 200 128217 "-" "facebookexternalhit/1.1 (+http://www.facebook.com/externalhit_uatext.php)" "www.metrocrimedaily.com"
51.222.253.7 - - [21/Feb/2023:15:29:10 -0800] "GET /instagram-houston/post-later/02-17-2023-04262612-Deaf-and-mute-man-can---t-stand-trial-in-girl---s.txt HTTP/1.1" 200 1159 "-" "Mozilla/5.0 (compatible; AhrefsBot/7.0; +http://ahrefs.com/robot/)" "metrocrimedaily.com"
