95.108.213.159 - - [21/Feb/2023:11:39:26 -0800] "GET /instagram-dallas/01-11-2023-1933536-21-Foot-Killer-Whale-Dies-After-Beaching-Itself-o.txt HTTP/1.1" 404 88 "-" "Mozilla/5.0 (compatible; YandexBot/3.0; +http://yandex.com/bots)" "metrocrimedaily.com"
51.222.253.8 - - [21/Feb/2023:11:39:36 -0800] "GET /instagram-chicago/02-20-2023-0635262-Boy--17--shot-outside-Original-Maxwell-Street-.txt HTTP/1.1" 404 88 "-" "Mozilla/5.0 (compatible; AhrefsBot/7.0; +http://ahrefs.com/robot/)" "metrocrimedaily.com"
51.222.253.12 - - [21/Feb/2023:11:40:26 -0800] "GET /instagram-memphis/02-16-2023-0740432--.txt HTTP/1.1" 404 88 "-" "Mozilla/5.0 (compatible; AhrefsBot/7.0; +http://ahrefs.com/robot/)" "metrocrimedaily.com"
51.222.253.17 - - [21/Feb/2023:11:41:14 -0800] "GET /instagram-memphis/02-16-2023-0909481-Woman-slaps-deputy--charged-with-assault--SCSO-sa.txt HTTP/1.1" 404 88 "-" "Mozilla/5.0 (compatible; AhrefsBot/7.0; +http://ahrefs.com/robot/)" "metrocrimedaily.com"
51.222.253.4 - - [21/Feb/2023:11:41:59 -0800] "GET /instagram-memphis/02-16-2023-1013271-What-a-tiny-robot-found-underneath-Antarctica-s--.txt HTTP/1.1" 404 88 "-" "Mozilla/5.0 (compatible; AhrefsBot/7.0; +http://ahrefs.com/robot/)" "metrocrimedaily.com"
51.222.253.12 - - [21/Feb/2023:11:42:46 -0800] "GET /instagram-memphis/02-16-2023-1111281-New-details-released-in-Michigan-State-mass-shoot.txt HTTP/1.1" 404 88 "-" "Mozilla/5.0 (compatible; AhrefsBot/7.0; +http://ahrefs.com/robot/)" "metrocrimedaily.com"
69.63.184.1 - - [21/Feb/2023:11:43:22 -0800] "GET /instagram-houston/02-21-2023-1341541-A.jpg HTTP/1.1" 200 103564 "-" "facebookexternalhit/1.1 (+http://www.facebook.com/externalhit_uatext.php)" "www.metrocrimedaily.com"
51.222.253.10 - - [21/Feb/2023:11:43:30 -0800] "GET /instagram-memphis/02-16-2023-1509261-Shelby-County-DA-s-office-will-review-evidence-in.txt HTTP/1.1" 404 88 "-" "Mozilla/5.0 (compatible; AhrefsBot/7.0; +http://ahrefs.com/robot/)" "metrocrimedaily.com"
95.108.213.159 - - [21/Feb/2023:11:44:12 -0800] "GET /CRIME-WATCH-AMERICA/CRIME-WATCH-DALLAS/fgrep-input.txt HTTP/1.1" 200 435 "-" "Mozilla/5.0 (compatible; YandexBot/3.0; +http://yandex.com/bots)" "metrocrimedaily.com"
51.222.253.14 - - [21/Feb/2023:11:44:12 -0800] "GET /instagram-memphis/02-16-2023-1559011-TN-National-Guard-identifies-2-victims-in-deadly-.txt HTTP/1.1" 404 88 "-" "Mozilla/5.0 (compatible; AhrefsBot/7.0; +http://ahrefs.com/robot/)" "metrocrimedaily.com"
51.222.253.1 - - [21/Feb/2023:11:45:03 -0800] "GET /instagram-memphis/02-16-2023-1559012-Man-shot-near-Hollywood-area%3B-witness-says-it-sta.txt HTTP/1.1" 404 88 "-" "Mozilla/5.0 (compatible; AhrefsBot/7.0; +http://ahrefs.com/robot/)" "metrocrimedaily.com"
51.222.253.15 - - [21/Feb/2023:11:45:49 -0800] "GET /instagram-memphis/02-16-2023-1724361-MPD-responds-to-shooting-at-Wolfchase-Galleria-.txt HTTP/1.1" 404 88 "-" "Mozilla/5.0 (compatible; AhrefsBot/7.0; +http://ahrefs.com/robot/)" "metrocrimedaily.com"
185.191.171.17 - - [21/Feb/2023:11:46:28 -0800] "GET /robots.txt HTTP/1.1" 404 88 "-" "Mozilla/5.0 (compatible; SemrushBot/7~bl; +http://www.semrush.com/bot.html)" "metrocrimedaily.com"
185.191.171.9 - - [21/Feb/2023:11:46:28 -0800] "GET /CRIME-WATCH-AMERICA/CRIME-WATCH-NEW-YORK-CITY/?C=D%3BO%3DA HTTP/1.1" 200 381 "-" "Mozilla/5.0 (compatible; SemrushBot/7~bl; +http://www.semrush.com/bot.html)" "metrocrimedaily.com"
51.222.253.11 - - [21/Feb/2023:11:46:36 -0800] "GET /instagram-memphis/02-16-2023-1812201-Man-shot-near-Hollywood-area%3B-witness-says-it-sta.txt HTTP/1.1" 404 88 "-" "Mozilla/5.0 (compatible; AhrefsBot/7.0; +http://ahrefs.com/robot/)" "metrocrimedaily.com"
185.191.171.33 - - [21/Feb/2023:11:46:44 -0800] "GET /CRIME-WATCH-AMERICA/CRIME-WATCH-DETROIT/mcd-citd-lnkpreview-RevB.bat HTTP/1.1" 200 9432 "-" "Mozilla/5.0 (compatible; SemrushBot/7~bl; +http://www.semrush.com/bot.html)" "metrocrimedaily.com"
51.222.253.14 - - [21/Feb/2023:11:47:20 -0800] "GET /instagram-memphis/02-16-2023-1812202-Man-shot-near-Hollywood-area%3B-witness-says-it-sta.txt HTTP/1.1" 404 88 "-" "Mozilla/5.0 (compatible; AhrefsBot/7.0; +http://ahrefs.com/robot/)" "metrocrimedaily.com"
95.108.213.203 - - [21/Feb/2023:11:47:55 -0800] "GET /robots.txt HTTP/1.1" 404 73 "-" "Mozilla/5.0 (compatible; YandexBot/3.0; +http://yandex.com/bots)" "metrocrimedaily.com"
95.108.213.135 - - [21/Feb/2023:11:47:55 -0800] "GET /instagram-detroit/01-18-2023-0949102-Police-searching-for-18-year-old-person-of-intere.txt HTTP/1.1" 404 88 "-" "Mozilla/5.0 (compatible; YandexBot/3.0; +http://yandex.com/bots)" "metrocrimedaily.com"
69.63.184.4 - - [21/Feb/2023:11:48:15 -0800] "GET /instagram-atlanta/02-21-2023-1316333-A.jpg HTTP/1.1" 200 195260 "-" "facebookexternalhit/1.1 (+http://www.facebook.com/externalhit_uatext.php)" "www.metrocrimedaily.com"
51.222.253.8 - - [21/Feb/2023:11:48:20 -0800] "GET /instagram-memphis/02-16-2023-1812203-Mid-South-attorneys-on-review-of-past-MPD-SCORPIO.txt HTTP/1.1" 404 88 "-" "Mozilla/5.0 (compatible; AhrefsBot/7.0; +http://ahrefs.com/robot/)" "metrocrimedaily.com"
40.77.167.172 - - [21/Feb/2023:11:49:12 -0800] "GET /metrocrime-chicago.html HTTP/1.1" 200 1276 "-" "Mozilla/5.0 AppleWebKit/537.36 (KHTML, like Gecko; compatible; bingbot/2.0; +http://www.bing.com/bingbot.htm) Chrome/103.0.5060.134 Safari/537.36" "www.metrocrimedaily.com"
51.222.253.17 - - [21/Feb/2023:11:49:14 -0800] "GET /instagram-memphis/02-16-2023-1943261-Two-men-shot-at-Wolfchase-Galleria--Memphis-Polic.txt HTTP/1.1" 404 88 "-" "Mozilla/5.0 (compatible; AhrefsBot/7.0; +http://ahrefs.com/robot/)" "metrocrimedaily.com"
51.222.253.13 - - [21/Feb/2023:11:49:58 -0800] "GET /instagram-memphis/02-16-2023-1943262-2-people-injured--1-man-detained-after-shooting-a.txt HTTP/1.1" 404 88 "-" "Mozilla/5.0 (compatible; AhrefsBot/7.0; +http://ahrefs.com/robot/)" "metrocrimedaily.com"
185.191.171.17 - - [21/Feb/2023:11:50:33 -0800] "GET /CRIME-WATCH-AMERICA/CRIME-WATCH-DETROIT/instagram-citd-lnkpreview-RevA.bat HTTP/1.1" 200 8725 "-" "Mozilla/5.0 (compatible; SemrushBot/7~bl; +http://www.semrush.com/bot.html)" "metrocrimedaily.com"
51.222.253.15 - - [21/Feb/2023:11:50:57 -0800] "GET /instagram-memphis/02-17-2023-0313591-Man-accused-of-fatally-stabbing-Memphis-area-chef.txt HTTP/1.1" 404 88 "-" "Mozilla/5.0 (compatible; AhrefsBot/7.0; +http://ahrefs.com/robot/)" "metrocrimedaily.com"
51.222.253.20 - - [21/Feb/2023:11:52:02 -0800] "GET /instagram-memphis/02-17-2023-0313592-Attorney-Ben-Crump-calling-justice-for-man-who-di.txt HTTP/1.1" 404 88 "-" "Mozilla/5.0 (compatible; AhrefsBot/7.0; +http://ahrefs.com/robot/)" "metrocrimedaily.com"
185.191.171.10 - - [21/Feb/2023:11:52:49 -0800] "GET /CRIME-WATCH-AMERICA/CRIME-WATCH-STLOUIS/mcd-citd-stlouis-lnkpreview-RevA.bat HTTP/1.1" 200 15177 "-" "Mozilla/5.0 (compatible; SemrushBot/7~bl; +http://www.semrush.com/bot.html)" "metrocrimedaily.com"
51.222.253.16 - - [21/Feb/2023:11:52:54 -0800] "GET /instagram-memphis/02-17-2023-0439401-MPD-looking-for-home-invaders-after-man-beaten--s.txt HTTP/1.1" 404 88 "-" "Mozilla/5.0 (compatible; AhrefsBot/7.0; +http://ahrefs.com/robot/)" "metrocrimedaily.com"
51.222.253.13 - - [21/Feb/2023:11:53:44 -0800] "GET /instagram-memphis/02-17-2023-0533421-5-Former-MPD-officers-charged-in-Tyre-Nichols-mur.txt HTTP/1.1" 404 88 "-" "Mozilla/5.0 (compatible; AhrefsBot/7.0; +http://ahrefs.com/robot/)" "metrocrimedaily.com"
185.191.171.41 - - [21/Feb/2023:11:54:11 -0800] "GET /CRIME-WATCH-AMERICA/GOOD_BARBER_APP-MAKER/?C=M%3BO%3DA HTTP/1.1" 200 1661 "-" "Mozilla/5.0 (compatible; SemrushBot/7~bl; +http://www.semrush.com/bot.html)" "metrocrimedaily.com"
69.63.184.5 - - [21/Feb/2023:11:54:32 -0800] "GET /instagram-chicago/02-21-2023-1354111-A.jpg HTTP/1.1" 200 104593 "-" "facebookexternalhit/1.1 (+http://www.facebook.com/externalhit_uatext.php)" "www.metrocrimedaily.com"
51.222.253.7 - - [21/Feb/2023:11:54:44 -0800] "GET /instagram-memphis/02-17-2023-0627571-Officers-charged-in-Tyre-Nichols-case-make-initia.txt HTTP/1.1" 404 88 "-" "Mozilla/5.0 (compatible; AhrefsBot/7.0; +http://ahrefs.com/robot/)" "metrocrimedaily.com"
185.191.171.9 - - [21/Feb/2023:11:54:55 -0800] "GET /CRIME-WATCH-AMERICA/CRIME-WATCH-HOUSTON/sendemail.bat HTTP/1.1" 200 500 "-" "Mozilla/5.0 (compatible; SemrushBot/7~bl; +http://www.semrush.com/bot.html)" "metrocrimedaily.com"
69.63.184.119 - - [21/Feb/2023:11:55:19 -0800] "GET /instagram-stlouis/02-21-2023-1354561-A.jpg HTTP/1.1" 200 251539 "-" "facebookexternalhit/1.1 (+http://www.facebook.com/externalhit_uatext.php)" "www.metrocrimedaily.com"
51.222.253.10 - - [21/Feb/2023:11:55:32 -0800] "GET /instagram-memphis/02-17-2023-0722111-Murder-charges-for-man-who-shot-another-in-the-fa.txt HTTP/1.1" 404 88 "-" "Mozilla/5.0 (compatible; AhrefsBot/7.0; +http://ahrefs.com/robot/)" "metrocrimedaily.com"
51.222.253.6 - - [21/Feb/2023:11:56:26 -0800] "GET /instagram-memphis/02-17-2023-0817041-Two-truck-drivers-shot-at--return-fire-and-hit-in.txt HTTP/1.1" 404 88 "-" "Mozilla/5.0 (compatible; AhrefsBot/7.0; +http://ahrefs.com/robot/)" "metrocrimedaily.com"
40.77.167.212 - - [21/Feb/2023:11:56:51 -0800] "GET /instagram-stlouis/01-14-2023-1335041-Analysis--Documents-probe-dents-Biden-s-claims-to.txt HTTP/1.1" 404 88 "-" "Mozilla/5.0 AppleWebKit/537.36 (KHTML, like Gecko; compatible; bingbot/2.0; +http://www.bing.com/bingbot.htm) Chrome/103.0.5060.134 Safari/537.36" "www.metrocrimedaily.com"
51.222.253.12 - - [21/Feb/2023:11:57:22 -0800] "GET /instagram-memphis/02-17-2023-0939591-Officers-charged-in-Tyre-Nichols--murder-plead-no.txt HTTP/1.1" 404 88 "-" "Mozilla/5.0 (compatible; AhrefsBot/7.0; +http://ahrefs.com/robot/)" "metrocrimedaily.com"
69.63.184.117 - - [21/Feb/2023:11:58:32 -0800] "GET /instagram-dallas/02-21-2023-1358101-A.jpg HTTP/1.1" 200 143720 "-" "facebookexternalhit/1.1 (+http://www.facebook.com/externalhit_uatext.php)" "www.metrocrimedaily.com"
69.63.184.120 - - [21/Feb/2023:11:59:00 -0800] "GET /instagram-houston/02-21-2023-1341542-A.jpg HTTP/1.1" 200 103489 "-" "facebookexternalhit/1.1 (+http://www.facebook.com/externalhit_uatext.php)" "www.metrocrimedaily.com"
185.191.171.14 - - [21/Feb/2023:11:59:58 -0800] "GET /CRIME-WATCH-AMERICA/CRIME-WATCH-DETROIT/youtube-dl-12-08-2020-BAD.exe HTTP/1.1" 200 - "-" "Mozilla/5.0 (compatible; SemrushBot/7~bl; +http://www.semrush.com/bot.html)" "metrocrimedaily.com"
51.222.253.19 - - [21/Feb/2023:12:00:00 -0800] "GET /instagram-memphis/02-17-2023-0939592-Attorney-Ben-Crump-calling-for-justice-for-man-wh.txt HTTP/1.1" 404 88 "-" "Mozilla/5.0 (compatible; AhrefsBot/7.0; +http://ahrefs.com/robot/)" "metrocrimedaily.com"
51.222.253.6 - - [21/Feb/2023:12:00:54 -0800] "GET /instagram-memphis/02-17-2023-1110061-Carjacking-victim-duped-into-first-helping-passen.txt HTTP/1.1" 404 88 "-" "Mozilla/5.0 (compatible; AhrefsBot/7.0; +http://ahrefs.com/robot/)" "metrocrimedaily.com"
51.222.253.3 - - [21/Feb/2023:12:01:37 -0800] "GET /instagram-memphis/02-17-2023-1110062-First-court-appearance-for-five-officers-charged-.txt HTTP/1.1" 404 88 "-" "Mozilla/5.0 (compatible; AhrefsBot/7.0; +http://ahrefs.com/robot/)" "metrocrimedaily.com"
185.191.171.23 - - [21/Feb/2023:12:02:11 -0800] "GET /instagram-newyork/videos/?C=M%3BO%3DA HTTP/1.1" 200 329 "-" "Mozilla/5.0 (compatible; SemrushBot/7~bl; +http://www.semrush.com/bot.html)" "metrocrimedaily.com"
66.249.64.166 - - [21/Feb/2023:12:02:19 -0800] "GET /instagram-chicago/02-18-2023-1835381-A.jpg HTTP/1.1" 404 88 "-" "Googlebot-Image/1.0" "metrocrimedaily.com"
51.222.253.5 - - [21/Feb/2023:12:02:30 -0800] "GET /instagram-memphis/02-17-2023-1110063-Four-shot-in-Arkansas-apartment-complex--police-s.txt HTTP/1.1" 404 88 "-" "Mozilla/5.0 (compatible; AhrefsBot/7.0; +http://ahrefs.com/robot/)" "metrocrimedaily.com"
51.222.253.11 - - [21/Feb/2023:12:03:15 -0800] "GET /instagram-memphis/02-17-2023-1301351--.txt HTTP/1.1" 404 88 "-" "Mozilla/5.0 (compatible; AhrefsBot/7.0; +http://ahrefs.com/robot/)" "metrocrimedaily.com"
51.222.253.5 - - [21/Feb/2023:12:03:55 -0800] "GET /instagram-memphis/02-17-2023-1301352-17-year-old-charged-with-carjacking--firing-at-Me.txt HTTP/1.1" 404 88 "-" "Mozilla/5.0 (compatible; AhrefsBot/7.0; +http://ahrefs.com/robot/)" "metrocrimedaily.com"
213.180.203.32 - - [21/Feb/2023:12:04:46 -0800] "GET /instagram-houston/01-16-2023-2233341-Raw-video--North-Houston-dollar-store-clerk-shot-.txt HTTP/1.1" 404 88 "-" "Mozilla/5.0 (compatible; YandexBot/3.0; +http://yandex.com/bots)" "metrocrimedaily.com"
51.222.253.11 - - [21/Feb/2023:12:04:59 -0800] "GET /instagram-memphis/02-17-2023-1301353-Family-and-attorneys-call-on-Department-of-Justic.txt HTTP/1.1" 404 88 "-" "Mozilla/5.0 (compatible; AhrefsBot/7.0; +http://ahrefs.com/robot/)" "metrocrimedaily.com"
66.249.64.170 - - [21/Feb/2023:12:05:14 -0800] "GET /instagram-chicago/02-18-2023-2022141-A.jpg HTTP/1.1" 404 88 "-" "Googlebot-Image/1.0" "metrocrimedaily.com"
51.222.253.6 - - [21/Feb/2023:12:05:52 -0800] "GET /instagram-memphis/02-17-2023-1301354-Tyre-Nichols--family--attorneys-speak-after-first.txt HTTP/1.1" 404 88 "-" "Mozilla/5.0 (compatible; AhrefsBot/7.0; +http://ahrefs.com/robot/)" "metrocrimedaily.com"
69.63.184.116 - - [21/Feb/2023:12:06:37 -0800] "GET /instagram-miami/02-21-2023-1406171-A.jpg HTTP/1.1" 200 948818 "-" "facebookexternalhit/1.1 (+http://www.facebook.com/externalhit_uatext.php)" "www.metrocrimedaily.com"
51.222.253.15 - - [21/Feb/2023:12:06:55 -0800] "GET /instagram-memphis/02-17-2023-1511581-PHOTOS--Civil-Rights-Attorney-Ben-Crump-speaks-af.txt HTTP/1.1" 404 88 "-" "Mozilla/5.0 (compatible; AhrefsBot/7.0; +http://ahrefs.com/robot/)" "metrocrimedaily.com"
51.222.253.19 - - [21/Feb/2023:12:07:58 -0800] "GET /instagram-memphis/02-17-2023-1615471-Attorney-Ben-Crump-reacts-to-5-ex-MPD-officers-ch.txt HTTP/1.1" 404 88 "-" "Mozilla/5.0 (compatible; AhrefsBot/7.0; +http://ahrefs.com/robot/)" "metrocrimedaily.com"
51.222.253.3 - - [21/Feb/2023:12:08:49 -0800] "GET /instagram-memphis/02-17-2023-1719541-Five-MPD-officers-charged-in-Tyre-Nichols--death-.txt HTTP/1.1" 404 88 "-" "Mozilla/5.0 (compatible; AhrefsBot/7.0; +http://ahrefs.com/robot/)" "metrocrimedaily.com"
51.222.253.12 - - [21/Feb/2023:12:09:29 -0800] "GET /instagram-memphis/02-17-2023-1759251-Family--attorneys-call-for-federal-investigation-.txt HTTP/1.1" 404 88 "-" "Mozilla/5.0 (compatible; AhrefsBot/7.0; +http://ahrefs.com/robot/)" "metrocrimedaily.com"
69.63.184.3 - - [21/Feb/2023:12:10:13 -0800] "GET /instagram-chicago/02-21-2023-1354112-A.jpg HTTP/1.1" 200 98639 "-" "facebookexternalhit/1.1 (+http://www.facebook.com/externalhit_uatext.php)" "www.metrocrimedaily.com"
51.222.253.1 - - [21/Feb/2023:12:10:22 -0800] "GET /instagram-memphis/02-17-2023-1840301----I-just-ignored-him-----Scammer-threatens-to-re.txt HTTP/1.1" 404 88 "-" "Mozilla/5.0 (compatible; AhrefsBot/7.0; +http://ahrefs.com/robot/)" "metrocrimedaily.com"
69.63.184.111 - - [21/Feb/2023:12:10:54 -0800] "GET /instagram-stlouis/02-21-2023-1354562-A.jpg HTTP/1.1" 200 97688 "-" "facebookexternalhit/1.1 (+http://www.facebook.com/externalhit_uatext.php)" "www.metrocrimedaily.com"
69.63.184.119 - - [21/Feb/2023:12:10:58 -0800] "GET /instagram-losangeles/02-21-2023-1410381-A.jpg HTTP/1.1" 200 126526 "-" "facebookexternalhit/1.1 (+http://www.facebook.com/externalhit_uatext.php)" "www.metrocrimedaily.com"
51.222.253.2 - - [21/Feb/2023:12:11:09 -0800] "GET /instagram-memphis/02-17-2023-1919451-Family--comrades-remember-Joshua-Jones--a-son-of-.txt HTTP/1.1" 404 88 "-" "Mozilla/5.0 (compatible; AhrefsBot/7.0; +http://ahrefs.com/robot/)" "metrocrimedaily.com"
51.222.253.20 - - [21/Feb/2023:12:11:51 -0800] "GET /instagram-memphis/02-17-2023-2051571-Attorney-Ben-Crump-requesting-DOJ-to-investigate-.txt HTTP/1.1" 404 88 "-" "Mozilla/5.0 (compatible; AhrefsBot/7.0; +http://ahrefs.com/robot/)" "metrocrimedaily.com"
51.222.253.11 - - [21/Feb/2023:12:12:48 -0800] "GET /instagram-memphis/02-17-2023-2243521-US-ends-search-for-objects-shot-down-over-Alaska-.txt HTTP/1.1" 404 88 "-" "Mozilla/5.0 (compatible; AhrefsBot/7.0; +http://ahrefs.com/robot/)" "metrocrimedaily.com"
51.222.253.20 - - [21/Feb/2023:12:13:44 -0800] "GET /instagram-memphis/02-17-2023-2321181-New-details-emerge-after-shooting-rampage-left-6-.txt HTTP/1.1" 404 88 "-" "Mozilla/5.0 (compatible; AhrefsBot/7.0; +http://ahrefs.com/robot/)" "metrocrimedaily.com"
51.222.253.7 - - [21/Feb/2023:12:14:28 -0800] "GET /instagram-memphis/02-18-2023-0952201-Man-dead-in-Midtown-shooting-.txt HTTP/1.1" 404 88 "-" "Mozilla/5.0 (compatible; AhrefsBot/7.0; +http://ahrefs.com/robot/)" "metrocrimedaily.com"
69.63.184.119 - - [21/Feb/2023:12:14:34 -0800] "GET /instagram-houston/02-21-2023-1341543-A.jpg HTTP/1.1" 200 69966 "-" "facebookexternalhit/1.1 (+http://www.facebook.com/externalhit_uatext.php)" "www.metrocrimedaily.com"
51.222.253.20 - - [21/Feb/2023:12:15:16 -0800] "GET /instagram-memphis/02-18-2023-1115481-U.S.-Attorney-Ritz-sworn-in-amid-deadly-police-in.txt HTTP/1.1" 404 88 "-" "Mozilla/5.0 (compatible; AhrefsBot/7.0; +http://ahrefs.com/robot/)" "metrocrimedaily.com"
51.222.253.16 - - [21/Feb/2023:12:16:14 -0800] "GET /instagram-memphis/02-18-2023-1216251-2-killed--another-hurt-in-I-240-car-crash--police.txt HTTP/1.1" 404 88 "-" "Mozilla/5.0 (compatible; AhrefsBot/7.0; +http://ahrefs.com/robot/)" "metrocrimedaily.com"
51.222.253.2 - - [21/Feb/2023:12:17:02 -0800] "GET /instagram-memphis/02-18-2023-1216252-Midtown-shooting-leaves-man-dead--MPD-says-.txt HTTP/1.1" 404 88 "-" "Mozilla/5.0 (compatible; AhrefsBot/7.0; +http://ahrefs.com/robot/)" "metrocrimedaily.com"
51.222.253.4 - - [21/Feb/2023:12:17:52 -0800] "GET /instagram-memphis/02-18-2023-1401431-MPD-officer-killed-in-White-Station-Library-shoot.txt HTTP/1.1" 404 88 "-" "Mozilla/5.0 (compatible; AhrefsBot/7.0; +http://ahrefs.com/robot/)" "metrocrimedaily.com"
51.222.253.18 - - [21/Feb/2023:12:18:57 -0800] "GET /instagram-memphis/02-18-2023-2001031-President-Joe-Biden-urges-gun-reform-after-deadly.txt HTTP/1.1" 404 88 "-" "Mozilla/5.0 (compatible; AhrefsBot/7.0; +http://ahrefs.com/robot/)" "metrocrimedaily.com"
51.222.253.19 - - [21/Feb/2023:12:20:02 -0800] "GET /instagram-memphis/02-18-2023-2001032-Police-officer-shot-at-East-Memphis-library--late.txt HTTP/1.1" 404 88 "-" "Mozilla/5.0 (compatible; AhrefsBot/7.0; +http://ahrefs.com/robot/)" "metrocrimedaily.com"
185.191.171.5 - - [21/Feb/2023:12:20:20 -0800] "GET /instagram-neworleans/post-later/?C=S%3BO%3DA HTTP/1.1" 200 331 "-" "Mozilla/5.0 (compatible; SemrushBot/7~bl; +http://www.semrush.com/bot.html)" "metrocrimedaily.com"
51.222.253.3 - - [21/Feb/2023:12:20:59 -0800] "GET /instagram-memphis/02-19-2023-0758401-MPD--Multiple-victims-in-critical-condition-and-o.txt HTTP/1.1" 404 88 "-" "Mozilla/5.0 (compatible; AhrefsBot/7.0; +http://ahrefs.com/robot/)" "metrocrimedaily.com"
51.222.253.16 - - [21/Feb/2023:12:21:54 -0800] "GET /instagram-memphis/02-19-2023-1011081-Memphis-police-say-1-dead--10-injured-in-overnigh.txt HTTP/1.1" 404 88 "-" "Mozilla/5.0 (compatible; AhrefsBot/7.0; +http://ahrefs.com/robot/)" "metrocrimedaily.com"
69.63.184.118 - - [21/Feb/2023:12:22:14 -0800] "GET /instagram-miami/02-21-2023-1406172-A.jpg HTTP/1.1" 200 150953 "-" "facebookexternalhit/1.1 (+http://www.facebook.com/externalhit_uatext.php)" "www.metrocrimedaily.com"
51.222.253.10 - - [21/Feb/2023:12:22:51 -0800] "GET /instagram-memphis/02-19-2023-1105181-1-dead--10-injured-in-Whitehaven-double-shootings.txt HTTP/1.1" 404 88 "-" "Mozilla/5.0 (compatible; AhrefsBot/7.0; +http://ahrefs.com/robot/)" "metrocrimedaily.com"
51.222.253.18 - - [21/Feb/2023:12:23:35 -0800] "GET /instagram-memphis/02-19-2023-1159331-Update--Police-looking-for-3-suspects-possibly-in.txt HTTP/1.1" 404 88 "-" "Mozilla/5.0 (compatible; AhrefsBot/7.0; +http://ahrefs.com/robot/)" "metrocrimedaily.com"
51.222.253.7 - - [21/Feb/2023:12:24:37 -0800] "GET /instagram-memphis/02-19-2023-1413471-Calls-for-reform-at-201-Poplar-reignited-after-th.txt HTTP/1.1" 404 88 "-" "Mozilla/5.0 (compatible; AhrefsBot/7.0; +http://ahrefs.com/robot/)" "metrocrimedaily.com"
51.222.253.8 - - [21/Feb/2023:12:25:36 -0800] "GET /instagram-memphis/02-19-2023-1653131-Two-wanted-in-Tunica-County-homicide--deputies-sa.txt HTTP/1.1" 404 88 "-" "Mozilla/5.0 (compatible; AhrefsBot/7.0; +http://ahrefs.com/robot/)" "metrocrimedaily.com"
69.63.184.4 - - [21/Feb/2023:12:26:32 -0800] "GET /instagram-stlouis/02-21-2023-1354563-A.jpg HTTP/1.1" 200 98348 "-" "facebookexternalhit/1.1 (+http://www.facebook.com/externalhit_uatext.php)" "www.metrocrimedaily.com"
51.222.253.4 - - [21/Feb/2023:12:26:37 -0800] "GET /instagram-memphis/02-19-2023-2231531-Whitehaven-mass-shooting-painful-reminder-of-man-.txt HTTP/1.1" 404 88 "-" "Mozilla/5.0 (compatible; AhrefsBot/7.0; +http://ahrefs.com/robot/)" "metrocrimedaily.com"
69.63.184.120 - - [21/Feb/2023:12:26:53 -0800] "GET /instagram-neworleans/02-21-2023-1426311-A.jpg HTTP/1.1" 200 331779 "-" "facebookexternalhit/1.1 (+http://www.facebook.com/externalhit_uatext.php)" "www.metrocrimedaily.com"
51.222.253.15 - - [21/Feb/2023:12:27:30 -0800] "GET /instagram-memphis/02-19-2023-2310301-Community-activists-respond-to-Whitehaven-double-.txt HTTP/1.1" 404 88 "-" "Mozilla/5.0 (compatible; AhrefsBot/7.0; +http://ahrefs.com/robot/)" "metrocrimedaily.com"
51.222.253.14 - - [21/Feb/2023:12:28:14 -0800] "GET /instagram-memphis/02-20-2023-0433331-Police-officer-shot-at-East-Memphis-library-dies-.txt HTTP/1.1" 404 88 "-" "Mozilla/5.0 (compatible; AhrefsBot/7.0; +http://ahrefs.com/robot/)" "metrocrimedaily.com"
51.222.253.19 - - [21/Feb/2023:12:28:57 -0800] "GET /instagram-memphis/02-20-2023-0722531-Two-teens-charged-with-breaking-into-cars-at-loca.txt HTTP/1.1" 404 88 "-" "Mozilla/5.0 (compatible; AhrefsBot/7.0; +http://ahrefs.com/robot/)" "metrocrimedaily.com"
51.222.253.3 - - [21/Feb/2023:12:29:48 -0800] "GET /instagram-memphis/02-20-2023-0840311-Man-arrested-after-1-dead--10-injured-in-Whitehav.txt HTTP/1.1" 404 88 "-" "Mozilla/5.0 (compatible; AhrefsBot/7.0; +http://ahrefs.com/robot/)" "metrocrimedaily.com"
51.222.253.16 - - [21/Feb/2023:12:30:35 -0800] "GET /instagram-memphis/02-20-2023-0935001-One-teen---another-man-charged-with-breaking-into.txt HTTP/1.1" 404 88 "-" "Mozilla/5.0 (compatible; AhrefsBot/7.0; +http://ahrefs.com/robot/)" "metrocrimedaily.com"
69.63.184.1 - - [21/Feb/2023:12:30:43 -0800] "GET /instagram-detroit/02-21-2023-1430231-A.jpg HTTP/1.1" 200 264245 "-" "facebookexternalhit/1.1 (+http://www.facebook.com/externalhit_uatext.php)" "www.metrocrimedaily.com"
51.222.253.11 - - [21/Feb/2023:12:31:47 -0800] "GET /instagram-memphis/02-20-2023-1031581-The-number-of-guns-caught-at-US-airports-keeps-gr.txt HTTP/1.1" 404 88 "-" "Mozilla/5.0 (compatible; AhrefsBot/7.0; +http://ahrefs.com/robot/)" "metrocrimedaily.com"
213.180.203.32 - - [21/Feb/2023:12:31:53 -0800] "GET /instagram-newyork/01-11-2023-1441471-Toronto-police-ID-homeless-man-allegedly-attacked.txt HTTP/1.1" 404 88 "-" "Mozilla/5.0 (compatible; YandexBot/3.0; +http://yandex.com/bots)" "metrocrimedaily.com"
185.191.171.12 - - [21/Feb/2023:12:32:05 -0800] "GET /CRIME-WATCH-AMERICA/CRIME-WATCH-MEMPHIS/?C=M%3BO%3DA HTTP/1.1" 200 376 "-" "Mozilla/5.0 (compatible; SemrushBot/7~bl; +http://www.semrush.com/bot.html)" "metrocrimedaily.com"
51.222.253.17 - - [21/Feb/2023:12:32:33 -0800] "GET /instagram-memphis/02-20-2023-1127341-Cold-case--Memphis-Police-ask-for-help-identifyin.txt HTTP/1.1" 404 88 "-" "Mozilla/5.0 (compatible; AhrefsBot/7.0; +http://ahrefs.com/robot/)" "metrocrimedaily.com"
51.222.253.10 - - [21/Feb/2023:12:33:30 -0800] "GET /CRIME-WATCH-AMERICA/GOOD_BARBER_APP-MAKER/youtube-upload-master/build/lib/youtube_upload/auth/?C=S;O=D HTTP/1.1" 200 502 "-" "Mozilla/5.0 (compatible; AhrefsBot/7.0; +http://ahrefs.com/robot/)" "metrocrimedaily.com"
51.222.253.14 - - [21/Feb/2023:12:34:24 -0800] "GET /robots.txt HTTP/1.1" 404 88 "-" "Mozilla/5.0 (compatible; AhrefsBot/7.0; +http://ahrefs.com/robot/)" "metrocrimedaily.com"
51.222.253.12 - - [21/Feb/2023:12:34:25 -0800] "GET /instagram-dallas/?C=D;O=A HTTP/1.1" 200 562 "-" "Mozilla/5.0 (compatible; AhrefsBot/7.0; +http://ahrefs.com/robot/)" "metrocrimedaily.com"
54.36.148.192 - - [21/Feb/2023:12:35:01 -0800] "GET /robots.txt HTTP/1.1" 404 88 "-" "Mozilla/5.0 (compatible; AhrefsBot/7.0; +http://ahrefs.com/robot/)" "www.metrocrimedaily.com"
51.222.253.9 - - [21/Feb/2023:12:35:01 -0800] "GET /CRIME-WATCH-AMERICA/DELETE-ME-IM-JUNK/ HTTP/1.1" 200 399 "-" "Mozilla/5.0 (compatible; AhrefsBot/7.0; +http://ahrefs.com/robot/)" "www.metrocrimedaily.com"
51.222.253.16 - - [21/Feb/2023:12:37:17 -0800] "GET /instagram-stlouis/02-17-2023-04282123-Is-it-legal-to-kill-a-coyote-in-Illinois--.txt HTTP/1.1" 404 88 "-" "Mozilla/5.0 (compatible; AhrefsBot/7.0; +http://ahrefs.com/robot/)" "metrocrimedaily.com"
51.222.253.17 - - [21/Feb/2023:12:38:07 -0800] "GET /instagram-stlouis/02-17-2023-04282124--.txt HTTP/1.1" 404 88 "-" "Mozilla/5.0 (compatible; AhrefsBot/7.0; +http://ahrefs.com/robot/)" "metrocrimedaily.com"
51.222.253.8 - - [21/Feb/2023:12:38:50 -0800] "GET /instagram-memphis/02-20-2023-1236451-Arrest-made-in-Whitehaven-shootings-leaving-1-dea.txt HTTP/1.1" 404 88 "-" "Mozilla/5.0 (compatible; AhrefsBot/7.0; +http://ahrefs.com/robot/)" "metrocrimedaily.com"
51.222.253.10 - - [21/Feb/2023:12:40:07 -0800] "GET /instagram-memphis/02-20-2023-1236452-Arrest-made-in-Whitehaven-shootings-that-left-1-d.txt HTTP/1.1" 404 88 "-" "Mozilla/5.0 (compatible; AhrefsBot/7.0; +http://ahrefs.com/robot/)" "metrocrimedaily.com"
185.191.171.1 - - [21/Feb/2023:12:40:23 -0800] "GET /CRIME-WATCH-AMERICA/CRIME-WATCH-CHICAGO/find-and-post-chicago-stories-RevE.bat HTTP/1.1" 200 18903 "-" "Mozilla/5.0 (compatible; SemrushBot/7~bl; +http://www.semrush.com/bot.html)" "metrocrimedaily.com"
51.222.253.15 - - [21/Feb/2023:12:40:52 -0800] "GET /instagram-memphis/02-20-2023-1236453-MPD-searching-for-suspects-after-man-injured-in-s.txt HTTP/1.1" 404 88 "-" "Mozilla/5.0 (compatible; AhrefsBot/7.0; +http://ahrefs.com/robot/)" "metrocrimedaily.com"
51.222.253.18 - - [21/Feb/2023:12:41:32 -0800] "GET /instagram-memphis/02-20-2023-1236454-Alec-Baldwin-no-longer-facing-gun-enhancement-cha.txt HTTP/1.1" 404 88 "-" "Mozilla/5.0 (compatible; AhrefsBot/7.0; +http://ahrefs.com/robot/)" "metrocrimedaily.com"
51.222.253.6 - - [21/Feb/2023:12:42:03 -0800] "GET /instagram-memphis/02-20-2023-1409291-3-teens-arrested-for-stealing-vehicle--attempting.txt HTTP/1.1" 404 88 "-" "Mozilla/5.0 (compatible; AhrefsBot/7.0; +http://ahrefs.com/robot/)" "metrocrimedaily.com"
69.63.184.1 - - [21/Feb/2023:12:42:07 -0800] "GET /instagram-stlouis/02-21-2023-1354564-A.jpg HTTP/1.1" 200 202976 "-" "facebookexternalhit/1.1 (+http://www.facebook.com/externalhit_uatext.php)" "www.metrocrimedaily.com"
51.222.253.20 - - [21/Feb/2023:12:42:47 -0800] "GET /instagram-memphis/02-20-2023-1409292-Memphis-Police-releases-video-footage-of-a-2021-s.txt HTTP/1.1" 404 88 "-" "Mozilla/5.0 (compatible; AhrefsBot/7.0; +http://ahrefs.com/robot/)" "metrocrimedaily.com"
51.222.253.16 - - [21/Feb/2023:12:43:23 -0800] "GET /instagram-memphis/02-20-2023-1536361-MPD-still-searching-for-suspects-in-2021-shooting.txt HTTP/1.1" 404 88 "-" "Mozilla/5.0 (compatible; AhrefsBot/7.0; +http://ahrefs.com/robot/)" "metrocrimedaily.com"
51.222.253.14 - - [21/Feb/2023:12:44:07 -0800] "GET /instagram-memphis/02-20-2023-1536362-Tennessee-bill-would-allow-officers-to-carry-guns.txt HTTP/1.1" 404 88 "-" "Mozilla/5.0 (compatible; AhrefsBot/7.0; +http://ahrefs.com/robot/)" "metrocrimedaily.com"
51.222.253.9 - - [21/Feb/2023:12:44:57 -0800] "GET /instagram-memphis/02-20-2023-1730051-Cold-case--Memphis-Police-ask-for-help-identifyin.txt HTTP/1.1" 404 88 "-" "Mozilla/5.0 (compatible; AhrefsBot/7.0; +http://ahrefs.com/robot/)" "metrocrimedaily.com"
51.222.253.2 - - [21/Feb/2023:12:45:41 -0800] "GET /instagram-memphis/02-20-2023-1730052-Friends-and-family-remember-Memphis-Police-office.txt HTTP/1.1" 404 88 "-" "Mozilla/5.0 (compatible; AhrefsBot/7.0; +http://ahrefs.com/robot/)" "metrocrimedaily.com"
185.191.171.16 - - [21/Feb/2023:12:45:55 -0800] "GET /CRIME-WATCH-AMERICA/CRIME-WATCH-HOUSTON/mcd-epilog.html HTTP/1.1" 200 443 "-" "Mozilla/5.0 (compatible; SemrushBot/7~bl; +http://www.semrush.com/bot.html)" "metrocrimedaily.com"
69.63.184.120 - - [21/Feb/2023:12:46:16 -0800] "GET /instagram-detroit/02-21-2023-1430232-A.jpg HTTP/1.1" 200 74022 "-" "facebookexternalhit/1.1 (+http://www.facebook.com/externalhit_uatext.php)" "www.metrocrimedaily.com"
51.222.253.1 - - [21/Feb/2023:12:46:24 -0800] "GET /instagram-memphis/02-20-2023-1847471-Two-men-arrested-after-1-dead--10-injured-in-Whit.txt HTTP/1.1" 404 88 "-" "Mozilla/5.0 (compatible; AhrefsBot/7.0; +http://ahrefs.com/robot/)" "metrocrimedaily.com"
185.191.171.11 - - [21/Feb/2023:12:46:48 -0800] "GET /robots.txt HTTP/1.1" 404 88 "-" "Mozilla/5.0 (compatible; SemrushBot/7~bl; +http://www.semrush.com/bot.html)" "metrocrimedaily.com"
185.191.171.26 - - [21/Feb/2023:12:46:49 -0800] "GET /CRIME-WATCH-AMERICA/CRIME-WATCH-ATLANTA/mcd-calculate-how-long-ago.html HTTP/1.1" 200 650 "-" "Mozilla/5.0 (compatible; SemrushBot/7~bl; +http://www.semrush.com/bot.html)" "metrocrimedaily.com"
51.222.253.8 - - [21/Feb/2023:12:47:13 -0800] "GET /instagram-memphis/02-20-2023-1847472-Whitehaven-mass-shooting-investigation-continues-.txt HTTP/1.1" 404 88 "-" "Mozilla/5.0 (compatible; AhrefsBot/7.0; +http://ahrefs.com/robot/)" "metrocrimedaily.com"
69.63.184.118 - - [21/Feb/2023:12:47:23 -0800] "GET /instagram-atlanta/02-21-2023-1446491-A.jpg HTTP/1.1" 200 139183 "-" "facebookexternalhit/1.1 (+http://www.facebook.com/externalhit_uatext.php)" "www.metrocrimedaily.com"
51.222.253.4 - - [21/Feb/2023:12:47:53 -0800] "GET /instagram-memphis/02-20-2023-1947481-2nd-man-charged-in-deadly-Whitehaven-shootings-.txt HTTP/1.1" 404 88 "-" "Mozilla/5.0 (compatible; AhrefsBot/7.0; +http://ahrefs.com/robot/)" "metrocrimedaily.com"
213.180.203.32 - - [21/Feb/2023:12:48:47 -0800] "GET /instagram-losangeles/01-13-2023-1245261-Actor-Ezra-Miller-gets-fine--1-year-of-probation-.txt HTTP/1.1" 404 88 "-" "Mozilla/5.0 (compatible; YandexBot/3.0; +http://yandex.com/bots)" "metrocrimedaily.com"
51.222.253.8 - - [21/Feb/2023:12:49:06 -0800] "GET /instagram-memphis/02-20-2023-2027101-What-is-a--consent-decree---and-why-is-it-being-c.txt HTTP/1.1" 404 88 "-" "Mozilla/5.0 (compatible; AhrefsBot/7.0; +http://ahrefs.com/robot/)" "metrocrimedaily.com"
54.36.149.107 - - [21/Feb/2023:12:49:45 -0800] "GET /robots.txt HTTP/1.1" 404 88 "-" "Mozilla/5.0 (compatible; AhrefsBot/7.0; +http://ahrefs.com/robot/)" "www.metrocrimedaily.com"
51.222.253.16 - - [21/Feb/2023:12:49:46 -0800] "GET /instagram-dallas/02-20-2023-1441181-Alec-Baldwin-Shooting-Case--Prosecutors-Drop-Poss.txt HTTP/1.1" 404 88 "-" "Mozilla/5.0 (compatible; AhrefsBot/7.0; +http://ahrefs.com/robot/)" "www.metrocrimedaily.com"
51.222.253.13 - - [21/Feb/2023:12:50:52 -0800] "GET /instagram-neworleans/02-16-2023-1108551-Woman-driving-on-I-10-caught-in-New-Orleans-gun-b.txt HTTP/1.1" 404 88 "-" "Mozilla/5.0 (compatible; AhrefsBot/7.0; +http://ahrefs.com/robot/)" "www.metrocrimedaily.com"
185.191.171.12 - - [21/Feb/2023:12:50:52 -0800] "GET /instagram-stlouis/videos/?C=D%3BO%3DA HTTP/1.1" 200 329 "-" "Mozilla/5.0 (compatible; SemrushBot/7~bl; +http://www.semrush.com/bot.html)" "metrocrimedaily.com"
51.222.253.12 - - [21/Feb/2023:12:51:50 -0800] "GET /instagram-neworleans/02-16-2023-1108552-Who-are-the-victims-of-the-mass-shooting-in-Buffa.txt HTTP/1.1" 404 88 "-" "Mozilla/5.0 (compatible; AhrefsBot/7.0; +http://ahrefs.com/robot/)" "www.metrocrimedaily.com"
69.63.184.4 - - [21/Feb/2023:12:52:43 -0800] "GET /instagram-dallas/02-21-2023-1452221-A.jpg HTTP/1.1" 200 160463 "-" "facebookexternalhit/1.1 (+http://www.facebook.com/externalhit_uatext.php)" "www.metrocrimedaily.com"
51.222.253.20 - - [21/Feb/2023:12:52:46 -0800] "GET /instagram-neworleans/02-16-2023-1300071-Killing-of-unarmed-Black-man-leads-to-arrest-of-S.txt HTTP/1.1" 404 88 "-" "Mozilla/5.0 (compatible; AhrefsBot/7.0; +http://ahrefs.com/robot/)" "www.metrocrimedaily.com"
51.222.253.12 - - [21/Feb/2023:12:53:32 -0800] "GET /instagram-neworleans/02-16-2023-1300072-Louisiana-State-Police-issues-warrant-for-Alexand.txt HTTP/1.1" 404 88 "-" "Mozilla/5.0 (compatible; AhrefsBot/7.0; +http://ahrefs.com/robot/)" "www.metrocrimedaily.com"
51.222.253.13 - - [21/Feb/2023:12:54:21 -0800] "GET /instagram-neworleans/02-16-2023-1300073-1-dead--3-injured-at-El-Paso-Mall-shooting%3B-2-sus.txt HTTP/1.1" 404 88 "-" "Mozilla/5.0 (compatible; AhrefsBot/7.0; +http://ahrefs.com/robot/)" "www.metrocrimedaily.com"
185.191.171.42 - - [21/Feb/2023:12:54:39 -0800] "GET /instagram-chicago/videos/?C=N%3BO%3DD HTTP/1.1" 200 509 "-" "Mozilla/5.0 (compatible; SemrushBot/7~bl; +http://www.semrush.com/bot.html)" "metrocrimedaily.com"
51.222.253.5 - - [21/Feb/2023:12:55:13 -0800] "GET /instagram-neworleans/02-16-2023-1300074-St.-Bernard-teen-arrested-after-allegedly-firing-.txt HTTP/1.1" 404 88 "-" "Mozilla/5.0 (compatible; AhrefsBot/7.0; +http://ahrefs.com/robot/)" "www.metrocrimedaily.com"
51.222.253.13 - - [21/Feb/2023:12:55:58 -0800] "GET /instagram-neworleans/02-16-2023-1446471-Jury-to-hear-roadside-shooting-testimony-in-Murda.txt HTTP/1.1" 404 88 "-" "Mozilla/5.0 (compatible; AhrefsBot/7.0; +http://ahrefs.com/robot/)" "www.metrocrimedaily.com"
51.222.253.5 - - [21/Feb/2023:12:56:54 -0800] "GET /instagram-neworleans/02-16-2023-1446472-Union-Parish-Sheriff---s-Office-requesting-assist.txt HTTP/1.1" 404 88 "-" "Mozilla/5.0 (compatible; AhrefsBot/7.0; +http://ahrefs.com/robot/)" "www.metrocrimedaily.com"
69.63.184.3 - - [21/Feb/2023:12:57:40 -0800] "GET /instagram-stlouis/02-21-2023-1354565-A.jpg HTTP/1.1" 200 339704 "-" "facebookexternalhit/1.1 (+http://www.facebook.com/externalhit_uatext.php)" "www.metrocrimedaily.com"
51.222.253.3 - - [21/Feb/2023:12:57:44 -0800] "GET /instagram-neworleans/02-16-2023-1604301-Footage-of-Alonzo-Bagley-shooting-released-by-Lou.txt HTTP/1.1" 404 88 "-" "Mozilla/5.0 (compatible; AhrefsBot/7.0; +http://ahrefs.com/robot/)" "www.metrocrimedaily.com"
51.222.253.5 - - [21/Feb/2023:12:58:24 -0800] "GET /instagram-neworleans/02-16-2023-1604302-Police--Shreveport-officer-arrested-for-killing-B.txt HTTP/1.1" 404 88 "-" "Mozilla/5.0 (compatible; AhrefsBot/7.0; +http://ahrefs.com/robot/)" "www.metrocrimedaily.com"
51.222.253.18 - - [21/Feb/2023:12:59:21 -0800] "GET /instagram-neworleans/02-16-2023-1750401-Teenager-jailed-after-bringing-gun-to-fist-fight-.txt HTTP/1.1" 404 88 "-" "Mozilla/5.0 (compatible; AhrefsBot/7.0; +http://ahrefs.com/robot/)" "www.metrocrimedaily.com"
51.222.253.14 - - [21/Feb/2023:13:00:20 -0800] "GET /instagram-neworleans/02-16-2023-1847051-Chalmette-murder-suspect-arrested--St.-Bernard-Pa.txt HTTP/1.1" 404 88 "-" "Mozilla/5.0 (compatible; AhrefsBot/7.0; +http://ahrefs.com/robot/)" "www.metrocrimedaily.com"
69.63.184.118 - - [21/Feb/2023:13:01:15 -0800] "GET /instagram-losangeles/02-21-2023-1500551-A.jpg HTTP/1.1" 200 421277 "-" "facebookexternalhit/1.1 (+http://www.facebook.com/externalhit_uatext.php)" "www.metrocrimedaily.com"
51.222.253.15 - - [21/Feb/2023:13:01:17 -0800] "GET /instagram-neworleans/02-16-2023-1945341-Man-arrested-for-murder-of-Chalmette-middle-schoo.txt HTTP/1.1" 404 88 "-" "Mozilla/5.0 (compatible; AhrefsBot/7.0; +http://ahrefs.com/robot/)" "www.metrocrimedaily.com"
76.184.252.42 - - [21/Feb/2023:13:01:40 -0800] "GET /images/police-tape.jpg HTTP/1.1" 200 50766 "-" "Wget/1.20.3 (mingw32)" "metrocrimedaily.com"
69.63.184.119 - - [21/Feb/2023:13:01:50 -0800] "GET /instagram-detroit/02-21-2023-1430233-A.jpg HTTP/1.1" 200 71737 "-" "facebookexternalhit/1.1 (+http://www.facebook.com/externalhit_uatext.php)" "www.metrocrimedaily.com"
51.222.253.3 - - [21/Feb/2023:13:02:36 -0800] "GET /instagram-neworleans/02-16-2023-1945342-New-Orleans-mother-wants-answers-after-baby-is-at.txt HTTP/1.1" 404 88 "-" "Mozilla/5.0 (compatible; AhrefsBot/7.0; +http://ahrefs.com/robot/)" "www.metrocrimedaily.com"
69.63.184.4 - - [21/Feb/2023:13:02:58 -0800] "GET /instagram-atlanta/02-21-2023-1446492-A.jpg HTTP/1.1" 200 71183 "-" "facebookexternalhit/1.1 (+http://www.facebook.com/externalhit_uatext.php)" "www.metrocrimedaily.com"
51.222.253.9 - - [21/Feb/2023:13:03:32 -0800] "GET /instagram-neworleans/02-17-2023-0311551-18-year-old-arrested-for-murder-of-14-year-old-in.txt HTTP/1.1" 404 88 "-" "Mozilla/5.0 (compatible; AhrefsBot/7.0; +http://ahrefs.com/robot/)" "www.metrocrimedaily.com"
51.222.253.18 - - [21/Feb/2023:13:04:15 -0800] "GET /instagram-neworleans/02-17-2023-0612011-Worker-pleads-not-guilty-to-killing-7-at-Californ.txt HTTP/1.1" 404 88 "-" "Mozilla/5.0 (compatible; AhrefsBot/7.0; +http://ahrefs.com/robot/)" "www.metrocrimedaily.com"
185.191.171.5 - - [21/Feb/2023:13:04:20 -0800] "GET /CRIME-WATCH-AMERICA/CRIME-WATCH-DETROIT/?C=S%3BO%3DA HTTP/1.1" 200 1993 "-" "Mozilla/5.0 (compatible; SemrushBot/7~bl; +http://www.semrush.com/bot.html)" "metrocrimedaily.com"
51.222.253.11 - - [21/Feb/2023:13:05:03 -0800] "GET /instagram-neworleans/02-17-2023-0708171-US-prosecutors-ask-for-25-more-years-in-prison-fo.txt HTTP/1.1" 404 88 "-" "Mozilla/5.0 (compatible; AhrefsBot/7.0; +http://ahrefs.com/robot/)" "www.metrocrimedaily.com"
51.222.253.14 - - [21/Feb/2023:13:05:58 -0800] "GET /instagram-neworleans/02-17-2023-0804361-Shots-fired-at-NOPD-officers--leading-to-manhunt-.txt HTTP/1.1" 404 88 "-" "Mozilla/5.0 (compatible; AhrefsBot/7.0; +http://ahrefs.com/robot/)" "www.metrocrimedaily.com"
185.191.171.1 - - [21/Feb/2023:13:05:59 -0800] "GET /CRIME-WATCH-AMERICA/CRIME-WATCH-CHICAGO/send-email-to-kim-iPhone.bat HTTP/1.1" 200 4006 "-" "Mozilla/5.0 (compatible; SemrushBot/7~bl; +http://www.semrush.com/bot.html)" "metrocrimedaily.com"
185.191.171.36 - - [21/Feb/2023:13:06:35 -0800] "GET /CRIME-WATCH-AMERICA/DELETE-ME-IM-JUNK/?C=M%3BO%3DA HTTP/1.1" 200 399 "-" "Mozilla/5.0 (compatible; SemrushBot/7~bl; +http://www.semrush.com/bot.html)" "metrocrimedaily.com"
207.46.13.5 - - [21/Feb/2023:13:06:37 -0800] "GET /instagram-houston/01-17-2023-1641481-EXPLAINER--How-ominous-is-the-debt-limit-problem-.txt HTTP/1.1" 404 88 "-" "Mozilla/5.0 AppleWebKit/537.36 (KHTML, like Gecko; compatible; bingbot/2.0; +http://www.bing.com/bingbot.htm) Chrome/103.0.5060.134 Safari/537.36" "www.metrocrimedaily.com"
51.222.253.14 - - [21/Feb/2023:13:06:48 -0800] "GET /instagram-neworleans/02-17-2023-1108481-Coroner-IDs-man-shot-dead-Wednesday-in-Pines-Vill.txt HTTP/1.1" 404 88 "-" "Mozilla/5.0 (compatible; AhrefsBot/7.0; +http://ahrefs.com/robot/)" "www.metrocrimedaily.com"
51.222.253.4 - - [21/Feb/2023:13:07:34 -0800] "GET /instagram-neworleans/02-17-2023-1211191-Terrytown-man-fatally-hit-by-SUV-in-Plaquemines-P.txt HTTP/1.1" 404 88 "-" "Mozilla/5.0 (compatible; AhrefsBot/7.0; +http://ahrefs.com/robot/)" "www.metrocrimedaily.com"
213.180.203.32 - - [21/Feb/2023:13:07:58 -0800] "GET /CRIME-WATCH-AMERICA/CRIME-WATCH-DALLAS/INSTAGRAM-AUTOMATION/ HTTP/1.1" 200 938 "-" "Mozilla/5.0 (compatible; YandexBot/3.0; +http://yandex.com/bots)" "metrocrimedaily.com"
69.63.184.120 - - [21/Feb/2023:13:08:17 -0800] "GET /instagram-dallas/02-21-2023-1452222-A.jpg HTTP/1.1" 200 144855 "-" "facebookexternalhit/1.1 (+http://www.facebook.com/externalhit_uatext.php)" "www.metrocrimedaily.com"
51.222.253.6 - - [21/Feb/2023:13:08:22 -0800] "GET /instagram-neworleans/02-17-2023-1211192-Pedestrian-killed-in-Plaquemines-Parish--LSP-inve.txt HTTP/1.1" 404 88 "-" "Mozilla/5.0 (compatible; AhrefsBot/7.0; +http://ahrefs.com/robot/)" "www.metrocrimedaily.com"
51.222.253.16 - - [21/Feb/2023:13:09:22 -0800] "GET /instagram-neworleans/02-17-2023-1316141-Loaded--assault-rifle---5-magazines-stopped-at-Ne.txt HTTP/1.1" 404 88 "-" "Mozilla/5.0 (compatible; AhrefsBot/7.0; +http://ahrefs.com/robot/)" "www.metrocrimedaily.com"
51.222.253.5 - - [21/Feb/2023:13:10:06 -0800] "GET /instagram-neworleans/02-17-2023-1316142-Assault-weapon-headed-to-Houston--stopped-by-MSY-.txt HTTP/1.1" 404 88 "-" "Mozilla/5.0 (compatible; AhrefsBot/7.0; +http://ahrefs.com/robot/)" "www.metrocrimedaily.com"
213.180.203.32 - - [21/Feb/2023:13:10:08 -0800] "GET /instagram-chicago/01-18-2023-1436311-Man-critically-wounded-in-Back-of-Yards-shooting-.txt HTTP/1.1" 404 88 "-" "Mozilla/5.0 (compatible; YandexBot/3.0; +http://yandex.com/bots)" "metrocrimedaily.com"
95.108.213.158 - - [21/Feb/2023:13:10:11 -0800] "GET /instagram-neworleans/01-19-2023-2242591-Feds-will-not-seek-death-penalty-against-Walmart-.txt HTTP/1.1" 404 88 "-" "Mozilla/5.0 (compatible; YandexBot/3.0; +http://yandex.com/bots)" "metrocrimedaily.com"
51.222.253.1 - - [21/Feb/2023:13:10:56 -0800] "GET /instagram-neworleans/02-17-2023-1508151-Man-toting-assault-rifle-stopped-at-New-Orleans-a.txt HTTP/1.1" 404 88 "-" "Mozilla/5.0 (compatible; AhrefsBot/7.0; +http://ahrefs.com/robot/)" "www.metrocrimedaily.com"
51.222.253.10 - - [21/Feb/2023:13:11:45 -0800] "GET /instagram-neworleans/02-17-2023-1508152-6-dead-in-Arkabutla--MS-shootings%3B-suspect-in-cus.txt HTTP/1.1" 404 88 "-" "Mozilla/5.0 (compatible; AhrefsBot/7.0; +http://ahrefs.com/robot/)" "www.metrocrimedaily.com"
185.191.171.20 - - [21/Feb/2023:13:12:23 -0800] "GET /CRIME-WATCH-AMERICA/CRIME-WATCH-DETROIT/download-detroit-videos-RevC.bat HTTP/1.1" 200 8228 "-" "Mozilla/5.0 (compatible; SemrushBot/7~bl; +http://www.semrush.com/bot.html)" "metrocrimedaily.com"
51.222.253.7 - - [21/Feb/2023:13:12:47 -0800] "GET /instagram-neworleans/02-17-2023-1612421--.txt HTTP/1.1" 404 88 "-" "Mozilla/5.0 (compatible; AhrefsBot/7.0; +http://ahrefs.com/robot/)" "www.metrocrimedaily.com"
69.63.184.117 - - [21/Feb/2023:13:13:16 -0800] "GET /instagram-stlouis/02-21-2023-1354566-A.jpg HTTP/1.1" 200 181051 "-" "facebookexternalhit/1.1 (+http://www.facebook.com/externalhit_uatext.php)" "www.metrocrimedaily.com"
185.191.171.37 - - [21/Feb/2023:13:13:17 -0800] "GET /CRIME-WATCH-AMERICA/DELETE-ME-IM-JUNK/?C=D%3BO%3DA HTTP/1.1" 200 399 "-" "Mozilla/5.0 (compatible; SemrushBot/7~bl; +http://www.semrush.com/bot.html)" "metrocrimedaily.com"
51.222.253.19 - - [21/Feb/2023:13:13:28 -0800] "GET /instagram-neworleans/02-17-2023-1612422-Three-arrested-in-2021-murder-of-Bogalusa-High-Sc.txt HTTP/1.1" 404 88 "-" "Mozilla/5.0 (compatible; AhrefsBot/7.0; +http://ahrefs.com/robot/)" "www.metrocrimedaily.com"
51.222.253.9 - - [21/Feb/2023:13:14:23 -0800] "GET /instagram-neworleans/02-17-2023-1612423-One-man-dead-after-fatal-blaze-in-Central-City--t.txt HTTP/1.1" 404 88 "-" "Mozilla/5.0 (compatible; AhrefsBot/7.0; +http://ahrefs.com/robot/)" "www.metrocrimedaily.com"
51.222.253.6 - - [21/Feb/2023:13:15:14 -0800] "GET /instagram-neworleans/02-17-2023-1732171-Slidell-area-man-fatally-shoots-himself-after-dep.txt HTTP/1.1" 404 88 "-" "Mozilla/5.0 (compatible; AhrefsBot/7.0; +http://ahrefs.com/robot/)" "www.metrocrimedaily.com"
51.222.253.14 - - [21/Feb/2023:13:15:59 -0800] "GET /instagram-neworleans/02-17-2023-1732172-NOFD-investigating-apartment-complex-fire-with-fa.txt HTTP/1.1" 404 88 "-" "Mozilla/5.0 (compatible; AhrefsBot/7.0; +http://ahrefs.com/robot/)" "www.metrocrimedaily.com"
185.191.171.22 - - [21/Feb/2023:13:16:36 -0800] "GET /instagram-memphis/post-later/?C=S%3BO%3DA HTTP/1.1" 200 769 "-" "Mozilla/5.0 (compatible; SemrushBot/7~bl; +http://www.semrush.com/bot.html)" "metrocrimedaily.com"
51.222.253.19 - - [21/Feb/2023:13:16:50 -0800] "GET /instagram-neworleans/02-17-2023-2158161-Algiers-man-accused-of-beating-victim-after-argum.txt HTTP/1.1" 404 88 "-" "Mozilla/5.0 (compatible; AhrefsBot/7.0; +http://ahrefs.com/robot/)" "www.metrocrimedaily.com"
69.63.184.1 - - [21/Feb/2023:13:17:20 -0800] "GET /instagram-detroit/02-21-2023-1430234-A.jpg HTTP/1.1" 200 73917 "-" "facebookexternalhit/1.1 (+http://www.facebook.com/externalhit_uatext.php)" "www.metrocrimedaily.com"
51.222.253.6 - - [21/Feb/2023:13:17:47 -0800] "GET /instagram-neworleans/02-17-2023-2158162-NOPD--Two-women-wounded-in-separate-shootings-.txt HTTP/1.1" 404 88 "-" "Mozilla/5.0 (compatible; AhrefsBot/7.0; +http://ahrefs.com/robot/)" "www.metrocrimedaily.com"
69.63.184.118 - - [21/Feb/2023:13:19:06 -0800] "GET /instagram-miami/02-21-2023-1518451-A.jpg HTTP/1.1" 200 431404 "-" "facebookexternalhit/1.1 (+http://www.facebook.com/externalhit_uatext.php)" "www.metrocrimedaily.com"
51.222.253.3 - - [21/Feb/2023:13:19:12 -0800] "GET /instagram-neworleans/02-17-2023-2257211-NOPD--West-End-woman-arrested-on-multiple-drug-ch.txt HTTP/1.1" 404 88 "-" "Mozilla/5.0 (compatible; AhrefsBot/7.0; +http://ahrefs.com/robot/)" "www.metrocrimedaily.com"
51.222.253.14 - - [21/Feb/2023:13:19:59 -0800] "GET /instagram-neworleans/02-18-2023-0034211-Turmoil-in-courts-on-gun-laws-in-wake-of-justices.txt HTTP/1.1" 404 88 "-" "Mozilla/5.0 (compatible; AhrefsBot/7.0; +http://ahrefs.com/robot/)" "www.metrocrimedaily.com"
51.222.253.10 - - [21/Feb/2023:13:20:56 -0800] "GET /instagram-neworleans/02-18-2023-0907241-TSA-stops-loaded--assault-rifle--in-carry-on-bag-.txt HTTP/1.1" 404 88 "-" "Mozilla/5.0 (compatible; AhrefsBot/7.0; +http://ahrefs.com/robot/)" "www.metrocrimedaily.com"
51.222.253.1 - - [21/Feb/2023:13:21:39 -0800] "GET /instagram-neworleans/02-18-2023-1027381-Rape-reported-at-Tulane-late-Friday-night-.txt HTTP/1.1" 404 88 "-" "Mozilla/5.0 (compatible; AhrefsBot/7.0; +http://ahrefs.com/robot/)" "www.metrocrimedaily.com"
51.222.253.18 - - [21/Feb/2023:13:22:35 -0800] "GET /instagram-neworleans/02-18-2023-1243491-Tulane-student-reports-rape-on-campus-after-meeti.txt HTTP/1.1" 404 88 "-" "Mozilla/5.0 (compatible; AhrefsBot/7.0; +http://ahrefs.com/robot/)" "www.metrocrimedaily.com"
185.191.171.17 - - [21/Feb/2023:13:22:41 -0800] "GET /backup-05-31-20/index-mcd-master.html HTTP/1.1" 404 88 "-" "Mozilla/5.0 (compatible; SemrushBot/7~bl; +http://www.semrush.com/bot.html)" "metrocrimedaily.com"
51.222.253.11 - - [21/Feb/2023:13:23:35 -0800] "GET /instagram-neworleans/02-18-2023-1531331-Monroe-man-accused-of-walking-around-apartment-co.txt HTTP/1.1" 404 88 "-" "Mozilla/5.0 (compatible; AhrefsBot/7.0; +http://ahrefs.com/robot/)" "www.metrocrimedaily.com"
51.222.253.5 - - [21/Feb/2023:13:24:25 -0800] "GET /instagram-neworleans/02-18-2023-1618041-Burger-King-worker-shoots-customer-after-argument.txt HTTP/1.1" 404 88 "-" "Mozilla/5.0 (compatible; AhrefsBot/7.0; +http://ahrefs.com/robot/)" "www.metrocrimedaily.com"
51.222.253.11 - - [21/Feb/2023:13:25:08 -0800] "GET /instagram-neworleans/02-18-2023-1618042-Jeff-Davis-parents-arrested-on-murder-charges-.txt HTTP/1.1" 404 88 "-" "Mozilla/5.0 (compatible; AhrefsBot/7.0; +http://ahrefs.com/robot/)" "www.metrocrimedaily.com"
51.222.253.2 - - [21/Feb/2023:13:25:59 -0800] "GET /instagram-neworleans/02-18-2023-1720061-Prison-guard-accused-of-trying-to-smuggle-drugs-i.txt HTTP/1.1" 404 88 "-" "Mozilla/5.0 (compatible; AhrefsBot/7.0; +http://ahrefs.com/robot/)" "www.metrocrimedaily.com"
51.222.253.9 - - [21/Feb/2023:13:26:48 -0800] "GET /instagram-neworleans/02-18-2023-1720062--Justice-is-finally-served--Loranger-man-arrested.txt HTTP/1.1" 404 88 "-" "Mozilla/5.0 (compatible; AhrefsBot/7.0; +http://ahrefs.com/robot/)" "www.metrocrimedaily.com"
51.222.253.20 - - [21/Feb/2023:13:27:28 -0800] "GET /instagram-neworleans/02-18-2023-1822251-Monroe-Police-discover-sleeping-intoxicated-man-w.txt HTTP/1.1" 404 88 "-" "Mozilla/5.0 (compatible; AhrefsBot/7.0; +http://ahrefs.com/robot/)" "www.metrocrimedaily.com"
51.222.253.1 - - [21/Feb/2023:13:28:18 -0800] "GET /instagram-neworleans/02-18-2023-1822252-Franklin-resident-arrested-following-traffic-stop.txt HTTP/1.1" 404 88 "-" "Mozilla/5.0 (compatible; AhrefsBot/7.0; +http://ahrefs.com/robot/)" "www.metrocrimedaily.com"
69.63.184.119 - - [21/Feb/2023:13:28:49 -0800] "GET /instagram-stlouis/02-21-2023-1354567-A.jpg HTTP/1.1" 200 164804 "-" "facebookexternalhit/1.1 (+http://www.facebook.com/externalhit_uatext.php)" "www.metrocrimedaily.com"
51.222.253.9 - - [21/Feb/2023:13:29:08 -0800] "GET /instagram-neworleans/02-18-2023-1918511-Child-pornography-case-originating-in-Ouachita-Pa.txt HTTP/1.1" 404 88 "-" "Mozilla/5.0 (compatible; AhrefsBot/7.0; +http://ahrefs.com/robot/)" "www.metrocrimedaily.com"
51.222.253.7 - - [21/Feb/2023:13:29:47 -0800] "GET /instagram-neworleans/02-18-2023-2049301-Victim-accuses-Calhoun-woman-of-stealing-over-$1K.txt HTTP/1.1" 404 88 "-" "Mozilla/5.0 (compatible; AhrefsBot/7.0; +http://ahrefs.com/robot/)" "www.metrocrimedaily.com"
185.191.171.12 - - [21/Feb/2023:13:29:48 -0800] "GET /CRIME-WATCH-AMERICA/CRIME-WATCH-CHICAGO/send-email-to-kim-iPhone.bat HTTP/1.1" 200 4006 "-" "Mozilla/5.0 (compatible; SemrushBot/7~bl; +http://www.semrush.com/bot.html)" "metrocrimedaily.com"
69.63.184.120 - - [21/Feb/2023:13:29:57 -0800] "GET /instagram-houston/02-21-2023-1529371-A.jpg HTTP/1.1" 200 187958 "-" "facebookexternalhit/1.1 (+http://www.facebook.com/externalhit_uatext.php)" "www.metrocrimedaily.com"
51.222.253.18 - - [21/Feb/2023:13:30:53 -0800] "GET /instagram-neworleans/02-18-2023-2156561-Monroe-man-arrested-for-harassing-individuals-at-.txt HTTP/1.1" 404 88 "-" "Mozilla/5.0 (compatible; AhrefsBot/7.0; +http://ahrefs.com/robot/)" "www.metrocrimedaily.com"
69.63.184.4 - - [21/Feb/2023:13:31:39 -0800] "GET /instagram-chicago/02-21-2023-1531171-A.jpg HTTP/1.1" 200 215680 "-" "facebookexternalhit/1.1 (+http://www.facebook.com/externalhit_uatext.php)" "www.metrocrimedaily.com"
51.222.253.5 - - [21/Feb/2023:13:31:53 -0800] "GET /instagram-neworleans/02-18-2023-2354191-Officers-find-40-missing-phones-after-responding-.txt HTTP/1.1" 404 88 "-" "Mozilla/5.0 (compatible; AhrefsBot/7.0; +http://ahrefs.com/robot/)" "www.metrocrimedaily.com"
69.63.184.117 - - [21/Feb/2023:13:32:51 -0800] "GET /instagram-detroit/02-21-2023-1430235-A.jpg HTTP/1.1" 200 91922 "-" "facebookexternalhit/1.1 (+http://www.facebook.com/externalhit_uatext.php)" "www.metrocrimedaily.com"
51.222.253.13 - - [21/Feb/2023:13:32:55 -0800] "GET /instagram-neworleans/02-19-2023-0722541-Man-killed-near-UNO-s-campus-.txt HTTP/1.1" 404 88 "-" "Mozilla/5.0 (compatible; AhrefsBot/7.0; +http://ahrefs.com/robot/)" "www.metrocrimedaily.com"
