69.63.184.117 - - [14/Feb/2023:18:41:46 -0800] "GET /instagram-memphis/02-14-2023-2041231-A.jpg HTTP/1.1" 200 161914 "-" "facebookexternalhit/1.1 (+http://www.facebook.com/externalhit_uatext.php)" "www.metrocrimedaily.com"
114.119.148.138 - - [14/Feb/2023:18:42:33 -0800] "GET /instagram-neworleans/02-03-2023-0426141-Among-young-Black-men-in-New-Orleans--murder-exac.txt HTTP/1.1" 404 88 "https://metrocrimedaily.com/instagram-neworleans/?C=N%3BO%3DD" "Mozilla/5.0 (Linux; Android 7.0;) AppleWebKit/537.36 (KHTML, like Gecko) Mobile Safari/537.36 (compatible; PetalBot;+https://webmaster.petalsearch.com/site/petalbot)" "metrocrimedaily.com"
69.63.184.119 - - [14/Feb/2023:18:43:14 -0800] "GET /instagram-detroit/02-14-2023-2040141-A.jpg HTTP/1.1" 200 88603 "-" "facebookexternalhit/1.1 (+http://www.facebook.com/externalhit_uatext.php)" "www.metrocrimedaily.com"
114.119.132.76 - - [14/Feb/2023:18:43:36 -0800] "GET /CRIME-WATCH-AMERICA/CRIME-WATCH-STLOUIS/unix/bin/?C=S%3BO%3DA HTTP/1.1" 200 2169 "https://metrocrimedaily.com/CRIME-WATCH-AMERICA/CRIME-WATCH-STLOUIS/unix/bin/" "Mozilla/5.0 (Linux; Android 7.0;) AppleWebKit/537.36 (KHTML, like Gecko) Mobile Safari/537.36 (compatible; PetalBot;+https://webmaster.petalsearch.com/site/petalbot)" "metrocrimedaily.com"
114.119.155.149 - - [14/Feb/2023:18:46:20 -0800] "GET /CRIME-WATCH-AMERICA/CRIME-WATCH-NEW-YORK-CITY/support/?C=N%3BO%3DD HTTP/1.1" 200 711 "https://metrocrimedaily.com/CRIME-WATCH-AMERICA/CRIME-WATCH-NEW-YORK-CITY/support/?C=D%3BO%3DA" "Mozilla/5.0 (Linux; Android 7.0;) AppleWebKit/537.36 (KHTML, like Gecko) Mobile Safari/537.36 (compatible; PetalBot;+https://webmaster.petalsearch.com/site/petalbot)" "metrocrimedaily.com"
185.191.171.7 - - [14/Feb/2023:18:46:26 -0800] "GET /CRIME-WATCH-AMERICA/ HTTP/1.1" 200 614 "-" "Mozilla/5.0 (compatible; SemrushBot/7~bl; +http://www.semrush.com/bot.html)" "metrocrimedaily.com"
69.63.184.116 - - [14/Feb/2023:18:48:49 -0800] "GET /instagram-chicago/02-14-2023-2048281-A.jpg HTTP/1.1" 200 112102 "-" "facebookexternalhit/1.1 (+http://www.facebook.com/externalhit_uatext.php)" "www.metrocrimedaily.com"
69.63.184.112 - - [14/Feb/2023:18:49:02 -0800] "GET /instagram-dallas/02-14-2023-2002004-A.jpg HTTP/1.1" 200 193143 "-" "facebookexternalhit/1.1 (+http://www.facebook.com/externalhit_uatext.php)" "www.metrocrimedaily.com"
114.119.152.114 - - [14/Feb/2023:18:50:38 -0800] "GET /instagram-miami/02-01-2023-1531231-Bicyclist-struck-by-hit-and-run-driver-on-Crandon.txt HTTP/1.1" 404 88 "https://metrocrimedaily.com/instagram-miami/?C=D%3BO%3DA" "Mozilla/5.0 (Linux; Android 7.0;) AppleWebKit/537.36 (KHTML, like Gecko) Mobile Safari/537.36 (compatible; PetalBot;+https://webmaster.petalsearch.com/site/petalbot)" "metrocrimedaily.com"
69.63.184.1 - - [14/Feb/2023:18:52:22 -0800] "GET /instagram-atlanta/02-14-2023-2051361-A.jpg HTTP/1.1" 200 192743 "-" "facebookexternalhit/1.1 (+http://www.facebook.com/externalhit_uatext.php)" "www.metrocrimedaily.com"
69.63.184.4 - - [14/Feb/2023:18:54:40 -0800] "GET /instagram-losangeles/02-14-2023-2054181-A.jpg HTTP/1.1" 200 175625 "-" "facebookexternalhit/1.1 (+http://www.facebook.com/externalhit_uatext.php)" "www.metrocrimedaily.com"
69.63.184.117 - - [14/Feb/2023:18:57:18 -0800] "GET /instagram-memphis/02-14-2023-2041232-A.jpg HTTP/1.1" 200 116256 "-" "facebookexternalhit/1.1 (+http://www.facebook.com/externalhit_uatext.php)" "www.metrocrimedaily.com"
52.167.144.81 - - [14/Feb/2023:18:57:21 -0800] "GET /instagram-dallas/12-27-2022-1659141-AT-T-s-new-robotic-dog-visited-Downtown-Dallas-an.txt HTTP/1.1" 404 88 "-" "Mozilla/5.0 AppleWebKit/537.36 (KHTML, like Gecko; compatible; bingbot/2.0; +http://www.bing.com/bingbot.htm) Chrome/103.0.5060.134 Safari/537.36" "www.metrocrimedaily.com"
54.36.148.102 - - [14/Feb/2023:18:57:32 -0800] "GET /robots.txt HTTP/1.1" 404 88 "-" "Mozilla/5.0 (compatible; AhrefsBot/7.0; +http://ahrefs.com/robot/)" "www.metrocrimedaily.com"
51.222.253.18 - - [14/Feb/2023:18:57:33 -0800] "GET / HTTP/1.1" 200 90247 "-" "Mozilla/5.0 (compatible; AhrefsBot/7.0; +http://ahrefs.com/robot/)" "www.metrocrimedaily.com"
69.63.184.117 - - [14/Feb/2023:18:58:47 -0800] "GET /instagram-detroit/02-14-2023-2040142-A.jpg HTTP/1.1" 200 90938 "-" "facebookexternalhit/1.1 (+http://www.facebook.com/externalhit_uatext.php)" "www.metrocrimedaily.com"
51.222.253.2 - - [14/Feb/2023:18:59:17 -0800] "GET /CRIME-WATCH-AMERICA/CRIME-WATCH-ATLANTA/INSTAGRAM-AUTOMATION/?C=D;O=A HTTP/1.1" 200 1009 "-" "Mozilla/5.0 (compatible; AhrefsBot/7.0; +http://ahrefs.com/robot/)" "metrocrimedaily.com"
51.222.253.16 - - [14/Feb/2023:19:01:30 -0800] "GET /CRIME-WATCH-AMERICA/CRIME-WATCH-ATLANTA/INSTAGRAM-AUTOMATION/?C=M;O=A HTTP/1.1" 200 996 "-" "Mozilla/5.0 (compatible; AhrefsBot/7.0; +http://ahrefs.com/robot/)" "metrocrimedaily.com"
114.119.157.174 - - [14/Feb/2023:19:01:32 -0800] "GET /instagram-monroe/?C=M%3BO%3DA HTTP/1.1" 200 358 "https://metrocrimedaily.com/instagram-monroe/?C=N%3BO%3DD" "Mozilla/5.0 (Linux; Android 7.0;) AppleWebKit/537.36 (KHTML, like Gecko) Mobile Safari/537.36 (compatible; PetalBot;+https://webmaster.petalsearch.com/site/petalbot)" "metrocrimedaily.com"
114.119.147.15 - - [14/Feb/2023:19:02:54 -0800] "GET /instagram-losangeles/02-03-2023-1215271-VIDEO--Man-fires-apparent-blanks-inside-San-Franc.txt HTTP/1.1" 404 88 "https://metrocrimedaily.com/instagram-losangeles/?C=N%3BO%3DD" "Mozilla/5.0 (Linux; Android 7.0;) AppleWebKit/537.36 (KHTML, like Gecko) Mobile Safari/537.36 (compatible; PetalBot;+https://webmaster.petalsearch.com/site/petalbot)" "metrocrimedaily.com"
51.222.253.6 - - [14/Feb/2023:19:03:29 -0800] "GET /CRIME-WATCH-AMERICA/CRIME-WATCH-ATLANTA/INSTAGRAM-AUTOMATION/?C=S;O=A HTTP/1.1" 200 997 "-" "Mozilla/5.0 (compatible; AhrefsBot/7.0; +http://ahrefs.com/robot/)" "metrocrimedaily.com"
69.63.184.116 - - [14/Feb/2023:19:04:35 -0800] "GET /instagram-dallas/02-14-2023-2002005-A.jpg HTTP/1.1" 200 200080 "-" "facebookexternalhit/1.1 (+http://www.facebook.com/externalhit_uatext.php)" "www.metrocrimedaily.com"
114.119.149.145 - - [14/Feb/2023:19:04:50 -0800] "GET /instagram-detroit/01-23-2023-1816465-Program-teaches-Detroiters-skills-for-careers-in-.txt HTTP/1.1" 404 88 "https://metrocrimedaily.com/instagram-detroit/?C=S%3BO%3DA" "Mozilla/5.0 (Linux; Android 7.0;) AppleWebKit/537.36 (KHTML, like Gecko) Mobile Safari/537.36 (compatible; PetalBot;+https://webmaster.petalsearch.com/site/petalbot)" "metrocrimedaily.com"
51.222.253.11 - - [14/Feb/2023:19:05:52 -0800] "GET /instagram-houston/post-later/ HTTP/1.1" 200 3113 "-" "Mozilla/5.0 (compatible; AhrefsBot/7.0; +http://ahrefs.com/robot/)" "metrocrimedaily.com"
51.222.253.15 - - [14/Feb/2023:19:07:51 -0800] "GET /instagram-houston/?C=D;O=A HTTP/1.1" 200 3328 "-" "Mozilla/5.0 (compatible; AhrefsBot/7.0; +http://ahrefs.com/robot/)" "metrocrimedaily.com"
69.63.184.120 - - [14/Feb/2023:19:07:56 -0800] "GET /instagram-atlanta/02-14-2023-2051362-A.jpg HTTP/1.1" 200 171516 "-" "facebookexternalhit/1.1 (+http://www.facebook.com/externalhit_uatext.php)" "www.metrocrimedaily.com"
51.222.253.16 - - [14/Feb/2023:19:10:13 -0800] "GET /metrocrime-dallas.html HTTP/1.1" 200 1289 "-" "Mozilla/5.0 (compatible; AhrefsBot/7.0; +http://ahrefs.com/robot/)" "metrocrimedaily.com"
69.63.184.120 - - [14/Feb/2023:19:10:18 -0800] "GET /instagram-losangeles/02-14-2023-2054182-A.jpg HTTP/1.1" 200 97534 "-" "facebookexternalhit/1.1 (+http://www.facebook.com/externalhit_uatext.php)" "www.metrocrimedaily.com"
51.222.253.17 - - [14/Feb/2023:19:12:06 -0800] "GET /CRIME-WATCH-AMERICA/CRIME-WATCH-STLOUIS/?C=M;O=D HTTP/1.1" 200 965 "-" "Mozilla/5.0 (compatible; AhrefsBot/7.0; +http://ahrefs.com/robot/)" "metrocrimedaily.com"
114.119.150.249 - - [14/Feb/2023:19:12:45 -0800] "GET /instagram-memphis/post-later/01-26-2023-1238511-Five-former-Memphis-Police-officers-charged--book.txt HTTP/1.1" 404 88 "https://metrocrimedaily.com/instagram-memphis/post-later/?C=N%3BO%3DD" "Mozilla/5.0 (Linux; Android 7.0;) AppleWebKit/537.36 (KHTML, like Gecko) Mobile Safari/537.36 (compatible; PetalBot;+https://webmaster.petalsearch.com/site/petalbot)" "metrocrimedaily.com"
69.63.184.3 - - [14/Feb/2023:19:12:52 -0800] "GET /instagram-memphis/02-14-2023-2041233-A.jpg HTTP/1.1" 200 133700 "-" "facebookexternalhit/1.1 (+http://www.facebook.com/externalhit_uatext.php)" "www.metrocrimedaily.com"
54.36.149.40 - - [14/Feb/2023:19:13:59 -0800] "GET /robots.txt HTTP/1.1" 404 88 "-" "Mozilla/5.0 (compatible; AhrefsBot/7.0; +http://ahrefs.com/robot/)" "www.metrocrimedaily.com"
51.222.253.20 - - [14/Feb/2023:19:14:00 -0800] "GET /CRIME-WATCH-AMERICA/CRIME-WATCH-STLOUIS/?C=M;O=D HTTP/1.1" 200 965 "-" "Mozilla/5.0 (compatible; AhrefsBot/7.0; +http://ahrefs.com/robot/)" "www.metrocrimedaily.com"
114.119.131.123 - - [14/Feb/2023:19:14:13 -0800] "GET /instagram-losangeles/02-01-2023-1337291-20-attorneys-general-warn-Walgreens--CVS-over-abo.txt HTTP/1.1" 404 88 "https://metrocrimedaily.com/instagram-losangeles/?C=D%3BO%3DA" "Mozilla/5.0 (Linux; Android 7.0;) AppleWebKit/537.36 (KHTML, like Gecko) Mobile Safari/537.36 (compatible; PetalBot;+https://webmaster.petalsearch.com/site/petalbot)" "metrocrimedaily.com"
69.63.184.120 - - [14/Feb/2023:19:14:16 -0800] "GET /instagram-detroit/02-14-2023-2040143-A.jpg HTTP/1.1" 200 153827 "-" "facebookexternalhit/1.1 (+http://www.facebook.com/externalhit_uatext.php)" "www.metrocrimedaily.com"
51.222.253.13 - - [14/Feb/2023:19:16:13 -0800] "GET /CRIME-WATCH-AMERICA/CRIME-WATCH-STLOUIS/?C=S;O=D HTTP/1.1" 200 961 "-" "Mozilla/5.0 (compatible; AhrefsBot/7.0; +http://ahrefs.com/robot/)" "www.metrocrimedaily.com"
51.222.253.2 - - [14/Feb/2023:19:18:31 -0800] "GET /CRIME-WATCH-AMERICA/CRIME-WATCH-CHICAGO/mcd-epilog.html HTTP/1.1" 200 439 "-" "Mozilla/5.0 (compatible; AhrefsBot/7.0; +http://ahrefs.com/robot/)" "metrocrimedaily.com"
51.222.253.3 - - [14/Feb/2023:19:18:32 -0800] "GET /CRIME-WATCH-AMERICA/CRIME-WATCH-CHICAGO/images/youtube-logo-tiny.png HTTP/1.1" 404 88 "-" "Mozilla/5.0 (compatible; AhrefsBot/7.0; +http://ahrefs.com/robot/)" "metrocrimedaily.com"
51.222.253.2 - - [14/Feb/2023:19:18:33 -0800] "GET /CRIME-WATCH-AMERICA/CRIME-WATCH-CHICAGO/images/facebook-logo-tiny.png HTTP/1.1" 404 88 "-" "Mozilla/5.0 (compatible; AhrefsBot/7.0; +http://ahrefs.com/robot/)" "metrocrimedaily.com"
69.63.184.118 - - [14/Feb/2023:19:20:10 -0800] "GET /instagram-dallas/02-14-2023-2002006-A.jpg HTTP/1.1" 200 244721 "-" "facebookexternalhit/1.1 (+http://www.facebook.com/externalhit_uatext.php)" "www.metrocrimedaily.com"
51.222.253.9 - - [14/Feb/2023:19:20:57 -0800] "GET /CRIME-WATCH-AMERICA/CRIME-WATCH-CHICAGO/mcd-prolog.html HTTP/1.1" 200 859 "-" "Mozilla/5.0 (compatible; AhrefsBot/7.0; +http://ahrefs.com/robot/)" "metrocrimedaily.com"
51.222.253.19 - - [14/Feb/2023:19:21:00 -0800] "GET /CRIME-WATCH-AMERICA/CRIME-WATCH-CHICAGO/styles-mcd.css HTTP/1.1" 404 88 "-" "Mozilla/5.0 (compatible; AhrefsBot/7.0; +http://ahrefs.com/robot/)" "metrocrimedaily.com"
51.222.253.12 - - [14/Feb/2023:19:23:18 -0800] "GET /CRIME-WATCH-AMERICA/CRIME-WATCH-DALLAS/INSTAGRAM-AUTOMATION/?C=D;O=A HTTP/1.1" 200 938 "-" "Mozilla/5.0 (compatible; AhrefsBot/7.0; +http://ahrefs.com/robot/)" "metrocrimedaily.com"
69.63.184.5 - - [14/Feb/2023:19:23:29 -0800] "GET /instagram-atlanta/02-14-2023-2051363-A.jpg HTTP/1.1" 200 210161 "-" "facebookexternalhit/1.1 (+http://www.facebook.com/externalhit_uatext.php)" "www.metrocrimedaily.com"
40.77.167.212 - - [14/Feb/2023:19:24:01 -0800] "GET /instagram-atlanta/12-26-2022-0645421-2-dead-at-Colorado-Jehovah-s-Witness-temple-after.txt HTTP/1.1" 404 88 "-" "Mozilla/5.0 AppleWebKit/537.36 (KHTML, like Gecko; compatible; bingbot/2.0; +http://www.bing.com/bingbot.htm) Chrome/103.0.5060.134 Safari/537.36" "www.metrocrimedaily.com"
51.222.253.4 - - [14/Feb/2023:19:25:40 -0800] "GET /CRIME-WATCH-AMERICA/CRIME-WATCH-DALLAS/INSTAGRAM-AUTOMATION/?C=M;O=A HTTP/1.1" 200 924 "-" "Mozilla/5.0 (compatible; AhrefsBot/7.0; +http://ahrefs.com/robot/)" "metrocrimedaily.com"
69.63.184.117 - - [14/Feb/2023:19:25:54 -0800] "GET /instagram-losangeles/02-14-2023-2054183-A.jpg HTTP/1.1" 200 222653 "-" "facebookexternalhit/1.1 (+http://www.facebook.com/externalhit_uatext.php)" "www.metrocrimedaily.com"
114.119.146.19 - - [14/Feb/2023:19:27:28 -0800] "GET /instagram-memphis/01-28-2023-1922031-Suspect-arrested-in-Olive-Branch-hotel-shooting-t.txt HTTP/1.1" 404 88 "https://metrocrimedaily.com/instagram-memphis/" "Mozilla/5.0 (Linux; Android 7.0;) AppleWebKit/537.36 (KHTML, like Gecko) Mobile Safari/537.36 (compatible; PetalBot;+https://webmaster.petalsearch.com/site/petalbot)" "metrocrimedaily.com"
51.222.253.5 - - [14/Feb/2023:19:28:15 -0800] "GET /CRIME-WATCH-AMERICA/CRIME-WATCH-DALLAS/INSTAGRAM-AUTOMATION/?C=S;O=A HTTP/1.1" 200 925 "-" "Mozilla/5.0 (compatible; AhrefsBot/7.0; +http://ahrefs.com/robot/)" "metrocrimedaily.com"
69.63.184.3 - - [14/Feb/2023:19:29:48 -0800] "GET /instagram-detroit/02-14-2023-2040144-A.jpg HTTP/1.1" 200 162994 "-" "facebookexternalhit/1.1 (+http://www.facebook.com/externalhit_uatext.php)" "www.metrocrimedaily.com"
54.188.188.181 - - [14/Feb/2023:19:29:50 -0800] "GET / HTTP/1.1" 200 90247 "-" "Mozilla/5.0 (X11; Linux x86_64) AppleWebKit/537.36 (KHTML, like Gecko) Chrome/83.0.4103.97 Safari/537.36" "metrocrimedaily.com"
51.222.253.4 - - [14/Feb/2023:19:30:50 -0800] "GET /CRIME-WATCH-AMERICA/CRIME-WATCH-HOUSTON/?C=N;O=D HTTP/1.1" 200 1196 "-" "Mozilla/5.0 (compatible; AhrefsBot/7.0; +http://ahrefs.com/robot/)" "metrocrimedaily.com"
185.191.171.9 - - [14/Feb/2023:19:33:02 -0800] "GET /robots.txt HTTP/1.1" 404 88 "-" "Mozilla/5.0 (compatible; SemrushBot/7~bl; +http://www.semrush.com/bot.html)" "metrocrimedaily.com"
185.191.171.43 - - [14/Feb/2023:19:33:02 -0800] "GET /installation/ HTTP/1.1" 200 314 "-" "Mozilla/5.0 (compatible; SemrushBot/7~bl; +http://www.semrush.com/bot.html)" "metrocrimedaily.com"
51.222.253.12 - - [14/Feb/2023:19:33:10 -0800] "GET /robots.txt HTTP/1.1" 404 88 "-" "Mozilla/5.0 (compatible; AhrefsBot/7.0; +http://ahrefs.com/robot/)" "metrocrimedaily.com"
51.222.253.8 - - [14/Feb/2023:19:33:11 -0800] "GET /gov-svc-detroit.html HTTP/1.1" 200 2125 "-" "Mozilla/5.0 (compatible; AhrefsBot/7.0; +http://ahrefs.com/robot/)" "metrocrimedaily.com"
51.222.253.1 - - [14/Feb/2023:19:35:17 -0800] "GET /instagram-newyork/02-14-2023-0912091-NYPD-releases-surveillance-pics-of-suspect-in-fat.txt HTTP/1.1" 200 803 "-" "Mozilla/5.0 (compatible; AhrefsBot/7.0; +http://ahrefs.com/robot/)" "www.metrocrimedaily.com"
34.216.56.162 - - [14/Feb/2023:19:35:34 -0800] "GET / HTTP/1.1" 200 90247 "-" "Mozilla/5.0 (X11; Linux x86_64) AppleWebKit/537.36 (KHTML, like Gecko) Chrome/83.0.4103.97 Safari/537.36" "metrocrimedaily.com"
69.63.184.5 - - [14/Feb/2023:19:35:44 -0800] "GET /instagram-dallas/02-14-2023-2002007-A.jpg HTTP/1.1" 200 130543 "-" "facebookexternalhit/1.1 (+http://www.facebook.com/externalhit_uatext.php)" "www.metrocrimedaily.com"
51.222.253.8 - - [14/Feb/2023:19:37:21 -0800] "GET /instagram-newyork/02-14-2023-0912092-Rapper-Playboi-Carti-arrested-in-Georgia-after-al.txt HTTP/1.1" 200 654 "-" "Mozilla/5.0 (compatible; AhrefsBot/7.0; +http://ahrefs.com/robot/)" "www.metrocrimedaily.com"
185.191.171.18 - - [14/Feb/2023:19:37:25 -0800] "GET /main-menu.html HTTP/1.1" 200 897 "-" "Mozilla/5.0 (compatible; SemrushBot/7~bl; +http://www.semrush.com/bot.html)" "metrocrimedaily.com"
185.191.171.43 - - [14/Feb/2023:19:37:35 -0800] "GET /?C=N%3BO%3DD HTTP/1.1" 200 90247 "-" "Mozilla/5.0 (compatible; SemrushBot/7~bl; +http://www.semrush.com/bot.html)" "metrocrimedaily.com"
69.63.184.118 - - [14/Feb/2023:19:39:03 -0800] "GET /instagram-atlanta/02-14-2023-2051364-A.jpg HTTP/1.1" 200 147400 "-" "facebookexternalhit/1.1 (+http://www.facebook.com/externalhit_uatext.php)" "www.metrocrimedaily.com"
51.222.253.2 - - [14/Feb/2023:19:39:31 -0800] "GET /instagram-newyork/02-14-2023-1134191-Veteran-NYPD-misconduct-lawyer-files-lawsuit-alle.txt HTTP/1.1" 200 1102 "-" "Mozilla/5.0 (compatible; AhrefsBot/7.0; +http://ahrefs.com/robot/)" "www.metrocrimedaily.com"
66.249.64.80 - - [14/Feb/2023:19:40:23 -0800] "GET /robots.txt HTTP/1.1" 404 88 "-" "Mozilla/5.0 (compatible; Googlebot/2.1; +http://www.google.com/bot.html)" "www.metrocrimedaily.com"
69.63.184.1 - - [14/Feb/2023:19:40:36 -0800] "GET /instagram-chicago/02-14-2023-2140161-A.jpg HTTP/1.1" 200 84672 "-" "facebookexternalhit/1.1 (+http://www.facebook.com/externalhit_uatext.php)" "www.metrocrimedaily.com"
69.63.184.119 - - [14/Feb/2023:19:41:32 -0800] "GET /instagram-losangeles/02-14-2023-2054184-A.jpg HTTP/1.1" 200 275940 "-" "facebookexternalhit/1.1 (+http://www.facebook.com/externalhit_uatext.php)" "www.metrocrimedaily.com"
51.222.253.18 - - [14/Feb/2023:19:41:52 -0800] "GET /instagram-newyork/02-14-2023-1243321-Appliance-thieves-target-Brooklyn-buildings-.txt HTTP/1.1" 200 774 "-" "Mozilla/5.0 (compatible; AhrefsBot/7.0; +http://ahrefs.com/robot/)" "www.metrocrimedaily.com"
51.222.253.6 - - [14/Feb/2023:19:44:07 -0800] "GET /instagram-newyork/02-14-2023-1338141-NJ-school-district-closed-after-possible-threat-b.txt HTTP/1.1" 200 1028 "-" "Mozilla/5.0 (compatible; AhrefsBot/7.0; +http://ahrefs.com/robot/)" "www.metrocrimedaily.com"
69.63.184.119 - - [14/Feb/2023:19:45:19 -0800] "GET /instagram-detroit/02-14-2023-2040145-A.jpg HTTP/1.1" 200 54420 "-" "facebookexternalhit/1.1 (+http://www.facebook.com/externalhit_uatext.php)" "www.metrocrimedaily.com"
69.63.184.2 - - [14/Feb/2023:19:45:34 -0800] "GET /instagram-miami/02-14-2023-2145131-A.jpg HTTP/1.1" 200 232766 "-" "facebookexternalhit/1.1 (+http://www.facebook.com/externalhit_uatext.php)" "www.metrocrimedaily.com"
51.222.253.7 - - [14/Feb/2023:19:46:30 -0800] "GET /instagram-newyork/02-14-2023-1510291-U-Haul-rampage-victims-include-GrubHub-worker-kil.txt HTTP/1.1" 200 1111 "-" "Mozilla/5.0 (compatible; AhrefsBot/7.0; +http://ahrefs.com/robot/)" "www.metrocrimedaily.com"
51.222.253.9 - - [14/Feb/2023:19:48:52 -0800] "GET /instagram-newyork/02-14-2023-1644001-Brooklyn-U-Haul-rampage-suspect-charged-with-murd.txt HTTP/1.1" 200 1073 "-" "Mozilla/5.0 (compatible; AhrefsBot/7.0; +http://ahrefs.com/robot/)" "www.metrocrimedaily.com"
69.63.184.3 - - [14/Feb/2023:19:51:18 -0800] "GET /instagram-dallas/02-14-2023-2002008-A.jpg HTTP/1.1" 200 173285 "-" "facebookexternalhit/1.1 (+http://www.facebook.com/externalhit_uatext.php)" "www.metrocrimedaily.com"
69.63.184.4 - - [14/Feb/2023:19:51:31 -0800] "GET /instagram-memphis/02-14-2023-2151091-A.jpg HTTP/1.1" 200 129467 "-" "facebookexternalhit/1.1 (+http://www.facebook.com/externalhit_uatext.php)" "www.metrocrimedaily.com"
51.222.253.17 - - [14/Feb/2023:19:51:47 -0800] "GET /instagram-newyork/02-14-2023-1740541-TikTok-challenge-resulting-in-stolen-cars--fatali.txt HTTP/1.1" 200 1067 "-" "Mozilla/5.0 (compatible; AhrefsBot/7.0; +http://ahrefs.com/robot/)" "www.metrocrimedaily.com"
69.63.184.4 - - [14/Feb/2023:19:52:00 -0800] "GET /instagram-memphis/02-14-2023-2151092-A.jpg HTTP/1.1" 200 114463 "-" "facebookexternalhit/1.1 (+http://www.facebook.com/externalhit_uatext.php)" "www.metrocrimedaily.com"
69.63.184.120 - - [14/Feb/2023:19:52:28 -0800] "GET /instagram-memphis/02-14-2023-2151093-A.jpg HTTP/1.1" 200 86422 "-" "facebookexternalhit/1.1 (+http://www.facebook.com/externalhit_uatext.php)" "www.metrocrimedaily.com"
69.63.184.120 - - [14/Feb/2023:19:52:54 -0800] "GET /instagram-memphis/02-14-2023-2151094-A.jpg HTTP/1.1" 200 96652 "-" "facebookexternalhit/1.1 (+http://www.facebook.com/externalhit_uatext.php)" "www.metrocrimedaily.com"
52.167.144.98 - - [14/Feb/2023:19:53:55 -0800] "GET /instagram-dallas/12-27-2022-2003291-Person-of-interest-in-Michigan-murder-killed-in-s.txt HTTP/1.1" 404 88 "-" "Mozilla/5.0 AppleWebKit/537.36 (KHTML, like Gecko; compatible; bingbot/2.0; +http://www.bing.com/bingbot.htm) Chrome/103.0.5060.134 Safari/537.36" "www.metrocrimedaily.com"
51.222.253.11 - - [14/Feb/2023:19:54:04 -0800] "GET /instagram-newyork/02-14-2023-1836411-Group-assaults--robs-67-year-old-man-in-Queens--N.txt HTTP/1.1" 200 670 "-" "Mozilla/5.0 (compatible; AhrefsBot/7.0; +http://ahrefs.com/robot/)" "www.metrocrimedaily.com"
69.63.184.119 - - [14/Feb/2023:19:54:43 -0800] "GET /instagram-atlanta/02-14-2023-2051365-A.jpg HTTP/1.1" 200 123419 "-" "facebookexternalhit/1.1 (+http://www.facebook.com/externalhit_uatext.php)" "www.metrocrimedaily.com"
69.63.184.117 - - [14/Feb/2023:19:56:13 -0800] "GET /instagram-chicago/02-14-2023-2140162-A.jpg HTTP/1.1" 200 510693 "-" "facebookexternalhit/1.1 (+http://www.facebook.com/externalhit_uatext.php)" "www.metrocrimedaily.com"
51.222.253.11 - - [14/Feb/2023:19:56:25 -0800] "GET /instagram-houston/02-13-2023-1049008-Seen-at-7--Romance-Scams-.txt HTTP/1.1" 200 496 "-" "Mozilla/5.0 (compatible; AhrefsBot/7.0; +http://ahrefs.com/robot/)" "metrocrimedaily.com"
69.63.184.2 - - [14/Feb/2023:19:57:03 -0800] "GET /instagram-losangeles/02-14-2023-2054185-A.jpg HTTP/1.1" 200 169224 "-" "facebookexternalhit/1.1 (+http://www.facebook.com/externalhit_uatext.php)" "www.metrocrimedaily.com"
51.222.253.8 - - [14/Feb/2023:19:58:36 -0800] "GET /instagram-houston/02-14-2023-13532511-Hyundai--Kia-update-security-after-TikTok-challen.txt HTTP/1.1" 200 1003 "-" "Mozilla/5.0 (compatible; AhrefsBot/7.0; +http://ahrefs.com/robot/)" "metrocrimedaily.com"
69.63.184.3 - - [14/Feb/2023:20:00:50 -0800] "GET /instagram-detroit/02-14-2023-2040146-A.jpg HTTP/1.1" 200 154619 "-" "facebookexternalhit/1.1 (+http://www.facebook.com/externalhit_uatext.php)" "www.metrocrimedaily.com"
51.222.253.17 - - [14/Feb/2023:20:00:59 -0800] "GET /instagram-houston/02-14-2023-13532512-Gunmen-storm-hospital-of-newborn-saved-from-quake.txt HTTP/1.1" 200 1062 "-" "Mozilla/5.0 (compatible; AhrefsBot/7.0; +http://ahrefs.com/robot/)" "metrocrimedaily.com"
69.63.184.117 - - [14/Feb/2023:20:01:17 -0800] "GET /instagram-detroit/02-14-2023-2040147-A.jpg HTTP/1.1" 200 133545 "-" "facebookexternalhit/1.1 (+http://www.facebook.com/externalhit_uatext.php)" "www.metrocrimedaily.com"
69.63.184.3 - - [14/Feb/2023:20:01:46 -0800] "GET /instagram-detroit/02-14-2023-2040148-A.jpg HTTP/1.1" 200 77167 "-" "facebookexternalhit/1.1 (+http://www.facebook.com/externalhit_uatext.php)" "www.metrocrimedaily.com"
76.184.252.42 - - [14/Feb/2023:20:02:03 -0800] "GET /images/police-tape.jpg HTTP/1.1" 200 50766 "-" "Wget/1.20.3 (mingw32)" "metrocrimedaily.com"
69.63.184.120 - - [14/Feb/2023:20:02:12 -0800] "GET /instagram-detroit/02-14-2023-2040149-A.jpg HTTP/1.1" 200 65271 "-" "facebookexternalhit/1.1 (+http://www.facebook.com/externalhit_uatext.php)" "www.metrocrimedaily.com"
69.63.184.119 - - [14/Feb/2023:20:02:39 -0800] "GET /instagram-detroit/02-14-2023-20401410-A.jpg HTTP/1.1" 200 108229 "-" "facebookexternalhit/1.1 (+http://www.facebook.com/externalhit_uatext.php)" "www.metrocrimedaily.com"
69.63.184.118 - - [14/Feb/2023:20:03:08 -0800] "GET /instagram-detroit/02-14-2023-20401411-A.jpg HTTP/1.1" 200 202535 "-" "facebookexternalhit/1.1 (+http://www.facebook.com/externalhit_uatext.php)" "www.metrocrimedaily.com"
76.184.252.42 - - [14/Feb/2023:20:03:26 -0800] "GET /images/police-tape.jpg HTTP/1.1" 200 50766 "-" "Wget/1.20.3 (mingw32)" "metrocrimedaily.com"
69.63.184.118 - - [14/Feb/2023:20:03:35 -0800] "GET /instagram-detroit/02-14-2023-20401412-A.jpg HTTP/1.1" 200 63329 "-" "facebookexternalhit/1.1 (+http://www.facebook.com/externalhit_uatext.php)" "www.metrocrimedaily.com"
69.63.184.4 - - [14/Feb/2023:20:04:03 -0800] "GET /instagram-detroit/02-14-2023-20401413-A.jpg HTTP/1.1" 200 152393 "-" "facebookexternalhit/1.1 (+http://www.facebook.com/externalhit_uatext.php)" "www.metrocrimedaily.com"
51.222.253.2 - - [14/Feb/2023:20:04:07 -0800] "GET /instagram-houston/02-14-2023-13532513-Where-is-Troy--Elliet--Wright--Police-need-your-h.txt HTTP/1.1" 200 477 "-" "Mozilla/5.0 (compatible; AhrefsBot/7.0; +http://ahrefs.com/robot/)" "metrocrimedaily.com"
69.63.184.1 - - [14/Feb/2023:20:04:30 -0800] "GET /instagram-detroit/02-14-2023-20401414-A.jpg HTTP/1.1" 200 78205 "-" "facebookexternalhit/1.1 (+http://www.facebook.com/externalhit_uatext.php)" "www.metrocrimedaily.com"
69.63.184.1 - - [14/Feb/2023:20:04:57 -0800] "GET /instagram-detroit/02-14-2023-20401415-A.jpg HTTP/1.1" 200 95187 "-" "facebookexternalhit/1.1 (+http://www.facebook.com/externalhit_uatext.php)" "www.metrocrimedaily.com"
69.63.184.120 - - [14/Feb/2023:20:05:23 -0800] "GET /instagram-houston/02-14-2023-2144171-A.jpg HTTP/1.1" 200 173383 "-" "facebookexternalhit/1.1 (+http://www.facebook.com/externalhit_uatext.php)" "www.metrocrimedaily.com"
69.63.184.116 - - [14/Feb/2023:20:05:25 -0800] "GET /instagram-detroit/02-14-2023-20401416-A.jpg HTTP/1.1" 200 169777 "-" "facebookexternalhit/1.1 (+http://www.facebook.com/externalhit_uatext.php)" "www.metrocrimedaily.com"
69.63.184.2 - - [14/Feb/2023:20:05:32 -0800] "GET /instagram-newyork/02-14-2023-2205121-A.jpg HTTP/1.1" 200 93833 "-" "facebookexternalhit/1.1 (+http://www.facebook.com/externalhit_uatext.php)" "www.metrocrimedaily.com"
69.63.184.1 - - [14/Feb/2023:20:05:53 -0800] "GET /instagram-houston/02-14-2023-2144172-A.jpg HTTP/1.1" 200 160711 "-" "facebookexternalhit/1.1 (+http://www.facebook.com/externalhit_uatext.php)" "www.metrocrimedaily.com"
69.63.184.1 - - [14/Feb/2023:20:05:53 -0800] "GET /instagram-detroit/02-14-2023-20401417-A.jpg HTTP/1.1" 200 127878 "-" "facebookexternalhit/1.1 (+http://www.facebook.com/externalhit_uatext.php)" "www.metrocrimedaily.com"
69.63.184.2 - - [14/Feb/2023:20:06:19 -0800] "GET /instagram-detroit/02-14-2023-20401418-A.jpg HTTP/1.1" 200 106634 "-" "facebookexternalhit/1.1 (+http://www.facebook.com/externalhit_uatext.php)" "www.metrocrimedaily.com"
69.63.184.2 - - [14/Feb/2023:20:06:22 -0800] "GET /instagram-houston/02-14-2023-2144173-A.jpg HTTP/1.1" 200 220661 "-" "facebookexternalhit/1.1 (+http://www.facebook.com/externalhit_uatext.php)" "www.metrocrimedaily.com"
51.222.253.9 - - [14/Feb/2023:20:06:28 -0800] "GET /instagram-houston/02-14-2023-1904471-Man-who-shot-innocent-bystander-outside-Jersey-Vi.txt HTTP/1.1" 200 1111 "-" "Mozilla/5.0 (compatible; AhrefsBot/7.0; +http://ahrefs.com/robot/)" "metrocrimedaily.com"
76.184.252.42 - - [14/Feb/2023:20:06:37 -0800] "GET /images/police-tape.jpg HTTP/1.1" 200 50766 "-" "Wget/1.20.3 (mingw32)" "metrocrimedaily.com"
69.63.184.116 - - [14/Feb/2023:20:06:46 -0800] "GET /instagram-detroit/02-14-2023-20401419-A.jpg HTTP/1.1" 200 63006 "-" "facebookexternalhit/1.1 (+http://www.facebook.com/externalhit_uatext.php)" "www.metrocrimedaily.com"
69.63.184.4 - - [14/Feb/2023:20:06:49 -0800] "GET /instagram-houston/02-14-2023-2144174-A.jpg HTTP/1.1" 200 281952 "-" "facebookexternalhit/1.1 (+http://www.facebook.com/externalhit_uatext.php)" "www.metrocrimedaily.com"
69.63.184.117 - - [14/Feb/2023:20:06:52 -0800] "GET /instagram-dallas/02-14-2023-2002009-A.jpg HTTP/1.1" 200 191165 "-" "facebookexternalhit/1.1 (+http://www.facebook.com/externalhit_uatext.php)" "www.metrocrimedaily.com"
76.184.252.42 - - [14/Feb/2023:20:07:03 -0800] "GET /images/police-tape.jpg HTTP/1.1" 200 50766 "-" "Wget/1.20.3 (mingw32)" "metrocrimedaily.com"
185.191.171.33 - - [14/Feb/2023:20:07:09 -0800] "GET /robots.txt HTTP/1.1" 404 88 "-" "Mozilla/5.0 (compatible; SemrushBot/7~bl; +http://www.semrush.com/bot.html)" "www.metrocrimedaily.com"
185.191.171.19 - - [14/Feb/2023:20:07:09 -0800] "GET /contact-us.html HTTP/1.1" 200 765 "-" "Mozilla/5.0 (compatible; SemrushBot/7~bl; +http://www.semrush.com/bot.html)" "www.metrocrimedaily.com"
69.63.184.120 - - [14/Feb/2023:20:07:12 -0800] "GET /instagram-detroit/02-14-2023-20401420-A.jpg HTTP/1.1" 200 62935 "-" "facebookexternalhit/1.1 (+http://www.facebook.com/externalhit_uatext.php)" "www.metrocrimedaily.com"
69.63.184.116 - - [14/Feb/2023:20:07:18 -0800] "GET /instagram-houston/02-14-2023-2144175-A.jpg HTTP/1.1" 200 284762 "-" "facebookexternalhit/1.1 (+http://www.facebook.com/externalhit_uatext.php)" "www.metrocrimedaily.com"
76.184.252.42 - - [14/Feb/2023:20:07:31 -0800] "GET /images/police-tape.jpg HTTP/1.1" 200 50766 "-" "Wget/1.20.3 (mingw32)" "metrocrimedaily.com"
69.63.184.112 - - [14/Feb/2023:20:07:41 -0800] "GET /instagram-detroit/02-14-2023-20401421-A.jpg HTTP/1.1" 200 54423 "-" "facebookexternalhit/1.1 (+http://www.facebook.com/externalhit_uatext.php)" "www.metrocrimedaily.com"
69.63.184.5 - - [14/Feb/2023:20:07:47 -0800] "GET /instagram-houston/02-14-2023-2144176-A.jpg HTTP/1.1" 200 140739 "-" "facebookexternalhit/1.1 (+http://www.facebook.com/externalhit_uatext.php)" "www.metrocrimedaily.com"
76.184.252.42 - - [14/Feb/2023:20:07:58 -0800] "GET /images/police-tape.jpg HTTP/1.1" 200 50766 "-" "Wget/1.20.3 (mingw32)" "metrocrimedaily.com"
69.63.184.118 - - [14/Feb/2023:20:08:07 -0800] "GET /instagram-detroit/02-14-2023-20401422-A.jpg HTTP/1.1" 200 70782 "-" "facebookexternalhit/1.1 (+http://www.facebook.com/externalhit_uatext.php)" "www.metrocrimedaily.com"
69.63.184.116 - - [14/Feb/2023:20:08:14 -0800] "GET /instagram-houston/02-14-2023-2144177-A.jpg HTTP/1.1" 200 70479 "-" "facebookexternalhit/1.1 (+http://www.facebook.com/externalhit_uatext.php)" "www.metrocrimedaily.com"
69.63.184.2 - - [14/Feb/2023:20:08:34 -0800] "GET /instagram-detroit/02-14-2023-20401423-A.jpg HTTP/1.1" 200 169811 "-" "facebookexternalhit/1.1 (+http://www.facebook.com/externalhit_uatext.php)" "www.metrocrimedaily.com"
69.63.184.120 - - [14/Feb/2023:20:08:42 -0800] "GET /instagram-houston/02-14-2023-2144178-A.jpg HTTP/1.1" 200 239409 "-" "facebookexternalhit/1.1 (+http://www.facebook.com/externalhit_uatext.php)" "www.metrocrimedaily.com"
76.184.252.42 - - [14/Feb/2023:20:08:52 -0800] "GET /images/police-tape.jpg HTTP/1.1" 200 50766 "-" "Wget/1.20.3 (mingw32)" "metrocrimedaily.com"
69.63.184.1 - - [14/Feb/2023:20:09:01 -0800] "GET /instagram-detroit/02-14-2023-20401424-A.jpg HTTP/1.1" 200 54789 "-" "facebookexternalhit/1.1 (+http://www.facebook.com/externalhit_uatext.php)" "www.metrocrimedaily.com"
69.63.184.4 - - [14/Feb/2023:20:09:10 -0800] "GET /instagram-houston/02-14-2023-2144179-A.jpg HTTP/1.1" 200 69940 "-" "facebookexternalhit/1.1 (+http://www.facebook.com/externalhit_uatext.php)" "www.metrocrimedaily.com"
51.222.253.11 - - [14/Feb/2023:20:09:18 -0800] "GET /instagram-houston/02-14-2023-1904472-Pct.-4--Armed-man-carjacks-woman-in-Atascocita-.txt HTTP/1.1" 200 388 "-" "Mozilla/5.0 (compatible; AhrefsBot/7.0; +http://ahrefs.com/robot/)" "metrocrimedaily.com"
69.63.184.1 - - [14/Feb/2023:20:09:28 -0800] "GET /instagram-detroit/02-14-2023-20401425-A.jpg HTTP/1.1" 200 85084 "-" "facebookexternalhit/1.1 (+http://www.facebook.com/externalhit_uatext.php)" "www.metrocrimedaily.com"
69.63.184.1 - - [14/Feb/2023:20:09:38 -0800] "GET /instagram-houston/02-14-2023-21441710-A.jpg HTTP/1.1" 200 228076 "-" "facebookexternalhit/1.1 (+http://www.facebook.com/externalhit_uatext.php)" "www.metrocrimedaily.com"
69.63.184.5 - - [14/Feb/2023:20:09:57 -0800] "GET /instagram-detroit/02-14-2023-20401426-A.jpg HTTP/1.1" 200 121133 "-" "facebookexternalhit/1.1 (+http://www.facebook.com/externalhit_uatext.php)" "www.metrocrimedaily.com"
69.63.184.3 - - [14/Feb/2023:20:10:05 -0800] "GET /instagram-houston/02-14-2023-21441711-A.jpg HTTP/1.1" 200 66219 "-" "facebookexternalhit/1.1 (+http://www.facebook.com/externalhit_uatext.php)" "www.metrocrimedaily.com"
69.63.184.117 - - [14/Feb/2023:20:10:16 -0800] "GET /instagram-atlanta/02-14-2023-2051366-A.jpg HTTP/1.1" 200 135846 "-" "facebookexternalhit/1.1 (+http://www.facebook.com/externalhit_uatext.php)" "www.metrocrimedaily.com"
69.63.184.120 - - [14/Feb/2023:20:11:47 -0800] "GET /instagram-chicago/02-14-2023-2140163-A.jpg HTTP/1.1" 200 89243 "-" "facebookexternalhit/1.1 (+http://www.facebook.com/externalhit_uatext.php)" "www.metrocrimedaily.com"
114.119.140.115 - - [14/Feb/2023:20:12:10 -0800] "GET /CRIME-WATCH-AMERICA/GOOD_BARBER_APP-MAKER/unix/bin/win32gnu.dll HTTP/1.1" 200 104448 "https://metrocrimedaily.com/CRIME-WATCH-AMERICA/GOOD_BARBER_APP-MAKER/unix/bin/?C=S%3BO%3DA" "Mozilla/5.0 (Linux; Android 7.0;) AppleWebKit/537.36 (KHTML, like Gecko) Mobile Safari/537.36 (compatible; PetalBot;+https://webmaster.petalsearch.com/site/petalbot)" "metrocrimedaily.com"
69.63.184.5 - - [14/Feb/2023:20:24:37 -0800] "GET /instagram-memphis/02-14-2023-2224161-A.jpg HTTP/1.1" 200 114899 "-" "facebookexternalhit/1.1 (+http://www.facebook.com/externalhit_uatext.php)" "www.metrocrimedaily.com"
69.63.184.117 - - [14/Feb/2023:20:25:04 -0800] "GET /instagram-memphis/02-14-2023-2224162-A.jpg HTTP/1.1" 200 99718 "-" "facebookexternalhit/1.1 (+http://www.facebook.com/externalhit_uatext.php)" "www.metrocrimedaily.com"
69.63.184.117 - - [14/Feb/2023:20:25:31 -0800] "GET /instagram-memphis/02-14-2023-2224163-A.jpg HTTP/1.1" 200 159505 "-" "facebookexternalhit/1.1 (+http://www.facebook.com/externalhit_uatext.php)" "www.metrocrimedaily.com"
69.63.184.2 - - [14/Feb/2023:20:25:49 -0800] "GET /instagram-atlanta/02-14-2023-2051367-A.jpg HTTP/1.1" 200 186312 "-" "facebookexternalhit/1.1 (+http://www.facebook.com/externalhit_uatext.php)" "www.metrocrimedaily.com"
69.63.184.116 - - [14/Feb/2023:20:26:18 -0800] "GET /instagram-atlanta/02-14-2023-2051368-A.jpg HTTP/1.1" 200 108341 "-" "facebookexternalhit/1.1 (+http://www.facebook.com/externalhit_uatext.php)" "www.metrocrimedaily.com"
185.191.171.7 - - [14/Feb/2023:20:26:35 -0800] "GET /mcd-epilog.html HTTP/1.1" 200 435 "-" "Mozilla/5.0 (compatible; SemrushBot/7~bl; +http://www.semrush.com/bot.html)" "metrocrimedaily.com"
69.63.184.2 - - [14/Feb/2023:20:26:48 -0800] "GET /instagram-atlanta/02-14-2023-2051369-A.jpg HTTP/1.1" 200 171596 "-" "facebookexternalhit/1.1 (+http://www.facebook.com/externalhit_uatext.php)" "www.metrocrimedaily.com"
69.63.184.3 - - [14/Feb/2023:20:27:18 -0800] "GET /instagram-atlanta/02-14-2023-20513610-A.jpg HTTP/1.1" 200 203908 "-" "facebookexternalhit/1.1 (+http://www.facebook.com/externalhit_uatext.php)" "www.metrocrimedaily.com"
69.63.184.117 - - [14/Feb/2023:20:27:47 -0800] "GET /instagram-atlanta/02-14-2023-20513611-A.jpg HTTP/1.1" 200 169152 "-" "facebookexternalhit/1.1 (+http://www.facebook.com/externalhit_uatext.php)" "www.metrocrimedaily.com"
69.63.184.1 - - [14/Feb/2023:20:28:15 -0800] "GET /instagram-atlanta/02-14-2023-20513612-A.jpg HTTP/1.1" 200 96544 "-" "facebookexternalhit/1.1 (+http://www.facebook.com/externalhit_uatext.php)" "www.metrocrimedaily.com"
69.63.184.1 - - [14/Feb/2023:20:28:43 -0800] "GET /instagram-atlanta/02-14-2023-20513613-A.jpg HTTP/1.1" 200 135849 "-" "facebookexternalhit/1.1 (+http://www.facebook.com/externalhit_uatext.php)" "www.metrocrimedaily.com"
69.63.184.119 - - [14/Feb/2023:20:29:11 -0800] "GET /instagram-atlanta/02-14-2023-20513614-A.jpg HTTP/1.1" 200 193981 "-" "facebookexternalhit/1.1 (+http://www.facebook.com/externalhit_uatext.php)" "www.metrocrimedaily.com"
69.63.184.120 - - [14/Feb/2023:20:29:39 -0800] "GET /instagram-atlanta/02-14-2023-20513615-A.jpg HTTP/1.1" 200 111853 "-" "facebookexternalhit/1.1 (+http://www.facebook.com/externalhit_uatext.php)" "www.metrocrimedaily.com"
69.63.184.117 - - [14/Feb/2023:20:30:07 -0800] "GET /instagram-atlanta/02-14-2023-20513616-A.jpg HTTP/1.1" 200 288132 "-" "facebookexternalhit/1.1 (+http://www.facebook.com/externalhit_uatext.php)" "www.metrocrimedaily.com"
69.63.184.1 - - [14/Feb/2023:20:30:36 -0800] "GET /instagram-atlanta/02-14-2023-20513617-A.jpg HTTP/1.1" 200 203834 "-" "facebookexternalhit/1.1 (+http://www.facebook.com/externalhit_uatext.php)" "www.metrocrimedaily.com"
69.63.184.116 - - [14/Feb/2023:20:31:02 -0800] "GET /instagram-atlanta/02-14-2023-20513618-A.jpg HTTP/1.1" 200 66169 "-" "facebookexternalhit/1.1 (+http://www.facebook.com/externalhit_uatext.php)" "www.metrocrimedaily.com"
69.63.184.117 - - [14/Feb/2023:20:31:27 -0800] "GET /instagram-atlanta/02-14-2023-20513619-A.jpg HTTP/1.1" 200 66169 "-" "facebookexternalhit/1.1 (+http://www.facebook.com/externalhit_uatext.php)" "www.metrocrimedaily.com"
69.63.184.119 - - [14/Feb/2023:20:31:51 -0800] "GET /instagram-atlanta/02-14-2023-20513620-A.jpg HTTP/1.1" 200 66169 "-" "facebookexternalhit/1.1 (+http://www.facebook.com/externalhit_uatext.php)" "www.metrocrimedaily.com"
69.63.184.4 - - [14/Feb/2023:20:32:16 -0800] "GET /instagram-atlanta/02-14-2023-20513621-A.jpg HTTP/1.1" 200 66169 "-" "facebookexternalhit/1.1 (+http://www.facebook.com/externalhit_uatext.php)" "www.metrocrimedaily.com"
114.119.141.228 - - [14/Feb/2023:20:32:50 -0800] "GET /instagram-stlouis/post-later/02-03-2023-1224342-Gov.-Parson-announces-new-website-to-help-prevent.txt HTTP/1.1" 404 88 "https://metrocrimedaily.com/instagram-stlouis/post-later/?C=S%3BO%3DA" "Mozilla/5.0 (Linux; Android 7.0;) AppleWebKit/537.36 (KHTML, like Gecko) Mobile Safari/537.36 (compatible; PetalBot;+https://webmaster.petalsearch.com/site/petalbot)" "metrocrimedaily.com"
51.222.253.8 - - [14/Feb/2023:20:39:37 -0800] "GET /CRIME-WATCH-AMERICA/CRIME-WATCH-STLOUIS/?C=S;O=D HTTP/1.1" 200 961 "-" "Mozilla/5.0 (compatible; AhrefsBot/7.0; +http://ahrefs.com/robot/)" "metrocrimedaily.com"
51.222.253.20 - - [14/Feb/2023:20:41:09 -0800] "GET /CRIME-WATCH-AMERICA/CRIME-WATCH-DALLAS/INSTAGRAM-AUTOMATION/ HTTP/1.1" 200 938 "-" "Mozilla/5.0 (compatible; AhrefsBot/7.0; +http://ahrefs.com/robot/)" "metrocrimedaily.com"
185.191.171.45 - - [14/Feb/2023:20:41:44 -0800] "GET / HTTP/1.1" 200 94442 "-" "Mozilla/5.0 (compatible; SemrushBot/7~bl; +http://www.semrush.com/bot.html)" "www.metrocrimedaily.com"
51.222.253.1 - - [14/Feb/2023:20:43:09 -0800] "GET /CRIME-WATCH-AMERICA/CRIME-WATCH-NEW-ORLEANS/support/?C=M;O=D HTTP/1.1" 200 711 "-" "Mozilla/5.0 (compatible; AhrefsBot/7.0; +http://ahrefs.com/robot/)" "metrocrimedaily.com"
51.222.253.7 - - [14/Feb/2023:20:45:14 -0800] "GET /CRIME-WATCH-AMERICA/CRIME-WATCH-STLOUIS/support/?C=M;O=D HTTP/1.1" 200 706 "-" "Mozilla/5.0 (compatible; AhrefsBot/7.0; +http://ahrefs.com/robot/)" "metrocrimedaily.com"
52.167.144.81 - - [14/Feb/2023:20:46:53 -0800] "GET /instagram-detroit/12-23-2022-1421092-Battle-Creek-man-killed-in-snowmobile-crash-.txt HTTP/1.1" 404 88 "-" "Mozilla/5.0 AppleWebKit/537.36 (KHTML, like Gecko; compatible; bingbot/2.0; +http://www.bing.com/bingbot.htm) Chrome/103.0.5060.134 Safari/537.36" "www.metrocrimedaily.com"
51.222.253.5 - - [14/Feb/2023:20:47:08 -0800] "GET /CRIME-WATCH-AMERICA/CRIME-WATCH-STLOUIS/support/?C=S;O=D HTTP/1.1" 200 698 "-" "Mozilla/5.0 (compatible; AhrefsBot/7.0; +http://ahrefs.com/robot/)" "www.metrocrimedaily.com"
51.222.253.2 - - [14/Feb/2023:20:49:06 -0800] "GET /instagram-houston/02-14-2023-19044717-Michigan-State-shooting-victims--2-Grosse-Pointe-.txt HTTP/1.1" 200 938 "-" "Mozilla/5.0 (compatible; AhrefsBot/7.0; +http://ahrefs.com/robot/)" "metrocrimedaily.com"
51.222.253.6 - - [14/Feb/2023:20:51:19 -0800] "GET /instagram-houston/02-14-2023-1904473-Woman-dies-after-being-shot--run-over-by-her-own-.txt HTTP/1.1" 200 707 "-" "Mozilla/5.0 (compatible; AhrefsBot/7.0; +http://ahrefs.com/robot/)" "metrocrimedaily.com"
157.55.39.216 - - [14/Feb/2023:20:51:55 -0800] "GET /instagram-detroit/12-19-2022-0743551-Man-fatally-shot-after-pointing-gun-at-officer-in.txt HTTP/1.1" 404 88 "-" "Mozilla/5.0 AppleWebKit/537.36 (KHTML, like Gecko; compatible; bingbot/2.0; +http://www.bing.com/bingbot.htm) Chrome/103.0.5060.134 Safari/537.36" "www.metrocrimedaily.com"
69.63.184.2 - - [14/Feb/2023:20:52:42 -0800] "GET /instagram-neworleans/02-14-2023-2252221-A.jpg HTTP/1.1" 200 185551 "-" "facebookexternalhit/1.1 (+http://www.facebook.com/externalhit_uatext.php)" "www.metrocrimedaily.com"
51.222.253.11 - - [14/Feb/2023:20:53:08 -0800] "GET /instagram-houston/02-14-2023-1904474-Security-guard-shot-at-Willowbrook-Mall--authorit.txt HTTP/1.1" 200 426 "-" "Mozilla/5.0 (compatible; AhrefsBot/7.0; +http://ahrefs.com/robot/)" "metrocrimedaily.com"
69.63.184.1 - - [14/Feb/2023:20:54:37 -0800] "GET /instagram-losangeles/02-14-2023-2254161-A.jpg HTTP/1.1" 200 92882 "-" "facebookexternalhit/1.1 (+http://www.facebook.com/externalhit_uatext.php)" "www.metrocrimedaily.com"
51.222.253.20 - - [14/Feb/2023:20:55:01 -0800] "GET /instagram-houston/post-later/02-13-2023-10490010-Estimated-230K-students-in-21-states-missing-from.txt HTTP/1.1" 200 1086 "-" "Mozilla/5.0 (compatible; AhrefsBot/7.0; +http://ahrefs.com/robot/)" "metrocrimedaily.com"
40.77.167.171 - - [14/Feb/2023:20:55:52 -0800] "GET /instagram-detroit/12-20-2022-0945462-Gun-jams-as-man-points-it-at-Dearborn-officers--k.txt HTTP/1.1" 404 88 "-" "Mozilla/5.0 AppleWebKit/537.36 (KHTML, like Gecko; compatible; bingbot/2.0; +http://www.bing.com/bingbot.htm) Chrome/103.0.5060.134 Safari/537.36" "www.metrocrimedaily.com"
51.222.253.11 - - [14/Feb/2023:20:56:40 -0800] "GET /instagram-houston/post-later/02-13-2023-1516191-Teen-shot--killed-after-approaching-car-in-parkin.txt HTTP/1.1" 200 49 "-" "Mozilla/5.0 (compatible; AhrefsBot/7.0; +http://ahrefs.com/robot/)" "metrocrimedaily.com"
69.63.184.5 - - [14/Feb/2023:20:57:55 -0800] "GET /instagram-memphis/02-14-2023-2257141-A.jpg HTTP/1.1" 200 100033 "-" "facebookexternalhit/1.1 (+http://www.facebook.com/externalhit_uatext.php)" "www.metrocrimedaily.com"
69.63.184.117 - - [14/Feb/2023:20:58:22 -0800] "GET /instagram-memphis/02-14-2023-2257142-A.jpg HTTP/1.1" 200 110735 "-" "facebookexternalhit/1.1 (+http://www.facebook.com/externalhit_uatext.php)" "www.metrocrimedaily.com"
51.222.253.14 - - [14/Feb/2023:20:58:49 -0800] "GET /instagram-houston/post-later/02-13-2023-15161910-Judge-rejects-bid-by-families-of-plane-crash-vict.txt HTTP/1.1" 200 1086 "-" "Mozilla/5.0 (compatible; AhrefsBot/7.0; +http://ahrefs.com/robot/)" "metrocrimedaily.com"
185.191.171.12 - - [14/Feb/2023:21:00:12 -0800] "GET /robots.txt HTTP/1.1" 404 88 "-" "Mozilla/5.0 (compatible; SemrushBot/7~bl; +http://www.semrush.com/bot.html)" "metrocrimedaily.com"
185.191.171.42 - - [14/Feb/2023:21:00:13 -0800] "GET /index-atlanta.html HTTP/1.1" 200 127079 "-" "Mozilla/5.0 (compatible; SemrushBot/7~bl; +http://www.semrush.com/bot.html)" "metrocrimedaily.com"
51.222.253.5 - - [14/Feb/2023:21:00:37 -0800] "GET /instagram-houston/post-later/02-13-2023-15161911-17-year-old-boy-dies-after-being-shot-Saturday-in.txt HTTP/1.1" 200 518 "-" "Mozilla/5.0 (compatible; AhrefsBot/7.0; +http://ahrefs.com/robot/)" "metrocrimedaily.com"
69.63.184.5 - - [14/Feb/2023:21:00:58 -0800] "GET /instagram-miami/02-14-2023-2300371-A.jpg HTTP/1.1" 200 146837 "-" "facebookexternalhit/1.1 (+http://www.facebook.com/externalhit_uatext.php)" "www.metrocrimedaily.com"
69.63.184.4 - - [14/Feb/2023:21:01:45 -0800] "GET /instagram-chicago/02-14-2023-2301241-A.jpg HTTP/1.1" 200 165656 "-" "facebookexternalhit/1.1 (+http://www.facebook.com/externalhit_uatext.php)" "www.metrocrimedaily.com"
51.222.253.2 - - [14/Feb/2023:21:02:20 -0800] "GET /instagram-houston/post-later/02-13-2023-15161912-8-students-come-forward-after-former-HISD-teacher.txt HTTP/1.1" 200 184 "-" "Mozilla/5.0 (compatible; AhrefsBot/7.0; +http://ahrefs.com/robot/)" "metrocrimedaily.com"
51.222.253.6 - - [14/Feb/2023:21:04:51 -0800] "GET /instagram-houston/post-later/02-13-2023-15161913-Raw-video--Truck-driver-killed-in-crash-involving.txt HTTP/1.1" 200 49 "-" "Mozilla/5.0 (compatible; AhrefsBot/7.0; +http://ahrefs.com/robot/)" "metrocrimedaily.com"
66.249.70.132 - - [14/Feb/2023:21:05:07 -0800] "GET /=.%20=.%20= HTTP/1.1" 404 88 "-" "Mozilla/5.0 (Linux; Android 6.0.1; Nexus 5X Build/MMB29P) AppleWebKit/537.36 (KHTML, like Gecko) Chrome/110.0.5481.77 Mobile Safari/537.36 (compatible; Googlebot/2.1; +http://www.google.com/bot.html)" "metrocrimedaily.com"
69.63.184.116 - - [14/Feb/2023:21:05:39 -0800] "GET /instagram-houston/02-14-2023-2305191-A.jpg HTTP/1.1" 200 166277 "-" "facebookexternalhit/1.1 (+http://www.facebook.com/externalhit_uatext.php)" "www.metrocrimedaily.com"
69.63.184.1 - - [14/Feb/2023:21:06:08 -0800] "GET /instagram-houston/02-14-2023-2305192-A.jpg HTTP/1.1" 200 116607 "-" "facebookexternalhit/1.1 (+http://www.facebook.com/externalhit_uatext.php)" "www.metrocrimedaily.com"
69.63.184.117 - - [14/Feb/2023:21:06:35 -0800] "GET /instagram-houston/02-14-2023-2305193-A.jpg HTTP/1.1" 200 212114 "-" "facebookexternalhit/1.1 (+http://www.facebook.com/externalhit_uatext.php)" "www.metrocrimedaily.com"
51.222.253.15 - - [14/Feb/2023:21:06:36 -0800] "GET /instagram-houston/post-later/02-13-2023-15161914-5-years-after-Parkland-school-shooting--families-.txt HTTP/1.1" 200 1074 "-" "Mozilla/5.0 (compatible; AhrefsBot/7.0; +http://ahrefs.com/robot/)" "metrocrimedaily.com"
69.63.184.1 - - [14/Feb/2023:21:07:02 -0800] "GET /instagram-houston/02-14-2023-2305194-A.jpg HTTP/1.1" 200 83803 "-" "facebookexternalhit/1.1 (+http://www.facebook.com/externalhit_uatext.php)" "www.metrocrimedaily.com"
69.63.184.3 - - [14/Feb/2023:21:07:29 -0800] "GET /instagram-houston/02-14-2023-2305195-A.jpg HTTP/1.1" 200 190643 "-" "facebookexternalhit/1.1 (+http://www.facebook.com/externalhit_uatext.php)" "www.metrocrimedaily.com"
185.191.171.16 - - [14/Feb/2023:21:07:30 -0800] "GET /backup-05-31-20/ HTTP/1.1" 200 544 "-" "Mozilla/5.0 (compatible; SemrushBot/7~bl; +http://www.semrush.com/bot.html)" "metrocrimedaily.com"
51.222.253.6 - - [14/Feb/2023:21:08:18 -0800] "GET /instagram-houston/post-later/02-13-2023-15161915-Suspect-linked-to-series-of-library-burglaries--H.txt HTTP/1.1" 200 646 "-" "Mozilla/5.0 (compatible; AhrefsBot/7.0; +http://ahrefs.com/robot/)" "metrocrimedaily.com"
51.222.253.18 - - [14/Feb/2023:21:10:12 -0800] "GET /instagram-houston/post-later/02-13-2023-1516192-Man-dies-6-days-after-being-struck-by-vehicle-in-.txt HTTP/1.1" 200 410 "-" "Mozilla/5.0 (compatible; AhrefsBot/7.0; +http://ahrefs.com/robot/)" "metrocrimedaily.com"
69.63.184.3 - - [14/Feb/2023:21:11:36 -0800] "GET /instagram-dallas/02-14-2023-2311161-A.jpg HTTP/1.1" 200 177682 "-" "facebookexternalhit/1.1 (+http://www.facebook.com/externalhit_uatext.php)" "www.metrocrimedaily.com"
69.63.184.118 - - [14/Feb/2023:21:12:04 -0800] "GET /instagram-dallas/02-14-2023-2311162-A.jpg HTTP/1.1" 200 137082 "-" "facebookexternalhit/1.1 (+http://www.facebook.com/externalhit_uatext.php)" "www.metrocrimedaily.com"
51.222.253.17 - - [14/Feb/2023:21:12:22 -0800] "GET /instagram-houston/post-later/02-13-2023-1516193-Man-charged-in-crash-after-woman-exits-moving-veh.txt HTTP/1.1" 200 642 "-" "Mozilla/5.0 (compatible; AhrefsBot/7.0; +http://ahrefs.com/robot/)" "metrocrimedaily.com"
69.63.184.5 - - [14/Feb/2023:21:12:35 -0800] "GET /instagram-dallas/02-14-2023-2311163-A.jpg HTTP/1.1" 200 654675 "-" "facebookexternalhit/1.1 (+http://www.facebook.com/externalhit_uatext.php)" "www.metrocrimedaily.com"
69.63.184.116 - - [14/Feb/2023:21:13:06 -0800] "GET /instagram-dallas/02-14-2023-2311164-A.jpg HTTP/1.1" 200 174393 "-" "facebookexternalhit/1.1 (+http://www.facebook.com/externalhit_uatext.php)" "www.metrocrimedaily.com"
69.63.184.119 - - [14/Feb/2023:21:13:34 -0800] "GET /instagram-dallas/02-14-2023-2311165-A.jpg HTTP/1.1" 200 265134 "-" "facebookexternalhit/1.1 (+http://www.facebook.com/externalhit_uatext.php)" "www.metrocrimedaily.com"
69.63.184.5 - - [14/Feb/2023:21:14:02 -0800] "GET /instagram-dallas/02-14-2023-2311166-A.jpg HTTP/1.1" 200 251213 "-" "facebookexternalhit/1.1 (+http://www.facebook.com/externalhit_uatext.php)" "www.metrocrimedaily.com"
51.222.253.13 - - [14/Feb/2023:21:14:08 -0800] "GET /instagram-houston/post-later/02-13-2023-1516194-Feds-probe-United-plane-s-December-dip-near-ocean.txt HTTP/1.1" 200 838 "-" "Mozilla/5.0 (compatible; AhrefsBot/7.0; +http://ahrefs.com/robot/)" "metrocrimedaily.com"
51.222.253.16 - - [14/Feb/2023:21:16:06 -0800] "GET /instagram-houston/post-later/02-13-2023-1516195-Gloucester-homicide-discovered-after-break-in%3B-ar.txt HTTP/1.1" 200 1072 "-" "Mozilla/5.0 (compatible; AhrefsBot/7.0; +http://ahrefs.com/robot/)" "metrocrimedaily.com"
69.63.184.119 - - [14/Feb/2023:21:17:21 -0800] "GET /instagram-chicago/02-14-2023-2301242-A.jpg HTTP/1.1" 200 87799 "-" "facebookexternalhit/1.1 (+http://www.facebook.com/externalhit_uatext.php)" "www.metrocrimedaily.com"
69.63.184.2 - - [14/Feb/2023:21:17:50 -0800] "GET /instagram-chicago/02-14-2023-2301243-A.jpg HTTP/1.1" 200 162914 "-" "facebookexternalhit/1.1 (+http://www.facebook.com/externalhit_uatext.php)" "www.metrocrimedaily.com"
51.222.253.11 - - [14/Feb/2023:21:18:04 -0800] "GET /instagram-houston/post-later/02-13-2023-1516196----Commitment-to-transparency-----FBI-agrees-to-s.txt HTTP/1.1" 200 1138 "-" "Mozilla/5.0 (compatible; AhrefsBot/7.0; +http://ahrefs.com/robot/)" "metrocrimedaily.com"
51.222.253.3 - - [14/Feb/2023:21:20:05 -0800] "GET /instagram-houston/post-later/02-13-2023-1516197-HPD--Homicide-investigation-underway-after-body-f.txt HTTP/1.1" 200 49 "-" "Mozilla/5.0 (compatible; AhrefsBot/7.0; +http://ahrefs.com/robot/)" "metrocrimedaily.com"
51.222.253.4 - - [14/Feb/2023:21:22:00 -0800] "GET /instagram-houston/post-later/02-13-2023-1516198-Houston-nonprofit-hosts-supply-drive-for-victims-.txt HTTP/1.1" 200 49 "-" "Mozilla/5.0 (compatible; AhrefsBot/7.0; +http://ahrefs.com/robot/)" "metrocrimedaily.com"
51.222.253.16 - - [14/Feb/2023:21:23:59 -0800] "GET /instagram-houston/post-later/02-13-2023-1516199-18-year-old-charged-after-2-killed--1-hurt-in-Hou.txt HTTP/1.1" 200 684 "-" "Mozilla/5.0 (compatible; AhrefsBot/7.0; +http://ahrefs.com/robot/)" "metrocrimedaily.com"
69.63.184.2 - - [14/Feb/2023:21:24:58 -0800] "GET /instagram-detroit/02-14-2023-2322511-A.jpg HTTP/1.1" 200 164290 "-" "facebookexternalhit/1.1 (+http://www.facebook.com/externalhit_uatext.php)" "www.metrocrimedaily.com"
69.63.184.116 - - [14/Feb/2023:21:25:27 -0800] "GET /instagram-detroit/02-14-2023-2322512-A.jpg HTTP/1.1" 200 89038 "-" "facebookexternalhit/1.1 (+http://www.facebook.com/externalhit_uatext.php)" "www.metrocrimedaily.com"
76.184.252.42 - - [14/Feb/2023:21:25:45 -0800] "GET /images/police-tape.jpg HTTP/1.1" 200 50766 "-" "Wget/1.20.3 (mingw32)" "metrocrimedaily.com"
