149.202.82.11 - - [10/Feb/2023:12:25:34 -0800] "GET /CRIME-WATCH-AMERICA/CRIME-WATCH-DALLAS/ HTTP/1.1" 200 1371 "-" "Mozilla/5.0 (compatible; MJ12bot/v1.4.8; http://mj12bot.com/)" "metrocrimedaily.com"
149.202.82.11 - - [10/Feb/2023:12:25:53 -0800] "GET /CRIME-WATCH-AMERICA/CRIME-WATCH-DETROIT/ HTTP/1.1" 200 1993 "-" "Mozilla/5.0 (compatible; MJ12bot/v1.4.8; http://mj12bot.com/)" "metrocrimedaily.com"
149.202.82.11 - - [10/Feb/2023:12:26:20 -0800] "GET /CRIME-WATCH-AMERICA/CRIME-WATCH-DETROIT/ HTTP/1.1" 200 1993 "-" "Mozilla/5.0 (compatible; MJ12bot/v1.4.8; http://mj12bot.com/)" "metrocrimedaily.com"
69.63.184.119 - - [10/Feb/2023:12:26:30 -0800] "GET /instagram-dallas/02-10-2023-1410083-A.jpg HTTP/1.1" 200 274159 "-" "facebookexternalhit/1.1 (+http://www.facebook.com/externalhit_uatext.php)" "www.metrocrimedaily.com"
149.202.82.11 - - [10/Feb/2023:12:26:41 -0800] "GET /CRIME-WATCH-AMERICA/CRIME-WATCH-HOUSTON/ HTTP/1.1" 200 1194 "-" "Mozilla/5.0 (compatible; MJ12bot/v1.4.8; http://mj12bot.com/)" "metrocrimedaily.com"
69.63.184.117 - - [10/Feb/2023:12:26:57 -0800] "GET /instagram-dallas/02-10-2023-1410084-A.jpg HTTP/1.1" 200 176134 "-" "facebookexternalhit/1.1 (+http://www.facebook.com/externalhit_uatext.php)" "www.metrocrimedaily.com"
149.202.82.11 - - [10/Feb/2023:12:27:07 -0800] "GET /CRIME-WATCH-AMERICA/CRIME-WATCH-HOUSTON/ HTTP/1.1" 200 1194 "-" "Mozilla/5.0 (compatible; MJ12bot/v1.4.8; http://mj12bot.com/)" "metrocrimedaily.com"
149.202.82.11 - - [10/Feb/2023:12:27:29 -0800] "GET /CRIME-WATCH-AMERICA/CRIME-WATCH-LOS-ANGELES/ HTTP/1.1" 200 379 "-" "Mozilla/5.0 (compatible; MJ12bot/v1.4.8; http://mj12bot.com/)" "metrocrimedaily.com"
149.202.82.11 - - [10/Feb/2023:12:27:43 -0800] "GET /CRIME-WATCH-AMERICA/CRIME-WATCH-LOS-ANGELES/ HTTP/1.1" 200 379 "-" "Mozilla/5.0 (compatible; MJ12bot/v1.4.8; http://mj12bot.com/)" "metrocrimedaily.com"
149.202.82.11 - - [10/Feb/2023:12:28:25 -0800] "GET /CRIME-WATCH-AMERICA/CRIME-WATCH-MEMPHIS/ HTTP/1.1" 200 376 "-" "Mozilla/5.0 (compatible; MJ12bot/v1.4.8; http://mj12bot.com/)" "metrocrimedaily.com"
149.202.82.11 - - [10/Feb/2023:12:28:49 -0800] "GET /CRIME-WATCH-AMERICA/CRIME-WATCH-MEMPHIS/ HTTP/1.1" 200 376 "-" "Mozilla/5.0 (compatible; MJ12bot/v1.4.8; http://mj12bot.com/)" "metrocrimedaily.com"
149.202.82.11 - - [10/Feb/2023:12:29:18 -0800] "GET /CRIME-WATCH-AMERICA/CRIME-WATCH-MIAMI/ HTTP/1.1" 200 374 "-" "Mozilla/5.0 (compatible; MJ12bot/v1.4.8; http://mj12bot.com/)" "metrocrimedaily.com"
69.63.184.1 - - [10/Feb/2023:12:29:33 -0800] "GET /instagram-atlanta/02-10-2023-1428561-A.jpg HTTP/1.1" 200 183362 "-" "facebookexternalhit/1.1 (+http://www.facebook.com/externalhit_uatext.php)" "www.metrocrimedaily.com"
173.252.111.21 - - [10/Feb/2023:12:29:41 -0800] "GET /instagram-newyork/02-10-2023-1429181-A.jpg HTTP/1.1" 200 195603 "-" "facebookexternalhit/1.1 (+http://www.facebook.com/externalhit_uatext.php)" "www.metrocrimedaily.com"
173.252.111.4 - - [10/Feb/2023:12:29:48 -0800] "GET /instagram-stlouis/02-10-2023-1357094-A.jpg HTTP/1.1" 200 187833 "-" "facebookexternalhit/1.1 (+http://www.facebook.com/externalhit_uatext.php)" "www.metrocrimedaily.com"
149.202.82.11 - - [10/Feb/2023:12:29:50 -0800] "GET /CRIME-WATCH-AMERICA/CRIME-WATCH-MIAMI/ HTTP/1.1" 200 374 "-" "Mozilla/5.0 (compatible; MJ12bot/v1.4.8; http://mj12bot.com/)" "metrocrimedaily.com"
149.202.82.11 - - [10/Feb/2023:12:30:12 -0800] "GET /CRIME-WATCH-AMERICA/CRIME-WATCH-NEW-ORLEANS/ HTTP/1.1" 200 379 "-" "Mozilla/5.0 (compatible; MJ12bot/v1.4.8; http://mj12bot.com/)" "metrocrimedaily.com"
149.202.82.11 - - [10/Feb/2023:12:30:35 -0800] "GET /CRIME-WATCH-AMERICA/CRIME-WATCH-NEW-ORLEANS/ HTTP/1.1" 200 379 "-" "Mozilla/5.0 (compatible; MJ12bot/v1.4.8; http://mj12bot.com/)" "metrocrimedaily.com"
149.202.82.11 - - [10/Feb/2023:12:30:56 -0800] "GET /CRIME-WATCH-AMERICA/CRIME-WATCH-NEW-YORK-CITY/ HTTP/1.1" 200 381 "-" "Mozilla/5.0 (compatible; MJ12bot/v1.4.8; http://mj12bot.com/)" "metrocrimedaily.com"
149.202.82.11 - - [10/Feb/2023:12:31:21 -0800] "GET /CRIME-WATCH-AMERICA/CRIME-WATCH-NEW-YORK-CITY/ HTTP/1.1" 200 381 "-" "Mozilla/5.0 (compatible; MJ12bot/v1.4.8; http://mj12bot.com/)" "metrocrimedaily.com"
149.202.82.11 - - [10/Feb/2023:12:31:46 -0800] "GET /CRIME-WATCH-AMERICA/CRIME-WATCH-STLOUIS/ HTTP/1.1" 200 974 "-" "Mozilla/5.0 (compatible; MJ12bot/v1.4.8; http://mj12bot.com/)" "metrocrimedaily.com"
149.202.82.11 - - [10/Feb/2023:12:32:06 -0800] "GET /CRIME-WATCH-AMERICA/CRIME-WATCH-STLOUIS/ HTTP/1.1" 200 974 "-" "Mozilla/5.0 (compatible; MJ12bot/v1.4.8; http://mj12bot.com/)" "metrocrimedaily.com"
51.222.253.3 - - [10/Feb/2023:12:32:11 -0800] "GET /instagram-atlanta/?C=N;O=D HTTP/1.1" 200 3063 "-" "Mozilla/5.0 (compatible; AhrefsBot/7.0; +http://ahrefs.com/robot/)" "metrocrimedaily.com"
149.202.82.11 - - [10/Feb/2023:12:32:26 -0800] "GET /CRIME-WATCH-AMERICA/DELETE-ME-IM-JUNK/ HTTP/1.1" 200 399 "-" "Mozilla/5.0 (compatible; MJ12bot/v1.4.8; http://mj12bot.com/)" "metrocrimedaily.com"
149.202.82.11 - - [10/Feb/2023:12:32:52 -0800] "GET /CRIME-WATCH-AMERICA/DELETE-ME-IM-JUNK/ HTTP/1.1" 200 399 "-" "Mozilla/5.0 (compatible; MJ12bot/v1.4.8; http://mj12bot.com/)" "metrocrimedaily.com"
149.202.82.11 - - [10/Feb/2023:12:33:10 -0800] "GET /CRIME-WATCH-AMERICA/GOOD_BARBER_APP-MAKER/ HTTP/1.1" 200 1661 "-" "Mozilla/5.0 (compatible; MJ12bot/v1.4.8; http://mj12bot.com/)" "metrocrimedaily.com"
149.202.82.11 - - [10/Feb/2023:12:33:31 -0800] "GET /CRIME-WATCH-AMERICA/GOOD_BARBER_APP-MAKER/ HTTP/1.1" 200 1661 "-" "Mozilla/5.0 (compatible; MJ12bot/v1.4.8; http://mj12bot.com/)" "metrocrimedaily.com"
149.202.82.11 - - [10/Feb/2023:12:33:49 -0800] "GET /abc13.com.%20= HTTP/1.1" 404 88 "-" "Mozilla/5.0 (compatible; MJ12bot/v1.4.8; http://mj12bot.com/)" "metrocrimedaily.com"
149.202.82.11 - - [10/Feb/2023:12:34:06 -0800] "GET /abc13.com.%20= HTTP/1.1" 404 88 "-" "Mozilla/5.0 (compatible; MJ12bot/v1.4.8; http://mj12bot.com/)" "metrocrimedaily.com"
149.202.82.11 - - [10/Feb/2023:12:34:34 -0800] "GET /abc13.com.com HTTP/1.1" 404 88 "-" "Mozilla/5.0 (compatible; MJ12bot/v1.4.8; http://mj12bot.com/)" "metrocrimedaily.com"
173.252.111.11 - - [10/Feb/2023:12:34:48 -0800] "GET /instagram-houston/02-10-2023-1418522-A.jpg HTTP/1.1" 200 187266 "-" "facebookexternalhit/1.1 (+http://www.facebook.com/externalhit_uatext.php)" "www.metrocrimedaily.com"
149.202.82.11 - - [10/Feb/2023:12:34:58 -0800] "GET /abc13.com.com HTTP/1.1" 404 88 "-" "Mozilla/5.0 (compatible; MJ12bot/v1.4.8; http://mj12bot.com/)" "metrocrimedaily.com"
149.202.82.11 - - [10/Feb/2023:12:35:23 -0800] "GET /abc7chicago.com.%20= HTTP/1.1" 404 88 "-" "Mozilla/5.0 (compatible; MJ12bot/v1.4.8; http://mj12bot.com/)" "metrocrimedaily.com"
149.202.82.11 - - [10/Feb/2023:12:35:53 -0800] "GET /abc7chicago.com.%20= HTTP/1.1" 404 88 "-" "Mozilla/5.0 (compatible; MJ12bot/v1.4.8; http://mj12bot.com/)" "metrocrimedaily.com"
149.202.82.11 - - [10/Feb/2023:12:36:12 -0800] "GET /abc7chicago.com.com HTTP/1.1" 404 88 "-" "Mozilla/5.0 (compatible; MJ12bot/v1.4.8; http://mj12bot.com/)" "metrocrimedaily.com"
114.119.156.124 - - [10/Feb/2023:12:36:25 -0800] "GET /instagram-neworleans/02-06-2023-1912014-St.-Tammany-Parish-coroner-suspects-overdose-deat.txt HTTP/1.1" 404 88 "https://metrocrimedaily.com/instagram-neworleans/?C=N%3BO%3DD" "Mozilla/5.0 (Linux; Android 7.0;) AppleWebKit/537.36 (KHTML, like Gecko) Mobile Safari/537.36 (compatible; PetalBot;+https://webmaster.petalsearch.com/site/petalbot)" "metrocrimedaily.com"
149.202.82.11 - - [10/Feb/2023:12:36:31 -0800] "GET /abc7chicago.com.com HTTP/1.1" 404 88 "-" "Mozilla/5.0 (compatible; MJ12bot/v1.4.8; http://mj12bot.com/)" "metrocrimedaily.com"
149.202.82.11 - - [10/Feb/2023:12:36:49 -0800] "GET /backup-05-31-20/?C=D;O=A HTTP/1.1" 200 544 "-" "Mozilla/5.0 (compatible; MJ12bot/v1.4.8; http://mj12bot.com/)" "metrocrimedaily.com"
51.222.253.10 - - [10/Feb/2023:12:37:03 -0800] "GET / HTTP/1.1" 200 1661 "-" "Mozilla/5.0 (compatible; AhrefsBot/7.0; +http://ahrefs.com/robot/)" "www.metrocrimedaily.com"
149.202.82.11 - - [10/Feb/2023:12:37:15 -0800] "GET /backup-05-31-20/?C=D;O=A HTTP/1.1" 200 544 "-" "Mozilla/5.0 (compatible; MJ12bot/v1.4.8; http://mj12bot.com/)" "metrocrimedaily.com"
149.202.82.11 - - [10/Feb/2023:12:37:32 -0800] "GET /backup-05-31-20/?C=M;O=A HTTP/1.1" 200 545 "-" "Mozilla/5.0 (compatible; MJ12bot/v1.4.8; http://mj12bot.com/)" "metrocrimedaily.com"
114.119.157.96 - - [10/Feb/2023:12:37:47 -0800] "GET /instagram-neworleans/02-02-2023-0214581-Sunak-marks-100-days-as-UK-prime-minister-as-prob.txt HTTP/1.1" 404 88 "https://metrocrimedaily.com/instagram-neworleans/?C=N%3BO%3DD" "Mozilla/5.0 (Linux; Android 7.0;) AppleWebKit/537.36 (KHTML, like Gecko) Mobile Safari/537.36 (compatible; PetalBot;+https://webmaster.petalsearch.com/site/petalbot)" "metrocrimedaily.com"
149.202.82.11 - - [10/Feb/2023:12:37:51 -0800] "GET /backup-05-31-20/?C=M;O=A HTTP/1.1" 200 545 "-" "Mozilla/5.0 (compatible; MJ12bot/v1.4.8; http://mj12bot.com/)" "metrocrimedaily.com"
149.202.82.11 - - [10/Feb/2023:12:38:12 -0800] "GET /backup-05-31-20/?C=N;O=D HTTP/1.1" 200 544 "-" "Mozilla/5.0 (compatible; MJ12bot/v1.4.8; http://mj12bot.com/)" "metrocrimedaily.com"
149.202.82.11 - - [10/Feb/2023:12:38:30 -0800] "GET /backup-05-31-20/?C=N;O=D HTTP/1.1" 200 544 "-" "Mozilla/5.0 (compatible; MJ12bot/v1.4.8; http://mj12bot.com/)" "metrocrimedaily.com"
149.202.82.11 - - [10/Feb/2023:12:38:52 -0800] "GET /backup-05-31-20/?C=S;O=A HTTP/1.1" 200 547 "-" "Mozilla/5.0 (compatible; MJ12bot/v1.4.8; http://mj12bot.com/)" "metrocrimedaily.com"
149.202.82.11 - - [10/Feb/2023:12:39:11 -0800] "GET /backup-05-31-20/?C=S;O=A HTTP/1.1" 200 547 "-" "Mozilla/5.0 (compatible; MJ12bot/v1.4.8; http://mj12bot.com/)" "metrocrimedaily.com"
149.202.82.11 - - [10/Feb/2023:12:39:31 -0800] "GET /backup-05-31-20/about-us.html HTTP/1.1" 200 425 "-" "Mozilla/5.0 (compatible; MJ12bot/v1.4.8; http://mj12bot.com/)" "metrocrimedaily.com"
149.202.82.11 - - [10/Feb/2023:12:39:53 -0800] "GET /backup-05-31-20/about-us.html HTTP/1.1" 200 425 "-" "Mozilla/5.0 (compatible; MJ12bot/v1.4.8; http://mj12bot.com/)" "metrocrimedaily.com"
149.202.82.11 - - [10/Feb/2023:12:40:12 -0800] "GET /backup-05-31-20/contact-us.html HTTP/1.1" 200 492 "-" "Mozilla/5.0 (compatible; MJ12bot/v1.4.8; http://mj12bot.com/)" "metrocrimedaily.com"
114.119.157.51 - - [10/Feb/2023:12:40:29 -0800] "GET /instagram-miami/01-27-2023-2252061-Police-warn-torture-suspect-is-using-dating-apps-.txt HTTP/1.1" 404 88 "https://metrocrimedaily.com/instagram-miami/?C=M%3BO%3DA" "Mozilla/5.0 (Linux; Android 7.0;) AppleWebKit/537.36 (KHTML, like Gecko) Mobile Safari/537.36 (compatible; PetalBot;+https://webmaster.petalsearch.com/site/petalbot)" "metrocrimedaily.com"
149.202.82.11 - - [10/Feb/2023:12:40:46 -0800] "GET /backup-05-31-20/contact-us.html HTTP/1.1" 200 492 "-" "Mozilla/5.0 (compatible; MJ12bot/v1.4.8; http://mj12bot.com/)" "metrocrimedaily.com"
114.119.131.43 - - [10/Feb/2023:12:40:56 -0800] "GET /instagram-memphis/01-25-2023-1804015-WATCH--Two-more-men-wanted-for-deadly-Z-Market-sh.txt HTTP/1.1" 404 88 "https://metrocrimedaily.com/instagram-memphis/?C=M%3BO%3DA" "Mozilla/5.0 (Linux; Android 7.0;) AppleWebKit/537.36 (KHTML, like Gecko) Mobile Safari/537.36 (compatible; PetalBot;+https://webmaster.petalsearch.com/site/petalbot)" "metrocrimedaily.com"
149.202.82.11 - - [10/Feb/2023:12:41:07 -0800] "GET /backup-05-31-20/main-menu.html HTTP/1.1" 200 499 "-" "Mozilla/5.0 (compatible; MJ12bot/v1.4.8; http://mj12bot.com/)" "metrocrimedaily.com"
149.202.82.11 - - [10/Feb/2023:12:41:29 -0800] "GET /backup-05-31-20/main-menu.html HTTP/1.1" 200 499 "-" "Mozilla/5.0 (compatible; MJ12bot/v1.4.8; http://mj12bot.com/)" "metrocrimedaily.com"
149.202.82.11 - - [10/Feb/2023:12:41:48 -0800] "GET /backup-05-31-20/mcd-news-stories.html HTTP/1.1" 200 372 "-" "Mozilla/5.0 (compatible; MJ12bot/v1.4.8; http://mj12bot.com/)" "metrocrimedaily.com"
149.202.82.11 - - [10/Feb/2023:12:42:15 -0800] "GET /backup-05-31-20/mcd-news-stories.html HTTP/1.1" 200 372 "-" "Mozilla/5.0 (compatible; MJ12bot/v1.4.8; http://mj12bot.com/)" "metrocrimedaily.com"
149.202.82.11 - - [10/Feb/2023:12:42:23 -0800] "GET /backup-05-31-20/post-mcd-stories.html HTTP/1.1" 200 531 "-" "Mozilla/5.0 (compatible; MJ12bot/v1.4.8; http://mj12bot.com/)" "metrocrimedaily.com"
114.119.144.30 - - [10/Feb/2023:12:42:26 -0800] "GET /instagram-neworleans/02-03-2023-1903403-Local-auto-theft-victims-find-possible-theft-s-in.txt HTTP/1.1" 404 88 "https://metrocrimedaily.com/instagram-neworleans/?C=N%3BO%3DD" "Mozilla/5.0 (Linux; Android 7.0;) AppleWebKit/537.36 (KHTML, like Gecko) Mobile Safari/537.36 (compatible; PetalBot;+https://webmaster.petalsearch.com/site/petalbot)" "metrocrimedaily.com"
69.63.184.1 - - [10/Feb/2023:12:42:30 -0800] "GET /instagram-dallas/02-10-2023-1410085-A.jpg HTTP/1.1" 200 182058 "-" "facebookexternalhit/1.1 (+http://www.facebook.com/externalhit_uatext.php)" "www.metrocrimedaily.com"
149.202.82.11 - - [10/Feb/2023:12:42:44 -0800] "GET /backup-05-31-20/post-mcd-stories.html HTTP/1.1" 200 531 "-" "Mozilla/5.0 (compatible; MJ12bot/v1.4.8; http://mj12bot.com/)" "metrocrimedaily.com"
173.252.111.10 - - [10/Feb/2023:12:42:54 -0800] "GET /instagram-neworleans/02-10-2023-1442311-A.jpg HTTP/1.1" 200 284548 "-" "facebookexternalhit/1.1 (+http://www.facebook.com/externalhit_uatext.php)" "www.metrocrimedaily.com"
149.202.82.11 - - [10/Feb/2023:12:43:07 -0800] "GET /backup-05-31-20/privacy-policy.html HTTP/1.1" 200 2128 "-" "Mozilla/5.0 (compatible; MJ12bot/v1.4.8; http://mj12bot.com/)" "metrocrimedaily.com"
149.202.82.11 - - [10/Feb/2023:12:43:43 -0800] "GET /backup-05-31-20/privacy-policy.html HTTP/1.1" 200 2128 "-" "Mozilla/5.0 (compatible; MJ12bot/v1.4.8; http://mj12bot.com/)" "metrocrimedaily.com"
114.119.153.67 - - [10/Feb/2023:12:43:53 -0800] "GET /instagram-miami/ HTTP/1.1" 200 2700 "https://metrocrimedaily.com/instagram-miami/post-later/?C=S%3BO%3DA" "Mozilla/5.0 (Linux; Android 7.0;) AppleWebKit/537.36 (KHTML, like Gecko) Mobile Safari/537.36 (compatible; PetalBot;+https://webmaster.petalsearch.com/site/petalbot)" "metrocrimedaily.com"
149.202.82.11 - - [10/Feb/2023:12:44:02 -0800] "GET /backup-05-31-20/social-media-menu.html HTTP/1.1" 200 544 "-" "Mozilla/5.0 (compatible; MJ12bot/v1.4.8; http://mj12bot.com/)" "metrocrimedaily.com"
149.202.82.11 - - [10/Feb/2023:12:44:24 -0800] "GET /backup-05-31-20/social-media-menu.html HTTP/1.1" 200 544 "-" "Mozilla/5.0 (compatible; MJ12bot/v1.4.8; http://mj12bot.com/)" "metrocrimedaily.com"
149.202.82.11 - - [10/Feb/2023:12:44:41 -0800] "GET /backup-05-31-20/styles.css HTTP/1.1" 200 872 "-" "Mozilla/5.0 (compatible; MJ12bot/v1.4.8; http://mj12bot.com/)" "metrocrimedaily.com"
149.202.82.11 - - [10/Feb/2023:12:44:57 -0800] "GET /backup-05-31-20/styles.css HTTP/1.1" 200 872 "-" "Mozilla/5.0 (compatible; MJ12bot/v1.4.8; http://mj12bot.com/)" "metrocrimedaily.com"
69.63.184.3 - - [10/Feb/2023:12:45:04 -0800] "GET /instagram-atlanta/02-10-2023-1428562-A.jpg HTTP/1.1" 200 81637 "-" "facebookexternalhit/1.1 (+http://www.facebook.com/externalhit_uatext.php)" "www.metrocrimedaily.com"
114.119.151.60 - - [10/Feb/2023:12:45:09 -0800] "GET /instagram-losangeles/02-03-2023-0216171-Hollywood-man-found-with-high-powered-arsenal-fac.txt HTTP/1.1" 404 88 "https://metrocrimedaily.com/instagram-losangeles/?C=N%3BO%3DD" "Mozilla/5.0 (Linux; Android 7.0;) AppleWebKit/537.36 (KHTML, like Gecko) Mobile Safari/537.36 (compatible; PetalBot;+https://webmaster.petalsearch.com/site/petalbot)" "metrocrimedaily.com"
149.202.82.11 - - [10/Feb/2023:12:45:11 -0800] "GET /chicago.suntimes.com HTTP/1.1" 404 88 "-" "Mozilla/5.0 (compatible; MJ12bot/v1.4.8; http://mj12bot.com/)" "metrocrimedaily.com"
173.252.111.17 - - [10/Feb/2023:12:45:20 -0800] "GET /instagram-stlouis/02-10-2023-1357095-A.jpg HTTP/1.1" 200 201126 "-" "facebookexternalhit/1.1 (+http://www.facebook.com/externalhit_uatext.php)" "www.metrocrimedaily.com"
149.202.82.11 - - [10/Feb/2023:12:45:36 -0800] "GET /chicago.suntimes.com HTTP/1.1" 404 88 "-" "Mozilla/5.0 (compatible; MJ12bot/v1.4.8; http://mj12bot.com/)" "metrocrimedaily.com"
149.202.82.11 - - [10/Feb/2023:12:45:55 -0800] "GET /fox2now.com.%20= HTTP/1.1" 404 88 "-" "Mozilla/5.0 (compatible; MJ12bot/v1.4.8; http://mj12bot.com/)" "metrocrimedaily.com"
51.222.253.6 - - [10/Feb/2023:12:46:06 -0800] "GET / HTTP/1.1" 200 1662 "-" "Mozilla/5.0 (compatible; AhrefsBot/7.0; +http://ahrefs.com/robot/)" "metrocrimedaily.com"
149.202.82.11 - - [10/Feb/2023:12:46:16 -0800] "GET /fox2now.com.%20= HTTP/1.1" 404 88 "-" "Mozilla/5.0 (compatible; MJ12bot/v1.4.8; http://mj12bot.com/)" "metrocrimedaily.com"
114.119.156.250 - - [10/Feb/2023:12:46:23 -0800] "GET /instagram-houston/02-08-2023-1323341-4-suspects--including-16-year-old--charged-after-.txt HTTP/1.1" 200 582 "https://metrocrimedaily.com/instagram-houston/?C=S%3BO%3DA" "Mozilla/5.0 (Linux; Android 7.0;) AppleWebKit/537.36 (KHTML, like Gecko) Mobile Safari/537.36 (compatible; PetalBot;+https://webmaster.petalsearch.com/site/petalbot)" "metrocrimedaily.com"
173.252.111.2 - - [10/Feb/2023:12:46:29 -0800] "GET /instagram-memphis/02-10-2023-1446071-A.jpg HTTP/1.1" 200 178886 "-" "facebookexternalhit/1.1 (+http://www.facebook.com/externalhit_uatext.php)" "www.metrocrimedaily.com"
149.202.82.11 - - [10/Feb/2023:12:46:34 -0800] "GET /fox2now.com.= HTTP/1.1" 404 88 "-" "Mozilla/5.0 (compatible; MJ12bot/v1.4.8; http://mj12bot.com/)" "metrocrimedaily.com"
149.202.82.11 - - [10/Feb/2023:12:46:52 -0800] "GET /fox2now.com.= HTTP/1.1" 404 88 "-" "Mozilla/5.0 (compatible; MJ12bot/v1.4.8; http://mj12bot.com/)" "metrocrimedaily.com"
149.202.82.11 - - [10/Feb/2023:12:47:06 -0800] "GET /fox2now.com.com HTTP/1.1" 404 88 "-" "Mozilla/5.0 (compatible; MJ12bot/v1.4.8; http://mj12bot.com/)" "metrocrimedaily.com"
149.202.82.11 - - [10/Feb/2023:12:47:24 -0800] "GET /fox2now.com.com HTTP/1.1" 404 88 "-" "Mozilla/5.0 (compatible; MJ12bot/v1.4.8; http://mj12bot.com/)" "metrocrimedaily.com"
149.202.82.11 - - [10/Feb/2023:12:47:35 -0800] "GET /gov-svc-houston.html HTTP/1.1" 404 88 "-" "Mozilla/5.0 (compatible; MJ12bot/v1.4.8; http://mj12bot.com/)" "metrocrimedaily.com"
149.202.82.11 - - [10/Feb/2023:12:48:04 -0800] "GET /gov-svc-houston.html HTTP/1.1" 404 88 "-" "Mozilla/5.0 (compatible; MJ12bot/v1.4.8; http://mj12bot.com/)" "metrocrimedaily.com"
149.202.82.11 - - [10/Feb/2023:12:48:23 -0800] "GET /gov-svc-stlouis.html HTTP/1.1" 404 88 "-" "Mozilla/5.0 (compatible; MJ12bot/v1.4.8; http://mj12bot.com/)" "metrocrimedaily.com"
149.202.82.11 - - [10/Feb/2023:12:48:38 -0800] "GET /gov-svc-stlouis.html HTTP/1.1" 404 88 "-" "Mozilla/5.0 (compatible; MJ12bot/v1.4.8; http://mj12bot.com/)" "metrocrimedaily.com"
114.119.148.93 - - [10/Feb/2023:12:49:06 -0800] "GET /instagram-neworleans/02-06-2023-1108282-Cynthia-Albert--Better-Business-Bureau-with-tips-.txt HTTP/1.1" 404 88 "https://metrocrimedaily.com/instagram-neworleans/?C=N%3BO%3DD" "Mozilla/5.0 (Linux; Android 7.0;) AppleWebKit/537.36 (KHTML, like Gecko) Mobile Safari/537.36 (compatible; PetalBot;+https://webmaster.petalsearch.com/site/petalbot)" "metrocrimedaily.com"
149.202.82.11 - - [10/Feb/2023:12:49:07 -0800] "GET /images/?C=D;O=A HTTP/1.1" 200 943 "-" "Mozilla/5.0 (compatible; MJ12bot/v1.4.8; http://mj12bot.com/)" "metrocrimedaily.com"
149.202.82.11 - - [10/Feb/2023:12:49:21 -0800] "GET /images/?C=D;O=A HTTP/1.1" 200 943 "-" "Mozilla/5.0 (compatible; MJ12bot/v1.4.8; http://mj12bot.com/)" "metrocrimedaily.com"
149.202.82.11 - - [10/Feb/2023:12:49:46 -0800] "GET /images/?C=M;O=A HTTP/1.1" 200 957 "-" "Mozilla/5.0 (compatible; MJ12bot/v1.4.8; http://mj12bot.com/)" "metrocrimedaily.com"
149.202.82.11 - - [10/Feb/2023:12:50:04 -0800] "GET /images/?C=M;O=A HTTP/1.1" 200 957 "-" "Mozilla/5.0 (compatible; MJ12bot/v1.4.8; http://mj12bot.com/)" "metrocrimedaily.com"
149.202.82.11 - - [10/Feb/2023:12:50:13 -0800] "GET /images/?C=N;O=D HTTP/1.1" 200 953 "-" "Mozilla/5.0 (compatible; MJ12bot/v1.4.8; http://mj12bot.com/)" "metrocrimedaily.com"
173.252.111.13 - - [10/Feb/2023:12:50:22 -0800] "GET /instagram-houston/02-10-2023-1418523-A.jpg HTTP/1.1" 200 94596 "-" "facebookexternalhit/1.1 (+http://www.facebook.com/externalhit_uatext.php)" "www.metrocrimedaily.com"
149.202.82.11 - - [10/Feb/2023:12:50:31 -0800] "GET /images/?C=N;O=D HTTP/1.1" 200 953 "-" "Mozilla/5.0 (compatible; MJ12bot/v1.4.8; http://mj12bot.com/)" "metrocrimedaily.com"
114.119.134.116 - - [10/Feb/2023:12:50:42 -0800] "GET /instagram-chicago/01-30-2023-0937153-Palestinians-say-Israeli-troops-kill-man-in-West-.txt HTTP/1.1" 404 88 "https://metrocrimedaily.com/instagram-chicago/?C=N%3BO%3DD" "Mozilla/5.0 (Linux; Android 7.0;) AppleWebKit/537.36 (KHTML, like Gecko) Mobile Safari/537.36 (compatible; PetalBot;+https://webmaster.petalsearch.com/site/petalbot)" "metrocrimedaily.com"
149.202.82.11 - - [10/Feb/2023:12:50:46 -0800] "GET /images/?C=S;O=A HTTP/1.1" 200 952 "-" "Mozilla/5.0 (compatible; MJ12bot/v1.4.8; http://mj12bot.com/)" "metrocrimedaily.com"
149.202.82.11 - - [10/Feb/2023:12:51:04 -0800] "GET /images/?C=S;O=A HTTP/1.1" 200 952 "-" "Mozilla/5.0 (compatible; MJ12bot/v1.4.8; http://mj12bot.com/)" "metrocrimedaily.com"
149.202.82.11 - - [10/Feb/2023:12:51:15 -0800] "GET /images/advertise-here.jpg HTTP/1.1" 200 9507 "-" "Mozilla/5.0 (compatible; MJ12bot/v1.4.8; http://mj12bot.com/)" "metrocrimedaily.com"
149.202.82.11 - - [10/Feb/2023:12:51:37 -0800] "GET /images/atlanta-fulton-county.jpg HTTP/1.1" 200 7955 "-" "Mozilla/5.0 (compatible; MJ12bot/v1.4.8; http://mj12bot.com/)" "metrocrimedaily.com"
149.202.82.11 - - [10/Feb/2023:12:51:56 -0800] "GET /images/back-drop.jpg HTTP/1.1" 200 39594 "-" "Mozilla/5.0 (compatible; MJ12bot/v1.4.8; http://mj12bot.com/)" "metrocrimedaily.com"
149.202.82.11 - - [10/Feb/2023:12:52:19 -0800] "GET /images/chicago-cook-county.jpg HTTP/1.1" 200 8416 "-" "Mozilla/5.0 (compatible; MJ12bot/v1.4.8; http://mj12bot.com/)" "metrocrimedaily.com"
69.63.184.2 - - [10/Feb/2023:12:52:36 -0800] "GET /instagram-chicago/02-10-2023-1452151-A.jpg HTTP/1.1" 200 66245 "-" "facebookexternalhit/1.1 (+http://www.facebook.com/externalhit_uatext.php)" "www.metrocrimedaily.com"
149.202.82.11 - - [10/Feb/2023:12:52:38 -0800] "GET /images/chicago.jpg HTTP/1.1" 200 6623 "-" "Mozilla/5.0 (compatible; MJ12bot/v1.4.8; http://mj12bot.com/)" "metrocrimedaily.com"
114.119.135.32 - - [10/Feb/2023:12:52:54 -0800] "GET /instagram-atlanta/post-later/02-06-2023-1824045-Sec.-of-State-Brad-Raffensperger-announces-bill-t.txt HTTP/1.1" 404 88 "https://metrocrimedaily.com/instagram-atlanta/post-later/?C=D%3BO%3DA" "Mozilla/5.0 (Linux; Android 7.0;) AppleWebKit/537.36 (KHTML, like Gecko) Mobile Safari/537.36 (compatible; PetalBot;+https://webmaster.petalsearch.com/site/petalbot)" "metrocrimedaily.com"
149.202.82.11 - - [10/Feb/2023:12:52:58 -0800] "GET /images/crime-scene-1.jpg HTTP/1.1" 200 25333 "-" "Mozilla/5.0 (compatible; MJ12bot/v1.4.8; http://mj12bot.com/)" "metrocrimedaily.com"
114.119.154.5 - - [10/Feb/2023:12:53:11 -0800] "GET /instagram-atlanta/post-later/02-08-2023-21371713-Texas-Walmart-shooting-suspect-pleads-guilty-to-f.txt HTTP/1.1" 200 1125 "https://metrocrimedaily.com/instagram-atlanta/post-later/?C=S%3BO%3DA" "Mozilla/5.0 (Linux; Android 7.0;) AppleWebKit/537.36 (KHTML, like Gecko) Mobile Safari/537.36 (compatible; PetalBot;+https://webmaster.petalsearch.com/site/petalbot)" "metrocrimedaily.com"
149.202.82.11 - - [10/Feb/2023:12:53:17 -0800] "GET /images/crime-scene-1A.jpg HTTP/1.1" 200 34146 "-" "Mozilla/5.0 (compatible; MJ12bot/v1.4.8; http://mj12bot.com/)" "metrocrimedaily.com"
149.202.82.11 - - [10/Feb/2023:12:53:41 -0800] "GET /images/crime-scene-2.jpg HTTP/1.1" 200 39594 "-" "Mozilla/5.0 (compatible; MJ12bot/v1.4.8; http://mj12bot.com/)" "metrocrimedaily.com"
149.202.82.11 - - [10/Feb/2023:12:53:56 -0800] "GET /images/crime-scene-banner-atlanta.jpg HTTP/1.1" 200 51934 "-" "Mozilla/5.0 (compatible; MJ12bot/v1.4.8; http://mj12bot.com/)" "metrocrimedaily.com"
149.202.82.11 - - [10/Feb/2023:12:54:16 -0800] "GET /images/crime-scene-chicago-banner.jpg HTTP/1.1" 200 50989 "-" "Mozilla/5.0 (compatible; MJ12bot/v1.4.8; http://mj12bot.com/)" "metrocrimedaily.com"
114.119.133.208 - - [10/Feb/2023:12:54:26 -0800] "GET /instagram-atlanta/post-later/02-06-2023-1645051-No--Georgia-s-cardiac-arrest-awareness-form-for-s.txt HTTP/1.1" 404 88 "https://metrocrimedaily.com/instagram-atlanta/post-later/?C=D%3BO%3DA" "Mozilla/5.0 (Linux; Android 7.0;) AppleWebKit/537.36 (KHTML, like Gecko) Mobile Safari/537.36 (compatible; PetalBot;+https://webmaster.petalsearch.com/site/petalbot)" "metrocrimedaily.com"
51.222.253.16 - - [10/Feb/2023:12:54:38 -0800] "GET /instagram-houston/videos/?C=M;O=A HTTP/1.1" 200 510 "-" "Mozilla/5.0 (compatible; AhrefsBot/7.0; +http://ahrefs.com/robot/)" "metrocrimedaily.com"
149.202.82.11 - - [10/Feb/2023:12:54:42 -0800] "GET /images/crime-scene-dallas-banner.jpg HTTP/1.1" 200 39594 "-" "Mozilla/5.0 (compatible; MJ12bot/v1.4.8; http://mj12bot.com/)" "metrocrimedaily.com"
149.202.82.11 - - [10/Feb/2023:12:54:53 -0800] "GET /images/crime-scene.jpg HTTP/1.1" 200 15225 "-" "Mozilla/5.0 (compatible; MJ12bot/v1.4.8; http://mj12bot.com/)" "metrocrimedaily.com"
149.202.82.11 - - [10/Feb/2023:12:55:07 -0800] "GET /images/crime-watch.JPG HTTP/1.1" 200 150414 "-" "Mozilla/5.0 (compatible; MJ12bot/v1.4.8; http://mj12bot.com/)" "metrocrimedaily.com"
149.202.82.11 - - [10/Feb/2023:12:55:18 -0800] "GET /images/crimeinthed-logo.jpg HTTP/1.1" 200 14960 "-" "Mozilla/5.0 (compatible; MJ12bot/v1.4.8; http://mj12bot.com/)" "metrocrimedaily.com"
114.119.142.8 - - [10/Feb/2023:12:55:19 -0800] "GET /instagram-losangeles/01-28-2023-1313271-Man-Killed-in-Hit-And-Run-Crash-in-Laguna-Beach-.txt HTTP/1.1" 404 88 "https://metrocrimedaily.com/instagram-losangeles/" "Mozilla/5.0 (Linux; Android 7.0;) AppleWebKit/537.36 (KHTML, like Gecko) Mobile Safari/537.36 (compatible; PetalBot;+https://webmaster.petalsearch.com/site/petalbot)" "metrocrimedaily.com"
149.202.82.11 - - [10/Feb/2023:12:55:38 -0800] "GET /images/cwd-blog-posts.jpg HTTP/1.1" 200 51193 "-" "Mozilla/5.0 (compatible; MJ12bot/v1.4.8; http://mj12bot.com/)" "metrocrimedaily.com"
149.202.82.11 - - [10/Feb/2023:12:56:02 -0800] "GET /images/cwd-blog.jpg HTTP/1.1" 200 7382 "-" "Mozilla/5.0 (compatible; MJ12bot/v1.4.8; http://mj12bot.com/)" "metrocrimedaily.com"
149.202.82.11 - - [10/Feb/2023:12:56:17 -0800] "GET /images/dallas-dallas-county.jpg HTTP/1.1" 200 8819 "-" "Mozilla/5.0 (compatible; MJ12bot/v1.4.8; http://mj12bot.com/)" "metrocrimedaily.com"
114.119.138.98 - - [10/Feb/2023:12:56:27 -0800] "GET /instagram-dallas/01-23-2023-2334123-North-Texas-family-says-California-mass-shooting-.txt HTTP/1.1" 404 88 "https://metrocrimedaily.com/instagram-dallas/?C=D%3BO%3DA" "Mozilla/5.0 (Linux; Android 7.0;) AppleWebKit/537.36 (KHTML, like Gecko) Mobile Safari/537.36 (compatible; PetalBot;+https://webmaster.petalsearch.com/site/petalbot)" "metrocrimedaily.com"
149.202.82.11 - - [10/Feb/2023:12:56:36 -0800] "GET /images/dallas-logo.jpg HTTP/1.1" 200 34146 "-" "Mozilla/5.0 (compatible; MJ12bot/v1.4.8; http://mj12bot.com/)" "metrocrimedaily.com"
149.202.82.11 - - [10/Feb/2023:12:56:53 -0800] "GET /images/detroit-wayne-county.jpg HTTP/1.1" 200 9144 "-" "Mozilla/5.0 (compatible; MJ12bot/v1.4.8; http://mj12bot.com/)" "metrocrimedaily.com"
149.202.82.11 - - [10/Feb/2023:12:57:14 -0800] "GET /images/do-not-cross.jpg HTTP/1.1" 200 17417 "-" "Mozilla/5.0 (compatible; MJ12bot/v1.4.8; http://mj12bot.com/)" "metrocrimedaily.com"
149.202.82.11 - - [10/Feb/2023:12:57:21 -0800] "GET /images/downtown-detroit.jpg HTTP/1.1" 200 10971 "-" "Mozilla/5.0 (compatible; MJ12bot/v1.4.8; http://mj12bot.com/)" "metrocrimedaily.com"
149.202.82.11 - - [10/Feb/2023:12:57:43 -0800] "GET /images/facebook-logo-tiny.png HTTP/1.1" 200 1280 "-" "Mozilla/5.0 (compatible; MJ12bot/v1.4.8; http://mj12bot.com/)" "metrocrimedaily.com"
149.202.82.11 - - [10/Feb/2023:12:57:58 -0800] "GET /images/houston-harris-county.jpg HTTP/1.1" 200 8893 "-" "Mozilla/5.0 (compatible; MJ12bot/v1.4.8; http://mj12bot.com/)" "metrocrimedaily.com"
149.202.82.11 - - [10/Feb/2023:12:58:16 -0800] "GET /images/info-email-image.png HTTP/1.1" 200 16510 "-" "Mozilla/5.0 (compatible; MJ12bot/v1.4.8; http://mj12bot.com/)" "metrocrimedaily.com"
69.63.184.118 - - [10/Feb/2023:12:58:25 -0800] "GET /instagram-dallas/02-10-2023-1410087-A.jpg HTTP/1.1" 200 141360 "-" "facebookexternalhit/1.1 (+http://www.facebook.com/externalhit_uatext.php)" "www.metrocrimedaily.com"
149.202.82.11 - - [10/Feb/2023:12:58:34 -0800] "GET /images/mcd-blog.jpg HTTP/1.1" 200 5239 "-" "Mozilla/5.0 (compatible; MJ12bot/v1.4.8; http://mj12bot.com/)" "metrocrimedaily.com"
114.119.158.167 - - [10/Feb/2023:12:58:49 -0800] "GET /instagram-memphis/post-later/01-25-2023-23155810-Shelby-County-Sheriff-deputies-to-take-on-new-DUI.txt HTTP/1.1" 404 88 "https://metrocrimedaily.com/instagram-memphis/post-later/?C=N%3BO%3DD" "Mozilla/5.0 (Linux; Android 7.0;) AppleWebKit/537.36 (KHTML, like Gecko) Mobile Safari/537.36 (compatible; PetalBot;+https://webmaster.petalsearch.com/site/petalbot)" "metrocrimedaily.com"
149.202.82.11 - - [10/Feb/2023:12:58:52 -0800] "GET /images/new-orleans-orleans-parish.jpg HTTP/1.1" 200 9641 "-" "Mozilla/5.0 (compatible; MJ12bot/v1.4.8; http://mj12bot.com/)" "metrocrimedaily.com"
149.202.82.11 - - [10/Feb/2023:12:59:09 -0800] "GET /images/police-tape.jpg HTTP/1.1" 200 50766 "-" "Mozilla/5.0 (compatible; MJ12bot/v1.4.8; http://mj12bot.com/)" "metrocrimedaily.com"
149.202.82.11 - - [10/Feb/2023:12:59:27 -0800] "GET /images/twitter-logo-b-tiny.png HTTP/1.1" 200 1600 "-" "Mozilla/5.0 (compatible; MJ12bot/v1.4.8; http://mj12bot.com/)" "metrocrimedaily.com"
149.202.82.11 - - [10/Feb/2023:12:59:42 -0800] "GET /images/youtube-logo-tiny.png HTTP/1.1" 200 689 "-" "Mozilla/5.0 (compatible; MJ12bot/v1.4.8; http://mj12bot.com/)" "metrocrimedaily.com"
149.202.82.11 - - [10/Feb/2023:12:59:57 -0800] "GET /instagram-atlanta/02-08-2023-1138431-A.jpg HTTP/1.1" 200 147124 "-" "Mozilla/5.0 (compatible; MJ12bot/v1.4.8; http://mj12bot.com/)" "metrocrimedaily.com"
114.119.144.184 - - [10/Feb/2023:13:00:07 -0800] "GET /instagram-stlouis/post-later/02-02-2023-22263312-Suspected-human-remains-are-discovered-in-St.-Lou.txt HTTP/1.1" 404 88 "https://metrocrimedaily.com/instagram-stlouis/post-later/?C=S%3BO%3DA" "Mozilla/5.0 (Linux; Android 7.0;) AppleWebKit/537.36 (KHTML, like Gecko) Mobile Safari/537.36 (compatible; PetalBot;+https://webmaster.petalsearch.com/site/petalbot)" "metrocrimedaily.com"
149.202.82.11 - - [10/Feb/2023:13:00:14 -0800] "GET /instagram-atlanta/02-08-2023-1138431-Police-release-photo-of-suspect-in-Republic-Loung.txt HTTP/1.1" 200 650 "-" "Mozilla/5.0 (compatible; MJ12bot/v1.4.8; http://mj12bot.com/)" "metrocrimedaily.com"
149.202.82.11 - - [10/Feb/2023:13:00:32 -0800] "GET /instagram-atlanta/02-08-2023-1138431-Police-release-photo-of-suspect-in-Republic-Loung.txt HTTP/1.1" 200 650 "-" "Mozilla/5.0 (compatible; MJ12bot/v1.4.8; http://mj12bot.com/)" "metrocrimedaily.com"
69.63.184.1 - - [10/Feb/2023:13:00:38 -0800] "GET /instagram-atlanta/02-10-2023-1428563-A.jpg HTTP/1.1" 200 129933 "-" "facebookexternalhit/1.1 (+http://www.facebook.com/externalhit_uatext.php)" "www.metrocrimedaily.com"
149.202.82.11 - - [10/Feb/2023:13:00:48 -0800] "GET /instagram-atlanta/02-08-2023-1300371-A.jpg HTTP/1.1" 200 152486 "-" "Mozilla/5.0 (compatible; MJ12bot/v1.4.8; http://mj12bot.com/)" "metrocrimedaily.com"
173.252.111.119 - - [10/Feb/2023:13:00:51 -0800] "GET /instagram-stlouis/02-10-2023-1357096-A.jpg HTTP/1.1" 200 151521 "-" "facebookexternalhit/1.1 (+http://www.facebook.com/externalhit_uatext.php)" "www.metrocrimedaily.com"
149.202.82.11 - - [10/Feb/2023:13:00:57 -0800] "GET /instagram-atlanta/02-08-2023-1300371-Police-looking-for-man-with-possible-connection-t.txt HTTP/1.1" 200 118 "-" "Mozilla/5.0 (compatible; MJ12bot/v1.4.8; http://mj12bot.com/)" "metrocrimedaily.com"
114.119.141.116 - - [10/Feb/2023:13:01:06 -0800] "GET /instagram-stlouis/post-later/02-02-2023-22263316-Man--nephew-charged-in-decade-old-cold-case-in-Po.txt HTTP/1.1" 404 88 "https://metrocrimedaily.com/instagram-stlouis/post-later/?C=S%3BO%3DA" "Mozilla/5.0 (Linux; Android 7.0;) AppleWebKit/537.36 (KHTML, like Gecko) Mobile Safari/537.36 (compatible; PetalBot;+https://webmaster.petalsearch.com/site/petalbot)" "metrocrimedaily.com"
149.202.82.11 - - [10/Feb/2023:13:01:10 -0800] "GET /instagram-atlanta/02-08-2023-1300371-Police-looking-for-man-with-possible-connection-t.txt HTTP/1.1" 200 118 "-" "Mozilla/5.0 (compatible; MJ12bot/v1.4.8; http://mj12bot.com/)" "metrocrimedaily.com"
149.202.82.11 - - [10/Feb/2023:13:01:30 -0800] "GET /instagram-atlanta/02-08-2023-1300372-A.jpg HTTP/1.1" 200 157207 "-" "Mozilla/5.0 (compatible; MJ12bot/v1.4.8; http://mj12bot.com/)" "metrocrimedaily.com"
149.202.82.11 - - [10/Feb/2023:13:01:43 -0800] "GET /instagram-atlanta/02-08-2023-1300372-FBI--We---ve-seen-an-explosion-of-online-romance-.txt HTTP/1.1" 200 860 "-" "Mozilla/5.0 (compatible; MJ12bot/v1.4.8; http://mj12bot.com/)" "metrocrimedaily.com"
114.119.155.54 - - [10/Feb/2023:13:02:01 -0800] "GET /instagram-stlouis/02-02-2023-1359161--Dances-With-Wolves--actor-arrested-in-Nevada-sex.txt HTTP/1.1" 404 88 "https://metrocrimedaily.com/instagram-stlouis/?C=M%3BO%3DA" "Mozilla/5.0 (Linux; Android 7.0;) AppleWebKit/537.36 (KHTML, like Gecko) Mobile Safari/537.36 (compatible; PetalBot;+https://webmaster.petalsearch.com/site/petalbot)" "metrocrimedaily.com"
149.202.82.11 - - [10/Feb/2023:13:02:08 -0800] "GET /instagram-atlanta/02-08-2023-1300372-FBI--We---ve-seen-an-explosion-of-online-romance-.txt HTTP/1.1" 200 860 "-" "Mozilla/5.0 (compatible; MJ12bot/v1.4.8; http://mj12bot.com/)" "metrocrimedaily.com"
149.202.82.11 - - [10/Feb/2023:13:02:16 -0800] "GET /instagram-atlanta/02-08-2023-1300373-4-year-old-boy-in-critical-condition-after-findin.txt HTTP/1.1" 200 393 "-" "Mozilla/5.0 (compatible; MJ12bot/v1.4.8; http://mj12bot.com/)" "metrocrimedaily.com"
149.202.82.11 - - [10/Feb/2023:13:02:38 -0800] "GET /instagram-atlanta/02-08-2023-1300373-4-year-old-boy-in-critical-condition-after-findin.txt HTTP/1.1" 200 393 "-" "Mozilla/5.0 (compatible; MJ12bot/v1.4.8; http://mj12bot.com/)" "metrocrimedaily.com"
149.202.82.11 - - [10/Feb/2023:13:02:58 -0800] "GET /instagram-atlanta/02-08-2023-1300373-A.jpg HTTP/1.1" 200 85018 "-" "Mozilla/5.0 (compatible; MJ12bot/v1.4.8; http://mj12bot.com/)" "metrocrimedaily.com"
149.202.82.11 - - [10/Feb/2023:13:03:17 -0800] "GET /instagram-atlanta/02-08-2023-1300374-A.jpg HTTP/1.1" 200 76157 "-" "Mozilla/5.0 (compatible; MJ12bot/v1.4.8; http://mj12bot.com/)" "metrocrimedaily.com"
51.222.253.2 - - [10/Feb/2023:13:03:24 -0800] "GET /instagram-dallas/?C=D;O=D HTTP/1.1" 200 2960 "-" "Mozilla/5.0 (compatible; AhrefsBot/7.0; +http://ahrefs.com/robot/)" "metrocrimedaily.com"
149.202.82.11 - - [10/Feb/2023:13:03:28 -0800] "GET /instagram-atlanta/02-08-2023-1300374-FBI-warns-about-romance-scammers-.txt HTTP/1.1" 200 57 "-" "Mozilla/5.0 (compatible; MJ12bot/v1.4.8; http://mj12bot.com/)" "metrocrimedaily.com"
69.63.184.3 - - [10/Feb/2023:13:03:37 -0800] "GET /instagram-detroit/02-10-2023-1503161-A.jpg HTTP/1.1" 200 78271 "-" "facebookexternalhit/1.1 (+http://www.facebook.com/externalhit_uatext.php)" "www.metrocrimedaily.com"
114.119.143.75 - - [10/Feb/2023:13:03:39 -0800] "GET /instagram-detroit/post-later/?C=D%3BO%3DA HTTP/1.1" 200 330 "https://metrocrimedaily.com/instagram-detroit/post-later/?C=M%3BO%3DA" "Mozilla/5.0 (Linux; Android 7.0;) AppleWebKit/537.36 (KHTML, like Gecko) Mobile Safari/537.36 (compatible; PetalBot;+https://webmaster.petalsearch.com/site/petalbot)" "metrocrimedaily.com"
149.202.82.11 - - [10/Feb/2023:13:03:47 -0800] "GET /instagram-atlanta/02-08-2023-1300374-FBI-warns-about-romance-scammers-.txt HTTP/1.1" 200 57 "-" "Mozilla/5.0 (compatible; MJ12bot/v1.4.8; http://mj12bot.com/)" "metrocrimedaily.com"
149.202.82.11 - - [10/Feb/2023:13:04:05 -0800] "GET /instagram-atlanta/02-08-2023-1444021-A.jpg HTTP/1.1" 200 139516 "-" "Mozilla/5.0 (compatible; MJ12bot/v1.4.8; http://mj12bot.com/)" "metrocrimedaily.com"
149.202.82.11 - - [10/Feb/2023:13:04:20 -0800] "GET /instagram-atlanta/02-08-2023-1444021-Deputies-seize-meth--oxy-and-guns-at-Georgia-home.txt HTTP/1.1" 200 620 "-" "Mozilla/5.0 (compatible; MJ12bot/v1.4.8; http://mj12bot.com/)" "metrocrimedaily.com"
149.202.82.11 - - [10/Feb/2023:13:04:32 -0800] "GET /instagram-atlanta/02-08-2023-1444021-Deputies-seize-meth--oxy-and-guns-at-Georgia-home.txt HTTP/1.1" 200 620 "-" "Mozilla/5.0 (compatible; MJ12bot/v1.4.8; http://mj12bot.com/)" "metrocrimedaily.com"
149.202.82.11 - - [10/Feb/2023:13:04:48 -0800] "GET /instagram-atlanta/02-08-2023-1444022-A.jpg HTTP/1.1" 200 123253 "-" "Mozilla/5.0 (compatible; MJ12bot/v1.4.8; http://mj12bot.com/)" "metrocrimedaily.com"
149.202.82.11 - - [10/Feb/2023:13:05:02 -0800] "GET /instagram-atlanta/02-08-2023-1444022-Arrest-made-in-series-of-dating-app-armed-robberi.txt HTTP/1.1" 200 980 "-" "Mozilla/5.0 (compatible; MJ12bot/v1.4.8; http://mj12bot.com/)" "metrocrimedaily.com"
149.202.82.11 - - [10/Feb/2023:13:05:16 -0800] "GET /instagram-atlanta/02-08-2023-1444022-Arrest-made-in-series-of-dating-app-armed-robberi.txt HTTP/1.1" 200 980 "-" "Mozilla/5.0 (compatible; MJ12bot/v1.4.8; http://mj12bot.com/)" "metrocrimedaily.com"
149.202.82.11 - - [10/Feb/2023:13:05:26 -0800] "GET /instagram-atlanta/02-08-2023-1444023-911-calls-reveals-chaotic-moments-after-Republic-.txt HTTP/1.1" 200 989 "-" "Mozilla/5.0 (compatible; MJ12bot/v1.4.8; http://mj12bot.com/)" "metrocrimedaily.com"
149.202.82.11 - - [10/Feb/2023:13:05:41 -0800] "GET /instagram-atlanta/02-08-2023-1444023-911-calls-reveals-chaotic-moments-after-Republic-.txt HTTP/1.1" 200 989 "-" "Mozilla/5.0 (compatible; MJ12bot/v1.4.8; http://mj12bot.com/)" "metrocrimedaily.com"
173.252.111.15 - - [10/Feb/2023:13:05:53 -0800] "GET /instagram-houston/02-10-2023-1418524-A.jpg HTTP/1.1" 200 56511 "-" "facebookexternalhit/1.1 (+http://www.facebook.com/externalhit_uatext.php)" "www.metrocrimedaily.com"
149.202.82.11 - - [10/Feb/2023:13:05:55 -0800] "GET /instagram-atlanta/02-08-2023-1444023-A.jpg HTTP/1.1" 200 154825 "-" "Mozilla/5.0 (compatible; MJ12bot/v1.4.8; http://mj12bot.com/)" "metrocrimedaily.com"
149.202.82.11 - - [10/Feb/2023:13:06:10 -0800] "GET /instagram-atlanta/02-08-2023-1614371-A.jpg HTTP/1.1" 200 138638 "-" "Mozilla/5.0 (compatible; MJ12bot/v1.4.8; http://mj12bot.com/)" "metrocrimedaily.com"
149.202.82.11 - - [10/Feb/2023:13:06:28 -0800] "GET /instagram-atlanta/02-08-2023-1614371-Tampa-rapper-arrested-for-young-mother-s-murder-d.txt HTTP/1.1" 200 1137 "-" "Mozilla/5.0 (compatible; MJ12bot/v1.4.8; http://mj12bot.com/)" "metrocrimedaily.com"
149.202.82.11 - - [10/Feb/2023:13:06:49 -0800] "GET /instagram-atlanta/02-08-2023-1614371-Tampa-rapper-arrested-for-young-mother-s-murder-d.txt HTTP/1.1" 200 1137 "-" "Mozilla/5.0 (compatible; MJ12bot/v1.4.8; http://mj12bot.com/)" "metrocrimedaily.com"
149.202.82.11 - - [10/Feb/2023:13:07:01 -0800] "GET /instagram-atlanta/02-08-2023-1614372-A.jpg HTTP/1.1" 200 115990 "-" "Mozilla/5.0 (compatible; MJ12bot/v1.4.8; http://mj12bot.com/)" "metrocrimedaily.com"
114.119.159.233 - - [10/Feb/2023:13:07:03 -0800] "GET /CRIME-WATCH-AMERICA/GOOD_BARBER_APP-MAKER/youtube-upload-master/youtube_upload/auth/?C=M%3BO%3DA HTTP/1.1" 200 498 "https://metrocrimedaily.com/CRIME-WATCH-AMERICA/GOOD_BARBER_APP-MAKER/youtube-upload-master/youtube_upload/auth/?C=S%3BO%3DA" "Mozilla/5.0 (Linux; Android 7.0;) AppleWebKit/537.36 (KHTML, like Gecko) Mobile Safari/537.36 (compatible; PetalBot;+https://webmaster.petalsearch.com/site/petalbot)" "metrocrimedaily.com"
149.202.82.11 - - [10/Feb/2023:13:07:20 -0800] "GET /instagram-atlanta/02-08-2023-1614372-Bullet-ridden-car-crashes-in-Midtown-Atlanta--pol.txt HTTP/1.1" 200 413 "-" "Mozilla/5.0 (compatible; MJ12bot/v1.4.8; http://mj12bot.com/)" "metrocrimedaily.com"
149.202.82.11 - - [10/Feb/2023:13:07:36 -0800] "GET /instagram-atlanta/02-08-2023-1614372-Bullet-ridden-car-crashes-in-Midtown-Atlanta--pol.txt HTTP/1.1" 200 413 "-" "Mozilla/5.0 (compatible; MJ12bot/v1.4.8; http://mj12bot.com/)" "metrocrimedaily.com"
149.202.82.11 - - [10/Feb/2023:13:07:48 -0800] "GET /instagram-atlanta/02-08-2023-1614373-A.jpg HTTP/1.1" 200 160680 "-" "Mozilla/5.0 (compatible; MJ12bot/v1.4.8; http://mj12bot.com/)" "metrocrimedaily.com"
51.222.253.10 - - [10/Feb/2023:13:07:54 -0800] "GET /CRIME-WATCH-AMERICA/CRIME-WATCH-LOS-ANGELES/support/ HTTP/1.1" 200 716 "-" "Mozilla/5.0 (compatible; AhrefsBot/7.0; +http://ahrefs.com/robot/)" "metrocrimedaily.com"
149.202.82.11 - - [10/Feb/2023:13:08:04 -0800] "GET /instagram-atlanta/02-08-2023-1614373-Body-found-in-Gwinnett-County-identified-as-missi.txt HTTP/1.1" 200 714 "-" "Mozilla/5.0 (compatible; MJ12bot/v1.4.8; http://mj12bot.com/)" "metrocrimedaily.com"
114.119.166.63 - - [10/Feb/2023:13:08:06 -0800] "GET /instagram-memphis/02-05-2023-1130582-Man-killed-in-North-Memphis-shooting--police-say-.txt HTTP/1.1" 404 88 "https://metrocrimedaily.com/instagram-memphis/?C=M%3BO%3DA" "Mozilla/5.0 (Linux; Android 7.0;) AppleWebKit/537.36 (KHTML, like Gecko) Mobile Safari/537.36 (compatible; PetalBot;+https://webmaster.petalsearch.com/site/petalbot)" "metrocrimedaily.com"
173.252.111.11 - - [10/Feb/2023:13:08:07 -0800] "GET /instagram-miami/02-10-2023-1507461-A.jpg HTTP/1.1" 200 92928 "-" "facebookexternalhit/1.1 (+http://www.facebook.com/externalhit_uatext.php)" "www.metrocrimedaily.com"
69.63.184.1 - - [10/Feb/2023:13:08:08 -0800] "GET /instagram-chicago/02-10-2023-1452152-A.jpg HTTP/1.1" 200 128583 "-" "facebookexternalhit/1.1 (+http://www.facebook.com/externalhit_uatext.php)" "www.metrocrimedaily.com"
149.202.82.11 - - [10/Feb/2023:13:08:16 -0800] "GET /instagram-atlanta/02-08-2023-1614373-Body-found-in-Gwinnett-County-identified-as-missi.txt HTTP/1.1" 200 714 "-" "Mozilla/5.0 (compatible; MJ12bot/v1.4.8; http://mj12bot.com/)" "metrocrimedaily.com"
149.202.82.11 - - [10/Feb/2023:13:08:25 -0800] "GET /instagram-atlanta/02-08-2023-1758451-A.jpg HTTP/1.1" 200 257120 "-" "Mozilla/5.0 (compatible; MJ12bot/v1.4.8; http://mj12bot.com/)" "metrocrimedaily.com"
149.202.82.11 - - [10/Feb/2023:13:08:37 -0800] "GET /instagram-atlanta/02-08-2023-1758451-Democrats--Republicans-proposing-many-gun-bills-i.txt HTTP/1.1" 200 1092 "-" "Mozilla/5.0 (compatible; MJ12bot/v1.4.8; http://mj12bot.com/)" "metrocrimedaily.com"
149.202.82.11 - - [10/Feb/2023:13:08:44 -0800] "GET /instagram-atlanta/02-08-2023-1758451-Democrats--Republicans-proposing-many-gun-bills-i.txt HTTP/1.1" 200 1092 "-" "Mozilla/5.0 (compatible; MJ12bot/v1.4.8; http://mj12bot.com/)" "metrocrimedaily.com"
149.202.82.11 - - [10/Feb/2023:13:08:55 -0800] "GET /instagram-atlanta/02-08-2023-1758452-A.jpg HTTP/1.1" 200 136529 "-" "Mozilla/5.0 (compatible; MJ12bot/v1.4.8; http://mj12bot.com/)" "metrocrimedaily.com"
114.119.136.138 - - [10/Feb/2023:13:09:01 -0800] "GET /instagram-memphis/01-23-2023-1945545-WATCH--Tyre-Nichols--family-pushes-for-murder-cha.txt HTTP/1.1" 404 88 "https://metrocrimedaily.com/instagram-memphis/?C=S%3BO%3DA" "Mozilla/5.0 (Linux; Android 7.0;) AppleWebKit/537.36 (KHTML, like Gecko) Mobile Safari/537.36 (compatible; PetalBot;+https://webmaster.petalsearch.com/site/petalbot)" "metrocrimedaily.com"
149.202.82.11 - - [10/Feb/2023:13:09:13 -0800] "GET /instagram-atlanta/02-08-2023-1758452-DeKalb-County-police-seize-large-amount-of-drugs-.txt HTTP/1.1" 200 385 "-" "Mozilla/5.0 (compatible; MJ12bot/v1.4.8; http://mj12bot.com/)" "metrocrimedaily.com"
135.181.213.220 - - [10/Feb/2023:13:09:25 -0800] "GET /robots.txt HTTP/1.1" 404 73 "-" "Mozilla/5.0 (compatible; MJ12bot/v1.4.8; http://mj12bot.com/)" "metrocrimedaily.com"
135.181.213.220 - - [10/Feb/2023:13:09:27 -0800] "GET /instagram-miami/02-09-2023-1333091-Police--Homestead-woman-arrested-in-attempted-$12.txt HTTP/1.1" 200 1055 "-" "Mozilla/5.0 (compatible; MJ12bot/v1.4.8; http://mj12bot.com/)" "metrocrimedaily.com"
149.202.82.11 - - [10/Feb/2023:13:09:27 -0800] "GET /instagram-atlanta/02-08-2023-1758452-DeKalb-County-police-seize-large-amount-of-drugs-.txt HTTP/1.1" 200 385 "-" "Mozilla/5.0 (compatible; MJ12bot/v1.4.8; http://mj12bot.com/)" "metrocrimedaily.com"
135.181.213.220 - - [10/Feb/2023:13:09:29 -0800] "GET /instagram-miami/02-09-2023-1333092-A.jpg HTTP/1.1" 200 483829 "-" "Mozilla/5.0 (compatible; MJ12bot/v1.4.8; http://mj12bot.com/)" "metrocrimedaily.com"
135.181.213.220 - - [10/Feb/2023:13:09:29 -0800] "GET /robots.txt HTTP/1.1" 404 73 "-" "Mozilla/5.0 (compatible; MJ12bot/v1.4.8; http://mj12bot.com/)" "metrocrimedaily.com"
135.181.213.220 - - [10/Feb/2023:13:09:31 -0800] "GET /instagram-miami/02-09-2023-1333092-Motorcycle-Police-Officer-Killed-in-Crash-in-Pemb.txt HTTP/1.1" 200 790 "-" "Mozilla/5.0 (compatible; MJ12bot/v1.4.8; http://mj12bot.com/)" "metrocrimedaily.com"
135.181.213.220 - - [10/Feb/2023:13:09:33 -0800] "GET /instagram-miami/02-09-2023-1333092-Motorcycle-Police-Officer-Killed-in-Crash-in-Pemb.txt HTTP/1.1" 200 790 "-" "Mozilla/5.0 (compatible; MJ12bot/v1.4.8; http://mj12bot.com/)" "metrocrimedaily.com"
149.202.82.11 - - [10/Feb/2023:13:09:34 -0800] "GET /instagram-atlanta/02-08-2023-1758453-A.jpg HTTP/1.1" 200 122690 "-" "Mozilla/5.0 (compatible; MJ12bot/v1.4.8; http://mj12bot.com/)" "metrocrimedaily.com"
135.181.213.220 - - [10/Feb/2023:13:09:35 -0800] "GET /instagram-miami/02-09-2023-1435321-A.jpg HTTP/1.1" 200 169366 "-" "Mozilla/5.0 (compatible; MJ12bot/v1.4.8; http://mj12bot.com/)" "metrocrimedaily.com"
135.181.213.220 - - [10/Feb/2023:13:09:37 -0800] "GET /instagram-miami/02-09-2023-1435321-Debit-Card-Left-During-Florida-Burglary-Leads-to-.txt HTTP/1.1" 200 714 "-" "Mozilla/5.0 (compatible; MJ12bot/v1.4.8; http://mj12bot.com/)" "metrocrimedaily.com"
135.181.213.220 - - [10/Feb/2023:13:09:39 -0800] "GET /instagram-miami/02-09-2023-1435321-Debit-Card-Left-During-Florida-Burglary-Leads-to-.txt HTTP/1.1" 200 714 "-" "Mozilla/5.0 (compatible; MJ12bot/v1.4.8; http://mj12bot.com/)" "metrocrimedaily.com"
135.181.213.220 - - [10/Feb/2023:13:09:41 -0800] "GET /instagram-miami/02-09-2023-1521061-A.jpg HTTP/1.1" 200 483779 "-" "Mozilla/5.0 (compatible; MJ12bot/v1.4.8; http://mj12bot.com/)" "metrocrimedaily.com"
135.181.213.220 - - [10/Feb/2023:13:09:42 -0800] "GET /instagram-miami/02-09-2023-1521061-Photos-Show-Vontae-Davis-Apparently-Sleeping-on-S.txt HTTP/1.1" 200 944 "-" "Mozilla/5.0 (compatible; MJ12bot/v1.4.8; http://mj12bot.com/)" "metrocrimedaily.com"
135.181.213.220 - - [10/Feb/2023:13:09:44 -0800] "GET /instagram-miami/02-09-2023-1521061-Photos-Show-Vontae-Davis-Apparently-Sleeping-on-S.txt HTTP/1.1" 200 944 "-" "Mozilla/5.0 (compatible; MJ12bot/v1.4.8; http://mj12bot.com/)" "metrocrimedaily.com"
135.181.213.220 - - [10/Feb/2023:13:09:46 -0800] "GET /instagram-miami/02-09-2023-1704371-A.jpg HTTP/1.1" 200 184882 "-" "Mozilla/5.0 (compatible; MJ12bot/v1.4.8; http://mj12bot.com/)" "metrocrimedaily.com"
135.181.213.220 - - [10/Feb/2023:13:09:48 -0800] "GET /instagram-miami/02-09-2023-1704371-Miramar-police-arrest-teen--father-in-crash-that-.txt HTTP/1.1" 200 824 "-" "Mozilla/5.0 (compatible; MJ12bot/v1.4.8; http://mj12bot.com/)" "metrocrimedaily.com"
135.181.213.220 - - [10/Feb/2023:13:09:50 -0800] "GET /instagram-miami/02-09-2023-1704371-Miramar-police-arrest-teen--father-in-crash-that-.txt HTTP/1.1" 200 824 "-" "Mozilla/5.0 (compatible; MJ12bot/v1.4.8; http://mj12bot.com/)" "metrocrimedaily.com"
149.202.82.11 - - [10/Feb/2023:13:09:51 -0800] "GET /instagram-atlanta/02-08-2023-1758453-Aggressive-driver-attempts-to-flee-from-Coweta-Co.txt HTTP/1.1" 200 775 "-" "Mozilla/5.0 (compatible; MJ12bot/v1.4.8; http://mj12bot.com/)" "metrocrimedaily.com"
135.181.213.220 - - [10/Feb/2023:13:09:51 -0800] "GET /instagram-miami/?C=D;O=A HTTP/1.1" 200 2756 "-" "Mozilla/5.0 (compatible; MJ12bot/v1.4.8; http://mj12bot.com/)" "metrocrimedaily.com"
135.181.213.220 - - [10/Feb/2023:13:09:54 -0800] "GET /instagram-miami/?C=D;O=A HTTP/1.1" 200 2756 "-" "Mozilla/5.0 (compatible; MJ12bot/v1.4.8; http://mj12bot.com/)" "metrocrimedaily.com"
135.181.213.220 - - [10/Feb/2023:13:09:56 -0800] "GET /instagram-miami/?C=M;O=A HTTP/1.1" 200 2745 "-" "Mozilla/5.0 (compatible; MJ12bot/v1.4.8; http://mj12bot.com/)" "metrocrimedaily.com"
135.181.213.220 - - [10/Feb/2023:13:09:58 -0800] "GET /instagram-miami/?C=M;O=A HTTP/1.1" 200 2745 "-" "Mozilla/5.0 (compatible; MJ12bot/v1.4.8; http://mj12bot.com/)" "metrocrimedaily.com"
135.181.213.220 - - [10/Feb/2023:13:10:00 -0800] "GET /instagram-miami/?C=N;O=D HTTP/1.1" 200 2756 "-" "Mozilla/5.0 (compatible; MJ12bot/v1.4.8; http://mj12bot.com/)" "metrocrimedaily.com"
135.181.213.220 - - [10/Feb/2023:13:10:02 -0800] "GET /instagram-miami/?C=N;O=D HTTP/1.1" 200 2756 "-" "Mozilla/5.0 (compatible; MJ12bot/v1.4.8; http://mj12bot.com/)" "metrocrimedaily.com"
149.202.82.11 - - [10/Feb/2023:13:10:02 -0800] "GET /instagram-atlanta/02-08-2023-1758453-Aggressive-driver-attempts-to-flee-from-Coweta-Co.txt HTTP/1.1" 200 775 "-" "Mozilla/5.0 (compatible; MJ12bot/v1.4.8; http://mj12bot.com/)" "metrocrimedaily.com"
135.181.213.220 - - [10/Feb/2023:13:10:04 -0800] "GET /instagram-miami/?C=S;O=A HTTP/1.1" 200 2813 "-" "Mozilla/5.0 (compatible; MJ12bot/v1.4.8; http://mj12bot.com/)" "metrocrimedaily.com"
135.181.213.220 - - [10/Feb/2023:13:10:06 -0800] "GET /instagram-miami/?C=S;O=A HTTP/1.1" 200 2813 "-" "Mozilla/5.0 (compatible; MJ12bot/v1.4.8; http://mj12bot.com/)" "metrocrimedaily.com"
135.181.213.220 - - [10/Feb/2023:13:10:08 -0800] "GET /instagram-miami/ig-CWUSA-miami-stories-to-post-later.txt HTTP/1.1" 200 10525 "-" "Mozilla/5.0 (compatible; MJ12bot/v1.4.8; http://mj12bot.com/)" "metrocrimedaily.com"
135.181.213.220 - - [10/Feb/2023:13:10:10 -0800] "GET /instagram-miami/ig-CWUSA-miami-stories-to-post-later.txt HTTP/1.1" 200 10525 "-" "Mozilla/5.0 (compatible; MJ12bot/v1.4.8; http://mj12bot.com/)" "metrocrimedaily.com"
