65.108.232.38 - - [10/Feb/2023:06:33:07 -0800] "GET /instagram-atlanta/ HTTP/1.1" 200 2400 "-" "Mozilla/5.0 (compatible; MJ12bot/v1.4.8; http://mj12bot.com/)" "metrocrimedaily.com"
65.108.232.38 - - [10/Feb/2023:06:33:09 -0800] "GET /instagram-chicago/ HTTP/1.1" 200 2134 "-" "Mozilla/5.0 (compatible; MJ12bot/v1.4.8; http://mj12bot.com/)" "metrocrimedaily.com"
65.108.232.38 - - [10/Feb/2023:06:33:10 -0800] "GET /instagram-chicago/ HTTP/1.1" 200 2134 "-" "Mozilla/5.0 (compatible; MJ12bot/v1.4.8; http://mj12bot.com/)" "metrocrimedaily.com"
65.108.232.38 - - [10/Feb/2023:06:33:12 -0800] "GET /instagram-dallas/ HTTP/1.1" 200 2197 "-" "Mozilla/5.0 (compatible; MJ12bot/v1.4.8; http://mj12bot.com/)" "metrocrimedaily.com"
65.108.232.38 - - [10/Feb/2023:06:33:14 -0800] "GET /instagram-dallas/ HTTP/1.1" 200 2197 "-" "Mozilla/5.0 (compatible; MJ12bot/v1.4.8; http://mj12bot.com/)" "metrocrimedaily.com"
65.108.232.38 - - [10/Feb/2023:06:33:16 -0800] "GET /instagram-detroit/ HTTP/1.1" 200 1103 "-" "Mozilla/5.0 (compatible; MJ12bot/v1.4.8; http://mj12bot.com/)" "metrocrimedaily.com"
65.108.232.38 - - [10/Feb/2023:06:33:18 -0800] "GET /instagram-detroit/ HTTP/1.1" 200 1103 "-" "Mozilla/5.0 (compatible; MJ12bot/v1.4.8; http://mj12bot.com/)" "metrocrimedaily.com"
65.108.232.38 - - [10/Feb/2023:06:33:20 -0800] "GET /instagram-houston/ HTTP/1.1" 200 2458 "-" "Mozilla/5.0 (compatible; MJ12bot/v1.4.8; http://mj12bot.com/)" "metrocrimedaily.com"
65.108.232.38 - - [10/Feb/2023:06:33:22 -0800] "GET /instagram-houston/ HTTP/1.1" 200 2458 "-" "Mozilla/5.0 (compatible; MJ12bot/v1.4.8; http://mj12bot.com/)" "metrocrimedaily.com"
51.222.253.7 - - [10/Feb/2023:06:33:23 -0800] "GET /instagram-atlanta/01-19-2023-1347012-How-much-jail-time-could-Alec-Baldwin-face-if-con.txt HTTP/1.1" 404 88 "-" "Mozilla/5.0 (compatible; AhrefsBot/7.0; +http://ahrefs.com/robot/)" "www.metrocrimedaily.com"
65.108.232.38 - - [10/Feb/2023:06:33:24 -0800] "GET /instagram-losangeles/ HTTP/1.1" 200 2314 "-" "Mozilla/5.0 (compatible; MJ12bot/v1.4.8; http://mj12bot.com/)" "metrocrimedaily.com"
65.108.232.38 - - [10/Feb/2023:06:33:26 -0800] "GET /instagram-losangeles/ HTTP/1.1" 200 2314 "-" "Mozilla/5.0 (compatible; MJ12bot/v1.4.8; http://mj12bot.com/)" "metrocrimedaily.com"
65.108.232.38 - - [10/Feb/2023:06:33:27 -0800] "GET /instagram-memphis/ HTTP/1.1" 200 2070 "-" "Mozilla/5.0 (compatible; MJ12bot/v1.4.8; http://mj12bot.com/)" "metrocrimedaily.com"
65.108.232.38 - - [10/Feb/2023:06:33:29 -0800] "GET /instagram-memphis/ HTTP/1.1" 200 2070 "-" "Mozilla/5.0 (compatible; MJ12bot/v1.4.8; http://mj12bot.com/)" "metrocrimedaily.com"
65.108.232.38 - - [10/Feb/2023:06:33:32 -0800] "GET /instagram-miami/ HTTP/1.1" 200 2250 "-" "Mozilla/5.0 (compatible; MJ12bot/v1.4.8; http://mj12bot.com/)" "metrocrimedaily.com"
65.108.232.38 - - [10/Feb/2023:06:33:34 -0800] "GET /instagram-miami/ HTTP/1.1" 200 2250 "-" "Mozilla/5.0 (compatible; MJ12bot/v1.4.8; http://mj12bot.com/)" "metrocrimedaily.com"
65.108.232.38 - - [10/Feb/2023:06:33:36 -0800] "GET /instagram-monroe/ HTTP/1.1" 200 358 "-" "Mozilla/5.0 (compatible; MJ12bot/v1.4.8; http://mj12bot.com/)" "metrocrimedaily.com"
65.108.232.38 - - [10/Feb/2023:06:33:39 -0800] "GET /instagram-monroe/ HTTP/1.1" 200 358 "-" "Mozilla/5.0 (compatible; MJ12bot/v1.4.8; http://mj12bot.com/)" "metrocrimedaily.com"
65.108.232.38 - - [10/Feb/2023:06:33:40 -0800] "GET /instagram-neworleans/ HTTP/1.1" 200 2145 "-" "Mozilla/5.0 (compatible; MJ12bot/v1.4.8; http://mj12bot.com/)" "metrocrimedaily.com"
51.222.253.7 - - [10/Feb/2023:06:33:41 -0800] "GET /instagram-atlanta/01-19-2023-1506571-Police-searching-for-mastermind-in----murder-for-.txt HTTP/1.1" 404 88 "-" "Mozilla/5.0 (compatible; AhrefsBot/7.0; +http://ahrefs.com/robot/)" "www.metrocrimedaily.com"
65.108.232.38 - - [10/Feb/2023:06:33:42 -0800] "GET /instagram-neworleans/ HTTP/1.1" 200 2145 "-" "Mozilla/5.0 (compatible; MJ12bot/v1.4.8; http://mj12bot.com/)" "metrocrimedaily.com"
65.108.232.38 - - [10/Feb/2023:06:33:44 -0800] "GET /instagram-newyork/ HTTP/1.1" 200 1899 "-" "Mozilla/5.0 (compatible; MJ12bot/v1.4.8; http://mj12bot.com/)" "metrocrimedaily.com"
65.108.232.38 - - [10/Feb/2023:06:33:46 -0800] "GET /instagram-newyork/ HTTP/1.1" 200 1899 "-" "Mozilla/5.0 (compatible; MJ12bot/v1.4.8; http://mj12bot.com/)" "metrocrimedaily.com"
65.108.232.38 - - [10/Feb/2023:06:33:48 -0800] "GET /instagram-stlouis/ HTTP/1.1" 200 2366 "-" "Mozilla/5.0 (compatible; MJ12bot/v1.4.8; http://mj12bot.com/)" "metrocrimedaily.com"
65.108.232.38 - - [10/Feb/2023:06:33:50 -0800] "GET /instagram-stlouis/ HTTP/1.1" 200 2366 "-" "Mozilla/5.0 (compatible; MJ12bot/v1.4.8; http://mj12bot.com/)" "metrocrimedaily.com"
65.108.232.38 - - [10/Feb/2023:06:33:52 -0800] "GET /installation/ HTTP/1.1" 200 314 "-" "Mozilla/5.0 (compatible; MJ12bot/v1.4.8; http://mj12bot.com/)" "metrocrimedaily.com"
65.108.232.38 - - [10/Feb/2023:06:33:53 -0800] "GET /installation/ HTTP/1.1" 200 314 "-" "Mozilla/5.0 (compatible; MJ12bot/v1.4.8; http://mj12bot.com/)" "metrocrimedaily.com"
65.108.232.38 - - [10/Feb/2023:06:33:55 -0800] "GET /leave-a-message.html HTTP/1.1" 200 2959 "-" "Mozilla/5.0 (compatible; MJ12bot/v1.4.8; http://mj12bot.com/)" "metrocrimedaily.com"
65.108.232.38 - - [10/Feb/2023:06:33:57 -0800] "GET /leave-a-message.html HTTP/1.1" 200 2959 "-" "Mozilla/5.0 (compatible; MJ12bot/v1.4.8; http://mj12bot.com/)" "metrocrimedaily.com"
65.108.232.38 - - [10/Feb/2023:06:33:58 -0800] "GET /main-menu.html HTTP/1.1" 200 897 "-" "Mozilla/5.0 (compatible; MJ12bot/v1.4.8; http://mj12bot.com/)" "metrocrimedaily.com"
65.108.232.38 - - [10/Feb/2023:06:34:00 -0800] "GET /main-menu.html HTTP/1.1" 200 897 "-" "Mozilla/5.0 (compatible; MJ12bot/v1.4.8; http://mj12bot.com/)" "metrocrimedaily.com"
65.108.232.38 - - [10/Feb/2023:06:34:02 -0800] "GET /mcd-blog.html HTTP/1.1" 200 643 "-" "Mozilla/5.0 (compatible; MJ12bot/v1.4.8; http://mj12bot.com/)" "metrocrimedaily.com"
65.108.232.38 - - [10/Feb/2023:06:34:03 -0800] "GET /mcd-blog.html HTTP/1.1" 200 643 "-" "Mozilla/5.0 (compatible; MJ12bot/v1.4.8; http://mj12bot.com/)" "metrocrimedaily.com"
65.108.232.38 - - [10/Feb/2023:06:34:05 -0800] "GET /mcd-calculate-how-long-ago.html HTTP/1.1" 200 643 "-" "Mozilla/5.0 (compatible; MJ12bot/v1.4.8; http://mj12bot.com/)" "metrocrimedaily.com"
65.108.232.38 - - [10/Feb/2023:06:34:06 -0800] "GET /mcd-calculate-how-long-ago.html HTTP/1.1" 200 643 "-" "Mozilla/5.0 (compatible; MJ12bot/v1.4.8; http://mj12bot.com/)" "metrocrimedaily.com"
51.222.253.2 - - [10/Feb/2023:06:34:06 -0800] "GET /instagram-atlanta/01-19-2023-1506572-Man-shot-by-police-during-DeKalb-traffic-stop--of.txt HTTP/1.1" 404 88 "-" "Mozilla/5.0 (compatible; AhrefsBot/7.0; +http://ahrefs.com/robot/)" "www.metrocrimedaily.com"
65.108.232.38 - - [10/Feb/2023:06:34:08 -0800] "GET /mcd-epilog.html HTTP/1.1" 200 435 "-" "Mozilla/5.0 (compatible; MJ12bot/v1.4.8; http://mj12bot.com/)" "metrocrimedaily.com"
65.108.232.38 - - [10/Feb/2023:06:34:09 -0800] "GET /mcd-epilog.html HTTP/1.1" 200 435 "-" "Mozilla/5.0 (compatible; MJ12bot/v1.4.8; http://mj12bot.com/)" "metrocrimedaily.com"
65.108.232.38 - - [10/Feb/2023:06:34:11 -0800] "GET /mcd-news-stories.html HTTP/1.1" 200 494 "-" "Mozilla/5.0 (compatible; MJ12bot/v1.4.8; http://mj12bot.com/)" "metrocrimedaily.com"
65.108.232.38 - - [10/Feb/2023:06:34:13 -0800] "GET /mcd-news-stories.html HTTP/1.1" 200 494 "-" "Mozilla/5.0 (compatible; MJ12bot/v1.4.8; http://mj12bot.com/)" "metrocrimedaily.com"
65.108.232.38 - - [10/Feb/2023:06:34:14 -0800] "GET /mcd-prolog.html HTTP/1.1" 200 829 "-" "Mozilla/5.0 (compatible; MJ12bot/v1.4.8; http://mj12bot.com/)" "metrocrimedaily.com"
65.108.232.38 - - [10/Feb/2023:06:34:16 -0800] "GET /mcd-prolog.html HTTP/1.1" 200 829 "-" "Mozilla/5.0 (compatible; MJ12bot/v1.4.8; http://mj12bot.com/)" "metrocrimedaily.com"
65.108.232.38 - - [10/Feb/2023:06:34:17 -0800] "GET /metrocrime-chicago.html HTTP/1.1" 200 1276 "-" "Mozilla/5.0 (compatible; MJ12bot/v1.4.8; http://mj12bot.com/)" "metrocrimedaily.com"
65.108.232.38 - - [10/Feb/2023:06:34:19 -0800] "GET /metrocrime-chicago.html HTTP/1.1" 200 1276 "-" "Mozilla/5.0 (compatible; MJ12bot/v1.4.8; http://mj12bot.com/)" "metrocrimedaily.com"
65.108.232.38 - - [10/Feb/2023:06:34:20 -0800] "GET /metrocrime-dallas.html HTTP/1.1" 200 1289 "-" "Mozilla/5.0 (compatible; MJ12bot/v1.4.8; http://mj12bot.com/)" "metrocrimedaily.com"
65.108.232.38 - - [10/Feb/2023:06:34:22 -0800] "GET /metrocrime-dallas.html HTTP/1.1" 200 1289 "-" "Mozilla/5.0 (compatible; MJ12bot/v1.4.8; http://mj12bot.com/)" "metrocrimedaily.com"
65.108.232.38 - - [10/Feb/2023:06:34:23 -0800] "GET /metrocrime-detroit.html HTTP/1.1" 200 1356 "-" "Mozilla/5.0 (compatible; MJ12bot/v1.4.8; http://mj12bot.com/)" "metrocrimedaily.com"
65.108.232.38 - - [10/Feb/2023:06:34:25 -0800] "GET /metrocrime-detroit.html HTTP/1.1" 200 1356 "-" "Mozilla/5.0 (compatible; MJ12bot/v1.4.8; http://mj12bot.com/)" "metrocrimedaily.com"
51.222.253.5 - - [10/Feb/2023:06:34:26 -0800] "GET /instagram-atlanta/01-19-2023-1506573-1-hurt-after-traffic-stop-leads-to-shooting-in-Do.txt HTTP/1.1" 404 88 "-" "Mozilla/5.0 (compatible; AhrefsBot/7.0; +http://ahrefs.com/robot/)" "www.metrocrimedaily.com"
65.108.232.38 - - [10/Feb/2023:06:34:27 -0800] "GET /music/ HTTP/1.1" 200 663 "-" "Mozilla/5.0 (compatible; MJ12bot/v1.4.8; http://mj12bot.com/)" "metrocrimedaily.com"
65.108.232.38 - - [10/Feb/2023:06:34:28 -0800] "GET /music/ HTTP/1.1" 200 663 "-" "Mozilla/5.0 (compatible; MJ12bot/v1.4.8; http://mj12bot.com/)" "metrocrimedaily.com"
65.108.232.38 - - [10/Feb/2023:06:34:30 -0800] "GET /post-mcd-stories.html HTTP/1.1" 200 6538 "-" "Mozilla/5.0 (compatible; MJ12bot/v1.4.8; http://mj12bot.com/)" "metrocrimedaily.com"
65.108.232.38 - - [10/Feb/2023:06:34:32 -0800] "GET /post-mcd-stories.html HTTP/1.1" 200 6538 "-" "Mozilla/5.0 (compatible; MJ12bot/v1.4.8; http://mj12bot.com/)" "metrocrimedaily.com"
65.108.232.38 - - [10/Feb/2023:06:34:33 -0800] "GET /post-story-old.html HTTP/1.1" 200 913 "-" "Mozilla/5.0 (compatible; MJ12bot/v1.4.8; http://mj12bot.com/)" "metrocrimedaily.com"
65.108.232.38 - - [10/Feb/2023:06:34:35 -0800] "GET /post-story-old.html HTTP/1.1" 200 913 "-" "Mozilla/5.0 (compatible; MJ12bot/v1.4.8; http://mj12bot.com/)" "metrocrimedaily.com"
65.108.232.38 - - [10/Feb/2023:06:34:37 -0800] "GET /post-story.html HTTP/1.1" 200 861 "-" "Mozilla/5.0 (compatible; MJ12bot/v1.4.8; http://mj12bot.com/)" "metrocrimedaily.com"
65.108.232.38 - - [10/Feb/2023:06:34:38 -0800] "GET /post-story.html HTTP/1.1" 200 861 "-" "Mozilla/5.0 (compatible; MJ12bot/v1.4.8; http://mj12bot.com/)" "metrocrimedaily.com"
65.108.232.38 - - [10/Feb/2023:06:34:40 -0800] "GET /social-media-menu.html HTTP/1.1" 200 554 "-" "Mozilla/5.0 (compatible; MJ12bot/v1.4.8; http://mj12bot.com/)" "metrocrimedaily.com"
65.108.232.38 - - [10/Feb/2023:06:34:41 -0800] "GET /social-media-menu.html HTTP/1.1" 200 554 "-" "Mozilla/5.0 (compatible; MJ12bot/v1.4.8; http://mj12bot.com/)" "metrocrimedaily.com"
65.108.232.38 - - [10/Feb/2023:06:34:43 -0800] "GET /styles-css.txt HTTP/1.1" 200 941 "-" "Mozilla/5.0 (compatible; MJ12bot/v1.4.8; http://mj12bot.com/)" "metrocrimedaily.com"
65.108.232.38 - - [10/Feb/2023:06:34:45 -0800] "GET /styles-css.txt HTTP/1.1" 200 941 "-" "Mozilla/5.0 (compatible; MJ12bot/v1.4.8; http://mj12bot.com/)" "metrocrimedaily.com"
65.108.232.38 - - [10/Feb/2023:06:34:46 -0800] "GET /styles-links.css HTTP/1.1" 200 369 "-" "Mozilla/5.0 (compatible; MJ12bot/v1.4.8; http://mj12bot.com/)" "metrocrimedaily.com"
51.222.253.12 - - [10/Feb/2023:06:34:47 -0800] "GET /instagram-atlanta/01-19-2023-1506574-Killer-Mike--Lil-C-Note--Birdman-Williams-on-Youn.txt HTTP/1.1" 404 88 "-" "Mozilla/5.0 (compatible; AhrefsBot/7.0; +http://ahrefs.com/robot/)" "www.metrocrimedaily.com"
65.108.232.38 - - [10/Feb/2023:06:34:48 -0800] "GET /styles-links.css HTTP/1.1" 200 369 "-" "Mozilla/5.0 (compatible; MJ12bot/v1.4.8; http://mj12bot.com/)" "metrocrimedaily.com"
65.108.232.38 - - [10/Feb/2023:06:34:49 -0800] "GET /styles-mcd-dot-css HTTP/1.1" 200 3658 "-" "Mozilla/5.0 (compatible; MJ12bot/v1.4.8; http://mj12bot.com/)" "metrocrimedaily.com"
65.108.232.38 - - [10/Feb/2023:06:34:51 -0800] "GET /styles-mcd-dot-css HTTP/1.1" 200 3658 "-" "Mozilla/5.0 (compatible; MJ12bot/v1.4.8; http://mj12bot.com/)" "metrocrimedaily.com"
65.108.232.38 - - [10/Feb/2023:06:34:52 -0800] "GET /styles-mcd-master-backup.css HTTP/1.1" 200 1118 "-" "Mozilla/5.0 (compatible; MJ12bot/v1.4.8; http://mj12bot.com/)" "metrocrimedaily.com"
65.108.232.38 - - [10/Feb/2023:06:34:54 -0800] "GET /styles-mcd-master-backup.css HTTP/1.1" 200 1118 "-" "Mozilla/5.0 (compatible; MJ12bot/v1.4.8; http://mj12bot.com/)" "metrocrimedaily.com"
65.108.232.38 - - [10/Feb/2023:06:34:56 -0800] "GET /styles-mcd.css HTTP/1.1" 200 1159 "-" "Mozilla/5.0 (compatible; MJ12bot/v1.4.8; http://mj12bot.com/)" "metrocrimedaily.com"
65.108.232.38 - - [10/Feb/2023:06:34:58 -0800] "GET /styles-mcd.css HTTP/1.1" 200 1159 "-" "Mozilla/5.0 (compatible; MJ12bot/v1.4.8; http://mj12bot.com/)" "metrocrimedaily.com"
65.108.232.38 - - [10/Feb/2023:06:34:59 -0800] "GET /styles-newsbreak-css.txt HTTP/1.1" 200 5248 "-" "Mozilla/5.0 (compatible; MJ12bot/v1.4.8; http://mj12bot.com/)" "metrocrimedaily.com"
65.108.232.38 - - [10/Feb/2023:06:35:01 -0800] "GET /styles-newsbreak-css.txt HTTP/1.1" 200 5248 "-" "Mozilla/5.0 (compatible; MJ12bot/v1.4.8; http://mj12bot.com/)" "metrocrimedaily.com"
65.108.232.38 - - [10/Feb/2023:06:35:02 -0800] "GET /videos/ HTTP/1.1" 200 312 "-" "Mozilla/5.0 (compatible; MJ12bot/v1.4.8; http://mj12bot.com/)" "metrocrimedaily.com"
51.222.253.12 - - [10/Feb/2023:06:35:03 -0800] "GET /instagram-atlanta/01-19-2023-1506575-Doraville-traffic-stop-escalates-to-officer-invol.txt HTTP/1.1" 404 88 "-" "Mozilla/5.0 (compatible; AhrefsBot/7.0; +http://ahrefs.com/robot/)" "www.metrocrimedaily.com"
65.108.232.38 - - [10/Feb/2023:06:35:04 -0800] "GET /videos/ HTTP/1.1" 200 312 "-" "Mozilla/5.0 (compatible; MJ12bot/v1.4.8; http://mj12bot.com/)" "metrocrimedaily.com"
51.222.253.6 - - [10/Feb/2023:06:35:24 -0800] "GET /instagram-atlanta/01-19-2023-1730421-Man-arrested-for-drug-possession-after-3-month-lo.txt HTTP/1.1" 404 88 "-" "Mozilla/5.0 (compatible; AhrefsBot/7.0; +http://ahrefs.com/robot/)" "www.metrocrimedaily.com"
51.222.253.5 - - [10/Feb/2023:06:35:38 -0800] "GET /instagram-atlanta/01-19-2023-17304210-9-year-old-boy-killed-in-hit-and-run--New-image-m.txt HTTP/1.1" 404 88 "-" "Mozilla/5.0 (compatible; AhrefsBot/7.0; +http://ahrefs.com/robot/)" "www.metrocrimedaily.com"
51.222.253.12 - - [10/Feb/2023:06:35:42 -0800] "GET /instagram-atlanta/01-19-2023-17304211--Cop-City--shooting--GBI-releases-names-of-man-ki.txt HTTP/1.1" 404 88 "-" "Mozilla/5.0 (compatible; AhrefsBot/7.0; +http://ahrefs.com/robot/)" "www.metrocrimedaily.com"
51.222.253.5 - - [10/Feb/2023:06:35:46 -0800] "GET /instagram-atlanta/01-19-2023-1730422-Suspect-wanted-for-killing-car-dealership-employe.txt HTTP/1.1" 404 88 "-" "Mozilla/5.0 (compatible; AhrefsBot/7.0; +http://ahrefs.com/robot/)" "www.metrocrimedaily.com"
51.222.253.6 - - [10/Feb/2023:06:35:50 -0800] "GET /instagram-atlanta/01-19-2023-1730423-19-year-old-turns-himself-in--accused-of-killing-.txt HTTP/1.1" 404 88 "-" "Mozilla/5.0 (compatible; AhrefsBot/7.0; +http://ahrefs.com/robot/)" "www.metrocrimedaily.com"
51.222.253.6 - - [10/Feb/2023:06:35:55 -0800] "GET /instagram-atlanta/01-19-2023-1730424-Atlanta-police-looking-for-vehicle-that-killed-9-.txt HTTP/1.1" 404 88 "-" "Mozilla/5.0 (compatible; AhrefsBot/7.0; +http://ahrefs.com/robot/)" "www.metrocrimedaily.com"
51.222.253.17 - - [10/Feb/2023:06:35:59 -0800] "GET /instagram-atlanta/01-19-2023-1730425-Police-arrest-wanted--armed-suspects-in-Atlanta-a.txt HTTP/1.1" 404 88 "-" "Mozilla/5.0 (compatible; AhrefsBot/7.0; +http://ahrefs.com/robot/)" "www.metrocrimedaily.com"
51.222.253.17 - - [10/Feb/2023:06:36:03 -0800] "GET /instagram-atlanta/01-19-2023-1730426-Man-shot-by-police-during-DeKalb-traffic-stop--of.txt HTTP/1.1" 404 88 "-" "Mozilla/5.0 (compatible; AhrefsBot/7.0; +http://ahrefs.com/robot/)" "www.metrocrimedaily.com"
51.222.253.11 - - [10/Feb/2023:06:36:07 -0800] "GET /instagram-atlanta/01-19-2023-1730427-Traffic-stop-ends-with-officers-firing--suspect-i.txt HTTP/1.1" 404 88 "-" "Mozilla/5.0 (compatible; AhrefsBot/7.0; +http://ahrefs.com/robot/)" "www.metrocrimedaily.com"
51.222.253.17 - - [10/Feb/2023:06:36:10 -0800] "GET /instagram-atlanta/01-19-2023-1730428-Police-searching-for-second-suspect-in-shooting-d.txt HTTP/1.1" 404 88 "-" "Mozilla/5.0 (compatible; AhrefsBot/7.0; +http://ahrefs.com/robot/)" "www.metrocrimedaily.com"
51.222.253.17 - - [10/Feb/2023:06:36:22 -0800] "GET /instagram-atlanta/01-19-2023-1730429-Atlanta-police-looking-for-person-of-interest-in-.txt HTTP/1.1" 404 88 "-" "Mozilla/5.0 (compatible; AhrefsBot/7.0; +http://ahrefs.com/robot/)" "www.metrocrimedaily.com"
51.222.253.17 - - [10/Feb/2023:06:36:25 -0800] "GET /instagram-atlanta/01-19-2023-2123421-Trooper-recovering--shooter-dead-after-raid-at-pr.txt HTTP/1.1" 404 88 "-" "Mozilla/5.0 (compatible; AhrefsBot/7.0; +http://ahrefs.com/robot/)" "www.metrocrimedaily.com"
51.222.253.9 - - [10/Feb/2023:06:36:26 -0800] "GET /instagram-atlanta/01-19-2023-2123422-Police-release-photo-of-truck-they-say-may-have-k.txt HTTP/1.1" 404 88 "-" "Mozilla/5.0 (compatible; AhrefsBot/7.0; +http://ahrefs.com/robot/)" "www.metrocrimedaily.com"
51.222.253.17 - - [10/Feb/2023:06:36:32 -0800] "GET /instagram-atlanta/01-19-2023-2123425-YSL-defendant-allegedly-hands-drugs-to-Young-Thug.txt HTTP/1.1" 404 88 "-" "Mozilla/5.0 (compatible; AhrefsBot/7.0; +http://ahrefs.com/robot/)" "www.metrocrimedaily.com"
51.222.253.15 - - [10/Feb/2023:06:36:32 -0800] "GET /instagram-atlanta/01-19-2023-2123423-Lawyer--Gun-used-by-6-year-old-who-shot-teacher-w.txt HTTP/1.1" 404 88 "-" "Mozilla/5.0 (compatible; AhrefsBot/7.0; +http://ahrefs.com/robot/)" "www.metrocrimedaily.com"
51.222.253.17 - - [10/Feb/2023:06:36:35 -0800] "GET /instagram-atlanta/01-19-2023-2123426-Trooper-shot-in-clearing-operation-at-future-poli.txt HTTP/1.1" 404 88 "-" "Mozilla/5.0 (compatible; AhrefsBot/7.0; +http://ahrefs.com/robot/)" "www.metrocrimedaily.com"
51.222.253.9 - - [10/Feb/2023:06:36:38 -0800] "GET /instagram-atlanta/01-20-2023-1319521-At-least-1-person-shot-at-Shell-gas-station-in-De.txt HTTP/1.1" 404 88 "-" "Mozilla/5.0 (compatible; AhrefsBot/7.0; +http://ahrefs.com/robot/)" "www.metrocrimedaily.com"
51.222.253.19 - - [10/Feb/2023:06:36:42 -0800] "GET /instagram-atlanta/01-20-2023-1421481-Cherokee-County-mother--11-year-old-son-found-aft.txt HTTP/1.1" 404 88 "-" "Mozilla/5.0 (compatible; AhrefsBot/7.0; +http://ahrefs.com/robot/)" "www.metrocrimedaily.com"
69.63.184.118 - - [10/Feb/2023:06:36:42 -0800] "GET /instagram-houston/02-10-2023-0836221-A.jpg HTTP/1.1" 404 88 "-" "facebookexternalhit/1.1 (+http://www.facebook.com/externalhit_uatext.php)" "www.metrocrimedaily.com"
51.222.253.8 - - [10/Feb/2023:06:36:44 -0800] "GET /instagram-atlanta/01-20-2023-1421482-Lawyer-files-motion-refuting-drugs-were-main-reas.txt HTTP/1.1" 404 88 "-" "Mozilla/5.0 (compatible; AhrefsBot/7.0; +http://ahrefs.com/robot/)" "www.metrocrimedaily.com"
51.222.253.1 - - [10/Feb/2023:06:36:51 -0800] "GET /instagram-atlanta/01-20-2023-1535032-Marietta-restaurant-owner-charged-with-sex-crimes.txt HTTP/1.1" 404 88 "-" "Mozilla/5.0 (compatible; AhrefsBot/7.0; +http://ahrefs.com/robot/)" "www.metrocrimedaily.com"
51.222.253.14 - - [10/Feb/2023:06:36:55 -0800] "GET /instagram-atlanta/01-20-2023-1535031-DHS-officials-warning-of-scam-involving-Georgia-S.txt HTTP/1.1" 404 88 "-" "Mozilla/5.0 (compatible; AhrefsBot/7.0; +http://ahrefs.com/robot/)" "www.metrocrimedaily.com"
51.222.253.13 - - [10/Feb/2023:06:36:58 -0800] "GET /instagram-atlanta/01-20-2023-1535033-Atlanta-man-dies-one-month-after-being-assaulted-.txt HTTP/1.1" 404 88 "-" "Mozilla/5.0 (compatible; AhrefsBot/7.0; +http://ahrefs.com/robot/)" "www.metrocrimedaily.com"
69.63.184.2 - - [10/Feb/2023:06:37:01 -0800] "GET /instagram-houston/02-10-2023-0836222-A.jpg HTTP/1.1" 404 88 "-" "facebookexternalhit/1.1 (+http://www.facebook.com/externalhit_uatext.php)" "www.metrocrimedaily.com"
51.222.253.15 - - [10/Feb/2023:06:37:01 -0800] "GET /instagram-atlanta/01-20-2023-1719591--I-wasn-t-ready-for-it-to-be-them----Brother-of-p.txt HTTP/1.1" 404 88 "-" "Mozilla/5.0 (compatible; AhrefsBot/7.0; +http://ahrefs.com/robot/)" "www.metrocrimedaily.com"
51.222.253.12 - - [10/Feb/2023:06:37:04 -0800] "GET /instagram-atlanta/01-20-2023-1719592-Marietta-restaurant-owner-charged-with-sex-crimes.txt HTTP/1.1" 404 88 "-" "Mozilla/5.0 (compatible; AhrefsBot/7.0; +http://ahrefs.com/robot/)" "www.metrocrimedaily.com"
51.222.253.10 - - [10/Feb/2023:06:37:06 -0800] "GET /instagram-atlanta/01-20-2023-1719593-Former-Atlanta-Police-chief-defends-training-site.txt HTTP/1.1" 404 88 "-" "Mozilla/5.0 (compatible; AhrefsBot/7.0; +http://ahrefs.com/robot/)" "www.metrocrimedaily.com"
51.222.253.3 - - [10/Feb/2023:06:37:09 -0800] "GET /instagram-atlanta/01-20-2023-1719594-2-arrested-after-beating-man--resulting-in-his-de.txt HTTP/1.1" 404 88 "-" "Mozilla/5.0 (compatible; AhrefsBot/7.0; +http://ahrefs.com/robot/)" "www.metrocrimedaily.com"
51.222.253.15 - - [10/Feb/2023:06:37:12 -0800] "GET /instagram-atlanta/01-20-2023-1719595-Wanted-man-in-Lilburn-fatal-shooting-turns-himsel.txt HTTP/1.1" 404 88 "-" "Mozilla/5.0 (compatible; AhrefsBot/7.0; +http://ahrefs.com/robot/)" "www.metrocrimedaily.com"
51.222.253.10 - - [10/Feb/2023:06:37:17 -0800] "GET /instagram-atlanta/01-20-2023-1719597-Former-Atlanta-Police-chief-defends-training-site.txt HTTP/1.1" 404 88 "-" "Mozilla/5.0 (compatible; AhrefsBot/7.0; +http://ahrefs.com/robot/)" "www.metrocrimedaily.com"
51.222.253.2 - - [10/Feb/2023:06:37:20 -0800] "GET /instagram-atlanta/01-20-2023-1719598-Georgia-Department-of-Human-Services-warns-SNAP-c.txt HTTP/1.1" 404 88 "-" "Mozilla/5.0 (compatible; AhrefsBot/7.0; +http://ahrefs.com/robot/)" "www.metrocrimedaily.com"
51.222.253.10 - - [10/Feb/2023:06:37:20 -0800] "GET /instagram-atlanta/01-20-2023-1719596-2-charged-with-beating-52-year-old-man-to-death-d.txt HTTP/1.1" 404 88 "-" "Mozilla/5.0 (compatible; AhrefsBot/7.0; +http://ahrefs.com/robot/)" "www.metrocrimedaily.com"
69.63.184.118 - - [10/Feb/2023:06:37:21 -0800] "GET /instagram-houston/02-10-2023-0836223-A.jpg HTTP/1.1" 404 88 "-" "facebookexternalhit/1.1 (+http://www.facebook.com/externalhit_uatext.php)" "www.metrocrimedaily.com"
51.222.253.11 - - [10/Feb/2023:06:37:22 -0800] "GET /instagram-atlanta/01-20-2023-1719599-Funeral-plans-announced-for-UGA-football-player-k.txt HTTP/1.1" 404 88 "-" "Mozilla/5.0 (compatible; AhrefsBot/7.0; +http://ahrefs.com/robot/)" "www.metrocrimedaily.com"
51.222.253.2 - - [10/Feb/2023:06:37:30 -0800] "GET /instagram-atlanta/01-20-2023-2142171-Judge-fines-Trump--lawyer-for--frivolous--Clinton.txt HTTP/1.1" 404 88 "-" "Mozilla/5.0 (compatible; AhrefsBot/7.0; +http://ahrefs.com/robot/)" "www.metrocrimedaily.com"
51.222.253.2 - - [10/Feb/2023:06:37:35 -0800] "GET /instagram-atlanta/01-20-2023-2142172-Bryan-Kohberger-case--Moscow-prosecutor-can-sides.txt HTTP/1.1" 404 88 "-" "Mozilla/5.0 (compatible; AhrefsBot/7.0; +http://ahrefs.com/robot/)" "www.metrocrimedaily.com"
51.222.253.8 - - [10/Feb/2023:06:37:40 -0800] "GET /instagram-atlanta/01-20-2023-2142174-Georgia-Attorney-General-wants-sweeping-indictmen.txt HTTP/1.1" 404 88 "-" "Mozilla/5.0 (compatible; AhrefsBot/7.0; +http://ahrefs.com/robot/)" "www.metrocrimedaily.com"
51.222.253.5 - - [10/Feb/2023:06:37:41 -0800] "GET /instagram-atlanta/01-20-2023-2142173-LaGrange-man-arrested-for-strangling-ex-girlfrien.txt HTTP/1.1" 404 88 "-" "Mozilla/5.0 (compatible; AhrefsBot/7.0; +http://ahrefs.com/robot/)" "www.metrocrimedaily.com"
51.222.253.4 - - [10/Feb/2023:06:37:43 -0800] "GET /instagram-atlanta/01-20-2023-2142175-Fulton-County-prosecutors-finalize-report-in-Trum.txt HTTP/1.1" 404 88 "-" "Mozilla/5.0 (compatible; AhrefsBot/7.0; +http://ahrefs.com/robot/)" "www.metrocrimedaily.com"
51.222.253.11 - - [10/Feb/2023:06:37:44 -0800] "GET /instagram-atlanta/01-20-2023-2142176-Friends--supporters-gather-for-protest-and-vigils.txt HTTP/1.1" 404 88 "-" "Mozilla/5.0 (compatible; AhrefsBot/7.0; +http://ahrefs.com/robot/)" "www.metrocrimedaily.com"
51.222.253.6 - - [10/Feb/2023:06:37:47 -0800] "GET /instagram-atlanta/01-20-2023-2142177-GBI--Gun-found-on-protester-was-used-to-shoot-tro.txt HTTP/1.1" 404 88 "-" "Mozilla/5.0 (compatible; AhrefsBot/7.0; +http://ahrefs.com/robot/)" "www.metrocrimedaily.com"
69.63.184.120 - - [10/Feb/2023:06:41:24 -0800] "GET /instagram-losangeles/02-10-2023-0841051-A.jpg HTTP/1.1" 404 88 "-" "facebookexternalhit/1.1 (+http://www.facebook.com/externalhit_uatext.php)" "www.metrocrimedaily.com"
69.63.184.118 - - [10/Feb/2023:06:41:44 -0800] "GET /instagram-losangeles/02-10-2023-0841052-A.jpg HTTP/1.1" 404 88 "-" "facebookexternalhit/1.1 (+http://www.facebook.com/externalhit_uatext.php)" "www.metrocrimedaily.com"
69.63.184.2 - - [10/Feb/2023:06:43:11 -0800] "GET /instagram-atlanta/02-10-2023-0842381-A.jpg HTTP/1.1" 200 139756 "-" "facebookexternalhit/1.1 (+http://www.facebook.com/externalhit_uatext.php)" "www.metrocrimedaily.com"
69.63.184.2 - - [10/Feb/2023:06:45:59 -0800] "GET /instagram-chicago/02-10-2023-0845301-A.jpg HTTP/1.1" 200 430809 "-" "facebookexternalhit/1.1 (+http://www.facebook.com/externalhit_uatext.php)" "www.metrocrimedaily.com"
69.63.184.117 - - [10/Feb/2023:06:47:33 -0800] "GET /instagram-detroit/02-10-2023-0847121-A.jpg HTTP/1.1" 200 102222 "-" "facebookexternalhit/1.1 (+http://www.facebook.com/externalhit_uatext.php)" "www.metrocrimedaily.com"
69.63.184.119 - - [10/Feb/2023:06:55:06 -0800] "GET /instagram-memphis/02-10-2023-0854451-A.jpg HTTP/1.1" 200 116861 "-" "facebookexternalhit/1.1 (+http://www.facebook.com/externalhit_uatext.php)" "www.metrocrimedaily.com"
51.222.253.10 - - [10/Feb/2023:06:57:37 -0800] "GET / HTTP/1.1" 200 1661 "-" "Mozilla/5.0 (compatible; AhrefsBot/7.0; +http://ahrefs.com/robot/)" "metrocrimedaily.com"
69.63.184.116 - - [10/Feb/2023:06:58:20 -0800] "GET /instagram-stlouis/02-10-2023-0857581-A.jpg HTTP/1.1" 200 765482 "-" "facebookexternalhit/1.1 (+http://www.facebook.com/externalhit_uatext.php)" "www.metrocrimedaily.com"
51.222.253.9 - - [10/Feb/2023:06:59:43 -0800] "GET / HTTP/1.1" 200 1661 "-" "Mozilla/5.0 (compatible; AhrefsBot/7.0; +http://ahrefs.com/robot/)" "www.metrocrimedaily.com"
51.222.253.10 - - [10/Feb/2023:07:01:30 -0800] "GET /instagram-chicago/ HTTP/1.1" 200 2205 "-" "Mozilla/5.0 (compatible; AhrefsBot/7.0; +http://ahrefs.com/robot/)" "www.metrocrimedaily.com"
51.222.253.4 - - [10/Feb/2023:07:03:48 -0800] "GET /mcd-blog.html HTTP/1.1" 200 643 "-" "Mozilla/5.0 (compatible; AhrefsBot/7.0; +http://ahrefs.com/robot/)" "www.metrocrimedaily.com"
51.222.253.20 - - [10/Feb/2023:07:03:50 -0800] "GET /styles-links.css HTTP/1.1" 200 369 "-" "Mozilla/5.0 (compatible; AhrefsBot/7.0; +http://ahrefs.com/robot/)" "www.metrocrimedaily.com"
51.222.253.14 - - [10/Feb/2023:07:03:50 -0800] "GET /styles.css HTTP/1.1" 404 88 "-" "Mozilla/5.0 (compatible; AhrefsBot/7.0; +http://ahrefs.com/robot/)" "www.metrocrimedaily.com"
40.77.167.212 - - [10/Feb/2023:07:05:51 -0800] "GET / HTTP/1.1" 200 1661 "-" "Mozilla/5.0 AppleWebKit/537.36 (KHTML, like Gecko; compatible; bingbot/2.0; +http://www.bing.com/bingbot.htm) Chrome/103.0.5060.134 Safari/537.36" "metrocrimedaily.com"
51.222.253.18 - - [10/Feb/2023:07:06:34 -0800] "GET /CRIME-WATCH-AMERICA/CRIME-WATCH-NEW-ORLEANS/?C=M;O=A HTTP/1.1" 200 379 "-" "Mozilla/5.0 (compatible; AhrefsBot/7.0; +http://ahrefs.com/robot/)" "www.metrocrimedaily.com"
69.63.184.117 - - [10/Feb/2023:07:07:35 -0800] "GET /instagram-newyork/02-10-2023-0907131-A.jpg HTTP/1.1" 200 166795 "-" "facebookexternalhit/1.1 (+http://www.facebook.com/externalhit_uatext.php)" "www.metrocrimedaily.com"
51.222.253.6 - - [10/Feb/2023:07:09:14 -0800] "GET /instagram-dallas/02-08-2023-1448491-Arlington-man-arrested-for-allegedly-assaulting-o.txt HTTP/1.1" 200 721 "-" "Mozilla/5.0 (compatible; AhrefsBot/7.0; +http://ahrefs.com/robot/)" "www.metrocrimedaily.com"
40.77.167.212 - - [10/Feb/2023:07:10:32 -0800] "GET /instagram-monroe/ HTTP/1.1" 200 358 "-" "Mozilla/5.0 AppleWebKit/537.36 (KHTML, like Gecko; compatible; bingbot/2.0; +http://www.bing.com/bingbot.htm) Chrome/103.0.5060.134 Safari/537.36" "metrocrimedaily.com"
40.77.167.212 - - [10/Feb/2023:07:10:32 -0800] "GET /backup-05-31-20/ HTTP/1.1" 200 544 "-" "Mozilla/5.0 AppleWebKit/537.36 (KHTML, like Gecko; compatible; bingbot/2.0; +http://www.bing.com/bingbot.htm) Chrome/103.0.5060.134 Safari/537.36" "www.metrocrimedaily.com"
157.55.39.85 - - [10/Feb/2023:07:10:34 -0800] "GET /mcd-blog.html HTTP/1.1" 200 643 "-" "Mozilla/5.0 AppleWebKit/537.36 (KHTML, like Gecko; compatible; bingbot/2.0; +http://www.bing.com/bingbot.htm) Chrome/103.0.5060.134 Safari/537.36" "metrocrimedaily.com"
157.55.39.85 - - [10/Feb/2023:07:10:34 -0800] "GET /images/ HTTP/1.1" 200 943 "-" "Mozilla/5.0 AppleWebKit/537.36 (KHTML, like Gecko; compatible; bingbot/2.0; +http://www.bing.com/bingbot.htm) Chrome/103.0.5060.134 Safari/537.36" "www.metrocrimedaily.com"
52.167.144.32 - - [10/Feb/2023:07:10:36 -0800] "GET /styles-newsbreak-css.txt HTTP/1.1" 200 5248 "-" "Mozilla/5.0 AppleWebKit/537.36 (KHTML, like Gecko; compatible; bingbot/2.0; +http://www.bing.com/bingbot.htm) Chrome/103.0.5060.134 Safari/537.36" "metrocrimedaily.com"
52.167.144.32 - - [10/Feb/2023:07:10:36 -0800] "GET /videos/ HTTP/1.1" 200 312 "-" "Mozilla/5.0 AppleWebKit/537.36 (KHTML, like Gecko; compatible; bingbot/2.0; +http://www.bing.com/bingbot.htm) Chrome/103.0.5060.134 Safari/537.36" "metrocrimedaily.com"
52.167.144.32 - - [10/Feb/2023:07:10:36 -0800] "GET /music/ HTTP/1.1" 200 663 "-" "Mozilla/5.0 AppleWebKit/537.36 (KHTML, like Gecko; compatible; bingbot/2.0; +http://www.bing.com/bingbot.htm) Chrome/103.0.5060.134 Safari/537.36" "www.metrocrimedaily.com"
157.55.39.24 - - [10/Feb/2023:07:10:41 -0800] "GET /styles-css.txt HTTP/1.1" 200 941 "-" "Mozilla/5.0 AppleWebKit/537.36 (KHTML, like Gecko; compatible; bingbot/2.0; +http://www.bing.com/bingbot.htm) Chrome/103.0.5060.134 Safari/537.36" "metrocrimedaily.com"
157.55.39.24 - - [10/Feb/2023:07:10:41 -0800] "GET /index-mcd-master.html HTTP/1.1" 200 1171 "-" "Mozilla/5.0 AppleWebKit/537.36 (KHTML, like Gecko; compatible; bingbot/2.0; +http://www.bing.com/bingbot.htm) Chrome/103.0.5060.134 Safari/537.36" "metrocrimedaily.com"
157.55.39.24 - - [10/Feb/2023:07:10:42 -0800] "GET /index-prototype.html HTTP/1.1" 200 156 "-" "Mozilla/5.0 AppleWebKit/537.36 (KHTML, like Gecko; compatible; bingbot/2.0; +http://www.bing.com/bingbot.htm) Chrome/103.0.5060.134 Safari/537.36" "www.metrocrimedaily.com"
51.222.253.15 - - [10/Feb/2023:07:11:17 -0800] "GET /instagram-dallas/02-08-2023-1537121-Man-Convicted-of-Killing-3-Texas-Teens-in-1998-Fa.txt HTTP/1.1" 200 1072 "-" "Mozilla/5.0 (compatible; AhrefsBot/7.0; +http://ahrefs.com/robot/)" "www.metrocrimedaily.com"
51.222.253.7 - - [10/Feb/2023:07:13:23 -0800] "GET /instagram-dallas/02-08-2023-1627281-Super-Bowl-buzz--Aaron-Rodgers--Raiders-rumors-ar.txt HTTP/1.1" 200 951 "-" "Mozilla/5.0 (compatible; AhrefsBot/7.0; +http://ahrefs.com/robot/)" "www.metrocrimedaily.com"
69.63.184.1 - - [10/Feb/2023:07:13:49 -0800] "GET /instagram-atlanta/02-10-2023-0842382-A.jpg HTTP/1.1" 200 168931 "-" "facebookexternalhit/1.1 (+http://www.facebook.com/externalhit_uatext.php)" "www.metrocrimedaily.com"
69.63.184.4 - - [10/Feb/2023:07:14:27 -0800] "GET /instagram-miami/02-10-2023-0914061-A.jpg HTTP/1.1" 200 140943 "-" "facebookexternalhit/1.1 (+http://www.facebook.com/externalhit_uatext.php)" "www.metrocrimedaily.com"
69.63.184.119 - - [10/Feb/2023:07:15:21 -0800] "GET /instagram-dallas/02-10-2023-0915001-A.jpg HTTP/1.1" 200 218536 "-" "facebookexternalhit/1.1 (+http://www.facebook.com/externalhit_uatext.php)" "www.metrocrimedaily.com"
51.222.253.8 - - [10/Feb/2023:07:15:22 -0800] "GET /instagram-dallas/02-08-2023-1723051-Trackdown--Help-find-the-Pandora-Gentleman-s-Club.txt HTTP/1.1" 200 1004 "-" "Mozilla/5.0 (compatible; AhrefsBot/7.0; +http://ahrefs.com/robot/)" "www.metrocrimedaily.com"
40.77.167.212 - - [10/Feb/2023:07:16:25 -0800] "GET /instagram-atlanta/12-23-2022-1714497-2-killed-in-50-vehicle-pileup-crash-in-Ohio--auth.txt HTTP/1.1" 404 88 "-" "Mozilla/5.0 AppleWebKit/537.36 (KHTML, like Gecko; compatible; bingbot/2.0; +http://www.bing.com/bingbot.htm) Chrome/103.0.5060.134 Safari/537.36" "www.metrocrimedaily.com"
69.63.184.4 - - [10/Feb/2023:07:16:37 -0800] "GET /instagram-chicago/02-10-2023-0845302-A.jpg HTTP/1.1" 200 304245 "-" "facebookexternalhit/1.1 (+http://www.facebook.com/externalhit_uatext.php)" "www.metrocrimedaily.com"
51.222.253.17 - - [10/Feb/2023:07:17:24 -0800] "GET /instagram-dallas/02-08-2023-1723052-Allen-Man-Charged-With-El-Paso-Walmart-Massacre-P.txt HTTP/1.1" 200 1130 "-" "Mozilla/5.0 (compatible; AhrefsBot/7.0; +http://ahrefs.com/robot/)" "www.metrocrimedaily.com"
66.249.66.71 - - [10/Feb/2023:07:17:26 -0800] "GET /ads.txt HTTP/1.1" 404 88 "-" "Mozilla/5.0 (compatible; Googlebot/2.1; +http://www.google.com/bot.html)" "metrocrimedaily.com"
51.222.253.12 - - [10/Feb/2023:07:19:21 -0800] "GET /instagram-dallas/02-08-2023-1845431-Dallas-PD-say-people-are-pretending-to-be-officer.txt HTTP/1.1" 200 898 "-" "Mozilla/5.0 (compatible; AhrefsBot/7.0; +http://ahrefs.com/robot/)" "www.metrocrimedaily.com"
51.222.253.18 - - [10/Feb/2023:07:21:22 -0800] "GET /instagram-dallas/02-08-2023-1845432-Some-people-are-reportedly-posing-as-Dallas-polic.txt HTTP/1.1" 200 174 "-" "Mozilla/5.0 (compatible; AhrefsBot/7.0; +http://ahrefs.com/robot/)" "www.metrocrimedaily.com"
51.222.253.9 - - [10/Feb/2023:07:23:13 -0800] "GET /instagram-dallas/02-08-2023-1845433-Richard-Acosta--Testimony-continues-in-capital-mu.txt HTTP/1.1" 200 1120 "-" "Mozilla/5.0 (compatible; AhrefsBot/7.0; +http://ahrefs.com/robot/)" "www.metrocrimedaily.com"
51.222.253.19 - - [10/Feb/2023:07:24:57 -0800] "GET /instagram-dallas/02-08-2023-1845434-CNBC-Daily-Open--U.S.-Markets-Got-the-Fed-s-Messa.txt HTTP/1.1" 200 1194 "-" "Mozilla/5.0 (compatible; AhrefsBot/7.0; +http://ahrefs.com/robot/)" "www.metrocrimedaily.com"
69.63.184.118 - - [10/Feb/2023:07:25:15 -0800] "GET /instagram-losangeles/02-10-2023-0924541-A.jpg HTTP/1.1" 200 149225 "-" "facebookexternalhit/1.1 (+http://www.facebook.com/externalhit_uatext.php)" "www.metrocrimedaily.com"
69.63.184.1 - - [10/Feb/2023:07:25:43 -0800] "GET /instagram-memphis/02-10-2023-0854452-A.jpg HTTP/1.1" 200 136393 "-" "facebookexternalhit/1.1 (+http://www.facebook.com/externalhit_uatext.php)" "www.metrocrimedaily.com"
157.55.39.18 - - [10/Feb/2023:07:26:20 -0800] "GET /instagram-chicago/12-19-2022-1546412-Sister-of-Chicago-Police-Officer-Previously-Charg.txt HTTP/1.1" 404 88 "-" "Mozilla/5.0 AppleWebKit/537.36 (KHTML, like Gecko; compatible; bingbot/2.0; +http://www.bing.com/bingbot.htm) Chrome/103.0.5060.134 Safari/537.36" "www.metrocrimedaily.com"
51.222.253.2 - - [10/Feb/2023:07:27:10 -0800] "GET /instagram-dallas/02-08-2023-1845435-Evidence-Presented-on-Day-2-of-the-Capital-Murder.txt HTTP/1.1" 200 1139 "-" "Mozilla/5.0 (compatible; AhrefsBot/7.0; +http://ahrefs.com/robot/)" "www.metrocrimedaily.com"
51.222.253.13 - - [10/Feb/2023:07:29:14 -0800] "GET /instagram-dallas/02-08-2023-1845436-Victims--families-call-for-justice-in-trial-for-d.txt HTTP/1.1" 200 49 "-" "Mozilla/5.0 (compatible; AhrefsBot/7.0; +http://ahrefs.com/robot/)" "www.metrocrimedaily.com"
51.222.253.9 - - [10/Feb/2023:07:31:16 -0800] "GET /instagram-dallas/02-08-2023-2058161-Dallas-Zoo-officials-say-change-is-underway-after.txt HTTP/1.1" 200 989 "-" "Mozilla/5.0 (compatible; AhrefsBot/7.0; +http://ahrefs.com/robot/)" "www.metrocrimedaily.com"
20.110.48.228 - - [10/Feb/2023:07:31:31 -0800] "GET / HTTP/1.1" 200 10505 "-" "Mozilla/5.0 (Windows NT 10.0; Win64; x64) AppleWebKit/537.36 (KHTML, like Gecko) Chrome/76.0.3809.132 Safari/537.36" "metrocrimedaily.com"
20.110.48.228 - - [10/Feb/2023:07:31:32 -0800] "GET /wp-includes/wlwmanifest.xml HTTP/1.1" 404 73 "-" "Mozilla/5.0 (Windows NT 10.0; Win64; x64) AppleWebKit/537.36 (KHTML, like Gecko) Chrome/76.0.3809.132 Safari/537.36" "metrocrimedaily.com"
20.110.48.228 - - [10/Feb/2023:07:31:32 -0800] "GET / HTTP/1.1" 200 10505 "-" "Mozilla/5.0 (Windows NT 10.0; Win64; x64) AppleWebKit/537.36 (KHTML, like Gecko) Chrome/76.0.3809.132 Safari/537.36" "metrocrimedaily.com"
20.110.48.228 - - [10/Feb/2023:07:31:32 -0800] "GET /blog/wp-includes/wlwmanifest.xml HTTP/1.1" 404 73 "-" "Mozilla/5.0 (Windows NT 10.0; Win64; x64) AppleWebKit/537.36 (KHTML, like Gecko) Chrome/76.0.3809.132 Safari/537.36" "metrocrimedaily.com"
20.110.48.228 - - [10/Feb/2023:07:31:32 -0800] "GET /web/wp-includes/wlwmanifest.xml HTTP/1.1" 404 73 "-" "Mozilla/5.0 (Windows NT 10.0; Win64; x64) AppleWebKit/537.36 (KHTML, like Gecko) Chrome/76.0.3809.132 Safari/537.36" "metrocrimedaily.com"
20.110.48.228 - - [10/Feb/2023:07:31:32 -0800] "GET /wordpress/wp-includes/wlwmanifest.xml HTTP/1.1" 404 73 "-" "Mozilla/5.0 (Windows NT 10.0; Win64; x64) AppleWebKit/537.36 (KHTML, like Gecko) Chrome/76.0.3809.132 Safari/537.36" "metrocrimedaily.com"
20.110.48.228 - - [10/Feb/2023:07:31:32 -0800] "GET /website/wp-includes/wlwmanifest.xml HTTP/1.1" 404 73 "-" "Mozilla/5.0 (Windows NT 10.0; Win64; x64) AppleWebKit/537.36 (KHTML, like Gecko) Chrome/76.0.3809.132 Safari/537.36" "metrocrimedaily.com"
20.110.48.228 - - [10/Feb/2023:07:31:32 -0800] "GET /wp/wp-includes/wlwmanifest.xml HTTP/1.1" 404 73 "-" "Mozilla/5.0 (Windows NT 10.0; Win64; x64) AppleWebKit/537.36 (KHTML, like Gecko) Chrome/76.0.3809.132 Safari/537.36" "metrocrimedaily.com"
20.110.48.228 - - [10/Feb/2023:07:31:32 -0800] "GET /2018/wp-includes/wlwmanifest.xml HTTP/1.1" 404 73 "-" "Mozilla/5.0 (Windows NT 10.0; Win64; x64) AppleWebKit/537.36 (KHTML, like Gecko) Chrome/76.0.3809.132 Safari/537.36" "metrocrimedaily.com"
20.110.48.228 - - [10/Feb/2023:07:31:32 -0800] "GET /shop/wp-includes/wlwmanifest.xml HTTP/1.1" 404 73 "-" "Mozilla/5.0 (Windows NT 10.0; Win64; x64) AppleWebKit/537.36 (KHTML, like Gecko) Chrome/76.0.3809.132 Safari/537.36" "metrocrimedaily.com"
20.110.48.228 - - [10/Feb/2023:07:31:32 -0800] "GET /wp1/wp-includes/wlwmanifest.xml HTTP/1.1" 404 73 "-" "Mozilla/5.0 (Windows NT 10.0; Win64; x64) AppleWebKit/537.36 (KHTML, like Gecko) Chrome/76.0.3809.132 Safari/537.36" "metrocrimedaily.com"
20.110.48.228 - - [10/Feb/2023:07:31:32 -0800] "GET /media/wp-includes/wlwmanifest.xml HTTP/1.1" 404 73 "-" "Mozilla/5.0 (Windows NT 10.0; Win64; x64) AppleWebKit/537.36 (KHTML, like Gecko) Chrome/76.0.3809.132 Safari/537.36" "metrocrimedaily.com"
20.110.48.228 - - [10/Feb/2023:07:31:33 -0800] "GET /wp2/wp-includes/wlwmanifest.xml HTTP/1.1" 404 73 "-" "Mozilla/5.0 (Windows NT 10.0; Win64; x64) AppleWebKit/537.36 (KHTML, like Gecko) Chrome/76.0.3809.132 Safari/537.36" "metrocrimedaily.com"
20.110.48.228 - - [10/Feb/2023:07:31:33 -0800] "GET /cms/wp-includes/wlwmanifest.xml HTTP/1.1" 404 73 "-" "Mozilla/5.0 (Windows NT 10.0; Win64; x64) AppleWebKit/537.36 (KHTML, like Gecko) Chrome/76.0.3809.132 Safari/537.36" "metrocrimedaily.com"
20.110.48.228 - - [10/Feb/2023:07:31:33 -0800] "GET /sito/wp-includes/wlwmanifest.xml HTTP/1.1" 404 73 "-" "Mozilla/5.0 (Windows NT 10.0; Win64; x64) AppleWebKit/537.36 (KHTML, like Gecko) Chrome/76.0.3809.132 Safari/537.36" "metrocrimedaily.com"
51.222.253.15 - - [10/Feb/2023:07:33:23 -0800] "GET /instagram-dallas/02-08-2023-2058162--Dances-With-Wolves--Actor-Was--Grooming--Young-G.txt HTTP/1.1" 200 1160 "-" "Mozilla/5.0 (compatible; AhrefsBot/7.0; +http://ahrefs.com/robot/)" "www.metrocrimedaily.com"
51.222.253.19 - - [10/Feb/2023:07:35:10 -0800] "GET /instagram-dallas/02-08-2023-2206141-Arlington-man-charged-in-Jan.-6-Capitol-riot-.txt HTTP/1.1" 200 854 "-" "Mozilla/5.0 (compatible; AhrefsBot/7.0; +http://ahrefs.com/robot/)" "www.metrocrimedaily.com"
157.55.39.24 - - [10/Feb/2023:07:36:23 -0800] "GET /index-dallas.html HTTP/1.1" 200 48876 "-" "Mozilla/5.0 AppleWebKit/537.36 (KHTML, like Gecko; compatible; bingbot/2.0; +http://www.bing.com/bingbot.htm) Chrome/103.0.5060.134 Safari/537.36" "metrocrimedaily.com"
51.222.253.18 - - [10/Feb/2023:07:37:10 -0800] "GET /instagram-dallas/02-08-2023-2257271-Driver-Killed-While-Exchanging-Insurance-Informat.txt HTTP/1.1" 200 986 "-" "Mozilla/5.0 (compatible; AhrefsBot/7.0; +http://ahrefs.com/robot/)" "www.metrocrimedaily.com"
69.63.184.5 - - [10/Feb/2023:07:38:13 -0800] "GET /instagram-newyork/02-10-2023-0907132-A.jpg HTTP/1.1" 200 65878 "-" "facebookexternalhit/1.1 (+http://www.facebook.com/externalhit_uatext.php)" "www.metrocrimedaily.com"
51.222.253.20 - - [10/Feb/2023:07:39:13 -0800] "GET /instagram-dallas/02-09-2023-0654151-Arlington--Texas-man-charged-in-Jan.-6-Capitol-ri.txt HTTP/1.1" 200 49 "-" "Mozilla/5.0 (compatible; AhrefsBot/7.0; +http://ahrefs.com/robot/)" "www.metrocrimedaily.com"
51.222.253.19 - - [10/Feb/2023:07:41:25 -0800] "GET /instagram-dallas/02-09-2023-0803281-Acosta-trial--Suspect-may-speak-on-case-as-accuse.txt HTTP/1.1" 200 209 "-" "Mozilla/5.0 (compatible; AhrefsBot/7.0; +http://ahrefs.com/robot/)" "www.metrocrimedaily.com"
69.63.184.3 - - [10/Feb/2023:07:42:51 -0800] "GET /instagram-houston/02-10-2023-0942311-A.jpg HTTP/1.1" 200 75901 "-" "facebookexternalhit/1.1 (+http://www.facebook.com/externalhit_uatext.php)" "www.metrocrimedaily.com"
51.222.253.10 - - [10/Feb/2023:07:44:07 -0800] "GET /instagram-dallas/02-09-2023-0803282-Texas-man-pleads-guilty-in-racist-2019-Walmart-at.txt HTTP/1.1" 200 1139 "-" "Mozilla/5.0 (compatible; AhrefsBot/7.0; +http://ahrefs.com/robot/)" "www.metrocrimedaily.com"
69.63.184.119 - - [10/Feb/2023:07:44:27 -0800] "GET /instagram-atlanta/02-10-2023-0842383-A.jpg HTTP/1.1" 200 69562 "-" "facebookexternalhit/1.1 (+http://www.facebook.com/externalhit_uatext.php)" "www.metrocrimedaily.com"
51.222.253.4 - - [10/Feb/2023:07:46:01 -0800] "GET /instagram-dallas/02-09-2023-0943181-Garland-Convenience-Store-Shooting-Trial-Day-3--P.txt HTTP/1.1" 200 746 "-" "Mozilla/5.0 (compatible; AhrefsBot/7.0; +http://ahrefs.com/robot/)" "www.metrocrimedaily.com"
69.63.184.4 - - [10/Feb/2023:07:47:14 -0800] "GET /instagram-chicago/02-10-2023-0845303-A.jpg HTTP/1.1" 200 325102 "-" "facebookexternalhit/1.1 (+http://www.facebook.com/externalhit_uatext.php)" "www.metrocrimedaily.com"
51.222.253.19 - - [10/Feb/2023:07:47:47 -0800] "GET /instagram-dallas/02-09-2023-0943182-Court-docs--Suspect-of-stolen-Dallas-Zoo-monkeys-.txt HTTP/1.1" 200 182 "-" "Mozilla/5.0 (compatible; AhrefsBot/7.0; +http://ahrefs.com/robot/)" "www.metrocrimedaily.com"
51.222.253.16 - - [10/Feb/2023:07:49:57 -0800] "GET /instagram-dallas/02-09-2023-0943183--.txt HTTP/1.1" 200 20 "-" "Mozilla/5.0 (compatible; AhrefsBot/7.0; +http://ahrefs.com/robot/)" "www.metrocrimedaily.com"
51.222.253.8 - - [10/Feb/2023:07:52:00 -0800] "GET /instagram-dallas/02-09-2023-1158361-Teachers-Not-Surprised-After-Abby-Zwerner-Shot-by.txt HTTP/1.1" 200 1120 "-" "Mozilla/5.0 (compatible; AhrefsBot/7.0; +http://ahrefs.com/robot/)" "www.metrocrimedaily.com"
51.222.253.4 - - [10/Feb/2023:07:54:06 -0800] "GET /instagram-dallas/02-09-2023-1158362-Drug-trafficker-who-kept-$1.5M-in-cash-in-South-D.txt HTTP/1.1" 200 691 "-" "Mozilla/5.0 (compatible; AhrefsBot/7.0; +http://ahrefs.com/robot/)" "www.metrocrimedaily.com"
69.63.184.3 - - [10/Feb/2023:07:55:22 -0800] "GET /instagram-detroit/02-10-2023-0955011-A.jpg HTTP/1.1" 200 126344 "-" "facebookexternalhit/1.1 (+http://www.facebook.com/externalhit_uatext.php)" "www.metrocrimedaily.com"
157.55.39.18 - - [10/Feb/2023:07:55:53 -0800] "GET /instagram-detroit/12-27-2022-0956085-Ex-football-QB-Jayru-Campbell-arrested-after-poli.txt HTTP/1.1" 404 88 "-" "Mozilla/5.0 AppleWebKit/537.36 (KHTML, like Gecko; compatible; bingbot/2.0; +http://www.bing.com/bingbot.htm) Chrome/103.0.5060.134 Safari/537.36" "www.metrocrimedaily.com"
51.222.253.9 - - [10/Feb/2023:07:56:16 -0800] "GET /instagram-dallas/02-09-2023-1158363-Trump-Escalates-His-Attacks-on-Ron-DeSantis-as-a-.txt HTTP/1.1" 200 781 "-" "Mozilla/5.0 (compatible; AhrefsBot/7.0; +http://ahrefs.com/robot/)" "www.metrocrimedaily.com"
51.222.253.17 - - [10/Feb/2023:07:58:12 -0800] "GET /instagram-dallas/02-09-2023-1158364--.txt HTTP/1.1" 200 20 "-" "Mozilla/5.0 (compatible; AhrefsBot/7.0; +http://ahrefs.com/robot/)" "www.metrocrimedaily.com"
51.222.253.12 - - [10/Feb/2023:08:00:30 -0800] "GET /instagram-dallas/02-09-2023-1507311--.txt HTTP/1.1" 200 20 "-" "Mozilla/5.0 (compatible; AhrefsBot/7.0; +http://ahrefs.com/robot/)" "www.metrocrimedaily.com"
51.222.253.8 - - [10/Feb/2023:08:02:42 -0800] "GET /instagram-dallas/02-09-2023-1607411-Baby-Killed--Another-Injured-in-Strollers-Sold-by.txt HTTP/1.1" 200 946 "-" "Mozilla/5.0 (compatible; AhrefsBot/7.0; +http://ahrefs.com/robot/)" "www.metrocrimedaily.com"
51.222.253.19 - - [10/Feb/2023:08:04:54 -0800] "GET /instagram-dallas/02-09-2023-1703421-Rep.-Angie-Craig-Assaulted-in-Her-Washington-Apar.txt HTTP/1.1" 200 880 "-" "Mozilla/5.0 (compatible; AhrefsBot/7.0; +http://ahrefs.com/robot/)" "www.metrocrimedaily.com"
51.222.253.10 - - [10/Feb/2023:08:07:15 -0800] "GET /instagram-dallas/02-09-2023-1758531-Rep.-George-Santos-Was-Charged-With-Theft-in-Sinc.txt HTTP/1.1" 200 972 "-" "Mozilla/5.0 (compatible; AhrefsBot/7.0; +http://ahrefs.com/robot/)" "www.metrocrimedaily.com"
51.222.253.2 - - [10/Feb/2023:08:09:40 -0800] "GET /instagram-dallas/02-09-2023-1758532-Royse-City-police-investigating-fatality-after-hi.txt HTTP/1.1" 200 649 "-" "Mozilla/5.0 (compatible; AhrefsBot/7.0; +http://ahrefs.com/robot/)" "www.metrocrimedaily.com"
51.222.253.7 - - [10/Feb/2023:08:11:39 -0800] "GET /instagram-atlanta/01-12-2023-2104261-Duluth-High-School-student-stabbed-during-fight-.txt HTTP/1.1" 404 88 "-" "Mozilla/5.0 (compatible; AhrefsBot/7.0; +http://ahrefs.com/robot/)" "www.metrocrimedaily.com"
173.252.111.20 - - [10/Feb/2023:08:12:04 -0800] "GET /instagram-stlouis/02-10-2023-1011391-A.jpg HTTP/1.1" 200 347814 "-" "facebookexternalhit/1.1 (+http://www.facebook.com/externalhit_uatext.php)" "www.metrocrimedaily.com"
69.63.184.119 - - [10/Feb/2023:08:13:45 -0800] "GET /instagram-houston/02-10-2023-0942313-A.jpg HTTP/1.1" 200 121255 "-" "facebookexternalhit/1.1 (+http://www.facebook.com/externalhit_uatext.php)" "www.metrocrimedaily.com"
51.222.253.8 - - [10/Feb/2023:08:13:48 -0800] "GET /instagram-atlanta/01-13-2023-1051531-Hall-County-man-arrested-after-assaulting-young-g.txt HTTP/1.1" 404 88 "-" "Mozilla/5.0 (compatible; AhrefsBot/7.0; +http://ahrefs.com/robot/)" "www.metrocrimedaily.com"
69.63.184.119 - - [10/Feb/2023:08:15:02 -0800] "GET /instagram-atlanta/02-10-2023-0842384-A.jpg HTTP/1.1" 200 160532 "-" "facebookexternalhit/1.1 (+http://www.facebook.com/externalhit_uatext.php)" "www.metrocrimedaily.com"
51.222.253.14 - - [10/Feb/2023:08:16:07 -0800] "GET /instagram-atlanta/01-13-2023-1354341-Child-killed-by-fallen-tree-in-Butts-County-.txt HTTP/1.1" 404 88 "-" "Mozilla/5.0 (compatible; AhrefsBot/7.0; +http://ahrefs.com/robot/)" "www.metrocrimedaily.com"
114.119.157.108 - - [10/Feb/2023:08:17:14 -0800] "GET /instagram-stlouis/videos/?C=S%3BO%3DA HTTP/1.1" 200 329 "https://metrocrimedaily.com/instagram-stlouis/videos/" "Mozilla/5.0 (Linux; Android 7.0;) AppleWebKit/537.36 (KHTML, like Gecko) Mobile Safari/537.36 (compatible; PetalBot;+https://webmaster.petalsearch.com/site/petalbot)" "metrocrimedaily.com"
69.63.184.1 - - [10/Feb/2023:08:17:56 -0800] "GET /instagram-neworleans/02-10-2023-1017341-A.jpg HTTP/1.1" 200 753386 "-" "facebookexternalhit/1.1 (+http://www.facebook.com/externalhit_uatext.php)" "www.metrocrimedaily.com"
51.222.253.3 - - [10/Feb/2023:08:18:15 -0800] "GET /instagram-atlanta/01-17-2023-12053113-Missing-Atlanta-10-year-old-boy-found-.txt HTTP/1.1" 404 88 "-" "Mozilla/5.0 (compatible; AhrefsBot/7.0; +http://ahrefs.com/robot/)" "www.metrocrimedaily.com"
51.222.253.3 - - [10/Feb/2023:08:20:25 -0800] "GET /instagram-atlanta/01-19-2023-2123424-Suspect-surrenders-in-deadly-Lilburn-shooting-.txt HTTP/1.1" 404 88 "-" "Mozilla/5.0 (compatible; AhrefsBot/7.0; +http://ahrefs.com/robot/)" "www.metrocrimedaily.com"
51.222.253.18 - - [10/Feb/2023:08:22:40 -0800] "GET /instagram-atlanta/01-20-2023-2142179-Denny-s-sign-falls-on-top-of-car--killing-1--inju.txt HTTP/1.1" 404 88 "-" "Mozilla/5.0 (compatible; AhrefsBot/7.0; +http://ahrefs.com/robot/)" "www.metrocrimedaily.com"
69.63.184.4 - - [10/Feb/2023:08:24:07 -0800] "GET /instagram-dallas/02-10-2023-1023451-A.jpg HTTP/1.1" 200 63151 "-" "facebookexternalhit/1.1 (+http://www.facebook.com/externalhit_uatext.php)" "www.metrocrimedaily.com"
40.77.167.212 - - [10/Feb/2023:08:24:50 -0800] "GET /instagram-memphis/01-16-2023-0843441-Mafia-boss-Matteo-Messina-Denaro-arrested-after-3.txt HTTP/1.1" 404 88 "-" "Mozilla/5.0 AppleWebKit/537.36 (KHTML, like Gecko; compatible; bingbot/2.0; +http://www.bing.com/bingbot.htm) Chrome/103.0.5060.134 Safari/537.36" "www.metrocrimedaily.com"
69.63.184.116 - - [10/Feb/2023:08:25:56 -0800] "GET /instagram-detroit/02-10-2023-0955012-A.jpg HTTP/1.1" 200 259997 "-" "facebookexternalhit/1.1 (+http://www.facebook.com/externalhit_uatext.php)" "www.metrocrimedaily.com"
193.235.141.142 - - [10/Feb/2023:08:30:53 -0800] "GET / HTTP/1.1" 200 1678 "-" "Mozilla/5.0 (Windows NT 10.0; Win64; x64) AppleWebKit/537.36 (KHTML, like Gecko) Chrome/105.0.0.0 Safari/537.36" "metrocrimedaily.com"
193.235.141.142 - - [10/Feb/2023:08:30:53 -0800] "GET /favicon.ico HTTP/1.1" 404 88 "-" "Mozilla/5.0 (Windows NT 10.0; Win64; x64) AppleWebKit/537.36 (KHTML, like Gecko) Chrome/105.0.0.0 Safari/537.36" "metrocrimedaily.com"
69.63.184.117 - - [10/Feb/2023:08:32:50 -0800] "GET /instagram-memphis/02-10-2023-1032291-A.jpg HTTP/1.1" 200 136393 "-" "facebookexternalhit/1.1 (+http://www.facebook.com/externalhit_uatext.php)" "www.metrocrimedaily.com"
