135.181.213.220 - - [10/Feb/2023:13:16:07 -0800] "GET /instagram-newyork/02-09-2023-1306161-Bronx-man---s-2-year-old-son-saw-him-get-fatally-.txt HTTP/1.1" 200 904 "-" "Mozilla/5.0 (compatible; MJ12bot/v1.4.8; http://mj12bot.com/)" "metrocrimedaily.com"
135.181.213.220 - - [10/Feb/2023:13:16:09 -0800] "GET /instagram-newyork/02-09-2023-1306161-Bronx-man---s-2-year-old-son-saw-him-get-fatally-.txt HTTP/1.1" 200 904 "-" "Mozilla/5.0 (compatible; MJ12bot/v1.4.8; http://mj12bot.com/)" "metrocrimedaily.com"
135.181.213.220 - - [10/Feb/2023:13:16:11 -0800] "GET /instagram-newyork/02-09-2023-1404191-A.jpg HTTP/1.1" 200 158822 "-" "Mozilla/5.0 (compatible; MJ12bot/v1.4.8; http://mj12bot.com/)" "metrocrimedaily.com"
135.181.213.220 - - [10/Feb/2023:13:16:12 -0800] "GET /instagram-newyork/02-09-2023-1404191-NYC-woman-tries-to-kill-look-alike-with-poisoned-.txt HTTP/1.1" 200 1073 "-" "Mozilla/5.0 (compatible; MJ12bot/v1.4.8; http://mj12bot.com/)" "metrocrimedaily.com"
135.181.213.220 - - [10/Feb/2023:13:16:14 -0800] "GET /instagram-newyork/02-09-2023-1404191-NYC-woman-tries-to-kill-look-alike-with-poisoned-.txt HTTP/1.1" 200 1073 "-" "Mozilla/5.0 (compatible; MJ12bot/v1.4.8; http://mj12bot.com/)" "metrocrimedaily.com"
135.181.213.220 - - [10/Feb/2023:13:16:16 -0800] "GET /instagram-newyork/02-09-2023-1459591--.txt HTTP/1.1" 200 20 "-" "Mozilla/5.0 (compatible; MJ12bot/v1.4.8; http://mj12bot.com/)" "metrocrimedaily.com"
149.202.82.11 - - [10/Feb/2023:13:16:18 -0800] "GET /instagram-atlanta/02-08-2023-2137175-A.jpg HTTP/1.1" 200 110768 "-" "Mozilla/5.0 (compatible; MJ12bot/v1.4.8; http://mj12bot.com/)" "metrocrimedaily.com"
135.181.213.220 - - [10/Feb/2023:13:16:18 -0800] "GET /instagram-newyork/02-09-2023-1459591--.txt HTTP/1.1" 200 20 "-" "Mozilla/5.0 (compatible; MJ12bot/v1.4.8; http://mj12bot.com/)" "metrocrimedaily.com"
135.181.213.220 - - [10/Feb/2023:13:16:20 -0800] "GET /instagram-newyork/02-09-2023-1459591-A.jpg HTTP/1.1" 200 58424 "-" "Mozilla/5.0 (compatible; MJ12bot/v1.4.8; http://mj12bot.com/)" "metrocrimedaily.com"
135.181.213.220 - - [10/Feb/2023:13:16:22 -0800] "GET /instagram-newyork/02-09-2023-1555331-A.jpg HTTP/1.1" 200 203638 "-" "Mozilla/5.0 (compatible; MJ12bot/v1.4.8; http://mj12bot.com/)" "metrocrimedaily.com"
135.181.213.220 - - [10/Feb/2023:13:16:24 -0800] "GET /instagram-newyork/02-09-2023-1555331-Brooklyn-widower-mourns-fatally-shot-son-after-20.txt HTTP/1.1" 200 1155 "-" "Mozilla/5.0 (compatible; MJ12bot/v1.4.8; http://mj12bot.com/)" "metrocrimedaily.com"
135.181.213.220 - - [10/Feb/2023:13:16:25 -0800] "GET /instagram-newyork/02-09-2023-1555331-Brooklyn-widower-mourns-fatally-shot-son-after-20.txt HTTP/1.1" 200 1155 "-" "Mozilla/5.0 (compatible; MJ12bot/v1.4.8; http://mj12bot.com/)" "metrocrimedaily.com"
173.252.111.23 - - [10/Feb/2023:13:16:26 -0800] "GET /instagram-stlouis/02-10-2023-1357097-A.jpg HTTP/1.1" 200 69464 "-" "facebookexternalhit/1.1 (+http://www.facebook.com/externalhit_uatext.php)" "www.metrocrimedaily.com"
135.181.213.220 - - [10/Feb/2023:13:16:28 -0800] "GET /instagram-newyork/02-09-2023-1737491-A.jpg HTTP/1.1" 200 117848 "-" "Mozilla/5.0 (compatible; MJ12bot/v1.4.8; http://mj12bot.com/)" "metrocrimedaily.com"
135.181.213.220 - - [10/Feb/2023:13:16:29 -0800] "GET /instagram-newyork/02-09-2023-1737491-Ex-con-indicted-in-1994-cold-case-slay-of-Harlem-.txt HTTP/1.1" 200 1184 "-" "Mozilla/5.0 (compatible; MJ12bot/v1.4.8; http://mj12bot.com/)" "metrocrimedaily.com"
135.181.213.220 - - [10/Feb/2023:13:16:31 -0800] "GET /instagram-newyork/02-09-2023-1737491-Ex-con-indicted-in-1994-cold-case-slay-of-Harlem-.txt HTTP/1.1" 200 1184 "-" "Mozilla/5.0 (compatible; MJ12bot/v1.4.8; http://mj12bot.com/)" "metrocrimedaily.com"
69.63.184.116 - - [10/Feb/2023:13:16:32 -0800] "GET /instagram-atlanta/02-10-2023-1428565-A.jpg HTTP/1.1" 200 137765 "-" "facebookexternalhit/1.1 (+http://www.facebook.com/externalhit_uatext.php)" "www.metrocrimedaily.com"
149.202.82.11 - - [10/Feb/2023:13:16:33 -0800] "GET /instagram-atlanta/02-08-2023-2137176-A.jpg HTTP/1.1" 200 200131 "-" "Mozilla/5.0 (compatible; MJ12bot/v1.4.8; http://mj12bot.com/)" "metrocrimedaily.com"
135.181.213.220 - - [10/Feb/2023:13:16:33 -0800] "GET /instagram-newyork/02-09-2023-1737492-A.jpg HTTP/1.1" 200 123480 "-" "Mozilla/5.0 (compatible; MJ12bot/v1.4.8; http://mj12bot.com/)" "metrocrimedaily.com"
114.119.130.26 - - [10/Feb/2023:13:16:34 -0800] "GET /CRIME-WATCH-AMERICA/CRIME-WATCH-HOUSTON/support/readme-yt-dlp-installation.txt HTTP/1.1" 200 1719 "https://metrocrimedaily.com/CRIME-WATCH-AMERICA/CRIME-WATCH-HOUSTON/support/" "Mozilla/5.0 (Linux; Android 7.0;) AppleWebKit/537.36 (KHTML, like Gecko) Mobile Safari/537.36 (compatible; PetalBot;+https://webmaster.petalsearch.com/site/petalbot)" "metrocrimedaily.com"
135.181.213.220 - - [10/Feb/2023:13:16:35 -0800] "GET /instagram-newyork/02-09-2023-1737492-Accused-killer-of-FDNY-EMT-Yadira-Arroyo-recited-.txt HTTP/1.1" 200 1106 "-" "Mozilla/5.0 (compatible; MJ12bot/v1.4.8; http://mj12bot.com/)" "metrocrimedaily.com"
135.181.213.220 - - [10/Feb/2023:13:16:37 -0800] "GET /instagram-newyork/02-09-2023-1737492-Accused-killer-of-FDNY-EMT-Yadira-Arroyo-recited-.txt HTTP/1.1" 200 1106 "-" "Mozilla/5.0 (compatible; MJ12bot/v1.4.8; http://mj12bot.com/)" "metrocrimedaily.com"
135.181.213.220 - - [10/Feb/2023:13:16:38 -0800] "GET /instagram-newyork/02-09-2023-1737493-18-year-old-man-wounded-in-broad-daylight-shootin.txt HTTP/1.1" 200 668 "-" "Mozilla/5.0 (compatible; MJ12bot/v1.4.8; http://mj12bot.com/)" "metrocrimedaily.com"
149.202.82.11 - - [10/Feb/2023:13:16:40 -0800] "GET /instagram-atlanta/02-08-2023-2137176-Body-cam-footage-released-of-fatal-shooting-outsi.txt HTTP/1.1" 200 603 "-" "Mozilla/5.0 (compatible; MJ12bot/v1.4.8; http://mj12bot.com/)" "metrocrimedaily.com"
135.181.213.220 - - [10/Feb/2023:13:16:40 -0800] "GET /instagram-newyork/02-09-2023-1737493-18-year-old-man-wounded-in-broad-daylight-shootin.txt HTTP/1.1" 200 668 "-" "Mozilla/5.0 (compatible; MJ12bot/v1.4.8; http://mj12bot.com/)" "metrocrimedaily.com"
135.181.213.220 - - [10/Feb/2023:13:16:42 -0800] "GET /instagram-newyork/02-09-2023-1737493-A.jpg HTTP/1.1" 200 151590 "-" "Mozilla/5.0 (compatible; MJ12bot/v1.4.8; http://mj12bot.com/)" "metrocrimedaily.com"
135.181.213.220 - - [10/Feb/2023:13:16:44 -0800] "GET /instagram-newyork/?C=D;O=A HTTP/1.1" 200 2209 "-" "Mozilla/5.0 (compatible; MJ12bot/v1.4.8; http://mj12bot.com/)" "metrocrimedaily.com"
135.181.213.220 - - [10/Feb/2023:13:16:46 -0800] "GET /instagram-newyork/?C=D;O=A HTTP/1.1" 200 2209 "-" "Mozilla/5.0 (compatible; MJ12bot/v1.4.8; http://mj12bot.com/)" "metrocrimedaily.com"
135.181.213.220 - - [10/Feb/2023:13:16:48 -0800] "GET /instagram-newyork/?C=M;O=A HTTP/1.1" 200 2218 "-" "Mozilla/5.0 (compatible; MJ12bot/v1.4.8; http://mj12bot.com/)" "metrocrimedaily.com"
135.181.213.220 - - [10/Feb/2023:13:16:50 -0800] "GET /instagram-newyork/?C=M;O=A HTTP/1.1" 200 2218 "-" "Mozilla/5.0 (compatible; MJ12bot/v1.4.8; http://mj12bot.com/)" "metrocrimedaily.com"
135.181.213.220 - - [10/Feb/2023:13:16:52 -0800] "GET /instagram-newyork/?C=N;O=D HTTP/1.1" 200 2221 "-" "Mozilla/5.0 (compatible; MJ12bot/v1.4.8; http://mj12bot.com/)" "metrocrimedaily.com"
135.181.213.220 - - [10/Feb/2023:13:16:54 -0800] "GET /instagram-newyork/?C=N;O=D HTTP/1.1" 200 2221 "-" "Mozilla/5.0 (compatible; MJ12bot/v1.4.8; http://mj12bot.com/)" "metrocrimedaily.com"
149.202.82.11 - - [10/Feb/2023:13:16:55 -0800] "GET /instagram-atlanta/02-08-2023-2137176-Body-cam-footage-released-of-fatal-shooting-outsi.txt HTTP/1.1" 200 603 "-" "Mozilla/5.0 (compatible; MJ12bot/v1.4.8; http://mj12bot.com/)" "metrocrimedaily.com"
135.181.213.220 - - [10/Feb/2023:13:16:56 -0800] "GET /instagram-newyork/?C=S;O=A HTTP/1.1" 200 2250 "-" "Mozilla/5.0 (compatible; MJ12bot/v1.4.8; http://mj12bot.com/)" "metrocrimedaily.com"
135.181.213.220 - - [10/Feb/2023:13:16:58 -0800] "GET /instagram-newyork/?C=S;O=A HTTP/1.1" 200 2250 "-" "Mozilla/5.0 (compatible; MJ12bot/v1.4.8; http://mj12bot.com/)" "metrocrimedaily.com"
135.181.213.220 - - [10/Feb/2023:13:17:00 -0800] "GET /instagram-newyork/ig-CWUSA-newyork-stories-to-post-later.txt HTTP/1.1" 200 10249 "-" "Mozilla/5.0 (compatible; MJ12bot/v1.4.8; http://mj12bot.com/)" "metrocrimedaily.com"
149.202.82.11 - - [10/Feb/2023:13:17:00 -0800] "GET /instagram-atlanta/02-09-2023-1157091-A.jpg HTTP/1.1" 200 165432 "-" "Mozilla/5.0 (compatible; MJ12bot/v1.4.8; http://mj12bot.com/)" "metrocrimedaily.com"
135.181.213.220 - - [10/Feb/2023:13:17:02 -0800] "GET /instagram-newyork/ig-CWUSA-newyork-stories-to-post-later.txt HTTP/1.1" 200 10249 "-" "Mozilla/5.0 (compatible; MJ12bot/v1.4.8; http://mj12bot.com/)" "metrocrimedaily.com"
135.181.213.220 - - [10/Feb/2023:13:17:04 -0800] "GET /instagram-newyork/ig-newyork-stories-to-post-later.txt HTTP/1.1" 200 390 "-" "Mozilla/5.0 (compatible; MJ12bot/v1.4.8; http://mj12bot.com/)" "metrocrimedaily.com"
135.181.213.220 - - [10/Feb/2023:13:17:06 -0800] "GET /instagram-newyork/ig-newyork-stories-to-post-later.txt HTTP/1.1" 200 390 "-" "Mozilla/5.0 (compatible; MJ12bot/v1.4.8; http://mj12bot.com/)" "metrocrimedaily.com"
135.181.213.220 - - [10/Feb/2023:13:17:07 -0800] "GET /instagram-newyork/post-later/ HTTP/1.1" 200 331 "-" "Mozilla/5.0 (compatible; MJ12bot/v1.4.8; http://mj12bot.com/)" "metrocrimedaily.com"
135.181.213.220 - - [10/Feb/2023:13:17:09 -0800] "GET /instagram-newyork/post-later/ HTTP/1.1" 200 331 "-" "Mozilla/5.0 (compatible; MJ12bot/v1.4.8; http://mj12bot.com/)" "metrocrimedaily.com"
149.202.82.11 - - [10/Feb/2023:13:17:10 -0800] "GET /instagram-atlanta/02-09-2023-1157091-Scammers-use-hot-real-estate-market-in-Metro-Atla.txt HTTP/1.1" 200 155 "-" "Mozilla/5.0 (compatible; MJ12bot/v1.4.8; http://mj12bot.com/)" "metrocrimedaily.com"
135.181.213.220 - - [10/Feb/2023:13:17:11 -0800] "GET /instagram-newyork/videos/ HTTP/1.1" 200 1349 "-" "Mozilla/5.0 (compatible; MJ12bot/v1.4.8; http://mj12bot.com/)" "metrocrimedaily.com"
135.181.213.220 - - [10/Feb/2023:13:17:13 -0800] "GET /instagram-newyork/videos/ HTTP/1.1" 200 1349 "-" "Mozilla/5.0 (compatible; MJ12bot/v1.4.8; http://mj12bot.com/)" "metrocrimedaily.com"
135.181.213.220 - - [10/Feb/2023:13:17:15 -0800] "GET /instagram-stlouis/02-08-2023-1207241-A.jpg HTTP/1.1" 200 206075 "-" "Mozilla/5.0 (compatible; MJ12bot/v1.4.8; http://mj12bot.com/)" "metrocrimedaily.com"
135.181.213.220 - - [10/Feb/2023:13:17:17 -0800] "GET /instagram-stlouis/02-08-2023-1207241-Southern-Mo.-woman-convicted-in-man---s-death--du.txt HTTP/1.1" 200 981 "-" "Mozilla/5.0 (compatible; MJ12bot/v1.4.8; http://mj12bot.com/)" "metrocrimedaily.com"
149.202.82.11 - - [10/Feb/2023:13:17:17 -0800] "GET /instagram-atlanta/02-09-2023-1157091-Scammers-use-hot-real-estate-market-in-Metro-Atla.txt HTTP/1.1" 200 155 "-" "Mozilla/5.0 (compatible; MJ12bot/v1.4.8; http://mj12bot.com/)" "metrocrimedaily.com"
135.181.213.220 - - [10/Feb/2023:13:17:19 -0800] "GET /instagram-stlouis/02-08-2023-1207241-Southern-Mo.-woman-convicted-in-man---s-death--du.txt HTTP/1.1" 200 981 "-" "Mozilla/5.0 (compatible; MJ12bot/v1.4.8; http://mj12bot.com/)" "metrocrimedaily.com"
135.181.213.220 - - [10/Feb/2023:13:17:21 -0800] "GET /instagram-stlouis/02-08-2023-1207242-A.jpg HTTP/1.1" 200 93470 "-" "Mozilla/5.0 (compatible; MJ12bot/v1.4.8; http://mj12bot.com/)" "metrocrimedaily.com"
51.222.253.19 - - [10/Feb/2023:13:17:21 -0800] "GET /CRIME-WATCH-AMERICA/CRIME-WATCH-NEW-YORK-CITY/support/ HTTP/1.1" 200 711 "-" "Mozilla/5.0 (compatible; AhrefsBot/7.0; +http://ahrefs.com/robot/)" "metrocrimedaily.com"
135.181.213.220 - - [10/Feb/2023:13:17:22 -0800] "GET /instagram-stlouis/02-08-2023-1207242-Man-fatally-shot-in-Bellefontaine-Neighbors-.txt HTTP/1.1" 200 392 "-" "Mozilla/5.0 (compatible; MJ12bot/v1.4.8; http://mj12bot.com/)" "metrocrimedaily.com"
149.202.82.11 - - [10/Feb/2023:13:17:23 -0800] "GET /instagram-atlanta/02-09-2023-1303321-A.jpg HTTP/1.1" 200 88375 "-" "Mozilla/5.0 (compatible; MJ12bot/v1.4.8; http://mj12bot.com/)" "metrocrimedaily.com"
135.181.213.220 - - [10/Feb/2023:13:17:24 -0800] "GET /instagram-stlouis/02-08-2023-1207242-Man-fatally-shot-in-Bellefontaine-Neighbors-.txt HTTP/1.1" 200 392 "-" "Mozilla/5.0 (compatible; MJ12bot/v1.4.8; http://mj12bot.com/)" "metrocrimedaily.com"
135.181.213.220 - - [10/Feb/2023:13:17:26 -0800] "GET /instagram-stlouis/02-08-2023-1337141-A.jpg HTTP/1.1" 200 91186 "-" "Mozilla/5.0 (compatible; MJ12bot/v1.4.8; http://mj12bot.com/)" "metrocrimedaily.com"
135.181.213.220 - - [10/Feb/2023:13:17:28 -0800] "GET /instagram-stlouis/02-08-2023-1337141-Shooting-at-Nebraska-Target-highlights-gaps-in-gu.txt HTTP/1.1" 200 1153 "-" "Mozilla/5.0 (compatible; MJ12bot/v1.4.8; http://mj12bot.com/)" "metrocrimedaily.com"
135.181.213.220 - - [10/Feb/2023:13:17:30 -0800] "GET /instagram-stlouis/02-08-2023-1337141-Shooting-at-Nebraska-Target-highlights-gaps-in-gu.txt HTTP/1.1" 200 1153 "-" "Mozilla/5.0 (compatible; MJ12bot/v1.4.8; http://mj12bot.com/)" "metrocrimedaily.com"
135.181.213.220 - - [10/Feb/2023:13:17:32 -0800] "GET /instagram-stlouis/02-08-2023-1337142-2-former-Missouri-clerks-guilty-of-stealing-over-.txt HTTP/1.1" 200 1040 "-" "Mozilla/5.0 (compatible; MJ12bot/v1.4.8; http://mj12bot.com/)" "metrocrimedaily.com"
135.181.213.220 - - [10/Feb/2023:13:17:34 -0800] "GET /instagram-stlouis/02-08-2023-1337142-2-former-Missouri-clerks-guilty-of-stealing-over-.txt HTTP/1.1" 200 1040 "-" "Mozilla/5.0 (compatible; MJ12bot/v1.4.8; http://mj12bot.com/)" "metrocrimedaily.com"
149.202.82.11 - - [10/Feb/2023:13:17:36 -0800] "GET /instagram-atlanta/02-09-2023-1303321-Police-investigating-shooting-outside-gas-station.txt HTTP/1.1" 200 268 "-" "Mozilla/5.0 (compatible; MJ12bot/v1.4.8; http://mj12bot.com/)" "metrocrimedaily.com"
135.181.213.220 - - [10/Feb/2023:13:17:36 -0800] "GET /instagram-stlouis/02-08-2023-1337142-A.jpg HTTP/1.1" 200 159781 "-" "Mozilla/5.0 (compatible; MJ12bot/v1.4.8; http://mj12bot.com/)" "metrocrimedaily.com"
114.119.131.202 - - [10/Feb/2023:13:17:37 -0800] "GET /instagram-dallas/02-07-2023-1055411-Dallas-Zoo-missing-monkeys-suspect-planned-to-kee.txt HTTP/1.1" 404 88 "https://metrocrimedaily.com/instagram-dallas/?C=S%3BO%3DA" "Mozilla/5.0 (Linux; Android 7.0;) AppleWebKit/537.36 (KHTML, like Gecko) Mobile Safari/537.36 (compatible; PetalBot;+https://webmaster.petalsearch.com/site/petalbot)" "metrocrimedaily.com"
135.181.213.220 - - [10/Feb/2023:13:17:38 -0800] "GET /instagram-stlouis/02-08-2023-1337143-A.jpg HTTP/1.1" 200 182341 "-" "Mozilla/5.0 (compatible; MJ12bot/v1.4.8; http://mj12bot.com/)" "metrocrimedaily.com"
135.181.213.220 - - [10/Feb/2023:13:17:39 -0800] "GET /instagram-stlouis/02-08-2023-1337143-St.-Louis-man-sentenced-for-killing-woman-and-her.txt HTTP/1.1" 200 794 "-" "Mozilla/5.0 (compatible; MJ12bot/v1.4.8; http://mj12bot.com/)" "metrocrimedaily.com"
135.181.213.220 - - [10/Feb/2023:13:17:41 -0800] "GET /instagram-stlouis/02-08-2023-1337143-St.-Louis-man-sentenced-for-killing-woman-and-her.txt HTTP/1.1" 200 794 "-" "Mozilla/5.0 (compatible; MJ12bot/v1.4.8; http://mj12bot.com/)" "metrocrimedaily.com"
135.181.213.220 - - [10/Feb/2023:13:17:43 -0800] "GET /instagram-stlouis/02-08-2023-1337144-A.jpg HTTP/1.1" 200 289385 "-" "Mozilla/5.0 (compatible; MJ12bot/v1.4.8; http://mj12bot.com/)" "metrocrimedaily.com"
149.202.82.11 - - [10/Feb/2023:13:17:44 -0800] "GET /instagram-atlanta/02-09-2023-1303321-Police-investigating-shooting-outside-gas-station.txt HTTP/1.1" 200 268 "-" "Mozilla/5.0 (compatible; MJ12bot/v1.4.8; http://mj12bot.com/)" "metrocrimedaily.com"
135.181.213.220 - - [10/Feb/2023:13:17:45 -0800] "GET /instagram-stlouis/02-08-2023-1337144-Belleville-Police-warn-about-scammers-pretending-.txt HTTP/1.1" 200 613 "-" "Mozilla/5.0 (compatible; MJ12bot/v1.4.8; http://mj12bot.com/)" "metrocrimedaily.com"
135.181.213.220 - - [10/Feb/2023:13:17:47 -0800] "GET /instagram-stlouis/02-08-2023-1337144-Belleville-Police-warn-about-scammers-pretending-.txt HTTP/1.1" 200 613 "-" "Mozilla/5.0 (compatible; MJ12bot/v1.4.8; http://mj12bot.com/)" "metrocrimedaily.com"
135.181.213.220 - - [10/Feb/2023:13:17:49 -0800] "GET /instagram-stlouis/02-08-2023-1536421-A.jpg HTTP/1.1" 200 184528 "-" "Mozilla/5.0 (compatible; MJ12bot/v1.4.8; http://mj12bot.com/)" "metrocrimedaily.com"
135.181.213.220 - - [10/Feb/2023:13:17:51 -0800] "GET /instagram-stlouis/02-08-2023-1536421-Missouri-man-arrested-in-connection-to-child-sex-.txt HTTP/1.1" 200 679 "-" "Mozilla/5.0 (compatible; MJ12bot/v1.4.8; http://mj12bot.com/)" "metrocrimedaily.com"
135.181.213.220 - - [10/Feb/2023:13:17:53 -0800] "GET /instagram-stlouis/02-08-2023-1536421-Missouri-man-arrested-in-connection-to-child-sex-.txt HTTP/1.1" 200 679 "-" "Mozilla/5.0 (compatible; MJ12bot/v1.4.8; http://mj12bot.com/)" "metrocrimedaily.com"
135.181.213.220 - - [10/Feb/2023:13:17:55 -0800] "GET /instagram-stlouis/02-08-2023-1536422-27-year-old-shot-to-death-in-Bellefontaine-Neighb.txt HTTP/1.1" 200 527 "-" "Mozilla/5.0 (compatible; MJ12bot/v1.4.8; http://mj12bot.com/)" "metrocrimedaily.com"
149.202.82.11 - - [10/Feb/2023:13:17:56 -0800] "GET /instagram-atlanta/02-09-2023-1402521-A.jpg HTTP/1.1" 200 171780 "-" "Mozilla/5.0 (compatible; MJ12bot/v1.4.8; http://mj12bot.com/)" "metrocrimedaily.com"
135.181.213.220 - - [10/Feb/2023:13:17:56 -0800] "GET /instagram-stlouis/02-08-2023-1536422-27-year-old-shot-to-death-in-Bellefontaine-Neighb.txt HTTP/1.1" 200 527 "-" "Mozilla/5.0 (compatible; MJ12bot/v1.4.8; http://mj12bot.com/)" "metrocrimedaily.com"
135.181.213.220 - - [10/Feb/2023:13:17:58 -0800] "GET /instagram-stlouis/02-08-2023-1536422-A.jpg HTTP/1.1" 200 208724 "-" "Mozilla/5.0 (compatible; MJ12bot/v1.4.8; http://mj12bot.com/)" "metrocrimedaily.com"
135.181.213.220 - - [10/Feb/2023:13:18:00 -0800] "GET /instagram-stlouis/02-08-2023-1536423-A.jpg HTTP/1.1" 200 103137 "-" "Mozilla/5.0 (compatible; MJ12bot/v1.4.8; http://mj12bot.com/)" "metrocrimedaily.com"
135.181.213.220 - - [10/Feb/2023:13:18:02 -0800] "GET /instagram-stlouis/02-08-2023-1536423-Missouri-officials-block-possible-income-tax-scam.txt HTTP/1.1" 200 944 "-" "Mozilla/5.0 (compatible; MJ12bot/v1.4.8; http://mj12bot.com/)" "metrocrimedaily.com"
135.181.213.220 - - [10/Feb/2023:13:18:04 -0800] "GET /instagram-stlouis/02-08-2023-1536423-Missouri-officials-block-possible-income-tax-scam.txt HTTP/1.1" 200 944 "-" "Mozilla/5.0 (compatible; MJ12bot/v1.4.8; http://mj12bot.com/)" "metrocrimedaily.com"
135.181.213.220 - - [10/Feb/2023:13:18:06 -0800] "GET /instagram-stlouis/02-08-2023-1536424-2-dead-in-house-fire-in-south-St.-Louis-County-.txt HTTP/1.1" 200 865 "-" "Mozilla/5.0 (compatible; MJ12bot/v1.4.8; http://mj12bot.com/)" "metrocrimedaily.com"
135.181.213.220 - - [10/Feb/2023:13:18:08 -0800] "GET /instagram-stlouis/02-08-2023-1536424-2-dead-in-house-fire-in-south-St.-Louis-County-.txt HTTP/1.1" 200 865 "-" "Mozilla/5.0 (compatible; MJ12bot/v1.4.8; http://mj12bot.com/)" "metrocrimedaily.com"
135.181.213.220 - - [10/Feb/2023:13:18:10 -0800] "GET /instagram-stlouis/02-08-2023-1536424-A.jpg HTTP/1.1" 200 313056 "-" "Mozilla/5.0 (compatible; MJ12bot/v1.4.8; http://mj12bot.com/)" "metrocrimedaily.com"
149.202.82.11 - - [10/Feb/2023:13:18:10 -0800] "GET /instagram-atlanta/02-09-2023-1402521-Woman-convicted-on-controversial-medical-diagnosi.txt HTTP/1.1" 200 1134 "-" "Mozilla/5.0 (compatible; MJ12bot/v1.4.8; http://mj12bot.com/)" "metrocrimedaily.com"
135.181.213.220 - - [10/Feb/2023:13:18:12 -0800] "GET /instagram-stlouis/02-08-2023-1536425-A.jpg HTTP/1.1" 200 94962 "-" "Mozilla/5.0 (compatible; MJ12bot/v1.4.8; http://mj12bot.com/)" "metrocrimedaily.com"
135.181.213.220 - - [10/Feb/2023:13:18:13 -0800] "GET /instagram-stlouis/02-08-2023-1536425-Man-shot--killed-in-Bellefontaine-Neighbors-home-.txt HTTP/1.1" 200 194 "-" "Mozilla/5.0 (compatible; MJ12bot/v1.4.8; http://mj12bot.com/)" "metrocrimedaily.com"
135.181.213.220 - - [10/Feb/2023:13:18:15 -0800] "GET /instagram-stlouis/02-08-2023-1536425-Man-shot--killed-in-Bellefontaine-Neighbors-home-.txt HTTP/1.1" 200 194 "-" "Mozilla/5.0 (compatible; MJ12bot/v1.4.8; http://mj12bot.com/)" "metrocrimedaily.com"
135.181.213.220 - - [10/Feb/2023:13:18:17 -0800] "GET /instagram-stlouis/02-08-2023-1536426-A.jpg HTTP/1.1" 200 117877 "-" "Mozilla/5.0 (compatible; MJ12bot/v1.4.8; http://mj12bot.com/)" "metrocrimedaily.com"
135.181.213.220 - - [10/Feb/2023:13:18:19 -0800] "GET /instagram-stlouis/02-08-2023-1536426-Accused-harasser-in-viral-south-St.-Louis-videos-.txt HTTP/1.1" 200 1100 "-" "Mozilla/5.0 (compatible; MJ12bot/v1.4.8; http://mj12bot.com/)" "metrocrimedaily.com"
135.181.213.220 - - [10/Feb/2023:13:18:21 -0800] "GET /instagram-stlouis/02-08-2023-1536426-Accused-harasser-in-viral-south-St.-Louis-videos-.txt HTTP/1.1" 200 1100 "-" "Mozilla/5.0 (compatible; MJ12bot/v1.4.8; http://mj12bot.com/)" "metrocrimedaily.com"
135.181.213.220 - - [10/Feb/2023:13:18:23 -0800] "GET /instagram-stlouis/02-08-2023-1536427-A.jpg HTTP/1.1" 200 218483 "-" "Mozilla/5.0 (compatible; MJ12bot/v1.4.8; http://mj12bot.com/)" "metrocrimedaily.com"
135.181.213.220 - - [10/Feb/2023:13:18:25 -0800] "GET /instagram-stlouis/02-08-2023-1536427-Two-people-killed-in--suspicious--south-St.-Louis.txt HTTP/1.1" 200 803 "-" "Mozilla/5.0 (compatible; MJ12bot/v1.4.8; http://mj12bot.com/)" "metrocrimedaily.com"
135.181.213.220 - - [10/Feb/2023:13:18:27 -0800] "GET /instagram-stlouis/02-08-2023-1536427-Two-people-killed-in--suspicious--south-St.-Louis.txt HTTP/1.1" 200 803 "-" "Mozilla/5.0 (compatible; MJ12bot/v1.4.8; http://mj12bot.com/)" "metrocrimedaily.com"
149.202.82.11 - - [10/Feb/2023:13:18:28 -0800] "GET /instagram-atlanta/02-09-2023-1402521-Woman-convicted-on-controversial-medical-diagnosi.txt HTTP/1.1" 200 1134 "-" "Mozilla/5.0 (compatible; MJ12bot/v1.4.8; http://mj12bot.com/)" "metrocrimedaily.com"
135.181.213.220 - - [10/Feb/2023:13:18:28 -0800] "GET /instagram-stlouis/02-08-2023-1829021-A.jpg HTTP/1.1" 200 289385 "-" "Mozilla/5.0 (compatible; MJ12bot/v1.4.8; http://mj12bot.com/)" "metrocrimedaily.com"
135.181.213.220 - - [10/Feb/2023:13:18:30 -0800] "GET /instagram-stlouis/02-08-2023-1829021-Belleville-Police-warn-about-scammers-pretending-.txt HTTP/1.1" 200 613 "-" "Mozilla/5.0 (compatible; MJ12bot/v1.4.8; http://mj12bot.com/)" "metrocrimedaily.com"
135.181.213.220 - - [10/Feb/2023:13:18:32 -0800] "GET /instagram-stlouis/02-08-2023-1829021-Belleville-Police-warn-about-scammers-pretending-.txt HTTP/1.1" 200 613 "-" "Mozilla/5.0 (compatible; MJ12bot/v1.4.8; http://mj12bot.com/)" "metrocrimedaily.com"
135.181.213.220 - - [10/Feb/2023:13:18:34 -0800] "GET /instagram-stlouis/02-08-2023-1829022-A.jpg HTTP/1.1" 200 223222 "-" "Mozilla/5.0 (compatible; MJ12bot/v1.4.8; http://mj12bot.com/)" "metrocrimedaily.com"
135.181.213.220 - - [10/Feb/2023:13:18:36 -0800] "GET /instagram-stlouis/02-08-2023-1829022-St.-Louis-police-recruit-arrested--charged-with-s.txt HTTP/1.1" 200 503 "-" "Mozilla/5.0 (compatible; MJ12bot/v1.4.8; http://mj12bot.com/)" "metrocrimedaily.com"
135.181.213.220 - - [10/Feb/2023:13:18:38 -0800] "GET /instagram-stlouis/02-08-2023-1829022-St.-Louis-police-recruit-arrested--charged-with-s.txt HTTP/1.1" 200 503 "-" "Mozilla/5.0 (compatible; MJ12bot/v1.4.8; http://mj12bot.com/)" "metrocrimedaily.com"
135.181.213.220 - - [10/Feb/2023:13:18:40 -0800] "GET /instagram-stlouis/02-08-2023-1829023-A.jpg HTTP/1.1" 200 416840 "-" "Mozilla/5.0 (compatible; MJ12bot/v1.4.8; http://mj12bot.com/)" "metrocrimedaily.com"
135.181.213.220 - - [10/Feb/2023:13:18:42 -0800] "GET /instagram-stlouis/02-08-2023-1829023-Woman-charged-after-video-of-St.-Louis-family-har.txt HTTP/1.1" 200 1028 "-" "Mozilla/5.0 (compatible; MJ12bot/v1.4.8; http://mj12bot.com/)" "metrocrimedaily.com"
114.119.135.202 - - [10/Feb/2023:13:18:43 -0800] "GET /CRIME-WATCH-AMERICA/CRIME-WATCH-HOUSTON/support/mcd-calculate-how-long-ago.html HTTP/1.1" 200 650 "https://metrocrimedaily.com/CRIME-WATCH-AMERICA/CRIME-WATCH-HOUSTON/support/" "Mozilla/5.0 (Linux; Android 7.0;) AppleWebKit/537.36 (KHTML, like Gecko) Mobile Safari/537.36 (compatible; PetalBot;+https://webmaster.petalsearch.com/site/petalbot)" "metrocrimedaily.com"
135.181.213.220 - - [10/Feb/2023:13:18:43 -0800] "GET /instagram-stlouis/02-08-2023-1829023-Woman-charged-after-video-of-St.-Louis-family-har.txt HTTP/1.1" 200 1028 "-" "Mozilla/5.0 (compatible; MJ12bot/v1.4.8; http://mj12bot.com/)" "metrocrimedaily.com"
135.181.213.220 - - [10/Feb/2023:13:18:45 -0800] "GET /instagram-stlouis/02-08-2023-1829024-A.jpg HTTP/1.1" 200 416840 "-" "Mozilla/5.0 (compatible; MJ12bot/v1.4.8; http://mj12bot.com/)" "metrocrimedaily.com"
135.181.213.220 - - [10/Feb/2023:13:18:47 -0800] "GET /instagram-stlouis/02-08-2023-1829024-Woman-charged-after-video-of-St.-Louis-family-har.txt HTTP/1.1" 200 1028 "-" "Mozilla/5.0 (compatible; MJ12bot/v1.4.8; http://mj12bot.com/)" "metrocrimedaily.com"
135.181.213.220 - - [10/Feb/2023:13:18:49 -0800] "GET /instagram-stlouis/02-08-2023-1829024-Woman-charged-after-video-of-St.-Louis-family-har.txt HTTP/1.1" 200 1028 "-" "Mozilla/5.0 (compatible; MJ12bot/v1.4.8; http://mj12bot.com/)" "metrocrimedaily.com"
149.202.82.11 - - [10/Feb/2023:13:18:50 -0800] "GET /instagram-atlanta/02-09-2023-1402522-A.jpg HTTP/1.1" 200 77522 "-" "Mozilla/5.0 (compatible; MJ12bot/v1.4.8; http://mj12bot.com/)" "metrocrimedaily.com"
135.181.213.220 - - [10/Feb/2023:13:18:51 -0800] "GET /instagram-stlouis/02-08-2023-1829025-A.jpg HTTP/1.1" 200 166664 "-" "Mozilla/5.0 (compatible; MJ12bot/v1.4.8; http://mj12bot.com/)" "metrocrimedaily.com"
135.181.213.220 - - [10/Feb/2023:13:18:53 -0800] "GET /instagram-stlouis/02-08-2023-1829025-North-Carolina-teen-accused-of-murdering-boyfrien.txt HTTP/1.1" 200 521 "-" "Mozilla/5.0 (compatible; MJ12bot/v1.4.8; http://mj12bot.com/)" "metrocrimedaily.com"
135.181.213.220 - - [10/Feb/2023:13:18:55 -0800] "GET /instagram-stlouis/02-08-2023-1829025-North-Carolina-teen-accused-of-murdering-boyfrien.txt HTTP/1.1" 200 521 "-" "Mozilla/5.0 (compatible; MJ12bot/v1.4.8; http://mj12bot.com/)" "metrocrimedaily.com"
149.202.82.11 - - [10/Feb/2023:13:18:56 -0800] "GET /instagram-atlanta/02-09-2023-1402522-Paulding-County-daycare-owner-arrested-for-2nd-ti.txt HTTP/1.1" 200 781 "-" "Mozilla/5.0 (compatible; MJ12bot/v1.4.8; http://mj12bot.com/)" "metrocrimedaily.com"
135.181.213.220 - - [10/Feb/2023:13:18:57 -0800] "GET /instagram-stlouis/02-08-2023-1829026-A.jpg HTTP/1.1" 200 95626 "-" "Mozilla/5.0 (compatible; MJ12bot/v1.4.8; http://mj12bot.com/)" "metrocrimedaily.com"
135.181.213.220 - - [10/Feb/2023:13:18:58 -0800] "GET /instagram-stlouis/02-08-2023-1829026-St.-Louis-man-charged-with-raping-woman-at-gunpoi.txt HTTP/1.1" 200 621 "-" "Mozilla/5.0 (compatible; MJ12bot/v1.4.8; http://mj12bot.com/)" "metrocrimedaily.com"
135.181.213.220 - - [10/Feb/2023:13:19:00 -0800] "GET /instagram-stlouis/02-08-2023-1829026-St.-Louis-man-charged-with-raping-woman-at-gunpoi.txt HTTP/1.1" 200 621 "-" "Mozilla/5.0 (compatible; MJ12bot/v1.4.8; http://mj12bot.com/)" "metrocrimedaily.com"
135.181.213.220 - - [10/Feb/2023:13:19:02 -0800] "GET /instagram-stlouis/02-08-2023-1829027-A.jpg HTTP/1.1" 200 314774 "-" "Mozilla/5.0 (compatible; MJ12bot/v1.4.8; http://mj12bot.com/)" "metrocrimedaily.com"
135.181.213.220 - - [10/Feb/2023:13:19:04 -0800] "GET /instagram-stlouis/02-08-2023-1829027-No--Jackie-Robinson-was-not-the-first-Black-man-t.txt HTTP/1.1" 200 1014 "-" "Mozilla/5.0 (compatible; MJ12bot/v1.4.8; http://mj12bot.com/)" "metrocrimedaily.com"
135.181.213.220 - - [10/Feb/2023:13:19:06 -0800] "GET /instagram-stlouis/02-08-2023-1829027-No--Jackie-Robinson-was-not-the-first-Black-man-t.txt HTTP/1.1" 200 1014 "-" "Mozilla/5.0 (compatible; MJ12bot/v1.4.8; http://mj12bot.com/)" "metrocrimedaily.com"
135.181.213.220 - - [10/Feb/2023:13:19:08 -0800] "GET /instagram-stlouis/02-08-2023-1829028----Pathetic-act-of-selfishness-----Vases-stolen-f.txt HTTP/1.1" 200 552 "-" "Mozilla/5.0 (compatible; MJ12bot/v1.4.8; http://mj12bot.com/)" "metrocrimedaily.com"
135.181.213.220 - - [10/Feb/2023:13:19:10 -0800] "GET /instagram-stlouis/02-08-2023-1829028----Pathetic-act-of-selfishness-----Vases-stolen-f.txt HTTP/1.1" 200 552 "-" "Mozilla/5.0 (compatible; MJ12bot/v1.4.8; http://mj12bot.com/)" "metrocrimedaily.com"
69.63.184.3 - - [10/Feb/2023:13:19:11 -0800] "GET /instagram-detroit/02-10-2023-1503162-A.jpg HTTP/1.1" 200 76099 "-" "facebookexternalhit/1.1 (+http://www.facebook.com/externalhit_uatext.php)" "www.metrocrimedaily.com"
135.181.213.220 - - [10/Feb/2023:13:19:12 -0800] "GET /instagram-stlouis/02-08-2023-1829028-A.jpg HTTP/1.1" 200 135371 "-" "Mozilla/5.0 (compatible; MJ12bot/v1.4.8; http://mj12bot.com/)" "metrocrimedaily.com"
149.202.82.11 - - [10/Feb/2023:13:19:12 -0800] "GET /instagram-atlanta/02-09-2023-1402522-Paulding-County-daycare-owner-arrested-for-2nd-ti.txt HTTP/1.1" 200 781 "-" "Mozilla/5.0 (compatible; MJ12bot/v1.4.8; http://mj12bot.com/)" "metrocrimedaily.com"
135.181.213.220 - - [10/Feb/2023:13:19:14 -0800] "GET /instagram-stlouis/02-08-2023-1829029-A.jpg HTTP/1.1" 200 539381 "-" "Mozilla/5.0 (compatible; MJ12bot/v1.4.8; http://mj12bot.com/)" "metrocrimedaily.com"
149.202.82.11 - - [10/Feb/2023:13:19:24 -0800] "GET /instagram-atlanta/02-09-2023-1509541-A.jpg HTTP/1.1" 200 152274 "-" "Mozilla/5.0 (compatible; MJ12bot/v1.4.8; http://mj12bot.com/)" "metrocrimedaily.com"
149.202.82.11 - - [10/Feb/2023:13:19:30 -0800] "GET /instagram-atlanta/02-09-2023-1509541-GBI-responds-to-speculation-about-trooper-shootin.txt HTTP/1.1" 200 189 "-" "Mozilla/5.0 (compatible; MJ12bot/v1.4.8; http://mj12bot.com/)" "metrocrimedaily.com"
149.202.82.11 - - [10/Feb/2023:13:19:39 -0800] "GET /instagram-atlanta/02-09-2023-1509541-GBI-responds-to-speculation-about-trooper-shootin.txt HTTP/1.1" 200 189 "-" "Mozilla/5.0 (compatible; MJ12bot/v1.4.8; http://mj12bot.com/)" "metrocrimedaily.com"
149.202.82.11 - - [10/Feb/2023:13:19:50 -0800] "GET /instagram-atlanta/02-09-2023-1601431-A.jpg HTTP/1.1" 200 174515 "-" "Mozilla/5.0 (compatible; MJ12bot/v1.4.8; http://mj12bot.com/)" "metrocrimedaily.com"
114.119.159.160 - - [10/Feb/2023:13:19:57 -0800] "GET /CRIME-WATCH-AMERICA/CRIME-WATCH-DETROIT/mcd-calculate-how-long-ago.html HTTP/1.1" 200 650 "https://metrocrimedaily.com/CRIME-WATCH-AMERICA/CRIME-WATCH-DETROIT/" "Mozilla/5.0 (Linux; Android 7.0;) AppleWebKit/537.36 (KHTML, like Gecko) Mobile Safari/537.36 (compatible; PetalBot;+https://webmaster.petalsearch.com/site/petalbot)" "metrocrimedaily.com"
149.202.82.11 - - [10/Feb/2023:13:20:05 -0800] "GET /instagram-atlanta/02-09-2023-1601431-Fulton-County-Jail-s-canine-cellmate-program-ends.txt HTTP/1.1" 200 1040 "-" "Mozilla/5.0 (compatible; MJ12bot/v1.4.8; http://mj12bot.com/)" "metrocrimedaily.com"
149.202.82.11 - - [10/Feb/2023:13:20:18 -0800] "GET /instagram-atlanta/02-09-2023-1601431-Fulton-County-Jail-s-canine-cellmate-program-ends.txt HTTP/1.1" 200 1040 "-" "Mozilla/5.0 (compatible; MJ12bot/v1.4.8; http://mj12bot.com/)" "metrocrimedaily.com"
149.202.82.11 - - [10/Feb/2023:13:20:30 -0800] "GET /instagram-atlanta/02-09-2023-1700111-A.jpg HTTP/1.1" 200 129914 "-" "Mozilla/5.0 (compatible; MJ12bot/v1.4.8; http://mj12bot.com/)" "metrocrimedaily.com"
149.202.82.11 - - [10/Feb/2023:13:20:46 -0800] "GET /instagram-atlanta/02-09-2023-1700111-Road-rage-driver-pulls-gun-on-another-car--ends-u.txt HTTP/1.1" 200 477 "-" "Mozilla/5.0 (compatible; MJ12bot/v1.4.8; http://mj12bot.com/)" "metrocrimedaily.com"
149.202.82.11 - - [10/Feb/2023:13:20:57 -0800] "GET /instagram-atlanta/02-09-2023-1700111-Road-rage-driver-pulls-gun-on-another-car--ends-u.txt HTTP/1.1" 200 477 "-" "Mozilla/5.0 (compatible; MJ12bot/v1.4.8; http://mj12bot.com/)" "metrocrimedaily.com"
149.202.82.11 - - [10/Feb/2023:13:21:14 -0800] "GET /instagram-atlanta/02-09-2023-1700112-A.jpg HTTP/1.1" 200 164446 "-" "Mozilla/5.0 (compatible; MJ12bot/v1.4.8; http://mj12bot.com/)" "metrocrimedaily.com"
173.252.111.18 - - [10/Feb/2023:13:21:25 -0800] "GET /instagram-houston/02-10-2023-1418525-A.jpg HTTP/1.1" 200 76877 "-" "facebookexternalhit/1.1 (+http://www.facebook.com/externalhit_uatext.php)" "www.metrocrimedaily.com"
149.202.82.11 - - [10/Feb/2023:13:21:28 -0800] "GET /instagram-atlanta/02-09-2023-1700112-Coweta-County-man-gets-30-years-for-2016-armed-ro.txt HTTP/1.1" 200 482 "-" "Mozilla/5.0 (compatible; MJ12bot/v1.4.8; http://mj12bot.com/)" "metrocrimedaily.com"
173.252.111.5 - - [10/Feb/2023:13:21:34 -0800] "GET /instagram-losangeles/02-10-2023-1521131-A.jpg HTTP/1.1" 200 275470 "-" "facebookexternalhit/1.1 (+http://www.facebook.com/externalhit_uatext.php)" "www.metrocrimedaily.com"
51.222.253.19 - - [10/Feb/2023:13:21:40 -0800] "GET /CRIME-WATCH-AMERICA/CRIME-WATCH-NEW-YORK-CITY/support/ HTTP/1.1" 200 711 "-" "Mozilla/5.0 (compatible; AhrefsBot/7.0; +http://ahrefs.com/robot/)" "www.metrocrimedaily.com"
149.202.82.11 - - [10/Feb/2023:13:21:47 -0800] "GET /instagram-atlanta/02-09-2023-1700112-Coweta-County-man-gets-30-years-for-2016-armed-ro.txt HTTP/1.1" 200 482 "-" "Mozilla/5.0 (compatible; MJ12bot/v1.4.8; http://mj12bot.com/)" "metrocrimedaily.com"
149.202.82.11 - - [10/Feb/2023:13:21:59 -0800] "GET /instagram-atlanta/?C=D;O=A HTTP/1.1" 200 3193 "-" "Mozilla/5.0 (compatible; MJ12bot/v1.4.8; http://mj12bot.com/)" "metrocrimedaily.com"
149.202.82.11 - - [10/Feb/2023:13:22:15 -0800] "GET /instagram-atlanta/?C=D;O=A HTTP/1.1" 200 3193 "-" "Mozilla/5.0 (compatible; MJ12bot/v1.4.8; http://mj12bot.com/)" "metrocrimedaily.com"
149.202.82.11 - - [10/Feb/2023:13:22:30 -0800] "GET /instagram-atlanta/?C=M;O=A HTTP/1.1" 200 3232 "-" "Mozilla/5.0 (compatible; MJ12bot/v1.4.8; http://mj12bot.com/)" "metrocrimedaily.com"
114.119.136.203 - - [10/Feb/2023:13:22:32 -0800] "GET /instagram-houston/02-01-2023-1326413-Radioactive-capsule-found-in-Australia-could-have.txt HTTP/1.1" 404 88 "https://metrocrimedaily.com/instagram-houston/?C=S%3BO%3DA" "Mozilla/5.0 (Linux; Android 7.0;) AppleWebKit/537.36 (KHTML, like Gecko) Mobile Safari/537.36 (compatible; PetalBot;+https://webmaster.petalsearch.com/site/petalbot)" "metrocrimedaily.com"
149.202.82.11 - - [10/Feb/2023:13:22:41 -0800] "GET /instagram-atlanta/?C=M;O=A HTTP/1.1" 200 3232 "-" "Mozilla/5.0 (compatible; MJ12bot/v1.4.8; http://mj12bot.com/)" "metrocrimedaily.com"
149.202.82.11 - - [10/Feb/2023:13:22:51 -0800] "GET /instagram-atlanta/?C=N;O=D HTTP/1.1" 200 3221 "-" "Mozilla/5.0 (compatible; MJ12bot/v1.4.8; http://mj12bot.com/)" "metrocrimedaily.com"
149.202.82.11 - - [10/Feb/2023:13:23:01 -0800] "GET /instagram-atlanta/?C=N;O=D HTTP/1.1" 200 3221 "-" "Mozilla/5.0 (compatible; MJ12bot/v1.4.8; http://mj12bot.com/)" "metrocrimedaily.com"
149.202.82.11 - - [10/Feb/2023:13:23:07 -0800] "GET /instagram-atlanta/?C=S;O=A HTTP/1.1" 200 3296 "-" "Mozilla/5.0 (compatible; MJ12bot/v1.4.8; http://mj12bot.com/)" "metrocrimedaily.com"
149.202.82.11 - - [10/Feb/2023:13:23:19 -0800] "GET /instagram-atlanta/?C=S;O=A HTTP/1.1" 200 3296 "-" "Mozilla/5.0 (compatible; MJ12bot/v1.4.8; http://mj12bot.com/)" "metrocrimedaily.com"
114.119.156.233 - - [10/Feb/2023:13:23:31 -0800] "GET /instagram-neworleans/02-02-2023-1242172-Tchoup-Stop-ATM-theft-.txt HTTP/1.1" 404 88 "https://metrocrimedaily.com/instagram-neworleans/?C=N%3BO%3DD" "Mozilla/5.0 (Linux; Android 7.0;) AppleWebKit/537.36 (KHTML, like Gecko) Mobile Safari/537.36 (compatible; PetalBot;+https://webmaster.petalsearch.com/site/petalbot)" "metrocrimedaily.com"
149.202.82.11 - - [10/Feb/2023:13:23:33 -0800] "GET /instagram-atlanta/ig-CWUSA-atlanta-stories-to-post-later.txt HTTP/1.1" 200 23713 "-" "Mozilla/5.0 (compatible; MJ12bot/v1.4.8; http://mj12bot.com/)" "metrocrimedaily.com"
173.252.111.6 - - [10/Feb/2023:13:23:39 -0800] "GET /instagram-miami/02-10-2023-1507462-A.jpg HTTP/1.1" 200 146292 "-" "facebookexternalhit/1.1 (+http://www.facebook.com/externalhit_uatext.php)" "www.metrocrimedaily.com"
69.63.184.120 - - [10/Feb/2023:13:23:40 -0800] "GET /instagram-chicago/02-10-2023-1452153-A.jpg HTTP/1.1" 200 94487 "-" "facebookexternalhit/1.1 (+http://www.facebook.com/externalhit_uatext.php)" "www.metrocrimedaily.com"
149.202.82.11 - - [10/Feb/2023:13:23:42 -0800] "GET /instagram-atlanta/ig-CWUSA-atlanta-stories-to-post-later.txt HTTP/1.1" 200 23713 "-" "Mozilla/5.0 (compatible; MJ12bot/v1.4.8; http://mj12bot.com/)" "metrocrimedaily.com"
149.202.82.11 - - [10/Feb/2023:13:23:51 -0800] "GET /instagram-atlanta/ig-atlanta-stories-to-post-later.txt HTTP/1.1" 200 17660 "-" "Mozilla/5.0 (compatible; MJ12bot/v1.4.8; http://mj12bot.com/)" "metrocrimedaily.com"
149.202.82.11 - - [10/Feb/2023:13:23:59 -0800] "GET /instagram-atlanta/ig-atlanta-stories-to-post-later.txt HTTP/1.1" 200 17660 "-" "Mozilla/5.0 (compatible; MJ12bot/v1.4.8; http://mj12bot.com/)" "metrocrimedaily.com"
149.202.82.11 - - [10/Feb/2023:13:24:12 -0800] "GET /instagram-atlanta/post-later/ HTTP/1.1" 200 2593 "-" "Mozilla/5.0 (compatible; MJ12bot/v1.4.8; http://mj12bot.com/)" "metrocrimedaily.com"
149.202.82.11 - - [10/Feb/2023:13:24:21 -0800] "GET /instagram-atlanta/post-later/ HTTP/1.1" 200 2593 "-" "Mozilla/5.0 (compatible; MJ12bot/v1.4.8; http://mj12bot.com/)" "metrocrimedaily.com"
69.63.184.4 - - [10/Feb/2023:13:24:30 -0800] "GET /instagram-chicago/02-10-2023-1452155-A.jpg HTTP/1.1" 200 172873 "-" "facebookexternalhit/1.1 (+http://www.facebook.com/externalhit_uatext.php)" "www.metrocrimedaily.com"
149.202.82.11 - - [10/Feb/2023:13:24:35 -0800] "GET /instagram-atlanta/videos/ HTTP/1.1" 200 1694 "-" "Mozilla/5.0 (compatible; MJ12bot/v1.4.8; http://mj12bot.com/)" "metrocrimedaily.com"
149.202.82.11 - - [10/Feb/2023:13:24:43 -0800] "GET /instagram-atlanta/videos/ HTTP/1.1" 200 1694 "-" "Mozilla/5.0 (compatible; MJ12bot/v1.4.8; http://mj12bot.com/)" "metrocrimedaily.com"
114.119.166.63 - - [10/Feb/2023:13:24:47 -0800] "GET /instagram-atlanta/post-later/02-07-2023-1758187-Juvenile-has----serious-injuries----after-being-s.txt HTTP/1.1" 200 196 "https://metrocrimedaily.com/instagram-atlanta/post-later/?C=S%3BO%3DA" "Mozilla/5.0 (Linux; Android 7.0;) AppleWebKit/537.36 (KHTML, like Gecko) Mobile Safari/537.36 (compatible; PetalBot;+https://webmaster.petalsearch.com/site/petalbot)" "metrocrimedaily.com"
149.202.82.11 - - [10/Feb/2023:13:24:56 -0800] "GET /instagram-chicago/02-08-2023-1423431-A.jpg HTTP/1.1" 200 264857 "-" "Mozilla/5.0 (compatible; MJ12bot/v1.4.8; http://mj12bot.com/)" "metrocrimedaily.com"
149.202.82.11 - - [10/Feb/2023:13:25:08 -0800] "GET /instagram-chicago/02-08-2023-1423431-Chicago-Man-Struck--Killed-Pedestrian-Visiting-Ci.txt HTTP/1.1" 200 1058 "-" "Mozilla/5.0 (compatible; MJ12bot/v1.4.8; http://mj12bot.com/)" "metrocrimedaily.com"
173.252.111.117 - - [10/Feb/2023:13:25:12 -0800] "GET /instagram-newyork/02-10-2023-1524511-A.jpg HTTP/1.1" 200 59373 "-" "facebookexternalhit/1.1 (+http://www.facebook.com/externalhit_uatext.php)" "www.metrocrimedaily.com"
149.202.82.11 - - [10/Feb/2023:13:25:14 -0800] "GET /instagram-chicago/02-08-2023-1423431-Chicago-Man-Struck--Killed-Pedestrian-Visiting-Ci.txt HTTP/1.1" 200 1058 "-" "Mozilla/5.0 (compatible; MJ12bot/v1.4.8; http://mj12bot.com/)" "metrocrimedaily.com"
149.202.82.11 - - [10/Feb/2023:13:25:25 -0800] "GET /instagram-chicago/02-08-2023-1423432-A.jpg HTTP/1.1" 200 106406 "-" "Mozilla/5.0 (compatible; MJ12bot/v1.4.8; http://mj12bot.com/)" "metrocrimedaily.com"
149.202.82.11 - - [10/Feb/2023:13:25:36 -0800] "GET /instagram-chicago/02-08-2023-1423432-Authorities--Friends-of-man-killed-in-ATV-crash-c.txt HTTP/1.1" 200 815 "-" "Mozilla/5.0 (compatible; MJ12bot/v1.4.8; http://mj12bot.com/)" "metrocrimedaily.com"
114.119.154.211 - - [10/Feb/2023:13:25:43 -0800] "GET /CRIME-WATCH-AMERICA/CRIME-WATCH-CHICAGO/about-us.html HTTP/1.1" 404 88 "https://metrocrimedaily.com/CRIME-WATCH-AMERICA/CRIME-WATCH-CHICAGO/mcd-prolog.html" "Mozilla/5.0 (Linux; Android 7.0;) AppleWebKit/537.36 (KHTML, like Gecko) Mobile Safari/537.36 (compatible; PetalBot;+https://webmaster.petalsearch.com/site/petalbot)" "metrocrimedaily.com"
149.202.82.11 - - [10/Feb/2023:13:25:46 -0800] "GET /instagram-chicago/02-08-2023-1423432-Authorities--Friends-of-man-killed-in-ATV-crash-c.txt HTTP/1.1" 200 815 "-" "Mozilla/5.0 (compatible; MJ12bot/v1.4.8; http://mj12bot.com/)" "metrocrimedaily.com"
149.202.82.11 - - [10/Feb/2023:13:25:53 -0800] "GET /instagram-chicago/02-08-2023-1423433-2-men-charged-after-woman-killed-in-Chicago-stree.txt HTTP/1.1" 200 645 "-" "Mozilla/5.0 (compatible; MJ12bot/v1.4.8; http://mj12bot.com/)" "metrocrimedaily.com"
149.202.82.11 - - [10/Feb/2023:13:26:07 -0800] "GET /instagram-chicago/02-08-2023-1423433-2-men-charged-after-woman-killed-in-Chicago-stree.txt HTTP/1.1" 200 645 "-" "Mozilla/5.0 (compatible; MJ12bot/v1.4.8; http://mj12bot.com/)" "metrocrimedaily.com"
149.202.82.11 - - [10/Feb/2023:13:26:12 -0800] "GET /instagram-chicago/02-08-2023-1423433-A.jpg HTTP/1.1" 200 107697 "-" "Mozilla/5.0 (compatible; MJ12bot/v1.4.8; http://mj12bot.com/)" "metrocrimedaily.com"
149.202.82.11 - - [10/Feb/2023:13:26:24 -0800] "GET /instagram-chicago/02-08-2023-1602131-A.jpg HTTP/1.1" 200 158842 "-" "Mozilla/5.0 (compatible; MJ12bot/v1.4.8; http://mj12bot.com/)" "metrocrimedaily.com"
51.222.253.20 - - [10/Feb/2023:13:26:27 -0800] "GET /CRIME-WATCH-AMERICA/CRIME-WATCH-NEW-YORK-CITY/support/ HTTP/1.1" 200 711 "-" "Mozilla/5.0 (compatible; AhrefsBot/7.0; +http://ahrefs.com/robot/)" "www.metrocrimedaily.com"
149.202.82.11 - - [10/Feb/2023:13:26:33 -0800] "GET /instagram-chicago/02-08-2023-1602131-Two-teens-plead-guilty-to-arson-for-setting-massi.txt HTTP/1.1" 200 1054 "-" "Mozilla/5.0 (compatible; MJ12bot/v1.4.8; http://mj12bot.com/)" "metrocrimedaily.com"
149.202.82.11 - - [10/Feb/2023:13:26:48 -0800] "GET /instagram-chicago/02-08-2023-1602131-Two-teens-plead-guilty-to-arson-for-setting-massi.txt HTTP/1.1" 200 1054 "-" "Mozilla/5.0 (compatible; MJ12bot/v1.4.8; http://mj12bot.com/)" "metrocrimedaily.com"
149.202.82.11 - - [10/Feb/2023:13:27:00 -0800] "GET /instagram-chicago/02-08-2023-1602132-A.jpg HTTP/1.1" 200 111317 "-" "Mozilla/5.0 (compatible; MJ12bot/v1.4.8; http://mj12bot.com/)" "metrocrimedaily.com"
149.202.82.11 - - [10/Feb/2023:13:27:08 -0800] "GET /instagram-chicago/02-08-2023-1602132-Chicago-madam-who-ran-high-end-fetish-parties-rep.txt HTTP/1.1" 200 1144 "-" "Mozilla/5.0 (compatible; MJ12bot/v1.4.8; http://mj12bot.com/)" "metrocrimedaily.com"
149.202.82.11 - - [10/Feb/2023:13:27:17 -0800] "GET /instagram-chicago/02-08-2023-1602132-Chicago-madam-who-ran-high-end-fetish-parties-rep.txt HTTP/1.1" 200 1144 "-" "Mozilla/5.0 (compatible; MJ12bot/v1.4.8; http://mj12bot.com/)" "metrocrimedaily.com"
149.202.82.11 - - [10/Feb/2023:13:27:26 -0800] "GET /instagram-chicago/02-08-2023-1704061-A.jpg HTTP/1.1" 200 124897 "-" "Mozilla/5.0 (compatible; MJ12bot/v1.4.8; http://mj12bot.com/)" "metrocrimedaily.com"
149.202.82.11 - - [10/Feb/2023:13:27:36 -0800] "GET /instagram-chicago/02-08-2023-1704061-Eleven-months-before-state-mandate--Hoffman-Estat.txt HTTP/1.1" 200 952 "-" "Mozilla/5.0 (compatible; MJ12bot/v1.4.8; http://mj12bot.com/)" "metrocrimedaily.com"
149.202.82.11 - - [10/Feb/2023:13:27:50 -0800] "GET /instagram-chicago/02-08-2023-1704061-Eleven-months-before-state-mandate--Hoffman-Estat.txt HTTP/1.1" 200 952 "-" "Mozilla/5.0 (compatible; MJ12bot/v1.4.8; http://mj12bot.com/)" "metrocrimedaily.com"
149.202.82.11 - - [10/Feb/2023:13:28:08 -0800] "GET /instagram-chicago/02-08-2023-1750081-A.jpg HTTP/1.1" 200 97859 "-" "Mozilla/5.0 (compatible; MJ12bot/v1.4.8; http://mj12bot.com/)" "metrocrimedaily.com"
149.202.82.11 - - [10/Feb/2023:13:28:26 -0800] "GET /instagram-chicago/02-08-2023-1750081-Task-force-continues-to-investigate-Aurora-office.txt HTTP/1.1" 200 984 "-" "Mozilla/5.0 (compatible; MJ12bot/v1.4.8; http://mj12bot.com/)" "metrocrimedaily.com"
149.202.82.11 - - [10/Feb/2023:13:28:39 -0800] "GET /instagram-chicago/02-08-2023-1750081-Task-force-continues-to-investigate-Aurora-office.txt HTTP/1.1" 200 984 "-" "Mozilla/5.0 (compatible; MJ12bot/v1.4.8; http://mj12bot.com/)" "metrocrimedaily.com"
149.202.82.11 - - [10/Feb/2023:13:28:49 -0800] "GET /instagram-chicago/02-08-2023-1836511-A.jpg HTTP/1.1" 200 217552 "-" "Mozilla/5.0 (compatible; MJ12bot/v1.4.8; http://mj12bot.com/)" "metrocrimedaily.com"
149.202.82.11 - - [10/Feb/2023:13:29:00 -0800] "GET /instagram-chicago/02-08-2023-1836511-NewsNation-reporter-arrested-at-Ohio-governor---s.txt HTTP/1.1" 200 1076 "-" "Mozilla/5.0 (compatible; MJ12bot/v1.4.8; http://mj12bot.com/)" "metrocrimedaily.com"
149.202.82.11 - - [10/Feb/2023:13:29:10 -0800] "GET /instagram-chicago/02-08-2023-1836511-NewsNation-reporter-arrested-at-Ohio-governor---s.txt HTTP/1.1" 200 1076 "-" "Mozilla/5.0 (compatible; MJ12bot/v1.4.8; http://mj12bot.com/)" "metrocrimedaily.com"
149.202.82.11 - - [10/Feb/2023:13:29:21 -0800] "GET /instagram-chicago/02-08-2023-1928551-A.jpg HTTP/1.1" 200 176868 "-" "Mozilla/5.0 (compatible; MJ12bot/v1.4.8; http://mj12bot.com/)" "metrocrimedaily.com"
69.63.184.116 - - [10/Feb/2023:13:29:28 -0800] "GET /instagram-dallas/02-10-2023-1410089-A.jpg HTTP/1.1" 200 109836 "-" "facebookexternalhit/1.1 (+http://www.facebook.com/externalhit_uatext.php)" "www.metrocrimedaily.com"
149.202.82.11 - - [10/Feb/2023:13:29:34 -0800] "GET /instagram-chicago/02-08-2023-1928551-Lawyers-of-shooting-survivor-Dakotah-Earley-to-fi.txt HTTP/1.1" 200 1050 "-" "Mozilla/5.0 (compatible; MJ12bot/v1.4.8; http://mj12bot.com/)" "metrocrimedaily.com"
149.202.82.11 - - [10/Feb/2023:13:29:39 -0800] "GET /instagram-chicago/02-08-2023-1928551-Lawyers-of-shooting-survivor-Dakotah-Earley-to-fi.txt HTTP/1.1" 200 1050 "-" "Mozilla/5.0 (compatible; MJ12bot/v1.4.8; http://mj12bot.com/)" "metrocrimedaily.com"
149.202.82.11 - - [10/Feb/2023:13:29:46 -0800] "GET /instagram-chicago/02-08-2023-1928552-A.jpg HTTP/1.1" 200 199110 "-" "Mozilla/5.0 (compatible; MJ12bot/v1.4.8; http://mj12bot.com/)" "metrocrimedaily.com"
149.202.82.11 - - [10/Feb/2023:13:29:56 -0800] "GET /instagram-chicago/02-08-2023-1928552-Chicago-letter-carriers-concerned-about-increase-.txt HTTP/1.1" 200 969 "-" "Mozilla/5.0 (compatible; MJ12bot/v1.4.8; http://mj12bot.com/)" "metrocrimedaily.com"
149.202.82.11 - - [10/Feb/2023:13:30:12 -0800] "GET /instagram-chicago/02-08-2023-1928552-Chicago-letter-carriers-concerned-about-increase-.txt HTTP/1.1" 200 969 "-" "Mozilla/5.0 (compatible; MJ12bot/v1.4.8; http://mj12bot.com/)" "metrocrimedaily.com"
51.222.253.2 - - [10/Feb/2023:13:30:12 -0800] "GET /CRIME-WATCH-AMERICA/GOOD_BARBER_APP-MAKER/ HTTP/1.1" 200 1661 "-" "Mozilla/5.0 (compatible; AhrefsBot/7.0; +http://ahrefs.com/robot/)" "www.metrocrimedaily.com"
149.202.82.11 - - [10/Feb/2023:13:30:18 -0800] "GET /instagram-chicago/02-08-2023-2036581-A.jpg HTTP/1.1" 200 106406 "-" "Mozilla/5.0 (compatible; MJ12bot/v1.4.8; http://mj12bot.com/)" "metrocrimedaily.com"
149.202.82.11 - - [10/Feb/2023:13:30:24 -0800] "GET /instagram-chicago/02-08-2023-2036581-Authorities--Friends-of-man-killed-in-ATV-crash-c.txt HTTP/1.1" 200 815 "-" "Mozilla/5.0 (compatible; MJ12bot/v1.4.8; http://mj12bot.com/)" "metrocrimedaily.com"
149.202.82.11 - - [10/Feb/2023:13:30:35 -0800] "GET /instagram-chicago/02-08-2023-2036581-Authorities--Friends-of-man-killed-in-ATV-crash-c.txt HTTP/1.1" 200 815 "-" "Mozilla/5.0 (compatible; MJ12bot/v1.4.8; http://mj12bot.com/)" "metrocrimedaily.com"
149.202.82.11 - - [10/Feb/2023:13:30:49 -0800] "GET /instagram-chicago/02-08-2023-2036582-A.jpg HTTP/1.1" 200 326548 "-" "Mozilla/5.0 (compatible; MJ12bot/v1.4.8; http://mj12bot.com/)" "metrocrimedaily.com"
149.202.82.11 - - [10/Feb/2023:13:31:01 -0800] "GET /instagram-chicago/02-08-2023-2036582-CPD--17-year-old-critical-after-being-shot-while-.txt HTTP/1.1" 200 461 "-" "Mozilla/5.0 (compatible; MJ12bot/v1.4.8; http://mj12bot.com/)" "metrocrimedaily.com"
149.202.82.11 - - [10/Feb/2023:13:31:13 -0800] "GET /instagram-chicago/02-08-2023-2036582-CPD--17-year-old-critical-after-being-shot-while-.txt HTTP/1.1" 200 461 "-" "Mozilla/5.0 (compatible; MJ12bot/v1.4.8; http://mj12bot.com/)" "metrocrimedaily.com"
149.202.82.11 - - [10/Feb/2023:13:31:20 -0800] "GET /instagram-chicago/02-08-2023-2217591-A.jpg HTTP/1.1" 200 179062 "-" "Mozilla/5.0 (compatible; MJ12bot/v1.4.8; http://mj12bot.com/)" "metrocrimedaily.com"
149.202.82.11 - - [10/Feb/2023:13:31:27 -0800] "GET /instagram-chicago/02-08-2023-2217591-Report--Paul-Vallas---s-son-1-of-3-police-officer.txt HTTP/1.1" 200 658 "-" "Mozilla/5.0 (compatible; MJ12bot/v1.4.8; http://mj12bot.com/)" "metrocrimedaily.com"
149.202.82.11 - - [10/Feb/2023:13:31:36 -0800] "GET /instagram-chicago/02-08-2023-2217591-Report--Paul-Vallas---s-son-1-of-3-police-officer.txt HTTP/1.1" 200 658 "-" "Mozilla/5.0 (compatible; MJ12bot/v1.4.8; http://mj12bot.com/)" "metrocrimedaily.com"
149.202.82.11 - - [10/Feb/2023:13:31:47 -0800] "GET /instagram-chicago/02-08-2023-2217592-A.jpg HTTP/1.1" 200 84196 "-" "Mozilla/5.0 (compatible; MJ12bot/v1.4.8; http://mj12bot.com/)" "metrocrimedaily.com"
149.202.82.11 - - [10/Feb/2023:13:31:58 -0800] "GET /instagram-chicago/02-08-2023-2217592-Indiana-bill-would-fund-handgun-training-for-teac.txt HTTP/1.1" 200 1042 "-" "Mozilla/5.0 (compatible; MJ12bot/v1.4.8; http://mj12bot.com/)" "metrocrimedaily.com"
69.63.184.2 - - [10/Feb/2023:13:32:06 -0800] "GET /instagram-atlanta/02-10-2023-1428566-A.jpg HTTP/1.1" 200 141970 "-" "facebookexternalhit/1.1 (+http://www.facebook.com/externalhit_uatext.php)" "www.metrocrimedaily.com"
149.202.82.11 - - [10/Feb/2023:13:32:06 -0800] "GET /instagram-chicago/02-08-2023-2217592-Indiana-bill-would-fund-handgun-training-for-teac.txt HTTP/1.1" 200 1042 "-" "Mozilla/5.0 (compatible; MJ12bot/v1.4.8; http://mj12bot.com/)" "metrocrimedaily.com"
149.202.82.11 - - [10/Feb/2023:13:32:14 -0800] "GET /instagram-chicago/02-08-2023-2319421-A.jpg HTTP/1.1" 200 151415 "-" "Mozilla/5.0 (compatible; MJ12bot/v1.4.8; http://mj12bot.com/)" "metrocrimedaily.com"
149.202.82.11 - - [10/Feb/2023:13:32:20 -0800] "GET /instagram-chicago/02-08-2023-2319421-No-charges-after-dog-killed--another-hurt-in-Lake.txt HTTP/1.1" 200 691 "-" "Mozilla/5.0 (compatible; MJ12bot/v1.4.8; http://mj12bot.com/)" "metrocrimedaily.com"
