114.119.149.140 - - [10/Feb/2023:04:09:18 -0800] "GET /CRIME-WATCH-AMERICA/CRIME-WATCH-DALLAS/INSTAGRAM-AUTOMATION/09-18-2022-1401231-Two-men-killed--two-arrested-in-Haltom-City-shoot.txt HTTP/1.1" 200 698 "https://metrocrimedaily.com/CRIME-WATCH-AMERICA/CRIME-WATCH-DALLAS/INSTAGRAM-AUTOMATION/?C=N%3BO%3DD" "Mozilla/5.0 (Linux; Android 7.0;) AppleWebKit/537.36 (KHTML, like Gecko) Mobile Safari/537.36 (compatible; PetalBot;+https://webmaster.petalsearch.com/site/petalbot)" "metrocrimedaily.com"
114.119.137.51 - - [10/Feb/2023:04:10:53 -0800] "GET /instagram-memphis/01-28-2023-1922033-Suspect-arrested-in-Olive-Branch-hotel-shooting-t.txt HTTP/1.1" 404 88 "https://metrocrimedaily.com/instagram-memphis/" "Mozilla/5.0 (Linux; Android 7.0;) AppleWebKit/537.36 (KHTML, like Gecko) Mobile Safari/537.36 (compatible; PetalBot;+https://webmaster.petalsearch.com/site/petalbot)" "metrocrimedaily.com"
69.63.184.5 - - [10/Feb/2023:04:11:44 -0800] "GET /instagram-atlanta/02-10-2023-0611231-A.jpg HTTP/1.1" 404 88 "-" "facebookexternalhit/1.1 (+http://www.facebook.com/externalhit_uatext.php)" "www.metrocrimedaily.com"
99.7.87.63 - - [10/Feb/2023:04:11:52 -0800] "GET / HTTP/1.1" 200 1651 "-" "Mozilla/5.0 (iPhone; CPU iPhone OS 14_6 like Mac OS X) AppleWebKit/605.1.15 (KHTML, like Gecko) Version/14.1.1 Mobile/15E148 Safari/604.1" "www.metrocrimedaily.com"
76.184.252.42 - - [10/Feb/2023:04:12:03 -0800] "GET /images/police-tape.jpg HTTP/1.1" 200 50766 "-" "Wget/1.20.3 (mingw32)" "metrocrimedaily.com"
69.63.184.118 - - [10/Feb/2023:04:12:09 -0800] "GET /instagram-miami/02-10-2023-0611491-A.jpg HTTP/1.1" 404 88 "-" "facebookexternalhit/1.1 (+http://www.facebook.com/externalhit_uatext.php)" "www.metrocrimedaily.com"
69.63.184.120 - - [10/Feb/2023:04:12:11 -0800] "GET /instagram-detroit/02-10-2023-0611521-A.jpg HTTP/1.1" 404 88 "-" "facebookexternalhit/1.1 (+http://www.facebook.com/externalhit_uatext.php)" "www.metrocrimedaily.com"
114.119.136.86 - - [10/Feb/2023:04:12:48 -0800] "GET /CRIME-WATCH-AMERICA/CRIME-WATCH-CHICAGO/?C=M%3BO%3DA HTTP/1.1" 200 1249 "https://metrocrimedaily.com/CRIME-WATCH-AMERICA/CRIME-WATCH-CHICAGO/" "Mozilla/5.0 (Linux; Android 7.0;) AppleWebKit/537.36 (KHTML, like Gecko) Mobile Safari/537.36 (compatible; PetalBot;+https://webmaster.petalsearch.com/site/petalbot)" "metrocrimedaily.com"
114.119.153.67 - - [10/Feb/2023:04:13:53 -0800] "GET /instagram-detroit/post-later/02-08-2023-2031241-Video--Wyandotte-police-make-life-saving-rescue-a.txt HTTP/1.1" 404 88 "https://metrocrimedaily.com/instagram-detroit/post-later/?C=M%3BO%3DA" "Mozilla/5.0 (Linux; Android 7.0;) AppleWebKit/537.36 (KHTML, like Gecko) Mobile Safari/537.36 (compatible; PetalBot;+https://webmaster.petalsearch.com/site/petalbot)" "metrocrimedaily.com"
51.222.253.19 - - [10/Feb/2023:04:15:02 -0800] "GET /instagram-houston/post-later/02-09-2023-1128381-NewsNation-arrest--Reporter-arrested-during-news-.txt HTTP/1.1" 200 1091 "-" "Mozilla/5.0 (compatible; AhrefsBot/7.0; +http://ahrefs.com/robot/)" "www.metrocrimedaily.com"
114.119.156.250 - - [10/Feb/2023:04:15:44 -0800] "GET /instagram-newyork/02-01-2023-1516581-Gun-toting-Queens-Satanist-named-Angel-faces-chil.txt HTTP/1.1" 404 88 "https://metrocrimedaily.com/instagram-newyork/?C=M%3BO%3DA" "Mozilla/5.0 (Linux; Android 7.0;) AppleWebKit/537.36 (KHTML, like Gecko) Mobile Safari/537.36 (compatible; PetalBot;+https://webmaster.petalsearch.com/site/petalbot)" "metrocrimedaily.com"
114.119.149.183 - - [10/Feb/2023:04:16:37 -0800] "GET /instagram-losangeles/02-06-2023-1251593-Las-Vegas-man-charged-in-alleged-theft-of-French-.txt HTTP/1.1" 404 88 "https://metrocrimedaily.com/instagram-losangeles/?C=N%3BO%3DD" "Mozilla/5.0 (Linux; Android 7.0;) AppleWebKit/537.36 (KHTML, like Gecko) Mobile Safari/537.36 (compatible; PetalBot;+https://webmaster.petalsearch.com/site/petalbot)" "metrocrimedaily.com"
69.63.184.118 - - [10/Feb/2023:04:18:09 -0800] "GET /instagram-dallas/02-10-2023-0617481-A.jpg HTTP/1.1" 404 88 "-" "facebookexternalhit/1.1 (+http://www.facebook.com/externalhit_uatext.php)" "www.metrocrimedaily.com"
69.63.184.117 - - [10/Feb/2023:04:18:25 -0800] "GET /instagram-stlouis/02-10-2023-0618061-A.jpg HTTP/1.1" 404 88 "-" "facebookexternalhit/1.1 (+http://www.facebook.com/externalhit_uatext.php)" "www.metrocrimedaily.com"
114.119.152.161 - - [10/Feb/2023:04:18:32 -0800] "GET /instagram-losangeles/02-03-2023-2224572-Riverside-County-woman-sentenced-for-stealing-ove.txt HTTP/1.1" 404 88 "https://metrocrimedaily.com/instagram-losangeles/?C=N%3BO%3DD" "Mozilla/5.0 (Linux; Android 7.0;) AppleWebKit/537.36 (KHTML, like Gecko) Mobile Safari/537.36 (compatible; PetalBot;+https://webmaster.petalsearch.com/site/petalbot)" "metrocrimedaily.com"
69.63.184.120 - - [10/Feb/2023:04:18:46 -0800] "GET /instagram-stlouis/02-10-2023-0618062-A.jpg HTTP/1.1" 404 88 "-" "facebookexternalhit/1.1 (+http://www.facebook.com/externalhit_uatext.php)" "www.metrocrimedaily.com"
69.63.184.119 - - [10/Feb/2023:04:19:06 -0800] "GET /instagram-stlouis/02-10-2023-0618063-A.jpg HTTP/1.1" 404 88 "-" "facebookexternalhit/1.1 (+http://www.facebook.com/externalhit_uatext.php)" "www.metrocrimedaily.com"
69.63.184.119 - - [10/Feb/2023:04:19:13 -0800] "GET /instagram-newyork/02-10-2023-0618541-A.jpg HTTP/1.1" 404 88 "-" "facebookexternalhit/1.1 (+http://www.facebook.com/externalhit_uatext.php)" "www.metrocrimedaily.com"
114.119.135.166 - - [10/Feb/2023:04:19:33 -0800] "GET /instagram-detroit/01-28-2023-1827512-State-and-local-officials-react-to-video-of-Tyre-.txt HTTP/1.1" 404 88 "https://metrocrimedaily.com/instagram-detroit/?C=M%3BO%3DA" "Mozilla/5.0 (Linux; Android 7.0;) AppleWebKit/537.36 (KHTML, like Gecko) Mobile Safari/537.36 (compatible; PetalBot;+https://webmaster.petalsearch.com/site/petalbot)" "metrocrimedaily.com"
114.119.139.42 - - [10/Feb/2023:04:20:36 -0800] "GET /instagram-dallas/02-03-2023-0159501-Former-US-Navy-Captain-Sentenced-as-Part-of-Massi.txt HTTP/1.1" 404 88 "https://metrocrimedaily.com/instagram-dallas/?C=N%3BO%3DD" "Mozilla/5.0 (Linux; Android 7.0;) AppleWebKit/537.36 (KHTML, like Gecko) Mobile Safari/537.36 (compatible; PetalBot;+https://webmaster.petalsearch.com/site/petalbot)" "metrocrimedaily.com"
114.119.150.2 - - [10/Feb/2023:04:22:20 -0800] "GET /post-story.html HTTP/1.1" 200 861 "http://metrocrimedaily.com/" "Mozilla/5.0 (Linux; Android 7.0;) AppleWebKit/537.36 (KHTML, like Gecko) Mobile Safari/537.36 (compatible; PetalBot;+https://webmaster.petalsearch.com/site/petalbot)" "metrocrimedaily.com"
114.119.139.43 - - [10/Feb/2023:04:24:18 -0800] "GET /instagram-memphis/02-02-2023-1808573-Free-meal-helps-Florida-police-arrest-suspect-in-.txt HTTP/1.1" 404 88 "https://metrocrimedaily.com/instagram-memphis/?C=M%3BO%3DA" "Mozilla/5.0 (Linux; Android 7.0;) AppleWebKit/537.36 (KHTML, like Gecko) Mobile Safari/537.36 (compatible; PetalBot;+https://webmaster.petalsearch.com/site/petalbot)" "metrocrimedaily.com"
114.119.142.188 - - [10/Feb/2023:04:25:21 -0800] "GET /mcd-epilog.html HTTP/1.1" 200 435 "http://metrocrimedaily.com/" "Mozilla/5.0 (Linux; Android 7.0;) AppleWebKit/537.36 (KHTML, like Gecko) Mobile Safari/537.36 (compatible; PetalBot;+https://webmaster.petalsearch.com/site/petalbot)" "metrocrimedaily.com"
114.119.146.16 - - [10/Feb/2023:04:26:18 -0800] "GET /instagram-newyork/ HTTP/1.1" 200 1899 "http://metrocrimedaily.com/" "Mozilla/5.0 (Linux; Android 7.0;) AppleWebKit/537.36 (KHTML, like Gecko) Mobile Safari/537.36 (compatible; PetalBot;+https://webmaster.petalsearch.com/site/petalbot)" "metrocrimedaily.com"
114.119.132.43 - - [10/Feb/2023:04:29:00 -0800] "GET /instagram-stlouis/02-04-2023-1406152-PHOTOS--Victims-of-Pennsylvania-Avenue-homicide-.txt HTTP/1.1" 404 88 "https://metrocrimedaily.com/instagram-stlouis/?C=M%3BO%3DA" "Mozilla/5.0 (Linux; Android 7.0;) AppleWebKit/537.36 (KHTML, like Gecko) Mobile Safari/537.36 (compatible; PetalBot;+https://webmaster.petalsearch.com/site/petalbot)" "metrocrimedaily.com"
114.119.131.206 - - [10/Feb/2023:04:37:04 -0800] "GET /robots.txt HTTP/1.1" 404 88 "-" "Mozilla/5.0 (compatible;PetalBot;+https://webmaster.petalsearch.com/site/petalbot)" "www.metrocrimedaily.com"
51.222.253.8 - - [10/Feb/2023:04:38:36 -0800] "GET /instagram-houston/post-later/02-09-2023-1128382----Ear-Hustle----podcast-co-host-is-free-from-San.txt HTTP/1.1" 200 986 "-" "Mozilla/5.0 (compatible; AhrefsBot/7.0; +http://ahrefs.com/robot/)" "www.metrocrimedaily.com"
69.63.184.118 - - [10/Feb/2023:04:42:45 -0800] "GET /instagram-miami/02-10-2023-0642251-A.jpg HTTP/1.1" 404 88 "-" "facebookexternalhit/1.1 (+http://www.facebook.com/externalhit_uatext.php)" "www.metrocrimedaily.com"
52.42.65.251 - - [10/Feb/2023:04:44:35 -0800] "HEAD / HTTP/1.1" 200 - "-" "python-requests/2.28.2" "metrocrimedaily.com"
52.42.65.251 - - [10/Feb/2023:04:44:36 -0800] "HEAD / HTTP/1.1" 200 - "-" "python-requests/2.28.2" "metrocrimedaily.com"
114.119.146.29 - - [10/Feb/2023:04:47:58 -0800] "GET /instagram-houston/ HTTP/1.1" 200 2458 "https://metrocrimedaily.com/instagram-houston/videos/?C=N%3BO%3DD" "Mozilla/5.0 (Linux; Android 7.0;) AppleWebKit/537.36 (KHTML, like Gecko) Mobile Safari/537.36 (compatible; PetalBot;+https://webmaster.petalsearch.com/site/petalbot)" "metrocrimedaily.com"
157.55.39.24 - - [10/Feb/2023:04:56:57 -0800] "GET /CRIME-WATCH-CHICAGO/index.html HTTP/1.1" 404 88 "-" "Mozilla/5.0 AppleWebKit/537.36 (KHTML, like Gecko; compatible; bingbot/2.0; +http://www.bing.com/bingbot.htm) Chrome/103.0.5060.134 Safari/537.36" "www.metrocrimedaily.com"
69.63.184.118 - - [10/Feb/2023:04:57:04 -0800] "GET /instagram-dallas/02-10-2023-0656371-A.jpg HTTP/1.1" 404 88 "-" "facebookexternalhit/1.1 (+http://www.facebook.com/externalhit_uatext.php)" "www.metrocrimedaily.com"
69.63.184.120 - - [10/Feb/2023:04:57:25 -0800] "GET /instagram-dallas/02-10-2023-0656372-A.jpg HTTP/1.1" 404 88 "-" "facebookexternalhit/1.1 (+http://www.facebook.com/externalhit_uatext.php)" "www.metrocrimedaily.com"
68.183.45.241 - - [10/Feb/2023:04:58:35 -0800] "GET / HTTP/1.1" 200 10505 "-" "Mozilla/5.0 (Windows NT 10.0; Win64; x64) AppleWebKit/537.36 (KHTML, like Gecko) Chrome/95.0.4638.69 Safari/537.36" "metrocrimedaily.com"
68.183.45.241 - - [10/Feb/2023:04:58:36 -0800] "GET /wp-includes/ID3/license.txt HTTP/1.1" 404 73 "-" "Mozilla/5.0 (Windows NT 10.0; Win64; x64) AppleWebKit/537.36 (KHTML, like Gecko) Chrome/95.0.4638.69 Safari/537.36" "metrocrimedaily.com"
68.183.45.241 - - [10/Feb/2023:04:58:36 -0800] "GET /feed/ HTTP/1.1" 404 73 "-" "Mozilla/5.0 (Windows NT 10.0; Win64; x64) AppleWebKit/537.36 (KHTML, like Gecko) Chrome/95.0.4638.69 Safari/537.36" "metrocrimedaily.com"
68.183.45.241 - - [10/Feb/2023:04:58:36 -0800] "GET /xmlrpc.php?rsd HTTP/1.1" 404 73 "-" "Mozilla/5.0 (Windows NT 10.0; Win64; x64) AppleWebKit/537.36 (KHTML, like Gecko) Chrome/95.0.4638.69 Safari/537.36" "metrocrimedaily.com"
68.183.45.241 - - [10/Feb/2023:04:58:36 -0800] "GET /blog/wp-includes/wlwmanifest.xml HTTP/1.1" 404 73 "-" "Mozilla/5.0 (Windows NT 10.0; Win64; x64) AppleWebKit/537.36 (KHTML, like Gecko) Chrome/95.0.4638.69 Safari/537.36" "metrocrimedaily.com"
68.183.45.241 - - [10/Feb/2023:04:58:36 -0800] "GET /web/wp-includes/wlwmanifest.xml HTTP/1.1" 404 73 "-" "Mozilla/5.0 (Windows NT 10.0; Win64; x64) AppleWebKit/537.36 (KHTML, like Gecko) Chrome/95.0.4638.69 Safari/537.36" "metrocrimedaily.com"
68.183.45.241 - - [10/Feb/2023:04:58:36 -0800] "GET /wordpress/wp-includes/wlwmanifest.xml HTTP/1.1" 404 73 "-" "Mozilla/5.0 (Windows NT 10.0; Win64; x64) AppleWebKit/537.36 (KHTML, like Gecko) Chrome/95.0.4638.69 Safari/537.36" "metrocrimedaily.com"
68.183.45.241 - - [10/Feb/2023:04:58:37 -0800] "GET /wp/wp-includes/wlwmanifest.xml HTTP/1.1" 404 73 "-" "Mozilla/5.0 (Windows NT 10.0; Win64; x64) AppleWebKit/537.36 (KHTML, like Gecko) Chrome/95.0.4638.69 Safari/537.36" "metrocrimedaily.com"
68.183.45.241 - - [10/Feb/2023:04:58:37 -0800] "GET /2020/wp-includes/wlwmanifest.xml HTTP/1.1" 404 73 "-" "Mozilla/5.0 (Windows NT 10.0; Win64; x64) AppleWebKit/537.36 (KHTML, like Gecko) Chrome/95.0.4638.69 Safari/537.36" "metrocrimedaily.com"
68.183.45.241 - - [10/Feb/2023:04:58:37 -0800] "GET /2019/wp-includes/wlwmanifest.xml HTTP/1.1" 404 73 "-" "Mozilla/5.0 (Windows NT 10.0; Win64; x64) AppleWebKit/537.36 (KHTML, like Gecko) Chrome/95.0.4638.69 Safari/537.36" "metrocrimedaily.com"
68.183.45.241 - - [10/Feb/2023:04:58:37 -0800] "GET /2021/wp-includes/wlwmanifest.xml HTTP/1.1" 404 73 "-" "Mozilla/5.0 (Windows NT 10.0; Win64; x64) AppleWebKit/537.36 (KHTML, like Gecko) Chrome/95.0.4638.69 Safari/537.36" "metrocrimedaily.com"
68.183.45.241 - - [10/Feb/2023:04:58:37 -0800] "GET /shop/wp-includes/wlwmanifest.xml HTTP/1.1" 404 73 "-" "Mozilla/5.0 (Windows NT 10.0; Win64; x64) AppleWebKit/537.36 (KHTML, like Gecko) Chrome/95.0.4638.69 Safari/537.36" "metrocrimedaily.com"
68.183.45.241 - - [10/Feb/2023:04:58:37 -0800] "GET /wp1/wp-includes/wlwmanifest.xml HTTP/1.1" 404 73 "-" "Mozilla/5.0 (Windows NT 10.0; Win64; x64) AppleWebKit/537.36 (KHTML, like Gecko) Chrome/95.0.4638.69 Safari/537.36" "metrocrimedaily.com"
68.183.45.241 - - [10/Feb/2023:04:58:38 -0800] "GET /test/wp-includes/wlwmanifest.xml HTTP/1.1" 404 73 "-" "Mozilla/5.0 (Windows NT 10.0; Win64; x64) AppleWebKit/537.36 (KHTML, like Gecko) Chrome/95.0.4638.69 Safari/537.36" "metrocrimedaily.com"
68.183.45.241 - - [10/Feb/2023:04:58:38 -0800] "GET /site/wp-includes/wlwmanifest.xml HTTP/1.1" 404 73 "-" "Mozilla/5.0 (Windows NT 10.0; Win64; x64) AppleWebKit/537.36 (KHTML, like Gecko) Chrome/95.0.4638.69 Safari/537.36" "metrocrimedaily.com"
68.183.45.241 - - [10/Feb/2023:04:58:38 -0800] "GET /cms/wp-includes/wlwmanifest.xml HTTP/1.1" 404 73 "-" "Mozilla/5.0 (Windows NT 10.0; Win64; x64) AppleWebKit/537.36 (KHTML, like Gecko) Chrome/95.0.4638.69 Safari/537.36" "metrocrimedaily.com"
69.63.184.116 - - [10/Feb/2023:05:01:34 -0800] "GET /instagram-houston/02-10-2023-0701151-A.jpg HTTP/1.1" 404 88 "-" "facebookexternalhit/1.1 (+http://www.facebook.com/externalhit_uatext.php)" "www.metrocrimedaily.com"
12.228.224.226 - - [10/Feb/2023:05:01:35 -0800] "GET / HTTP/1.1" 200 1651 "-" "Mozilla/5.0 (Windows NT 10.0; Win64; x64) AppleWebKit/537.36 (KHTML, like Gecko) Chrome/109.0.0.0 Safari/537.36" "www.metrocrimedaily.com"
12.228.224.226 - - [10/Feb/2023:05:01:43 -0800] "GET /instagram-detroit/ HTTP/1.1" 200 1103 "http://www.metrocrimedaily.com/" "Mozilla/5.0 (Windows NT 10.0; Win64; x64) AppleWebKit/537.36 (KHTML, like Gecko) Chrome/109.0.0.0 Safari/537.36" "www.metrocrimedaily.com"
69.63.184.5 - - [10/Feb/2023:05:01:54 -0800] "GET /instagram-houston/02-10-2023-0701152-A.jpg HTTP/1.1" 404 88 "-" "facebookexternalhit/1.1 (+http://www.facebook.com/externalhit_uatext.php)" "www.metrocrimedaily.com"
69.63.184.4 - - [10/Feb/2023:05:02:14 -0800] "GET /instagram-houston/02-10-2023-0701153-A.jpg HTTP/1.1" 404 88 "-" "facebookexternalhit/1.1 (+http://www.facebook.com/externalhit_uatext.php)" "www.metrocrimedaily.com"
69.63.184.3 - - [10/Feb/2023:05:02:31 -0800] "GET /instagram-stlouis/02-10-2023-0702121-A.jpg HTTP/1.1" 404 88 "-" "facebookexternalhit/1.1 (+http://www.facebook.com/externalhit_uatext.php)" "www.metrocrimedaily.com"
69.63.184.120 - - [10/Feb/2023:05:02:52 -0800] "GET /instagram-stlouis/02-10-2023-0702122-A.jpg HTTP/1.1" 404 88 "-" "facebookexternalhit/1.1 (+http://www.facebook.com/externalhit_uatext.php)" "www.metrocrimedaily.com"
69.63.184.116 - - [10/Feb/2023:05:03:18 -0800] "GET /instagram-detroit/02-10-2023-0702581-A.jpg HTTP/1.1" 404 88 "-" "facebookexternalhit/1.1 (+http://www.facebook.com/externalhit_uatext.php)" "www.metrocrimedaily.com"
69.63.184.4 - - [10/Feb/2023:05:04:27 -0800] "GET /instagram-newyork/02-10-2023-0704091-A.jpg HTTP/1.1" 404 88 "-" "facebookexternalhit/1.1 (+http://www.facebook.com/externalhit_uatext.php)" "www.metrocrimedaily.com"
69.63.184.5 - - [10/Feb/2023:05:04:48 -0800] "GET /instagram-newyork/02-10-2023-0704092-A.jpg HTTP/1.1" 404 88 "-" "facebookexternalhit/1.1 (+http://www.facebook.com/externalhit_uatext.php)" "www.metrocrimedaily.com"
69.63.184.5 - - [10/Feb/2023:05:05:04 -0800] "GET /instagram-memphis/02-10-2023-0704461-A.jpg HTTP/1.1" 404 88 "-" "facebookexternalhit/1.1 (+http://www.facebook.com/externalhit_uatext.php)" "www.metrocrimedaily.com"
52.167.144.81 - - [10/Feb/2023:05:05:26 -0800] "GET /instagram-detroit/12-20-2022-1216265-Prisoner-facing-murder-charges-after-allegedly-ho.txt HTTP/1.1" 404 88 "-" "Mozilla/5.0 AppleWebKit/537.36 (KHTML, like Gecko; compatible; bingbot/2.0; +http://www.bing.com/bingbot.htm) Chrome/103.0.5060.134 Safari/537.36" "www.metrocrimedaily.com"
51.222.253.12 - - [10/Feb/2023:05:09:53 -0800] "GET /instagram-houston/post-later/02-09-2023-1128383-Denver-man-shoots-and-kills-12-year-old-allegedly.txt HTTP/1.1" 200 845 "-" "Mozilla/5.0 (compatible; AhrefsBot/7.0; +http://ahrefs.com/robot/)" "www.metrocrimedaily.com"
69.63.184.3 - - [10/Feb/2023:05:13:10 -0800] "GET /instagram-miami/02-10-2023-0712501-A.jpg HTTP/1.1" 404 88 "-" "facebookexternalhit/1.1 (+http://www.facebook.com/externalhit_uatext.php)" "www.metrocrimedaily.com"
66.249.66.80 - - [10/Feb/2023:05:15:29 -0800] "GET /target=%22_blank%22 HTTP/1.1" 404 88 "-" "Mozilla/5.0 (Linux; Android 6.0.1; Nexus 5X Build/MMB29P) AppleWebKit/537.36 (KHTML, like Gecko) Chrome/109.0.5414.101 Mobile Safari/537.36 (compatible; Googlebot/2.1; +http://www.google.com/bot.html)" "www.metrocrimedaily.com"
51.222.253.20 - - [10/Feb/2023:05:17:06 -0800] "GET /instagram-houston/post-later/02-09-2023-1128384-Man-accused-of-stashing-cocaine-at-Algonquin-Doll.txt HTTP/1.1" 200 1023 "-" "Mozilla/5.0 (compatible; AhrefsBot/7.0; +http://ahrefs.com/robot/)" "www.metrocrimedaily.com"
69.63.184.2 - - [10/Feb/2023:05:22:00 -0800] "GET /instagram-atlanta/02-10-2023-0721371-A.jpg HTTP/1.1" 404 88 "-" "facebookexternalhit/1.1 (+http://www.facebook.com/externalhit_uatext.php)" "www.metrocrimedaily.com"
114.119.138.249 - - [10/Feb/2023:05:22:33 -0800] "GET /CRIME-WATCH-AMERICA/CRIME-WATCH-STLOUIS/support/CrimeWatchAmerica-Overview-RevA.pdf HTTP/1.1" 200 668103 "https://metrocrimedaily.com/CRIME-WATCH-AMERICA/CRIME-WATCH-STLOUIS/support/?C=S%3BO%3DA" "Mozilla/5.0 (Linux; Android 7.0;) AppleWebKit/537.36 (KHTML, like Gecko) Mobile Safari/537.36 (compatible; PetalBot;+https://webmaster.petalsearch.com/site/petalbot)" "metrocrimedaily.com"
69.63.184.117 - - [10/Feb/2023:05:31:22 -0800] "GET /instagram-memphis/02-10-2023-0731021-A.jpg HTTP/1.1" 404 88 "-" "facebookexternalhit/1.1 (+http://www.facebook.com/externalhit_uatext.php)" "www.metrocrimedaily.com"
51.222.253.16 - - [10/Feb/2023:05:32:44 -0800] "GET / HTTP/1.1" 200 1651 "-" "Mozilla/5.0 (compatible; AhrefsBot/7.0; +http://ahrefs.com/robot/)" "www.metrocrimedaily.com"
34.227.29.134 - - [10/Feb/2023:05:33:27 -0800] "GET /ads.txt HTTP/1.1" 404 88 "-" "AdsTxtCrawler/1.0.2" "metrocrimedaily.com"
40.77.167.212 - - [10/Feb/2023:05:33:44 -0800] "GET /instagram-dallas/10-18-2022-22202010-Kodiak-Robotics-and-IKEA-partner-for-self-driving.txt HTTP/1.1" 404 88 "-" "Mozilla/5.0 AppleWebKit/537.36 (KHTML, like Gecko; compatible; bingbot/2.0; +http://www.bing.com/bingbot.htm) Chrome/103.0.5060.134 Safari/537.36" "www.metrocrimedaily.com"
69.63.184.118 - - [10/Feb/2023:05:40:06 -0800] "GET /instagram-chicago/02-10-2023-0739451-A.jpg HTTP/1.1" 404 88 "-" "facebookexternalhit/1.1 (+http://www.facebook.com/externalhit_uatext.php)" "www.metrocrimedaily.com"
69.63.184.117 - - [10/Feb/2023:05:40:27 -0800] "GET /instagram-chicago/02-10-2023-0739452-A.jpg HTTP/1.1" 404 88 "-" "facebookexternalhit/1.1 (+http://www.facebook.com/externalhit_uatext.php)" "www.metrocrimedaily.com"
69.63.184.119 - - [10/Feb/2023:05:40:42 -0800] "GET /instagram-stlouis/02-10-2023-0740241-A.jpg HTTP/1.1" 404 88 "-" "facebookexternalhit/1.1 (+http://www.facebook.com/externalhit_uatext.php)" "www.metrocrimedaily.com"
51.222.253.8 - - [10/Feb/2023:05:42:21 -0800] "GET /instagram-dallas/ HTTP/1.1" 200 2197 "-" "Mozilla/5.0 (compatible; AhrefsBot/7.0; +http://ahrefs.com/robot/)" "www.metrocrimedaily.com"
69.63.184.3 - - [10/Feb/2023:05:43:52 -0800] "GET /instagram-miami/02-10-2023-0743331-A.jpg HTTP/1.1" 404 88 "-" "facebookexternalhit/1.1 (+http://www.facebook.com/externalhit_uatext.php)" "www.metrocrimedaily.com"
51.222.253.13 - - [10/Feb/2023:05:47:00 -0800] "GET /instagram-houston/post-later/02-09-2023-1452343-Police-video-from--Cop-City--operation-doesn-t-sh.txt HTTP/1.1" 200 1003 "-" "Mozilla/5.0 (compatible; AhrefsBot/7.0; +http://ahrefs.com/robot/)" "www.metrocrimedaily.com"
69.63.184.117 - - [10/Feb/2023:05:47:21 -0800] "GET /instagram-houston/02-10-2023-0747011-A.jpg HTTP/1.1" 404 88 "-" "facebookexternalhit/1.1 (+http://www.facebook.com/externalhit_uatext.php)" "www.metrocrimedaily.com"
51.222.253.18 - - [10/Feb/2023:05:49:19 -0800] "GET /instagram-houston/post-later/02-09-2023-1452344-Harris-County-understaffed-by-500-officers--says-.txt HTTP/1.1" 200 1041 "-" "Mozilla/5.0 (compatible; AhrefsBot/7.0; +http://ahrefs.com/robot/)" "www.metrocrimedaily.com"
51.222.253.19 - - [10/Feb/2023:05:50:39 -0800] "GET /instagram-houston/post-later/02-09-2023-1452345-Man-shot--killed-after-argument-with-another-man-.txt HTTP/1.1" 200 495 "-" "Mozilla/5.0 (compatible; AhrefsBot/7.0; +http://ahrefs.com/robot/)" "www.metrocrimedaily.com"
51.222.253.7 - - [10/Feb/2023:05:51:27 -0800] "GET /instagram-houston/post-later/?C=N;O=A HTTP/1.1" 200 3786 "-" "Mozilla/5.0 (compatible; AhrefsBot/7.0; +http://ahrefs.com/robot/)" "www.metrocrimedaily.com"
51.222.253.15 - - [10/Feb/2023:05:52:01 -0800] "GET /instagram-dallas/02-08-2023-1537121-Man-Convicted-of-Killing-3-Texas-Teens-in-1998-Fa.txt HTTP/1.1" 200 1072 "-" "Mozilla/5.0 (compatible; AhrefsBot/7.0; +http://ahrefs.com/robot/)" "metrocrimedaily.com"
69.63.184.119 - - [10/Feb/2023:05:52:27 -0800] "GET /instagram-losangeles/02-10-2023-0752081-A.jpg HTTP/1.1" 404 88 "-" "facebookexternalhit/1.1 (+http://www.facebook.com/externalhit_uatext.php)" "www.metrocrimedaily.com"
51.222.253.13 - - [10/Feb/2023:05:52:33 -0800] "GET /instagram-dallas/02-08-2023-1627281-Super-Bowl-buzz--Aaron-Rodgers--Raiders-rumors-ar.txt HTTP/1.1" 200 951 "-" "Mozilla/5.0 (compatible; AhrefsBot/7.0; +http://ahrefs.com/robot/)" "metrocrimedaily.com"
51.222.253.10 - - [10/Feb/2023:05:53:10 -0800] "GET /instagram-dallas/02-08-2023-1723051-Trackdown--Help-find-the-Pandora-Gentleman-s-Club.txt HTTP/1.1" 200 1004 "-" "Mozilla/5.0 (compatible; AhrefsBot/7.0; +http://ahrefs.com/robot/)" "metrocrimedaily.com"
51.222.253.3 - - [10/Feb/2023:05:53:40 -0800] "GET /instagram-dallas/02-08-2023-1723052-Allen-Man-Charged-With-El-Paso-Walmart-Massacre-P.txt HTTP/1.1" 200 1130 "-" "Mozilla/5.0 (compatible; AhrefsBot/7.0; +http://ahrefs.com/robot/)" "metrocrimedaily.com"
51.222.253.7 - - [10/Feb/2023:05:54:15 -0800] "GET /instagram-dallas/02-08-2023-1845431-Dallas-PD-say-people-are-pretending-to-be-officer.txt HTTP/1.1" 200 898 "-" "Mozilla/5.0 (compatible; AhrefsBot/7.0; +http://ahrefs.com/robot/)" "metrocrimedaily.com"
51.222.253.8 - - [10/Feb/2023:05:54:46 -0800] "GET /instagram-dallas/02-08-2023-1845432-Some-people-are-reportedly-posing-as-Dallas-polic.txt HTTP/1.1" 200 174 "-" "Mozilla/5.0 (compatible; AhrefsBot/7.0; +http://ahrefs.com/robot/)" "metrocrimedaily.com"
51.222.253.8 - - [10/Feb/2023:05:55:26 -0800] "GET /instagram-dallas/02-08-2023-1845433-Richard-Acosta--Testimony-continues-in-capital-mu.txt HTTP/1.1" 200 1120 "-" "Mozilla/5.0 (compatible; AhrefsBot/7.0; +http://ahrefs.com/robot/)" "metrocrimedaily.com"
51.222.253.11 - - [10/Feb/2023:05:56:01 -0800] "GET /instagram-dallas/02-08-2023-1845434-CNBC-Daily-Open--U.S.-Markets-Got-the-Fed-s-Messa.txt HTTP/1.1" 200 1194 "-" "Mozilla/5.0 (compatible; AhrefsBot/7.0; +http://ahrefs.com/robot/)" "metrocrimedaily.com"
51.222.253.2 - - [10/Feb/2023:05:56:36 -0800] "GET /instagram-dallas/02-08-2023-1845435-Evidence-Presented-on-Day-2-of-the-Capital-Murder.txt HTTP/1.1" 200 1139 "-" "Mozilla/5.0 (compatible; AhrefsBot/7.0; +http://ahrefs.com/robot/)" "metrocrimedaily.com"
51.222.253.1 - - [10/Feb/2023:05:57:07 -0800] "GET /instagram-dallas/02-08-2023-1845436-Victims--families-call-for-justice-in-trial-for-d.txt HTTP/1.1" 200 49 "-" "Mozilla/5.0 (compatible; AhrefsBot/7.0; +http://ahrefs.com/robot/)" "metrocrimedaily.com"
69.63.184.5 - - [10/Feb/2023:05:57:15 -0800] "GET /instagram-atlanta/02-10-2023-0756531-A.jpg HTTP/1.1" 404 88 "-" "facebookexternalhit/1.1 (+http://www.facebook.com/externalhit_uatext.php)" "www.metrocrimedaily.com"
69.63.184.118 - - [10/Feb/2023:05:57:16 -0800] "GET /instagram-neworleans/02-10-2023-0756561-A.jpg HTTP/1.1" 404 88 "-" "facebookexternalhit/1.1 (+http://www.facebook.com/externalhit_uatext.php)" "www.metrocrimedaily.com"
51.222.253.5 - - [10/Feb/2023:05:57:50 -0800] "GET /instagram-dallas/02-08-2023-2058161-Dallas-Zoo-officials-say-change-is-underway-after.txt HTTP/1.1" 200 989 "-" "Mozilla/5.0 (compatible; AhrefsBot/7.0; +http://ahrefs.com/robot/)" "metrocrimedaily.com"
51.222.253.7 - - [10/Feb/2023:05:58:21 -0800] "GET /instagram-dallas/02-08-2023-2058162--Dances-With-Wolves--Actor-Was--Grooming--Young-G.txt HTTP/1.1" 200 1160 "-" "Mozilla/5.0 (compatible; AhrefsBot/7.0; +http://ahrefs.com/robot/)" "metrocrimedaily.com"
51.222.253.13 - - [10/Feb/2023:05:59:00 -0800] "GET /instagram-dallas/02-08-2023-2206141-Arlington-man-charged-in-Jan.-6-Capitol-riot-.txt HTTP/1.1" 200 854 "-" "Mozilla/5.0 (compatible; AhrefsBot/7.0; +http://ahrefs.com/robot/)" "metrocrimedaily.com"
114.119.160.138 - - [10/Feb/2023:05:59:21 -0800] "GET /instagram-atlanta/post-later/02-01-2023-1801575-Man-accused-of-shoplifting-more-than-$3-000-from-.txt HTTP/1.1" 404 88 "https://metrocrimedaily.com/instagram-atlanta/post-later/?C=S%3BO%3DA" "Mozilla/5.0 (Linux; Android 7.0;) AppleWebKit/537.36 (KHTML, like Gecko) Mobile Safari/537.36 (compatible; PetalBot;+https://webmaster.petalsearch.com/site/petalbot)" "metrocrimedaily.com"
51.222.253.8 - - [10/Feb/2023:05:59:30 -0800] "GET /instagram-dallas/02-08-2023-2257271-Driver-Killed-While-Exchanging-Insurance-Informat.txt HTTP/1.1" 200 986 "-" "Mozilla/5.0 (compatible; AhrefsBot/7.0; +http://ahrefs.com/robot/)" "metrocrimedaily.com"
51.222.253.16 - - [10/Feb/2023:06:00:19 -0800] "GET /instagram-dallas/02-09-2023-0654151-Arlington--Texas-man-charged-in-Jan.-6-Capitol-ri.txt HTTP/1.1" 200 49 "-" "Mozilla/5.0 (compatible; AhrefsBot/7.0; +http://ahrefs.com/robot/)" "metrocrimedaily.com"
51.222.253.20 - - [10/Feb/2023:06:00:51 -0800] "GET /instagram-dallas/02-09-2023-0803281-Acosta-trial--Suspect-may-speak-on-case-as-accuse.txt HTTP/1.1" 200 209 "-" "Mozilla/5.0 (compatible; AhrefsBot/7.0; +http://ahrefs.com/robot/)" "metrocrimedaily.com"
66.249.66.141 - - [10/Feb/2023:06:01:07 -0800] "GET /robots.txt HTTP/1.1" 404 88 "-" "Mozilla/5.0 (compatible; Googlebot/2.1; +http://www.google.com/bot.html)" "metrocrimedaily.com"
51.222.253.12 - - [10/Feb/2023:06:01:36 -0800] "GET /instagram-dallas/02-09-2023-0803282-Texas-man-pleads-guilty-in-racist-2019-Walmart-at.txt HTTP/1.1" 200 1139 "-" "Mozilla/5.0 (compatible; AhrefsBot/7.0; +http://ahrefs.com/robot/)" "metrocrimedaily.com"
51.222.253.17 - - [10/Feb/2023:06:02:14 -0800] "GET /instagram-dallas/02-09-2023-0943181-Garland-Convenience-Store-Shooting-Trial-Day-3--P.txt HTTP/1.1" 200 746 "-" "Mozilla/5.0 (compatible; AhrefsBot/7.0; +http://ahrefs.com/robot/)" "metrocrimedaily.com"
51.222.253.11 - - [10/Feb/2023:06:03:01 -0800] "GET /instagram-dallas/02-09-2023-0943182-Court-docs--Suspect-of-stolen-Dallas-Zoo-monkeys-.txt HTTP/1.1" 200 182 "-" "Mozilla/5.0 (compatible; AhrefsBot/7.0; +http://ahrefs.com/robot/)" "metrocrimedaily.com"
51.222.253.7 - - [10/Feb/2023:06:03:39 -0800] "GET /instagram-dallas/02-09-2023-0943183--.txt HTTP/1.1" 200 20 "-" "Mozilla/5.0 (compatible; AhrefsBot/7.0; +http://ahrefs.com/robot/)" "metrocrimedaily.com"
51.222.253.20 - - [10/Feb/2023:06:04:13 -0800] "GET /instagram-dallas/02-09-2023-1158361-Teachers-Not-Surprised-After-Abby-Zwerner-Shot-by.txt HTTP/1.1" 200 1120 "-" "Mozilla/5.0 (compatible; AhrefsBot/7.0; +http://ahrefs.com/robot/)" "metrocrimedaily.com"
69.63.184.116 - - [10/Feb/2023:06:04:48 -0800] "GET /instagram-dallas/02-10-2023-0804271-A.jpg HTTP/1.1" 404 88 "-" "facebookexternalhit/1.1 (+http://www.facebook.com/externalhit_uatext.php)" "www.metrocrimedaily.com"
51.222.253.4 - - [10/Feb/2023:06:04:57 -0800] "GET /instagram-dallas/02-09-2023-1158362-Drug-trafficker-who-kept-$1.5M-in-cash-in-South-D.txt HTTP/1.1" 200 691 "-" "Mozilla/5.0 (compatible; AhrefsBot/7.0; +http://ahrefs.com/robot/)" "metrocrimedaily.com"
51.222.253.2 - - [10/Feb/2023:06:05:42 -0800] "GET /instagram-dallas/02-09-2023-1158363-Trump-Escalates-His-Attacks-on-Ron-DeSantis-as-a-.txt HTTP/1.1" 200 781 "-" "Mozilla/5.0 (compatible; AhrefsBot/7.0; +http://ahrefs.com/robot/)" "metrocrimedaily.com"
51.222.253.10 - - [10/Feb/2023:06:06:19 -0800] "GET /instagram-dallas/02-09-2023-1158364--.txt HTTP/1.1" 200 20 "-" "Mozilla/5.0 (compatible; AhrefsBot/7.0; +http://ahrefs.com/robot/)" "metrocrimedaily.com"
51.222.253.3 - - [10/Feb/2023:06:06:52 -0800] "GET /instagram-dallas/02-09-2023-1507311--.txt HTTP/1.1" 200 20 "-" "Mozilla/5.0 (compatible; AhrefsBot/7.0; +http://ahrefs.com/robot/)" "metrocrimedaily.com"
51.222.253.2 - - [10/Feb/2023:06:07:29 -0800] "GET /instagram-dallas/02-09-2023-1607411-Baby-Killed--Another-Injured-in-Strollers-Sold-by.txt HTTP/1.1" 200 946 "-" "Mozilla/5.0 (compatible; AhrefsBot/7.0; +http://ahrefs.com/robot/)" "metrocrimedaily.com"
51.222.253.5 - - [10/Feb/2023:06:08:10 -0800] "GET /instagram-dallas/02-09-2023-1703421-Rep.-Angie-Craig-Assaulted-in-Her-Washington-Apar.txt HTTP/1.1" 200 880 "-" "Mozilla/5.0 (compatible; AhrefsBot/7.0; +http://ahrefs.com/robot/)" "metrocrimedaily.com"
51.222.253.2 - - [10/Feb/2023:06:08:47 -0800] "GET /instagram-dallas/02-09-2023-1758531-Rep.-George-Santos-Was-Charged-With-Theft-in-Sinc.txt HTTP/1.1" 200 972 "-" "Mozilla/5.0 (compatible; AhrefsBot/7.0; +http://ahrefs.com/robot/)" "metrocrimedaily.com"
51.222.253.16 - - [10/Feb/2023:06:09:39 -0800] "GET /instagram-dallas/02-09-2023-1758532-Royse-City-police-investigating-fatality-after-hi.txt HTTP/1.1" 200 649 "-" "Mozilla/5.0 (compatible; AhrefsBot/7.0; +http://ahrefs.com/robot/)" "metrocrimedaily.com"
51.222.253.18 - - [10/Feb/2023:06:10:28 -0800] "GET /instagram-houston/post-later/?C=D;O=D HTTP/1.1" 200 3811 "-" "Mozilla/5.0 (compatible; AhrefsBot/7.0; +http://ahrefs.com/robot/)" "www.metrocrimedaily.com"
51.222.253.13 - - [10/Feb/2023:06:11:06 -0800] "GET /instagram-houston/post-later/?C=M;O=D HTTP/1.1" 200 3749 "-" "Mozilla/5.0 (compatible; AhrefsBot/7.0; +http://ahrefs.com/robot/)" "www.metrocrimedaily.com"
51.222.253.17 - - [10/Feb/2023:06:13:17 -0800] "GET /instagram-houston/post-later/?C=S;O=D HTTP/1.1" 200 3848 "-" "Mozilla/5.0 (compatible; AhrefsBot/7.0; +http://ahrefs.com/robot/)" "www.metrocrimedaily.com"
51.222.253.2 - - [10/Feb/2023:06:14:52 -0800] "GET /instagram-atlanta/01-12-2023-2104264-Lisa-Marie-Presley-dies-at-54-after-hospitalizati.txt HTTP/1.1" 404 88 "-" "Mozilla/5.0 (compatible; AhrefsBot/7.0; +http://ahrefs.com/robot/)" "www.metrocrimedaily.com"
51.222.253.1 - - [10/Feb/2023:06:16:36 -0800] "GET /instagram-atlanta/01-13-2023-1354342-FBI-hunts-for--armed-and-dangerous--suspects-tied.txt HTTP/1.1" 404 88 "-" "Mozilla/5.0 (compatible; AhrefsBot/7.0; +http://ahrefs.com/robot/)" "www.metrocrimedaily.com"
51.222.253.17 - - [10/Feb/2023:06:18:01 -0800] "GET /instagram-atlanta/01-13-2023-1629432-DeKalb-County-police-offer-free-gun-locks-after-r.txt HTTP/1.1" 404 88 "-" "Mozilla/5.0 (compatible; AhrefsBot/7.0; +http://ahrefs.com/robot/)" "www.metrocrimedaily.com"
69.63.184.117 - - [10/Feb/2023:06:19:03 -0800] "GET /instagram-stlouis/02-10-2023-0818441-A.jpg HTTP/1.1" 404 88 "-" "facebookexternalhit/1.1 (+http://www.facebook.com/externalhit_uatext.php)" "www.metrocrimedaily.com"
51.222.253.9 - - [10/Feb/2023:06:19:13 -0800] "GET /instagram-atlanta/01-13-2023-1736481-Chief--Man-who-was-shot-and-killed-by-mother-duri.txt HTTP/1.1" 404 88 "-" "Mozilla/5.0 (compatible; AhrefsBot/7.0; +http://ahrefs.com/robot/)" "www.metrocrimedaily.com"
51.222.253.6 - - [10/Feb/2023:06:20:21 -0800] "GET /instagram-atlanta/01-17-2023-1205312-Murder-suicide-suspect-s-obituary-remembering--fa.txt HTTP/1.1" 404 88 "-" "Mozilla/5.0 (compatible; AhrefsBot/7.0; +http://ahrefs.com/robot/)" "www.metrocrimedaily.com"
51.222.253.19 - - [10/Feb/2023:06:21:40 -0800] "GET /instagram-atlanta/01-17-2023-1205314-Search-for-missing-South-Fulton-man-becomes-homic.txt HTTP/1.1" 404 88 "-" "Mozilla/5.0 (compatible; AhrefsBot/7.0; +http://ahrefs.com/robot/)" "www.metrocrimedaily.com"
51.222.253.5 - - [10/Feb/2023:06:22:49 -0800] "GET /instagram-atlanta/01-17-2023-1205315-Arbery-slaying-convict-moved-to-Augusta-State-Med.txt HTTP/1.1" 404 88 "-" "Mozilla/5.0 (compatible; AhrefsBot/7.0; +http://ahrefs.com/robot/)" "www.metrocrimedaily.com"
51.222.253.19 - - [10/Feb/2023:06:23:57 -0800] "GET /instagram-atlanta/01-17-2023-1205317-Georgia-tornado-victims-still-scrambling-to-put-l.txt HTTP/1.1" 404 88 "-" "Mozilla/5.0 (compatible; AhrefsBot/7.0; +http://ahrefs.com/robot/)" "www.metrocrimedaily.com"
51.222.253.7 - - [10/Feb/2023:06:25:05 -0800] "GET /instagram-atlanta/01-17-2023-1205318-Todd--Julie-Chrisley-set-to-report-to-Florida-pri.txt HTTP/1.1" 404 88 "-" "Mozilla/5.0 (compatible; AhrefsBot/7.0; +http://ahrefs.com/robot/)" "www.metrocrimedaily.com"
51.222.253.8 - - [10/Feb/2023:06:25:37 -0800] "GET /instagram-atlanta/01-17-2023-2143231-Atlanta-City-Council-approves-ordinance-to-preven.txt HTTP/1.1" 404 88 "-" "Mozilla/5.0 (compatible; AhrefsBot/7.0; +http://ahrefs.com/robot/)" "www.metrocrimedaily.com"
157.55.39.24 - - [10/Feb/2023:06:25:57 -0800] "GET /instagram-detroit/12-20-2022-0727291-Michigan-woman-charged-with-causing-crash-by-tail.txt HTTP/1.1" 404 88 "-" "Mozilla/5.0 AppleWebKit/537.36 (KHTML, like Gecko; compatible; bingbot/2.0; +http://www.bing.com/bingbot.htm) Chrome/103.0.5060.134 Safari/537.36" "www.metrocrimedaily.com"
51.222.253.2 - - [10/Feb/2023:06:26:22 -0800] "GET /instagram-atlanta/01-18-2023-1216033-Gainesville-man-charged-in-wife---s-murder-after-.txt HTTP/1.1" 404 88 "-" "Mozilla/5.0 (compatible; AhrefsBot/7.0; +http://ahrefs.com/robot/)" "www.metrocrimedaily.com"
51.222.253.2 - - [10/Feb/2023:06:26:55 -0800] "GET /instagram-atlanta/01-18-2023-1216034-Police-investigating-death-of-autistic-South-Fult.txt HTTP/1.1" 404 88 "-" "Mozilla/5.0 (compatible; AhrefsBot/7.0; +http://ahrefs.com/robot/)" "www.metrocrimedaily.com"
51.222.253.3 - - [10/Feb/2023:06:27:42 -0800] "GET /instagram-atlanta/01-18-2023-1422503-Man-charged-taking-weapons--drugs-before-killing-.txt HTTP/1.1" 404 88 "-" "Mozilla/5.0 (compatible; AhrefsBot/7.0; +http://ahrefs.com/robot/)" "www.metrocrimedaily.com"
51.222.253.14 - - [10/Feb/2023:06:28:15 -0800] "GET /instagram-atlanta/01-18-2023-1422504-Polar-bear-kills-mother--son-in-Alaska-village--s.txt HTTP/1.1" 404 88 "-" "Mozilla/5.0 (compatible; AhrefsBot/7.0; +http://ahrefs.com/robot/)" "www.metrocrimedaily.com"
51.222.253.5 - - [10/Feb/2023:06:28:35 -0800] "GET /instagram-atlanta/01-18-2023-1422509-Woman-accused-of-spraying-officers--flight-attend.txt HTTP/1.1" 404 88 "-" "Mozilla/5.0 (compatible; AhrefsBot/7.0; +http://ahrefs.com/robot/)" "www.metrocrimedaily.com"
51.222.253.15 - - [10/Feb/2023:06:28:55 -0800] "GET /instagram-atlanta/01-18-2023-1829241-Family-demands-justice-against-officer-who-shot-t.txt HTTP/1.1" 404 88 "-" "Mozilla/5.0 (compatible; AhrefsBot/7.0; +http://ahrefs.com/robot/)" "www.metrocrimedaily.com"
51.222.253.9 - - [10/Feb/2023:06:29:11 -0800] "GET /instagram-atlanta/01-18-2023-18292411-Gainsville-man-charged-with-murder-after-his-wife.txt HTTP/1.1" 404 88 "-" "Mozilla/5.0 (compatible; AhrefsBot/7.0; +http://ahrefs.com/robot/)" "www.metrocrimedaily.com"
157.55.39.85 - - [10/Feb/2023:06:29:21 -0800] "GET /index.html HTTP/1.1" 404 88 "-" "Mozilla/5.0 AppleWebKit/537.36 (KHTML, like Gecko; compatible; bingbot/2.0; +http://www.bing.com/bingbot.htm) Chrome/103.0.5060.134 Safari/537.36" "metrocrimedaily.com"
51.222.253.18 - - [10/Feb/2023:06:29:39 -0800] "GET /instagram-atlanta/01-18-2023-18292412-Clayton-County-Police--28-year-old-man-reported-m.txt HTTP/1.1" 404 88 "-" "Mozilla/5.0 (compatible; AhrefsBot/7.0; +http://ahrefs.com/robot/)" "www.metrocrimedaily.com"
51.222.253.5 - - [10/Feb/2023:06:29:58 -0800] "GET /instagram-atlanta/01-18-2023-1829243-More-suspects-arrested-in-Operation-Ghost-Busted-.txt HTTP/1.1" 404 88 "-" "Mozilla/5.0 (compatible; AhrefsBot/7.0; +http://ahrefs.com/robot/)" "www.metrocrimedaily.com"
51.222.253.13 - - [10/Feb/2023:06:30:20 -0800] "GET /instagram-atlanta/01-18-2023-1829244-These-two-viral-videos-don---t-show-the-fatal-hel.txt HTTP/1.1" 404 88 "-" "Mozilla/5.0 (compatible; AhrefsBot/7.0; +http://ahrefs.com/robot/)" "www.metrocrimedaily.com"
65.108.232.38 - - [10/Feb/2023:06:30:32 -0800] "GET /robots.txt HTTP/1.1" 404 73 "-" "Mozilla/5.0 (compatible; MJ12bot/v1.4.8; http://mj12bot.com/)" "metrocrimedaily.com"
65.108.232.38 - - [10/Feb/2023:06:30:34 -0800] "GET /?C=D;O=A HTTP/1.1" 200 1651 "-" "Mozilla/5.0 (compatible; MJ12bot/v1.4.8; http://mj12bot.com/)" "metrocrimedaily.com"
65.108.232.38 - - [10/Feb/2023:06:30:35 -0800] "GET /robots.txt HTTP/1.1" 404 73 "-" "Mozilla/5.0 (compatible; MJ12bot/v1.4.8; http://mj12bot.com/)" "metrocrimedaily.com"
65.108.232.38 - - [10/Feb/2023:06:30:38 -0800] "GET /?C=D;O=A HTTP/1.1" 200 1651 "-" "Mozilla/5.0 (compatible; MJ12bot/v1.4.8; http://mj12bot.com/)" "metrocrimedaily.com"
65.108.232.38 - - [10/Feb/2023:06:30:40 -0800] "GET /?C=M;O=A HTTP/1.1" 200 1638 "-" "Mozilla/5.0 (compatible; MJ12bot/v1.4.8; http://mj12bot.com/)" "metrocrimedaily.com"
65.108.232.38 - - [10/Feb/2023:06:30:42 -0800] "GET /?C=M;O=A HTTP/1.1" 200 1638 "-" "Mozilla/5.0 (compatible; MJ12bot/v1.4.8; http://mj12bot.com/)" "metrocrimedaily.com"
65.108.232.38 - - [10/Feb/2023:06:30:47 -0800] "GET /?C=N;O=D HTTP/1.1" 200 1641 "-" "Mozilla/5.0 (compatible; MJ12bot/v1.4.8; http://mj12bot.com/)" "metrocrimedaily.com"
51.222.253.15 - - [10/Feb/2023:06:30:48 -0800] "GET /instagram-atlanta/01-18-2023-1829245-Nearly-$85K-worth-of-drugs-seized-in-Hall-County-.txt HTTP/1.1" 404 88 "-" "Mozilla/5.0 (compatible; AhrefsBot/7.0; +http://ahrefs.com/robot/)" "www.metrocrimedaily.com"
65.108.232.38 - - [10/Feb/2023:06:30:50 -0800] "GET /?C=N;O=D HTTP/1.1" 200 1641 "-" "Mozilla/5.0 (compatible; MJ12bot/v1.4.8; http://mj12bot.com/)" "metrocrimedaily.com"
65.108.232.38 - - [10/Feb/2023:06:30:53 -0800] "GET /?C=S;O=A HTTP/1.1" 200 1612 "-" "Mozilla/5.0 (compatible; MJ12bot/v1.4.8; http://mj12bot.com/)" "metrocrimedaily.com"
65.108.232.38 - - [10/Feb/2023:06:30:55 -0800] "GET /?C=S;O=A HTTP/1.1" 200 1612 "-" "Mozilla/5.0 (compatible; MJ12bot/v1.4.8; http://mj12bot.com/)" "metrocrimedaily.com"
65.108.232.38 - - [10/Feb/2023:06:30:58 -0800] "GET /CRIME-WATCH-AMERICA/ HTTP/1.1" 200 614 "-" "Mozilla/5.0 (compatible; MJ12bot/v1.4.8; http://mj12bot.com/)" "metrocrimedaily.com"
65.108.232.38 - - [10/Feb/2023:06:31:00 -0800] "GET /CRIME-WATCH-AMERICA/ HTTP/1.1" 200 614 "-" "Mozilla/5.0 (compatible; MJ12bot/v1.4.8; http://mj12bot.com/)" "metrocrimedaily.com"
65.108.232.38 - - [10/Feb/2023:06:31:02 -0800] "GET /backup-05-31-20/ HTTP/1.1" 200 544 "-" "Mozilla/5.0 (compatible; MJ12bot/v1.4.8; http://mj12bot.com/)" "metrocrimedaily.com"
65.108.232.38 - - [10/Feb/2023:06:31:04 -0800] "GET /backup-05-31-20/ HTTP/1.1" 200 544 "-" "Mozilla/5.0 (compatible; MJ12bot/v1.4.8; http://mj12bot.com/)" "metrocrimedaily.com"
65.108.232.38 - - [10/Feb/2023:06:31:06 -0800] "GET /confirmation.htm HTTP/1.1" 200 936 "-" "Mozilla/5.0 (compatible; MJ12bot/v1.4.8; http://mj12bot.com/)" "metrocrimedaily.com"
51.222.253.16 - - [10/Feb/2023:06:31:08 -0800] "GET /instagram-atlanta/01-18-2023-1829246-Fayette-County-sheriff-calls-deadly-house-fire--s.txt HTTP/1.1" 404 88 "-" "Mozilla/5.0 (compatible; AhrefsBot/7.0; +http://ahrefs.com/robot/)" "www.metrocrimedaily.com"
65.108.232.38 - - [10/Feb/2023:06:31:09 -0800] "GET /confirmation.htm HTTP/1.1" 200 936 "-" "Mozilla/5.0 (compatible; MJ12bot/v1.4.8; http://mj12bot.com/)" "metrocrimedaily.com"
65.108.232.38 - - [10/Feb/2023:06:31:11 -0800] "GET /crime-watch-usa.html HTTP/1.1" 200 1081 "-" "Mozilla/5.0 (compatible; MJ12bot/v1.4.8; http://mj12bot.com/)" "metrocrimedaily.com"
65.108.232.38 - - [10/Feb/2023:06:31:18 -0800] "GET /crime-watch-usa.html HTTP/1.1" 200 1081 "-" "Mozilla/5.0 (compatible; MJ12bot/v1.4.8; http://mj12bot.com/)" "metrocrimedaily.com"
65.108.232.38 - - [10/Feb/2023:06:31:20 -0800] "GET /cw-privacy-policy.html HTTP/1.1" 200 2305 "-" "Mozilla/5.0 (compatible; MJ12bot/v1.4.8; http://mj12bot.com/)" "metrocrimedaily.com"
65.108.232.38 - - [10/Feb/2023:06:31:21 -0800] "GET /cw-privacy-policy.html HTTP/1.1" 200 2305 "-" "Mozilla/5.0 (compatible; MJ12bot/v1.4.8; http://mj12bot.com/)" "metrocrimedaily.com"
65.108.232.38 - - [10/Feb/2023:06:31:23 -0800] "GET /detroit-temp-urls.txt HTTP/1.1" 200 32332 "-" "Mozilla/5.0 (compatible; MJ12bot/v1.4.8; http://mj12bot.com/)" "metrocrimedaily.com"
51.222.253.1 - - [10/Feb/2023:06:31:23 -0800] "GET /instagram-atlanta/01-18-2023-1829247-DAY-OF-GIVING--Atlanta-News-First--Salvation-Army.txt HTTP/1.1" 404 88 "-" "Mozilla/5.0 (compatible; AhrefsBot/7.0; +http://ahrefs.com/robot/)" "www.metrocrimedaily.com"
65.108.232.38 - - [10/Feb/2023:06:31:25 -0800] "GET /detroit-temp-urls.txt HTTP/1.1" 200 32332 "-" "Mozilla/5.0 (compatible; MJ12bot/v1.4.8; http://mj12bot.com/)" "metrocrimedaily.com"
65.108.232.38 - - [10/Feb/2023:06:31:27 -0800] "GET /images/ HTTP/1.1" 200 943 "-" "Mozilla/5.0 (compatible; MJ12bot/v1.4.8; http://mj12bot.com/)" "metrocrimedaily.com"
65.108.232.38 - - [10/Feb/2023:06:31:29 -0800] "GET /images/ HTTP/1.1" 200 943 "-" "Mozilla/5.0 (compatible; MJ12bot/v1.4.8; http://mj12bot.com/)" "metrocrimedaily.com"
65.108.232.38 - - [10/Feb/2023:06:31:31 -0800] "GET /index-atlanta.html HTTP/1.1" 200 81637 "-" "Mozilla/5.0 (compatible; MJ12bot/v1.4.8; http://mj12bot.com/)" "metrocrimedaily.com"
65.108.232.38 - - [10/Feb/2023:06:31:35 -0800] "GET /index-atlanta.html HTTP/1.1" 200 81637 "-" "Mozilla/5.0 (compatible; MJ12bot/v1.4.8; http://mj12bot.com/)" "metrocrimedaily.com"
65.108.232.38 - - [10/Feb/2023:06:31:37 -0800] "GET /index-chicago.html HTTP/1.1" 200 48622 "-" "Mozilla/5.0 (compatible; MJ12bot/v1.4.8; http://mj12bot.com/)" "metrocrimedaily.com"
65.108.232.38 - - [10/Feb/2023:06:31:40 -0800] "GET /index-chicago.html HTTP/1.1" 200 48622 "-" "Mozilla/5.0 (compatible; MJ12bot/v1.4.8; http://mj12bot.com/)" "metrocrimedaily.com"
65.108.232.38 - - [10/Feb/2023:06:31:42 -0800] "GET /index-dallas.html HTTP/1.1" 200 48876 "-" "Mozilla/5.0 (compatible; MJ12bot/v1.4.8; http://mj12bot.com/)" "metrocrimedaily.com"
65.108.232.38 - - [10/Feb/2023:06:31:44 -0800] "GET /index-dallas.html HTTP/1.1" 200 48876 "-" "Mozilla/5.0 (compatible; MJ12bot/v1.4.8; http://mj12bot.com/)" "metrocrimedaily.com"
65.108.232.38 - - [10/Feb/2023:06:31:46 -0800] "GET /index-detroit.html HTTP/1.1" 200 61442 "-" "Mozilla/5.0 (compatible; MJ12bot/v1.4.8; http://mj12bot.com/)" "metrocrimedaily.com"
65.108.232.38 - - [10/Feb/2023:06:31:49 -0800] "GET /index-detroit.html HTTP/1.1" 200 61442 "-" "Mozilla/5.0 (compatible; MJ12bot/v1.4.8; http://mj12bot.com/)" "metrocrimedaily.com"
65.108.232.38 - - [10/Feb/2023:06:31:51 -0800] "GET /index-houston.html HTTP/1.1" 200 99638 "-" "Mozilla/5.0 (compatible; MJ12bot/v1.4.8; http://mj12bot.com/)" "metrocrimedaily.com"
66.249.66.72 - - [10/Feb/2023:06:31:53 -0800] "GET /robots.txt HTTP/1.1" 404 88 "-" "Mozilla/5.0 (compatible; Googlebot/2.1; +http://www.google.com/bot.html)" "metrocrimedaily.com"
65.108.232.38 - - [10/Feb/2023:06:31:55 -0800] "GET /index-houston.html HTTP/1.1" 200 99638 "-" "Mozilla/5.0 (compatible; MJ12bot/v1.4.8; http://mj12bot.com/)" "metrocrimedaily.com"
51.222.253.6 - - [10/Feb/2023:06:31:55 -0800] "GET /instagram-atlanta/01-18-2023-1829248-Clayton-County-police-identify-remains-as-missing.txt HTTP/1.1" 404 88 "-" "Mozilla/5.0 (compatible; AhrefsBot/7.0; +http://ahrefs.com/robot/)" "www.metrocrimedaily.com"
65.108.232.38 - - [10/Feb/2023:06:31:58 -0800] "GET /index-losangeles.html HTTP/1.1" 200 40738 "-" "Mozilla/5.0 (compatible; MJ12bot/v1.4.8; http://mj12bot.com/)" "metrocrimedaily.com"
65.108.232.38 - - [10/Feb/2023:06:32:01 -0800] "GET /index-losangeles.html HTTP/1.1" 200 40738 "-" "Mozilla/5.0 (compatible; MJ12bot/v1.4.8; http://mj12bot.com/)" "metrocrimedaily.com"
65.108.232.38 - - [10/Feb/2023:06:32:03 -0800] "GET /index-mcd-master.html HTTP/1.1" 200 1171 "-" "Mozilla/5.0 (compatible; MJ12bot/v1.4.8; http://mj12bot.com/)" "metrocrimedaily.com"
65.108.232.38 - - [10/Feb/2023:06:32:04 -0800] "GET /index-mcd-master.html HTTP/1.1" 200 1171 "-" "Mozilla/5.0 (compatible; MJ12bot/v1.4.8; http://mj12bot.com/)" "metrocrimedaily.com"
65.108.232.38 - - [10/Feb/2023:06:32:06 -0800] "GET /index-mcd-udc.html HTTP/1.1" 200 801 "-" "Mozilla/5.0 (compatible; MJ12bot/v1.4.8; http://mj12bot.com/)" "metrocrimedaily.com"
65.108.232.38 - - [10/Feb/2023:06:32:08 -0800] "GET /index-mcd-udc.html HTTP/1.1" 200 801 "-" "Mozilla/5.0 (compatible; MJ12bot/v1.4.8; http://mj12bot.com/)" "metrocrimedaily.com"
65.108.232.38 - - [10/Feb/2023:06:32:09 -0800] "GET /index-memphis.html HTTP/1.1" 200 45575 "-" "Mozilla/5.0 (compatible; MJ12bot/v1.4.8; http://mj12bot.com/)" "metrocrimedaily.com"
65.108.232.38 - - [10/Feb/2023:06:32:14 -0800] "GET /index-memphis.html HTTP/1.1" 200 45575 "-" "Mozilla/5.0 (compatible; MJ12bot/v1.4.8; http://mj12bot.com/)" "metrocrimedaily.com"
51.222.253.9 - - [10/Feb/2023:06:32:14 -0800] "GET /instagram-atlanta/01-18-2023-1829249-As-COVID-19-hospitalizations-rise--microbiologist.txt HTTP/1.1" 404 88 "-" "Mozilla/5.0 (compatible; AhrefsBot/7.0; +http://ahrefs.com/robot/)" "www.metrocrimedaily.com"
65.108.232.38 - - [10/Feb/2023:06:32:16 -0800] "GET /index-miami.html HTTP/1.1" 200 37860 "-" "Mozilla/5.0 (compatible; MJ12bot/v1.4.8; http://mj12bot.com/)" "metrocrimedaily.com"
65.108.232.38 - - [10/Feb/2023:06:32:18 -0800] "GET /index-miami.html HTTP/1.1" 200 37860 "-" "Mozilla/5.0 (compatible; MJ12bot/v1.4.8; http://mj12bot.com/)" "metrocrimedaily.com"
65.108.232.38 - - [10/Feb/2023:06:32:20 -0800] "GET /index-neworleans.html HTTP/1.1" 200 39887 "-" "Mozilla/5.0 (compatible; MJ12bot/v1.4.8; http://mj12bot.com/)" "metrocrimedaily.com"
65.108.232.38 - - [10/Feb/2023:06:32:29 -0800] "GET /index-neworleans.html HTTP/1.1" 200 39887 "-" "Mozilla/5.0 (compatible; MJ12bot/v1.4.8; http://mj12bot.com/)" "metrocrimedaily.com"
65.108.232.38 - - [10/Feb/2023:06:32:32 -0800] "GET /index-newyork.html HTTP/1.1" 200 28262 "-" "Mozilla/5.0 (compatible; MJ12bot/v1.4.8; http://mj12bot.com/)" "metrocrimedaily.com"
51.222.253.19 - - [10/Feb/2023:06:32:33 -0800] "GET /instagram-atlanta/01-19-2023-1250031-Five-people-suspected-of-armed-robbery-at-house-p.txt HTTP/1.1" 404 88 "-" "Mozilla/5.0 (compatible; AhrefsBot/7.0; +http://ahrefs.com/robot/)" "www.metrocrimedaily.com"
65.108.232.38 - - [10/Feb/2023:06:32:37 -0800] "GET /index-newyork.html HTTP/1.1" 200 28262 "-" "Mozilla/5.0 (compatible; MJ12bot/v1.4.8; http://mj12bot.com/)" "metrocrimedaily.com"
65.108.232.38 - - [10/Feb/2023:06:32:39 -0800] "GET /index-pms-oldway.html HTTP/1.1" 200 1246 "-" "Mozilla/5.0 (compatible; MJ12bot/v1.4.8; http://mj12bot.com/)" "metrocrimedaily.com"
65.108.232.38 - - [10/Feb/2023:06:32:40 -0800] "GET /index-pms-oldway.html HTTP/1.1" 200 1246 "-" "Mozilla/5.0 (compatible; MJ12bot/v1.4.8; http://mj12bot.com/)" "metrocrimedaily.com"
65.108.232.38 - - [10/Feb/2023:06:32:43 -0800] "GET /index-post-mcd-stories.html HTTP/1.1" 200 648 "-" "Mozilla/5.0 (compatible; MJ12bot/v1.4.8; http://mj12bot.com/)" "metrocrimedaily.com"
65.108.232.38 - - [10/Feb/2023:06:32:44 -0800] "GET /index-post-mcd-stories.html HTTP/1.1" 200 648 "-" "Mozilla/5.0 (compatible; MJ12bot/v1.4.8; http://mj12bot.com/)" "metrocrimedaily.com"
65.108.232.38 - - [10/Feb/2023:06:32:46 -0800] "GET /index-prototype.html HTTP/1.1" 200 156 "-" "Mozilla/5.0 (compatible; MJ12bot/v1.4.8; http://mj12bot.com/)" "metrocrimedaily.com"
65.108.232.38 - - [10/Feb/2023:06:32:48 -0800] "GET /index-prototype.html HTTP/1.1" 200 156 "-" "Mozilla/5.0 (compatible; MJ12bot/v1.4.8; http://mj12bot.com/)" "metrocrimedaily.com"
65.108.232.38 - - [10/Feb/2023:06:32:49 -0800] "GET /index-stlouis.html HTTP/1.1" 200 64489 "-" "Mozilla/5.0 (compatible; MJ12bot/v1.4.8; http://mj12bot.com/)" "metrocrimedaily.com"
65.108.232.38 - - [10/Feb/2023:06:32:53 -0800] "GET /index-stlouis.html HTTP/1.1" 200 64489 "-" "Mozilla/5.0 (compatible; MJ12bot/v1.4.8; http://mj12bot.com/)" "metrocrimedaily.com"
65.108.232.38 - - [10/Feb/2023:06:32:57 -0800] "GET /index-tim.html HTTP/1.1" 200 14909 "-" "Mozilla/5.0 (compatible; MJ12bot/v1.4.8; http://mj12bot.com/)" "metrocrimedaily.com"
65.108.232.38 - - [10/Feb/2023:06:32:58 -0800] "GET /index-tim.html HTTP/1.1" 200 14909 "-" "Mozilla/5.0 (compatible; MJ12bot/v1.4.8; http://mj12bot.com/)" "metrocrimedaily.com"
65.108.232.38 - - [10/Feb/2023:06:33:02 -0800] "GET /index-yh-udc.html HTTP/1.1" 200 535 "-" "Mozilla/5.0 (compatible; MJ12bot/v1.4.8; http://mj12bot.com/)" "metrocrimedaily.com"
65.108.232.38 - - [10/Feb/2023:06:33:03 -0800] "GET /index-yh-udc.html HTTP/1.1" 200 535 "-" "Mozilla/5.0 (compatible; MJ12bot/v1.4.8; http://mj12bot.com/)" "metrocrimedaily.com"
65.108.232.38 - - [10/Feb/2023:06:33:05 -0800] "GET /instagram-atlanta/ HTTP/1.1" 200 2400 "-" "Mozilla/5.0 (compatible; MJ12bot/v1.4.8; http://mj12bot.com/)" "metrocrimedaily.com"
51.222.253.15 - - [10/Feb/2023:06:33:05 -0800] "GET /instagram-atlanta/01-19-2023-1347011-Twitter-suspends-account-calling-for--retaliation.txt HTTP/1.1" 404 88 "-" "Mozilla/5.0 (compatible; AhrefsBot/7.0; +http://ahrefs.com/robot/)" "www.metrocrimedaily.com"
