51.222.253.11 - - [09/Feb/2023:22:28:59 -0800] "GET /CRIME-WATCH-AMERICA/DELETE-ME-IM-JUNK/JUNK2/ HTTP/1.1" 200 382 "-" "Mozilla/5.0 (compatible; AhrefsBot/7.0; +http://ahrefs.com/robot/)" "metrocrimedaily.com"
51.222.253.2 - - [09/Feb/2023:22:31:08 -0800] "GET /privacy-policy.html HTTP/1.1" 200 2353 "-" "Mozilla/5.0 (compatible; AhrefsBot/7.0; +http://ahrefs.com/robot/)" "metrocrimedaily.com"
157.55.39.18 - - [09/Feb/2023:22:31:08 -0800] "GET /instagram-atlanta/10-17-2022-1211354-4-year-old-boy-killed-in-crash-that-left-father-i.txt HTTP/1.1" 404 88 "-" "Mozilla/5.0 AppleWebKit/537.36 (KHTML, like Gecko; compatible; bingbot/2.0; +http://www.bing.com/bingbot.htm) Chrome/103.0.5060.134 Safari/537.36" "metrocrimedaily.com"
51.222.253.20 - - [09/Feb/2023:22:33:20 -0800] "GET /contact-us.html HTTP/1.1" 200 765 "-" "Mozilla/5.0 (compatible; AhrefsBot/7.0; +http://ahrefs.com/robot/)" "metrocrimedaily.com"
51.222.253.15 - - [09/Feb/2023:22:35:29 -0800] "GET /about-us.html HTTP/1.1" 200 706 "-" "Mozilla/5.0 (compatible; AhrefsBot/7.0; +http://ahrefs.com/robot/)" "metrocrimedaily.com"
66.249.70.130 - - [09/Feb/2023:22:35:37 -0800] "GET /instagram-chicago/01-24-2023-2035511-A.jpg HTTP/1.1" 404 88 "-" "Googlebot-Image/1.0" "metrocrimedaily.com"
69.63.184.119 - - [09/Feb/2023:22:36:24 -0800] "GET /instagram-neworleans/02-10-2023-0036041-A.jpg HTTP/1.1" 404 88 "-" "facebookexternalhit/1.1 (+http://www.facebook.com/externalhit_uatext.php)" "www.metrocrimedaily.com"
51.222.253.9 - - [09/Feb/2023:22:37:54 -0800] "GET /CRIME-WATCH-AMERICA/GOOD_BARBER_APP-MAKER/INSTALL-CRIME-WATCH-HOUSTON/CRIME-WATCH-HOUSTON/unix/bin/m4.exe HTTP/1.1" 200 46080 "-" "Mozilla/5.0 (compatible; AhrefsBot/7.0; +http://ahrefs.com/robot/)" "metrocrimedaily.com"
51.222.253.2 - - [09/Feb/2023:22:40:10 -0800] "GET /CRIME-WATCH-AMERICA/GOOD_BARBER_APP-MAKER/INSTALL-CRIME-WATCH-HOUSTON/CRIME-WATCH-HOUSTON/unix/bin/man.exe HTTP/1.1" 200 23040 "-" "Mozilla/5.0 (compatible; AhrefsBot/7.0; +http://ahrefs.com/robot/)" "metrocrimedaily.com"
66.249.64.80 - - [09/Feb/2023:22:41:50 -0800] "GET /robots.txt HTTP/1.1" 404 88 "-" "Mozilla/5.0 (compatible; Googlebot/2.1; +http://www.google.com/bot.html)" "www.metrocrimedaily.com"
51.222.253.8 - - [09/Feb/2023:22:42:21 -0800] "GET /CRIME-WATCH-AMERICA/GOOD_BARBER_APP-MAKER/INSTALL-CRIME-WATCH-HOUSTON/CRIME-WATCH-HOUSTON/unix/bin/mv.exe HTTP/1.1" 200 16384 "-" "Mozilla/5.0 (compatible; AhrefsBot/7.0; +http://ahrefs.com/robot/)" "metrocrimedaily.com"
51.222.253.8 - - [09/Feb/2023:22:44:49 -0800] "GET /CRIME-WATCH-AMERICA/GOOD_BARBER_APP-MAKER/INSTALL-CRIME-WATCH-HOUSTON/CRIME-WATCH-HOUSTON/unix/bin/nl.exe HTTP/1.1" 200 41984 "-" "Mozilla/5.0 (compatible; AhrefsBot/7.0; +http://ahrefs.com/robot/)" "metrocrimedaily.com"
68.49.255.47 - - [09/Feb/2023:22:45:18 -0800] "GET / HTTP/1.1" 200 1651 "https://www.bing.com/" "Mozilla/5.0 (Linux; Android 9; KFONWI) AppleWebKit/537.36 (KHTML, like Gecko) Silk/108.1.135 like Chrome/108.0.5359.160 Safari/537.36" "metrocrimedaily.com"
68.49.255.47 - - [09/Feb/2023:22:45:22 -0800] "GET /favicon.ico HTTP/1.1" 404 88 "http://metrocrimedaily.com/" "Mozilla/5.0 (Linux; Android 9; KFONWI) AppleWebKit/537.36 (KHTML, like Gecko) Silk/108.1.135 like Chrome/108.0.5359.160 Safari/537.36" "metrocrimedaily.com"
51.222.253.1 - - [09/Feb/2023:22:47:10 -0800] "GET /CRIME-WATCH-AMERICA/GOOD_BARBER_APP-MAKER/INSTALL-CRIME-WATCH-HOUSTON/CRIME-WATCH-HOUSTON/unix/bin/nm.exe HTTP/1.1" 200 50176 "-" "Mozilla/5.0 (compatible; AhrefsBot/7.0; +http://ahrefs.com/robot/)" "metrocrimedaily.com"
40.77.167.212 - - [09/Feb/2023:22:49:16 -0800] "GET /instagram-dallas/12-13-2022-1446551-Idaho-murder-victim-s-family-hires-local-attorney.txt HTTP/1.1" 404 88 "-" "Mozilla/5.0 AppleWebKit/537.36 (KHTML, like Gecko; compatible; bingbot/2.0; +http://www.bing.com/bingbot.htm) Chrome/103.0.5060.134 Safari/537.36" "www.metrocrimedaily.com"
51.222.253.16 - - [09/Feb/2023:22:49:20 -0800] "GET /CRIME-WATCH-AMERICA/GOOD_BARBER_APP-MAKER/INSTALL-CRIME-WATCH-HOUSTON/CRIME-WATCH-HOUSTON/unix/bin/od.exe HTTP/1.1" 200 26624 "-" "Mozilla/5.0 (compatible; AhrefsBot/7.0; +http://ahrefs.com/robot/)" "metrocrimedaily.com"
51.222.253.14 - - [09/Feb/2023:22:51:45 -0800] "GET /CRIME-WATCH-AMERICA/GOOD_BARBER_APP-MAKER/INSTALL-CRIME-WATCH-HOUSTON/CRIME-WATCH-HOUSTON/unix/bin/ps.exe HTTP/1.1" 200 17920 "-" "Mozilla/5.0 (compatible; AhrefsBot/7.0; +http://ahrefs.com/robot/)" "metrocrimedaily.com"
51.222.253.14 - - [09/Feb/2023:22:53:56 -0800] "GET /CRIME-WATCH-AMERICA/GOOD_BARBER_APP-MAKER/INSTALL-CRIME-WATCH-HOUSTON/CRIME-WATCH-HOUSTON/unix/bin/rm.exe HTTP/1.1" 200 32112 "-" "Mozilla/5.0 (compatible; AhrefsBot/7.0; +http://ahrefs.com/robot/)" "metrocrimedaily.com"
51.222.253.6 - - [09/Feb/2023:22:56:20 -0800] "GET /CRIME-WATCH-AMERICA/GOOD_BARBER_APP-MAKER/INSTALL-CRIME-WATCH-HOUSTON/CRIME-WATCH-HOUSTON/unix/bin/tar.exe HTTP/1.1" 200 67584 "-" "Mozilla/5.0 (compatible; AhrefsBot/7.0; +http://ahrefs.com/robot/)" "metrocrimedaily.com"
51.222.253.15 - - [09/Feb/2023:22:58:39 -0800] "GET /CRIME-WATCH-AMERICA/GOOD_BARBER_APP-MAKER/INSTALL-CRIME-WATCH-HOUSTON/CRIME-WATCH-HOUSTON/unix/bin/vi.exe HTTP/1.1" 200 127488 "-" "Mozilla/5.0 (compatible; AhrefsBot/7.0; +http://ahrefs.com/robot/)" "metrocrimedaily.com"
51.222.253.4 - - [09/Feb/2023:23:00:59 -0800] "GET /CRIME-WATCH-AMERICA/GOOD_BARBER_APP-MAKER/INSTALL-CRIME-WATCH-HOUSTON/CRIME-WATCH-HOUSTON/unix/bin/wc.exe HTTP/1.1" 200 29696 "-" "Mozilla/5.0 (compatible; AhrefsBot/7.0; +http://ahrefs.com/robot/)" "metrocrimedaily.com"
51.222.253.8 - - [09/Feb/2023:23:03:21 -0800] "GET /CRIME-WATCH-AMERICA/GOOD_BARBER_APP-MAKER/INSTALL-CRIME-WATCH-HOUSTON/CRIME-WATCH-HOUSTON/unix/bin/?C=N;O=A HTTP/1.1" 200 2159 "-" "Mozilla/5.0 (compatible; AhrefsBot/7.0; +http://ahrefs.com/robot/)" "metrocrimedaily.com"
51.222.253.8 - - [09/Feb/2023:23:05:42 -0800] "GET /instagram-atlanta/post-later/?C=D;O=D HTTP/1.1" 200 2612 "-" "Mozilla/5.0 (compatible; AhrefsBot/7.0; +http://ahrefs.com/robot/)" "www.metrocrimedaily.com"
69.63.184.5 - - [09/Feb/2023:23:07:35 -0800] "GET /instagram-losangeles/02-10-2023-0107121-A.jpg HTTP/1.1" 404 88 "-" "facebookexternalhit/1.1 (+http://www.facebook.com/externalhit_uatext.php)" "www.metrocrimedaily.com"
51.222.253.7 - - [09/Feb/2023:23:10:21 -0800] "GET /instagram-atlanta/post-later/?C=M;O=D HTTP/1.1" 200 2564 "-" "Mozilla/5.0 (compatible; AhrefsBot/7.0; +http://ahrefs.com/robot/)" "www.metrocrimedaily.com"
69.63.184.116 - - [09/Feb/2023:23:11:13 -0800] "GET /instagram-houston/02-10-2023-0110551-A.jpg HTTP/1.1" 404 88 "-" "facebookexternalhit/1.1 (+http://www.facebook.com/externalhit_uatext.php)" "www.metrocrimedaily.com"
51.222.253.18 - - [09/Feb/2023:23:19:08 -0800] "GET /instagram-atlanta/post-later/?C=S;O=D HTTP/1.1" 200 2629 "-" "Mozilla/5.0 (compatible; AhrefsBot/7.0; +http://ahrefs.com/robot/)" "www.metrocrimedaily.com"
51.222.253.20 - - [09/Feb/2023:23:28:03 -0800] "GET /instagram-houston/post-later/02-07-2023-13563210----The-biggest-funeral-home-----Activists--family.txt HTTP/1.1" 200 1049 "-" "Mozilla/5.0 (compatible; AhrefsBot/7.0; +http://ahrefs.com/robot/)" "www.metrocrimedaily.com"
51.222.253.1 - - [09/Feb/2023:23:37:39 -0800] "GET /instagram-houston/post-later/02-07-2023-13563211-HCSO--Man-killed--girlfriend-detained-after-botch.txt HTTP/1.1" 200 206 "-" "Mozilla/5.0 (compatible; AhrefsBot/7.0; +http://ahrefs.com/robot/)" "www.metrocrimedaily.com"
51.222.253.8 - - [09/Feb/2023:23:47:21 -0800] "GET /instagram-houston/post-later/02-07-2023-13563212-Robbery-suspect-shot-to-death-at-Harris-County-ap.txt HTTP/1.1" 200 548 "-" "Mozilla/5.0 (compatible; AhrefsBot/7.0; +http://ahrefs.com/robot/)" "www.metrocrimedaily.com"
69.63.184.1 - - [09/Feb/2023:23:51:54 -0800] "GET /instagram-atlanta/02-10-2023-0151321-A.jpg HTTP/1.1" 404 88 "-" "facebookexternalhit/1.1 (+http://www.facebook.com/externalhit_uatext.php)" "www.metrocrimedaily.com"
157.55.39.18 - - [09/Feb/2023:23:53:06 -0800] "GET /instagram-dallas/12-18-2022-1415581-Shooting-at-Dallas-apartment-complex-leaves-1-dea.txt HTTP/1.1" 404 88 "-" "Mozilla/5.0 AppleWebKit/537.36 (KHTML, like Gecko; compatible; bingbot/2.0; +http://www.bing.com/bingbot.htm) Chrome/103.0.5060.134 Safari/537.36" "www.metrocrimedaily.com"
40.77.167.212 - - [09/Feb/2023:23:53:13 -0800] "GET /instagram-chicago/12-23-2022-2200061-Police--Mall-of-America-on-lockdown-after-reporte.txt HTTP/1.1" 404 88 "-" "Mozilla/5.0 AppleWebKit/537.36 (KHTML, like Gecko; compatible; bingbot/2.0; +http://www.bing.com/bingbot.htm) Chrome/103.0.5060.134 Safari/537.36" "www.metrocrimedaily.com"
51.222.253.11 - - [09/Feb/2023:23:55:50 -0800] "GET / HTTP/1.1" 200 1651 "-" "Mozilla/5.0 (compatible; AhrefsBot/7.0; +http://ahrefs.com/robot/)" "www.metrocrimedaily.com"
51.222.253.11 - - [10/Feb/2023:00:03:39 -0800] "GET /CRIME-WATCH-AMERICA/CRIME-WATCH-MEMPHIS/ HTTP/1.1" 200 376 "-" "Mozilla/5.0 (compatible; AhrefsBot/7.0; +http://ahrefs.com/robot/)" "www.metrocrimedaily.com"
51.222.253.9 - - [10/Feb/2023:00:11:50 -0800] "GET /CRIME-WATCH-AMERICA/CRIME-WATCH-STLOUIS/ HTTP/1.1" 200 974 "-" "Mozilla/5.0 (compatible; AhrefsBot/7.0; +http://ahrefs.com/robot/)" "www.metrocrimedaily.com"
157.55.39.18 - - [10/Feb/2023:00:14:58 -0800] "GET /CRIME-WATCH-DALLAS/mcd-calculate-how-long-ago.html HTTP/1.1" 404 88 "-" "Mozilla/5.0 AppleWebKit/537.36 (KHTML, like Gecko; compatible; bingbot/2.0; +http://www.bing.com/bingbot.htm) Chrome/103.0.5060.134 Safari/537.36" "www.metrocrimedaily.com"
51.222.253.12 - - [10/Feb/2023:00:17:00 -0800] "GET /CRIME-WATCH-AMERICA/DELETE-ME-IM-JUNK/JUNK1/unix/ HTTP/1.1" 200 388 "-" "Mozilla/5.0 (compatible; AhrefsBot/7.0; +http://ahrefs.com/robot/)" "metrocrimedaily.com"
51.222.253.10 - - [10/Feb/2023:00:21:05 -0800] "GET /CRIME-WATCH-AMERICA/DELETE-ME-IM-JUNK/JUNK2/unix/ HTTP/1.1" 200 389 "-" "Mozilla/5.0 (compatible; AhrefsBot/7.0; +http://ahrefs.com/robot/)" "metrocrimedaily.com"
51.222.253.12 - - [10/Feb/2023:00:25:14 -0800] "GET /instagram-dallas/post-later/?C=D;O=D HTTP/1.1" 200 1211 "-" "Mozilla/5.0 (compatible; AhrefsBot/7.0; +http://ahrefs.com/robot/)" "metrocrimedaily.com"
114.119.136.86 - - [10/Feb/2023:00:26:09 -0800] "GET /instagram-newyork/?C=N%3BO%3DD HTTP/1.1" 200 1899 "https://metrocrimedaily.com/instagram-newyork/?C=M%3BO%3DA" "Mozilla/5.0 (Linux; Android 7.0;) AppleWebKit/537.36 (KHTML, like Gecko) Mobile Safari/537.36 (compatible; PetalBot;+https://webmaster.petalsearch.com/site/petalbot)" "metrocrimedaily.com"
114.119.128.218 - - [10/Feb/2023:00:26:36 -0800] "GET /robots.txt HTTP/1.1" 404 88 "-" "Mozilla/5.0 (compatible;PetalBot;+https://webmaster.petalsearch.com/site/petalbot)" "metrocrimedaily.com"
51.222.253.7 - - [10/Feb/2023:00:27:19 -0800] "GET /instagram-dallas/post-later/?C=M;O=D HTTP/1.1" 200 1200 "-" "Mozilla/5.0 (compatible; AhrefsBot/7.0; +http://ahrefs.com/robot/)" "metrocrimedaily.com"
51.222.253.5 - - [10/Feb/2023:00:29:32 -0800] "GET /instagram-dallas/post-later/?C=S;O=D HTTP/1.1" 200 1205 "-" "Mozilla/5.0 (compatible; AhrefsBot/7.0; +http://ahrefs.com/robot/)" "metrocrimedaily.com"
69.63.184.3 - - [10/Feb/2023:00:30:13 -0800] "GET /instagram-atlanta/02-10-2023-0229501-A.jpg HTTP/1.1" 404 88 "-" "facebookexternalhit/1.1 (+http://www.facebook.com/externalhit_uatext.php)" "www.metrocrimedaily.com"
51.222.253.20 - - [10/Feb/2023:00:31:54 -0800] "GET /instagram-neworleans/02-08-2023-1307111-Cold-Case--Ramal-Ellis-fatally-shot-one-block-fro.txt HTTP/1.1" 200 54 "-" "Mozilla/5.0 (compatible; AhrefsBot/7.0; +http://ahrefs.com/robot/)" "www.metrocrimedaily.com"
114.119.165.5 - - [10/Feb/2023:00:33:38 -0800] "GET /robots.txt HTTP/1.1" 404 88 "-" "Mozilla/5.0 (compatible;PetalBot;+https://webmaster.petalsearch.com/site/petalbot)" "metrocrimedaily.com"
51.222.253.17 - - [10/Feb/2023:00:34:01 -0800] "GET /instagram-neworleans/02-08-2023-1307112-WANTED--Suspect-threatens-robbery-victim-with-bri.txt HTTP/1.1" 200 672 "-" "Mozilla/5.0 (compatible; AhrefsBot/7.0; +http://ahrefs.com/robot/)" "www.metrocrimedaily.com"
51.222.253.20 - - [10/Feb/2023:00:36:13 -0800] "GET /instagram-neworleans/02-08-2023-1529431-Authorities-sound-alarm-about-deadly-mix-of-horse.txt HTTP/1.1" 200 193 "-" "Mozilla/5.0 (compatible; AhrefsBot/7.0; +http://ahrefs.com/robot/)" "www.metrocrimedaily.com"
114.119.144.51 - - [10/Feb/2023:00:38:02 -0800] "GET /instagram-stlouis/01-30-2023-1145382-Barrett-Strong--Motown-artist-known-for----Money-.txt HTTP/1.1" 404 88 "https://metrocrimedaily.com/instagram-stlouis/?C=M%3BO%3DA" "Mozilla/5.0 (Linux; Android 7.0;) AppleWebKit/537.36 (KHTML, like Gecko) Mobile Safari/537.36 (compatible; PetalBot;+https://webmaster.petalsearch.com/site/petalbot)" "metrocrimedaily.com"
51.222.253.18 - - [10/Feb/2023:00:38:26 -0800] "GET /instagram-neworleans/02-08-2023-1529432-Grandmother-charged-with-murder-in-beating-death-.txt HTTP/1.1" 200 701 "-" "Mozilla/5.0 (compatible; AhrefsBot/7.0; +http://ahrefs.com/robot/)" "www.metrocrimedaily.com"
69.63.184.117 - - [10/Feb/2023:00:40:00 -0800] "GET /instagram-detroit/02-10-2023-0239351-A.jpg HTTP/1.1" 404 88 "-" "facebookexternalhit/1.1 (+http://www.facebook.com/externalhit_uatext.php)" "www.metrocrimedaily.com"
51.222.253.10 - - [10/Feb/2023:00:40:43 -0800] "GET /instagram-neworleans/02-08-2023-1649051-No-bond-reduction-for-man-shot-in-head-while-alle.txt HTTP/1.1" 200 193 "-" "Mozilla/5.0 (compatible; AhrefsBot/7.0; +http://ahrefs.com/robot/)" "www.metrocrimedaily.com"
51.222.253.16 - - [10/Feb/2023:00:43:09 -0800] "GET /instagram-neworleans/02-08-2023-1649052-Super-Bowl-buzz--Aaron-Rodgers--Raiders-rumors-ar.txt HTTP/1.1" 200 955 "-" "Mozilla/5.0 (compatible; AhrefsBot/7.0; +http://ahrefs.com/robot/)" "www.metrocrimedaily.com"
51.222.253.3 - - [10/Feb/2023:00:45:27 -0800] "GET /instagram-neworleans/02-08-2023-1649053-New-Orleans-youth-mentor--coach-mourns-son-killed.txt HTTP/1.1" 200 193 "-" "Mozilla/5.0 (compatible; AhrefsBot/7.0; +http://ahrefs.com/robot/)" "www.metrocrimedaily.com"
51.222.253.16 - - [10/Feb/2023:00:47:37 -0800] "GET /instagram-neworleans/02-08-2023-1649054-Official--Black-man-killed-by-Louisiana-police-wa.txt HTTP/1.1" 200 1097 "-" "Mozilla/5.0 (compatible; AhrefsBot/7.0; +http://ahrefs.com/robot/)" "www.metrocrimedaily.com"
51.222.253.7 - - [10/Feb/2023:00:49:55 -0800] "GET /instagram-neworleans/02-08-2023-1649055-Chalmette-man-arrested-after-drug-bust-.txt HTTP/1.1" 200 565 "-" "Mozilla/5.0 (compatible; AhrefsBot/7.0; +http://ahrefs.com/robot/)" "www.metrocrimedaily.com"
51.222.253.15 - - [10/Feb/2023:00:52:37 -0800] "GET /instagram-neworleans/02-08-2023-1852551-Will-Derek-Carr-be-the-next-quarterback-of-the-Ne.txt HTTP/1.1" 200 921 "-" "Mozilla/5.0 (compatible; AhrefsBot/7.0; +http://ahrefs.com/robot/)" "www.metrocrimedaily.com"
51.222.253.18 - - [10/Feb/2023:00:54:58 -0800] "GET /instagram-neworleans/02-08-2023-1852552-NOPD-arrests-suspect-in-Gentilly-shooting-near-Wa.txt HTTP/1.1" 200 672 "-" "Mozilla/5.0 (compatible; AhrefsBot/7.0; +http://ahrefs.com/robot/)" "www.metrocrimedaily.com"
51.222.253.7 - - [10/Feb/2023:00:57:14 -0800] "GET /instagram-neworleans/02-08-2023-1852554-NOPD-arrests-suspect-in-Gentilly-shooting-near-Wa.txt HTTP/1.1" 200 54 "-" "Mozilla/5.0 (compatible; AhrefsBot/7.0; +http://ahrefs.com/robot/)" "www.metrocrimedaily.com"
40.77.167.212 - - [10/Feb/2023:00:57:18 -0800] "GET /CRIME-WATCH-DETROIT/about-us.html HTTP/1.1" 404 88 "-" "Mozilla/5.0 AppleWebKit/537.36 (KHTML, like Gecko; compatible; bingbot/2.0; +http://www.bing.com/bingbot.htm) Chrome/103.0.5060.134 Safari/537.36" "www.metrocrimedaily.com"
51.222.253.8 - - [10/Feb/2023:00:59:45 -0800] "GET /instagram-neworleans/02-08-2023-2016021-Two-shot-in-at-Chef-and-Bullard--New-Orleans-poli.txt HTTP/1.1" 200 193 "-" "Mozilla/5.0 (compatible; AhrefsBot/7.0; +http://ahrefs.com/robot/)" "www.metrocrimedaily.com"
114.119.151.4 - - [10/Feb/2023:01:00:47 -0800] "GET /instagram-atlanta/post-later/02-06-2023-0909033-Girl--15--with-special-needs-reported-missing-in-.txt HTTP/1.1" 404 88 "https://metrocrimedaily.com/instagram-atlanta/post-later/?C=D%3BO%3DA" "Mozilla/5.0 (Linux; Android 7.0;) AppleWebKit/537.36 (KHTML, like Gecko) Mobile Safari/537.36 (compatible; PetalBot;+https://webmaster.petalsearch.com/site/petalbot)" "metrocrimedaily.com"
51.222.253.15 - - [10/Feb/2023:01:02:06 -0800] "GET /instagram-neworleans/02-08-2023-2112221-NOPD-investigating-shooting-that-left-2-dead-and-.txt HTTP/1.1" 200 439 "-" "Mozilla/5.0 (compatible; AhrefsBot/7.0; +http://ahrefs.com/robot/)" "www.metrocrimedaily.com"
51.222.253.5 - - [10/Feb/2023:01:04:33 -0800] "GET /instagram-neworleans/02-08-2023-2112222-2-dead--3-injured-in-Chef-Menteur-shooting-.txt HTTP/1.1" 200 701 "-" "Mozilla/5.0 (compatible; AhrefsBot/7.0; +http://ahrefs.com/robot/)" "www.metrocrimedaily.com"
69.63.184.5 - - [10/Feb/2023:01:06:30 -0800] "GET /instagram-atlanta/02-10-2023-0306081-A.jpg HTTP/1.1" 404 88 "-" "facebookexternalhit/1.1 (+http://www.facebook.com/externalhit_uatext.php)" "www.metrocrimedaily.com"
51.222.253.14 - - [10/Feb/2023:01:07:01 -0800] "GET /instagram-neworleans/02-08-2023-2112223-2-dead--3-injured-in-Chef-Menteur-shooting-.txt HTTP/1.1" 200 701 "-" "Mozilla/5.0 (compatible; AhrefsBot/7.0; +http://ahrefs.com/robot/)" "www.metrocrimedaily.com"
51.222.253.11 - - [10/Feb/2023:01:09:26 -0800] "GET /instagram-neworleans/02-08-2023-2235421-NOPD-investigating-shooting-that-left-2-dead-and-.txt HTTP/1.1" 200 54 "-" "Mozilla/5.0 (compatible; AhrefsBot/7.0; +http://ahrefs.com/robot/)" "www.metrocrimedaily.com"
51.222.253.1 - - [10/Feb/2023:01:11:51 -0800] "GET /instagram-neworleans/02-08-2023-2359431-5-years-later--Treme-murder-remains-unsolved-.txt HTTP/1.1" 200 685 "-" "Mozilla/5.0 (compatible; AhrefsBot/7.0; +http://ahrefs.com/robot/)" "www.metrocrimedaily.com"
51.222.253.6 - - [10/Feb/2023:01:14:10 -0800] "GET /instagram-neworleans/02-09-2023-0634531-2-men-dead-in-Marrero-in-apparent-murder-suicide-.txt HTTP/1.1" 200 379 "-" "Mozilla/5.0 (compatible; AhrefsBot/7.0; +http://ahrefs.com/robot/)" "www.metrocrimedaily.com"
51.222.253.7 - - [10/Feb/2023:01:16:30 -0800] "GET /instagram-neworleans/02-09-2023-0740341-2-men-dead-in-suspected-murder-suicide-in-Estelle.txt HTTP/1.1" 200 193 "-" "Mozilla/5.0 (compatible; AhrefsBot/7.0; +http://ahrefs.com/robot/)" "www.metrocrimedaily.com"
51.222.253.8 - - [10/Feb/2023:01:18:43 -0800] "GET /instagram-neworleans/02-09-2023-0848261-Ghana-soccer-player-Atsu-still-missing-after-Turk.txt HTTP/1.1" 200 1089 "-" "Mozilla/5.0 (compatible; AhrefsBot/7.0; +http://ahrefs.com/robot/)" "www.metrocrimedaily.com"
114.119.156.59 - - [10/Feb/2023:01:20:02 -0800] "GET /instagram-stlouis/post-later/02-06-2023-1350196-Retailers-try-to-curb-theft-while-not-angering-sh.txt HTTP/1.1" 404 88 "https://metrocrimedaily.com/instagram-stlouis/post-later/?C=S%3BO%3DA" "Mozilla/5.0 (Linux; Android 7.0;) AppleWebKit/537.36 (KHTML, like Gecko) Mobile Safari/537.36 (compatible; PetalBot;+https://webmaster.petalsearch.com/site/petalbot)" "metrocrimedaily.com"
51.222.253.19 - - [10/Feb/2023:01:21:06 -0800] "GET /instagram-neworleans/02-09-2023-0959461-Multiple-people-shot--killed-at-house-in-Harvey--.txt HTTP/1.1" 200 193 "-" "Mozilla/5.0 (compatible; AhrefsBot/7.0; +http://ahrefs.com/robot/)" "www.metrocrimedaily.com"
51.222.253.10 - - [10/Feb/2023:01:23:25 -0800] "GET /instagram-neworleans/02-09-2023-0959462-Multiple-people-dead-in-Harvey-shooting--JPSO-say.txt HTTP/1.1" 200 583 "-" "Mozilla/5.0 (compatible; AhrefsBot/7.0; +http://ahrefs.com/robot/)" "www.metrocrimedaily.com"
51.222.253.2 - - [10/Feb/2023:01:25:48 -0800] "GET /instagram-neworleans/02-09-2023-0959463--.txt HTTP/1.1" 200 20 "-" "Mozilla/5.0 (compatible; AhrefsBot/7.0; +http://ahrefs.com/robot/)" "www.metrocrimedaily.com"
51.222.253.17 - - [10/Feb/2023:01:26:42 -0800] "GET /instagram-neworleans/02-09-2023-1212111-4-family-members-dead-in-apparent-murder-suicide-.txt HTTP/1.1" 200 1075 "-" "Mozilla/5.0 (compatible; AhrefsBot/7.0; +http://ahrefs.com/robot/)" "www.metrocrimedaily.com"
51.222.253.15 - - [10/Feb/2023:01:27:19 -0800] "GET /instagram-neworleans/02-09-2023-1311361-Apparent-murder-suicide-at-Marrero-home-overnight.txt HTTP/1.1" 200 591 "-" "Mozilla/5.0 (compatible; AhrefsBot/7.0; +http://ahrefs.com/robot/)" "www.metrocrimedaily.com"
51.222.253.7 - - [10/Feb/2023:01:28:04 -0800] "GET /instagram-neworleans/02-09-2023-1311362--.txt HTTP/1.1" 200 20 "-" "Mozilla/5.0 (compatible; AhrefsBot/7.0; +http://ahrefs.com/robot/)" "www.metrocrimedaily.com"
195.191.219.132 - - [10/Feb/2023:01:28:33 -0800] "GET /robots.txt HTTP/1.1" 404 73 "-" "Mozilla/5.0 (compatible; MJ12bot/v1.4.8; http://mj12bot.com/)" "metrocrimedaily.com"
195.191.219.132 - - [10/Feb/2023:01:28:34 -0800] "GET / HTTP/1.1" 200 1651 "-" "Mozilla/5.0 (compatible; MJ12bot/v1.4.8; http://mj12bot.com/)" "metrocrimedaily.com"
51.222.253.5 - - [10/Feb/2023:01:28:44 -0800] "GET /instagram-neworleans/02-09-2023-1551011--You-ll-find-four-bodies-when-you-get-here---Dad-.txt HTTP/1.1" 200 193 "-" "Mozilla/5.0 (compatible; AhrefsBot/7.0; +http://ahrefs.com/robot/)" "www.metrocrimedaily.com"
195.191.219.132 - - [10/Feb/2023:01:28:47 -0800] "GET /robots.txt HTTP/1.1" 404 73 "-" "Mozilla/5.0 (compatible; MJ12bot/v1.4.8; http://mj12bot.com/)" "metrocrimedaily.com"
195.191.219.132 - - [10/Feb/2023:01:28:48 -0800] "GET / HTTP/1.1" 200 1651 "-" "Mozilla/5.0 (compatible; MJ12bot/v1.4.8; http://mj12bot.com/)" "metrocrimedaily.com"
51.222.253.3 - - [10/Feb/2023:01:30:14 -0800] "GET /instagram-neworleans/02-09-2023-1641321-Founder-of-First-NBC-Bank--guilty-of-several-char.txt HTTP/1.1" 200 645 "-" "Mozilla/5.0 (compatible; AhrefsBot/7.0; +http://ahrefs.com/robot/)" "www.metrocrimedaily.com"
51.222.253.11 - - [10/Feb/2023:01:30:40 -0800] "GET /instagram-neworleans/02-09-2023-1740011----We-can---t-continue-to-live-like-this------%C3%83%C2%B4-H.txt HTTP/1.1" 200 1050 "-" "Mozilla/5.0 (compatible; AhrefsBot/7.0; +http://ahrefs.com/robot/)" "www.metrocrimedaily.com"
51.222.253.4 - - [10/Feb/2023:01:31:32 -0800] "GET /robots.txt HTTP/1.1" 404 88 "-" "Mozilla/5.0 (compatible; AhrefsBot/7.0; +http://ahrefs.com/robot/)" "www.metrocrimedaily.com"
51.222.253.3 - - [10/Feb/2023:01:31:33 -0800] "GET /instagram-neworleans/02-09-2023-1740012----We-can---t-continue-to-live-like-this------%C3%83%C2%B4-H.txt HTTP/1.1" 200 1047 "-" "Mozilla/5.0 (compatible; AhrefsBot/7.0; +http://ahrefs.com/robot/)" "www.metrocrimedaily.com"
51.222.253.8 - - [10/Feb/2023:01:32:24 -0800] "GET /instagram-houston/post-later/02-07-2023-1356325-HCSO--Man-killed-in-possible-botched-robbery-at-a.txt HTTP/1.1" 200 49 "-" "Mozilla/5.0 (compatible; AhrefsBot/7.0; +http://ahrefs.com/robot/)" "www.metrocrimedaily.com"
51.222.253.7 - - [10/Feb/2023:01:32:58 -0800] "GET /instagram-houston/post-later/02-07-2023-1356326-Shooting-at-Nebraska-Target-highlights-gaps-in-gu.txt HTTP/1.1" 200 1106 "-" "Mozilla/5.0 (compatible; AhrefsBot/7.0; +http://ahrefs.com/robot/)" "www.metrocrimedaily.com"
51.222.253.6 - - [10/Feb/2023:01:33:43 -0800] "GET /instagram-houston/post-later/02-07-2023-1356327-Man-found-guilty-of-raping-woman--pushing-pregnan.txt HTTP/1.1" 200 604 "-" "Mozilla/5.0 (compatible; AhrefsBot/7.0; +http://ahrefs.com/robot/)" "www.metrocrimedaily.com"
51.222.253.12 - - [10/Feb/2023:01:34:21 -0800] "GET /instagram-houston/post-later/02-07-2023-1356328-Police--Portsmouth-man-wanted-in-Hampton-bank-rob.txt HTTP/1.1" 200 699 "-" "Mozilla/5.0 (compatible; AhrefsBot/7.0; +http://ahrefs.com/robot/)" "www.metrocrimedaily.com"
51.222.253.4 - - [10/Feb/2023:01:35:09 -0800] "GET /instagram-houston/post-later/02-07-2023-1356329-North-Korean-leader-Kim-Jong-Un-missing-ahead-of-.txt HTTP/1.1" 200 1115 "-" "Mozilla/5.0 (compatible; AhrefsBot/7.0; +http://ahrefs.com/robot/)" "www.metrocrimedaily.com"
51.222.253.10 - - [10/Feb/2023:01:35:50 -0800] "GET /instagram-houston/post-later/02-07-2023-16152610-Watch-out-for-these-romance-scam-red-flags-.txt HTTP/1.1" 200 1098 "-" "Mozilla/5.0 (compatible; AhrefsBot/7.0; +http://ahrefs.com/robot/)" "www.metrocrimedaily.com"
51.222.253.9 - - [10/Feb/2023:01:36:25 -0800] "GET /instagram-houston/post-later/02-07-2023-16152611-Harris-County-jailer-now-charged-with-manslaughte.txt HTTP/1.1" 200 49 "-" "Mozilla/5.0 (compatible; AhrefsBot/7.0; +http://ahrefs.com/robot/)" "www.metrocrimedaily.com"
51.222.253.9 - - [10/Feb/2023:01:37:03 -0800] "GET /instagram-houston/post-later/02-07-2023-1615264-Judge-decides-not-to-dismiss-murder-charges-in-20.txt HTTP/1.1" 200 577 "-" "Mozilla/5.0 (compatible; AhrefsBot/7.0; +http://ahrefs.com/robot/)" "www.metrocrimedaily.com"
51.222.253.15 - - [10/Feb/2023:01:37:38 -0800] "GET /instagram-houston/post-later/02-07-2023-1615265-One-killed-after-Amtrak-train-slams-into-FedEx-tr.txt HTTP/1.1" 200 814 "-" "Mozilla/5.0 (compatible; AhrefsBot/7.0; +http://ahrefs.com/robot/)" "www.metrocrimedaily.com"
51.222.253.18 - - [10/Feb/2023:01:38:19 -0800] "GET /instagram-houston/post-later/02-07-2023-1615266-Man-who-caused-deadly-wreck-during-chase-in-NE-Ho.txt HTTP/1.1" 200 832 "-" "Mozilla/5.0 (compatible; AhrefsBot/7.0; +http://ahrefs.com/robot/)" "www.metrocrimedaily.com"
51.222.253.14 - - [10/Feb/2023:01:38:59 -0800] "GET / HTTP/1.1" 200 1651 "-" "Mozilla/5.0 (compatible; AhrefsBot/7.0; +http://ahrefs.com/robot/)" "metrocrimedaily.com"
51.222.253.17 - - [10/Feb/2023:01:39:29 -0800] "GET / HTTP/1.1" 200 1651 "-" "Mozilla/5.0 (compatible; AhrefsBot/7.0; +http://ahrefs.com/robot/)" "www.metrocrimedaily.com"
51.222.253.4 - - [10/Feb/2023:01:39:53 -0800] "GET /instagram-dallas/?C=N;O=D HTTP/1.1" 200 2213 "-" "Mozilla/5.0 (compatible; AhrefsBot/7.0; +http://ahrefs.com/robot/)" "metrocrimedaily.com"
51.222.253.9 - - [10/Feb/2023:01:40:22 -0800] "GET /mcd-blog.html HTTP/1.1" 200 643 "-" "Mozilla/5.0 (compatible; AhrefsBot/7.0; +http://ahrefs.com/robot/)" "metrocrimedaily.com"
51.222.253.13 - - [10/Feb/2023:01:40:49 -0800] "GET /instagram-dallas/post-later/02-09-2023-1354171-Man-shot-at-SMU-Boulevard-apartment-complex--susp.txt HTTP/1.1" 200 311 "-" "Mozilla/5.0 (compatible; AhrefsBot/7.0; +http://ahrefs.com/robot/)" "metrocrimedaily.com"
51.222.253.7 - - [10/Feb/2023:01:41:24 -0800] "GET /instagram-dallas/post-later/02-09-2023-1354172-Thursday-update--Testimony-continues-in-capital-m.txt HTTP/1.1" 200 49 "-" "Mozilla/5.0 (compatible; AhrefsBot/7.0; +http://ahrefs.com/robot/)" "metrocrimedaily.com"
51.222.253.8 - - [10/Feb/2023:01:42:19 -0800] "GET /instagram-dallas/post-later/02-09-2023-1428331-Woman-Attempted-to-Kill-Look-Alike-With-Laced-Che.txt HTTP/1.1" 200 751 "-" "Mozilla/5.0 (compatible; AhrefsBot/7.0; +http://ahrefs.com/robot/)" "metrocrimedaily.com"
114.119.136.203 - - [10/Feb/2023:01:42:20 -0800] "GET /instagram-losangeles/02-01-2023-1849372-CDC-warns-not-to-use-eye-drop-brand-as-it-investi.txt HTTP/1.1" 404 88 "https://metrocrimedaily.com/instagram-losangeles/?C=N%3BO%3DD" "Mozilla/5.0 (Linux; Android 7.0;) AppleWebKit/537.36 (KHTML, like Gecko) Mobile Safari/537.36 (compatible; PetalBot;+https://webmaster.petalsearch.com/site/petalbot)" "metrocrimedaily.com"
51.222.253.19 - - [10/Feb/2023:01:42:43 -0800] "GET /instagram-dallas/post-later/02-09-2023-1507312-Two-17-year-olds-charged-with-murder-in-Little-El.txt HTTP/1.1" 200 943 "-" "Mozilla/5.0 (compatible; AhrefsBot/7.0; +http://ahrefs.com/robot/)" "metrocrimedaily.com"
51.222.253.11 - - [10/Feb/2023:01:43:18 -0800] "GET /instagram-dallas/post-later/02-09-2023-1507313-NTSB-Finds-No-Evidence-Tesla-Autopilot-Used-in-Fa.txt HTTP/1.1" 200 927 "-" "Mozilla/5.0 (compatible; AhrefsBot/7.0; +http://ahrefs.com/robot/)" "metrocrimedaily.com"
114.119.148.93 - - [10/Feb/2023:01:43:37 -0800] "GET /instagram-detroit/videos/?C=S%3BO%3DA HTTP/1.1" 200 427 "https://metrocrimedaily.com/instagram-detroit/videos/?C=N%3BO%3DD" "Mozilla/5.0 (Linux; Android 7.0;) AppleWebKit/537.36 (KHTML, like Gecko) Mobile Safari/537.36 (compatible; PetalBot;+https://webmaster.petalsearch.com/site/petalbot)" "metrocrimedaily.com"
51.222.253.8 - - [10/Feb/2023:01:43:48 -0800] "GET /instagram-dallas/post-later/02-09-2023-1607412-Dallas-County-health-department-building-on-lockd.txt HTTP/1.1" 200 577 "-" "Mozilla/5.0 (compatible; AhrefsBot/7.0; +http://ahrefs.com/robot/)" "metrocrimedaily.com"
69.63.184.118 - - [10/Feb/2023:01:43:53 -0800] "GET /instagram-atlanta/02-10-2023-0343311-A.jpg HTTP/1.1" 404 88 "-" "facebookexternalhit/1.1 (+http://www.facebook.com/externalhit_uatext.php)" "www.metrocrimedaily.com"
51.222.253.2 - - [10/Feb/2023:01:44:21 -0800] "GET /instagram-dallas/post-later/02-09-2023-1607413-Capitol-Rioter-Who-Menaced-Officer-With-Confedera.txt HTTP/1.1" 200 1102 "-" "Mozilla/5.0 (compatible; AhrefsBot/7.0; +http://ahrefs.com/robot/)" "metrocrimedaily.com"
114.119.136.132 - - [10/Feb/2023:01:44:27 -0800] "GET /instagram-atlanta/02-01-2023-1606163-Pair-wanted-in-connection-to-Milton-car-break-in-.txt HTTP/1.1" 404 88 "https://metrocrimedaily.com/instagram-atlanta/" "Mozilla/5.0 (Linux; Android 7.0;) AppleWebKit/537.36 (KHTML, like Gecko) Mobile Safari/537.36 (compatible; PetalBot;+https://webmaster.petalsearch.com/site/petalbot)" "metrocrimedaily.com"
51.222.253.4 - - [10/Feb/2023:01:45:09 -0800] "GET /instagram-dallas/post-later/02-09-2023-1607414-Report-of-Possible-Gunshots-Heard-at-Dallas-Count.txt HTTP/1.1" 200 733 "-" "Mozilla/5.0 (compatible; AhrefsBot/7.0; +http://ahrefs.com/robot/)" "metrocrimedaily.com"
51.222.253.13 - - [10/Feb/2023:01:45:41 -0800] "GET /instagram-dallas/post-later/02-09-2023-1703422-Dallas-County-health-department-building-on-lockd.txt HTTP/1.1" 200 182 "-" "Mozilla/5.0 (compatible; AhrefsBot/7.0; +http://ahrefs.com/robot/)" "metrocrimedaily.com"
51.222.253.6 - - [10/Feb/2023:01:46:16 -0800] "GET /instagram-houston/post-later/02-07-2023-1615267-2-men-arrested-in-1975-slaying-of-Indiana-girl--1.txt HTTP/1.1" 200 979 "-" "Mozilla/5.0 (compatible; AhrefsBot/7.0; +http://ahrefs.com/robot/)" "www.metrocrimedaily.com"
51.222.253.5 - - [10/Feb/2023:01:46:48 -0800] "GET /instagram-houston/post-later/02-07-2023-1615268-Vigil-in-Mount-Prospect-for-victims-of-earthquake.txt HTTP/1.1" 200 426 "-" "Mozilla/5.0 (compatible; AhrefsBot/7.0; +http://ahrefs.com/robot/)" "www.metrocrimedaily.com"
51.222.253.2 - - [10/Feb/2023:01:47:35 -0800] "GET /instagram-houston/post-later/02-07-2023-1615269-Two-teens--including-juvenile--charged-in-shootin.txt HTTP/1.1" 200 702 "-" "Mozilla/5.0 (compatible; AhrefsBot/7.0; +http://ahrefs.com/robot/)" "www.metrocrimedaily.com"
51.222.253.20 - - [10/Feb/2023:01:48:18 -0800] "GET /instagram-houston/post-later/02-07-2023-1805404-Robbery-suspect-arrested-after-leading-officers-o.txt HTTP/1.1" 200 457 "-" "Mozilla/5.0 (compatible; AhrefsBot/7.0; +http://ahrefs.com/robot/)" "www.metrocrimedaily.com"
51.222.253.16 - - [10/Feb/2023:01:48:51 -0800] "GET /instagram-houston/post-later/02-07-2023-1805405-Court-documents--social-media-shed-new-light-on-w.txt HTTP/1.1" 200 1044 "-" "Mozilla/5.0 (compatible; AhrefsBot/7.0; +http://ahrefs.com/robot/)" "www.metrocrimedaily.com"
51.222.253.6 - - [10/Feb/2023:01:49:26 -0800] "GET /instagram-houston/post-later/02-07-2023-1805406----We-will-not-tolerate-theft-or-endangerment-of-.txt HTTP/1.1" 200 1124 "-" "Mozilla/5.0 (compatible; AhrefsBot/7.0; +http://ahrefs.com/robot/)" "www.metrocrimedaily.com"
51.222.253.17 - - [10/Feb/2023:01:50:01 -0800] "GET /instagram-houston/post-later/02-07-2023-1805407-State-Sen.-Charles-J.-Schwertner-arrested--charge.txt HTTP/1.1" 200 1119 "-" "Mozilla/5.0 (compatible; AhrefsBot/7.0; +http://ahrefs.com/robot/)" "www.metrocrimedaily.com"
51.222.253.11 - - [10/Feb/2023:01:50:37 -0800] "GET /instagram-houston/post-later/02-08-2023-19215412--We-want-Bambi-back----Katy-family-pleads-for-ret.txt HTTP/1.1" 200 891 "-" "Mozilla/5.0 (compatible; AhrefsBot/7.0; +http://ahrefs.com/robot/)" "www.metrocrimedaily.com"
51.222.253.11 - - [10/Feb/2023:01:51:06 -0800] "GET /instagram-houston/post-later/02-08-2023-19215413-Tampa-rapper-arrested-for-young-mother-s-murder-d.txt HTTP/1.1" 200 1144 "-" "Mozilla/5.0 (compatible; AhrefsBot/7.0; +http://ahrefs.com/robot/)" "www.metrocrimedaily.com"
51.222.253.13 - - [10/Feb/2023:01:51:41 -0800] "GET /instagram-houston/post-later/02-08-2023-19215414-Man-pleads-guilty-to-shooting-teenager-while-driv.txt HTTP/1.1" 200 197 "-" "Mozilla/5.0 (compatible; AhrefsBot/7.0; +http://ahrefs.com/robot/)" "www.metrocrimedaily.com"
51.222.253.15 - - [10/Feb/2023:01:52:10 -0800] "GET /instagram-houston/post-later/02-08-2023-19215415-57-year-old-Houston-man-found-guilty-to-fraudulen.txt HTTP/1.1" 200 945 "-" "Mozilla/5.0 (compatible; AhrefsBot/7.0; +http://ahrefs.com/robot/)" "www.metrocrimedaily.com"
157.55.39.85 - - [10/Feb/2023:01:52:25 -0800] "GET /instagram-chicago/12-27-2022-0743102-Boy--17--shot-while-asleep-in-car-in-Wicker-Park-.txt HTTP/1.1" 404 88 "-" "Mozilla/5.0 AppleWebKit/537.36 (KHTML, like Gecko; compatible; bingbot/2.0; +http://www.bing.com/bingbot.htm) Chrome/103.0.5060.134 Safari/537.36" "www.metrocrimedaily.com"
51.222.253.14 - - [10/Feb/2023:01:52:41 -0800] "GET /instagram-houston/post-later/02-08-2023-19215416-Rankin-Road-shut-down-following-deadly-4-vehicle-.txt HTTP/1.1" 200 327 "-" "Mozilla/5.0 (compatible; AhrefsBot/7.0; +http://ahrefs.com/robot/)" "www.metrocrimedaily.com"
51.222.253.11 - - [10/Feb/2023:01:53:16 -0800] "GET /instagram-houston/post-later/02-08-2023-19215417----I-was-begging-for-my-life-and-my-kids-----Mom-.txt HTTP/1.1" 200 1132 "-" "Mozilla/5.0 (compatible; AhrefsBot/7.0; +http://ahrefs.com/robot/)" "www.metrocrimedaily.com"
51.222.253.9 - - [10/Feb/2023:01:53:43 -0800] "GET /instagram-houston/post-later/02-08-2023-19215418-The-Evidence-Room--Episode-10---The-Pom-Pom-Who--.txt HTTP/1.1" 200 1054 "-" "Mozilla/5.0 (compatible; AhrefsBot/7.0; +http://ahrefs.com/robot/)" "www.metrocrimedaily.com"
51.222.253.1 - - [10/Feb/2023:01:54:13 -0800] "GET /instagram-houston/post-later/02-08-2023-19215419-Suspect-wanted-after-man-was-killed-in-hit-and-ru.txt HTTP/1.1" 200 730 "-" "Mozilla/5.0 (compatible; AhrefsBot/7.0; +http://ahrefs.com/robot/)" "www.metrocrimedaily.com"
51.222.253.3 - - [10/Feb/2023:01:54:42 -0800] "GET /instagram-houston/post-later/02-08-2023-2342081-Hotel-clerk-armed-with-handgun-stops-rifle-carryi.txt HTTP/1.1" 200 196 "-" "Mozilla/5.0 (compatible; AhrefsBot/7.0; +http://ahrefs.com/robot/)" "www.metrocrimedaily.com"
51.222.253.19 - - [10/Feb/2023:01:55:21 -0800] "GET /instagram-houston/post-later/02-08-2023-23420810-One-year-later--Still-no-arrests-after-Ashanti-Gr.txt HTTP/1.1" 200 183 "-" "Mozilla/5.0 (compatible; AhrefsBot/7.0; +http://ahrefs.com/robot/)" "www.metrocrimedaily.com"
114.119.156.124 - - [10/Feb/2023:01:55:29 -0800] "GET /instagram-stlouis/02-05-2023-0900172-St.-Louis-man-charged-in-deaths-of-man--toddler-.txt HTTP/1.1" 404 88 "https://metrocrimedaily.com/instagram-stlouis/?C=M%3BO%3DA" "Mozilla/5.0 (Linux; Android 7.0;) AppleWebKit/537.36 (KHTML, like Gecko) Mobile Safari/537.36 (compatible; PetalBot;+https://webmaster.petalsearch.com/site/petalbot)" "metrocrimedaily.com"
51.222.253.1 - - [10/Feb/2023:01:55:55 -0800] "GET /instagram-houston/post-later/02-08-2023-23420811-BRAZEN-ROBBERY--Suspect-injures-elderly-woman-whi.txt HTTP/1.1" 200 721 "-" "Mozilla/5.0 (compatible; AhrefsBot/7.0; +http://ahrefs.com/robot/)" "www.metrocrimedaily.com"
51.222.253.10 - - [10/Feb/2023:01:56:38 -0800] "GET /instagram-houston/post-later/02-08-2023-23420812-HAVE-YOU-SEEN-RACHEL--Search-underway-for-12-year.txt HTTP/1.1" 200 532 "-" "Mozilla/5.0 (compatible; AhrefsBot/7.0; +http://ahrefs.com/robot/)" "www.metrocrimedaily.com"
51.222.253.13 - - [10/Feb/2023:01:57:08 -0800] "GET /instagram-houston/post-later/02-08-2023-23420813-FOUND-SAFE--12-year-old-Rachel-Savell-found-safe-.txt HTTP/1.1" 200 513 "-" "Mozilla/5.0 (compatible; AhrefsBot/7.0; +http://ahrefs.com/robot/)" "www.metrocrimedaily.com"
114.119.133.228 - - [10/Feb/2023:01:57:44 -0800] "GET /CRIME-WATCH-AMERICA/?C=M%3BO%3DA HTTP/1.1" 200 614 "https://metrocrimedaily.com/CRIME-WATCH-AMERICA/" "Mozilla/5.0 (Linux; Android 7.0;) AppleWebKit/537.36 (KHTML, like Gecko) Mobile Safari/537.36 (compatible; PetalBot;+https://webmaster.petalsearch.com/site/petalbot)" "metrocrimedaily.com"
51.222.253.17 - - [10/Feb/2023:01:57:45 -0800] "GET /instagram-houston/post-later/02-08-2023-23420814-Man-who-tries-to-rob-Houston-hotel-with-rifle-get.txt HTTP/1.1" 200 49 "-" "Mozilla/5.0 (compatible; AhrefsBot/7.0; +http://ahrefs.com/robot/)" "www.metrocrimedaily.com"
51.222.253.2 - - [10/Feb/2023:01:58:15 -0800] "GET /instagram-houston/post-later/02-08-2023-2342082-Baytown-woman-finds-out-she-was-near-death-after-.txt HTTP/1.1" 200 992 "-" "Mozilla/5.0 (compatible; AhrefsBot/7.0; +http://ahrefs.com/robot/)" "www.metrocrimedaily.com"
114.119.146.4 - - [10/Feb/2023:01:59:02 -0800] "GET /instagram-stlouis/02-04-2023-1858003-Suspected-Chinese-surveillance-balloon-over-the-U.txt HTTP/1.1" 404 88 "https://metrocrimedaily.com/instagram-stlouis/?C=M%3BO%3DA" "Mozilla/5.0 (Linux; Android 7.0;) AppleWebKit/537.36 (KHTML, like Gecko) Mobile Safari/537.36 (compatible; PetalBot;+https://webmaster.petalsearch.com/site/petalbot)" "metrocrimedaily.com"
51.222.253.10 - - [10/Feb/2023:01:59:04 -0800] "GET /instagram-houston/post-later/02-08-2023-2342083-El-Paso-Walmart-shooting-suspect-pleads-guilty-to.txt HTTP/1.1" 200 49 "-" "Mozilla/5.0 (compatible; AhrefsBot/7.0; +http://ahrefs.com/robot/)" "www.metrocrimedaily.com"
51.222.253.5 - - [10/Feb/2023:01:59:56 -0800] "GET /instagram-houston/post-later/02-08-2023-2342084-Chambers-County-woman-indicted-after-husband-dies.txt HTTP/1.1" 200 1092 "-" "Mozilla/5.0 (compatible; AhrefsBot/7.0; +http://ahrefs.com/robot/)" "www.metrocrimedaily.com"
114.119.134.155 - - [10/Feb/2023:01:59:57 -0800] "GET /instagram-stlouis/01-30-2023-0714142-5-year-old-boy-shot-in-the-head-Sunday-night-in-L.txt HTTP/1.1" 404 88 "https://metrocrimedaily.com/instagram-stlouis/?C=M%3BO%3DA" "Mozilla/5.0 (Linux; Android 7.0;) AppleWebKit/537.36 (KHTML, like Gecko) Mobile Safari/537.36 (compatible; PetalBot;+https://webmaster.petalsearch.com/site/petalbot)" "metrocrimedaily.com"
51.222.253.9 - - [10/Feb/2023:02:00:29 -0800] "GET /instagram-houston/post-later/02-08-2023-2342085-Man-sentenced-to-8-years-in-prison-for-2021-road-.txt HTTP/1.1" 200 642 "-" "Mozilla/5.0 (compatible; AhrefsBot/7.0; +http://ahrefs.com/robot/)" "www.metrocrimedaily.com"
114.119.151.233 - - [10/Feb/2023:02:01:03 -0800] "GET /instagram-memphis/01-23-2023-1444172-Suspect-in-dance-club-shooting-killed-self-after-.txt HTTP/1.1" 404 88 "https://metrocrimedaily.com/instagram-memphis/?C=S%3BO%3DA" "Mozilla/5.0 (Linux; Android 7.0;) AppleWebKit/537.36 (KHTML, like Gecko) Mobile Safari/537.36 (compatible; PetalBot;+https://webmaster.petalsearch.com/site/petalbot)" "metrocrimedaily.com"
51.222.253.7 - - [10/Feb/2023:02:01:07 -0800] "GET /instagram-houston/post-later/02-08-2023-2342086-Pearland-woman-fears-for-fianc%C3%A2%C2%94%C2%9C%C3%A2%C2%8C%C2%90-s-health--claims.txt HTTP/1.1" 200 1081 "-" "Mozilla/5.0 (compatible; AhrefsBot/7.0; +http://ahrefs.com/robot/)" "www.metrocrimedaily.com"
51.222.253.20 - - [10/Feb/2023:02:01:39 -0800] "GET /instagram-houston/post-later/02-08-2023-2342087-Authorities--Friends-of-man-killed-in-ATV-crash-c.txt HTTP/1.1" 200 815 "-" "Mozilla/5.0 (compatible; AhrefsBot/7.0; +http://ahrefs.com/robot/)" "www.metrocrimedaily.com"
51.222.253.6 - - [10/Feb/2023:02:02:25 -0800] "GET /instagram-houston/post-later/02-08-2023-2342088-Inmates-inside-Harris-Co.-Jail-running-the-show--.txt HTTP/1.1" 200 989 "-" "Mozilla/5.0 (compatible; AhrefsBot/7.0; +http://ahrefs.com/robot/)" "www.metrocrimedaily.com"
114.119.139.167 - - [10/Feb/2023:02:02:38 -0800] "GET /instagram-dallas/post-later/?C=N%3BO%3DD HTTP/1.1" 200 1198 "https://metrocrimedaily.com/instagram-dallas/post-later/?C=M%3BO%3DA" "Mozilla/5.0 (Linux; Android 7.0;) AppleWebKit/537.36 (KHTML, like Gecko) Mobile Safari/537.36 (compatible; PetalBot;+https://webmaster.petalsearch.com/site/petalbot)" "metrocrimedaily.com"
51.222.253.16 - - [10/Feb/2023:02:03:13 -0800] "GET /instagram-houston/post-later/02-08-2023-2342089-WATCH--Man-tried-to-rob-hotel-clerk-at-gunpoint--.txt HTTP/1.1" 200 740 "-" "Mozilla/5.0 (compatible; AhrefsBot/7.0; +http://ahrefs.com/robot/)" "www.metrocrimedaily.com"
51.222.253.6 - - [10/Feb/2023:02:03:50 -0800] "GET /instagram-houston/post-later/02-09-2023-0037431-FOUND-SAFE--12-year-old-Rachel-Savell-found-safe-.txt HTTP/1.1" 200 513 "-" "Mozilla/5.0 (compatible; AhrefsBot/7.0; +http://ahrefs.com/robot/)" "www.metrocrimedaily.com"
114.119.144.99 - - [10/Feb/2023:02:04:05 -0800] "GET /CRIME-WATCH-AMERICA/CRIME-WATCH-HOUSTON/?C=N%3BO%3DD HTTP/1.1" 200 1194 "https://metrocrimedaily.com/CRIME-WATCH-AMERICA/CRIME-WATCH-HOUSTON/" "Mozilla/5.0 (Linux; Android 7.0;) AppleWebKit/537.36 (KHTML, like Gecko) Mobile Safari/537.36 (compatible; PetalBot;+https://webmaster.petalsearch.com/site/petalbot)" "metrocrimedaily.com"
51.222.253.12 - - [10/Feb/2023:02:04:23 -0800] "GET /instagram-houston/post-later/02-09-2023-0037432-Search-continues-into-night-for-missing-12-year-o.txt HTTP/1.1" 200 643 "-" "Mozilla/5.0 (compatible; AhrefsBot/7.0; +http://ahrefs.com/robot/)" "www.metrocrimedaily.com"
114.119.130.218 - - [10/Feb/2023:02:04:58 -0800] "GET /instagram-stlouis/01-31-2023-1939341-Omaha-police-fatally-shoot-armed-man;-new-classif.txt HTTP/1.1" 404 88 "https://metrocrimedaily.com/instagram-stlouis/?C=M%3BO%3DA" "Mozilla/5.0 (Linux; Android 7.0;) AppleWebKit/537.36 (KHTML, like Gecko) Mobile Safari/537.36 (compatible; PetalBot;+https://webmaster.petalsearch.com/site/petalbot)" "metrocrimedaily.com"
51.222.253.7 - - [10/Feb/2023:02:05:01 -0800] "GET /instagram-houston/post-later/02-09-2023-0037433-Reporter-arrested-during-news-event-on-Ohio-train.txt HTTP/1.1" 200 1122 "-" "Mozilla/5.0 (compatible; AhrefsBot/7.0; +http://ahrefs.com/robot/)" "www.metrocrimedaily.com"
51.222.253.7 - - [10/Feb/2023:02:05:47 -0800] "GET /instagram-houston/post-later/02-09-2023-0250471-Smithfield-homicide-victim-remembered-as-kind-hea.txt HTTP/1.1" 200 1155 "-" "Mozilla/5.0 (compatible; AhrefsBot/7.0; +http://ahrefs.com/robot/)" "www.metrocrimedaily.com"
51.222.253.5 - - [10/Feb/2023:02:06:20 -0800] "GET /instagram-houston/post-later/02-09-2023-0335051-Newport-News-police-identify-24-year-old-man-kill.txt HTTP/1.1" 200 583 "-" "Mozilla/5.0 (compatible; AhrefsBot/7.0; +http://ahrefs.com/robot/)" "www.metrocrimedaily.com"
51.222.253.16 - - [10/Feb/2023:02:07:02 -0800] "GET /instagram-houston/post-later/02-09-2023-0418571-Parole-Board-votes-to-release-two-men-in-1994-New.txt HTTP/1.1" 200 1108 "-" "Mozilla/5.0 (compatible; AhrefsBot/7.0; +http://ahrefs.com/robot/)" "www.metrocrimedaily.com"
114.119.146.55 - - [10/Feb/2023:02:07:19 -0800] "GET /instagram-stlouis/01-30-2023-1545431-Massive-boulder-smashes-through-Hawaii-home--bare.txt HTTP/1.1" 404 88 "https://metrocrimedaily.com/instagram-stlouis/?C=M%3BO%3DA" "Mozilla/5.0 (Linux; Android 7.0;) AppleWebKit/537.36 (KHTML, like Gecko) Mobile Safari/537.36 (compatible; PetalBot;+https://webmaster.petalsearch.com/site/petalbot)" "metrocrimedaily.com"
51.222.253.4 - - [10/Feb/2023:02:07:52 -0800] "GET /instagram-houston/post-later/02-09-2023-0546301---%C3%82%C2%A3Terrifying--%C3%82%C2%A5-appeals-court-ruling-says-allege.txt HTTP/1.1" 200 1158 "-" "Mozilla/5.0 (compatible; AhrefsBot/7.0; +http://ahrefs.com/robot/)" "www.metrocrimedaily.com"
114.119.132.135 - - [10/Feb/2023:02:08:18 -0800] "GET /instagram-miami/02-05-2023-1358492-Former-Dolphins-top-pick-Vontae-Davis-arrested-fo.txt HTTP/1.1" 404 88 "https://metrocrimedaily.com/instagram-miami/?C=D%3BO%3DA" "Mozilla/5.0 (Linux; Android 7.0;) AppleWebKit/537.36 (KHTML, like Gecko) Mobile Safari/537.36 (compatible; PetalBot;+https://webmaster.petalsearch.com/site/petalbot)" "metrocrimedaily.com"
51.222.253.5 - - [10/Feb/2023:02:08:48 -0800] "GET /instagram-houston/post-later/02-09-2023-0632501-2-men-broke-into-house--assaulted-woman-in-front-.txt HTTP/1.1" 200 49 "-" "Mozilla/5.0 (compatible; AhrefsBot/7.0; +http://ahrefs.com/robot/)" "www.metrocrimedaily.com"
114.119.156.132 - - [10/Feb/2023:02:09:24 -0800] "GET /instagram-dallas/02-04-2023-2331171-Former-CIA-Agent-Discusses-Significance-of-Chines.txt HTTP/1.1" 404 88 "https://metrocrimedaily.com/instagram-dallas/" "Mozilla/5.0 (Linux; Android 7.0;) AppleWebKit/537.36 (KHTML, like Gecko) Mobile Safari/537.36 (compatible; PetalBot;+https://webmaster.petalsearch.com/site/petalbot)" "metrocrimedaily.com"
51.222.253.13 - - [10/Feb/2023:02:09:35 -0800] "GET /instagram-houston/post-later/02-09-2023-0847511-Live--Alex-Murdaugh-murder-trial-livestream---Feb.txt HTTP/1.1" 200 199 "-" "Mozilla/5.0 (compatible; AhrefsBot/7.0; +http://ahrefs.com/robot/)" "www.metrocrimedaily.com"
51.222.253.12 - - [10/Feb/2023:02:10:18 -0800] "GET /instagram-houston/post-later/02-09-2023-0937571-Live--Alex-Murdaugh-murder-trial-livestream---Feb.txt HTTP/1.1" 200 199 "-" "Mozilla/5.0 (compatible; AhrefsBot/7.0; +http://ahrefs.com/robot/)" "www.metrocrimedaily.com"
51.222.253.3 - - [10/Feb/2023:02:10:47 -0800] "GET /instagram-houston/post-later/02-09-2023-0937572-Woman-hurt--two-cats-killed-in-Huntley-house-fire.txt HTTP/1.1" 200 497 "-" "Mozilla/5.0 (compatible; AhrefsBot/7.0; +http://ahrefs.com/robot/)" "www.metrocrimedaily.com"
114.119.142.179 - - [10/Feb/2023:02:11:06 -0800] "GET /instagram-atlanta/post-later/02-02-2023-1519474-Police--68-year-old-Atlanta-man-with-dementia-mis.txt HTTP/1.1" 404 88 "https://metrocrimedaily.com/instagram-atlanta/post-later/?C=M%3BO%3DA" "Mozilla/5.0 (Linux; Android 7.0;) AppleWebKit/537.36 (KHTML, like Gecko) Mobile Safari/537.36 (compatible; PetalBot;+https://webmaster.petalsearch.com/site/petalbot)" "metrocrimedaily.com"
51.222.253.19 - - [10/Feb/2023:02:11:22 -0800] "GET /instagram-houston/post-later/02-09-2023-1028531-Search-for-missing-57-year-old-Harris-County-woma.txt HTTP/1.1" 200 183 "-" "Mozilla/5.0 (compatible; AhrefsBot/7.0; +http://ahrefs.com/robot/)" "www.metrocrimedaily.com"
51.222.253.12 - - [10/Feb/2023:02:11:52 -0800] "GET /instagram-houston/post-later/02-09-2023-1028532-Grandmother-charged-with-murder-in-beating-death-.txt HTTP/1.1" 200 494 "-" "Mozilla/5.0 (compatible; AhrefsBot/7.0; +http://ahrefs.com/robot/)" "www.metrocrimedaily.com"
114.119.135.166 - - [10/Feb/2023:02:12:00 -0800] "GET /CRIME-WATCH-AMERICA/CRIME-WATCH-DETROIT/support/ HTTP/1.1" 200 817 "https://metrocrimedaily.com/CRIME-WATCH-AMERICA/CRIME-WATCH-DETROIT/" "Mozilla/5.0 (Linux; Android 7.0;) AppleWebKit/537.36 (KHTML, like Gecko) Mobile Safari/537.36 (compatible; PetalBot;+https://webmaster.petalsearch.com/site/petalbot)" "metrocrimedaily.com"
51.222.253.9 - - [10/Feb/2023:02:12:29 -0800] "GET /instagram-houston/post-later/?C=D;O=A HTTP/1.1" 200 3786 "-" "Mozilla/5.0 (compatible; AhrefsBot/7.0; +http://ahrefs.com/robot/)" "www.metrocrimedaily.com"
51.222.253.12 - - [10/Feb/2023:02:12:57 -0800] "GET /instagram-houston/post-later/?C=M;O=A HTTP/1.1" 200 3778 "-" "Mozilla/5.0 (compatible; AhrefsBot/7.0; +http://ahrefs.com/robot/)" "www.metrocrimedaily.com"
51.222.253.13 - - [10/Feb/2023:02:13:43 -0800] "GET /instagram-houston/post-later/?C=N;O=D HTTP/1.1" 200 3811 "-" "Mozilla/5.0 (compatible; AhrefsBot/7.0; +http://ahrefs.com/robot/)" "www.metrocrimedaily.com"
114.119.134.75 - - [10/Feb/2023:02:14:04 -0800] "GET /CRIME-WATCH-AMERICA/CRIME-WATCH-CHICAGO/gov-svc-detroit.html HTTP/1.1" 404 88 "https://metrocrimedaily.com/CRIME-WATCH-AMERICA/CRIME-WATCH-CHICAGO/mcd-prolog.html" "Mozilla/5.0 (Linux; Android 7.0;) AppleWebKit/537.36 (KHTML, like Gecko) Mobile Safari/537.36 (compatible; PetalBot;+https://webmaster.petalsearch.com/site/petalbot)" "metrocrimedaily.com"
51.222.253.8 - - [10/Feb/2023:02:14:33 -0800] "GET /instagram-houston/post-later/?C=S;O=A HTTP/1.1" 200 3878 "-" "Mozilla/5.0 (compatible; AhrefsBot/7.0; +http://ahrefs.com/robot/)" "www.metrocrimedaily.com"
51.222.253.6 - - [10/Feb/2023:02:15:01 -0800] "GET /robots.txt HTTP/1.1" 404 88 "-" "Mozilla/5.0 (compatible; AhrefsBot/7.0; +http://ahrefs.com/robot/)" "metrocrimedaily.com"
51.222.253.4 - - [10/Feb/2023:02:15:02 -0800] "GET /CRIME-WATCH-AMERICA/GOOD_BARBER_APP-MAKER/INSTALL-CRIME-WATCH-HOUSTON/CRIME-WATCH-HOUSTON/unix/bin/?C=N;O=D HTTP/1.1" 200 2173 "-" "Mozilla/5.0 (compatible; AhrefsBot/7.0; +http://ahrefs.com/robot/)" "metrocrimedaily.com"
51.222.253.6 - - [10/Feb/2023:02:15:43 -0800] "GET /instagram-houston/post-later/01-26-2023-1626316-Farmworker-tells-TV-station-he-killed-7-on-Califo.txt HTTP/1.1" 404 88 "-" "Mozilla/5.0 (compatible; AhrefsBot/7.0; +http://ahrefs.com/robot/)" "metrocrimedaily.com"
51.222.253.11 - - [10/Feb/2023:02:16:12 -0800] "GET /instagram-houston/post-later/01-26-2023-1626317-Physical-therapist-in-The-Woodlands-area-arrested.txt HTTP/1.1" 404 88 "-" "Mozilla/5.0 (compatible; AhrefsBot/7.0; +http://ahrefs.com/robot/)" "metrocrimedaily.com"
114.119.167.18 - - [10/Feb/2023:02:16:37 -0800] "GET /instagram-miami/02-01-2023-1628273-Ex-Panthers-Coach-Brunette-Arrested-on-DUI-Charge.txt HTTP/1.1" 404 88 "https://metrocrimedaily.com/instagram-miami/?C=D%3BO%3DA" "Mozilla/5.0 (Linux; Android 7.0;) AppleWebKit/537.36 (KHTML, like Gecko) Mobile Safari/537.36 (compatible; PetalBot;+https://webmaster.petalsearch.com/site/petalbot)" "metrocrimedaily.com"
51.222.253.14 - - [10/Feb/2023:02:16:52 -0800] "GET /instagram-houston/post-later/01-26-2023-19085613-Man-shot--killed-in-north-Houston--police-say-.txt HTTP/1.1" 404 88 "-" "Mozilla/5.0 (compatible; AhrefsBot/7.0; +http://ahrefs.com/robot/)" "metrocrimedaily.com"
51.222.253.9 - - [10/Feb/2023:02:17:21 -0800] "GET /instagram-houston/post-later/01-26-2023-1908568-Ballroom-shooting-victims-planned-for-night-of-fu.txt HTTP/1.1" 404 88 "-" "Mozilla/5.0 (compatible; AhrefsBot/7.0; +http://ahrefs.com/robot/)" "metrocrimedaily.com"
