114.119.146.7 - - [08/Feb/2023:23:10:06 -0800] "GET /instagram-memphis/02-05-2023-1028101-Former-NFL-cornerback-Vontae-Davis-arrested-on-su.txt HTTP/1.1" 404 88 "https://metrocrimedaily.com/instagram-memphis/?C=M%3BO%3DA" "Mozilla/5.0 (Linux; Android 7.0;) AppleWebKit/537.36 (KHTML, like Gecko) Mobile Safari/537.36 (compatible; PetalBot;+https://webmaster.petalsearch.com/site/petalbot)" "metrocrimedaily.com"
69.63.184.118 - - [08/Feb/2023:23:10:31 -0800] "GET /instagram-atlanta/02-09-2023-0110091-A.jpg HTTP/1.1" 200 120922 "-" "facebookexternalhit/1.1 (+http://www.facebook.com/externalhit_uatext.php)" "www.metrocrimedaily.com"
51.222.253.13 - - [08/Feb/2023:23:11:01 -0800] "GET /instagram-stlouis/02-05-2023-1738061-DOJ-to-investigate-Memphis-Police-Department-afte.txt HTTP/1.1" 404 88 "-" "Mozilla/5.0 (compatible; AhrefsBot/7.0; +http://ahrefs.com/robot/)" "metrocrimedaily.com"
114.119.152.245 - - [08/Feb/2023:23:11:26 -0800] "GET /instagram-chicago/02-06-2023-0418302-Body-camera-video-shows-what-led-up-to-officer-in.txt HTTP/1.1" 404 88 "https://metrocrimedaily.com/instagram-chicago/" "Mozilla/5.0 (Linux; Android 7.0;) AppleWebKit/537.36 (KHTML, like Gecko) Mobile Safari/537.36 (compatible; PetalBot;+https://webmaster.petalsearch.com/site/petalbot)" "metrocrimedaily.com"
51.222.253.8 - - [08/Feb/2023:23:12:10 -0800] "GET /instagram-stlouis/02-05-2023-2147161-Juvenile-shot--killed-just-north-of-downtown-St.-.txt HTTP/1.1" 404 88 "-" "Mozilla/5.0 (compatible; AhrefsBot/7.0; +http://ahrefs.com/robot/)" "metrocrimedaily.com"
114.119.147.229 - - [08/Feb/2023:23:12:44 -0800] "GET /instagram-atlanta/post-later/01-27-2023-2056372-14-year-old-Ga.-boy-left-paralyzed-after-robbery-.txt HTTP/1.1" 404 88 "https://metrocrimedaily.com/instagram-atlanta/post-later/" "Mozilla/5.0 (Linux; Android 7.0;) AppleWebKit/537.36 (KHTML, like Gecko) Mobile Safari/537.36 (compatible; PetalBot;+https://webmaster.petalsearch.com/site/petalbot)" "metrocrimedaily.com"
51.222.253.14 - - [08/Feb/2023:23:13:18 -0800] "GET /instagram-stlouis/02-05-2023-2147162-Juvenile-victim-fatally-shot-in-the-face-Sunday-n.txt HTTP/1.1" 404 88 "-" "Mozilla/5.0 (compatible; AhrefsBot/7.0; +http://ahrefs.com/robot/)" "metrocrimedaily.com"
51.222.253.20 - - [08/Feb/2023:23:14:33 -0800] "GET /instagram-stlouis/02-05-2023-2256331-St.-Louis-homicide-detectives-investigating-shoot.txt HTTP/1.1" 404 88 "-" "Mozilla/5.0 (compatible; AhrefsBot/7.0; +http://ahrefs.com/robot/)" "metrocrimedaily.com"
114.119.136.138 - - [08/Feb/2023:23:14:47 -0800] "GET /metrocrime-chicago.html HTTP/1.1" 200 1276 "http://metrocrimedaily.com/" "Mozilla/5.0 (Linux; Android 7.0;) AppleWebKit/537.36 (KHTML, like Gecko) Mobile Safari/537.36 (compatible; PetalBot;+https://webmaster.petalsearch.com/site/petalbot)" "metrocrimedaily.com"
51.222.253.6 - - [08/Feb/2023:23:15:38 -0800] "GET /instagram-stlouis/02-06-2023-0149031-Missing-Missouri-teen-Mikayla-Jones-found-dead--d.txt HTTP/1.1" 404 88 "-" "Mozilla/5.0 (compatible; AhrefsBot/7.0; +http://ahrefs.com/robot/)" "metrocrimedaily.com"
114.119.146.88 - - [08/Feb/2023:23:16:17 -0800] "GET /instagram-houston/02-07-2023-0934146-UH-Hobby-School-survey-explores-Texans--opinions-.txt HTTP/1.1" 404 88 "https://metrocrimedaily.com/instagram-houston/?C=M%3BO%3DA" "Mozilla/5.0 (Linux; Android 7.0;) AppleWebKit/537.36 (KHTML, like Gecko) Mobile Safari/537.36 (compatible; PetalBot;+https://webmaster.petalsearch.com/site/petalbot)" "metrocrimedaily.com"
69.63.184.5 - - [08/Feb/2023:23:16:28 -0800] "GET /instagram-losangeles/02-09-2023-0116071-A.jpg HTTP/1.1" 200 171470 "-" "facebookexternalhit/1.1 (+http://www.facebook.com/externalhit_uatext.php)" "www.metrocrimedaily.com"
51.222.253.13 - - [08/Feb/2023:23:16:41 -0800] "GET /instagram-stlouis/02-06-2023-0454051-3-Lincoln-County-high-schoolers-killed-in-crash-S.txt HTTP/1.1" 404 88 "-" "Mozilla/5.0 (compatible; AhrefsBot/7.0; +http://ahrefs.com/robot/)" "metrocrimedaily.com"
114.119.157.210 - - [08/Feb/2023:23:17:27 -0800] "GET /index-tim.html HTTP/1.1" 200 14909 "http://metrocrimedaily.com/" "Mozilla/5.0 (Linux; Android 7.0;) AppleWebKit/537.36 (KHTML, like Gecko) Mobile Safari/537.36 (compatible; PetalBot;+https://webmaster.petalsearch.com/site/petalbot)" "metrocrimedaily.com"
51.222.253.11 - - [08/Feb/2023:23:17:40 -0800] "GET /instagram-stlouis/02-06-2023-0454052-Juvenile-victim-fatally-shot-in-the-face-Sunday-n.txt HTTP/1.1" 404 88 "-" "Mozilla/5.0 (compatible; AhrefsBot/7.0; +http://ahrefs.com/robot/)" "metrocrimedaily.com"
114.119.156.77 - - [08/Feb/2023:23:18:36 -0800] "GET /instagram-newyork/01-25-2023-0736042-Man--25--fatally-shot-in-head-during-clash-in-Bro.txt HTTP/1.1" 404 88 "https://metrocrimedaily.com/instagram-newyork/?C=D%3BO%3DA" "Mozilla/5.0 (Linux; Android 7.0;) AppleWebKit/537.36 (KHTML, like Gecko) Mobile Safari/537.36 (compatible; PetalBot;+https://webmaster.petalsearch.com/site/petalbot)" "metrocrimedaily.com"
51.222.253.4 - - [08/Feb/2023:23:18:43 -0800] "GET /instagram-stlouis/02-06-2023-0734511-Growing-memorial-honors-Lincoln-County-teens-kill.txt HTTP/1.1" 404 88 "-" "Mozilla/5.0 (compatible; AhrefsBot/7.0; +http://ahrefs.com/robot/)" "metrocrimedaily.com"
114.119.141.152 - - [08/Feb/2023:23:19:50 -0800] "GET /detroit-temp-urls.txt HTTP/1.1" 200 32332 "http://metrocrimedaily.com/" "Mozilla/5.0 (Linux; Android 7.0;) AppleWebKit/537.36 (KHTML, like Gecko) Mobile Safari/537.36 (compatible; PetalBot;+https://webmaster.petalsearch.com/site/petalbot)" "metrocrimedaily.com"
51.222.253.5 - - [08/Feb/2023:23:22:15 -0800] "GET /instagram-stlouis/02-06-2023-0734512-Young-boy-dies-after-being-shot-in-the-face-in-no.txt HTTP/1.1" 404 88 "-" "Mozilla/5.0 (compatible; AhrefsBot/7.0; +http://ahrefs.com/robot/)" "metrocrimedaily.com"
114.119.158.125 - - [08/Feb/2023:23:22:49 -0800] "GET /instagram-dallas/02-06-2023-0744063-David-Pleasant-shooting-death--2-teens-arrested-i.txt HTTP/1.1" 404 88 "https://metrocrimedaily.com/instagram-dallas/" "Mozilla/5.0 (Linux; Android 7.0;) AppleWebKit/537.36 (KHTML, like Gecko) Mobile Safari/537.36 (compatible; PetalBot;+https://webmaster.petalsearch.com/site/petalbot)" "metrocrimedaily.com"
157.55.39.85 - - [08/Feb/2023:23:24:55 -0800] "GET /CRIME-WATCH-ATLANTA/unix/ HTTP/1.1" 404 88 "-" "Mozilla/5.0 AppleWebKit/537.36 (KHTML, like Gecko; compatible; bingbot/2.0; +http://www.bing.com/bingbot.htm) Chrome/103.0.5060.134 Safari/537.36" "metrocrimedaily.com"
51.222.253.5 - - [08/Feb/2023:23:26:01 -0800] "GET /instagram-stlouis/02-06-2023-0926382-Live--Alex-Murdaugh-murder-trial-livestream---Feb.txt HTTP/1.1" 404 88 "-" "Mozilla/5.0 (compatible; AhrefsBot/7.0; +http://ahrefs.com/robot/)" "metrocrimedaily.com"
40.77.167.184 - - [08/Feb/2023:23:27:19 -0800] "GET /robots.txt HTTP/1.1" 404 88 "-" "Mozilla/5.0 AppleWebKit/537.36 (KHTML, like Gecko; compatible; bingbot/2.0; +http://www.bing.com/bingbot.htm) Chrome/103.0.5060.134 Safari/537.36" "www.metrocrimedaily.com"
40.77.167.184 - - [08/Feb/2023:23:27:19 -0800] "GET /robots.txt HTTP/1.1" 404 88 "-" "Mozilla/5.0 AppleWebKit/537.36 (KHTML, like Gecko; compatible; bingbot/2.0; +http://www.bing.com/bingbot.htm) Chrome/103.0.5060.134 Safari/537.36" "www.metrocrimedaily.com"
40.77.167.212 - - [08/Feb/2023:23:27:24 -0800] "GET / HTTP/1.1" 200 1665 "-" "Mozilla/5.0 AppleWebKit/537.36 (KHTML, like Gecko; compatible; bingbot/2.0; +http://www.bing.com/bingbot.htm) Chrome/103.0.5060.134 Safari/537.36" "www.metrocrimedaily.com"
40.77.167.212 - - [08/Feb/2023:23:28:14 -0800] "GET /index-miami.html HTTP/1.1" 200 34762 "-" "Mozilla/5.0 AppleWebKit/537.36 (KHTML, like Gecko; compatible; bingbot/2.0; +http://www.bing.com/bingbot.htm) Chrome/103.0.5060.134 Safari/537.36" "metrocrimedaily.com"
114.119.158.137 - - [08/Feb/2023:23:28:22 -0800] "GET /instagram-houston/02-07-2023-1805403-US-man-convicted-of-aiding-Islamic-State-as-snipe.txt HTTP/1.1" 404 88 "https://metrocrimedaily.com/instagram-houston/?C=M%3BO%3DA" "Mozilla/5.0 (Linux; Android 7.0;) AppleWebKit/537.36 (KHTML, like Gecko) Mobile Safari/537.36 (compatible; PetalBot;+https://webmaster.petalsearch.com/site/petalbot)" "metrocrimedaily.com"
114.119.148.56 - - [08/Feb/2023:23:29:00 -0800] "GET /CRIME-WATCH-AMERICA/CRIME-WATCH-STLOUIS/?C=N%3BO%3DD HTTP/1.1" 200 974 "https://metrocrimedaily.com/CRIME-WATCH-AMERICA/CRIME-WATCH-STLOUIS/" "Mozilla/5.0 (Linux; Android 7.0;) AppleWebKit/537.36 (KHTML, like Gecko) Mobile Safari/537.36 (compatible; PetalBot;+https://webmaster.petalsearch.com/site/petalbot)" "metrocrimedaily.com"
51.222.253.5 - - [08/Feb/2023:23:29:53 -0800] "GET /instagram-stlouis/02-06-2023-1118302-Yes--there-is-a-spike-in-traffic-deaths-following.txt HTTP/1.1" 404 88 "-" "Mozilla/5.0 (compatible; AhrefsBot/7.0; +http://ahrefs.com/robot/)" "metrocrimedaily.com"
51.222.253.17 - - [08/Feb/2023:23:33:46 -0800] "GET /instagram-stlouis/02-06-2023-1118303-Update--Powerful-quake-rocks-Turkey-and-Syria--ki.txt HTTP/1.1" 404 88 "-" "Mozilla/5.0 (compatible; AhrefsBot/7.0; +http://ahrefs.com/robot/)" "metrocrimedaily.com"
51.222.253.12 - - [08/Feb/2023:23:37:26 -0800] "GET /instagram-stlouis/02-06-2023-1118304-Powerful-quake-rocks-Turkey-and-Syria--kills-more.txt HTTP/1.1" 404 88 "-" "Mozilla/5.0 (compatible; AhrefsBot/7.0; +http://ahrefs.com/robot/)" "metrocrimedaily.com"
172.58.122.141 - - [08/Feb/2023:23:40:38 -0800] "GET /styles-mcd.css HTTP/1.1" 200 1159 "-" "Mozilla/5.0 (Linux; Android 12; SM-A136U) AppleWebKit/537.36 (KHTML, like Gecko) Chrome/108.0.0.0 Mobile Safari/537.36" "www.metrocrimedaily.com"
172.58.122.141 - - [08/Feb/2023:23:40:38 -0800] "GET / HTTP/1.1" 200 1665 "http://www.google.com/" "Mozilla/5.0 (Linux; Android 12; SM-A136U) AppleWebKit/537.36 (KHTML, like Gecko) Chrome/108.0.0.0 Mobile Safari/537.36" "www.metrocrimedaily.com"
172.58.122.141 - - [08/Feb/2023:23:40:38 -0800] "GET /favicon.ico HTTP/1.1" 404 88 "http://www.metrocrimedaily.com/" "Mozilla/5.0 (Linux; Android 12; SM-A136U) AppleWebKit/537.36 (KHTML, like Gecko) Chrome/108.0.0.0 Mobile Safari/537.36" "www.metrocrimedaily.com"
114.119.129.244 - - [08/Feb/2023:23:40:55 -0800] "GET /instagram-stlouis/02-05-2023-1738062-Three-teens-killed-in-Lincoln-County-crash-.txt HTTP/1.1" 404 88 "https://metrocrimedaily.com/instagram-stlouis/?C=M%3BO%3DA" "Mozilla/5.0 (Linux; Android 7.0;) AppleWebKit/537.36 (KHTML, like Gecko) Mobile Safari/537.36 (compatible; PetalBot;+https://webmaster.petalsearch.com/site/petalbot)" "metrocrimedaily.com"
51.222.253.5 - - [08/Feb/2023:23:41:13 -0800] "GET /instagram-stlouis/02-06-2023-1350191-Boy--17--dies-after-being-shot-in-face-in-St.-Lou.txt HTTP/1.1" 404 88 "-" "Mozilla/5.0 (compatible; AhrefsBot/7.0; +http://ahrefs.com/robot/)" "metrocrimedaily.com"
114.119.131.211 - - [08/Feb/2023:23:42:10 -0800] "GET /instagram-stlouis/01-24-2023-2338381-Woman-called-911-after-letting-killer-borrow-phon.txt HTTP/1.1" 404 88 "https://metrocrimedaily.com/instagram-stlouis/?C=M%3BO%3DA" "Mozilla/5.0 (Linux; Android 7.0;) AppleWebKit/537.36 (KHTML, like Gecko) Mobile Safari/537.36 (compatible; PetalBot;+https://webmaster.petalsearch.com/site/petalbot)" "metrocrimedaily.com"
114.119.135.132 - - [08/Feb/2023:23:43:25 -0800] "GET /instagram-neworleans/02-05-2023-2336331-Man-shot--carjacked-last-summer-hopes-DA---s-appe.txt HTTP/1.1" 404 88 "https://metrocrimedaily.com/instagram-neworleans/?C=N%3BO%3DD" "Mozilla/5.0 (Linux; Android 7.0;) AppleWebKit/537.36 (KHTML, like Gecko) Mobile Safari/537.36 (compatible; PetalBot;+https://webmaster.petalsearch.com/site/petalbot)" "metrocrimedaily.com"
114.119.159.128 - - [08/Feb/2023:23:44:45 -0800] "GET /instagram-houston/01-25-2023-1600193-2023-tax-season-guide--Deadlines--tips-and-resour.txt HTTP/1.1" 404 88 "https://metrocrimedaily.com/instagram-houston/" "Mozilla/5.0 (Linux; Android 7.0;) AppleWebKit/537.36 (KHTML, like Gecko) Mobile Safari/537.36 (compatible; PetalBot;+https://webmaster.petalsearch.com/site/petalbot)" "metrocrimedaily.com"
51.222.253.1 - - [08/Feb/2023:23:45:00 -0800] "GET /instagram-stlouis/02-06-2023-1350192-2-injured-early-Monday-in-north-St.-Louis-shootin.txt HTTP/1.1" 404 88 "-" "Mozilla/5.0 (compatible; AhrefsBot/7.0; +http://ahrefs.com/robot/)" "metrocrimedaily.com"
51.222.253.2 - - [08/Feb/2023:23:49:06 -0800] "GET /instagram-stlouis/02-06-2023-1509231-Zacatecas-on-alert-after-mass-killings-reported-o.txt HTTP/1.1" 404 88 "-" "Mozilla/5.0 (compatible; AhrefsBot/7.0; +http://ahrefs.com/robot/)" "metrocrimedaily.com"
51.222.253.13 - - [08/Feb/2023:23:53:11 -0800] "GET /instagram-stlouis/02-06-2023-1509232-Former-Flordell-Hills-city-clerk-admits-stealing-.txt HTTP/1.1" 404 88 "-" "Mozilla/5.0 (compatible; AhrefsBot/7.0; +http://ahrefs.com/robot/)" "metrocrimedaily.com"
114.119.132.116 - - [08/Feb/2023:23:56:53 -0800] "GET /instagram-newyork/01-23-2023-1631342-New-arrest-in-Manhattan-hotel-turned-shelter-glas.txt HTTP/1.1" 404 88 "https://metrocrimedaily.com/instagram-newyork/?C=D%3BO%3DA" "Mozilla/5.0 (Linux; Android 7.0;) AppleWebKit/537.36 (KHTML, like Gecko) Mobile Safari/537.36 (compatible; PetalBot;+https://webmaster.petalsearch.com/site/petalbot)" "metrocrimedaily.com"
51.222.253.18 - - [08/Feb/2023:23:57:09 -0800] "GET /instagram-stlouis/02-06-2023-1625241-Family-video-of-3-year-old-girl-killed-in-south-S.txt HTTP/1.1" 404 88 "-" "Mozilla/5.0 (compatible; AhrefsBot/7.0; +http://ahrefs.com/robot/)" "metrocrimedaily.com"
114.119.147.239 - - [08/Feb/2023:23:57:56 -0800] "GET /instagram-dallas/01-24-2023-2124273--Bring-Nancy-Pelosi-Out---Judge-Convicts-Capitol-.txt HTTP/1.1" 404 88 "https://metrocrimedaily.com/instagram-dallas/?C=D%3BO%3DA" "Mozilla/5.0 (Linux; Android 7.0;) AppleWebKit/537.36 (KHTML, like Gecko) Mobile Safari/537.36 (compatible; PetalBot;+https://webmaster.petalsearch.com/site/petalbot)" "metrocrimedaily.com"
51.222.253.13 - - [09/Feb/2023:00:01:13 -0800] "GET /instagram-stlouis/02-06-2023-1625242-Family-mourns-3-year-old-girl--father-killed-by-d.txt HTTP/1.1" 404 88 "-" "Mozilla/5.0 (compatible; AhrefsBot/7.0; +http://ahrefs.com/robot/)" "metrocrimedaily.com"
51.222.253.9 - - [09/Feb/2023:00:05:03 -0800] "GET /instagram-stlouis/02-06-2023-1625243-Syria-earthquake-kills-more-than-2-100-across-Nor.txt HTTP/1.1" 404 88 "-" "Mozilla/5.0 (compatible; AhrefsBot/7.0; +http://ahrefs.com/robot/)" "metrocrimedaily.com"
40.77.167.212 - - [09/Feb/2023:00:06:18 -0800] "GET /index-miami.html HTTP/1.1" 200 34762 "-" "Mozilla/5.0 AppleWebKit/537.36 (KHTML, like Gecko; compatible; bingbot/2.0; +http://www.bing.com/bingbot.htm) Chrome/103.0.5060.134 Safari/537.36" "metrocrimedaily.com"
51.222.253.5 - - [09/Feb/2023:00:09:12 -0800] "GET /instagram-stlouis/02-06-2023-1802421-Salman-Rushdie-says-he---s----lucky----in-first-i.txt HTTP/1.1" 404 88 "-" "Mozilla/5.0 (compatible; AhrefsBot/7.0; +http://ahrefs.com/robot/)" "metrocrimedaily.com"
51.222.253.11 - - [09/Feb/2023:00:12:59 -0800] "GET /instagram-stlouis/02-06-2023-1802422-Madison-County-man-accused-of-sexual-assault-agai.txt HTTP/1.1" 404 88 "-" "Mozilla/5.0 (compatible; AhrefsBot/7.0; +http://ahrefs.com/robot/)" "metrocrimedaily.com"
54.36.148.159 - - [09/Feb/2023:00:16:40 -0800] "GET /robots.txt HTTP/1.1" 404 88 "-" "Mozilla/5.0 (compatible; AhrefsBot/7.0; +http://ahrefs.com/robot/)" "metrocrimedaily.com"
51.222.253.10 - - [09/Feb/2023:00:16:41 -0800] "GET / HTTP/1.1" 200 1667 "-" "Mozilla/5.0 (compatible; AhrefsBot/7.0; +http://ahrefs.com/robot/)" "metrocrimedaily.com"
51.222.253.11 - - [09/Feb/2023:00:18:35 -0800] "GET /social-media-menu.html HTTP/1.1" 200 554 "-" "Mozilla/5.0 (compatible; AhrefsBot/7.0; +http://ahrefs.com/robot/)" "metrocrimedaily.com"
51.222.253.18 - - [09/Feb/2023:00:18:36 -0800] "GET /styles-links.css HTTP/1.1" 200 369 "-" "Mozilla/5.0 (compatible; AhrefsBot/7.0; +http://ahrefs.com/robot/)" "metrocrimedaily.com"
51.222.253.16 - - [09/Feb/2023:00:18:36 -0800] "GET /styles.css HTTP/1.1" 404 88 "-" "Mozilla/5.0 (compatible; AhrefsBot/7.0; +http://ahrefs.com/robot/)" "metrocrimedaily.com"
183.136.225.44 - - [09/Feb/2023:00:18:25 -0800] "GET / HTTP/1.1" 200 10505 "-" "Mozilla/5.0 (Macintosh; Intel Mac OS X 10.11; rv:47.0) Gecko/20100101 Firefox/47.0" "metrocrimedaily.com"
183.136.225.44 - - [09/Feb/2023:00:19:55 -0800] "GET / HTTP/1.1" 200 1667 "-" "Mozilla/5.0 (Windows NT 6.1; WOW64) AppleWebKit/537.36 (KHTML, like Gecko) Chrome/63.0.3239.132 Safari/537.36 QIHU 360SE" "metrocrimedaily.com"
183.136.225.44 - - [09/Feb/2023:00:20:04 -0800] "GET /robots.txt HTTP/1.1" 404 88 "-" "Mozilla/5.0 (Windows NT 6.1; WOW64) AppleWebKit/537.36 (KHTML, like Gecko) Chrome/63.0.3239.132 Safari/537.36 QIHU 360SE" "metrocrimedaily.com"
51.222.253.17 - - [09/Feb/2023:00:20:49 -0800] "GET /index-pms-oldway.html HTTP/1.1" 200 1246 "-" "Mozilla/5.0 (compatible; AhrefsBot/7.0; +http://ahrefs.com/robot/)" "www.metrocrimedaily.com"
51.222.253.9 - - [09/Feb/2023:00:23:10 -0800] "GET /post-mcd-stories.html HTTP/1.1" 200 6538 "-" "Mozilla/5.0 (compatible; AhrefsBot/7.0; +http://ahrefs.com/robot/)" "www.metrocrimedaily.com"
51.222.253.5 - - [09/Feb/2023:00:27:32 -0800] "GET /index-prototype.html HTTP/1.1" 200 156 "-" "Mozilla/5.0 (compatible; AhrefsBot/7.0; +http://ahrefs.com/robot/)" "www.metrocrimedaily.com"
114.119.148.161 - - [09/Feb/2023:00:29:03 -0800] "GET /instagram-atlanta/post-later/01-30-2023-2047444--.txt HTTP/1.1" 404 88 "https://metrocrimedaily.com/instagram-atlanta/post-later/?C=N%3BO%3DD" "Mozilla/5.0 (Linux; Android 7.0;) AppleWebKit/537.36 (KHTML, like Gecko) Mobile Safari/537.36 (compatible; PetalBot;+https://webmaster.petalsearch.com/site/petalbot)" "metrocrimedaily.com"
69.63.184.119 - - [09/Feb/2023:00:33:38 -0800] "GET /instagram-losangeles/02-09-2023-0233171-A.jpg HTTP/1.1" 200 227200 "-" "facebookexternalhit/1.1 (+http://www.facebook.com/externalhit_uatext.php)" "www.metrocrimedaily.com"
51.222.253.11 - - [09/Feb/2023:00:38:16 -0800] "GET /instagram-stlouis/02-08-2023-1207241-Southern-Mo.-woman-convicted-in-man---s-death--du.txt HTTP/1.1" 200 981 "-" "Mozilla/5.0 (compatible; AhrefsBot/7.0; +http://ahrefs.com/robot/)" "www.metrocrimedaily.com"
52.167.144.81 - - [09/Feb/2023:00:43:25 -0800] "GET /instagram-atlanta/02-05-2023-1214281-police-investigate-after-antisemitic-flyers-left-.txt HTTP/1.1" 404 88 "-" "Mozilla/5.0 AppleWebKit/537.36 (KHTML, like Gecko; compatible; bingbot/2.0; +http://www.bing.com/bingbot.htm) Chrome/103.0.5060.134 Safari/537.36" "metrocrimedaily.com"
40.77.167.212 - - [09/Feb/2023:00:46:51 -0800] "GET /index-miami.html HTTP/1.1" 200 34762 "-" "Mozilla/5.0 AppleWebKit/537.36 (KHTML, like Gecko; compatible; bingbot/2.0; +http://www.bing.com/bingbot.htm) Chrome/103.0.5060.134 Safari/537.36" "metrocrimedaily.com"
51.222.253.6 - - [09/Feb/2023:00:50:36 -0800] "GET /instagram-stlouis/02-08-2023-1207242-Man-fatally-shot-in-Bellefontaine-Neighbors-.txt HTTP/1.1" 200 392 "-" "Mozilla/5.0 (compatible; AhrefsBot/7.0; +http://ahrefs.com/robot/)" "www.metrocrimedaily.com"
69.63.184.5 - - [09/Feb/2023:00:51:10 -0800] "GET /instagram-houston/02-09-2023-0250471-A.jpg HTTP/1.1" 200 75577 "-" "facebookexternalhit/1.1 (+http://www.facebook.com/externalhit_uatext.php)" "www.metrocrimedaily.com"
40.77.167.212 - - [09/Feb/2023:00:52:32 -0800] "GET /index-memphis.html HTTP/1.1" 200 40080 "-" "Mozilla/5.0 AppleWebKit/537.36 (KHTML, like Gecko; compatible; bingbot/2.0; +http://www.bing.com/bingbot.htm) Chrome/103.0.5060.134 Safari/537.36" "metrocrimedaily.com"
114.119.146.133 - - [09/Feb/2023:00:54:11 -0800] "GET /leave-a-message.html HTTP/1.1" 200 2959 "http://metrocrimedaily.com/" "Mozilla/5.0 (Linux; Android 7.0;) AppleWebKit/537.36 (KHTML, like Gecko) Mobile Safari/537.36 (compatible; PetalBot;+https://webmaster.petalsearch.com/site/petalbot)" "metrocrimedaily.com"
69.63.184.4 - - [09/Feb/2023:00:54:19 -0800] "GET /instagram-atlanta/02-09-2023-0253561-A.jpg HTTP/1.1" 200 128781 "-" "facebookexternalhit/1.1 (+http://www.facebook.com/externalhit_uatext.php)" "www.metrocrimedaily.com"
51.222.253.18 - - [09/Feb/2023:00:56:53 -0800] "GET /robots.txt HTTP/1.1" 404 88 "-" "Mozilla/5.0 (compatible; AhrefsBot/7.0; +http://ahrefs.com/robot/)" "www.metrocrimedaily.com"
51.222.253.15 - - [09/Feb/2023:00:56:55 -0800] "GET /instagram-stlouis/02-08-2023-1337141-Shooting-at-Nebraska-Target-highlights-gaps-in-gu.txt HTTP/1.1" 200 1153 "-" "Mozilla/5.0 (compatible; AhrefsBot/7.0; +http://ahrefs.com/robot/)" "www.metrocrimedaily.com"
69.63.184.116 - - [09/Feb/2023:01:04:14 -0800] "GET /instagram-losangeles/02-09-2023-0233172-A.jpg HTTP/1.1" 200 223451 "-" "facebookexternalhit/1.1 (+http://www.facebook.com/externalhit_uatext.php)" "www.metrocrimedaily.com"
51.222.253.12 - - [09/Feb/2023:01:04:29 -0800] "GET /instagram-stlouis/02-08-2023-1337142-2-former-Missouri-clerks-guilty-of-stealing-over-.txt HTTP/1.1" 200 1040 "-" "Mozilla/5.0 (compatible; AhrefsBot/7.0; +http://ahrefs.com/robot/)" "www.metrocrimedaily.com"
51.222.253.13 - - [09/Feb/2023:01:10:17 -0800] "GET /instagram-stlouis/02-08-2023-1337143-St.-Louis-man-sentenced-for-killing-woman-and-her.txt HTTP/1.1" 200 794 "-" "Mozilla/5.0 (compatible; AhrefsBot/7.0; +http://ahrefs.com/robot/)" "www.metrocrimedaily.com"
51.222.253.3 - - [09/Feb/2023:01:16:32 -0800] "GET /instagram-stlouis/02-08-2023-1337144-Belleville-Police-warn-about-scammers-pretending-.txt HTTP/1.1" 200 613 "-" "Mozilla/5.0 (compatible; AhrefsBot/7.0; +http://ahrefs.com/robot/)" "www.metrocrimedaily.com"
114.119.155.78 - - [09/Feb/2023:01:21:52 -0800] "GET /CRIME-WATCH-AMERICA/GOOD_BARBER_APP-MAKER/unix/bin/win32gnu.dll HTTP/1.1" 200 104448 "https://metrocrimedaily.com/CRIME-WATCH-AMERICA/GOOD_BARBER_APP-MAKER/unix/bin/?C=D%3BO%3DA" "Mozilla/5.0 (Linux; Android 7.0;) AppleWebKit/537.36 (KHTML, like Gecko) Mobile Safari/537.36 (compatible; PetalBot;+https://webmaster.petalsearch.com/site/petalbot)" "metrocrimedaily.com"
51.222.253.1 - - [09/Feb/2023:01:23:11 -0800] "GET /instagram-stlouis/02-08-2023-1536421-Missouri-man-arrested-in-connection-to-child-sex-.txt HTTP/1.1" 200 679 "-" "Mozilla/5.0 (compatible; AhrefsBot/7.0; +http://ahrefs.com/robot/)" "www.metrocrimedaily.com"
40.77.167.212 - - [09/Feb/2023:01:25:45 -0800] "GET /index-miami.html HTTP/1.1" 200 34762 "-" "Mozilla/5.0 AppleWebKit/537.36 (KHTML, like Gecko; compatible; bingbot/2.0; +http://www.bing.com/bingbot.htm) Chrome/103.0.5060.134 Safari/537.36" "metrocrimedaily.com"
69.63.184.2 - - [09/Feb/2023:01:27:13 -0800] "GET /instagram-newyork/02-09-2023-0326511-A.jpg HTTP/1.1" 200 114262 "-" "facebookexternalhit/1.1 (+http://www.facebook.com/externalhit_uatext.php)" "www.metrocrimedaily.com"
5.188.62.26 - - [09/Feb/2023:01:29:59 -0800] "GET / HTTP/1.1" 200 1665 "-" "Mozilla/5.0 (Windows NT 10.0; Win64; x64) AppleWebKit/537.36 (KHTML, like Gecko) Chrome/101.0.4951.67 Safari/537.36" "metrocrimedaily.com"
51.222.253.3 - - [09/Feb/2023:01:31:50 -0800] "GET /instagram-stlouis/02-08-2023-1536422-27-year-old-shot-to-death-in-Bellefontaine-Neighb.txt HTTP/1.1" 200 527 "-" "Mozilla/5.0 (compatible; AhrefsBot/7.0; +http://ahrefs.com/robot/)" "www.metrocrimedaily.com"
69.63.184.2 - - [09/Feb/2023:01:34:48 -0800] "GET /instagram-losangeles/02-09-2023-0233173-A.jpg HTTP/1.1" 200 109991 "-" "facebookexternalhit/1.1 (+http://www.facebook.com/externalhit_uatext.php)" "www.metrocrimedaily.com"
69.63.184.119 - - [09/Feb/2023:01:35:27 -0800] "GET /instagram-houston/02-09-2023-0335051-A.jpg HTTP/1.1" 200 88749 "-" "facebookexternalhit/1.1 (+http://www.facebook.com/externalhit_uatext.php)" "www.metrocrimedaily.com"
185.181.60.39 - - [09/Feb/2023:01:40:25 -0800] "GET / HTTP/1.1" 200 1661 "-" "Mozilla/5.0 (Windows NT 10.0; Win64; x64) AppleWebKit/537.36 (KHTML, like Gecko) Chrome/91.0.4472.114 Safari/537.36 Edg/91.0.864.54" "metrocrimedaily.com"
51.222.253.3 - - [09/Feb/2023:01:40:54 -0800] "GET /instagram-stlouis/02-08-2023-1536423-Missouri-officials-block-possible-income-tax-scam.txt HTTP/1.1" 200 944 "-" "Mozilla/5.0 (compatible; AhrefsBot/7.0; +http://ahrefs.com/robot/)" "www.metrocrimedaily.com"
51.222.253.2 - - [09/Feb/2023:01:44:05 -0800] "GET /instagram-stlouis/02-08-2023-1536424-2-dead-in-house-fire-in-south-St.-Louis-County-.txt HTTP/1.1" 200 865 "-" "Mozilla/5.0 (compatible; AhrefsBot/7.0; +http://ahrefs.com/robot/)" "www.metrocrimedaily.com"
51.222.253.15 - - [09/Feb/2023:01:45:47 -0800] "GET /instagram-stlouis/02-08-2023-1536425-Man-shot--killed-in-Bellefontaine-Neighbors-home-.txt HTTP/1.1" 200 194 "-" "Mozilla/5.0 (compatible; AhrefsBot/7.0; +http://ahrefs.com/robot/)" "www.metrocrimedaily.com"
51.222.253.19 - - [09/Feb/2023:01:46:41 -0800] "GET /instagram-stlouis/02-08-2023-1536426-Accused-harasser-in-viral-south-St.-Louis-videos-.txt HTTP/1.1" 200 1100 "-" "Mozilla/5.0 (compatible; AhrefsBot/7.0; +http://ahrefs.com/robot/)" "www.metrocrimedaily.com"
51.222.253.7 - - [09/Feb/2023:01:47:28 -0800] "GET /instagram-stlouis/02-08-2023-1536427-Two-people-killed-in--suspicious--south-St.-Louis.txt HTTP/1.1" 200 803 "-" "Mozilla/5.0 (compatible; AhrefsBot/7.0; +http://ahrefs.com/robot/)" "www.metrocrimedaily.com"
51.222.253.7 - - [09/Feb/2023:01:48:18 -0800] "GET /instagram-stlouis/02-08-2023-1829021-Belleville-Police-warn-about-scammers-pretending-.txt HTTP/1.1" 200 613 "-" "Mozilla/5.0 (compatible; AhrefsBot/7.0; +http://ahrefs.com/robot/)" "www.metrocrimedaily.com"
51.222.253.3 - - [09/Feb/2023:01:49:05 -0800] "GET /instagram-stlouis/02-08-2023-1829022-St.-Louis-police-recruit-arrested--charged-with-s.txt HTTP/1.1" 200 503 "-" "Mozilla/5.0 (compatible; AhrefsBot/7.0; +http://ahrefs.com/robot/)" "www.metrocrimedaily.com"
51.222.253.16 - - [09/Feb/2023:01:49:47 -0800] "GET /instagram-stlouis/02-08-2023-1829023-Woman-charged-after-video-of-St.-Louis-family-har.txt HTTP/1.1" 200 1028 "-" "Mozilla/5.0 (compatible; AhrefsBot/7.0; +http://ahrefs.com/robot/)" "www.metrocrimedaily.com"
51.222.253.7 - - [09/Feb/2023:01:50:39 -0800] "GET /instagram-stlouis/02-08-2023-1829024-Woman-charged-after-video-of-St.-Louis-family-har.txt HTTP/1.1" 200 1028 "-" "Mozilla/5.0 (compatible; AhrefsBot/7.0; +http://ahrefs.com/robot/)" "www.metrocrimedaily.com"
51.222.253.17 - - [09/Feb/2023:01:51:27 -0800] "GET /instagram-stlouis/02-08-2023-1829025-North-Carolina-teen-accused-of-murdering-boyfrien.txt HTTP/1.1" 200 521 "-" "Mozilla/5.0 (compatible; AhrefsBot/7.0; +http://ahrefs.com/robot/)" "www.metrocrimedaily.com"
114.119.149.183 - - [09/Feb/2023:01:51:41 -0800] "GET /instagram-memphis/02-02-2023-1648212-Memphis-officer-shot--another-person-killed-.txt HTTP/1.1" 404 88 "https://metrocrimedaily.com/instagram-memphis/?C=M%3BO%3DA" "Mozilla/5.0 (Linux; Android 7.0;) AppleWebKit/537.36 (KHTML, like Gecko) Mobile Safari/537.36 (compatible; PetalBot;+https://webmaster.petalsearch.com/site/petalbot)" "metrocrimedaily.com"
51.222.253.12 - - [09/Feb/2023:01:52:04 -0800] "GET /instagram-stlouis/02-08-2023-1829026-St.-Louis-man-charged-with-raping-woman-at-gunpoi.txt HTTP/1.1" 200 621 "-" "Mozilla/5.0 (compatible; AhrefsBot/7.0; +http://ahrefs.com/robot/)" "www.metrocrimedaily.com"
51.222.253.19 - - [09/Feb/2023:01:52:52 -0800] "GET /instagram-stlouis/02-08-2023-1829027-No--Jackie-Robinson-was-not-the-first-Black-man-t.txt HTTP/1.1" 200 1014 "-" "Mozilla/5.0 (compatible; AhrefsBot/7.0; +http://ahrefs.com/robot/)" "www.metrocrimedaily.com"
51.222.253.18 - - [09/Feb/2023:01:53:38 -0800] "GET /instagram-stlouis/02-08-2023-1829028----Pathetic-act-of-selfishness-----Vases-stolen-f.txt HTTP/1.1" 200 552 "-" "Mozilla/5.0 (compatible; AhrefsBot/7.0; +http://ahrefs.com/robot/)" "www.metrocrimedaily.com"
51.222.253.14 - - [09/Feb/2023:01:54:15 -0800] "GET /instagram-stlouis/02-08-2023-1829029-El-Paso-Walmart-shooting-suspect-pleads-guilty-to.txt HTTP/1.1" 200 1125 "-" "Mozilla/5.0 (compatible; AhrefsBot/7.0; +http://ahrefs.com/robot/)" "www.metrocrimedaily.com"
51.222.253.6 - - [09/Feb/2023:01:55:01 -0800] "GET /instagram-stlouis/02-08-2023-2148551-Beware-of-online-pet-scams--Here---s-what-to-watc.txt HTTP/1.1" 200 1130 "-" "Mozilla/5.0 (compatible; AhrefsBot/7.0; +http://ahrefs.com/robot/)" "www.metrocrimedaily.com"
51.222.253.16 - - [09/Feb/2023:01:55:36 -0800] "GET /instagram-stlouis/02-08-2023-2148552-Woman-caught-on-doorbell-camera-terrorizing-St.-L.txt HTTP/1.1" 200 209 "-" "Mozilla/5.0 (compatible; AhrefsBot/7.0; +http://ahrefs.com/robot/)" "www.metrocrimedaily.com"
51.222.253.2 - - [09/Feb/2023:01:56:14 -0800] "GET /instagram-stlouis/02-08-2023-2148553-Homicide-requested-after-man-found-shot-in-pelvis.txt HTTP/1.1" 200 562 "-" "Mozilla/5.0 (compatible; AhrefsBot/7.0; +http://ahrefs.com/robot/)" "www.metrocrimedaily.com"
51.222.253.3 - - [09/Feb/2023:01:56:48 -0800] "GET /instagram-losangeles/02-02-2023-1718431-From-Isla-Vista-to-Half-Moon-Bay--Here-s-a-List-o.txt HTTP/1.1" 404 88 "-" "Mozilla/5.0 (compatible; AhrefsBot/7.0; +http://ahrefs.com/robot/)" "metrocrimedaily.com"
51.222.253.14 - - [09/Feb/2023:01:57:36 -0800] "GET /instagram-losangeles/02-02-2023-2056522-Monterey-Park-shooting--911-calls-released-from-n.txt HTTP/1.1" 404 88 "-" "Mozilla/5.0 (compatible; AhrefsBot/7.0; +http://ahrefs.com/robot/)" "metrocrimedaily.com"
51.222.253.8 - - [09/Feb/2023:01:58:21 -0800] "GET /instagram-losangeles/02-02-2023-2214402-Guillermo-Medina--Body-cam-video-released-in-shoo.txt HTTP/1.1" 404 88 "-" "Mozilla/5.0 (compatible; AhrefsBot/7.0; +http://ahrefs.com/robot/)" "metrocrimedaily.com"
51.222.253.6 - - [09/Feb/2023:01:59:00 -0800] "GET /instagram-losangeles/02-03-2023-0027571-2-pedestrians-killed-in-Montclair-crash--suspect-.txt HTTP/1.1" 404 88 "-" "Mozilla/5.0 (compatible; AhrefsBot/7.0; +http://ahrefs.com/robot/)" "metrocrimedaily.com"
51.222.253.18 - - [09/Feb/2023:01:59:50 -0800] "GET /instagram-losangeles/02-03-2023-0027572-2-pedestrians-killed-in-Montclair-crash--suspect-.txt HTTP/1.1" 404 88 "-" "Mozilla/5.0 (compatible; AhrefsBot/7.0; +http://ahrefs.com/robot/)" "metrocrimedaily.com"
51.222.253.4 - - [09/Feb/2023:02:00:44 -0800] "GET /instagram-losangeles/02-03-2023-0216172-Dad-of-3-severely-beaten-after-road-rage-incident.txt HTTP/1.1" 404 88 "-" "Mozilla/5.0 (compatible; AhrefsBot/7.0; +http://ahrefs.com/robot/)" "metrocrimedaily.com"
137.226.113.44 - - [09/Feb/2023:02:01:11 -0800] "GET / HTTP/1.1" 200 1662 "-" "Mozilla/5.0 zgrab/0.x (compatible; Researchscan/http; +http://researchscan.comsys.rwth-aachen.de)" "www.metrocrimedaily.com"
51.222.253.5 - - [09/Feb/2023:02:01:18 -0800] "GET /instagram-losangeles/02-03-2023-1057501-Montclair-mall-shooting--15-year-old-boy-killed--.txt HTTP/1.1" 404 88 "-" "Mozilla/5.0 (compatible; AhrefsBot/7.0; +http://ahrefs.com/robot/)" "metrocrimedaily.com"
51.222.253.6 - - [09/Feb/2023:02:02:07 -0800] "GET /instagram-losangeles/02-03-2023-1215273-NJ-man-admits-to-paying-$20K-in-bitcoin-to-have-h.txt HTTP/1.1" 404 88 "-" "Mozilla/5.0 (compatible; AhrefsBot/7.0; +http://ahrefs.com/robot/)" "metrocrimedaily.com"
5.188.62.26 - - [09/Feb/2023:02:02:09 -0800] "GET / HTTP/1.1" 200 1662 "http://metrocrimedaily.com/" "Mozilla/5.0 (Windows NT 6.1; WOW64) AppleWebKit/537.36 (KHTML, like Gecko) Chrome/100.0.4758.11 Safari/537.36" "metrocrimedaily.com"
5.188.62.26 - - [09/Feb/2023:02:02:13 -0800] "GET /admin/ HTTP/1.1" 404 88 "http://metrocrimedaily.com/" "Mozilla/5.0 (Windows NT 6.1; WOW64) AppleWebKit/537.36 (KHTML, like Gecko) Chrome/100.0.4758.11 Safari/537.36" "metrocrimedaily.com"
51.222.253.12 - - [09/Feb/2023:02:02:41 -0800] "GET /instagram-losangeles/02-04-2023-1327542-How-a-suspected-Chinese-spy-balloon-is-different-.txt HTTP/1.1" 404 88 "-" "Mozilla/5.0 (compatible; AhrefsBot/7.0; +http://ahrefs.com/robot/)" "metrocrimedaily.com"
51.222.253.4 - - [09/Feb/2023:02:03:15 -0800] "GET /instagram-losangeles/02-04-2023-2036001-Man-killed-in-Van-Nuys-hit-and-run-.txt HTTP/1.1" 404 88 "-" "Mozilla/5.0 (compatible; AhrefsBot/7.0; +http://ahrefs.com/robot/)" "metrocrimedaily.com"
51.222.253.12 - - [09/Feb/2023:02:03:32 -0800] "GET /instagram-losangeles/02-05-2023-1113301-Girl-dies-in-shark-attack-after-trying-to-swim-wi.txt HTTP/1.1" 404 88 "-" "Mozilla/5.0 (compatible; AhrefsBot/7.0; +http://ahrefs.com/robot/)" "metrocrimedaily.com"
51.222.253.16 - - [09/Feb/2023:02:03:51 -0800] "GET /instagram-losangeles/02-05-2023-1409311-Police--Kidnapped-children-from-Missouri--missing.txt HTTP/1.1" 404 88 "-" "Mozilla/5.0 (compatible; AhrefsBot/7.0; +http://ahrefs.com/robot/)" "metrocrimedaily.com"
40.77.167.212 - - [09/Feb/2023:02:04:08 -0800] "GET /index-miami.html HTTP/1.1" 200 34762 "-" "Mozilla/5.0 AppleWebKit/537.36 (KHTML, like Gecko; compatible; bingbot/2.0; +http://www.bing.com/bingbot.htm) Chrome/103.0.5060.134 Safari/537.36" "metrocrimedaily.com"
51.222.253.4 - - [09/Feb/2023:02:04:24 -0800] "GET /instagram-losangeles/02-05-2023-1543281-Two-People-Rushed-to-Hospital-in-Fatal-Crash-in-S.txt HTTP/1.1" 404 88 "-" "Mozilla/5.0 (compatible; AhrefsBot/7.0; +http://ahrefs.com/robot/)" "metrocrimedaily.com"
51.222.253.2 - - [09/Feb/2023:02:04:41 -0800] "GET /instagram-losangeles/02-06-2023-1620352-New-video-released-in-fatal-police-shooting-of-do.txt HTTP/1.1" 404 88 "-" "Mozilla/5.0 (compatible; AhrefsBot/7.0; +http://ahrefs.com/robot/)" "metrocrimedaily.com"
51.222.253.7 - - [09/Feb/2023:02:04:57 -0800] "GET /instagram-losangeles/02-06-2023-1736031-Police-drone-helps-capture-suspected-copper-thief.txt HTTP/1.1" 404 88 "-" "Mozilla/5.0 (compatible; AhrefsBot/7.0; +http://ahrefs.com/robot/)" "metrocrimedaily.com"
51.222.253.10 - - [09/Feb/2023:02:05:26 -0800] "GET /instagram-losangeles/02-06-2023-1838281-LA-Supervisors-to-consider-gun-regulations-after-.txt HTTP/1.1" 404 88 "-" "Mozilla/5.0 (compatible; AhrefsBot/7.0; +http://ahrefs.com/robot/)" "metrocrimedaily.com"
51.222.253.12 - - [09/Feb/2023:02:05:44 -0800] "GET /instagram-stlouis/02-01-2023-1244411-Five-Memphis-police-officers-charged-with-second-.txt HTTP/1.1" 404 88 "-" "Mozilla/5.0 (compatible; AhrefsBot/7.0; +http://ahrefs.com/robot/)" "metrocrimedaily.com"
51.222.253.13 - - [09/Feb/2023:02:06:05 -0800] "GET /instagram-stlouis/02-01-2023-1244412-Update--FBI-finds-no-classified-docs-at-Biden-s-b.txt HTTP/1.1" 404 88 "-" "Mozilla/5.0 (compatible; AhrefsBot/7.0; +http://ahrefs.com/robot/)" "metrocrimedaily.com"
51.222.253.3 - - [09/Feb/2023:02:06:27 -0800] "GET /instagram-stlouis/02-01-2023-1408244--.txt HTTP/1.1" 404 88 "-" "Mozilla/5.0 (compatible; AhrefsBot/7.0; +http://ahrefs.com/robot/)" "metrocrimedaily.com"
51.222.253.20 - - [09/Feb/2023:02:06:46 -0800] "GET /instagram-stlouis/02-02-2023-1359165-Passengers-stop-gunman-who-shot----randomly-----k.txt HTTP/1.1" 404 88 "-" "Mozilla/5.0 (compatible; AhrefsBot/7.0; +http://ahrefs.com/robot/)" "metrocrimedaily.com"
51.222.253.7 - - [09/Feb/2023:02:07:01 -0800] "GET /instagram-stlouis/02-02-2023-16402210-Carjacked-St.-Louis-pastor-wants-13-year-old-defe.txt HTTP/1.1" 404 88 "-" "Mozilla/5.0 (compatible; AhrefsBot/7.0; +http://ahrefs.com/robot/)" "metrocrimedaily.com"
51.222.253.3 - - [09/Feb/2023:02:07:16 -0800] "GET /instagram-stlouis/02-02-2023-16402216--.txt HTTP/1.1" 404 88 "-" "Mozilla/5.0 (compatible; AhrefsBot/7.0; +http://ahrefs.com/robot/)" "metrocrimedaily.com"
51.222.253.12 - - [09/Feb/2023:02:07:44 -0800] "GET /instagram-stlouis/02-02-2023-1640222-Former-principal-of-Virginia-school-where-6-year-.txt HTTP/1.1" 404 88 "-" "Mozilla/5.0 (compatible; AhrefsBot/7.0; +http://ahrefs.com/robot/)" "metrocrimedaily.com"
69.63.184.3 - - [09/Feb/2023:02:07:48 -0800] "GET /instagram-chicago/02-09-2023-0407261-A.jpg HTTP/1.1" 200 139446 "-" "facebookexternalhit/1.1 (+http://www.facebook.com/externalhit_uatext.php)" "www.metrocrimedaily.com"
51.222.253.11 - - [09/Feb/2023:02:08:02 -0800] "GET /instagram-stlouis/02-02-2023-1640224-3-ways-to-avoid-clicking-on-malicious-links-.txt HTTP/1.1" 404 88 "-" "Mozilla/5.0 (compatible; AhrefsBot/7.0; +http://ahrefs.com/robot/)" "metrocrimedaily.com"
51.222.253.2 - - [09/Feb/2023:02:08:21 -0800] "GET /instagram-stlouis/02-02-2023-1640227-St.-Louis-police--149-cars-stolen-in-one-week-.txt HTTP/1.1" 404 88 "-" "Mozilla/5.0 (compatible; AhrefsBot/7.0; +http://ahrefs.com/robot/)" "metrocrimedaily.com"
51.222.253.3 - - [09/Feb/2023:02:08:35 -0800] "GET /instagram-stlouis/02-02-2023-1640229-Three-sentenced-for-murder-of-20-year-old-on-I-27.txt HTTP/1.1" 404 88 "-" "Mozilla/5.0 (compatible; AhrefsBot/7.0; +http://ahrefs.com/robot/)" "metrocrimedaily.com"
51.222.253.16 - - [09/Feb/2023:02:09:01 -0800] "GET /instagram-stlouis/02-02-2023-2226331-Homicide-detectives-investigating-after-juvenile-.txt HTTP/1.1" 404 88 "-" "Mozilla/5.0 (compatible; AhrefsBot/7.0; +http://ahrefs.com/robot/)" "metrocrimedaily.com"
51.222.253.4 - - [09/Feb/2023:02:09:21 -0800] "GET /instagram-stlouis/02-03-2023-1400091-Woman-charged-after----bye-bye----threat-to-St.-L.txt HTTP/1.1" 404 88 "-" "Mozilla/5.0 (compatible; AhrefsBot/7.0; +http://ahrefs.com/robot/)" "metrocrimedaily.com"
51.222.253.16 - - [09/Feb/2023:02:09:38 -0800] "GET /instagram-stlouis/02-03-2023-1400092-Bodies-of-3-missing-Michigan-rappers-found-in-vac.txt HTTP/1.1" 404 88 "-" "Mozilla/5.0 (compatible; AhrefsBot/7.0; +http://ahrefs.com/robot/)" "metrocrimedaily.com"
51.222.253.12 - - [09/Feb/2023:02:10:05 -0800] "GET /instagram-stlouis/02-03-2023-1519423-Man-killed-in-hit-and-run-in-Overland-.txt HTTP/1.1" 404 88 "-" "Mozilla/5.0 (compatible; AhrefsBot/7.0; +http://ahrefs.com/robot/)" "metrocrimedaily.com"
51.222.253.11 - - [09/Feb/2023:02:10:24 -0800] "GET /instagram-stlouis/02-03-2023-1655172-Man-accused-of-taking-Dallas-Zoo-monkeys-suspecte.txt HTTP/1.1" 404 88 "-" "Mozilla/5.0 (compatible; AhrefsBot/7.0; +http://ahrefs.com/robot/)" "metrocrimedaily.com"
51.222.253.2 - - [09/Feb/2023:02:10:39 -0800] "GET /instagram-stlouis/02-03-2023-1655173-Suspect-charged-in-Berkeley-man-s-shooting-death-.txt HTTP/1.1" 404 88 "-" "Mozilla/5.0 (compatible; AhrefsBot/7.0; +http://ahrefs.com/robot/)" "metrocrimedaily.com"
51.222.253.18 - - [09/Feb/2023:02:10:54 -0800] "GET /instagram-stlouis/02-03-2023-1849491-Sculpture-of-civil-rights-leader-to-replace-Rober.txt HTTP/1.1" 404 88 "-" "Mozilla/5.0 (compatible; AhrefsBot/7.0; +http://ahrefs.com/robot/)" "metrocrimedaily.com"
51.222.253.7 - - [09/Feb/2023:02:11:21 -0800] "GET /instagram-stlouis/02-03-2023-1849492-Man-charged-after-two-St.-Louis-police-officers-s.txt HTTP/1.1" 404 88 "-" "Mozilla/5.0 (compatible; AhrefsBot/7.0; +http://ahrefs.com/robot/)" "metrocrimedaily.com"
51.222.253.19 - - [09/Feb/2023:02:11:38 -0800] "GET /instagram-stlouis/02-04-2023-1406152-PHOTOS--Victims-of-Pennsylvania-Avenue-homicide-.txt HTTP/1.1" 404 88 "-" "Mozilla/5.0 (compatible; AhrefsBot/7.0; +http://ahrefs.com/robot/)" "metrocrimedaily.com"
51.222.253.5 - - [09/Feb/2023:02:11:56 -0800] "GET /instagram-stlouis/02-04-2023-1734232-Man-shot-in-Carondelet-.txt HTTP/1.1" 404 88 "-" "Mozilla/5.0 (compatible; AhrefsBot/7.0; +http://ahrefs.com/robot/)" "metrocrimedaily.com"
51.222.253.20 - - [09/Feb/2023:02:12:28 -0800] "GET /instagram-stlouis/02-04-2023-2050221-Homicide-investigated-in-East-St.-Louis-.txt HTTP/1.1" 404 88 "-" "Mozilla/5.0 (compatible; AhrefsBot/7.0; +http://ahrefs.com/robot/)" "metrocrimedaily.com"
51.222.253.18 - - [09/Feb/2023:02:12:47 -0800] "GET /instagram-stlouis/02-05-2023-0900172-St.-Louis-man-charged-in-deaths-of-man--toddler-.txt HTTP/1.1" 404 88 "-" "Mozilla/5.0 (compatible; AhrefsBot/7.0; +http://ahrefs.com/robot/)" "metrocrimedaily.com"
51.222.253.5 - - [09/Feb/2023:02:13:01 -0800] "GET /instagram-stlouis/02-05-2023-1052093-Man-shot--killed-in-Ferguson-.txt HTTP/1.1" 404 88 "-" "Mozilla/5.0 (compatible; AhrefsBot/7.0; +http://ahrefs.com/robot/)" "metrocrimedaily.com"
51.222.253.6 - - [09/Feb/2023:02:13:24 -0800] "GET /instagram-stlouis/02-05-2023-1052095-Stolen-Habitat-for-Humanity-tiny-home-found-.txt HTTP/1.1" 404 88 "-" "Mozilla/5.0 (compatible; AhrefsBot/7.0; +http://ahrefs.com/robot/)" "metrocrimedaily.com"
51.222.253.19 - - [09/Feb/2023:02:13:38 -0800] "GET /instagram-stlouis/02-05-2023-1553114-Man-fatally-shot-in-St.-Louis-Saturday-.txt HTTP/1.1" 404 88 "-" "Mozilla/5.0 (compatible; AhrefsBot/7.0; +http://ahrefs.com/robot/)" "metrocrimedaily.com"
51.222.253.6 - - [09/Feb/2023:02:14:01 -0800] "GET /instagram-stlouis/02-05-2023-1738062-Three-teens-killed-in-Lincoln-County-crash-.txt HTTP/1.1" 404 88 "-" "Mozilla/5.0 (compatible; AhrefsBot/7.0; +http://ahrefs.com/robot/)" "metrocrimedaily.com"
51.222.253.18 - - [09/Feb/2023:02:15:42 -0800] "GET / HTTP/1.1" 200 1662 "-" "Mozilla/5.0 (compatible; AhrefsBot/7.0; +http://ahrefs.com/robot/)" "www.metrocrimedaily.com"
51.222.253.1 - - [09/Feb/2023:02:18:24 -0800] "GET /instagram-atlanta/?C=D;O=A HTTP/1.1" 200 1938 "-" "Mozilla/5.0 (compatible; AhrefsBot/7.0; +http://ahrefs.com/robot/)" "metrocrimedaily.com"
69.63.184.118 - - [09/Feb/2023:02:19:20 -0800] "GET /instagram-houston/02-09-2023-0418571-A.jpg HTTP/1.1" 200 73539 "-" "facebookexternalhit/1.1 (+http://www.facebook.com/externalhit_uatext.php)" "www.metrocrimedaily.com"
51.222.253.10 - - [09/Feb/2023:02:21:18 -0800] "GET /instagram-atlanta/post-later/ HTTP/1.1" 200 1757 "-" "Mozilla/5.0 (compatible; AhrefsBot/7.0; +http://ahrefs.com/robot/)" "metrocrimedaily.com"
51.222.253.11 - - [09/Feb/2023:02:24:18 -0800] "GET /CRIME-WATCH-AMERICA/CRIME-WATCH-MIAMI/ HTTP/1.1" 200 374 "-" "Mozilla/5.0 (compatible; AhrefsBot/7.0; +http://ahrefs.com/robot/)" "www.metrocrimedaily.com"
51.222.253.11 - - [09/Feb/2023:02:27:09 -0800] "GET /CRIME-WATCH-AMERICA/CRIME-WATCH-MIAMI/ HTTP/1.1" 200 374 "-" "Mozilla/5.0 (compatible; AhrefsBot/7.0; +http://ahrefs.com/robot/)" "www.metrocrimedaily.com"
51.222.253.19 - - [09/Feb/2023:02:29:56 -0800] "GET /instagram-houston/videos/?C=D;O=A HTTP/1.1" 200 329 "-" "Mozilla/5.0 (compatible; AhrefsBot/7.0; +http://ahrefs.com/robot/)" "metrocrimedaily.com"
51.222.253.17 - - [09/Feb/2023:02:32:47 -0800] "GET /index-atlanta.html HTTP/1.1" 200 76646 "-" "Mozilla/5.0 (compatible; AhrefsBot/7.0; +http://ahrefs.com/robot/)" "www.metrocrimedaily.com"
51.222.253.20 - - [09/Feb/2023:02:35:33 -0800] "GET /images/facebook-logo-tiny.png HTTP/1.1" 200 1280 "-" "Mozilla/5.0 (compatible; AhrefsBot/7.0; +http://ahrefs.com/robot/)" "www.metrocrimedaily.com"
51.222.253.9 - - [09/Feb/2023:02:35:34 -0800] "GET /index-atlanta.html HTTP/1.1" 200 76646 "-" "Mozilla/5.0 (compatible; AhrefsBot/7.0; +http://ahrefs.com/robot/)" "www.metrocrimedaily.com"
51.222.253.4 - - [09/Feb/2023:02:35:34 -0800] "GET /images/twitter-logo-b-tiny.png HTTP/1.1" 200 1600 "-" "Mozilla/5.0 (compatible; AhrefsBot/7.0; +http://ahrefs.com/robot/)" "www.metrocrimedaily.com"
51.222.253.13 - - [09/Feb/2023:02:35:34 -0800] "GET /images/youtube-logo-tiny.png HTTP/1.1" 200 689 "-" "Mozilla/5.0 (compatible; AhrefsBot/7.0; +http://ahrefs.com/robot/)" "www.metrocrimedaily.com"
51.222.253.4 - - [09/Feb/2023:02:35:35 -0800] "GET /images/crime-scene-banner-atlanta.jpg HTTP/1.1" 200 51934 "-" "Mozilla/5.0 (compatible; AhrefsBot/7.0; +http://ahrefs.com/robot/)" "www.metrocrimedaily.com"
51.222.253.6 - - [09/Feb/2023:02:35:41 -0800] "GET /instagram-stlouis/02-05-2023-2049201-43-year-old-man-shot--killed-in-Ferguson-.txt HTTP/1.1" 404 88 "-" "Mozilla/5.0 (compatible; AhrefsBot/7.0; +http://ahrefs.com/robot/)" "metrocrimedaily.com"
51.222.253.5 - - [09/Feb/2023:02:38:37 -0800] "GET /instagram-stlouis/02-06-2023-0926381-Three-teenagers-killed-in-Lincoln-County-crash-.txt HTTP/1.1" 404 88 "-" "Mozilla/5.0 (compatible; AhrefsBot/7.0; +http://ahrefs.com/robot/)" "metrocrimedaily.com"
69.63.184.120 - - [09/Feb/2023:02:41:06 -0800] "GET /instagram-atlanta/02-09-2023-0440451-A.jpg HTTP/1.1" 200 162986 "-" "facebookexternalhit/1.1 (+http://www.facebook.com/externalhit_uatext.php)" "www.metrocrimedaily.com"
51.222.253.20 - - [09/Feb/2023:02:41:45 -0800] "GET /instagram-stlouis/02-06-2023-1118301-TALAT---HUGE-WAVE-ROLLS-OVER-STOLEN-BOAT-(WHOA)-.txt HTTP/1.1" 404 88 "-" "Mozilla/5.0 (compatible; AhrefsBot/7.0; +http://ahrefs.com/robot/)" "metrocrimedaily.com"
40.77.167.212 - - [09/Feb/2023:02:44:02 -0800] "GET /index-miami.html HTTP/1.1" 200 34762 "-" "Mozilla/5.0 AppleWebKit/537.36 (KHTML, like Gecko; compatible; bingbot/2.0; +http://www.bing.com/bingbot.htm) Chrome/103.0.5060.134 Safari/537.36" "metrocrimedaily.com"
51.222.253.6 - - [09/Feb/2023:02:44:40 -0800] "GET /instagram-stlouis/02-06-2023-1802423-Gov.-Parson-will-not-halt-Missouri-execution-of-d.txt HTTP/1.1" 404 88 "-" "Mozilla/5.0 (compatible; AhrefsBot/7.0; +http://ahrefs.com/robot/)" "metrocrimedaily.com"
69.63.184.119 - - [09/Feb/2023:02:46:08 -0800] "GET /instagram-losangeles/02-09-2023-0445461-A.jpg HTTP/1.1" 200 256654 "-" "facebookexternalhit/1.1 (+http://www.facebook.com/externalhit_uatext.php)" "www.metrocrimedaily.com"
51.222.253.1 - - [09/Feb/2023:02:47:47 -0800] "GET /CRIME-WATCH-AMERICA/GOOD_BARBER_APP-MAKER/INSTALL-CRIME-WATCH-CHICAGO/CRIME-WATCH-CHICAGO/unix/bin/?C=D;O=A HTTP/1.1" 200 2136 "-" "Mozilla/5.0 (compatible; AhrefsBot/7.0; +http://ahrefs.com/robot/)" "metrocrimedaily.com"
51.222.253.2 - - [09/Feb/2023:02:50:52 -0800] "GET /CRIME-WATCH-AMERICA/GOOD_BARBER_APP-MAKER/INSTALL-CRIME-WATCH-CHICAGO/CRIME-WATCH-CHICAGO/unix/bin/?C=N;O=D HTTP/1.1" 200 2150 "-" "Mozilla/5.0 (compatible; AhrefsBot/7.0; +http://ahrefs.com/robot/)" "metrocrimedaily.com"
50.21.188.63 - - [09/Feb/2023:02:51:17 -0800] "GET /robots.txt HTTP/1.1" 404 88 "-" "IonCrawl (https://www.ionos.de/terms-gtc/faq-crawler-en/)" "metrocrimedaily.com"
50.21.188.93 - - [09/Feb/2023:02:53:06 -0800] "GET /sitemap.xml HTTP/1.1" 404 88 "-" "IonCrawl (https://www.ionos.de/terms-gtc/faq-crawler-en/)" "metrocrimedaily.com"
50.21.188.93 - - [09/Feb/2023:02:53:07 -0800] "GET / HTTP/1.1" 200 1670 "-" "IonCrawl (https://www.ionos.de/terms-gtc/faq-crawler-en/)" "metrocrimedaily.com"
50.21.188.93 - - [09/Feb/2023:02:53:09 -0800] "GET /wp-cron.php HTTP/1.1" 404 88 "-" "IonCrawl (https://www.ionos.de/terms-gtc/faq-crawler-en/)" "metrocrimedaily.com"
51.222.253.19 - - [09/Feb/2023:02:53:50 -0800] "GET /CRIME-WATCH-AMERICA/GOOD_BARBER_APP-MAKER/INSTALL-CRIME-WATCH-CHICAGO/CRIME-WATCH-CHICAGO/unix/bin/Reverse.exe HTTP/1.1" 200 10240 "-" "Mozilla/5.0 (compatible; AhrefsBot/7.0; +http://ahrefs.com/robot/)" "metrocrimedaily.com"
114.119.135.107 - - [09/Feb/2023:02:54:48 -0800] "GET /robots.txt HTTP/1.1" 404 88 "-" "Mozilla/5.0 (compatible;PetalBot;+https://webmaster.petalsearch.com/site/petalbot)" "www.metrocrimedaily.com"
51.222.253.12 - - [09/Feb/2023:02:56:42 -0800] "GET /CRIME-WATCH-AMERICA/GOOD_BARBER_APP-MAKER/INSTALL-CRIME-WATCH-CHICAGO/CRIME-WATCH-CHICAGO/unix/bin/basename.exe HTTP/1.1" 200 8704 "-" "Mozilla/5.0 (compatible; AhrefsBot/7.0; +http://ahrefs.com/robot/)" "metrocrimedaily.com"
50.21.188.83 - - [09/Feb/2023:02:58:03 -0800] "GET /contact-us.html HTTP/1.1" 200 765 "-" "IonCrawl (https://www.ionos.de/terms-gtc/faq-crawler-en/)" "metrocrimedaily.com"
50.21.188.103 - - [09/Feb/2023:02:58:03 -0800] "GET /privacy-policy.html HTTP/1.1" 200 2353 "-" "IonCrawl (https://www.ionos.de/terms-gtc/faq-crawler-en/)" "metrocrimedaily.com"
50.21.188.83 - - [09/Feb/2023:02:58:05 -0800] "GET /cw-privacy-policy.html HTTP/1.1" 200 2305 "-" "IonCrawl (https://www.ionos.de/terms-gtc/faq-crawler-en/)" "metrocrimedaily.com"
50.21.188.93 - - [09/Feb/2023:02:58:13 -0800] "GET /about-us.html HTTP/1.1" 200 706 "-" "IonCrawl (https://www.ionos.de/terms-gtc/faq-crawler-en/)" "metrocrimedaily.com"
50.21.188.83 - - [09/Feb/2023:02:59:33 -0800] "GET /?C=S;O=A HTTP/1.1" 200 1622 "-" "IonCrawl (https://www.ionos.de/terms-gtc/faq-crawler-en/)" "metrocrimedaily.com"
50.21.188.103 - - [09/Feb/2023:02:59:34 -0800] "GET /?C=M;O=A HTTP/1.1" 200 1645 "-" "IonCrawl (https://www.ionos.de/terms-gtc/faq-crawler-en/)" "metrocrimedaily.com"
50.21.188.63 - - [09/Feb/2023:02:59:37 -0800] "GET /?C=N;O=D HTTP/1.1" 200 1647 "-" "IonCrawl (https://www.ionos.de/terms-gtc/faq-crawler-en/)" "metrocrimedaily.com"
50.21.188.93 - - [09/Feb/2023:02:59:38 -0800] "GET /?C=D;O=A HTTP/1.1" 200 1670 "-" "IonCrawl (https://www.ionos.de/terms-gtc/faq-crawler-en/)" "metrocrimedaily.com"
50.21.188.93 - - [09/Feb/2023:02:59:41 -0800] "GET /CRIME-WATCH-AMERICA/ HTTP/1.1" 200 614 "-" "IonCrawl (https://www.ionos.de/terms-gtc/faq-crawler-en/)" "metrocrimedaily.com"
51.222.253.9 - - [09/Feb/2023:02:59:50 -0800] "GET /CRIME-WATCH-AMERICA/GOOD_BARBER_APP-MAKER/INSTALL-CRIME-WATCH-CHICAGO/CRIME-WATCH-CHICAGO/unix/bin/bison.exe HTTP/1.1" 200 67072 "-" "Mozilla/5.0 (compatible; AhrefsBot/7.0; +http://ahrefs.com/robot/)" "metrocrimedaily.com"
51.222.253.6 - - [09/Feb/2023:03:00:50 -0800] "GET /CRIME-WATCH-AMERICA/GOOD_BARBER_APP-MAKER/INSTALL-CRIME-WATCH-CHICAGO/CRIME-WATCH-CHICAGO/unix/bin/chmod.exe HTTP/1.1" 200 14336 "-" "Mozilla/5.0 (compatible; AhrefsBot/7.0; +http://ahrefs.com/robot/)" "metrocrimedaily.com"
51.222.253.8 - - [09/Feb/2023:03:02:02 -0800] "GET /CRIME-WATCH-AMERICA/GOOD_BARBER_APP-MAKER/INSTALL-CRIME-WATCH-CHICAGO/CRIME-WATCH-CHICAGO/unix/bin/cksum.exe HTTP/1.1" 200 32768 "-" "Mozilla/5.0 (compatible; AhrefsBot/7.0; +http://ahrefs.com/robot/)" "metrocrimedaily.com"
51.222.253.9 - - [09/Feb/2023:03:03:16 -0800] "GET /CRIME-WATCH-AMERICA/GOOD_BARBER_APP-MAKER/INSTALL-CRIME-WATCH-CHICAGO/CRIME-WATCH-CHICAGO/unix/bin/clear.bat HTTP/1.1" 200 21 "-" "Mozilla/5.0 (compatible; AhrefsBot/7.0; +http://ahrefs.com/robot/)" "metrocrimedaily.com"
51.222.253.13 - - [09/Feb/2023:03:04:05 -0800] "GET /CRIME-WATCH-AMERICA/GOOD_BARBER_APP-MAKER/INSTALL-CRIME-WATCH-CHICAGO/CRIME-WATCH-CHICAGO/unix/bin/compress.exe HTTP/1.1" 200 15872 "-" "Mozilla/5.0 (compatible; AhrefsBot/7.0; +http://ahrefs.com/robot/)" "metrocrimedaily.com"
51.222.253.1 - - [09/Feb/2023:03:04:49 -0800] "GET /CRIME-WATCH-AMERICA/GOOD_BARBER_APP-MAKER/INSTALL-CRIME-WATCH-CHICAGO/CRIME-WATCH-CHICAGO/unix/bin/cpio.exe HTTP/1.1" 200 38400 "-" "Mozilla/5.0 (compatible; AhrefsBot/7.0; +http://ahrefs.com/robot/)" "metrocrimedaily.com"
