51.222.253.17 - - [09/Feb/2023:03:05:43 -0800] "GET /CRIME-WATCH-AMERICA/GOOD_BARBER_APP-MAKER/INSTALL-CRIME-WATCH-CHICAGO/CRIME-WATCH-CHICAGO/unix/bin/csplit.exe HTTP/1.1" 200 44032 "-" "Mozilla/5.0 (compatible; AhrefsBot/7.0; +http://ahrefs.com/robot/)" "metrocrimedaily.com"
51.222.253.17 - - [09/Feb/2023:03:06:46 -0800] "GET /CRIME-WATCH-AMERICA/GOOD_BARBER_APP-MAKER/INSTALL-CRIME-WATCH-CHICAGO/CRIME-WATCH-CHICAGO/unix/bin/diff3.exe HTTP/1.1" 200 19456 "-" "Mozilla/5.0 (compatible; AhrefsBot/7.0; +http://ahrefs.com/robot/)" "metrocrimedaily.com"
51.222.253.12 - - [09/Feb/2023:03:07:46 -0800] "GET /CRIME-WATCH-AMERICA/GOOD_BARBER_APP-MAKER/INSTALL-CRIME-WATCH-CHICAGO/CRIME-WATCH-CHICAGO/unix/bin/dir.EXE.BAK HTTP/1.1" 200 23552 "-" "Mozilla/5.0 (compatible; AhrefsBot/7.0; +http://ahrefs.com/robot/)" "metrocrimedaily.com"
51.222.253.9 - - [09/Feb/2023:03:08:32 -0800] "GET /CRIME-WATCH-AMERICA/GOOD_BARBER_APP-MAKER/INSTALL-CRIME-WATCH-CHICAGO/CRIME-WATCH-CHICAGO/unix/bin/dirname.exe HTTP/1.1" 200 8704 "-" "Mozilla/5.0 (compatible; AhrefsBot/7.0; +http://ahrefs.com/robot/)" "metrocrimedaily.com"
51.222.253.14 - - [09/Feb/2023:03:09:26 -0800] "GET /CRIME-WATCH-AMERICA/GOOD_BARBER_APP-MAKER/INSTALL-CRIME-WATCH-CHICAGO/CRIME-WATCH-CHICAGO/unix/bin/egrep.exe HTTP/1.1" 200 17408 "-" "Mozilla/5.0 (compatible; AhrefsBot/7.0; +http://ahrefs.com/robot/)" "metrocrimedaily.com"
51.222.253.13 - - [09/Feb/2023:03:10:17 -0800] "GET /CRIME-WATCH-AMERICA/GOOD_BARBER_APP-MAKER/INSTALL-CRIME-WATCH-CHICAGO/CRIME-WATCH-CHICAGO/unix/bin/elvis.exe HTTP/1.1" 200 127488 "-" "Mozilla/5.0 (compatible; AhrefsBot/7.0; +http://ahrefs.com/robot/)" "metrocrimedaily.com"
51.222.253.7 - - [09/Feb/2023:03:11:07 -0800] "GET /CRIME-WATCH-AMERICA/GOOD_BARBER_APP-MAKER/INSTALL-CRIME-WATCH-CHICAGO/CRIME-WATCH-CHICAGO/unix/bin/expand.exe HTTP/1.1" 200 14336 "-" "Mozilla/5.0 (compatible; AhrefsBot/7.0; +http://ahrefs.com/robot/)" "metrocrimedaily.com"
51.222.253.2 - - [09/Feb/2023:03:12:07 -0800] "GET /CRIME-WATCH-AMERICA/GOOD_BARBER_APP-MAKER/INSTALL-CRIME-WATCH-CHICAGO/CRIME-WATCH-CHICAGO/unix/bin/fgrep.exe HTTP/1.1" 200 18432 "-" "Mozilla/5.0 (compatible; AhrefsBot/7.0; +http://ahrefs.com/robot/)" "metrocrimedaily.com"
51.222.253.16 - - [09/Feb/2023:03:12:58 -0800] "GET /CRIME-WATCH-AMERICA/GOOD_BARBER_APP-MAKER/INSTALL-CRIME-WATCH-CHICAGO/CRIME-WATCH-CHICAGO/unix/bin/find.exe HTTP/1.1" 200 31232 "-" "Mozilla/5.0 (compatible; AhrefsBot/7.0; +http://ahrefs.com/robot/)" "metrocrimedaily.com"
51.222.253.4 - - [09/Feb/2023:03:14:03 -0800] "GET /CRIME-WATCH-AMERICA/GOOD_BARBER_APP-MAKER/INSTALL-CRIME-WATCH-CHICAGO/CRIME-WATCH-CHICAGO/unix/bin/gawk.exe HTTP/1.1" 200 98816 "-" "Mozilla/5.0 (compatible; AhrefsBot/7.0; +http://ahrefs.com/robot/)" "metrocrimedaily.com"
51.222.253.2 - - [09/Feb/2023:03:15:48 -0800] "GET /CRIME-WATCH-AMERICA/GOOD_BARBER_APP-MAKER/INSTALL-CRIME-WATCH-CHICAGO/CRIME-WATCH-CHICAGO/unix/bin/gmake.exe HTTP/1.1" 200 207360 "-" "Mozilla/5.0 (compatible; AhrefsBot/7.0; +http://ahrefs.com/robot/)" "metrocrimedaily.com"
69.63.184.5 - - [09/Feb/2023:03:21:48 -0800] "GET /instagram-atlanta/02-09-2023-0521251-A.jpg HTTP/1.1" 200 147012 "-" "facebookexternalhit/1.1 (+http://www.facebook.com/externalhit_uatext.php)" "www.metrocrimedaily.com"
69.63.184.4 - - [09/Feb/2023:03:22:17 -0800] "GET /instagram-atlanta/02-09-2023-0521252-A.jpg HTTP/1.1" 200 137372 "-" "facebookexternalhit/1.1 (+http://www.facebook.com/externalhit_uatext.php)" "www.metrocrimedaily.com"
40.77.167.212 - - [09/Feb/2023:03:23:05 -0800] "GET /index-miami.html HTTP/1.1" 200 34762 "-" "Mozilla/5.0 AppleWebKit/537.36 (KHTML, like Gecko; compatible; bingbot/2.0; +http://www.bing.com/bingbot.htm) Chrome/103.0.5060.134 Safari/537.36" "metrocrimedaily.com"
114.119.158.34 - - [09/Feb/2023:03:23:24 -0800] "GET /instagram-stlouis/01-30-2023-0929541-When-gun-violence-ends-young-lives--these-men-pre.txt HTTP/1.1" 404 88 "https://metrocrimedaily.com/instagram-stlouis/?C=M%3BO%3DA" "Mozilla/5.0 (Linux; Android 7.0;) AppleWebKit/537.36 (KHTML, like Gecko) Mobile Safari/537.36 (compatible; PetalBot;+https://webmaster.petalsearch.com/site/petalbot)" "metrocrimedaily.com"
51.222.253.4 - - [09/Feb/2023:03:23:47 -0800] "GET /CRIME-WATCH-AMERICA/GOOD_BARBER_APP-MAKER/INSTALL-CRIME-WATCH-CHICAGO/CRIME-WATCH-CHICAGO/unix/bin/gunzip.exe HTTP/1.1" 200 53760 "-" "Mozilla/5.0 (compatible; AhrefsBot/7.0; +http://ahrefs.com/robot/)" "metrocrimedaily.com"
51.222.253.2 - - [09/Feb/2023:03:30:00 -0800] "GET /CRIME-WATCH-AMERICA/GOOD_BARBER_APP-MAKER/INSTALL-CRIME-WATCH-CHICAGO/CRIME-WATCH-CHICAGO/unix/bin/gzcat.exe HTTP/1.1" 200 53760 "-" "Mozilla/5.0 (compatible; AhrefsBot/7.0; +http://ahrefs.com/robot/)" "metrocrimedaily.com"
51.222.253.5 - - [09/Feb/2023:03:31:03 -0800] "GET /CRIME-WATCH-AMERICA/GOOD_BARBER_APP-MAKER/INSTALL-CRIME-WATCH-CHICAGO/CRIME-WATCH-CHICAGO/unix/bin/gzip.exe HTTP/1.1" 200 53760 "-" "Mozilla/5.0 (compatible; AhrefsBot/7.0; +http://ahrefs.com/robot/)" "metrocrimedaily.com"
69.63.184.4 - - [09/Feb/2023:03:32:04 -0800] "GET /instagram-miami/02-09-2023-0531431-A.jpg HTTP/1.1" 200 176859 "-" "facebookexternalhit/1.1 (+http://www.facebook.com/externalhit_uatext.php)" "www.metrocrimedaily.com"
51.222.253.2 - - [09/Feb/2023:03:32:10 -0800] "GET /CRIME-WATCH-AMERICA/GOOD_BARBER_APP-MAKER/INSTALL-CRIME-WATCH-CHICAGO/CRIME-WATCH-CHICAGO/unix/bin/ident.exe HTTP/1.1" 200 10240 "-" "Mozilla/5.0 (compatible; AhrefsBot/7.0; +http://ahrefs.com/robot/)" "metrocrimedaily.com"
51.222.253.9 - - [09/Feb/2023:03:33:29 -0800] "GET /CRIME-WATCH-AMERICA/GOOD_BARBER_APP-MAKER/INSTALL-CRIME-WATCH-CHICAGO/CRIME-WATCH-CHICAGO/unix/bin/indent.exe HTTP/1.1" 200 52736 "-" "Mozilla/5.0 (compatible; AhrefsBot/7.0; +http://ahrefs.com/robot/)" "metrocrimedaily.com"
51.222.253.14 - - [09/Feb/2023:03:34:40 -0800] "GET /CRIME-WATCH-AMERICA/GOOD_BARBER_APP-MAKER/INSTALL-CRIME-WATCH-CHICAGO/CRIME-WATCH-CHICAGO/unix/bin/install.log HTTP/1.1" 200 253 "-" "Mozilla/5.0 (compatible; AhrefsBot/7.0; +http://ahrefs.com/robot/)" "metrocrimedaily.com"
51.222.253.6 - - [09/Feb/2023:03:36:00 -0800] "GET /CRIME-WATCH-AMERICA/GOOD_BARBER_APP-MAKER/INSTALL-CRIME-WATCH-CHICAGO/CRIME-WATCH-CHICAGO/unix/bin/join.exe HTTP/1.1" 200 17408 "-" "Mozilla/5.0 (compatible; AhrefsBot/7.0; +http://ahrefs.com/robot/)" "metrocrimedaily.com"
51.222.253.1 - - [09/Feb/2023:03:37:15 -0800] "GET /CRIME-WATCH-AMERICA/GOOD_BARBER_APP-MAKER/INSTALL-CRIME-WATCH-CHICAGO/CRIME-WATCH-CHICAGO/unix/bin/kill.exe HTTP/1.1" 200 27136 "-" "Mozilla/5.0 (compatible; AhrefsBot/7.0; +http://ahrefs.com/robot/)" "metrocrimedaily.com"
51.222.253.17 - - [09/Feb/2023:03:38:29 -0800] "GET /CRIME-WATCH-AMERICA/GOOD_BARBER_APP-MAKER/INSTALL-CRIME-WATCH-CHICAGO/CRIME-WATCH-CHICAGO/unix/bin/lemmy.cnt HTTP/1.1" 200 849 "-" "Mozilla/5.0 (compatible; AhrefsBot/7.0; +http://ahrefs.com/robot/)" "metrocrimedaily.com"
51.222.253.7 - - [09/Feb/2023:03:39:51 -0800] "GET /CRIME-WATCH-AMERICA/GOOD_BARBER_APP-MAKER/INSTALL-CRIME-WATCH-CHICAGO/CRIME-WATCH-CHICAGO/unix/bin/lemmy.exe HTTP/1.1" 200 413184 "-" "Mozilla/5.0 (compatible; AhrefsBot/7.0; +http://ahrefs.com/robot/)" "metrocrimedaily.com"
51.222.253.11 - - [09/Feb/2023:03:40:59 -0800] "GET /CRIME-WATCH-AMERICA/GOOD_BARBER_APP-MAKER/INSTALL-CRIME-WATCH-CHICAGO/CRIME-WATCH-CHICAGO/unix/bin/lemmy.gid HTTP/1.1" 200 10837 "-" "Mozilla/5.0 (compatible; AhrefsBot/7.0; +http://ahrefs.com/robot/)" "metrocrimedaily.com"
69.63.184.4 - - [09/Feb/2023:03:42:00 -0800] "GET /instagram-chicago/02-09-2023-0541361-A.jpg HTTP/1.1" 200 173930 "-" "facebookexternalhit/1.1 (+http://www.facebook.com/externalhit_uatext.php)" "www.metrocrimedaily.com"
51.222.253.2 - - [09/Feb/2023:03:42:20 -0800] "GET /CRIME-WATCH-AMERICA/GOOD_BARBER_APP-MAKER/INSTALL-CRIME-WATCH-CHICAGO/CRIME-WATCH-CHICAGO/unix/bin/lemmy.hlp HTTP/1.1" 200 697730 "-" "Mozilla/5.0 (compatible; AhrefsBot/7.0; +http://ahrefs.com/robot/)" "metrocrimedaily.com"
51.222.253.13 - - [09/Feb/2023:03:43:42 -0800] "GET /CRIME-WATCH-AMERICA/GOOD_BARBER_APP-MAKER/INSTALL-CRIME-WATCH-CHICAGO/CRIME-WATCH-CHICAGO/unix/bin/lemreg.exe HTTP/1.1" 200 141312 "-" "Mozilla/5.0 (compatible; AhrefsBot/7.0; +http://ahrefs.com/robot/)" "metrocrimedaily.com"
51.222.253.19 - - [09/Feb/2023:03:44:41 -0800] "GET /CRIME-WATCH-AMERICA/GOOD_BARBER_APP-MAKER/INSTALL-CRIME-WATCH-CHICAGO/CRIME-WATCH-CHICAGO/unix/bin/make.exe HTTP/1.1" 200 207360 "-" "Mozilla/5.0 (compatible; AhrefsBot/7.0; +http://ahrefs.com/robot/)" "metrocrimedaily.com"
51.222.253.20 - - [09/Feb/2023:03:45:56 -0800] "GET /CRIME-WATCH-AMERICA/GOOD_BARBER_APP-MAKER/INSTALL-CRIME-WATCH-CHICAGO/CRIME-WATCH-CHICAGO/unix/bin/marlett.ttf HTTP/1.1" 200 17412 "-" "Mozilla/5.0 (compatible; AhrefsBot/7.0; +http://ahrefs.com/robot/)" "metrocrimedaily.com"
69.63.184.2 - - [09/Feb/2023:03:46:51 -0800] "GET /instagram-houston/02-09-2023-0546301-A.jpg HTTP/1.1" 200 141458 "-" "facebookexternalhit/1.1 (+http://www.facebook.com/externalhit_uatext.php)" "www.metrocrimedaily.com"
51.222.253.17 - - [09/Feb/2023:03:47:05 -0800] "GET /CRIME-WATCH-AMERICA/GOOD_BARBER_APP-MAKER/INSTALL-CRIME-WATCH-CHICAGO/CRIME-WATCH-CHICAGO/unix/bin/merge.exe HTTP/1.1" 200 36864 "-" "Mozilla/5.0 (compatible; AhrefsBot/7.0; +http://ahrefs.com/robot/)" "metrocrimedaily.com"
51.222.253.2 - - [09/Feb/2023:03:48:27 -0800] "GET /CRIME-WATCH-AMERICA/GOOD_BARBER_APP-MAKER/INSTALL-CRIME-WATCH-CHICAGO/CRIME-WATCH-CHICAGO/unix/bin/mkdir.exe HTTP/1.1" 200 13312 "-" "Mozilla/5.0 (compatible; AhrefsBot/7.0; +http://ahrefs.com/robot/)" "metrocrimedaily.com"
51.222.253.5 - - [09/Feb/2023:03:49:52 -0800] "GET /CRIME-WATCH-AMERICA/GOOD_BARBER_APP-MAKER/INSTALL-CRIME-WATCH-CHICAGO/CRIME-WATCH-CHICAGO/unix/bin/mtail.exe HTTP/1.1" 200 589824 "-" "Mozilla/5.0 (compatible; AhrefsBot/7.0; +http://ahrefs.com/robot/)" "metrocrimedaily.com"
51.222.253.3 - - [09/Feb/2023:03:50:48 -0800] "GET /CRIME-WATCH-AMERICA/GOOD_BARBER_APP-MAKER/INSTALL-CRIME-WATCH-CHICAGO/CRIME-WATCH-CHICAGO/unix/bin/ntemacs.exe HTTP/1.1" 200 634880 "-" "Mozilla/5.0 (compatible; AhrefsBot/7.0; +http://ahrefs.com/robot/)" "metrocrimedaily.com"
51.222.253.1 - - [09/Feb/2023:03:51:57 -0800] "GET /CRIME-WATCH-AMERICA/GOOD_BARBER_APP-MAKER/INSTALL-CRIME-WATCH-CHICAGO/CRIME-WATCH-CHICAGO/unix/bin/nutgmake.exe HTTP/1.1" 200 398612 "-" "Mozilla/5.0 (compatible; AhrefsBot/7.0; +http://ahrefs.com/robot/)" "metrocrimedaily.com"
51.222.253.10 - - [09/Feb/2023:03:53:10 -0800] "GET /CRIME-WATCH-AMERICA/GOOD_BARBER_APP-MAKER/INSTALL-CRIME-WATCH-CHICAGO/CRIME-WATCH-CHICAGO/unix/bin/nwin2.dll HTTP/1.1" 200 477680 "-" "Mozilla/5.0 (compatible; AhrefsBot/7.0; +http://ahrefs.com/robot/)" "metrocrimedaily.com"
51.222.253.8 - - [09/Feb/2023:03:54:29 -0800] "GET /CRIME-WATCH-AMERICA/GOOD_BARBER_APP-MAKER/INSTALL-CRIME-WATCH-CHICAGO/CRIME-WATCH-CHICAGO/unix/bin/objdump.exe HTTP/1.1" 200 100864 "-" "Mozilla/5.0 (compatible; AhrefsBot/7.0; +http://ahrefs.com/robot/)" "metrocrimedaily.com"
51.222.253.2 - - [09/Feb/2023:03:56:07 -0800] "GET / HTTP/1.1" 200 1671 "-" "Mozilla/5.0 (compatible; AhrefsBot/7.0; +http://ahrefs.com/robot/)" "metrocrimedaily.com"
51.222.253.16 - - [09/Feb/2023:03:56:50 -0800] "GET / HTTP/1.1" 200 1671 "-" "Mozilla/5.0 (compatible; AhrefsBot/7.0; +http://ahrefs.com/robot/)" "www.metrocrimedaily.com"
69.63.184.120 - - [09/Feb/2023:03:57:42 -0800] "GET /instagram-atlanta/02-09-2023-0557211-A.jpg HTTP/1.1" 200 70716 "-" "facebookexternalhit/1.1 (+http://www.facebook.com/externalhit_uatext.php)" "www.metrocrimedaily.com"
51.222.253.2 - - [09/Feb/2023:03:57:55 -0800] "GET /instagram-houston/videos/?C=S;O=A HTTP/1.1" 200 329 "-" "Mozilla/5.0 (compatible; AhrefsBot/7.0; +http://ahrefs.com/robot/)" "metrocrimedaily.com"
51.222.253.19 - - [09/Feb/2023:03:59:29 -0800] "GET /CRIME-WATCH-AMERICA/CRIME-WATCH-MIAMI/?C=D;O=A HTTP/1.1" 200 374 "-" "Mozilla/5.0 (compatible; AhrefsBot/7.0; +http://ahrefs.com/robot/)" "www.metrocrimedaily.com"
51.222.253.3 - - [09/Feb/2023:04:00:00 -0800] "GET /instagram-atlanta/?C=S;O=A HTTP/1.1" 200 1966 "-" "Mozilla/5.0 (compatible; AhrefsBot/7.0; +http://ahrefs.com/robot/)" "metrocrimedaily.com"
51.222.253.16 - - [09/Feb/2023:04:00:56 -0800] "GET /instagram-atlanta/?C=M;O=A HTTP/1.1" 200 1947 "-" "Mozilla/5.0 (compatible; AhrefsBot/7.0; +http://ahrefs.com/robot/)" "metrocrimedaily.com"
40.77.167.212 - - [09/Feb/2023:04:01:30 -0800] "GET /index-miami.html HTTP/1.1" 200 34985 "-" "Mozilla/5.0 AppleWebKit/537.36 (KHTML, like Gecko; compatible; bingbot/2.0; +http://www.bing.com/bingbot.htm) Chrome/103.0.5060.134 Safari/537.36" "metrocrimedaily.com"
51.222.253.3 - - [09/Feb/2023:04:01:47 -0800] "GET /instagram-stlouis/ HTTP/1.1" 200 1839 "-" "Mozilla/5.0 (compatible; AhrefsBot/7.0; +http://ahrefs.com/robot/)" "www.metrocrimedaily.com"
51.222.253.12 - - [09/Feb/2023:04:02:33 -0800] "GET /index-houston.html HTTP/1.1" 200 95377 "-" "Mozilla/5.0 (compatible; AhrefsBot/7.0; +http://ahrefs.com/robot/)" "www.metrocrimedaily.com"
157.55.39.24 - - [09/Feb/2023:04:02:37 -0800] "GET /index-dallas.html HTTP/1.1" 200 45117 "-" "Mozilla/5.0 AppleWebKit/537.36 (KHTML, like Gecko; compatible; bingbot/2.0; +http://www.bing.com/bingbot.htm) Chrome/103.0.5060.134 Safari/537.36" "metrocrimedaily.com"
51.222.253.20 - - [09/Feb/2023:04:03:20 -0800] "GET /instagram-atlanta/?C=N;O=A HTTP/1.1" 200 1938 "-" "Mozilla/5.0 (compatible; AhrefsBot/7.0; +http://ahrefs.com/robot/)" "metrocrimedaily.com"
66.249.64.80 - - [09/Feb/2023:04:03:26 -0800] "GET /www.deadlinedetroit.com HTTP/1.1" 404 88 "-" "Mozilla/5.0 (Linux; Android 6.0.1; Nexus 5X Build/MMB29P) AppleWebKit/537.36 (KHTML, like Gecko) Chrome/109.0.5414.101 Mobile Safari/537.36 (compatible; Googlebot/2.1; +http://www.google.com/bot.html)" "www.metrocrimedaily.com"
66.249.64.83 - - [09/Feb/2023:04:03:27 -0800] "GET /www.clickondetroit.com HTTP/1.1" 404 88 "-" "Mozilla/5.0 (Linux; Android 6.0.1; Nexus 5X Build/MMB29P) AppleWebKit/537.36 (KHTML, like Gecko) Chrome/109.0.5414.101 Mobile Safari/537.36 (compatible; Googlebot/2.1; +http://www.google.com/bot.html)" "www.metrocrimedaily.com"
66.249.64.80 - - [09/Feb/2023:04:03:29 -0800] "GET /www.audacy.com HTTP/1.1" 404 88 "-" "Mozilla/5.0 (Linux; Android 6.0.1; Nexus 5X Build/MMB29P) AppleWebKit/537.36 (KHTML, like Gecko) Chrome/109.0.5414.101 Mobile Safari/537.36 (compatible; Googlebot/2.1; +http://www.google.com/bot.html)" "www.metrocrimedaily.com"
66.249.64.80 - - [09/Feb/2023:04:03:30 -0800] "GET /index.html HTTP/1.1" 404 88 "-" "Mozilla/5.0 (Linux; Android 6.0.1; Nexus 5X Build/MMB29P) AppleWebKit/537.36 (KHTML, like Gecko) Chrome/109.0.5414.101 Mobile Safari/537.36 (compatible; Googlebot/2.1; +http://www.google.com/bot.html)" "www.metrocrimedaily.com"
66.249.64.80 - - [09/Feb/2023:04:03:37 -0800] "GET /www.wxyz.com HTTP/1.1" 404 88 "-" "Mozilla/5.0 (Linux; Android 6.0.1; Nexus 5X Build/MMB29P) AppleWebKit/537.36 (KHTML, like Gecko) Chrome/109.0.5414.101 Mobile Safari/537.36 (compatible; Googlebot/2.1; +http://www.google.com/bot.html)" "www.metrocrimedaily.com"
66.249.64.80 - - [09/Feb/2023:04:03:41 -0800] "GET /www.detroitnews.com HTTP/1.1" 404 88 "-" "Mozilla/5.0 (Linux; Android 6.0.1; Nexus 5X Build/MMB29P) AppleWebKit/537.36 (KHTML, like Gecko) Chrome/109.0.5414.101 Mobile Safari/537.36 (compatible; Googlebot/2.1; +http://www.google.com/bot.html)" "www.metrocrimedaily.com"
66.249.64.80 - - [09/Feb/2023:04:03:45 -0800] "GET /www.thenewsherald.com HTTP/1.1" 404 88 "-" "Mozilla/5.0 (Linux; Android 6.0.1; Nexus 5X Build/MMB29P) AppleWebKit/537.36 (KHTML, like Gecko) Chrome/109.0.5414.101 Mobile Safari/537.36 (compatible; Googlebot/2.1; +http://www.google.com/bot.html)" "www.metrocrimedaily.com"
66.249.64.80 - - [09/Feb/2023:04:03:49 -0800] "GET /www.fox2detroit.com HTTP/1.1" 404 88 "-" "Mozilla/5.0 (Linux; Android 6.0.1; Nexus 5X Build/MMB29P) AppleWebKit/537.36 (KHTML, like Gecko) Chrome/109.0.5414.101 Mobile Safari/537.36 (compatible; Googlebot/2.1; +http://www.google.com/bot.html)" "www.metrocrimedaily.com"
51.222.253.9 - - [09/Feb/2023:04:04:09 -0800] "GET /index-dallas.html HTTP/1.1" 200 45117 "-" "Mozilla/5.0 (compatible; AhrefsBot/7.0; +http://ahrefs.com/robot/)" "www.metrocrimedaily.com"
66.249.64.82 - - [09/Feb/2023:04:04:19 -0800] "GET /styles.css HTTP/1.1" 404 88 "http://www.metrocrimedaily.com/social-media-menu.html" "Mozilla/5.0 (Linux; Android 6.0.1; Nexus 5X Build/MMB29P) AppleWebKit/537.36 (KHTML, like Gecko) Chrome/109.0.5414.101 Mobile Safari/537.36 (compatible; Googlebot/2.1; +http://www.google.com/bot.html)" "www.metrocrimedaily.com"
66.249.64.80 - - [09/Feb/2023:04:04:19 -0800] "GET /styles.css HTTP/1.1" 404 88 "http://www.metrocrimedaily.com/social-media-menu.html" "Mozilla/5.0 (Linux; Android 6.0.1; Nexus 5X Build/MMB29P) AppleWebKit/537.36 (KHTML, like Gecko) Chrome/109.0.5414.101 Mobile Safari/537.36 (compatible; Googlebot/2.1; +http://www.google.com/bot.html)" "www.metrocrimedaily.com"
51.222.253.8 - - [09/Feb/2023:04:04:59 -0800] "GET /index-chicago.html HTTP/1.1" 200 44102 "-" "Mozilla/5.0 (compatible; AhrefsBot/7.0; +http://ahrefs.com/robot/)" "www.metrocrimedaily.com"
51.222.253.8 - - [09/Feb/2023:04:05:44 -0800] "GET /instagram-monroe/videos/ HTTP/1.1" 200 327 "-" "Mozilla/5.0 (compatible; AhrefsBot/7.0; +http://ahrefs.com/robot/)" "metrocrimedaily.com"
51.222.253.6 - - [09/Feb/2023:04:06:19 -0800] "GET /instagram-atlanta/post-later/02-07-2023-1758181-Head-of-Georgia---s-corrections-system-says-he-wi.txt HTTP/1.1" 200 1082 "-" "Mozilla/5.0 (compatible; AhrefsBot/7.0; +http://ahrefs.com/robot/)" "metrocrimedaily.com"
51.222.253.18 - - [09/Feb/2023:04:07:05 -0800] "GET /instagram-atlanta/post-later/02-07-2023-1758182-Homicide-investigation-underway-after-17-year-old.txt HTTP/1.1" 200 584 "-" "Mozilla/5.0 (compatible; AhrefsBot/7.0; +http://ahrefs.com/robot/)" "metrocrimedaily.com"
51.222.253.3 - - [09/Feb/2023:04:07:52 -0800] "GET /instagram-atlanta/post-later/02-07-2023-1758183-Police-investigating-after-juvenile-shot--critica.txt HTTP/1.1" 200 398 "-" "Mozilla/5.0 (compatible; AhrefsBot/7.0; +http://ahrefs.com/robot/)" "metrocrimedaily.com"
51.222.253.3 - - [09/Feb/2023:04:08:30 -0800] "GET /instagram-atlanta/post-later/02-07-2023-1758184-Locals-with-family-in-Turkey--Syria-scramble-to-c.txt HTTP/1.1" 200 933 "-" "Mozilla/5.0 (compatible; AhrefsBot/7.0; +http://ahrefs.com/robot/)" "metrocrimedaily.com"
51.222.253.17 - - [09/Feb/2023:04:09:13 -0800] "GET /instagram-atlanta/post-later/02-07-2023-1758185-Child-shot-in-South-Fulton-subdivision--police-sa.txt HTTP/1.1" 200 387 "-" "Mozilla/5.0 (compatible; AhrefsBot/7.0; +http://ahrefs.com/robot/)" "metrocrimedaily.com"
51.222.253.13 - - [09/Feb/2023:04:09:25 -0800] "GET /images/crime-scene-chicago-banner.jpg HTTP/1.1" 200 50989 "-" "Mozilla/5.0 (compatible; AhrefsBot/7.0; +http://ahrefs.com/robot/)" "www.metrocrimedaily.com"
51.222.253.7 - - [09/Feb/2023:04:10:06 -0800] "GET /instagram-atlanta/post-later/02-07-2023-1758186-Children-s-Healthcare-of-Atlanta-ER-doctor-urges-.txt HTTP/1.1" 200 1046 "-" "Mozilla/5.0 (compatible; AhrefsBot/7.0; +http://ahrefs.com/robot/)" "metrocrimedaily.com"
51.222.253.20 - - [09/Feb/2023:04:11:39 -0800] "GET /instagram-atlanta/post-later/02-07-2023-1758188--Time-is-ticking----Local-families-urge-Atlantans.txt HTTP/1.1" 200 1059 "-" "Mozilla/5.0 (compatible; AhrefsBot/7.0; +http://ahrefs.com/robot/)" "metrocrimedaily.com"
66.249.64.82 - - [09/Feb/2023:04:12:19 -0800] "GET /images/downtown-detroit.jpg HTTP/1.1" 200 10971 "-" "Googlebot-Image/1.0" "www.metrocrimedaily.com"
51.222.253.10 - - [09/Feb/2023:04:12:23 -0800] "GET /instagram-atlanta/post-later/02-07-2023-1758189-Manhunt-for-Georgia-man-accused-of-strangling-pre.txt HTTP/1.1" 200 1057 "-" "Mozilla/5.0 (compatible; AhrefsBot/7.0; +http://ahrefs.com/robot/)" "metrocrimedaily.com"
69.63.184.5 - - [09/Feb/2023:04:12:33 -0800] "GET /instagram-chicago/02-09-2023-0541362-A.jpg HTTP/1.1" 200 106337 "-" "facebookexternalhit/1.1 (+http://www.facebook.com/externalhit_uatext.php)" "www.metrocrimedaily.com"
51.222.253.7 - - [09/Feb/2023:04:13:55 -0800] "GET /instagram-atlanta/post-later/02-08-2023-21371711-Body-cam-footage-of-Atlanta-police-response-to-sh.txt HTTP/1.1" 200 147 "-" "Mozilla/5.0 (compatible; AhrefsBot/7.0; +http://ahrefs.com/robot/)" "metrocrimedaily.com"
51.222.253.19 - - [09/Feb/2023:04:14:37 -0800] "GET /instagram-atlanta/post-later/02-08-2023-21371712-Police--Officer-shot-during-Philadelphia-traffic-.txt HTTP/1.1" 200 860 "-" "Mozilla/5.0 (compatible; AhrefsBot/7.0; +http://ahrefs.com/robot/)" "metrocrimedaily.com"
51.222.253.3 - - [09/Feb/2023:04:15:19 -0800] "GET /instagram-atlanta/post-later/02-08-2023-21371713-Texas-Walmart-shooting-suspect-pleads-guilty-to-f.txt HTTP/1.1" 200 1125 "-" "Mozilla/5.0 (compatible; AhrefsBot/7.0; +http://ahrefs.com/robot/)" "metrocrimedaily.com"
51.222.253.12 - - [09/Feb/2023:04:16:10 -0800] "GET /instagram-atlanta/post-later/02-08-2023-2137177-Paulding-County-daycare-owner-charged-in-child-ab.txt HTTP/1.1" 200 634 "-" "Mozilla/5.0 (compatible; AhrefsBot/7.0; +http://ahrefs.com/robot/)" "metrocrimedaily.com"
51.222.253.11 - - [09/Feb/2023:04:17:24 -0800] "GET /instagram-atlanta/post-later/02-08-2023-2137178-Atlanta-police-release-body-camera-video-from-sho.txt HTTP/1.1" 200 1167 "-" "Mozilla/5.0 (compatible; AhrefsBot/7.0; +http://ahrefs.com/robot/)" "metrocrimedaily.com"
51.222.253.14 - - [09/Feb/2023:04:17:49 -0800] "GET /instagram-atlanta/post-later/02-08-2023-2137179-Body-cam-footage-of-Atlanta-police-response-to-sh.txt HTTP/1.1" 200 147 "-" "Mozilla/5.0 (compatible; AhrefsBot/7.0; +http://ahrefs.com/robot/)" "metrocrimedaily.com"
51.222.253.1 - - [09/Feb/2023:04:18:39 -0800] "GET /instagram-atlanta/post-later/02-09-2023-0030521-Police-searching-for-leads-in-murder-of-LaGrange-.txt HTTP/1.1" 200 1046 "-" "Mozilla/5.0 (compatible; AhrefsBot/7.0; +http://ahrefs.com/robot/)" "metrocrimedaily.com"
51.222.253.8 - - [09/Feb/2023:04:19:21 -0800] "GET /instagram-atlanta/post-later/02-09-2023-0030522-Gwinnett-County-family-notified-teen-girl-missing.txt HTTP/1.1" 200 162 "-" "Mozilla/5.0 (compatible; AhrefsBot/7.0; +http://ahrefs.com/robot/)" "metrocrimedaily.com"
51.222.253.10 - - [09/Feb/2023:04:19:59 -0800] "GET /instagram-atlanta/post-later/02-09-2023-0030523-Georgia-prison-warden-fired--faces-RICO-charges-i.txt HTTP/1.1" 200 1107 "-" "Mozilla/5.0 (compatible; AhrefsBot/7.0; +http://ahrefs.com/robot/)" "metrocrimedaily.com"
51.222.253.4 - - [09/Feb/2023:04:20:45 -0800] "GET /instagram-atlanta/post-later/02-09-2023-0030524-Nightclub-owner---s-brother-offers-$100-000-rewar.txt HTTP/1.1" 200 1114 "-" "Mozilla/5.0 (compatible; AhrefsBot/7.0; +http://ahrefs.com/robot/)" "metrocrimedaily.com"
51.222.253.3 - - [09/Feb/2023:04:21:28 -0800] "GET /instagram-atlanta/post-later/02-09-2023-0030525-Brother-of-popular-Atlanta-lounge-co-owner-pens-l.txt HTTP/1.1" 200 1109 "-" "Mozilla/5.0 (compatible; AhrefsBot/7.0; +http://ahrefs.com/robot/)" "metrocrimedaily.com"
51.222.253.6 - - [09/Feb/2023:04:22:07 -0800] "GET /instagram-atlanta/post-later/02-09-2023-0030526-$100k-reward-offered-by-family-of-Republic-club-s.txt HTTP/1.1" 200 163 "-" "Mozilla/5.0 (compatible; AhrefsBot/7.0; +http://ahrefs.com/robot/)" "metrocrimedaily.com"
51.222.253.10 - - [09/Feb/2023:04:23:06 -0800] "GET /instagram-atlanta/post-later/02-09-2023-0030527-30-officers----permanently----set-to-guard-Atlant.txt HTTP/1.1" 200 558 "-" "Mozilla/5.0 (compatible; AhrefsBot/7.0; +http://ahrefs.com/robot/)" "metrocrimedaily.com"
51.222.253.17 - - [09/Feb/2023:04:23:48 -0800] "GET /instagram-atlanta/post-later/02-09-2023-0110091-Vigil-held-for-Atlanta-nightlife-legend--family-p.txt HTTP/1.1" 200 1019 "-" "Mozilla/5.0 (compatible; AhrefsBot/7.0; +http://ahrefs.com/robot/)" "metrocrimedaily.com"
51.222.253.12 - - [09/Feb/2023:04:24:31 -0800] "GET /instagram-atlanta/post-later/02-09-2023-0253561-Human-remains-found-in-Gwinnett-County-identified.txt HTTP/1.1" 200 958 "-" "Mozilla/5.0 (compatible; AhrefsBot/7.0; +http://ahrefs.com/robot/)" "metrocrimedaily.com"
51.222.253.1 - - [09/Feb/2023:04:25:11 -0800] "GET /instagram-atlanta/02-08-2023-1138431-Police-release-photo-of-suspect-in-Republic-Loung.txt HTTP/1.1" 200 650 "-" "Mozilla/5.0 (compatible; AhrefsBot/7.0; +http://ahrefs.com/robot/)" "metrocrimedaily.com"
51.222.253.7 - - [09/Feb/2023:04:25:49 -0800] "GET /instagram-atlanta/02-08-2023-1300371-Police-looking-for-man-with-possible-connection-t.txt HTTP/1.1" 200 118 "-" "Mozilla/5.0 (compatible; AhrefsBot/7.0; +http://ahrefs.com/robot/)" "metrocrimedaily.com"
51.222.253.19 - - [09/Feb/2023:04:26:34 -0800] "GET /instagram-atlanta/02-08-2023-1300372-FBI--We---ve-seen-an-explosion-of-online-romance-.txt HTTP/1.1" 200 860 "-" "Mozilla/5.0 (compatible; AhrefsBot/7.0; +http://ahrefs.com/robot/)" "metrocrimedaily.com"
51.222.253.15 - - [09/Feb/2023:04:27:15 -0800] "GET /instagram-atlanta/02-08-2023-1300373-4-year-old-boy-in-critical-condition-after-findin.txt HTTP/1.1" 200 393 "-" "Mozilla/5.0 (compatible; AhrefsBot/7.0; +http://ahrefs.com/robot/)" "metrocrimedaily.com"
51.222.253.3 - - [09/Feb/2023:04:27:52 -0800] "GET /instagram-atlanta/02-08-2023-1300374-FBI-warns-about-romance-scammers-.txt HTTP/1.1" 200 57 "-" "Mozilla/5.0 (compatible; AhrefsBot/7.0; +http://ahrefs.com/robot/)" "metrocrimedaily.com"
51.222.253.20 - - [09/Feb/2023:04:28:22 -0800] "GET /instagram-atlanta/02-08-2023-1444021-Deputies-seize-meth--oxy-and-guns-at-Georgia-home.txt HTTP/1.1" 200 620 "-" "Mozilla/5.0 (compatible; AhrefsBot/7.0; +http://ahrefs.com/robot/)" "metrocrimedaily.com"
51.222.253.19 - - [09/Feb/2023:04:29:00 -0800] "GET /instagram-atlanta/02-08-2023-1444022-Arrest-made-in-series-of-dating-app-armed-robberi.txt HTTP/1.1" 200 980 "-" "Mozilla/5.0 (compatible; AhrefsBot/7.0; +http://ahrefs.com/robot/)" "metrocrimedaily.com"
66.249.64.82 - - [09/Feb/2023:04:29:11 -0800] "GET /styles.css HTTP/1.1" 404 88 "http://www.metrocrimedaily.com/social-media-menu.html" "Mozilla/5.0 (Linux; Android 6.0.1; Nexus 5X Build/MMB29P) AppleWebKit/537.36 (KHTML, like Gecko) Chrome/109.0.5414.101 Mobile Safari/537.36 (compatible; Googlebot/2.1; +http://www.google.com/bot.html)" "www.metrocrimedaily.com"
66.249.64.83 - - [09/Feb/2023:04:29:12 -0800] "GET /styles.css HTTP/1.1" 404 88 "http://www.metrocrimedaily.com/social-media-menu.html" "Mozilla/5.0 (Linux; Android 6.0.1; Nexus 5X Build/MMB29P) AppleWebKit/537.36 (KHTML, like Gecko) Chrome/109.0.5414.101 Mobile Safari/537.36 (compatible; Googlebot/2.1; +http://www.google.com/bot.html)" "www.metrocrimedaily.com"
51.222.253.11 - - [09/Feb/2023:04:30:12 -0800] "GET /instagram-atlanta/02-08-2023-1444023-911-calls-reveals-chaotic-moments-after-Republic-.txt HTTP/1.1" 200 989 "-" "Mozilla/5.0 (compatible; AhrefsBot/7.0; +http://ahrefs.com/robot/)" "metrocrimedaily.com"
51.222.253.7 - - [09/Feb/2023:04:30:51 -0800] "GET /instagram-atlanta/02-08-2023-1614371-Tampa-rapper-arrested-for-young-mother-s-murder-d.txt HTTP/1.1" 200 1137 "-" "Mozilla/5.0 (compatible; AhrefsBot/7.0; +http://ahrefs.com/robot/)" "metrocrimedaily.com"
76.184.252.42 - - [09/Feb/2023:04:31:26 -0800] "GET /images/police-tape.jpg HTTP/1.1" 200 50766 "-" "Wget/1.20.3 (mingw32)" "metrocrimedaily.com"
69.63.184.3 - - [09/Feb/2023:04:31:35 -0800] "GET /instagram-detroit/02-09-2023-0631141-A.jpg HTTP/1.1" 200 63254 "-" "facebookexternalhit/1.1 (+http://www.facebook.com/externalhit_uatext.php)" "www.metrocrimedaily.com"
51.222.253.3 - - [09/Feb/2023:04:31:38 -0800] "GET /instagram-atlanta/02-08-2023-1614372-Bullet-ridden-car-crashes-in-Midtown-Atlanta--pol.txt HTTP/1.1" 200 413 "-" "Mozilla/5.0 (compatible; AhrefsBot/7.0; +http://ahrefs.com/robot/)" "metrocrimedaily.com"
69.63.184.117 - - [09/Feb/2023:04:32:01 -0800] "GET /instagram-detroit/02-09-2023-0631142-A.jpg HTTP/1.1" 200 95909 "-" "facebookexternalhit/1.1 (+http://www.facebook.com/externalhit_uatext.php)" "www.metrocrimedaily.com"
51.222.253.4 - - [09/Feb/2023:04:32:16 -0800] "GET /instagram-atlanta/02-08-2023-1614373-Body-found-in-Gwinnett-County-identified-as-missi.txt HTTP/1.1" 200 714 "-" "Mozilla/5.0 (compatible; AhrefsBot/7.0; +http://ahrefs.com/robot/)" "metrocrimedaily.com"
51.222.253.1 - - [09/Feb/2023:04:33:08 -0800] "GET /instagram-atlanta/02-08-2023-1758451-Democrats--Republicans-proposing-many-gun-bills-i.txt HTTP/1.1" 200 1092 "-" "Mozilla/5.0 (compatible; AhrefsBot/7.0; +http://ahrefs.com/robot/)" "metrocrimedaily.com"
69.63.184.116 - - [09/Feb/2023:04:33:11 -0800] "GET /instagram-houston/02-09-2023-0632501-A.jpg HTTP/1.1" 200 180185 "-" "facebookexternalhit/1.1 (+http://www.facebook.com/externalhit_uatext.php)" "www.metrocrimedaily.com"
69.63.184.116 - - [09/Feb/2023:04:33:21 -0800] "GET /instagram-stlouis/02-09-2023-0632591-A.jpg HTTP/1.1" 200 124090 "-" "facebookexternalhit/1.1 (+http://www.facebook.com/externalhit_uatext.php)" "www.metrocrimedaily.com"
51.222.253.12 - - [09/Feb/2023:04:33:53 -0800] "GET /instagram-atlanta/02-08-2023-1758452-DeKalb-County-police-seize-large-amount-of-drugs-.txt HTTP/1.1" 200 385 "-" "Mozilla/5.0 (compatible; AhrefsBot/7.0; +http://ahrefs.com/robot/)" "metrocrimedaily.com"
51.222.253.6 - - [09/Feb/2023:04:34:29 -0800] "GET /instagram-atlanta/02-08-2023-1758453-Aggressive-driver-attempts-to-flee-from-Coweta-Co.txt HTTP/1.1" 200 775 "-" "Mozilla/5.0 (compatible; AhrefsBot/7.0; +http://ahrefs.com/robot/)" "metrocrimedaily.com"
69.63.184.116 - - [09/Feb/2023:04:35:17 -0800] "GET /instagram-neworleans/02-09-2023-0634531-A.jpg HTTP/1.1" 200 203810 "-" "facebookexternalhit/1.1 (+http://www.facebook.com/externalhit_uatext.php)" "www.metrocrimedaily.com"
51.222.253.3 - - [09/Feb/2023:04:35:22 -0800] "GET /instagram-atlanta/02-08-2023-1758454-Community-leaders-ask-judge-to-spare-teachers-app.txt HTTP/1.1" 200 1067 "-" "Mozilla/5.0 (compatible; AhrefsBot/7.0; +http://ahrefs.com/robot/)" "metrocrimedaily.com"
51.222.253.15 - - [09/Feb/2023:04:36:06 -0800] "GET /instagram-atlanta/02-08-2023-1758455-Monroe-County-man-arrested--accused-of-selling-dr.txt HTTP/1.1" 200 20 "-" "Mozilla/5.0 (compatible; AhrefsBot/7.0; +http://ahrefs.com/robot/)" "metrocrimedaily.com"
51.222.253.19 - - [09/Feb/2023:04:36:43 -0800] "GET /instagram-atlanta/02-08-2023-1758456-Georgia-Senate-wants-to-make-it-a-felony-to-pay-f.txt HTTP/1.1" 200 705 "-" "Mozilla/5.0 (compatible; AhrefsBot/7.0; +http://ahrefs.com/robot/)" "metrocrimedaily.com"
69.63.184.3 - - [09/Feb/2023:04:36:55 -0800] "GET /instagram-memphis/02-09-2023-0636271-A.jpg HTTP/1.1" 200 166829 "-" "facebookexternalhit/1.1 (+http://www.facebook.com/externalhit_uatext.php)" "www.metrocrimedaily.com"
51.222.253.13 - - [09/Feb/2023:04:37:28 -0800] "GET /instagram-atlanta/02-08-2023-1758457-No--Jackie-Robinson-was-not-the-first-Black-man-t.txt HTTP/1.1" 200 1017 "-" "Mozilla/5.0 (compatible; AhrefsBot/7.0; +http://ahrefs.com/robot/)" "metrocrimedaily.com"
51.222.253.6 - - [09/Feb/2023:04:38:05 -0800] "GET /instagram-atlanta/02-08-2023-1758458-Former-sailor-sentenced-to-prison-for-distributin.txt HTTP/1.1" 200 1050 "-" "Mozilla/5.0 (compatible; AhrefsBot/7.0; +http://ahrefs.com/robot/)" "metrocrimedaily.com"
69.63.184.117 - - [09/Feb/2023:04:38:18 -0800] "GET /instagram-losangeles/02-09-2023-0637571-A.jpg HTTP/1.1" 200 139170 "-" "facebookexternalhit/1.1 (+http://www.facebook.com/externalhit_uatext.php)" "www.metrocrimedaily.com"
51.222.253.20 - - [09/Feb/2023:04:38:50 -0800] "GET /instagram-atlanta/02-08-2023-2137171-Gwinnett-County-officials-give-update-after-missi.txt HTTP/1.1" 200 162 "-" "Mozilla/5.0 (compatible; AhrefsBot/7.0; +http://ahrefs.com/robot/)" "metrocrimedaily.com"
114.119.128.35 - - [09/Feb/2023:04:39:05 -0800] "GET /instagram-neworleans/02-05-2023-2149111-DOJ-to-investigate-Memphis-Police-Department-afte.txt HTTP/1.1" 404 88 "https://metrocrimedaily.com/instagram-neworleans/?C=N%3BO%3DD" "Mozilla/5.0 (Linux; Android 7.0;) AppleWebKit/537.36 (KHTML, like Gecko) Mobile Safari/537.36 (compatible; PetalBot;+https://webmaster.petalsearch.com/site/petalbot)" "metrocrimedaily.com"
40.77.167.212 - - [09/Feb/2023:04:39:54 -0800] "GET /index-miami.html HTTP/1.1" 200 34985 "-" "Mozilla/5.0 AppleWebKit/537.36 (KHTML, like Gecko; compatible; bingbot/2.0; +http://www.bing.com/bingbot.htm) Chrome/103.0.5060.134 Safari/537.36" "metrocrimedaily.com"
51.222.253.16 - - [09/Feb/2023:04:39:56 -0800] "GET /instagram-atlanta/02-08-2023-2137172-Family-stunned-after-learning-wife-accused-of-sta.txt HTTP/1.1" 200 1067 "-" "Mozilla/5.0 (compatible; AhrefsBot/7.0; +http://ahrefs.com/robot/)" "metrocrimedaily.com"
51.222.253.1 - - [09/Feb/2023:04:40:51 -0800] "GET /instagram-atlanta/02-08-2023-2137173-Man-arrested-for-alleged-string-of-South-Fulton-r.txt HTTP/1.1" 200 919 "-" "Mozilla/5.0 (compatible; AhrefsBot/7.0; +http://ahrefs.com/robot/)" "metrocrimedaily.com"
51.222.253.16 - - [09/Feb/2023:04:41:33 -0800] "GET /instagram-atlanta/02-08-2023-2137174--I-almost-lost-my-house----Woman-speaks-on-how-sh.txt HTTP/1.1" 200 1042 "-" "Mozilla/5.0 (compatible; AhrefsBot/7.0; +http://ahrefs.com/robot/)" "metrocrimedaily.com"
114.119.145.89 - - [09/Feb/2023:04:42:15 -0800] "GET /instagram-houston/videos/?C=M%3BO%3DA HTTP/1.1" 200 329 "https://metrocrimedaily.com/instagram-houston/videos/?C=D%3BO%3DA" "Mozilla/5.0 (Linux; Android 7.0;) AppleWebKit/537.36 (KHTML, like Gecko) Mobile Safari/537.36 (compatible; PetalBot;+https://webmaster.petalsearch.com/site/petalbot)" "metrocrimedaily.com"
114.119.163.186 - - [09/Feb/2023:04:42:23 -0800] "GET /instagram-memphis/02-02-2023-1808571-Mid-South-podiatrist-pleads-guilty-to-foot-bath-f.txt HTTP/1.1" 404 88 "https://metrocrimedaily.com/instagram-memphis/?C=M%3BO%3DA" "Mozilla/5.0 (Linux; Android 7.0;) AppleWebKit/537.36 (KHTML, like Gecko) Mobile Safari/537.36 (compatible; PetalBot;+https://webmaster.petalsearch.com/site/petalbot)" "metrocrimedaily.com"
51.222.253.11 - - [09/Feb/2023:04:42:25 -0800] "GET /instagram-atlanta/02-08-2023-2137175-2-women-arrested-after-allegedly-stealing-almost-.txt HTTP/1.1" 200 704 "-" "Mozilla/5.0 (compatible; AhrefsBot/7.0; +http://ahrefs.com/robot/)" "metrocrimedaily.com"
69.63.184.120 - - [09/Feb/2023:04:43:12 -0800] "GET /instagram-chicago/02-09-2023-0541363-A.jpg HTTP/1.1" 200 189975 "-" "facebookexternalhit/1.1 (+http://www.facebook.com/externalhit_uatext.php)" "www.metrocrimedaily.com"
51.222.253.3 - - [09/Feb/2023:04:44:01 -0800] "GET /instagram-atlanta/02-08-2023-2137176-Body-cam-footage-released-of-fatal-shooting-outsi.txt HTTP/1.1" 200 603 "-" "Mozilla/5.0 (compatible; AhrefsBot/7.0; +http://ahrefs.com/robot/)" "metrocrimedaily.com"
51.222.253.5 - - [09/Feb/2023:04:44:31 -0800] "GET /CRIME-WATCH-AMERICA/GOOD_BARBER_APP-MAKER/INSTALL-CRIME-WATCH-CHICAGO/CRIME-WATCH-CHICAGO/unix/bin/?C=M;O=A HTTP/1.1" 200 2092 "-" "Mozilla/5.0 (compatible; AhrefsBot/7.0; +http://ahrefs.com/robot/)" "metrocrimedaily.com"
51.222.253.4 - - [09/Feb/2023:04:45:29 -0800] "GET /CRIME-WATCH-AMERICA/GOOD_BARBER_APP-MAKER/INSTALL-CRIME-WATCH-CHICAGO/CRIME-WATCH-CHICAGO/unix/bin/?C=S;O=A HTTP/1.1" 200 2116 "-" "Mozilla/5.0 (compatible; AhrefsBot/7.0; +http://ahrefs.com/robot/)" "metrocrimedaily.com"
51.222.253.9 - - [09/Feb/2023:04:46:25 -0800] "GET /CRIME-WATCH-AMERICA/GOOD_BARBER_APP-MAKER/INSTALL-CRIME-WATCH-CHICAGO/CRIME-WATCH-CHICAGO/unix/bin/cat.exe HTTP/1.1" 200 15360 "-" "Mozilla/5.0 (compatible; AhrefsBot/7.0; +http://ahrefs.com/robot/)" "metrocrimedaily.com"
51.222.253.11 - - [09/Feb/2023:04:47:15 -0800] "GET /CRIME-WATCH-AMERICA/GOOD_BARBER_APP-MAKER/INSTALL-CRIME-WATCH-CHICAGO/CRIME-WATCH-CHICAGO/unix/bin/cmp.exe HTTP/1.1" 200 13312 "-" "Mozilla/5.0 (compatible; AhrefsBot/7.0; +http://ahrefs.com/robot/)" "metrocrimedaily.com"
51.222.253.1 - - [09/Feb/2023:04:48:12 -0800] "GET /CRIME-WATCH-AMERICA/GOOD_BARBER_APP-MAKER/INSTALL-CRIME-WATCH-CHICAGO/CRIME-WATCH-CHICAGO/unix/bin/co.exe HTTP/1.1" 200 57344 "-" "Mozilla/5.0 (compatible; AhrefsBot/7.0; +http://ahrefs.com/robot/)" "metrocrimedaily.com"
51.222.253.16 - - [09/Feb/2023:04:48:57 -0800] "GET /CRIME-WATCH-AMERICA/GOOD_BARBER_APP-MAKER/INSTALL-CRIME-WATCH-CHICAGO/CRIME-WATCH-CHICAGO/unix/bin/comm.exe HTTP/1.1" 200 14336 "-" "Mozilla/5.0 (compatible; AhrefsBot/7.0; +http://ahrefs.com/robot/)" "metrocrimedaily.com"
51.222.253.7 - - [09/Feb/2023:04:49:36 -0800] "GET /CRIME-WATCH-AMERICA/GOOD_BARBER_APP-MAKER/INSTALL-CRIME-WATCH-CHICAGO/CRIME-WATCH-CHICAGO/unix/bin/cut.exe HTTP/1.1" 200 15872 "-" "Mozilla/5.0 (compatible; AhrefsBot/7.0; +http://ahrefs.com/robot/)" "metrocrimedaily.com"
51.222.253.4 - - [09/Feb/2023:04:50:25 -0800] "GET /CRIME-WATCH-AMERICA/GOOD_BARBER_APP-MAKER/INSTALL-CRIME-WATCH-CHICAGO/CRIME-WATCH-CHICAGO/unix/bin/cvs.exe HTTP/1.1" 200 893440 "-" "Mozilla/5.0 (compatible; AhrefsBot/7.0; +http://ahrefs.com/robot/)" "metrocrimedaily.com"
51.222.253.4 - - [09/Feb/2023:04:51:03 -0800] "GET /CRIME-WATCH-AMERICA/GOOD_BARBER_APP-MAKER/INSTALL-CRIME-WATCH-CHICAGO/CRIME-WATCH-CHICAGO/unix/bin/date.exe HTTP/1.1" 200 14336 "-" "Mozilla/5.0 (compatible; AhrefsBot/7.0; +http://ahrefs.com/robot/)" "metrocrimedaily.com"
114.119.142.188 - - [09/Feb/2023:04:51:11 -0800] "GET /instagram-neworleans/02-06-2023-0155351-Officials--Israeli-troops-kill-5-Palestinian-gunm.txt HTTP/1.1" 404 88 "https://metrocrimedaily.com/instagram-neworleans/?C=N%3BO%3DD" "Mozilla/5.0 (Linux; Android 7.0;) AppleWebKit/537.36 (KHTML, like Gecko) Mobile Safari/537.36 (compatible; PetalBot;+https://webmaster.petalsearch.com/site/petalbot)" "metrocrimedaily.com"
51.222.253.4 - - [09/Feb/2023:04:51:58 -0800] "GET /CRIME-WATCH-AMERICA/GOOD_BARBER_APP-MAKER/INSTALL-CRIME-WATCH-CHICAGO/CRIME-WATCH-CHICAGO/unix/bin/dd.exe HTTP/1.1" 200 16896 "-" "Mozilla/5.0 (compatible; AhrefsBot/7.0; +http://ahrefs.com/robot/)" "metrocrimedaily.com"
51.222.253.6 - - [09/Feb/2023:04:52:41 -0800] "GET /CRIME-WATCH-AMERICA/GOOD_BARBER_APP-MAKER/INSTALL-CRIME-WATCH-CHICAGO/CRIME-WATCH-CHICAGO/unix/bin/diff.exe HTTP/1.1" 200 38912 "-" "Mozilla/5.0 (compatible; AhrefsBot/7.0; +http://ahrefs.com/robot/)" "metrocrimedaily.com"
35.128.10.178 - - [09/Feb/2023:04:52:45 -0800] "GET / HTTP/1.1" 200 1664 "-" "Mozilla/5.0 (iPhone; CPU iPhone OS 14_6 like Mac OS X) AppleWebKit/605.1.15 (KHTML, like Gecko) Version/14.1.1 Mobile/15E148 Safari/604.1" "www.metrocrimedaily.com"
51.222.253.6 - - [09/Feb/2023:04:53:35 -0800] "GET /CRIME-WATCH-AMERICA/GOOD_BARBER_APP-MAKER/INSTALL-CRIME-WATCH-CHICAGO/CRIME-WATCH-CHICAGO/unix/bin/dir.EXE HTTP/1.1" 200 67584 "-" "Mozilla/5.0 (compatible; AhrefsBot/7.0; +http://ahrefs.com/robot/)" "metrocrimedaily.com"
51.222.253.15 - - [09/Feb/2023:04:54:08 -0800] "GET /CRIME-WATCH-AMERICA/GOOD_BARBER_APP-MAKER/INSTALL-CRIME-WATCH-CHICAGO/CRIME-WATCH-CHICAGO/unix/bin/du.exe HTTP/1.1" 200 14848 "-" "Mozilla/5.0 (compatible; AhrefsBot/7.0; +http://ahrefs.com/robot/)" "metrocrimedaily.com"
69.63.184.113 - - [09/Feb/2023:04:54:36 -0800] "GET /instagram-dallas/02-09-2023-0654151-A.jpg HTTP/1.1" 200 142659 "-" "facebookexternalhit/1.1 (+http://www.facebook.com/externalhit_uatext.php)" "www.metrocrimedaily.com"
51.222.253.11 - - [09/Feb/2023:04:54:55 -0800] "GET /CRIME-WATCH-AMERICA/GOOD_BARBER_APP-MAKER/INSTALL-CRIME-WATCH-CHICAGO/CRIME-WATCH-CHICAGO/unix/bin/echo.exe HTTP/1.1" 200 9216 "-" "Mozilla/5.0 (compatible; AhrefsBot/7.0; +http://ahrefs.com/robot/)" "metrocrimedaily.com"
51.222.253.20 - - [09/Feb/2023:04:55:36 -0800] "GET /CRIME-WATCH-AMERICA/GOOD_BARBER_APP-MAKER/INSTALL-CRIME-WATCH-CHICAGO/CRIME-WATCH-CHICAGO/unix/bin/env.exe HTTP/1.1" 200 10752 "-" "Mozilla/5.0 (compatible; AhrefsBot/7.0; +http://ahrefs.com/robot/)" "metrocrimedaily.com"
51.222.253.19 - - [09/Feb/2023:04:56:34 -0800] "GET /CRIME-WATCH-AMERICA/GOOD_BARBER_APP-MAKER/INSTALL-CRIME-WATCH-CHICAGO/CRIME-WATCH-CHICAGO/unix/bin/expr.exe HTTP/1.1" 200 13312 "-" "Mozilla/5.0 (compatible; AhrefsBot/7.0; +http://ahrefs.com/robot/)" "metrocrimedaily.com"
51.222.253.1 - - [09/Feb/2023:04:57:26 -0800] "GET /CRIME-WATCH-AMERICA/GOOD_BARBER_APP-MAKER/INSTALL-CRIME-WATCH-CHICAGO/CRIME-WATCH-CHICAGO/unix/bin/flex.exe HTTP/1.1" 200 80896 "-" "Mozilla/5.0 (compatible; AhrefsBot/7.0; +http://ahrefs.com/robot/)" "metrocrimedaily.com"
51.222.253.20 - - [09/Feb/2023:04:58:13 -0800] "GET /CRIME-WATCH-AMERICA/GOOD_BARBER_APP-MAKER/INSTALL-CRIME-WATCH-CHICAGO/CRIME-WATCH-CHICAGO/unix/bin/fold.exe HTTP/1.1" 200 14336 "-" "Mozilla/5.0 (compatible; AhrefsBot/7.0; +http://ahrefs.com/robot/)" "metrocrimedaily.com"
51.222.253.9 - - [09/Feb/2023:04:58:48 -0800] "GET /CRIME-WATCH-AMERICA/GOOD_BARBER_APP-MAKER/INSTALL-CRIME-WATCH-CHICAGO/CRIME-WATCH-CHICAGO/unix/bin/gcc.exe HTTP/1.1" 200 45056 "-" "Mozilla/5.0 (compatible; AhrefsBot/7.0; +http://ahrefs.com/robot/)" "metrocrimedaily.com"
51.222.253.13 - - [09/Feb/2023:04:59:39 -0800] "GET /CRIME-WATCH-AMERICA/GOOD_BARBER_APP-MAKER/INSTALL-CRIME-WATCH-CHICAGO/CRIME-WATCH-CHICAGO/unix/bin/grep.exe HTTP/1.1" 200 17408 "-" "Mozilla/5.0 (compatible; AhrefsBot/7.0; +http://ahrefs.com/robot/)" "metrocrimedaily.com"
51.222.253.18 - - [09/Feb/2023:05:00:26 -0800] "GET /CRIME-WATCH-AMERICA/GOOD_BARBER_APP-MAKER/INSTALL-CRIME-WATCH-CHICAGO/CRIME-WATCH-CHICAGO/unix/bin/head.exe HTTP/1.1" 200 14848 "-" "Mozilla/5.0 (compatible; AhrefsBot/7.0; +http://ahrefs.com/robot/)" "metrocrimedaily.com"
51.222.253.14 - - [09/Feb/2023:05:01:08 -0800] "GET /CRIME-WATCH-AMERICA/GOOD_BARBER_APP-MAKER/INSTALL-CRIME-WATCH-CHICAGO/CRIME-WATCH-CHICAGO/unix/bin/jq.exe HTTP/1.1" 200 3525307 "-" "Mozilla/5.0 (compatible; AhrefsBot/7.0; +http://ahrefs.com/robot/)" "metrocrimedaily.com"
51.222.253.19 - - [09/Feb/2023:05:01:54 -0800] "GET /CRIME-WATCH-AMERICA/GOOD_BARBER_APP-MAKER/INSTALL-CRIME-WATCH-CHICAGO/CRIME-WATCH-CHICAGO/unix/bin/less.exe HTTP/1.1" 200 48640 "-" "Mozilla/5.0 (compatible; AhrefsBot/7.0; +http://ahrefs.com/robot/)" "metrocrimedaily.com"
51.222.253.1 - - [09/Feb/2023:05:02:33 -0800] "GET /CRIME-WATCH-AMERICA/GOOD_BARBER_APP-MAKER/INSTALL-CRIME-WATCH-CHICAGO/CRIME-WATCH-CHICAGO/unix/bin/ls.exe HTTP/1.1" 200 23552 "-" "Mozilla/5.0 (compatible; AhrefsBot/7.0; +http://ahrefs.com/robot/)" "metrocrimedaily.com"
51.222.253.8 - - [09/Feb/2023:05:03:24 -0800] "GET /CRIME-WATCH-AMERICA/GOOD_BARBER_APP-MAKER/INSTALL-CRIME-WATCH-CHICAGO/CRIME-WATCH-CHICAGO/unix/bin/m4.exe HTTP/1.1" 200 46080 "-" "Mozilla/5.0 (compatible; AhrefsBot/7.0; +http://ahrefs.com/robot/)" "metrocrimedaily.com"
51.222.253.16 - - [09/Feb/2023:05:04:09 -0800] "GET /CRIME-WATCH-AMERICA/GOOD_BARBER_APP-MAKER/INSTALL-CRIME-WATCH-CHICAGO/CRIME-WATCH-CHICAGO/unix/bin/man.exe HTTP/1.1" 200 23040 "-" "Mozilla/5.0 (compatible; AhrefsBot/7.0; +http://ahrefs.com/robot/)" "metrocrimedaily.com"
51.222.253.17 - - [09/Feb/2023:05:04:48 -0800] "GET /CRIME-WATCH-AMERICA/GOOD_BARBER_APP-MAKER/INSTALL-CRIME-WATCH-CHICAGO/CRIME-WATCH-CHICAGO/unix/bin/nl.exe HTTP/1.1" 200 41984 "-" "Mozilla/5.0 (compatible; AhrefsBot/7.0; +http://ahrefs.com/robot/)" "metrocrimedaily.com"
51.222.253.19 - - [09/Feb/2023:05:05:39 -0800] "GET /CRIME-WATCH-AMERICA/GOOD_BARBER_APP-MAKER/INSTALL-CRIME-WATCH-CHICAGO/CRIME-WATCH-CHICAGO/unix/bin/tar.exe HTTP/1.1" 200 67584 "-" "Mozilla/5.0 (compatible; AhrefsBot/7.0; +http://ahrefs.com/robot/)" "metrocrimedaily.com"
50.124.249.139 - - [09/Feb/2023:05:06:16 -0800] "GET / HTTP/1.1" 200 1667 "https://www.google.com/" "Mozilla/5.0 (Linux; Android 10; moto g(7) play) AppleWebKit/537.36 (KHTML, like Gecko) Chrome/109.0.0.0 Mobile Safari/537.36" "www.metrocrimedaily.com"
51.222.253.4 - - [09/Feb/2023:05:06:22 -0800] "GET /CRIME-WATCH-AMERICA/GOOD_BARBER_APP-MAKER/INSTALL-CRIME-WATCH-CHICAGO/CRIME-WATCH-CHICAGO/unix/bin/vi.exe HTTP/1.1" 200 127488 "-" "Mozilla/5.0 (compatible; AhrefsBot/7.0; +http://ahrefs.com/robot/)" "metrocrimedaily.com"
51.222.253.2 - - [09/Feb/2023:05:06:59 -0800] "GET /CRIME-WATCH-AMERICA/GOOD_BARBER_APP-MAKER/INSTALL-CRIME-WATCH-CHICAGO/CRIME-WATCH-CHICAGO/unix/bin/xvi.exe HTTP/1.1" 200 413184 "-" "Mozilla/5.0 (compatible; AhrefsBot/7.0; +http://ahrefs.com/robot/)" "metrocrimedaily.com"
69.63.184.117 - - [09/Feb/2023:05:07:29 -0800] "GET /instagram-memphis/02-09-2023-0636272-A.jpg HTTP/1.1" 200 170307 "-" "facebookexternalhit/1.1 (+http://www.facebook.com/externalhit_uatext.php)" "www.metrocrimedaily.com"
51.222.253.17 - - [09/Feb/2023:05:07:40 -0800] "GET /CRIME-WATCH-AMERICA/GOOD_BARBER_APP-MAKER/INSTALL-CRIME-WATCH-CHICAGO/CRIME-WATCH-CHICAGO/unix/bin/?C=N;O=A HTTP/1.1" 200 2136 "-" "Mozilla/5.0 (compatible; AhrefsBot/7.0; +http://ahrefs.com/robot/)" "metrocrimedaily.com"
51.222.253.4 - - [09/Feb/2023:05:08:27 -0800] "GET /CRIME-WATCH-AMERICA/GOOD_BARBER_APP-MAKER/INSTALL-CRIME-WATCH-CHICAGO/CRIME-WATCH-CHICAGO/unix/bin/paste.exe HTTP/1.1" 200 14848 "-" "Mozilla/5.0 (compatible; AhrefsBot/7.0; +http://ahrefs.com/robot/)" "metrocrimedaily.com"
51.222.253.14 - - [09/Feb/2023:05:09:47 -0800] "GET /CRIME-WATCH-AMERICA/GOOD_BARBER_APP-MAKER/INSTALL-CRIME-WATCH-CHICAGO/CRIME-WATCH-CHICAGO/unix/bin/patch.exe HTTP/1.1" 200 45056 "-" "Mozilla/5.0 (compatible; AhrefsBot/7.0; +http://ahrefs.com/robot/)" "metrocrimedaily.com"
114.119.162.80 - - [09/Feb/2023:05:09:53 -0800] "GET /instagram-stlouis/videos/ HTTP/1.1" 200 329 "https://metrocrimedaily.com/instagram-stlouis/" "Mozilla/5.0 (Linux; Android 7.0;) AppleWebKit/537.36 (KHTML, like Gecko) Mobile Safari/537.36 (compatible; PetalBot;+https://webmaster.petalsearch.com/site/petalbot)" "metrocrimedaily.com"
51.222.253.1 - - [09/Feb/2023:05:11:07 -0800] "GET /CRIME-WATCH-AMERICA/GOOD_BARBER_APP-MAKER/INSTALL-CRIME-WATCH-CHICAGO/CRIME-WATCH-CHICAGO/unix/bin/pathchk.exe HTTP/1.1" 200 11264 "-" "Mozilla/5.0 (compatible; AhrefsBot/7.0; +http://ahrefs.com/robot/)" "metrocrimedaily.com"
51.222.253.3 - - [09/Feb/2023:05:12:27 -0800] "GET /CRIME-WATCH-AMERICA/GOOD_BARBER_APP-MAKER/INSTALL-CRIME-WATCH-CHICAGO/CRIME-WATCH-CHICAGO/unix/bin/perl.exe HTTP/1.1" 200 320512 "-" "Mozilla/5.0 (compatible; AhrefsBot/7.0; +http://ahrefs.com/robot/)" "metrocrimedaily.com"
69.63.184.117 - - [09/Feb/2023:05:13:34 -0800] "GET /instagram-newyork/02-09-2023-0713151-A.jpg HTTP/1.1" 200 70249 "-" "facebookexternalhit/1.1 (+http://www.facebook.com/externalhit_uatext.php)" "www.metrocrimedaily.com"
69.63.184.2 - - [09/Feb/2023:05:13:39 -0800] "GET /instagram-atlanta/02-09-2023-0713061-A.jpg HTTP/1.1" 200 133456 "-" "facebookexternalhit/1.1 (+http://www.facebook.com/externalhit_uatext.php)" "www.metrocrimedaily.com"
51.222.253.8 - - [09/Feb/2023:05:13:44 -0800] "GET /CRIME-WATCH-AMERICA/GOOD_BARBER_APP-MAKER/INSTALL-CRIME-WATCH-CHICAGO/CRIME-WATCH-CHICAGO/unix/bin/readme.txt HTTP/1.1" 200 826 "-" "Mozilla/5.0 (compatible; AhrefsBot/7.0; +http://ahrefs.com/robot/)" "metrocrimedaily.com"
69.63.184.120 - - [09/Feb/2023:05:14:13 -0800] "GET /instagram-atlanta/02-09-2023-0713062-A.jpg HTTP/1.1" 200 149272 "-" "facebookexternalhit/1.1 (+http://www.facebook.com/externalhit_uatext.php)" "www.metrocrimedaily.com"
69.63.184.5 - - [09/Feb/2023:05:14:34 -0800] "GET /instagram-stlouis/02-09-2023-0714131-A.jpg HTTP/1.1" 200 255139 "-" "facebookexternalhit/1.1 (+http://www.facebook.com/externalhit_uatext.php)" "www.metrocrimedaily.com"
69.63.184.116 - - [09/Feb/2023:05:14:44 -0800] "GET /instagram-atlanta/02-09-2023-0713063-A.jpg HTTP/1.1" 200 124579 "-" "facebookexternalhit/1.1 (+http://www.facebook.com/externalhit_uatext.php)" "www.metrocrimedaily.com"
51.222.253.19 - - [09/Feb/2023:05:15:13 -0800] "GET /CRIME-WATCH-AMERICA/GOOD_BARBER_APP-MAKER/INSTALL-CRIME-WATCH-CHICAGO/CRIME-WATCH-CHICAGO/unix/bin/register.exe HTTP/1.1" 200 125399 "-" "Mozilla/5.0 (compatible; AhrefsBot/7.0; +http://ahrefs.com/robot/)" "metrocrimedaily.com"
51.222.253.6 - - [09/Feb/2023:05:16:34 -0800] "GET /CRIME-WATCH-AMERICA/GOOD_BARBER_APP-MAKER/INSTALL-CRIME-WATCH-CHICAGO/CRIME-WATCH-CHICAGO/unix/bin/register.hlp HTTP/1.1" 200 16454 "-" "Mozilla/5.0 (compatible; AhrefsBot/7.0; +http://ahrefs.com/robot/)" "metrocrimedaily.com"
51.222.253.6 - - [09/Feb/2023:05:17:18 -0800] "GET /CRIME-WATCH-AMERICA/GOOD_BARBER_APP-MAKER/INSTALL-CRIME-WATCH-CHICAGO/CRIME-WATCH-CHICAGO/unix/bin/runonce.exe HTTP/1.1" 200 58640 "-" "Mozilla/5.0 (compatible; AhrefsBot/7.0; +http://ahrefs.com/robot/)" "metrocrimedaily.com"
51.222.253.13 - - [09/Feb/2023:05:17:49 -0800] "GET /CRIME-WATCH-AMERICA/GOOD_BARBER_APP-MAKER/INSTALL-CRIME-WATCH-CHICAGO/CRIME-WATCH-CHICAGO/unix/bin/sysinfo.exe HTTP/1.1" 200 18432 "-" "Mozilla/5.0 (compatible; AhrefsBot/7.0; +http://ahrefs.com/robot/)" "metrocrimedaily.com"
51.222.253.13 - - [09/Feb/2023:05:18:26 -0800] "GET /CRIME-WATCH-AMERICA/GOOD_BARBER_APP-MAKER/INSTALL-CRIME-WATCH-CHICAGO/CRIME-WATCH-CHICAGO/unix/bin/sysinfo.txt HTTP/1.1" 200 144 "-" "Mozilla/5.0 (compatible; AhrefsBot/7.0; +http://ahrefs.com/robot/)" "metrocrimedaily.com"
114.119.136.32 - - [09/Feb/2023:05:18:30 -0800] "GET /instagram-miami/02-06-2023-1719541-Notary-charged-in-beating-case-that-landed-2-Hial.txt HTTP/1.1" 404 88 "https://metrocrimedaily.com/instagram-miami/?C=D%3BO%3DA" "Mozilla/5.0 (Linux; Android 7.0;) AppleWebKit/537.36 (KHTML, like Gecko) Mobile Safari/537.36 (compatible; PetalBot;+https://webmaster.petalsearch.com/site/petalbot)" "metrocrimedaily.com"
51.222.253.7 - - [09/Feb/2023:05:18:57 -0800] "GET /CRIME-WATCH-AMERICA/GOOD_BARBER_APP-MAKER/INSTALL-CRIME-WATCH-CHICAGO/CRIME-WATCH-CHICAGO/unix/bin/unwise.exe HTTP/1.1" 200 34864 "-" "Mozilla/5.0 (compatible; AhrefsBot/7.0; +http://ahrefs.com/robot/)" "metrocrimedaily.com"
51.222.253.18 - - [09/Feb/2023:05:19:17 -0800] "GET /CRIME-WATCH-AMERICA/GOOD_BARBER_APP-MAKER/INSTALL-CRIME-WATCH-CHICAGO/CRIME-WATCH-CHICAGO/unix/bin/wget.exe HTTP/1.1" 200 4923280 "-" "Mozilla/5.0 (compatible; AhrefsBot/7.0; +http://ahrefs.com/robot/)" "metrocrimedaily.com"
51.222.253.16 - - [09/Feb/2023:05:19:30 -0800] "GET /CRIME-WATCH-AMERICA/GOOD_BARBER_APP-MAKER/INSTALL-CRIME-WATCH-CHICAGO/CRIME-WATCH-CHICAGO/unix/bin/win32gnu.dll HTTP/1.1" 200 104448 "-" "Mozilla/5.0 (compatible; AhrefsBot/7.0; +http://ahrefs.com/robot/)" "metrocrimedaily.com"
