51.222.253.4 - - [08/Feb/2023:16:01:22 -0800] "GET /CRIME-WATCH-AMERICA/GOOD_BARBER_APP-MAKER/INSTALL-CRIME-WATCH-ATLANTA/CRIME-WATCH-ATLANTA/unix/bin/elvis.exe HTTP/1.1" 200 127488 "-" "Mozilla/5.0 (compatible; AhrefsBot/7.0; +http://ahrefs.com/robot/)" "metrocrimedaily.com"
51.222.253.1 - - [08/Feb/2023:16:02:02 -0800] "GET /CRIME-WATCH-AMERICA/GOOD_BARBER_APP-MAKER/INSTALL-CRIME-WATCH-ATLANTA/CRIME-WATCH-ATLANTA/unix/bin/env.exe HTTP/1.1" 200 10752 "-" "Mozilla/5.0 (compatible; AhrefsBot/7.0; +http://ahrefs.com/robot/)" "metrocrimedaily.com"
51.222.253.8 - - [08/Feb/2023:16:02:49 -0800] "GET /CRIME-WATCH-AMERICA/GOOD_BARBER_APP-MAKER/INSTALL-CRIME-WATCH-ATLANTA/CRIME-WATCH-ATLANTA/unix/bin/expand.exe HTTP/1.1" 200 14336 "-" "Mozilla/5.0 (compatible; AhrefsBot/7.0; +http://ahrefs.com/robot/)" "metrocrimedaily.com"
51.222.253.14 - - [08/Feb/2023:16:05:54 -0800] "GET /CRIME-WATCH-AMERICA/GOOD_BARBER_APP-MAKER/INSTALL-CRIME-WATCH-ATLANTA/CRIME-WATCH-ATLANTA/unix/bin/find.exe HTTP/1.1" 200 31232 "-" "Mozilla/5.0 (compatible; AhrefsBot/7.0; +http://ahrefs.com/robot/)" "metrocrimedaily.com"
51.222.253.17 - - [08/Feb/2023:16:07:01 -0800] "GET /CRIME-WATCH-AMERICA/GOOD_BARBER_APP-MAKER/INSTALL-CRIME-WATCH-ATLANTA/CRIME-WATCH-ATLANTA/unix/bin/flex.exe HTTP/1.1" 200 80896 "-" "Mozilla/5.0 (compatible; AhrefsBot/7.0; +http://ahrefs.com/robot/)" "metrocrimedaily.com"
51.222.253.15 - - [08/Feb/2023:16:07:39 -0800] "GET /CRIME-WATCH-AMERICA/GOOD_BARBER_APP-MAKER/INSTALL-CRIME-WATCH-ATLANTA/CRIME-WATCH-ATLANTA/unix/bin/fold.exe HTTP/1.1" 200 14336 "-" "Mozilla/5.0 (compatible; AhrefsBot/7.0; +http://ahrefs.com/robot/)" "metrocrimedaily.com"
69.63.184.119 - - [08/Feb/2023:16:08:53 -0800] "GET /instagram-detroit/02-08-2023-1721384-A.jpg HTTP/1.1" 200 75559 "-" "facebookexternalhit/1.1 (+http://www.facebook.com/externalhit_uatext.php)" "www.metrocrimedaily.com"
51.222.253.13 - - [08/Feb/2023:16:10:07 -0800] "GET /CRIME-WATCH-AMERICA/GOOD_BARBER_APP-MAKER/INSTALL-CRIME-WATCH-ATLANTA/CRIME-WATCH-ATLANTA/unix/bin/grep.exe HTTP/1.1" 200 17408 "-" "Mozilla/5.0 (compatible; AhrefsBot/7.0; +http://ahrefs.com/robot/)" "metrocrimedaily.com"
51.222.253.5 - - [08/Feb/2023:16:10:57 -0800] "GET /CRIME-WATCH-AMERICA/GOOD_BARBER_APP-MAKER/INSTALL-CRIME-WATCH-ATLANTA/CRIME-WATCH-ATLANTA/unix/bin/gunzip.exe HTTP/1.1" 200 53760 "-" "Mozilla/5.0 (compatible; AhrefsBot/7.0; +http://ahrefs.com/robot/)" "metrocrimedaily.com"
51.222.253.8 - - [08/Feb/2023:16:11:52 -0800] "GET /CRIME-WATCH-AMERICA/GOOD_BARBER_APP-MAKER/INSTALL-CRIME-WATCH-ATLANTA/CRIME-WATCH-ATLANTA/unix/bin/gzcat.exe HTTP/1.1" 200 53760 "-" "Mozilla/5.0 (compatible; AhrefsBot/7.0; +http://ahrefs.com/robot/)" "metrocrimedaily.com"
51.222.253.6 - - [08/Feb/2023:16:12:36 -0800] "GET /CRIME-WATCH-AMERICA/GOOD_BARBER_APP-MAKER/INSTALL-CRIME-WATCH-ATLANTA/CRIME-WATCH-ATLANTA/unix/bin/gzip.exe HTTP/1.1" 200 53760 "-" "Mozilla/5.0 (compatible; AhrefsBot/7.0; +http://ahrefs.com/robot/)" "metrocrimedaily.com"
51.222.253.9 - - [08/Feb/2023:16:13:24 -0800] "GET /CRIME-WATCH-AMERICA/GOOD_BARBER_APP-MAKER/INSTALL-CRIME-WATCH-ATLANTA/CRIME-WATCH-ATLANTA/unix/bin/head.exe HTTP/1.1" 200 14848 "-" "Mozilla/5.0 (compatible; AhrefsBot/7.0; +http://ahrefs.com/robot/)" "metrocrimedaily.com"
51.222.253.1 - - [08/Feb/2023:16:14:12 -0800] "GET /CRIME-WATCH-AMERICA/GOOD_BARBER_APP-MAKER/INSTALL-CRIME-WATCH-ATLANTA/CRIME-WATCH-ATLANTA/unix/bin/ident.exe HTTP/1.1" 200 10240 "-" "Mozilla/5.0 (compatible; AhrefsBot/7.0; +http://ahrefs.com/robot/)" "metrocrimedaily.com"
69.63.184.4 - - [08/Feb/2023:16:14:41 -0800] "GET /instagram-atlanta/02-08-2023-1758452-A.jpg HTTP/1.1" 200 136529 "-" "facebookexternalhit/1.1 (+http://www.facebook.com/externalhit_uatext.php)" "www.metrocrimedaily.com"
51.222.253.13 - - [08/Feb/2023:16:14:54 -0800] "GET /CRIME-WATCH-AMERICA/GOOD_BARBER_APP-MAKER/INSTALL-CRIME-WATCH-ATLANTA/CRIME-WATCH-ATLANTA/unix/bin/indent.exe HTTP/1.1" 200 52736 "-" "Mozilla/5.0 (compatible; AhrefsBot/7.0; +http://ahrefs.com/robot/)" "metrocrimedaily.com"
51.222.253.10 - - [08/Feb/2023:16:15:39 -0800] "GET /CRIME-WATCH-AMERICA/GOOD_BARBER_APP-MAKER/INSTALL-CRIME-WATCH-ATLANTA/CRIME-WATCH-ATLANTA/unix/bin/install.log HTTP/1.1" 200 253 "-" "Mozilla/5.0 (compatible; AhrefsBot/7.0; +http://ahrefs.com/robot/)" "metrocrimedaily.com"
51.222.253.2 - - [08/Feb/2023:16:16:27 -0800] "GET /CRIME-WATCH-AMERICA/GOOD_BARBER_APP-MAKER/INSTALL-CRIME-WATCH-ATLANTA/CRIME-WATCH-ATLANTA/unix/bin/join.exe HTTP/1.1" 200 17408 "-" "Mozilla/5.0 (compatible; AhrefsBot/7.0; +http://ahrefs.com/robot/)" "metrocrimedaily.com"
51.222.253.5 - - [08/Feb/2023:16:17:12 -0800] "GET /CRIME-WATCH-AMERICA/GOOD_BARBER_APP-MAKER/INSTALL-CRIME-WATCH-ATLANTA/CRIME-WATCH-ATLANTA/unix/bin/kill.exe HTTP/1.1" 200 27136 "-" "Mozilla/5.0 (compatible; AhrefsBot/7.0; +http://ahrefs.com/robot/)" "metrocrimedaily.com"
173.252.111.119 - - [08/Feb/2023:16:17:26 -0800] "GET /instagram-newyork/02-08-2023-1817061-A.jpg HTTP/1.1" 200 127889 "-" "facebookexternalhit/1.1 (+http://www.facebook.com/externalhit_uatext.php)" "www.metrocrimedaily.com"
51.222.253.14 - - [08/Feb/2023:16:18:04 -0800] "GET /CRIME-WATCH-AMERICA/GOOD_BARBER_APP-MAKER/INSTALL-CRIME-WATCH-ATLANTA/CRIME-WATCH-ATLANTA/unix/bin/lem11_32.exe HTTP/1.1" 200 504101 "-" "Mozilla/5.0 (compatible; AhrefsBot/7.0; +http://ahrefs.com/robot/)" "metrocrimedaily.com"
40.77.167.212 - - [08/Feb/2023:16:18:53 -0800] "GET /index-miami.html HTTP/1.1" 200 33385 "-" "Mozilla/5.0 AppleWebKit/537.36 (KHTML, like Gecko; compatible; bingbot/2.0; +http://www.bing.com/bingbot.htm) Chrome/103.0.5060.134 Safari/537.36" "metrocrimedaily.com"
51.222.253.9 - - [08/Feb/2023:16:18:54 -0800] "GET /CRIME-WATCH-AMERICA/GOOD_BARBER_APP-MAKER/INSTALL-CRIME-WATCH-ATLANTA/CRIME-WATCH-ATLANTA/unix/bin/lemmy.cnt HTTP/1.1" 200 849 "-" "Mozilla/5.0 (compatible; AhrefsBot/7.0; +http://ahrefs.com/robot/)" "metrocrimedaily.com"
51.222.253.2 - - [08/Feb/2023:16:19:54 -0800] "GET /CRIME-WATCH-AMERICA/GOOD_BARBER_APP-MAKER/INSTALL-CRIME-WATCH-ATLANTA/CRIME-WATCH-ATLANTA/unix/bin/lemmy.exe HTTP/1.1" 200 413184 "-" "Mozilla/5.0 (compatible; AhrefsBot/7.0; +http://ahrefs.com/robot/)" "metrocrimedaily.com"
51.222.253.15 - - [08/Feb/2023:16:20:42 -0800] "GET /CRIME-WATCH-AMERICA/GOOD_BARBER_APP-MAKER/INSTALL-CRIME-WATCH-ATLANTA/CRIME-WATCH-ATLANTA/unix/bin/lemmy.gid HTTP/1.1" 200 10837 "-" "Mozilla/5.0 (compatible; AhrefsBot/7.0; +http://ahrefs.com/robot/)" "metrocrimedaily.com"
51.222.253.20 - - [08/Feb/2023:16:21:30 -0800] "GET /CRIME-WATCH-AMERICA/GOOD_BARBER_APP-MAKER/INSTALL-CRIME-WATCH-ATLANTA/CRIME-WATCH-ATLANTA/unix/bin/lemmy.hlp HTTP/1.1" 200 697730 "-" "Mozilla/5.0 (compatible; AhrefsBot/7.0; +http://ahrefs.com/robot/)" "metrocrimedaily.com"
51.222.253.19 - - [08/Feb/2023:16:22:28 -0800] "GET /CRIME-WATCH-AMERICA/GOOD_BARBER_APP-MAKER/INSTALL-CRIME-WATCH-ATLANTA/CRIME-WATCH-ATLANTA/unix/bin/lemreg.exe HTTP/1.1" 200 141312 "-" "Mozilla/5.0 (compatible; AhrefsBot/7.0; +http://ahrefs.com/robot/)" "metrocrimedaily.com"
51.222.253.5 - - [08/Feb/2023:16:23:25 -0800] "GET /CRIME-WATCH-AMERICA/GOOD_BARBER_APP-MAKER/INSTALL-CRIME-WATCH-ATLANTA/CRIME-WATCH-ATLANTA/unix/bin/less.exe HTTP/1.1" 200 48640 "-" "Mozilla/5.0 (compatible; AhrefsBot/7.0; +http://ahrefs.com/robot/)" "metrocrimedaily.com"
69.63.184.116 - - [08/Feb/2023:16:24:30 -0800] "GET /instagram-detroit/02-08-2023-1721385-A.jpg HTTP/1.1" 200 92519 "-" "facebookexternalhit/1.1 (+http://www.facebook.com/externalhit_uatext.php)" "www.metrocrimedaily.com"
51.222.253.8 - - [08/Feb/2023:16:24:47 -0800] "GET /CRIME-WATCH-AMERICA/GOOD_BARBER_APP-MAKER/INSTALL-CRIME-WATCH-ATLANTA/CRIME-WATCH-ATLANTA/unix/bin/make.exe HTTP/1.1" 200 207360 "-" "Mozilla/5.0 (compatible; AhrefsBot/7.0; +http://ahrefs.com/robot/)" "metrocrimedaily.com"
51.222.253.13 - - [08/Feb/2023:16:25:43 -0800] "GET /CRIME-WATCH-AMERICA/GOOD_BARBER_APP-MAKER/INSTALL-CRIME-WATCH-ATLANTA/CRIME-WATCH-ATLANTA/unix/bin/man.exe HTTP/1.1" 200 23040 "-" "Mozilla/5.0 (compatible; AhrefsBot/7.0; +http://ahrefs.com/robot/)" "metrocrimedaily.com"
51.222.253.19 - - [08/Feb/2023:16:26:27 -0800] "GET /CRIME-WATCH-AMERICA/GOOD_BARBER_APP-MAKER/INSTALL-CRIME-WATCH-ATLANTA/CRIME-WATCH-ATLANTA/unix/bin/marlett.ttf HTTP/1.1" 200 17412 "-" "Mozilla/5.0 (compatible; AhrefsBot/7.0; +http://ahrefs.com/robot/)" "metrocrimedaily.com"
51.222.253.14 - - [08/Feb/2023:16:27:16 -0800] "GET /CRIME-WATCH-AMERICA/GOOD_BARBER_APP-MAKER/INSTALL-CRIME-WATCH-ATLANTA/CRIME-WATCH-ATLANTA/unix/bin/merge.exe HTTP/1.1" 200 36864 "-" "Mozilla/5.0 (compatible; AhrefsBot/7.0; +http://ahrefs.com/robot/)" "metrocrimedaily.com"
51.222.253.1 - - [08/Feb/2023:16:28:04 -0800] "GET /CRIME-WATCH-AMERICA/GOOD_BARBER_APP-MAKER/INSTALL-CRIME-WATCH-ATLANTA/CRIME-WATCH-ATLANTA/unix/bin/mkdir.exe HTTP/1.1" 200 13312 "-" "Mozilla/5.0 (compatible; AhrefsBot/7.0; +http://ahrefs.com/robot/)" "metrocrimedaily.com"
51.222.253.20 - - [08/Feb/2023:16:28:49 -0800] "GET /CRIME-WATCH-AMERICA/GOOD_BARBER_APP-MAKER/INSTALL-CRIME-WATCH-ATLANTA/CRIME-WATCH-ATLANTA/unix/bin/mtail.exe HTTP/1.1" 200 589824 "-" "Mozilla/5.0 (compatible; AhrefsBot/7.0; +http://ahrefs.com/robot/)" "metrocrimedaily.com"
31.13.103.116 - - [08/Feb/2023:16:29:25 -0800] "GET /instagram-stlouis/02-08-2023-1829021-A.jpg HTTP/1.1" 200 289385 "-" "facebookexternalhit/1.1 (+http://www.facebook.com/externalhit_uatext.php)" "www.metrocrimedaily.com"
51.222.253.7 - - [08/Feb/2023:16:30:00 -0800] "GET /CRIME-WATCH-AMERICA/GOOD_BARBER_APP-MAKER/INSTALL-CRIME-WATCH-ATLANTA/CRIME-WATCH-ATLANTA/unix/bin/ntemacs.exe HTTP/1.1" 200 634880 "-" "Mozilla/5.0 (compatible; AhrefsBot/7.0; +http://ahrefs.com/robot/)" "metrocrimedaily.com"
69.63.184.119 - - [08/Feb/2023:16:30:18 -0800] "GET /instagram-atlanta/02-08-2023-1758453-A.jpg HTTP/1.1" 200 122690 "-" "facebookexternalhit/1.1 (+http://www.facebook.com/externalhit_uatext.php)" "www.metrocrimedaily.com"
51.222.253.16 - - [08/Feb/2023:16:31:42 -0800] "GET /CRIME-WATCH-AMERICA/GOOD_BARBER_APP-MAKER/INSTALL-CRIME-WATCH-ATLANTA/CRIME-WATCH-ATLANTA/unix/bin/nutgmake.exe HTTP/1.1" 200 398612 "-" "Mozilla/5.0 (compatible; AhrefsBot/7.0; +http://ahrefs.com/robot/)" "metrocrimedaily.com"
51.222.253.8 - - [08/Feb/2023:16:32:29 -0800] "GET /CRIME-WATCH-AMERICA/GOOD_BARBER_APP-MAKER/INSTALL-CRIME-WATCH-ATLANTA/CRIME-WATCH-ATLANTA/unix/bin/nwin2.dll HTTP/1.1" 200 477680 "-" "Mozilla/5.0 (compatible; AhrefsBot/7.0; +http://ahrefs.com/robot/)" "metrocrimedaily.com"
69.63.184.4 - - [08/Feb/2023:16:33:00 -0800] "GET /instagram-newyork/02-08-2023-1817062-A.jpg HTTP/1.1" 200 120966 "-" "facebookexternalhit/1.1 (+http://www.facebook.com/externalhit_uatext.php)" "www.metrocrimedaily.com"
51.222.253.10 - - [08/Feb/2023:16:33:22 -0800] "GET /CRIME-WATCH-AMERICA/GOOD_BARBER_APP-MAKER/INSTALL-CRIME-WATCH-ATLANTA/CRIME-WATCH-ATLANTA/unix/bin/objdump.exe HTTP/1.1" 200 100864 "-" "Mozilla/5.0 (compatible; AhrefsBot/7.0; +http://ahrefs.com/robot/)" "metrocrimedaily.com"
51.222.253.11 - - [08/Feb/2023:16:34:15 -0800] "GET /CRIME-WATCH-AMERICA/GOOD_BARBER_APP-MAKER/INSTALL-CRIME-WATCH-ATLANTA/CRIME-WATCH-ATLANTA/unix/bin/paste.exe HTTP/1.1" 200 14848 "-" "Mozilla/5.0 (compatible; AhrefsBot/7.0; +http://ahrefs.com/robot/)" "metrocrimedaily.com"
51.222.253.5 - - [08/Feb/2023:16:35:02 -0800] "GET /CRIME-WATCH-AMERICA/GOOD_BARBER_APP-MAKER/INSTALL-CRIME-WATCH-ATLANTA/CRIME-WATCH-ATLANTA/unix/bin/patch.exe HTTP/1.1" 200 45056 "-" "Mozilla/5.0 (compatible; AhrefsBot/7.0; +http://ahrefs.com/robot/)" "metrocrimedaily.com"
51.222.253.15 - - [08/Feb/2023:16:35:44 -0800] "GET /CRIME-WATCH-AMERICA/GOOD_BARBER_APP-MAKER/INSTALL-CRIME-WATCH-ATLANTA/CRIME-WATCH-ATLANTA/unix/bin/pathchk.exe HTTP/1.1" 200 11264 "-" "Mozilla/5.0 (compatible; AhrefsBot/7.0; +http://ahrefs.com/robot/)" "metrocrimedaily.com"
51.222.253.15 - - [08/Feb/2023:16:36:42 -0800] "GET /CRIME-WATCH-AMERICA/GOOD_BARBER_APP-MAKER/INSTALL-CRIME-WATCH-ATLANTA/CRIME-WATCH-ATLANTA/unix/bin/perl.exe HTTP/1.1" 200 320512 "-" "Mozilla/5.0 (compatible; AhrefsBot/7.0; +http://ahrefs.com/robot/)" "metrocrimedaily.com"
69.63.184.116 - - [08/Feb/2023:16:37:15 -0800] "GET /instagram-chicago/02-08-2023-1836511-A.jpg HTTP/1.1" 200 217552 "-" "facebookexternalhit/1.1 (+http://www.facebook.com/externalhit_uatext.php)" "www.metrocrimedaily.com"
51.222.253.15 - - [08/Feb/2023:16:37:45 -0800] "GET /CRIME-WATCH-AMERICA/GOOD_BARBER_APP-MAKER/INSTALL-CRIME-WATCH-ATLANTA/CRIME-WATCH-ATLANTA/unix/bin/readme.txt HTTP/1.1" 200 826 "-" "Mozilla/5.0 (compatible; AhrefsBot/7.0; +http://ahrefs.com/robot/)" "metrocrimedaily.com"
51.222.253.18 - - [08/Feb/2023:16:38:53 -0800] "GET /CRIME-WATCH-AMERICA/GOOD_BARBER_APP-MAKER/INSTALL-CRIME-WATCH-ATLANTA/CRIME-WATCH-ATLANTA/unix/bin/runonce.exe HTTP/1.1" 200 58640 "-" "Mozilla/5.0 (compatible; AhrefsBot/7.0; +http://ahrefs.com/robot/)" "metrocrimedaily.com"
51.222.253.6 - - [08/Feb/2023:16:39:49 -0800] "GET /CRIME-WATCH-AMERICA/GOOD_BARBER_APP-MAKER/INSTALL-CRIME-WATCH-ATLANTA/CRIME-WATCH-ATLANTA/unix/bin/sysinfo.exe HTTP/1.1" 200 18432 "-" "Mozilla/5.0 (compatible; AhrefsBot/7.0; +http://ahrefs.com/robot/)" "metrocrimedaily.com"
69.63.184.119 - - [08/Feb/2023:16:39:50 -0800] "GET /instagram-memphis/02-08-2023-1839281-A.jpg HTTP/1.1" 200 256640 "-" "facebookexternalhit/1.1 (+http://www.facebook.com/externalhit_uatext.php)" "www.metrocrimedaily.com"
69.63.184.1 - - [08/Feb/2023:16:40:03 -0800] "GET /instagram-detroit/02-08-2023-1721386-A.jpg HTTP/1.1" 200 122046 "-" "facebookexternalhit/1.1 (+http://www.facebook.com/externalhit_uatext.php)" "www.metrocrimedaily.com"
51.222.253.6 - - [08/Feb/2023:16:40:32 -0800] "GET /CRIME-WATCH-AMERICA/GOOD_BARBER_APP-MAKER/INSTALL-CRIME-WATCH-ATLANTA/CRIME-WATCH-ATLANTA/unix/bin/sysinfo.txt HTTP/1.1" 200 144 "-" "Mozilla/5.0 (compatible; AhrefsBot/7.0; +http://ahrefs.com/robot/)" "metrocrimedaily.com"
51.222.253.6 - - [08/Feb/2023:16:41:34 -0800] "GET /CRIME-WATCH-AMERICA/GOOD_BARBER_APP-MAKER/INSTALL-CRIME-WATCH-ATLANTA/CRIME-WATCH-ATLANTA/unix/bin/unwise.exe HTTP/1.1" 200 34864 "-" "Mozilla/5.0 (compatible; AhrefsBot/7.0; +http://ahrefs.com/robot/)" "metrocrimedaily.com"
51.222.253.13 - - [08/Feb/2023:16:42:21 -0800] "GET /CRIME-WATCH-AMERICA/GOOD_BARBER_APP-MAKER/INSTALL-CRIME-WATCH-ATLANTA/CRIME-WATCH-ATLANTA/unix/bin/wget.exe HTTP/1.1" 200 4923280 "-" "Mozilla/5.0 (compatible; AhrefsBot/7.0; +http://ahrefs.com/robot/)" "metrocrimedaily.com"
51.222.253.6 - - [08/Feb/2023:16:43:10 -0800] "GET /CRIME-WATCH-AMERICA/GOOD_BARBER_APP-MAKER/INSTALL-CRIME-WATCH-ATLANTA/CRIME-WATCH-ATLANTA/unix/bin/win32gnu.dll HTTP/1.1" 200 104448 "-" "Mozilla/5.0 (compatible; AhrefsBot/7.0; +http://ahrefs.com/robot/)" "metrocrimedaily.com"
51.222.253.5 - - [08/Feb/2023:16:43:52 -0800] "GET /CRIME-WATCH-AMERICA/GOOD_BARBER_APP-MAKER/INSTALL-CRIME-WATCH-ATLANTA/CRIME-WATCH-ATLANTA/unix/bin/winsu.exe HTTP/1.1" 200 21504 "-" "Mozilla/5.0 (compatible; AhrefsBot/7.0; +http://ahrefs.com/robot/)" "metrocrimedaily.com"
51.222.253.6 - - [08/Feb/2023:16:44:25 -0800] "GET / HTTP/1.1" 200 1660 "-" "Mozilla/5.0 (compatible; AhrefsBot/7.0; +http://ahrefs.com/robot/)" "metrocrimedaily.com"
69.63.184.117 - - [08/Feb/2023:16:45:14 -0800] "GET /instagram-stlouis/02-08-2023-1829022-A.jpg HTTP/1.1" 200 223222 "-" "facebookexternalhit/1.1 (+http://www.facebook.com/externalhit_uatext.php)" "www.metrocrimedaily.com"
51.222.253.20 - - [08/Feb/2023:16:45:17 -0800] "GET / HTTP/1.1" 200 1660 "-" "Mozilla/5.0 (compatible; AhrefsBot/7.0; +http://ahrefs.com/robot/)" "www.metrocrimedaily.com"
69.63.184.1 - - [08/Feb/2023:16:45:56 -0800] "GET /instagram-atlanta/02-08-2023-1758454-A.jpg HTTP/1.1" 200 91684 "-" "facebookexternalhit/1.1 (+http://www.facebook.com/externalhit_uatext.php)" "www.metrocrimedaily.com"
69.63.184.5 - - [08/Feb/2023:16:46:04 -0800] "GET /instagram-dallas/02-08-2023-1845431-A.jpg HTTP/1.1" 200 73264 "-" "facebookexternalhit/1.1 (+http://www.facebook.com/externalhit_uatext.php)" "www.metrocrimedaily.com"
51.222.253.12 - - [08/Feb/2023:16:46:05 -0800] "GET /instagram-detroit/post-later/?C=N;O=D HTTP/1.1" 200 328 "-" "Mozilla/5.0 (compatible; AhrefsBot/7.0; +http://ahrefs.com/robot/)" "metrocrimedaily.com"
51.222.253.5 - - [08/Feb/2023:16:46:39 -0800] "GET /CRIME-WATCH-AMERICA/CRIME-WATCH-LOS-ANGELES/?C=D;O=A HTTP/1.1" 200 379 "-" "Mozilla/5.0 (compatible; AhrefsBot/7.0; +http://ahrefs.com/robot/)" "www.metrocrimedaily.com"
51.222.253.4 - - [08/Feb/2023:16:47:02 -0800] "GET /CRIME-WATCH-AMERICA/CRIME-WATCH-LOS-ANGELES/?C=M;O=A HTTP/1.1" 200 378 "-" "Mozilla/5.0 (compatible; AhrefsBot/7.0; +http://ahrefs.com/robot/)" "www.metrocrimedaily.com"
51.222.253.12 - - [08/Feb/2023:16:47:26 -0800] "GET /instagram-houston/02-08-2023-1155131-2-teens-plead-guilty-to-arson-in-fire-that-destro.txt HTTP/1.1" 200 989 "-" "Mozilla/5.0 (compatible; AhrefsBot/7.0; +http://ahrefs.com/robot/)" "metrocrimedaily.com"
51.222.253.20 - - [08/Feb/2023:16:47:59 -0800] "GET /instagram-houston/02-08-2023-1323341-4-suspects--including-16-year-old--charged-after-.txt HTTP/1.1" 200 582 "-" "Mozilla/5.0 (compatible; AhrefsBot/7.0; +http://ahrefs.com/robot/)" "metrocrimedaily.com"
114.119.145.37 - - [08/Feb/2023:16:48:03 -0800] "GET /instagram-miami/02-06-2023-2143551-Man-arrested-for-damaging-ATM-in-Miami-Shores-.txt HTTP/1.1" 404 88 "https://metrocrimedaily.com/instagram-miami/?C=D%3BO%3DA" "Mozilla/5.0 (Linux; Android 7.0;) AppleWebKit/537.36 (KHTML, like Gecko) Mobile Safari/537.36 (compatible; PetalBot;+https://webmaster.petalsearch.com/site/petalbot)" "metrocrimedaily.com"
51.222.253.7 - - [08/Feb/2023:16:48:23 -0800] "GET /instagram-houston/02-08-2023-1323342-22-year-old-charged-with-murder-after-deadly-shoo.txt HTTP/1.1" 200 604 "-" "Mozilla/5.0 (compatible; AhrefsBot/7.0; +http://ahrefs.com/robot/)" "metrocrimedaily.com"
69.63.184.2 - - [08/Feb/2023:16:48:40 -0800] "GET /instagram-newyork/02-08-2023-1817063-A.jpg HTTP/1.1" 200 96005 "-" "facebookexternalhit/1.1 (+http://www.facebook.com/externalhit_uatext.php)" "www.metrocrimedaily.com"
51.222.253.9 - - [08/Feb/2023:16:48:48 -0800] "GET /instagram-houston/02-08-2023-1323343-Jury-selection-set-for-May-in-AJ-Armstrong-s-thir.txt HTTP/1.1" 200 627 "-" "Mozilla/5.0 (compatible; AhrefsBot/7.0; +http://ahrefs.com/robot/)" "metrocrimedaily.com"
51.222.253.18 - - [08/Feb/2023:16:49:26 -0800] "GET /instagram-houston/02-08-2023-1323344-Houston-murder-suspect-tracked-down-in-Dallas%3B-aw.txt HTTP/1.1" 200 591 "-" "Mozilla/5.0 (compatible; AhrefsBot/7.0; +http://ahrefs.com/robot/)" "metrocrimedaily.com"
51.222.253.1 - - [08/Feb/2023:16:49:47 -0800] "GET /instagram-houston/02-08-2023-1529551-Remembering-Jeff-Blackburn--Texas-attorney-who-ex.txt HTTP/1.1" 200 1160 "-" "Mozilla/5.0 (compatible; AhrefsBot/7.0; +http://ahrefs.com/robot/)" "metrocrimedaily.com"
51.222.253.4 - - [08/Feb/2023:16:50:15 -0800] "GET /instagram-houston/02-08-2023-1529552-Third-man-missing-after-invading-home--assaulting.txt HTTP/1.1" 200 906 "-" "Mozilla/5.0 (compatible; AhrefsBot/7.0; +http://ahrefs.com/robot/)" "metrocrimedaily.com"
51.222.253.5 - - [08/Feb/2023:16:50:35 -0800] "GET /instagram-houston/02-08-2023-1529553-Man-who-fatally-shot-3-Texas-teens-in-1998-faces-.txt HTTP/1.1" 200 968 "-" "Mozilla/5.0 (compatible; AhrefsBot/7.0; +http://ahrefs.com/robot/)" "metrocrimedaily.com"
51.222.253.10 - - [08/Feb/2023:16:50:54 -0800] "GET /instagram-houston/02-08-2023-1529554-Man-convicted-of-raping-woman-at-West-Dundee-part.txt HTTP/1.1" 200 459 "-" "Mozilla/5.0 (compatible; AhrefsBot/7.0; +http://ahrefs.com/robot/)" "metrocrimedaily.com"
51.222.253.5 - - [08/Feb/2023:16:51:23 -0800] "GET /instagram-houston/02-08-2023-1529555-2-arrested--1-wanted-after-breaking-into-home--as.txt HTTP/1.1" 200 643 "-" "Mozilla/5.0 (compatible; AhrefsBot/7.0; +http://ahrefs.com/robot/)" "metrocrimedaily.com"
51.222.253.5 - - [08/Feb/2023:16:51:44 -0800] "GET /instagram-houston/02-08-2023-1529556-Authorities--Friends-of-man-killed-in-ATV-crash-c.txt HTTP/1.1" 200 815 "-" "Mozilla/5.0 (compatible; AhrefsBot/7.0; +http://ahrefs.com/robot/)" "metrocrimedaily.com"
51.222.253.18 - - [08/Feb/2023:16:52:07 -0800] "GET /instagram-houston/02-08-2023-1529557-Seabrook-police-chief-accused-of-detaining--assau.txt HTTP/1.1" 200 1063 "-" "Mozilla/5.0 (compatible; AhrefsBot/7.0; +http://ahrefs.com/robot/)" "metrocrimedaily.com"
51.222.253.7 - - [08/Feb/2023:16:52:45 -0800] "GET /CRIME-WATCH-AMERICA/GOOD_BARBER_APP-MAKER/INSTALL-CRIME-WATCH-ATLANTA/CRIME-WATCH-ATLANTA/unix/bin/cat.exe HTTP/1.1" 200 15360 "-" "Mozilla/5.0 (compatible; AhrefsBot/7.0; +http://ahrefs.com/robot/)" "metrocrimedaily.com"
51.222.253.1 - - [08/Feb/2023:16:53:04 -0800] "GET /CRIME-WATCH-AMERICA/GOOD_BARBER_APP-MAKER/INSTALL-CRIME-WATCH-ATLANTA/CRIME-WATCH-ATLANTA/unix/bin/ci.exe HTTP/1.1" 200 60928 "-" "Mozilla/5.0 (compatible; AhrefsBot/7.0; +http://ahrefs.com/robot/)" "metrocrimedaily.com"
31.13.103.17 - - [08/Feb/2023:16:53:17 -0800] "GET /instagram-neworleans/02-08-2023-1852551-A.jpg HTTP/1.1" 200 167133 "-" "facebookexternalhit/1.1 (+http://www.facebook.com/externalhit_uatext.php)" "www.metrocrimedaily.com"
51.222.253.8 - - [08/Feb/2023:16:53:25 -0800] "GET /CRIME-WATCH-AMERICA/GOOD_BARBER_APP-MAKER/INSTALL-CRIME-WATCH-ATLANTA/CRIME-WATCH-ATLANTA/unix/bin/cmp.exe HTTP/1.1" 200 13312 "-" "Mozilla/5.0 (compatible; AhrefsBot/7.0; +http://ahrefs.com/robot/)" "metrocrimedaily.com"
51.222.253.2 - - [08/Feb/2023:16:54:20 -0800] "GET /CRIME-WATCH-AMERICA/GOOD_BARBER_APP-MAKER/INSTALL-CRIME-WATCH-ATLANTA/CRIME-WATCH-ATLANTA/unix/bin/co.exe HTTP/1.1" 200 57344 "-" "Mozilla/5.0 (compatible; AhrefsBot/7.0; +http://ahrefs.com/robot/)" "metrocrimedaily.com"
51.222.253.19 - - [08/Feb/2023:16:54:43 -0800] "GET /CRIME-WATCH-AMERICA/GOOD_BARBER_APP-MAKER/INSTALL-CRIME-WATCH-ATLANTA/CRIME-WATCH-ATLANTA/unix/bin/cp.exe HTTP/1.1" 200 20992 "-" "Mozilla/5.0 (compatible; AhrefsBot/7.0; +http://ahrefs.com/robot/)" "metrocrimedaily.com"
31.13.103.8 - - [08/Feb/2023:16:55:29 -0800] "GET /instagram-memphis/02-08-2023-1839282-A.jpg HTTP/1.1" 200 124229 "-" "facebookexternalhit/1.1 (+http://www.facebook.com/externalhit_uatext.php)" "www.metrocrimedaily.com"
69.63.184.118 - - [08/Feb/2023:16:55:35 -0800] "GET /instagram-detroit/02-08-2023-1721387-A.jpg HTTP/1.1" 200 62288 "-" "facebookexternalhit/1.1 (+http://www.facebook.com/externalhit_uatext.php)" "www.metrocrimedaily.com"
51.222.253.17 - - [08/Feb/2023:16:55:44 -0800] "GET /CRIME-WATCH-AMERICA/GOOD_BARBER_APP-MAKER/INSTALL-CRIME-WATCH-ATLANTA/CRIME-WATCH-ATLANTA/unix/bin/dd.exe HTTP/1.1" 200 16896 "-" "Mozilla/5.0 (compatible; AhrefsBot/7.0; +http://ahrefs.com/robot/)" "metrocrimedaily.com"
51.222.253.12 - - [08/Feb/2023:16:56:20 -0800] "GET /CRIME-WATCH-AMERICA/GOOD_BARBER_APP-MAKER/INSTALL-CRIME-WATCH-ATLANTA/CRIME-WATCH-ATLANTA/unix/bin/df.exe HTTP/1.1" 200 13824 "-" "Mozilla/5.0 (compatible; AhrefsBot/7.0; +http://ahrefs.com/robot/)" "metrocrimedaily.com"
51.222.253.14 - - [08/Feb/2023:16:56:44 -0800] "GET /CRIME-WATCH-AMERICA/GOOD_BARBER_APP-MAKER/INSTALL-CRIME-WATCH-ATLANTA/CRIME-WATCH-ATLANTA/unix/bin/dir.EXE HTTP/1.1" 200 67584 "-" "Mozilla/5.0 (compatible; AhrefsBot/7.0; +http://ahrefs.com/robot/)" "metrocrimedaily.com"
51.222.253.9 - - [08/Feb/2023:16:57:28 -0800] "GET /CRIME-WATCH-AMERICA/GOOD_BARBER_APP-MAKER/INSTALL-CRIME-WATCH-ATLANTA/CRIME-WATCH-ATLANTA/unix/bin/du.exe HTTP/1.1" 200 14848 "-" "Mozilla/5.0 (compatible; AhrefsBot/7.0; +http://ahrefs.com/robot/)" "metrocrimedaily.com"
40.77.167.212 - - [08/Feb/2023:16:57:37 -0800] "GET /index-miami.html HTTP/1.1" 200 33385 "-" "Mozilla/5.0 AppleWebKit/537.36 (KHTML, like Gecko; compatible; bingbot/2.0; +http://www.bing.com/bingbot.htm) Chrome/103.0.5060.134 Safari/537.36" "metrocrimedaily.com"
51.222.253.16 - - [08/Feb/2023:16:57:54 -0800] "GET /CRIME-WATCH-AMERICA/GOOD_BARBER_APP-MAKER/INSTALL-CRIME-WATCH-ATLANTA/CRIME-WATCH-ATLANTA/unix/bin/exrc HTTP/1.1" 200 21 "-" "Mozilla/5.0 (compatible; AhrefsBot/7.0; +http://ahrefs.com/robot/)" "metrocrimedaily.com"
51.222.253.8 - - [08/Feb/2023:16:58:20 -0800] "GET /CRIME-WATCH-AMERICA/GOOD_BARBER_APP-MAKER/INSTALL-CRIME-WATCH-ATLANTA/CRIME-WATCH-ATLANTA/unix/bin/gcc.exe HTTP/1.1" 200 45056 "-" "Mozilla/5.0 (compatible; AhrefsBot/7.0; +http://ahrefs.com/robot/)" "metrocrimedaily.com"
51.222.253.5 - - [08/Feb/2023:16:58:54 -0800] "GET /CRIME-WATCH-AMERICA/GOOD_BARBER_APP-MAKER/INSTALL-CRIME-WATCH-ATLANTA/CRIME-WATCH-ATLANTA/unix/bin/id.exe HTTP/1.1" 200 11776 "-" "Mozilla/5.0 (compatible; AhrefsBot/7.0; +http://ahrefs.com/robot/)" "metrocrimedaily.com"
51.222.253.8 - - [08/Feb/2023:16:59:18 -0800] "GET /CRIME-WATCH-AMERICA/GOOD_BARBER_APP-MAKER/INSTALL-CRIME-WATCH-ATLANTA/CRIME-WATCH-ATLANTA/unix/bin/ls.exe HTTP/1.1" 200 23552 "-" "Mozilla/5.0 (compatible; AhrefsBot/7.0; +http://ahrefs.com/robot/)" "metrocrimedaily.com"
51.222.253.11 - - [08/Feb/2023:16:59:49 -0800] "GET /CRIME-WATCH-AMERICA/GOOD_BARBER_APP-MAKER/INSTALL-CRIME-WATCH-ATLANTA/CRIME-WATCH-ATLANTA/unix/bin/m4.exe HTTP/1.1" 200 46080 "-" "Mozilla/5.0 (compatible; AhrefsBot/7.0; +http://ahrefs.com/robot/)" "metrocrimedaily.com"
51.222.253.15 - - [08/Feb/2023:17:00:13 -0800] "GET /CRIME-WATCH-AMERICA/GOOD_BARBER_APP-MAKER/INSTALL-CRIME-WATCH-ATLANTA/CRIME-WATCH-ATLANTA/unix/bin/mv.exe HTTP/1.1" 200 16384 "-" "Mozilla/5.0 (compatible; AhrefsBot/7.0; +http://ahrefs.com/robot/)" "metrocrimedaily.com"
51.222.253.7 - - [08/Feb/2023:17:00:37 -0800] "GET /CRIME-WATCH-AMERICA/GOOD_BARBER_APP-MAKER/INSTALL-CRIME-WATCH-ATLANTA/CRIME-WATCH-ATLANTA/unix/bin/nl.exe HTTP/1.1" 200 41984 "-" "Mozilla/5.0 (compatible; AhrefsBot/7.0; +http://ahrefs.com/robot/)" "metrocrimedaily.com"
31.13.103.19 - - [08/Feb/2023:17:00:49 -0800] "GET /instagram-stlouis/02-08-2023-1829023-A.jpg HTTP/1.1" 200 416840 "-" "facebookexternalhit/1.1 (+http://www.facebook.com/externalhit_uatext.php)" "www.metrocrimedaily.com"
51.222.253.15 - - [08/Feb/2023:17:01:14 -0800] "GET /CRIME-WATCH-AMERICA/GOOD_BARBER_APP-MAKER/INSTALL-CRIME-WATCH-ATLANTA/CRIME-WATCH-ATLANTA/unix/bin/nm.exe HTTP/1.1" 200 50176 "-" "Mozilla/5.0 (compatible; AhrefsBot/7.0; +http://ahrefs.com/robot/)" "metrocrimedaily.com"
69.63.184.118 - - [08/Feb/2023:17:01:33 -0800] "GET /instagram-atlanta/02-08-2023-1758455-A.jpg HTTP/1.1" 200 85261 "-" "facebookexternalhit/1.1 (+http://www.facebook.com/externalhit_uatext.php)" "www.metrocrimedaily.com"
69.63.184.1 - - [08/Feb/2023:17:01:39 -0800] "GET /instagram-dallas/02-08-2023-1845432-A.jpg HTTP/1.1" 200 173377 "-" "facebookexternalhit/1.1 (+http://www.facebook.com/externalhit_uatext.php)" "www.metrocrimedaily.com"
51.222.253.2 - - [08/Feb/2023:17:01:46 -0800] "GET /CRIME-WATCH-AMERICA/GOOD_BARBER_APP-MAKER/INSTALL-CRIME-WATCH-ATLANTA/CRIME-WATCH-ATLANTA/unix/bin/od.exe HTTP/1.1" 200 26624 "-" "Mozilla/5.0 (compatible; AhrefsBot/7.0; +http://ahrefs.com/robot/)" "metrocrimedaily.com"
51.222.253.5 - - [08/Feb/2023:17:02:25 -0800] "GET /CRIME-WATCH-AMERICA/GOOD_BARBER_APP-MAKER/INSTALL-CRIME-WATCH-ATLANTA/CRIME-WATCH-ATLANTA/unix/bin/ps.exe HTTP/1.1" 200 17920 "-" "Mozilla/5.0 (compatible; AhrefsBot/7.0; +http://ahrefs.com/robot/)" "metrocrimedaily.com"
69.63.184.119 - - [08/Feb/2023:17:02:38 -0800] "GET /instagram-miami/02-08-2023-1901361-A.jpg HTTP/1.1" 200 94930 "-" "facebookexternalhit/1.1 (+http://www.facebook.com/externalhit_uatext.php)" "www.metrocrimedaily.com"
51.222.253.12 - - [08/Feb/2023:17:02:48 -0800] "GET /CRIME-WATCH-AMERICA/GOOD_BARBER_APP-MAKER/INSTALL-CRIME-WATCH-ATLANTA/CRIME-WATCH-ATLANTA/unix/bin/rm.exe HTTP/1.1" 200 32112 "-" "Mozilla/5.0 (compatible; AhrefsBot/7.0; +http://ahrefs.com/robot/)" "metrocrimedaily.com"
51.222.253.1 - - [08/Feb/2023:17:03:18 -0800] "GET /CRIME-WATCH-AMERICA/GOOD_BARBER_APP-MAKER/INSTALL-CRIME-WATCH-ATLANTA/CRIME-WATCH-ATLANTA/unix/bin/tar.exe HTTP/1.1" 200 67584 "-" "Mozilla/5.0 (compatible; AhrefsBot/7.0; +http://ahrefs.com/robot/)" "metrocrimedaily.com"
51.222.253.1 - - [08/Feb/2023:17:03:45 -0800] "GET /CRIME-WATCH-AMERICA/GOOD_BARBER_APP-MAKER/INSTALL-CRIME-WATCH-ATLANTA/CRIME-WATCH-ATLANTA/unix/bin/vi.exe HTTP/1.1" 200 127488 "-" "Mozilla/5.0 (compatible; AhrefsBot/7.0; +http://ahrefs.com/robot/)" "metrocrimedaily.com"
51.222.253.10 - - [08/Feb/2023:17:04:07 -0800] "GET /CRIME-WATCH-AMERICA/GOOD_BARBER_APP-MAKER/INSTALL-CRIME-WATCH-ATLANTA/CRIME-WATCH-ATLANTA/unix/bin/?C=N;O=A HTTP/1.1" 200 2051 "-" "Mozilla/5.0 (compatible; AhrefsBot/7.0; +http://ahrefs.com/robot/)" "metrocrimedaily.com"
69.63.184.4 - - [08/Feb/2023:17:04:17 -0800] "GET /instagram-newyork/02-08-2023-1817064-A.jpg HTTP/1.1" 200 137245 "-" "facebookexternalhit/1.1 (+http://www.facebook.com/externalhit_uatext.php)" "www.metrocrimedaily.com"
51.222.253.2 - - [08/Feb/2023:17:04:33 -0800] "GET /instagram-newyork/01-11-2023-1441472-Estranged-husband-of-mom-stabbed-to-death-in-East.txt HTTP/1.1" 404 88 "-" "Mozilla/5.0 (compatible; AhrefsBot/7.0; +http://ahrefs.com/robot/)" "metrocrimedaily.com"
69.63.184.4 - - [08/Feb/2023:17:04:50 -0800] "GET /instagram-losangeles/02-08-2023-1904301-A.jpg HTTP/1.1" 200 187374 "-" "facebookexternalhit/1.1 (+http://www.facebook.com/externalhit_uatext.php)" "www.metrocrimedaily.com"
51.222.253.15 - - [08/Feb/2023:17:05:18 -0800] "GET /CRIME-WATCH-AMERICA/GOOD_BARBER_APP-MAKER/INSTALL-CRIME-WATCH-ATLANTA/CRIME-WATCH-ATLANTA/unix/bin/xvi.exe HTTP/1.1" 200 413184 "-" "Mozilla/5.0 (compatible; AhrefsBot/7.0; +http://ahrefs.com/robot/)" "metrocrimedaily.com"
51.222.253.5 - - [08/Feb/2023:17:06:19 -0800] "GET /instagram-neworleans/02-02-2023-0835091-Kidnapper-leaves-bloody-trail-in-Oregon-over-5-da.txt HTTP/1.1" 404 88 "-" "Mozilla/5.0 (compatible; AhrefsBot/7.0; +http://ahrefs.com/robot/)" "metrocrimedaily.com"
51.222.253.12 - - [08/Feb/2023:17:07:13 -0800] "GET /instagram-neworleans/02-02-2023-1317491-Student-at-LaPlace-Elementery-arrested-after-brin.txt HTTP/1.1" 404 88 "-" "Mozilla/5.0 (compatible; AhrefsBot/7.0; +http://ahrefs.com/robot/)" "metrocrimedaily.com"
51.222.253.4 - - [08/Feb/2023:17:08:07 -0800] "GET /instagram-neworleans/02-02-2023-1505221-Elementary-student-charged-after-being-found-with.txt HTTP/1.1" 404 88 "-" "Mozilla/5.0 (compatible; AhrefsBot/7.0; +http://ahrefs.com/robot/)" "metrocrimedaily.com"
51.222.253.6 - - [08/Feb/2023:17:08:53 -0800] "GET /instagram-neworleans/02-02-2023-1540141-JP-deputies-arrest-woman-after-man-dies-in-Westwe.txt HTTP/1.1" 404 88 "-" "Mozilla/5.0 (compatible; AhrefsBot/7.0; +http://ahrefs.com/robot/)" "metrocrimedaily.com"
69.63.184.3 - - [08/Feb/2023:17:08:57 -0800] "GET /instagram-neworleans/02-08-2023-1852552-A.jpg HTTP/1.1" 200 153248 "-" "facebookexternalhit/1.1 (+http://www.facebook.com/externalhit_uatext.php)" "www.metrocrimedaily.com"
51.222.253.6 - - [08/Feb/2023:17:09:51 -0800] "GET /instagram-neworleans/02-02-2023-1650151-Confession-leads-to-arrest-in-deadly-Westwego-sho.txt HTTP/1.1" 404 88 "-" "Mozilla/5.0 (compatible; AhrefsBot/7.0; +http://ahrefs.com/robot/)" "metrocrimedaily.com"
51.222.253.9 - - [08/Feb/2023:17:10:51 -0800] "GET /instagram-neworleans/02-02-2023-1746161-$50K-reward-offered-after-LSU-medical-student-att.txt HTTP/1.1" 404 88 "-" "Mozilla/5.0 (compatible; AhrefsBot/7.0; +http://ahrefs.com/robot/)" "metrocrimedaily.com"
69.63.184.117 - - [08/Feb/2023:17:11:06 -0800] "GET /instagram-detroit/02-08-2023-1721388-A.jpg HTTP/1.1" 200 59430 "-" "facebookexternalhit/1.1 (+http://www.facebook.com/externalhit_uatext.php)" "www.metrocrimedaily.com"
51.222.253.10 - - [08/Feb/2023:17:11:47 -0800] "GET /instagram-neworleans/02-02-2023-1746162-Feds-won---t-pursue-death-penalty-against-surf-in.txt HTTP/1.1" 404 88 "-" "Mozilla/5.0 (compatible; AhrefsBot/7.0; +http://ahrefs.com/robot/)" "metrocrimedaily.com"
51.222.253.9 - - [08/Feb/2023:17:12:48 -0800] "GET /instagram-neworleans/02-02-2023-1821221-Two-jailed-in-Dec.-31-killing-outside-Mid-City-gr.txt HTTP/1.1" 404 88 "-" "Mozilla/5.0 (compatible; AhrefsBot/7.0; +http://ahrefs.com/robot/)" "metrocrimedaily.com"
51.222.253.1 - - [08/Feb/2023:17:13:34 -0800] "GET /instagram-neworleans/02-02-2023-1901322-Panic-ensues-after-puppy-stolen-from-Lakeview-hom.txt HTTP/1.1" 404 88 "-" "Mozilla/5.0 (compatible; AhrefsBot/7.0; +http://ahrefs.com/robot/)" "metrocrimedaily.com"
51.222.253.19 - - [08/Feb/2023:17:14:16 -0800] "GET /instagram-neworleans/02-02-2023-1936511-Panic-ensues-after-puppy-stolen-from-Lakeview-dur.txt HTTP/1.1" 404 88 "-" "Mozilla/5.0 (compatible; AhrefsBot/7.0; +http://ahrefs.com/robot/)" "metrocrimedaily.com"
51.222.253.14 - - [08/Feb/2023:17:14:41 -0800] "GET /instagram-neworleans/02-02-2023-2020431-One-arrested--one-wanted-in-2022-deadly-double-sh.txt HTTP/1.1" 404 88 "-" "Mozilla/5.0 (compatible; AhrefsBot/7.0; +http://ahrefs.com/robot/)" "metrocrimedaily.com"
51.222.253.4 - - [08/Feb/2023:17:15:12 -0800] "GET /instagram-neworleans/02-02-2023-2020432-NOPD-makes-arrest-in-December-homicide-.txt HTTP/1.1" 404 88 "-" "Mozilla/5.0 (compatible; AhrefsBot/7.0; +http://ahrefs.com/robot/)" "metrocrimedaily.com"
51.222.253.20 - - [08/Feb/2023:17:15:33 -0800] "GET /instagram-neworleans/02-02-2023-2129151-Kenner-man-convicted-again-in-fatal-love-triangle.txt HTTP/1.1" 404 88 "-" "Mozilla/5.0 (compatible; AhrefsBot/7.0; +http://ahrefs.com/robot/)" "metrocrimedaily.com"
51.222.253.17 - - [08/Feb/2023:17:15:56 -0800] "GET /instagram-neworleans/02-02-2023-2359461-Kyrgios-pleads-guilty-to-assault--has-no-convicti.txt HTTP/1.1" 404 88 "-" "Mozilla/5.0 (compatible; AhrefsBot/7.0; +http://ahrefs.com/robot/)" "metrocrimedaily.com"
51.222.253.15 - - [08/Feb/2023:17:16:28 -0800] "GET /instagram-neworleans/02-03-2023-0426141-Among-young-Black-men-in-New-Orleans--murder-exac.txt HTTP/1.1" 404 88 "-" "Mozilla/5.0 (compatible; AhrefsBot/7.0; +http://ahrefs.com/robot/)" "metrocrimedaily.com"
51.222.253.11 - - [08/Feb/2023:17:16:51 -0800] "GET /instagram-neworleans/02-03-2023-0745571-Kenner-man-convicted-again-nin-retrail-of-killing.txt HTTP/1.1" 404 88 "-" "Mozilla/5.0 (compatible; AhrefsBot/7.0; +http://ahrefs.com/robot/)" "metrocrimedaily.com"
69.63.184.119 - - [08/Feb/2023:17:17:02 -0800] "GET /instagram-atlanta/02-08-2023-1758456-A.jpg HTTP/1.1" 200 108502 "-" "facebookexternalhit/1.1 (+http://www.facebook.com/externalhit_uatext.php)" "www.metrocrimedaily.com"
69.63.184.118 - - [08/Feb/2023:17:17:06 -0800] "GET /instagram-stlouis/02-08-2023-1829024-A.jpg HTTP/1.1" 200 416840 "-" "facebookexternalhit/1.1 (+http://www.facebook.com/externalhit_uatext.php)" "www.metrocrimedaily.com"
69.63.184.1 - - [08/Feb/2023:17:17:11 -0800] "GET /instagram-dallas/02-08-2023-1845433-A.jpg HTTP/1.1" 200 211223 "-" "facebookexternalhit/1.1 (+http://www.facebook.com/externalhit_uatext.php)" "www.metrocrimedaily.com"
51.222.253.13 - - [08/Feb/2023:17:17:59 -0800] "GET /instagram-neworleans/02-03-2023-1001361-Man-arrested-in-connection-with-monkey-theft-from.txt HTTP/1.1" 404 88 "-" "Mozilla/5.0 (compatible; AhrefsBot/7.0; +http://ahrefs.com/robot/)" "metrocrimedaily.com"
69.63.184.117 - - [08/Feb/2023:17:18:09 -0800] "GET /instagram-miami/02-08-2023-1901362-A.jpg HTTP/1.1" 200 93237 "-" "facebookexternalhit/1.1 (+http://www.facebook.com/externalhit_uatext.php)" "www.metrocrimedaily.com"
51.222.253.16 - - [08/Feb/2023:17:18:23 -0800] "GET /instagram-neworleans/02-03-2023-1148141-Popeyes-customer-argues-with-employees--fires-sho.txt HTTP/1.1" 404 88 "-" "Mozilla/5.0 (compatible; AhrefsBot/7.0; +http://ahrefs.com/robot/)" "metrocrimedaily.com"
51.222.253.19 - - [08/Feb/2023:17:19:02 -0800] "GET /instagram-neworleans/02-03-2023-1148142-NOPD--Disgruntled-customer-fires-shot-through-res.txt HTTP/1.1" 404 88 "-" "Mozilla/5.0 (compatible; AhrefsBot/7.0; +http://ahrefs.com/robot/)" "metrocrimedaily.com"
51.222.253.13 - - [08/Feb/2023:17:19:30 -0800] "GET /instagram-neworleans/02-03-2023-1148143-Customer-shoots-woman-inside-St.-Charles-Avenue-b.txt HTTP/1.1" 404 88 "-" "Mozilla/5.0 (compatible; AhrefsBot/7.0; +http://ahrefs.com/robot/)" "metrocrimedaily.com"
51.222.253.19 - - [08/Feb/2023:17:20:04 -0800] "GET /instagram-neworleans/02-03-2023-1327271-2022-Little-Woods-murder-suspect--arrested-in-Aus.txt HTTP/1.1" 404 88 "-" "Mozilla/5.0 (compatible; AhrefsBot/7.0; +http://ahrefs.com/robot/)" "metrocrimedaily.com"
69.63.184.1 - - [08/Feb/2023:17:20:22 -0800] "GET /instagram-losangeles/02-08-2023-1904302-A.jpg HTTP/1.1" 200 99359 "-" "facebookexternalhit/1.1 (+http://www.facebook.com/externalhit_uatext.php)" "www.metrocrimedaily.com"
51.222.253.1 - - [08/Feb/2023:17:20:28 -0800] "GET /instagram-neworleans/02-03-2023-1457181-Authorities--2-arrested-in-California-shooting-th.txt HTTP/1.1" 404 88 "-" "Mozilla/5.0 (compatible; AhrefsBot/7.0; +http://ahrefs.com/robot/)" "metrocrimedaily.com"
51.222.253.18 - - [08/Feb/2023:17:20:52 -0800] "GET /instagram-neworleans/02-03-2023-1457182-Suspect-in-Madison-Brooks-rape-case-arrested-for-.txt HTTP/1.1" 404 88 "-" "Mozilla/5.0 (compatible; AhrefsBot/7.0; +http://ahrefs.com/robot/)" "metrocrimedaily.com"
51.222.253.8 - - [08/Feb/2023:17:21:31 -0800] "GET /instagram-neworleans/02-03-2023-1750101-Hundreds-turn-out-to-memorialize-slain-Warren-Eas.txt HTTP/1.1" 404 88 "-" "Mozilla/5.0 (compatible; AhrefsBot/7.0; +http://ahrefs.com/robot/)" "metrocrimedaily.com"
51.222.253.19 - - [08/Feb/2023:17:21:53 -0800] "GET /instagram-neworleans/02-03-2023-1750102-Shooting-at-busy-Popeyes-left-one-injured-.txt HTTP/1.1" 404 88 "-" "Mozilla/5.0 (compatible; AhrefsBot/7.0; +http://ahrefs.com/robot/)" "metrocrimedaily.com"
69.63.184.4 - - [08/Feb/2023:17:22:14 -0800] "GET /instagram-houston/02-08-2023-1921541-A.jpg HTTP/1.1" 200 165740 "-" "facebookexternalhit/1.1 (+http://www.facebook.com/externalhit_uatext.php)" "www.metrocrimedaily.com"
51.222.253.8 - - [08/Feb/2023:17:22:43 -0800] "GET /instagram-neworleans/02-03-2023-1903401-If-you-get-your-stolen-car-back--thieves-may-well.txt HTTP/1.1" 404 88 "-" "Mozilla/5.0 (compatible; AhrefsBot/7.0; +http://ahrefs.com/robot/)" "metrocrimedaily.com"
51.222.253.20 - - [08/Feb/2023:17:23:11 -0800] "GET /instagram-neworleans/02-03-2023-1903402-Thieves-leaving-personal-information-making-it-ea.txt HTTP/1.1" 404 88 "-" "Mozilla/5.0 (compatible; AhrefsBot/7.0; +http://ahrefs.com/robot/)" "metrocrimedaily.com"
51.222.253.4 - - [08/Feb/2023:17:23:48 -0800] "GET /instagram-neworleans/02-03-2023-1903403-Local-auto-theft-victims-find-possible-theft-s-in.txt HTTP/1.1" 404 88 "-" "Mozilla/5.0 (compatible; AhrefsBot/7.0; +http://ahrefs.com/robot/)" "metrocrimedaily.com"
51.222.253.13 - - [08/Feb/2023:17:24:09 -0800] "GET /instagram-neworleans/02-03-2023-2031431-NOPD-locates--arrests-suspect-in-deadly-Fillmore-.txt HTTP/1.1" 404 88 "-" "Mozilla/5.0 (compatible; AhrefsBot/7.0; +http://ahrefs.com/robot/)" "metrocrimedaily.com"
51.222.253.9 - - [08/Feb/2023:17:24:32 -0800] "GET /instagram-neworleans/02-03-2023-2031432-Kennedi-Belton--slain-15-year-old-honored-by-fami.txt HTTP/1.1" 404 88 "-" "Mozilla/5.0 (compatible; AhrefsBot/7.0; +http://ahrefs.com/robot/)" "metrocrimedaily.com"
69.63.184.120 - - [08/Feb/2023:17:24:43 -0800] "GET /instagram-neworleans/02-08-2023-1852553-A.jpg HTTP/1.1" 404 88 "-" "facebookexternalhit/1.1 (+http://www.facebook.com/externalhit_uatext.php)" "www.metrocrimedaily.com"
66.249.70.131 - - [08/Feb/2023:17:25:02 -0800] "GET /robots.txt HTTP/1.1" 404 88 "-" "Mozilla/5.0 (compatible; Googlebot/2.1; +http://www.google.com/bot.html)" "metrocrimedaily.com"
51.222.253.20 - - [08/Feb/2023:17:25:03 -0800] "GET /instagram-neworleans/02-03-2023-2138461-Two-men-arrested-in-connection-to-Mid-City-killin.txt HTTP/1.1" 404 88 "-" "Mozilla/5.0 (compatible; AhrefsBot/7.0; +http://ahrefs.com/robot/)" "metrocrimedaily.com"
69.63.184.1 - - [08/Feb/2023:17:25:04 -0800] "GET /instagram-neworleans/02-08-2023-1852554-A.jpg HTTP/1.1" 200 153248 "-" "facebookexternalhit/1.1 (+http://www.facebook.com/externalhit_uatext.php)" "www.metrocrimedaily.com"
51.222.253.6 - - [08/Feb/2023:17:25:34 -0800] "GET /instagram-neworleans/02-03-2023-2231231-Couple-sought-after-taking-child-from-Children-s-.txt HTTP/1.1" 404 88 "-" "Mozilla/5.0 (compatible; AhrefsBot/7.0; +http://ahrefs.com/robot/)" "metrocrimedaily.com"
51.222.253.3 - - [08/Feb/2023:17:26:12 -0800] "GET /instagram-neworleans/02-04-2023-0035141-China-balloon--Many-questions-about-suspected-spy.txt HTTP/1.1" 404 88 "-" "Mozilla/5.0 (compatible; AhrefsBot/7.0; +http://ahrefs.com/robot/)" "metrocrimedaily.com"
51.222.253.5 - - [08/Feb/2023:17:26:36 -0800] "GET /instagram-neworleans/02-04-2023-0436051-Case-dismissed-against-Bridge-City-escapee-accuse.txt HTTP/1.1" 404 88 "-" "Mozilla/5.0 (compatible; AhrefsBot/7.0; +http://ahrefs.com/robot/)" "metrocrimedaily.com"
69.63.184.117 - - [08/Feb/2023:17:26:39 -0800] "GET /instagram-detroit/02-08-2023-1721389-A.jpg HTTP/1.1" 200 883333 "-" "facebookexternalhit/1.1 (+http://www.facebook.com/externalhit_uatext.php)" "www.metrocrimedaily.com"
51.222.253.14 - - [08/Feb/2023:17:27:08 -0800] "GET /instagram-neworleans/02-04-2023-0802412-One-killed-in-double-shooting-on-Tchoupitoulas-St.txt HTTP/1.1" 404 88 "-" "Mozilla/5.0 (compatible; AhrefsBot/7.0; +http://ahrefs.com/robot/)" "metrocrimedaily.com"
51.222.253.7 - - [08/Feb/2023:17:27:33 -0800] "GET /instagram-neworleans/02-04-2023-1017061-Man-killed--woman-injured-in-overnight-shooting--.txt HTTP/1.1" 404 88 "-" "Mozilla/5.0 (compatible; AhrefsBot/7.0; +http://ahrefs.com/robot/)" "metrocrimedaily.com"
51.222.253.3 - - [08/Feb/2023:17:27:55 -0800] "GET /instagram-neworleans/02-04-2023-1125481-Update-on-Tchoupitoulas-Street-shooting-.txt HTTP/1.1" 404 88 "-" "Mozilla/5.0 (compatible; AhrefsBot/7.0; +http://ahrefs.com/robot/)" "metrocrimedaily.com"
51.222.253.5 - - [08/Feb/2023:17:28:16 -0800] "GET /instagram-neworleans/02-04-2023-1414531-Man-arrested--accused-of-fatal-shooting-on-New-Or.txt HTTP/1.1" 404 88 "-" "Mozilla/5.0 (compatible; AhrefsBot/7.0; +http://ahrefs.com/robot/)" "metrocrimedaily.com"
51.222.253.19 - - [08/Feb/2023:17:28:48 -0800] "GET /instagram-neworleans/02-04-2023-1620172-Shots-fired-in-Seabrook-neighborhood--man-hospita.txt HTTP/1.1" 404 88 "-" "Mozilla/5.0 (compatible; AhrefsBot/7.0; +http://ahrefs.com/robot/)" "metrocrimedaily.com"
69.63.184.4 - - [08/Feb/2023:17:29:17 -0800] "GET /instagram-chicago/02-08-2023-1928551-A.jpg HTTP/1.1" 200 176868 "-" "facebookexternalhit/1.1 (+http://www.facebook.com/externalhit_uatext.php)" "www.metrocrimedaily.com"
51.222.253.9 - - [08/Feb/2023:17:29:32 -0800] "GET /instagram-neworleans/02-04-2023-1731411-Woman-arrested-in-connection-with-shooting-of-Pop.txt HTTP/1.1" 404 88 "-" "Mozilla/5.0 (compatible; AhrefsBot/7.0; +http://ahrefs.com/robot/)" "metrocrimedaily.com"
51.222.253.11 - - [08/Feb/2023:17:29:54 -0800] "GET /instagram-neworleans/02-04-2023-1731412-Man-arrested-in-Central-City-retaliation-killing-.txt HTTP/1.1" 404 88 "-" "Mozilla/5.0 (compatible; AhrefsBot/7.0; +http://ahrefs.com/robot/)" "metrocrimedaily.com"
51.222.253.13 - - [08/Feb/2023:17:30:15 -0800] "GET /instagram-neworleans/02-04-2023-1843131-Man-found-in-crashed-car-dies-after-being-shot-se.txt HTTP/1.1" 404 88 "-" "Mozilla/5.0 (compatible; AhrefsBot/7.0; +http://ahrefs.com/robot/)" "metrocrimedaily.com"
51.222.253.12 - - [08/Feb/2023:17:30:54 -0800] "GET /instagram-neworleans/02-04-2023-1843132-Vehicle-crash-turns-into-homicide-investigation-.txt HTTP/1.1" 404 88 "-" "Mozilla/5.0 (compatible; AhrefsBot/7.0; +http://ahrefs.com/robot/)" "metrocrimedaily.com"
51.222.253.4 - - [08/Feb/2023:17:31:18 -0800] "GET /instagram-neworleans/02-04-2023-1843133-NOPD-responds-to-a-vehicle-crash--finds-gunshot-v.txt HTTP/1.1" 404 88 "-" "Mozilla/5.0 (compatible; AhrefsBot/7.0; +http://ahrefs.com/robot/)" "metrocrimedaily.com"
51.222.253.20 - - [08/Feb/2023:17:31:49 -0800] "GET /instagram-neworleans/02-04-2023-2219391-Juvenile-in-the-hospital-after-a-shooting-in-Mich.txt HTTP/1.1" 404 88 "-" "Mozilla/5.0 (compatible; AhrefsBot/7.0; +http://ahrefs.com/robot/)" "metrocrimedaily.com"
51.222.253.14 - - [08/Feb/2023:17:32:12 -0800] "GET /instagram-neworleans/02-04-2023-2311511-Shots-fired-in-Seabrook--juvenile-caught-in-cross.txt HTTP/1.1" 404 88 "-" "Mozilla/5.0 (compatible; AhrefsBot/7.0; +http://ahrefs.com/robot/)" "metrocrimedaily.com"
51.222.253.11 - - [08/Feb/2023:17:32:39 -0800] "GET /instagram-neworleans/02-05-2023-0912081-9-missing-after-fishing-boat-capsizes-in-South-Ko.txt HTTP/1.1" 404 88 "-" "Mozilla/5.0 (compatible; AhrefsBot/7.0; +http://ahrefs.com/robot/)" "metrocrimedaily.com"
69.63.184.5 - - [08/Feb/2023:17:32:39 -0800] "GET /instagram-atlanta/02-08-2023-1758457-A.jpg HTTP/1.1" 200 306942 "-" "facebookexternalhit/1.1 (+http://www.facebook.com/externalhit_uatext.php)" "www.metrocrimedaily.com"
69.63.184.117 - - [08/Feb/2023:17:32:42 -0800] "GET /instagram-stlouis/02-08-2023-1829025-A.jpg HTTP/1.1" 200 166664 "-" "facebookexternalhit/1.1 (+http://www.facebook.com/externalhit_uatext.php)" "www.metrocrimedaily.com"
69.63.184.1 - - [08/Feb/2023:17:32:48 -0800] "GET /instagram-dallas/02-08-2023-1845434-A.jpg HTTP/1.1" 200 130604 "-" "facebookexternalhit/1.1 (+http://www.facebook.com/externalhit_uatext.php)" "www.metrocrimedaily.com"
51.222.253.16 - - [08/Feb/2023:17:33:08 -0800] "GET /instagram-neworleans/02-05-2023-1306431-Chalmette-man-charged-with-negligent-homicide-aft.txt HTTP/1.1" 404 88 "-" "Mozilla/5.0 (compatible; AhrefsBot/7.0; +http://ahrefs.com/robot/)" "metrocrimedaily.com"
51.222.253.15 - - [08/Feb/2023:17:33:30 -0800] "GET /instagram-neworleans/02-05-2023-1545561-Chalmette-man-arrested-for-negligent-homicide-.txt HTTP/1.1" 404 88 "-" "Mozilla/5.0 (compatible; AhrefsBot/7.0; +http://ahrefs.com/robot/)" "metrocrimedaily.com"
69.63.184.5 - - [08/Feb/2023:17:33:40 -0800] "GET /instagram-miami/02-08-2023-1901363-A.jpg HTTP/1.1" 200 249540 "-" "facebookexternalhit/1.1 (+http://www.facebook.com/externalhit_uatext.php)" "www.metrocrimedaily.com"
51.222.253.17 - - [08/Feb/2023:17:33:58 -0800] "GET /instagram-neworleans/02-05-2023-1545562-Man-shot-several-times-in-Seventh-Ward-.txt HTTP/1.1" 404 88 "-" "Mozilla/5.0 (compatible; AhrefsBot/7.0; +http://ahrefs.com/robot/)" "metrocrimedaily.com"
51.222.253.14 - - [08/Feb/2023:17:34:25 -0800] "GET /instagram-neworleans/02-05-2023-1545563-Chalmette-man-arrested-after-accidentally-shootin.txt HTTP/1.1" 404 88 "-" "Mozilla/5.0 (compatible; AhrefsBot/7.0; +http://ahrefs.com/robot/)" "metrocrimedaily.com"
51.222.253.16 - - [08/Feb/2023:17:34:51 -0800] "GET /instagram-neworleans/02-05-2023-1707321-Monroe-woman-accused-of-threatening-Family-Dollar.txt HTTP/1.1" 404 88 "-" "Mozilla/5.0 (compatible; AhrefsBot/7.0; +http://ahrefs.com/robot/)" "metrocrimedaily.com"
40.77.167.212 - - [08/Feb/2023:17:35:11 -0800] "GET /index-miami.html HTTP/1.1" 200 33385 "-" "Mozilla/5.0 AppleWebKit/537.36 (KHTML, like Gecko; compatible; bingbot/2.0; +http://www.bing.com/bingbot.htm) Chrome/103.0.5060.134 Safari/537.36" "metrocrimedaily.com"
51.222.253.10 - - [08/Feb/2023:17:35:20 -0800] "GET /instagram-neworleans/02-05-2023-1803321-Shreveport-man-sentenced-to-2-years-in-federal-pr.txt HTTP/1.1" 404 88 "-" "Mozilla/5.0 (compatible; AhrefsBot/7.0; +http://ahrefs.com/robot/)" "metrocrimedaily.com"
51.222.253.5 - - [08/Feb/2023:17:35:50 -0800] "GET /instagram-neworleans/02-05-2023-1803322-Ouachita-Parish-woman-and-man-arrested-after-poli.txt HTTP/1.1" 404 88 "-" "Mozilla/5.0 (compatible; AhrefsBot/7.0; +http://ahrefs.com/robot/)" "metrocrimedaily.com"
69.63.184.4 - - [08/Feb/2023:17:35:56 -0800] "GET /instagram-losangeles/02-08-2023-1904303-A.jpg HTTP/1.1" 200 132717 "-" "facebookexternalhit/1.1 (+http://www.facebook.com/externalhit_uatext.php)" "www.metrocrimedaily.com"
51.222.253.14 - - [08/Feb/2023:17:36:21 -0800] "GET /instagram-neworleans/02-05-2023-1915481-Shreveport-family-claims-wrongful-arrest-.txt HTTP/1.1" 404 88 "-" "Mozilla/5.0 (compatible; AhrefsBot/7.0; +http://ahrefs.com/robot/)" "metrocrimedaily.com"
51.222.253.16 - - [08/Feb/2023:17:36:42 -0800] "GET /instagram-neworleans/02-05-2023-1915482-Mayor-on-fatal-shooting-involving-SPD-officer-.txt HTTP/1.1" 404 88 "-" "Mozilla/5.0 (compatible; AhrefsBot/7.0; +http://ahrefs.com/robot/)" "metrocrimedaily.com"
51.222.253.6 - - [08/Feb/2023:17:37:06 -0800] "GET /instagram-neworleans/02-05-2023-2027152-Monroe-man-arrested-for-offering-money-to-minor-t.txt HTTP/1.1" 404 88 "-" "Mozilla/5.0 (compatible; AhrefsBot/7.0; +http://ahrefs.com/robot/)" "metrocrimedaily.com"
51.222.253.6 - - [08/Feb/2023:17:37:41 -0800] "GET /instagram-neworleans/02-05-2023-2027153-Three-suspected-opioid-overdose-deaths-in-24-hour.txt HTTP/1.1" 404 88 "-" "Mozilla/5.0 (compatible; AhrefsBot/7.0; +http://ahrefs.com/robot/)" "metrocrimedaily.com"
69.63.184.117 - - [08/Feb/2023:17:37:46 -0800] "GET /instagram-houston/02-08-2023-1921542-A.jpg HTTP/1.1" 200 299975 "-" "facebookexternalhit/1.1 (+http://www.facebook.com/externalhit_uatext.php)" "www.metrocrimedaily.com"
51.222.253.9 - - [08/Feb/2023:17:38:09 -0800] "GET /instagram-neworleans/02-05-2023-2149111-DOJ-to-investigate-Memphis-Police-Department-afte.txt HTTP/1.1" 404 88 "-" "Mozilla/5.0 (compatible; AhrefsBot/7.0; +http://ahrefs.com/robot/)" "metrocrimedaily.com"
51.222.253.11 - - [08/Feb/2023:17:38:44 -0800] "GET /instagram-neworleans/02-05-2023-2239211-Man-shot-at-hotel-accused-of-child-sexual-abuse-.txt HTTP/1.1" 404 88 "-" "Mozilla/5.0 (compatible; AhrefsBot/7.0; +http://ahrefs.com/robot/)" "metrocrimedaily.com"
51.222.253.14 - - [08/Feb/2023:17:39:03 -0800] "GET /instagram-neworleans/02-05-2023-2336331-Man-shot--carjacked-last-summer-hopes-DA---s-appe.txt HTTP/1.1" 404 88 "-" "Mozilla/5.0 (compatible; AhrefsBot/7.0; +http://ahrefs.com/robot/)" "metrocrimedaily.com"
51.222.253.11 - - [08/Feb/2023:17:39:28 -0800] "GET /instagram-neworleans/02-05-2023-2336332-Man-shot--carjacked-last-summer-hopes-DA---s-appe.txt HTTP/1.1" 404 88 "-" "Mozilla/5.0 (compatible; AhrefsBot/7.0; +http://ahrefs.com/robot/)" "metrocrimedaily.com"
