51.222.253.14 - - [08/Feb/2023:04:08:42 -0800] "GET /CRIME-WATCH-AMERICA/GOOD_BARBER_APP-MAKER/INSTALL-CRIME-WATCH-CHICAGO/unix/bin/mkdir.exe HTTP/1.1" 200 13312 "-" "Mozilla/5.0 (compatible; AhrefsBot/7.0; +http://ahrefs.com/robot/)" "metrocrimedaily.com"
51.222.253.16 - - [08/Feb/2023:04:09:39 -0800] "GET /CRIME-WATCH-AMERICA/GOOD_BARBER_APP-MAKER/INSTALL-CRIME-WATCH-CHICAGO/unix/bin/mkmodules.exe HTTP/1.1" 200 19456 "-" "Mozilla/5.0 (compatible; AhrefsBot/7.0; +http://ahrefs.com/robot/)" "metrocrimedaily.com"
114.119.130.18 - - [08/Feb/2023:04:10:04 -0800] "GET /privacy-policy.html HTTP/1.1" 200 2353 "-" "Mozilla/5.0 (Linux; Android 7.0;) AppleWebKit/537.36 (KHTML, like Gecko) Mobile Safari/537.36 (compatible; PetalBot;+https://webmaster.petalsearch.com/site/petalbot)" "metrocrimedaily.com"
51.222.253.19 - - [08/Feb/2023:04:10:49 -0800] "GET /CRIME-WATCH-AMERICA/GOOD_BARBER_APP-MAKER/INSTALL-CRIME-WATCH-CHICAGO/unix/bin/mtail.exe HTTP/1.1" 200 589824 "-" "Mozilla/5.0 (compatible; AhrefsBot/7.0; +http://ahrefs.com/robot/)" "metrocrimedaily.com"
114.119.136.8 - - [08/Feb/2023:04:11:20 -0800] "GET /instagram-stlouis/01-31-2023-2102351-Florissant-man-arrested--confessed-to-multiple-th.txt HTTP/1.1" 404 88 "https://metrocrimedaily.com/instagram-stlouis/?C=M%3BO%3DA" "Mozilla/5.0 (Linux; Android 7.0;) AppleWebKit/537.36 (KHTML, like Gecko) Mobile Safari/537.36 (compatible; PetalBot;+https://webmaster.petalsearch.com/site/petalbot)" "metrocrimedaily.com"
51.222.253.12 - - [08/Feb/2023:04:12:01 -0800] "GET /CRIME-WATCH-AMERICA/GOOD_BARBER_APP-MAKER/INSTALL-CRIME-WATCH-CHICAGO/unix/bin/ntemacs.exe HTTP/1.1" 200 634880 "-" "Mozilla/5.0 (compatible; AhrefsBot/7.0; +http://ahrefs.com/robot/)" "metrocrimedaily.com"
114.119.151.74 - - [08/Feb/2023:04:12:34 -0800] "GET /instagram-chicago/02-03-2023-2310521-Homicide-Clearance-Rate-Lower-in-Chicago---s-Blac.txt HTTP/1.1" 404 88 "https://metrocrimedaily.com/instagram-chicago/?C=D%3BO%3DA" "Mozilla/5.0 (Linux; Android 7.0;) AppleWebKit/537.36 (KHTML, like Gecko) Mobile Safari/537.36 (compatible; PetalBot;+https://webmaster.petalsearch.com/site/petalbot)" "metrocrimedaily.com"
51.222.253.6 - - [08/Feb/2023:04:12:53 -0800] "GET /CRIME-WATCH-AMERICA/GOOD_BARBER_APP-MAKER/INSTALL-CRIME-WATCH-CHICAGO/unix/bin/nutgmake.exe HTTP/1.1" 200 398612 "-" "Mozilla/5.0 (compatible; AhrefsBot/7.0; +http://ahrefs.com/robot/)" "metrocrimedaily.com"
157.55.39.24 - - [08/Feb/2023:04:13:33 -0800] "GET /instagram-dallas/ HTTP/1.1" 200 1260 "-" "Mozilla/5.0 AppleWebKit/537.36 (KHTML, like Gecko; compatible; bingbot/2.0; +http://www.bing.com/bingbot.htm) Chrome/103.0.5060.134 Safari/537.36" "www.metrocrimedaily.com"
51.222.253.5 - - [08/Feb/2023:04:13:36 -0800] "GET /CRIME-WATCH-AMERICA/GOOD_BARBER_APP-MAKER/INSTALL-CRIME-WATCH-CHICAGO/unix/bin/nwin2.dll HTTP/1.1" 200 477680 "-" "Mozilla/5.0 (compatible; AhrefsBot/7.0; +http://ahrefs.com/robot/)" "metrocrimedaily.com"
157.55.39.18 - - [08/Feb/2023:04:13:40 -0800] "GET /index-houston.html HTTP/1.1" 200 76450 "-" "Mozilla/5.0 AppleWebKit/537.36 (KHTML, like Gecko; compatible; bingbot/2.0; +http://www.bing.com/bingbot.htm) Chrome/103.0.5060.134 Safari/537.36" "www.metrocrimedaily.com"
114.119.158.106 - - [08/Feb/2023:04:13:58 -0800] "GET /instagram-atlanta/post-later/01-27-2023-1717491-College-Park-police-search-for-missing-63-year-ol.txt HTTP/1.1" 404 88 "https://metrocrimedaily.com/instagram-atlanta/post-later/" "Mozilla/5.0 (Linux; Android 7.0;) AppleWebKit/537.36 (KHTML, like Gecko) Mobile Safari/537.36 (compatible; PetalBot;+https://webmaster.petalsearch.com/site/petalbot)" "metrocrimedaily.com"
51.222.253.7 - - [08/Feb/2023:04:14:29 -0800] "GET /CRIME-WATCH-AMERICA/GOOD_BARBER_APP-MAKER/INSTALL-CRIME-WATCH-CHICAGO/unix/bin/objdump.exe HTTP/1.1" 200 100864 "-" "Mozilla/5.0 (compatible; AhrefsBot/7.0; +http://ahrefs.com/robot/)" "metrocrimedaily.com"
114.119.157.128 - - [08/Feb/2023:04:15:12 -0800] "GET /instagram-memphis/01-23-2023-1556355-Ben-Crump--Memphis-Police-Chief-C.J.-Davis--not-p.txt HTTP/1.1" 404 88 "https://metrocrimedaily.com/instagram-memphis/?C=S%3BO%3DA" "Mozilla/5.0 (Linux; Android 7.0;) AppleWebKit/537.36 (KHTML, like Gecko) Mobile Safari/537.36 (compatible; PetalBot;+https://webmaster.petalsearch.com/site/petalbot)" "metrocrimedaily.com"
51.222.253.3 - - [08/Feb/2023:04:15:15 -0800] "GET /CRIME-WATCH-AMERICA/GOOD_BARBER_APP-MAKER/INSTALL-CRIME-WATCH-CHICAGO/unix/bin/paste.exe HTTP/1.1" 200 14848 "-" "Mozilla/5.0 (compatible; AhrefsBot/7.0; +http://ahrefs.com/robot/)" "metrocrimedaily.com"
51.222.253.5 - - [08/Feb/2023:04:16:01 -0800] "GET /CRIME-WATCH-AMERICA/GOOD_BARBER_APP-MAKER/INSTALL-CRIME-WATCH-CHICAGO/unix/bin/patch.exe HTTP/1.1" 200 45056 "-" "Mozilla/5.0 (compatible; AhrefsBot/7.0; +http://ahrefs.com/robot/)" "metrocrimedaily.com"
69.63.184.119 - - [08/Feb/2023:04:16:28 -0800] "GET /instagram-memphis/02-08-2023-0616091-A.jpg HTTP/1.1" 404 88 "-" "facebookexternalhit/1.1 (+http://www.facebook.com/externalhit_uatext.php)" "www.metrocrimedaily.com"
51.222.253.5 - - [08/Feb/2023:04:16:50 -0800] "GET /CRIME-WATCH-AMERICA/GOOD_BARBER_APP-MAKER/INSTALL-CRIME-WATCH-CHICAGO/unix/bin/pathchk.exe HTTP/1.1" 200 11264 "-" "Mozilla/5.0 (compatible; AhrefsBot/7.0; +http://ahrefs.com/robot/)" "metrocrimedaily.com"
51.222.253.11 - - [08/Feb/2023:04:17:37 -0800] "GET /CRIME-WATCH-AMERICA/GOOD_BARBER_APP-MAKER/INSTALL-CRIME-WATCH-CHICAGO/unix/bin/perl.exe HTTP/1.1" 200 320512 "-" "Mozilla/5.0 (compatible; AhrefsBot/7.0; +http://ahrefs.com/robot/)" "metrocrimedaily.com"
114.119.148.202 - - [08/Feb/2023:04:17:40 -0800] "GET /CRIME-WATCH-AMERICA/CRIME-WATCH-DETROIT/support/?C=D%3BO%3DA HTTP/1.1" 200 817 "https://metrocrimedaily.com/CRIME-WATCH-AMERICA/CRIME-WATCH-DETROIT/support/" "Mozilla/5.0 (Linux; Android 7.0;) AppleWebKit/537.36 (KHTML, like Gecko) Mobile Safari/537.36 (compatible; PetalBot;+https://webmaster.petalsearch.com/site/petalbot)" "metrocrimedaily.com"
51.222.253.6 - - [08/Feb/2023:04:18:13 -0800] "GET / HTTP/1.1" 200 1637 "-" "Mozilla/5.0 (compatible; AhrefsBot/7.0; +http://ahrefs.com/robot/)" "www.metrocrimedaily.com"
51.222.253.13 - - [08/Feb/2023:04:18:47 -0800] "GET /instagram-chicago/post-later/?C=D;O=A HTTP/1.1" 200 578 "-" "Mozilla/5.0 (compatible; AhrefsBot/7.0; +http://ahrefs.com/robot/)" "metrocrimedaily.com"
51.222.253.12 - - [08/Feb/2023:04:19:13 -0800] "GET /instagram-chicago/post-later/?C=M;O=A HTTP/1.1" 200 581 "-" "Mozilla/5.0 (compatible; AhrefsBot/7.0; +http://ahrefs.com/robot/)" "metrocrimedaily.com"
51.222.253.3 - - [08/Feb/2023:04:19:46 -0800] "GET /instagram-chicago/post-later/?C=S;O=A HTTP/1.1" 200 577 "-" "Mozilla/5.0 (compatible; AhrefsBot/7.0; +http://ahrefs.com/robot/)" "metrocrimedaily.com"
51.222.253.17 - - [08/Feb/2023:04:20:11 -0800] "GET /instagram-dallas/?C=M;O=A HTTP/1.1" 200 1266 "-" "Mozilla/5.0 (compatible; AhrefsBot/7.0; +http://ahrefs.com/robot/)" "metrocrimedaily.com"
51.222.253.11 - - [08/Feb/2023:04:20:38 -0800] "GET /instagram-dallas/?C=S;O=A HTTP/1.1" 200 1250 "-" "Mozilla/5.0 (compatible; AhrefsBot/7.0; +http://ahrefs.com/robot/)" "metrocrimedaily.com"
51.222.253.13 - - [08/Feb/2023:04:21:22 -0800] "GET /instagram-dallas/ HTTP/1.1" 200 1260 "-" "Mozilla/5.0 (compatible; AhrefsBot/7.0; +http://ahrefs.com/robot/)" "www.metrocrimedaily.com"
114.119.158.34 - - [08/Feb/2023:04:21:49 -0800] "GET /about-us.html HTTP/1.1" 200 706 "-" "Mozilla/5.0 (Linux; Android 7.0;) AppleWebKit/537.36 (KHTML, like Gecko) Mobile Safari/537.36 (compatible; PetalBot;+https://webmaster.petalsearch.com/site/petalbot)" "metrocrimedaily.com"
51.222.253.17 - - [08/Feb/2023:04:22:29 -0800] "GET /CRIME-WATCH-AMERICA/CRIME-WATCH-CHICAGO/ HTTP/1.1" 200 1249 "-" "Mozilla/5.0 (compatible; AhrefsBot/7.0; +http://ahrefs.com/robot/)" "www.metrocrimedaily.com"
51.222.253.3 - - [08/Feb/2023:04:23:18 -0800] "GET /instagram-chicago/post-later/02-07-2023-1801032-CPD-searching-for-SUV-linked-to-fatal-hit-and-run.txt HTTP/1.1" 200 438 "-" "Mozilla/5.0 (compatible; AhrefsBot/7.0; +http://ahrefs.com/robot/)" "metrocrimedaily.com"
51.222.253.20 - - [08/Feb/2023:04:23:51 -0800] "GET /instagram-chicago/post-later/02-07-2023-1801033-Woman-charged-with-fatally-stabbing-romantic-riva.txt HTTP/1.1" 200 967 "-" "Mozilla/5.0 (compatible; AhrefsBot/7.0; +http://ahrefs.com/robot/)" "metrocrimedaily.com"
51.222.253.5 - - [08/Feb/2023:04:24:31 -0800] "GET /instagram-chicago/post-later/02-07-2023-1801034----Give-me-everything-----Group-uses-online-marke.txt HTTP/1.1" 200 836 "-" "Mozilla/5.0 (compatible; AhrefsBot/7.0; +http://ahrefs.com/robot/)" "metrocrimedaily.com"
51.222.253.16 - - [08/Feb/2023:04:25:26 -0800] "GET /instagram-dallas/02-07-2023-1055411-Dallas-Zoo-missing-monkeys-suspect-planned-to-kee.txt HTTP/1.1" 200 794 "-" "Mozilla/5.0 (compatible; AhrefsBot/7.0; +http://ahrefs.com/robot/)" "metrocrimedaily.com"
51.222.253.11 - - [08/Feb/2023:04:25:57 -0800] "GET /instagram-dallas/02-07-2023-1055412-Garland-convenience-store-shooting-trial-begins--.txt HTTP/1.1" 200 1079 "-" "Mozilla/5.0 (compatible; AhrefsBot/7.0; +http://ahrefs.com/robot/)" "metrocrimedaily.com"
51.222.253.11 - - [08/Feb/2023:04:26:42 -0800] "GET /instagram-dallas/02-07-2023-1055413-Dallas-man-facing-murder-charge-after-claiming-wo.txt HTTP/1.1" 200 783 "-" "Mozilla/5.0 (compatible; AhrefsBot/7.0; +http://ahrefs.com/robot/)" "metrocrimedaily.com"
51.222.253.10 - - [08/Feb/2023:04:27:28 -0800] "GET /instagram-dallas/02-07-2023-1055414-Prosper-ISD-to-discuss-replacing-board-president-.txt HTTP/1.1" 200 508 "-" "Mozilla/5.0 (compatible; AhrefsBot/7.0; +http://ahrefs.com/robot/)" "metrocrimedaily.com"
51.222.253.2 - - [08/Feb/2023:04:28:11 -0800] "GET /instagram-dallas/02-07-2023-1334471-Texas-lawmaker-files-bill-to-repeal-state-s-longs.txt HTTP/1.1" 200 1032 "-" "Mozilla/5.0 (compatible; AhrefsBot/7.0; +http://ahrefs.com/robot/)" "metrocrimedaily.com"
51.222.253.16 - - [08/Feb/2023:04:29:03 -0800] "GET /instagram-dallas/02-07-2023-1334472-Texas-Sen.-Charles-J.-Schwertner-arrested--charge.txt HTTP/1.1" 200 49 "-" "Mozilla/5.0 (compatible; AhrefsBot/7.0; +http://ahrefs.com/robot/)" "metrocrimedaily.com"
51.222.253.18 - - [08/Feb/2023:04:29:52 -0800] "GET /instagram-dallas/02-07-2023-1334473-Man-s-body-found-in-Trinity-River%3B-Dallas-police-.txt HTTP/1.1" 200 635 "-" "Mozilla/5.0 (compatible; AhrefsBot/7.0; +http://ahrefs.com/robot/)" "metrocrimedaily.com"
51.222.253.17 - - [08/Feb/2023:04:30:21 -0800] "GET /instagram-dallas/02-07-2023-1334474-Boy--6--Who-Shot-Virginia-Teacher-Allegedly-Choke.txt HTTP/1.1" 200 1088 "-" "Mozilla/5.0 (compatible; AhrefsBot/7.0; +http://ahrefs.com/robot/)" "metrocrimedaily.com"
51.222.253.17 - - [08/Feb/2023:04:30:45 -0800] "GET /instagram-dallas/02-07-2023-1334475-Trial-begins-for-Texas-man-who-admitted-to-killin.txt HTTP/1.1" 200 49 "-" "Mozilla/5.0 (compatible; AhrefsBot/7.0; +http://ahrefs.com/robot/)" "metrocrimedaily.com"
51.222.253.17 - - [08/Feb/2023:04:31:14 -0800] "GET /instagram-dallas/02-07-2023-1334476-Trial-begins-for-Texas-father-charged-as-son-s-ge.txt HTTP/1.1" 200 49 "-" "Mozilla/5.0 (compatible; AhrefsBot/7.0; +http://ahrefs.com/robot/)" "metrocrimedaily.com"
51.222.253.15 - - [08/Feb/2023:04:31:35 -0800] "GET /instagram-dallas/02-07-2023-1544471--I-start-hearing-screaming--crying---Testimony-be.txt HTTP/1.1" 200 1128 "-" "Mozilla/5.0 (compatible; AhrefsBot/7.0; +http://ahrefs.com/robot/)" "metrocrimedaily.com"
51.222.253.20 - - [08/Feb/2023:04:31:59 -0800] "GET /instagram-dallas/02-07-2023-1635251-How-to-Help-Victims-in-Turkey-and-Syria-After-Dea.txt HTTP/1.1" 200 1155 "-" "Mozilla/5.0 (compatible; AhrefsBot/7.0; +http://ahrefs.com/robot/)" "metrocrimedaily.com"
51.222.253.13 - - [08/Feb/2023:04:32:48 -0800] "GET /instagram-dallas/02-07-2023-1729081-Wreckage--rescue-and-hope-in-Turkey-s-earthquake-.txt HTTP/1.1" 200 1151 "-" "Mozilla/5.0 (compatible; AhrefsBot/7.0; +http://ahrefs.com/robot/)" "metrocrimedaily.com"
51.222.253.6 - - [08/Feb/2023:04:33:17 -0800] "GET /CRIME-WATCH-AMERICA/GOOD_BARBER_APP-MAKER/INSTALL-CRIME-WATCH-CHICAGO/unix/bin/ci.exe HTTP/1.1" 200 60928 "-" "Mozilla/5.0 (compatible; AhrefsBot/7.0; +http://ahrefs.com/robot/)" "metrocrimedaily.com"
51.222.253.12 - - [08/Feb/2023:04:33:51 -0800] "GET /CRIME-WATCH-AMERICA/GOOD_BARBER_APP-MAKER/INSTALL-CRIME-WATCH-CHICAGO/unix/bin/cmp.exe HTTP/1.1" 200 13312 "-" "Mozilla/5.0 (compatible; AhrefsBot/7.0; +http://ahrefs.com/robot/)" "metrocrimedaily.com"
51.222.253.15 - - [08/Feb/2023:04:34:18 -0800] "GET /CRIME-WATCH-AMERICA/GOOD_BARBER_APP-MAKER/INSTALL-CRIME-WATCH-CHICAGO/unix/bin/co.exe HTTP/1.1" 200 57344 "-" "Mozilla/5.0 (compatible; AhrefsBot/7.0; +http://ahrefs.com/robot/)" "metrocrimedaily.com"
51.222.253.14 - - [08/Feb/2023:04:34:52 -0800] "GET /CRIME-WATCH-AMERICA/GOOD_BARBER_APP-MAKER/INSTALL-CRIME-WATCH-CHICAGO/unix/bin/cp.exe HTTP/1.1" 200 20992 "-" "Mozilla/5.0 (compatible; AhrefsBot/7.0; +http://ahrefs.com/robot/)" "metrocrimedaily.com"
69.63.184.116 - - [08/Feb/2023:04:35:10 -0800] "GET /instagram-atlanta/02-08-2023-0634431-A.jpg HTTP/1.1" 404 88 "-" "facebookexternalhit/1.1 (+http://www.facebook.com/externalhit_uatext.php)" "www.metrocrimedaily.com"
51.222.253.13 - - [08/Feb/2023:04:35:20 -0800] "GET /CRIME-WATCH-AMERICA/GOOD_BARBER_APP-MAKER/INSTALL-CRIME-WATCH-CHICAGO/unix/bin/dd.exe HTTP/1.1" 200 16896 "-" "Mozilla/5.0 (compatible; AhrefsBot/7.0; +http://ahrefs.com/robot/)" "metrocrimedaily.com"
51.222.253.3 - - [08/Feb/2023:04:35:56 -0800] "GET /CRIME-WATCH-AMERICA/GOOD_BARBER_APP-MAKER/INSTALL-CRIME-WATCH-CHICAGO/unix/bin/df.exe HTTP/1.1" 200 13824 "-" "Mozilla/5.0 (compatible; AhrefsBot/7.0; +http://ahrefs.com/robot/)" "metrocrimedaily.com"
35.128.10.178 - - [08/Feb/2023:04:36:11 -0800] "GET / HTTP/1.1" 200 1637 "-" "Mozilla/5.0 (iPhone; CPU iPhone OS 14_6 like Mac OS X) AppleWebKit/605.1.15 (KHTML, like Gecko) Version/14.1.1 Mobile/15E148 Safari/604.1" "www.metrocrimedaily.com"
51.222.253.20 - - [08/Feb/2023:04:37:03 -0800] "GET /CRIME-WATCH-AMERICA/GOOD_BARBER_APP-MAKER/INSTALL-CRIME-WATCH-CHICAGO/unix/bin/du.exe HTTP/1.1" 200 14848 "-" "Mozilla/5.0 (compatible; AhrefsBot/7.0; +http://ahrefs.com/robot/)" "metrocrimedaily.com"
51.222.253.4 - - [08/Feb/2023:04:37:22 -0800] "GET /CRIME-WATCH-AMERICA/GOOD_BARBER_APP-MAKER/INSTALL-CRIME-WATCH-CHICAGO/unix/bin/exrc HTTP/1.1" 200 21 "-" "Mozilla/5.0 (compatible; AhrefsBot/7.0; +http://ahrefs.com/robot/)" "metrocrimedaily.com"
51.222.253.20 - - [08/Feb/2023:04:37:50 -0800] "GET /CRIME-WATCH-AMERICA/GOOD_BARBER_APP-MAKER/INSTALL-CRIME-WATCH-CHICAGO/unix/bin/id.exe HTTP/1.1" 200 11776 "-" "Mozilla/5.0 (compatible; AhrefsBot/7.0; +http://ahrefs.com/robot/)" "metrocrimedaily.com"
51.222.253.7 - - [08/Feb/2023:04:38:23 -0800] "GET /CRIME-WATCH-AMERICA/GOOD_BARBER_APP-MAKER/INSTALL-CRIME-WATCH-CHICAGO/unix/bin/jq.exe HTTP/1.1" 200 3525307 "-" "Mozilla/5.0 (compatible; AhrefsBot/7.0; +http://ahrefs.com/robot/)" "metrocrimedaily.com"
51.222.253.15 - - [08/Feb/2023:04:38:50 -0800] "GET /CRIME-WATCH-AMERICA/GOOD_BARBER_APP-MAKER/INSTALL-CRIME-WATCH-CHICAGO/unix/bin/ls.exe HTTP/1.1" 200 23552 "-" "Mozilla/5.0 (compatible; AhrefsBot/7.0; +http://ahrefs.com/robot/)" "metrocrimedaily.com"
51.222.253.5 - - [08/Feb/2023:04:39:28 -0800] "GET /CRIME-WATCH-AMERICA/GOOD_BARBER_APP-MAKER/INSTALL-CRIME-WATCH-CHICAGO/unix/bin/m4.exe HTTP/1.1" 200 46080 "-" "Mozilla/5.0 (compatible; AhrefsBot/7.0; +http://ahrefs.com/robot/)" "metrocrimedaily.com"
51.222.253.5 - - [08/Feb/2023:04:39:53 -0800] "GET /CRIME-WATCH-AMERICA/GOOD_BARBER_APP-MAKER/INSTALL-CRIME-WATCH-CHICAGO/unix/bin/mv.exe HTTP/1.1" 200 16384 "-" "Mozilla/5.0 (compatible; AhrefsBot/7.0; +http://ahrefs.com/robot/)" "metrocrimedaily.com"
51.222.253.9 - - [08/Feb/2023:04:40:31 -0800] "GET /CRIME-WATCH-AMERICA/GOOD_BARBER_APP-MAKER/INSTALL-CRIME-WATCH-CHICAGO/unix/bin/nl.exe HTTP/1.1" 200 41984 "-" "Mozilla/5.0 (compatible; AhrefsBot/7.0; +http://ahrefs.com/robot/)" "metrocrimedaily.com"
51.222.253.6 - - [08/Feb/2023:04:40:56 -0800] "GET /CRIME-WATCH-AMERICA/GOOD_BARBER_APP-MAKER/INSTALL-CRIME-WATCH-CHICAGO/unix/bin/nm.exe HTTP/1.1" 200 50176 "-" "Mozilla/5.0 (compatible; AhrefsBot/7.0; +http://ahrefs.com/robot/)" "metrocrimedaily.com"
51.222.253.4 - - [08/Feb/2023:04:41:23 -0800] "GET /CRIME-WATCH-AMERICA/GOOD_BARBER_APP-MAKER/INSTALL-CRIME-WATCH-CHICAGO/unix/bin/od.exe HTTP/1.1" 200 26624 "-" "Mozilla/5.0 (compatible; AhrefsBot/7.0; +http://ahrefs.com/robot/)" "metrocrimedaily.com"
51.222.253.4 - - [08/Feb/2023:04:41:56 -0800] "GET /CRIME-WATCH-AMERICA/GOOD_BARBER_APP-MAKER/INSTALL-CRIME-WATCH-CHICAGO/unix/bin/ps.exe HTTP/1.1" 200 17920 "-" "Mozilla/5.0 (compatible; AhrefsBot/7.0; +http://ahrefs.com/robot/)" "metrocrimedaily.com"
51.222.253.7 - - [08/Feb/2023:04:42:26 -0800] "GET /CRIME-WATCH-AMERICA/GOOD_BARBER_APP-MAKER/INSTALL-CRIME-WATCH-CHICAGO/unix/bin/rm.exe HTTP/1.1" 200 32112 "-" "Mozilla/5.0 (compatible; AhrefsBot/7.0; +http://ahrefs.com/robot/)" "metrocrimedaily.com"
51.222.253.3 - - [08/Feb/2023:04:43:09 -0800] "GET /CRIME-WATCH-AMERICA/GOOD_BARBER_APP-MAKER/INSTALL-CRIME-WATCH-CHICAGO/unix/bin/vi.exe HTTP/1.1" 200 127488 "-" "Mozilla/5.0 (compatible; AhrefsBot/7.0; +http://ahrefs.com/robot/)" "metrocrimedaily.com"
51.222.253.13 - - [08/Feb/2023:04:43:43 -0800] "GET /CRIME-WATCH-AMERICA/GOOD_BARBER_APP-MAKER/INSTALL-CRIME-WATCH-CHICAGO/unix/bin/xvi.exe HTTP/1.1" 200 413184 "-" "Mozilla/5.0 (compatible; AhrefsBot/7.0; +http://ahrefs.com/robot/)" "metrocrimedaily.com"
51.222.253.16 - - [08/Feb/2023:04:44:17 -0800] "GET /CRIME-WATCH-AMERICA/GOOD_BARBER_APP-MAKER/INSTALL-CRIME-WATCH-CHICAGO/unix/bin/?C=N;O=A HTTP/1.1" 200 2135 "-" "Mozilla/5.0 (compatible; AhrefsBot/7.0; +http://ahrefs.com/robot/)" "metrocrimedaily.com"
51.222.253.18 - - [08/Feb/2023:04:44:52 -0800] "GET /CRIME-WATCH-AMERICA/CRIME-WATCH-DETROIT/unix/bin/?C=D;O=D HTTP/1.1" 200 2145 "-" "Mozilla/5.0 (compatible; AhrefsBot/7.0; +http://ahrefs.com/robot/)" "metrocrimedaily.com"
51.222.253.10 - - [08/Feb/2023:04:46:00 -0800] "GET /CRIME-WATCH-AMERICA/CRIME-WATCH-DETROIT/unix/bin/?C=M;O=D HTTP/1.1" 200 2111 "-" "Mozilla/5.0 (compatible; AhrefsBot/7.0; +http://ahrefs.com/robot/)" "metrocrimedaily.com"
40.77.167.212 - - [08/Feb/2023:04:46:49 -0800] "GET /index-miami.html HTTP/1.1" 200 29288 "-" "Mozilla/5.0 AppleWebKit/537.36 (KHTML, like Gecko; compatible; bingbot/2.0; +http://www.bing.com/bingbot.htm) Chrome/103.0.5060.134 Safari/537.36" "metrocrimedaily.com"
66.249.70.131 - - [08/Feb/2023:04:47:04 -0800] "GET /robots.txt HTTP/1.1" 404 88 "-" "Mozilla/5.0 (compatible; Googlebot/2.1; +http://www.google.com/bot.html)" "metrocrimedaily.com"
51.222.253.14 - - [08/Feb/2023:04:47:54 -0800] "GET /CRIME-WATCH-AMERICA/CRIME-WATCH-DETROIT/unix/bin/?C=S;O=D HTTP/1.1" 200 2148 "-" "Mozilla/5.0 (compatible; AhrefsBot/7.0; +http://ahrefs.com/robot/)" "metrocrimedaily.com"
69.63.184.116 - - [08/Feb/2023:04:48:08 -0800] "GET /instagram-detroit/02-08-2023-0647471-A.jpg HTTP/1.1" 404 88 "-" "facebookexternalhit/1.1 (+http://www.facebook.com/externalhit_uatext.php)" "www.metrocrimedaily.com"
69.63.184.119 - - [08/Feb/2023:04:48:30 -0800] "GET /instagram-detroit/02-08-2023-0647472-A.jpg HTTP/1.1" 404 88 "-" "facebookexternalhit/1.1 (+http://www.facebook.com/externalhit_uatext.php)" "www.metrocrimedaily.com"
51.222.253.4 - - [08/Feb/2023:04:50:38 -0800] "GET /CRIME-WATCH-AMERICA/GOOD_BARBER_APP-MAKER/INSTALL-CRIME-WATCH-CHICAGO/unix/bin/readme.txt HTTP/1.1" 200 826 "-" "Mozilla/5.0 (compatible; AhrefsBot/7.0; +http://ahrefs.com/robot/)" "metrocrimedaily.com"
51.222.253.2 - - [08/Feb/2023:04:52:46 -0800] "GET /CRIME-WATCH-AMERICA/GOOD_BARBER_APP-MAKER/INSTALL-CRIME-WATCH-CHICAGO/unix/bin/readme_winsu.txt HTTP/1.1" 200 485 "-" "Mozilla/5.0 (compatible; AhrefsBot/7.0; +http://ahrefs.com/robot/)" "metrocrimedaily.com"
51.222.253.2 - - [08/Feb/2023:04:55:00 -0800] "GET /CRIME-WATCH-AMERICA/GOOD_BARBER_APP-MAKER/INSTALL-CRIME-WATCH-CHICAGO/unix/bin/register.exe HTTP/1.1" 200 125399 "-" "Mozilla/5.0 (compatible; AhrefsBot/7.0; +http://ahrefs.com/robot/)" "metrocrimedaily.com"
114.119.135.84 - - [08/Feb/2023:04:56:29 -0800] "GET /instagram-neworleans/02-06-2023-1912013----Leave-your-weapons-at-home-----3-guns--4-arres.txt HTTP/1.1" 404 88 "https://metrocrimedaily.com/instagram-neworleans/?C=N%3BO%3DD" "Mozilla/5.0 (Linux; Android 7.0;) AppleWebKit/537.36 (KHTML, like Gecko) Mobile Safari/537.36 (compatible; PetalBot;+https://webmaster.petalsearch.com/site/petalbot)" "metrocrimedaily.com"
51.222.253.17 - - [08/Feb/2023:04:56:47 -0800] "GET /CRIME-WATCH-AMERICA/GOOD_BARBER_APP-MAKER/INSTALL-CRIME-WATCH-CHICAGO/unix/bin/register.hlp HTTP/1.1" 200 16454 "-" "Mozilla/5.0 (compatible; AhrefsBot/7.0; +http://ahrefs.com/robot/)" "metrocrimedaily.com"
51.222.253.8 - - [08/Feb/2023:04:58:28 -0800] "GET /CRIME-WATCH-AMERICA/GOOD_BARBER_APP-MAKER/INSTALL-CRIME-WATCH-CHICAGO/unix/bin/runonce.exe HTTP/1.1" 200 58640 "-" "Mozilla/5.0 (compatible; AhrefsBot/7.0; +http://ahrefs.com/robot/)" "metrocrimedaily.com"
69.63.184.119 - - [08/Feb/2023:05:00:13 -0800] "GET /instagram-houston/02-08-2023-0659541-A.jpg HTTP/1.1" 404 88 "-" "facebookexternalhit/1.1 (+http://www.facebook.com/externalhit_uatext.php)" "www.metrocrimedaily.com"
69.63.184.116 - - [08/Feb/2023:05:00:34 -0800] "GET /instagram-houston/02-08-2023-0659542-A.jpg HTTP/1.1" 404 88 "-" "facebookexternalhit/1.1 (+http://www.facebook.com/externalhit_uatext.php)" "www.metrocrimedaily.com"
51.222.253.12 - - [08/Feb/2023:05:00:34 -0800] "GET /CRIME-WATCH-AMERICA/GOOD_BARBER_APP-MAKER/INSTALL-CRIME-WATCH-CHICAGO/unix/bin/sysinfo.exe HTTP/1.1" 200 18432 "-" "Mozilla/5.0 (compatible; AhrefsBot/7.0; +http://ahrefs.com/robot/)" "metrocrimedaily.com"
69.63.184.4 - - [08/Feb/2023:05:00:54 -0800] "GET /instagram-houston/02-08-2023-0659543-A.jpg HTTP/1.1" 404 88 "-" "facebookexternalhit/1.1 (+http://www.facebook.com/externalhit_uatext.php)" "www.metrocrimedaily.com"
69.63.184.4 - - [08/Feb/2023:05:01:14 -0800] "GET /instagram-houston/02-08-2023-0659544-A.jpg HTTP/1.1" 404 88 "-" "facebookexternalhit/1.1 (+http://www.facebook.com/externalhit_uatext.php)" "www.metrocrimedaily.com"
69.63.184.4 - - [08/Feb/2023:05:01:34 -0800] "GET /instagram-houston/02-08-2023-0659545-A.jpg HTTP/1.1" 404 88 "-" "facebookexternalhit/1.1 (+http://www.facebook.com/externalhit_uatext.php)" "www.metrocrimedaily.com"
66.249.70.131 - - [08/Feb/2023:05:02:15 -0800] "GET /robots.txt HTTP/1.1" 404 88 "-" "Mozilla/5.0 (compatible; Googlebot/2.1; +http://www.google.com/bot.html)" "metrocrimedaily.com"
51.222.253.15 - - [08/Feb/2023:05:02:40 -0800] "GET /CRIME-WATCH-AMERICA/GOOD_BARBER_APP-MAKER/INSTALL-CRIME-WATCH-CHICAGO/unix/bin/sysinfo.txt HTTP/1.1" 200 144 "-" "Mozilla/5.0 (compatible; AhrefsBot/7.0; +http://ahrefs.com/robot/)" "metrocrimedaily.com"
51.222.253.11 - - [08/Feb/2023:05:04:46 -0800] "GET /CRIME-WATCH-AMERICA/GOOD_BARBER_APP-MAKER/INSTALL-CRIME-WATCH-CHICAGO/unix/bin/tar.exe HTTP/1.1" 200 67584 "-" "Mozilla/5.0 (compatible; AhrefsBot/7.0; +http://ahrefs.com/robot/)" "metrocrimedaily.com"
51.222.253.13 - - [08/Feb/2023:05:05:46 -0800] "GET /CRIME-WATCH-AMERICA/GOOD_BARBER_APP-MAKER/INSTALL-CRIME-WATCH-CHICAGO/unix/bin/unwise.exe HTTP/1.1" 200 34864 "-" "Mozilla/5.0 (compatible; AhrefsBot/7.0; +http://ahrefs.com/robot/)" "metrocrimedaily.com"
51.222.253.14 - - [08/Feb/2023:05:06:13 -0800] "GET /CRIME-WATCH-AMERICA/GOOD_BARBER_APP-MAKER/INSTALL-CRIME-WATCH-CHICAGO/unix/bin/wget.exe HTTP/1.1" 200 4923280 "-" "Mozilla/5.0 (compatible; AhrefsBot/7.0; +http://ahrefs.com/robot/)" "metrocrimedaily.com"
51.222.253.10 - - [08/Feb/2023:05:06:39 -0800] "GET /CRIME-WATCH-AMERICA/GOOD_BARBER_APP-MAKER/INSTALL-CRIME-WATCH-CHICAGO/unix/bin/win32gnu.dll HTTP/1.1" 200 104448 "-" "Mozilla/5.0 (compatible; AhrefsBot/7.0; +http://ahrefs.com/robot/)" "metrocrimedaily.com"
51.222.253.19 - - [08/Feb/2023:05:07:14 -0800] "GET /CRIME-WATCH-AMERICA/GOOD_BARBER_APP-MAKER/INSTALL-CRIME-WATCH-CHICAGO/unix/bin/winsu.exe HTTP/1.1" 200 21504 "-" "Mozilla/5.0 (compatible; AhrefsBot/7.0; +http://ahrefs.com/robot/)" "metrocrimedaily.com"
51.222.253.9 - - [08/Feb/2023:05:07:40 -0800] "GET /CRIME-WATCH-AMERICA/GOOD_BARBER_APP-MAKER/INSTALL-CRIME-WATCH-CHICAGO/unix/bin/wput.exe HTTP/1.1" 200 118784 "-" "Mozilla/5.0 (compatible; AhrefsBot/7.0; +http://ahrefs.com/robot/)" "metrocrimedaily.com"
51.222.253.6 - - [08/Feb/2023:05:08:17 -0800] "GET /CRIME-WATCH-AMERICA/GOOD_BARBER_APP-MAKER/INSTALL-CRIME-WATCH-CHICAGO/unix/bin/youtube-dl.exe HTTP/1.1" 200 8031644 "-" "Mozilla/5.0 (compatible; AhrefsBot/7.0; +http://ahrefs.com/robot/)" "metrocrimedaily.com"
66.249.70.132 - - [08/Feb/2023:05:08:38 -0800] "GET /ads.txt HTTP/1.1" 404 88 "-" "Mozilla/5.0 (compatible; Googlebot/2.1; +http://www.google.com/bot.html)" "metrocrimedaily.com"
51.222.253.18 - - [08/Feb/2023:05:08:42 -0800] "GET /CRIME-WATCH-AMERICA/CRIME-WATCH-DETROIT/unix/bin/?C=D;O=D HTTP/1.1" 200 2145 "-" "Mozilla/5.0 (compatible; AhrefsBot/7.0; +http://ahrefs.com/robot/)" "www.metrocrimedaily.com"
69.63.184.3 - - [08/Feb/2023:05:09:00 -0800] "GET /instagram-stlouis/02-08-2023-0708411-A.jpg HTTP/1.1" 404 88 "-" "facebookexternalhit/1.1 (+http://www.facebook.com/externalhit_uatext.php)" "www.metrocrimedaily.com"
51.222.253.9 - - [08/Feb/2023:05:09:15 -0800] "GET /CRIME-WATCH-AMERICA/CRIME-WATCH-DETROIT/unix/bin/?C=M;O=D HTTP/1.1" 200 2111 "-" "Mozilla/5.0 (compatible; AhrefsBot/7.0; +http://ahrefs.com/robot/)" "www.metrocrimedaily.com"
69.63.184.4 - - [08/Feb/2023:05:09:21 -0800] "GET /instagram-stlouis/02-08-2023-0708412-A.jpg HTTP/1.1" 404 88 "-" "facebookexternalhit/1.1 (+http://www.facebook.com/externalhit_uatext.php)" "www.metrocrimedaily.com"
69.63.184.4 - - [08/Feb/2023:05:09:42 -0800] "GET /instagram-stlouis/02-08-2023-0708413-A.jpg HTTP/1.1" 404 88 "-" "facebookexternalhit/1.1 (+http://www.facebook.com/externalhit_uatext.php)" "www.metrocrimedaily.com"
51.222.253.7 - - [08/Feb/2023:05:10:01 -0800] "GET /CRIME-WATCH-AMERICA/CRIME-WATCH-DETROIT/unix/bin/?C=S;O=D HTTP/1.1" 200 2148 "-" "Mozilla/5.0 (compatible; AhrefsBot/7.0; +http://ahrefs.com/robot/)" "www.metrocrimedaily.com"
69.63.184.116 - - [08/Feb/2023:05:10:06 -0800] "GET /instagram-stlouis/02-08-2023-0708414-A.jpg HTTP/1.1" 404 88 "-" "facebookexternalhit/1.1 (+http://www.facebook.com/externalhit_uatext.php)" "www.metrocrimedaily.com"
51.222.253.9 - - [08/Feb/2023:05:12:01 -0800] "GET /abc7.com.= HTTP/1.1" 404 88 "-" "Mozilla/5.0 (compatible; AhrefsBot/7.0; +http://ahrefs.com/robot/)" "metrocrimedaily.com"
69.63.184.116 - - [08/Feb/2023:05:12:54 -0800] "GET /instagram-chicago/02-08-2023-0712271-A.jpg HTTP/1.1" 404 88 "-" "facebookexternalhit/1.1 (+http://www.facebook.com/externalhit_uatext.php)" "www.metrocrimedaily.com"
69.63.184.119 - - [08/Feb/2023:05:13:14 -0800] "GET /instagram-chicago/02-08-2023-0712272-A.jpg HTTP/1.1" 404 88 "-" "facebookexternalhit/1.1 (+http://www.facebook.com/externalhit_uatext.php)" "www.metrocrimedaily.com"
69.63.184.117 - - [08/Feb/2023:05:13:35 -0800] "GET /instagram-chicago/02-08-2023-0712273-A.jpg HTTP/1.1" 404 88 "-" "facebookexternalhit/1.1 (+http://www.facebook.com/externalhit_uatext.php)" "www.metrocrimedaily.com"
51.222.253.13 - - [08/Feb/2023:05:15:41 -0800] "GET /abc7.com.com HTTP/1.1" 404 88 "-" "Mozilla/5.0 (compatible; AhrefsBot/7.0; +http://ahrefs.com/robot/)" "metrocrimedaily.com"
69.63.184.1 - - [08/Feb/2023:05:16:41 -0800] "GET /instagram-miami/02-08-2023-0716221-A.jpg HTTP/1.1" 404 88 "-" "facebookexternalhit/1.1 (+http://www.facebook.com/externalhit_uatext.php)" "www.metrocrimedaily.com"
114.119.148.37 - - [08/Feb/2023:05:18:33 -0800] "GET /instagram-memphis/02-04-2023-1251231-Woman-shot-to-death-in-South-Memphis--police-say-.txt HTTP/1.1" 404 88 "https://metrocrimedaily.com/instagram-memphis/?C=M%3BO%3DA" "Mozilla/5.0 (Linux; Android 7.0;) AppleWebKit/537.36 (KHTML, like Gecko) Mobile Safari/537.36 (compatible; PetalBot;+https://webmaster.petalsearch.com/site/petalbot)" "metrocrimedaily.com"
51.222.253.7 - - [08/Feb/2023:05:19:41 -0800] "GET /CRIME-WATCH-AMERICA/CRIME-WATCH-STLOUIS/unix/bin/?C=D;O=D HTTP/1.1" 200 2176 "-" "Mozilla/5.0 (compatible; AhrefsBot/7.0; +http://ahrefs.com/robot/)" "metrocrimedaily.com"
51.222.253.11 - - [08/Feb/2023:05:23:44 -0800] "GET /CRIME-WATCH-AMERICA/CRIME-WATCH-STLOUIS/unix/bin/?C=M;O=D HTTP/1.1" 200 2139 "-" "Mozilla/5.0 (compatible; AhrefsBot/7.0; +http://ahrefs.com/robot/)" "metrocrimedaily.com"
40.77.167.212 - - [08/Feb/2023:05:25:23 -0800] "GET /index-miami.html HTTP/1.1" 200 29288 "-" "Mozilla/5.0 AppleWebKit/537.36 (KHTML, like Gecko; compatible; bingbot/2.0; +http://www.bing.com/bingbot.htm) Chrome/103.0.5060.134 Safari/537.36" "metrocrimedaily.com"
40.77.167.212 - - [08/Feb/2023:05:25:23 -0800] "GET / HTTP/1.1" 200 1637 "-" "Mozilla/5.0 AppleWebKit/537.36 (KHTML, like Gecko; compatible; bingbot/2.0; +http://www.bing.com/bingbot.htm) Chrome/103.0.5060.134 Safari/537.36" "metrocrimedaily.com"
51.222.253.7 - - [08/Feb/2023:05:32:37 -0800] "GET /CRIME-WATCH-AMERICA/CRIME-WATCH-STLOUIS/unix/bin/?C=S;O=D HTTP/1.1" 200 2172 "-" "Mozilla/5.0 (compatible; AhrefsBot/7.0; +http://ahrefs.com/robot/)" "metrocrimedaily.com"
69.63.184.116 - - [08/Feb/2023:05:35:01 -0800] "GET /instagram-detroit/02-08-2023-0734421-A.jpg HTTP/1.1" 404 88 "-" "facebookexternalhit/1.1 (+http://www.facebook.com/externalhit_uatext.php)" "www.metrocrimedaily.com"
69.63.184.118 - - [08/Feb/2023:05:35:21 -0800] "GET /instagram-detroit/02-08-2023-0734422-A.jpg HTTP/1.1" 404 88 "-" "facebookexternalhit/1.1 (+http://www.facebook.com/externalhit_uatext.php)" "www.metrocrimedaily.com"
51.222.253.15 - - [08/Feb/2023:05:37:35 -0800] "GET /CRIME-WATCH-AMERICA/CRIME-WATCH-STLOUIS/unix/bin/?C=D;O=D HTTP/1.1" 200 2176 "-" "Mozilla/5.0 (compatible; AhrefsBot/7.0; +http://ahrefs.com/robot/)" "www.metrocrimedaily.com"
51.222.253.13 - - [08/Feb/2023:05:40:35 -0800] "GET /CRIME-WATCH-AMERICA/CRIME-WATCH-STLOUIS/unix/bin/?C=M;O=D HTTP/1.1" 200 2139 "-" "Mozilla/5.0 (compatible; AhrefsBot/7.0; +http://ahrefs.com/robot/)" "www.metrocrimedaily.com"
114.119.146.12 - - [08/Feb/2023:05:42:26 -0800] "GET /post-story-old.html HTTP/1.1" 200 913 "https://metrocrimedaily.com/?C=M%3BO%3DA" "Mozilla/5.0 (Linux; Android 7.0;) AppleWebKit/537.36 (KHTML, like Gecko) Mobile Safari/537.36 (compatible; PetalBot;+https://webmaster.petalsearch.com/site/petalbot)" "metrocrimedaily.com"
114.119.147.229 - - [08/Feb/2023:05:43:57 -0800] "GET /instagram-stlouis/02-05-2023-1052092-Police-investigating-Ferguson-shooting-Saturday-e.txt HTTP/1.1" 404 88 "https://metrocrimedaily.com/instagram-stlouis/?C=M%3BO%3DA" "Mozilla/5.0 (Linux; Android 7.0;) AppleWebKit/537.36 (KHTML, like Gecko) Mobile Safari/537.36 (compatible; PetalBot;+https://webmaster.petalsearch.com/site/petalbot)" "metrocrimedaily.com"
114.119.137.67 - - [08/Feb/2023:05:45:24 -0800] "GET /instagram-memphis/01-23-2023-2255222-WATCH--Neighbors-describe-scene-the-night-of-Tyre.txt HTTP/1.1" 404 88 "https://metrocrimedaily.com/instagram-memphis/?C=S%3BO%3DA" "Mozilla/5.0 (Linux; Android 7.0;) AppleWebKit/537.36 (KHTML, like Gecko) Mobile Safari/537.36 (compatible; PetalBot;+https://webmaster.petalsearch.com/site/petalbot)" "metrocrimedaily.com"
114.119.140.166 - - [08/Feb/2023:05:46:37 -0800] "GET /instagram-houston/02-03-2023-0914202-Man-who-led-officers-on-chase--killed-2-women-aft.txt HTTP/1.1" 404 88 "https://metrocrimedaily.com/instagram-houston/?C=S%3BO%3DA" "Mozilla/5.0 (Linux; Android 7.0;) AppleWebKit/537.36 (KHTML, like Gecko) Mobile Safari/537.36 (compatible; PetalBot;+https://webmaster.petalsearch.com/site/petalbot)" "metrocrimedaily.com"
51.222.253.14 - - [08/Feb/2023:05:46:51 -0800] "GET /CRIME-WATCH-AMERICA/CRIME-WATCH-DETROIT/unix/wbin/bzip2recover.exe HTTP/1.1" 200 8192 "-" "Mozilla/5.0 (compatible; AhrefsBot/7.0; +http://ahrefs.com/robot/)" "metrocrimedaily.com"
114.119.159.135 - - [08/Feb/2023:05:47:52 -0800] "GET /instagram-dallas/02-06-2023-0459251-China-Accuses-US-of----Overreacting--When-It-Shot.txt HTTP/1.1" 404 88 "https://metrocrimedaily.com/instagram-dallas/" "Mozilla/5.0 (Linux; Android 7.0;) AppleWebKit/537.36 (KHTML, like Gecko) Mobile Safari/537.36 (compatible; PetalBot;+https://webmaster.petalsearch.com/site/petalbot)" "metrocrimedaily.com"
69.63.184.4 - - [08/Feb/2023:05:48:11 -0800] "GET /instagram-houston/02-08-2023-0747521-A.jpg HTTP/1.1" 404 88 "-" "facebookexternalhit/1.1 (+http://www.facebook.com/externalhit_uatext.php)" "www.metrocrimedaily.com"
69.63.184.3 - - [08/Feb/2023:05:49:08 -0800] "GET /instagram-stlouis/02-08-2023-0748491-A.jpg HTTP/1.1" 404 88 "-" "facebookexternalhit/1.1 (+http://www.facebook.com/externalhit_uatext.php)" "www.metrocrimedaily.com"
69.63.184.117 - - [08/Feb/2023:05:50:38 -0800] "GET /instagram-chicago/02-08-2023-0750141-A.jpg HTTP/1.1" 404 88 "-" "facebookexternalhit/1.1 (+http://www.facebook.com/externalhit_uatext.php)" "www.metrocrimedaily.com"
69.63.184.1 - - [08/Feb/2023:05:50:59 -0800] "GET /instagram-chicago/02-08-2023-0750142-A.jpg HTTP/1.1" 404 88 "-" "facebookexternalhit/1.1 (+http://www.facebook.com/externalhit_uatext.php)" "www.metrocrimedaily.com"
51.222.253.12 - - [08/Feb/2023:05:51:20 -0800] "GET /CRIME-WATCH-AMERICA/CRIME-WATCH-DETROIT/unix/wbin/makedepend.exe HTTP/1.1" 200 32768 "-" "Mozilla/5.0 (compatible; AhrefsBot/7.0; +http://ahrefs.com/robot/)" "metrocrimedaily.com"
51.222.253.1 - - [08/Feb/2023:05:51:51 -0800] "GET /CRIME-WATCH-AMERICA/CRIME-WATCH-STLOUIS/unix/wbin/bzip2recover.exe HTTP/1.1" 200 8192 "-" "Mozilla/5.0 (compatible; AhrefsBot/7.0; +http://ahrefs.com/robot/)" "metrocrimedaily.com"
51.222.253.14 - - [08/Feb/2023:05:52:02 -0800] "GET /CRIME-WATCH-AMERICA/CRIME-WATCH-STLOUIS/unix/wbin/dircolors.exe HTTP/1.1" 200 28160 "-" "Mozilla/5.0 (compatible; AhrefsBot/7.0; +http://ahrefs.com/robot/)" "metrocrimedaily.com"
51.222.253.18 - - [08/Feb/2023:05:52:07 -0800] "GET /CRIME-WATCH-AMERICA/CRIME-WATCH-STLOUIS/unix/wbin/makedepend.exe HTTP/1.1" 200 32768 "-" "Mozilla/5.0 (compatible; AhrefsBot/7.0; +http://ahrefs.com/robot/)" "metrocrimedaily.com"
51.222.253.9 - - [08/Feb/2023:05:52:13 -0800] "GET /CRIME-WATCH-AMERICA/CRIME-WATCH-DETROIT/unix/wbin/ansi2knr.exe HTTP/1.1" 200 5632 "-" "Mozilla/5.0 (compatible; AhrefsBot/7.0; +http://ahrefs.com/robot/)" "www.metrocrimedaily.com"
51.222.253.17 - - [08/Feb/2023:05:52:21 -0800] "GET /CRIME-WATCH-AMERICA/CRIME-WATCH-DETROIT/unix/wbin/basename.exe HTTP/1.1" 200 7680 "-" "Mozilla/5.0 (compatible; AhrefsBot/7.0; +http://ahrefs.com/robot/)" "www.metrocrimedaily.com"
51.222.253.15 - - [08/Feb/2023:05:52:26 -0800] "GET /CRIME-WATCH-AMERICA/CRIME-WATCH-DETROIT/unix/wbin/bunzip2.exe HTTP/1.1" 200 75776 "-" "Mozilla/5.0 (compatible; AhrefsBot/7.0; +http://ahrefs.com/robot/)" "www.metrocrimedaily.com"
51.222.253.11 - - [08/Feb/2023:05:52:29 -0800] "GET /CRIME-WATCH-AMERICA/CRIME-WATCH-DETROIT/unix/wbin/chgrp.exe HTTP/1.1" 200 24064 "-" "Mozilla/5.0 (compatible; AhrefsBot/7.0; +http://ahrefs.com/robot/)" "www.metrocrimedaily.com"
51.222.253.4 - - [08/Feb/2023:05:52:34 -0800] "GET /CRIME-WATCH-AMERICA/CRIME-WATCH-DETROIT/unix/wbin/chmod.exe HTTP/1.1" 200 22528 "-" "Mozilla/5.0 (compatible; AhrefsBot/7.0; +http://ahrefs.com/robot/)" "www.metrocrimedaily.com"
51.222.253.17 - - [08/Feb/2023:05:52:35 -0800] "GET /CRIME-WATCH-AMERICA/CRIME-WATCH-DETROIT/unix/wbin/cksum.exe HTTP/1.1" 200 19968 "-" "Mozilla/5.0 (compatible; AhrefsBot/7.0; +http://ahrefs.com/robot/)" "www.metrocrimedaily.com"
51.222.253.3 - - [08/Feb/2023:05:52:37 -0800] "GET /CRIME-WATCH-AMERICA/CRIME-WATCH-DETROIT/unix/wbin/compress.exe HTTP/1.1" 200 25597 "-" "Mozilla/5.0 (compatible; AhrefsBot/7.0; +http://ahrefs.com/robot/)" "www.metrocrimedaily.com"
51.222.253.2 - - [08/Feb/2023:05:52:38 -0800] "GET /CRIME-WATCH-AMERICA/CRIME-WATCH-DETROIT/unix/wbin/csplit.exe HTTP/1.1" 200 65024 "-" "Mozilla/5.0 (compatible; AhrefsBot/7.0; +http://ahrefs.com/robot/)" "www.metrocrimedaily.com"
51.222.253.1 - - [08/Feb/2023:05:52:39 -0800] "GET /CRIME-WATCH-AMERICA/CRIME-WATCH-DETROIT/unix/wbin/dircolors.exe HTTP/1.1" 200 28160 "-" "Mozilla/5.0 (compatible; AhrefsBot/7.0; +http://ahrefs.com/robot/)" "www.metrocrimedaily.com"
51.222.253.11 - - [08/Feb/2023:05:52:50 -0800] "GET /CRIME-WATCH-AMERICA/CRIME-WATCH-DETROIT/unix/wbin/dirname.exe HTTP/1.1" 200 16896 "-" "Mozilla/5.0 (compatible; AhrefsBot/7.0; +http://ahrefs.com/robot/)" "www.metrocrimedaily.com"
51.222.253.18 - - [08/Feb/2023:05:52:51 -0800] "GET /CRIME-WATCH-AMERICA/CRIME-WATCH-DETROIT/unix/wbin/expand.exe HTTP/1.1" 200 20992 "-" "Mozilla/5.0 (compatible; AhrefsBot/7.0; +http://ahrefs.com/robot/)" "www.metrocrimedaily.com"
51.222.253.10 - - [08/Feb/2023:05:52:53 -0800] "GET /CRIME-WATCH-AMERICA/CRIME-WATCH-DETROIT/unix/wbin/factor.exe HTTP/1.1" 200 18432 "-" "Mozilla/5.0 (compatible; AhrefsBot/7.0; +http://ahrefs.com/robot/)" "www.metrocrimedaily.com"
51.222.253.10 - - [08/Feb/2023:05:52:55 -0800] "GET /CRIME-WATCH-AMERICA/CRIME-WATCH-DETROIT/unix/wbin/fsplit.exe HTTP/1.1" 200 6144 "-" "Mozilla/5.0 (compatible; AhrefsBot/7.0; +http://ahrefs.com/robot/)" "www.metrocrimedaily.com"
51.222.253.1 - - [08/Feb/2023:05:52:56 -0800] "GET /CRIME-WATCH-AMERICA/CRIME-WATCH-DETROIT/unix/wbin/gclip.exe HTTP/1.1" 200 8192 "-" "Mozilla/5.0 (compatible; AhrefsBot/7.0; +http://ahrefs.com/robot/)" "www.metrocrimedaily.com"
51.222.253.16 - - [08/Feb/2023:05:52:56 -0800] "GET /CRIME-WATCH-AMERICA/CRIME-WATCH-DETROIT/unix/wbin/gunzip.exe HTTP/1.1" 200 49152 "-" "Mozilla/5.0 (compatible; AhrefsBot/7.0; +http://ahrefs.com/robot/)" "www.metrocrimedaily.com"
51.222.253.12 - - [08/Feb/2023:05:52:57 -0800] "GET /CRIME-WATCH-AMERICA/CRIME-WATCH-DETROIT/unix/wbin/indent.exe HTTP/1.1" 200 58880 "-" "Mozilla/5.0 (compatible; AhrefsBot/7.0; +http://ahrefs.com/robot/)" "www.metrocrimedaily.com"
51.222.253.3 - - [08/Feb/2023:05:52:57 -0800] "GET /CRIME-WATCH-AMERICA/CRIME-WATCH-DETROIT/unix/wbin/install.exe HTTP/1.1" 200 40960 "-" "Mozilla/5.0 (compatible; AhrefsBot/7.0; +http://ahrefs.com/robot/)" "www.metrocrimedaily.com"
51.222.253.18 - - [08/Feb/2023:05:52:59 -0800] "GET /CRIME-WATCH-AMERICA/CRIME-WATCH-DETROIT/unix/wbin/lesskey.exe HTTP/1.1" 200 8192 "-" "Mozilla/5.0 (compatible; AhrefsBot/7.0; +http://ahrefs.com/robot/)" "www.metrocrimedaily.com"
51.222.253.10 - - [08/Feb/2023:05:52:59 -0800] "GET /CRIME-WATCH-AMERICA/CRIME-WATCH-DETROIT/unix/wbin/logname.exe HTTP/1.1" 200 7680 "-" "Mozilla/5.0 (compatible; AhrefsBot/7.0; +http://ahrefs.com/robot/)" "www.metrocrimedaily.com"
51.222.253.3 - - [08/Feb/2023:05:52:59 -0800] "GET /CRIME-WATCH-AMERICA/CRIME-WATCH-DETROIT/unix/wbin/jwhois.exe HTTP/1.1" 200 49152 "-" "Mozilla/5.0 (compatible; AhrefsBot/7.0; +http://ahrefs.com/robot/)" "www.metrocrimedaily.com"
51.222.253.20 - - [08/Feb/2023:05:52:59 -0800] "GET /CRIME-WATCH-AMERICA/CRIME-WATCH-DETROIT/unix/wbin/makedepend.exe HTTP/1.1" 200 32768 "-" "Mozilla/5.0 (compatible; AhrefsBot/7.0; +http://ahrefs.com/robot/)" "www.metrocrimedaily.com"
51.222.253.3 - - [08/Feb/2023:05:53:01 -0800] "GET /CRIME-WATCH-AMERICA/CRIME-WATCH-DETROIT/unix/wbin/makemsg.exe HTTP/1.1" 200 6144 "-" "Mozilla/5.0 (compatible; AhrefsBot/7.0; +http://ahrefs.com/robot/)" "www.metrocrimedaily.com"
51.222.253.2 - - [08/Feb/2023:05:53:01 -0800] "GET /CRIME-WATCH-AMERICA/CRIME-WATCH-DETROIT/unix/wbin/md5sum.exe HTTP/1.1" 200 28160 "-" "Mozilla/5.0 (compatible; AhrefsBot/7.0; +http://ahrefs.com/robot/)" "www.metrocrimedaily.com"
51.222.253.1 - - [08/Feb/2023:05:53:02 -0800] "GET /CRIME-WATCH-AMERICA/CRIME-WATCH-DETROIT/unix/wbin/mkdir.exe HTTP/1.1" 200 32768 "-" "Mozilla/5.0 (compatible; AhrefsBot/7.0; +http://ahrefs.com/robot/)" "www.metrocrimedaily.com"
51.222.253.10 - - [08/Feb/2023:05:53:03 -0800] "GET /CRIME-WATCH-AMERICA/CRIME-WATCH-DETROIT/unix/wbin/mkfifo.exe HTTP/1.1" 200 14336 "-" "Mozilla/5.0 (compatible; AhrefsBot/7.0; +http://ahrefs.com/robot/)" "www.metrocrimedaily.com"
51.222.253.14 - - [08/Feb/2023:05:53:04 -0800] "GET /CRIME-WATCH-AMERICA/CRIME-WATCH-DETROIT/unix/wbin/mknod.exe HTTP/1.1" 200 21504 "-" "Mozilla/5.0 (compatible; AhrefsBot/7.0; +http://ahrefs.com/robot/)" "www.metrocrimedaily.com"
51.222.253.6 - - [08/Feb/2023:05:53:04 -0800] "GET /CRIME-WATCH-AMERICA/CRIME-WATCH-DETROIT/unix/wbin/paste.exe HTTP/1.1" 200 20992 "-" "Mozilla/5.0 (compatible; AhrefsBot/7.0; +http://ahrefs.com/robot/)" "www.metrocrimedaily.com"
51.222.253.10 - - [08/Feb/2023:05:53:05 -0800] "GET /CRIME-WATCH-AMERICA/CRIME-WATCH-DETROIT/unix/wbin/patch.exe HTTP/1.1" 200 59904 "-" "Mozilla/5.0 (compatible; AhrefsBot/7.0; +http://ahrefs.com/robot/)" "www.metrocrimedaily.com"
51.222.253.10 - - [08/Feb/2023:05:53:06 -0800] "GET /CRIME-WATCH-AMERICA/CRIME-WATCH-DETROIT/unix/wbin/pathchk.exe HTTP/1.1" 200 10752 "-" "Mozilla/5.0 (compatible; AhrefsBot/7.0; +http://ahrefs.com/robot/)" "www.metrocrimedaily.com"
51.222.253.7 - - [08/Feb/2023:05:53:06 -0800] "GET /CRIME-WATCH-AMERICA/CRIME-WATCH-DETROIT/unix/wbin/printenv.exe HTTP/1.1" 200 7680 "-" "Mozilla/5.0 (compatible; AhrefsBot/7.0; +http://ahrefs.com/robot/)" "www.metrocrimedaily.com"
51.222.253.1 - - [08/Feb/2023:05:53:07 -0800] "GET /CRIME-WATCH-AMERICA/CRIME-WATCH-DETROIT/unix/wbin/printf.exe HTTP/1.1" 200 13312 "-" "Mozilla/5.0 (compatible; AhrefsBot/7.0; +http://ahrefs.com/robot/)" "www.metrocrimedaily.com"
51.222.253.20 - - [08/Feb/2023:05:53:07 -0800] "GET /CRIME-WATCH-AMERICA/CRIME-WATCH-DETROIT/unix/wbin/recode.exe HTTP/1.1" 200 1083392 "-" "Mozilla/5.0 (compatible; AhrefsBot/7.0; +http://ahrefs.com/robot/)" "www.metrocrimedaily.com"
51.222.253.7 - - [08/Feb/2023:05:53:08 -0800] "GET /CRIME-WATCH-AMERICA/CRIME-WATCH-DETROIT/unix/wbin/sleep.exe HTTP/1.1" 200 16384 "-" "Mozilla/5.0 (compatible; AhrefsBot/7.0; +http://ahrefs.com/robot/)" "www.metrocrimedaily.com"
51.222.253.16 - - [08/Feb/2023:05:53:09 -0800] "GET /CRIME-WATCH-AMERICA/CRIME-WATCH-DETROIT/unix/wbin/split.exe HTTP/1.1" 200 23552 "-" "Mozilla/5.0 (compatible; AhrefsBot/7.0; +http://ahrefs.com/robot/)" "www.metrocrimedaily.com"
51.222.253.16 - - [08/Feb/2023:05:53:09 -0800] "GET /CRIME-WATCH-AMERICA/CRIME-WATCH-DETROIT/unix/wbin/unexpand.exe HTTP/1.1" 200 20992 "-" "Mozilla/5.0 (compatible; AhrefsBot/7.0; +http://ahrefs.com/robot/)" "www.metrocrimedaily.com"
51.222.253.18 - - [08/Feb/2023:05:53:10 -0800] "GET /CRIME-WATCH-AMERICA/CRIME-WATCH-DETROIT/unix/wbin/unrar.exe HTTP/1.1" 200 161792 "-" "Mozilla/5.0 (compatible; AhrefsBot/7.0; +http://ahrefs.com/robot/)" "www.metrocrimedaily.com"
51.222.253.19 - - [08/Feb/2023:05:53:10 -0800] "GET /CRIME-WATCH-AMERICA/CRIME-WATCH-DETROIT/unix/wbin/unshar.exe HTTP/1.1" 200 11264 "-" "Mozilla/5.0 (compatible; AhrefsBot/7.0; +http://ahrefs.com/robot/)" "www.metrocrimedaily.com"
51.222.253.12 - - [08/Feb/2023:05:53:11 -0800] "GET /CRIME-WATCH-AMERICA/CRIME-WATCH-DETROIT/unix/wbin/uudecode.exe HTTP/1.1" 200 10240 "-" "Mozilla/5.0 (compatible; AhrefsBot/7.0; +http://ahrefs.com/robot/)" "www.metrocrimedaily.com"
51.222.253.17 - - [08/Feb/2023:05:53:11 -0800] "GET /CRIME-WATCH-AMERICA/CRIME-WATCH-DETROIT/unix/wbin/unzip.exe HTTP/1.1" 200 102400 "-" "Mozilla/5.0 (compatible; AhrefsBot/7.0; +http://ahrefs.com/robot/)" "www.metrocrimedaily.com"
51.222.253.6 - - [08/Feb/2023:05:53:12 -0800] "GET /CRIME-WATCH-AMERICA/CRIME-WATCH-DETROIT/unix/wbin/uuencode.exe HTTP/1.1" 200 9728 "-" "Mozilla/5.0 (compatible; AhrefsBot/7.0; +http://ahrefs.com/robot/)" "www.metrocrimedaily.com"
51.222.253.10 - - [08/Feb/2023:05:53:12 -0800] "GET /CRIME-WATCH-AMERICA/CRIME-WATCH-DETROIT/unix/wbin/which.exe HTTP/1.1" 200 12288 "-" "Mozilla/5.0 (compatible; AhrefsBot/7.0; +http://ahrefs.com/robot/)" "www.metrocrimedaily.com"
51.222.253.9 - - [08/Feb/2023:05:53:13 -0800] "GET /CRIME-WATCH-AMERICA/CRIME-WATCH-DETROIT/unix/wbin/whoami.exe HTTP/1.1" 200 7680 "-" "Mozilla/5.0 (compatible; AhrefsBot/7.0; +http://ahrefs.com/robot/)" "www.metrocrimedaily.com"
51.222.253.11 - - [08/Feb/2023:05:53:13 -0800] "GET /CRIME-WATCH-AMERICA/CRIME-WATCH-DETROIT/unix/wbin/xargs.exe HTTP/1.1" 200 45124 "-" "Mozilla/5.0 (compatible; AhrefsBot/7.0; +http://ahrefs.com/robot/)" "www.metrocrimedaily.com"
51.222.253.15 - - [08/Feb/2023:05:53:14 -0800] "GET /CRIME-WATCH-AMERICA/CRIME-WATCH-STLOUIS/unix/wbin/ansi2knr.exe HTTP/1.1" 200 5632 "-" "Mozilla/5.0 (compatible; AhrefsBot/7.0; +http://ahrefs.com/robot/)" "www.metrocrimedaily.com"
51.222.253.15 - - [08/Feb/2023:05:53:14 -0800] "GET /CRIME-WATCH-AMERICA/CRIME-WATCH-STLOUIS/unix/wbin/basename.exe HTTP/1.1" 200 7680 "-" "Mozilla/5.0 (compatible; AhrefsBot/7.0; +http://ahrefs.com/robot/)" "www.metrocrimedaily.com"
51.222.253.1 - - [08/Feb/2023:05:53:15 -0800] "GET /CRIME-WATCH-AMERICA/CRIME-WATCH-STLOUIS/unix/wbin/bunzip2.exe HTTP/1.1" 200 75776 "-" "Mozilla/5.0 (compatible; AhrefsBot/7.0; +http://ahrefs.com/robot/)" "www.metrocrimedaily.com"
51.222.253.20 - - [08/Feb/2023:05:53:15 -0800] "GET /CRIME-WATCH-AMERICA/CRIME-WATCH-STLOUIS/unix/wbin/bzip2recover.exe HTTP/1.1" 200 8192 "-" "Mozilla/5.0 (compatible; AhrefsBot/7.0; +http://ahrefs.com/robot/)" "www.metrocrimedaily.com"
51.222.253.5 - - [08/Feb/2023:05:53:16 -0800] "GET /CRIME-WATCH-AMERICA/CRIME-WATCH-STLOUIS/unix/wbin/compress.exe HTTP/1.1" 200 25597 "-" "Mozilla/5.0 (compatible; AhrefsBot/7.0; +http://ahrefs.com/robot/)" "www.metrocrimedaily.com"
51.222.253.3 - - [08/Feb/2023:05:53:16 -0800] "GET /CRIME-WATCH-AMERICA/CRIME-WATCH-STLOUIS/unix/wbin/csplit.exe HTTP/1.1" 200 65024 "-" "Mozilla/5.0 (compatible; AhrefsBot/7.0; +http://ahrefs.com/robot/)" "www.metrocrimedaily.com"
51.222.253.14 - - [08/Feb/2023:05:53:17 -0800] "GET /CRIME-WATCH-AMERICA/CRIME-WATCH-STLOUIS/unix/wbin/dircolors.exe HTTP/1.1" 200 28160 "-" "Mozilla/5.0 (compatible; AhrefsBot/7.0; +http://ahrefs.com/robot/)" "www.metrocrimedaily.com"
51.222.253.11 - - [08/Feb/2023:05:53:17 -0800] "GET /CRIME-WATCH-AMERICA/CRIME-WATCH-STLOUIS/unix/wbin/dirname.exe HTTP/1.1" 200 16896 "-" "Mozilla/5.0 (compatible; AhrefsBot/7.0; +http://ahrefs.com/robot/)" "www.metrocrimedaily.com"
51.222.253.15 - - [08/Feb/2023:05:53:18 -0800] "GET /CRIME-WATCH-AMERICA/CRIME-WATCH-STLOUIS/unix/wbin/expand.exe HTTP/1.1" 200 20992 "-" "Mozilla/5.0 (compatible; AhrefsBot/7.0; +http://ahrefs.com/robot/)" "www.metrocrimedaily.com"
51.222.253.11 - - [08/Feb/2023:05:53:18 -0800] "GET /CRIME-WATCH-AMERICA/CRIME-WATCH-STLOUIS/unix/wbin/fsplit.exe HTTP/1.1" 200 6144 "-" "Mozilla/5.0 (compatible; AhrefsBot/7.0; +http://ahrefs.com/robot/)" "www.metrocrimedaily.com"
51.222.253.4 - - [08/Feb/2023:05:53:19 -0800] "GET /CRIME-WATCH-AMERICA/CRIME-WATCH-STLOUIS/unix/wbin/install.exe HTTP/1.1" 200 40960 "-" "Mozilla/5.0 (compatible; AhrefsBot/7.0; +http://ahrefs.com/robot/)" "www.metrocrimedaily.com"
51.222.253.18 - - [08/Feb/2023:05:53:19 -0800] "GET /CRIME-WATCH-AMERICA/CRIME-WATCH-STLOUIS/unix/wbin/lesskey.exe HTTP/1.1" 200 8192 "-" "Mozilla/5.0 (compatible; AhrefsBot/7.0; +http://ahrefs.com/robot/)" "www.metrocrimedaily.com"
51.222.253.8 - - [08/Feb/2023:05:53:20 -0800] "GET /CRIME-WATCH-AMERICA/CRIME-WATCH-STLOUIS/unix/wbin/logname.exe HTTP/1.1" 200 7680 "-" "Mozilla/5.0 (compatible; AhrefsBot/7.0; +http://ahrefs.com/robot/)" "www.metrocrimedaily.com"
51.222.253.20 - - [08/Feb/2023:05:53:20 -0800] "GET /CRIME-WATCH-AMERICA/CRIME-WATCH-STLOUIS/unix/wbin/makedepend.exe HTTP/1.1" 200 32768 "-" "Mozilla/5.0 (compatible; AhrefsBot/7.0; +http://ahrefs.com/robot/)" "www.metrocrimedaily.com"
51.222.253.20 - - [08/Feb/2023:05:53:21 -0800] "GET /CRIME-WATCH-AMERICA/CRIME-WATCH-STLOUIS/unix/wbin/makemsg.exe HTTP/1.1" 200 6144 "-" "Mozilla/5.0 (compatible; AhrefsBot/7.0; +http://ahrefs.com/robot/)" "www.metrocrimedaily.com"
51.222.253.12 - - [08/Feb/2023:05:53:21 -0800] "GET /CRIME-WATCH-AMERICA/CRIME-WATCH-STLOUIS/unix/wbin/md5sum.exe HTTP/1.1" 200 28160 "-" "Mozilla/5.0 (compatible; AhrefsBot/7.0; +http://ahrefs.com/robot/)" "www.metrocrimedaily.com"
51.222.253.14 - - [08/Feb/2023:05:53:22 -0800] "GET /CRIME-WATCH-AMERICA/CRIME-WATCH-STLOUIS/unix/wbin/pathchk.exe HTTP/1.1" 200 10752 "-" "Mozilla/5.0 (compatible; AhrefsBot/7.0; +http://ahrefs.com/robot/)" "www.metrocrimedaily.com"
51.222.253.8 - - [08/Feb/2023:05:53:22 -0800] "GET /CRIME-WATCH-AMERICA/CRIME-WATCH-STLOUIS/unix/wbin/printenv.exe HTTP/1.1" 200 7680 "-" "Mozilla/5.0 (compatible; AhrefsBot/7.0; +http://ahrefs.com/robot/)" "www.metrocrimedaily.com"
51.222.253.19 - - [08/Feb/2023:05:53:23 -0800] "GET /CRIME-WATCH-AMERICA/CRIME-WATCH-STLOUIS/unix/wbin/printf.exe HTTP/1.1" 200 13312 "-" "Mozilla/5.0 (compatible; AhrefsBot/7.0; +http://ahrefs.com/robot/)" "www.metrocrimedaily.com"
51.222.253.11 - - [08/Feb/2023:05:53:23 -0800] "GET /CRIME-WATCH-AMERICA/CRIME-WATCH-STLOUIS/unix/wbin/recode.exe HTTP/1.1" 200 1083392 "-" "Mozilla/5.0 (compatible; AhrefsBot/7.0; +http://ahrefs.com/robot/)" "www.metrocrimedaily.com"
51.222.253.1 - - [08/Feb/2023:05:53:25 -0800] "GET /CRIME-WATCH-AMERICA/CRIME-WATCH-STLOUIS/unix/wbin/unexpand.exe HTTP/1.1" 200 20992 "-" "Mozilla/5.0 (compatible; AhrefsBot/7.0; +http://ahrefs.com/robot/)" "www.metrocrimedaily.com"
51.222.253.19 - - [08/Feb/2023:05:53:26 -0800] "GET /CRIME-WATCH-AMERICA/CRIME-WATCH-STLOUIS/unix/wbin/unshar.exe HTTP/1.1" 200 11264 "-" "Mozilla/5.0 (compatible; AhrefsBot/7.0; +http://ahrefs.com/robot/)" "www.metrocrimedaily.com"
51.222.253.14 - - [08/Feb/2023:05:53:27 -0800] "GET /CRIME-WATCH-AMERICA/CRIME-WATCH-STLOUIS/unix/wbin/uudecode.exe HTTP/1.1" 200 10240 "-" "Mozilla/5.0 (compatible; AhrefsBot/7.0; +http://ahrefs.com/robot/)" "www.metrocrimedaily.com"
51.222.253.7 - - [08/Feb/2023:05:53:28 -0800] "GET /CRIME-WATCH-AMERICA/CRIME-WATCH-STLOUIS/unix/wbin/uuencode.exe HTTP/1.1" 200 9728 "-" "Mozilla/5.0 (compatible; AhrefsBot/7.0; +http://ahrefs.com/robot/)" "www.metrocrimedaily.com"
51.222.253.11 - - [08/Feb/2023:05:53:28 -0800] "GET /CRIME-WATCH-AMERICA/CRIME-WATCH-STLOUIS/unix/wbin/whoami.exe HTTP/1.1" 200 7680 "-" "Mozilla/5.0 (compatible; AhrefsBot/7.0; +http://ahrefs.com/robot/)" "www.metrocrimedaily.com"
