51.222.253.1 - - [08/Feb/2023:14:44:32 -0800] "GET /instagram-newyork/01-13-2023-1113411-Feds-seek-long-sentence-for-drug-dealer-who-nearl.txt HTTP/1.1" 404 88 "-" "Mozilla/5.0 (compatible; AhrefsBot/7.0; +http://ahrefs.com/robot/)" "metrocrimedaily.com"
51.222.253.9 - - [08/Feb/2023:14:44:35 -0800] "GET /instagram-newyork/01-13-2023-1445081-Robbie-Knievel--son-of-daredevil-Evel-Knievel--di.txt HTTP/1.1" 404 88 "-" "Mozilla/5.0 (compatible; AhrefsBot/7.0; +http://ahrefs.com/robot/)" "metrocrimedaily.com"
51.222.253.6 - - [08/Feb/2023:14:44:39 -0800] "GET /instagram-newyork/01-13-2023-1606311-Oklahoma-police-search-for-missing-Athena-Brownfi.txt HTTP/1.1" 404 88 "-" "Mozilla/5.0 (compatible; AhrefsBot/7.0; +http://ahrefs.com/robot/)" "metrocrimedaily.com"
51.222.253.13 - - [08/Feb/2023:14:44:41 -0800] "GET /instagram-newyork/01-17-2023-11503810-Straphanger--80--choked--punched--sprayed-in-face.txt HTTP/1.1" 404 88 "-" "Mozilla/5.0 (compatible; AhrefsBot/7.0; +http://ahrefs.com/robot/)" "metrocrimedaily.com"
51.222.253.2 - - [08/Feb/2023:14:44:42 -0800] "GET /instagram-newyork/01-17-2023-11503811-Woman-shoots-Brooklyn-man--71--in-his-home-in-bot.txt HTTP/1.1" 404 88 "-" "Mozilla/5.0 (compatible; AhrefsBot/7.0; +http://ahrefs.com/robot/)" "metrocrimedaily.com"
51.222.253.13 - - [08/Feb/2023:14:44:45 -0800] "GET /instagram-newyork/01-17-2023-11503812-2nd-arrest-in-connection-with-deadly-stabbing-on-.txt HTTP/1.1" 404 88 "-" "Mozilla/5.0 (compatible; AhrefsBot/7.0; +http://ahrefs.com/robot/)" "metrocrimedaily.com"
51.222.253.10 - - [08/Feb/2023:14:44:46 -0800] "GET /instagram-newyork/01-17-2023-11503813-Homeless-vet-busted-for-hate-crime-in-attack-on-A.txt HTTP/1.1" 404 88 "-" "Mozilla/5.0 (compatible; AhrefsBot/7.0; +http://ahrefs.com/robot/)" "metrocrimedaily.com"
51.222.253.17 - - [08/Feb/2023:14:44:47 -0800] "GET /instagram-newyork/01-17-2023-11503814-Man-fatally-shot-in-head-in-East-Harlem-gang-clas.txt HTTP/1.1" 404 88 "-" "Mozilla/5.0 (compatible; AhrefsBot/7.0; +http://ahrefs.com/robot/)" "metrocrimedaily.com"
51.222.253.11 - - [08/Feb/2023:14:44:48 -0800] "GET /instagram-newyork/01-17-2023-11503817-Teen-stabbed-in-broad-daylight-outside-Bronx-midd.txt HTTP/1.1" 404 88 "-" "Mozilla/5.0 (compatible; AhrefsBot/7.0; +http://ahrefs.com/robot/)" "metrocrimedaily.com"
51.222.253.14 - - [08/Feb/2023:14:44:50 -0800] "GET /instagram-newyork/01-17-2023-11503818-NYPD-releases-new-images-of-men-wanted-in-$300K-B.txt HTTP/1.1" 404 88 "-" "Mozilla/5.0 (compatible; AhrefsBot/7.0; +http://ahrefs.com/robot/)" "metrocrimedaily.com"
51.222.253.9 - - [08/Feb/2023:14:44:51 -0800] "GET /instagram-newyork/01-17-2023-11503820-Anonymous-jury-approved-in-Jam-Master-Jay-murder-.txt HTTP/1.1" 404 88 "-" "Mozilla/5.0 (compatible; AhrefsBot/7.0; +http://ahrefs.com/robot/)" "metrocrimedaily.com"
51.222.253.8 - - [08/Feb/2023:14:44:53 -0800] "GET /instagram-newyork/01-17-2023-11503821-Iowa-official-s-wife-charged-with-52-counts-of-vo.txt HTTP/1.1" 404 88 "-" "Mozilla/5.0 (compatible; AhrefsBot/7.0; +http://ahrefs.com/robot/)" "metrocrimedaily.com"
51.222.253.4 - - [08/Feb/2023:14:44:54 -0800] "GET /instagram-newyork/01-17-2023-1150385-Murder-suicide-suspect-s-obituary-remembering--fa.txt HTTP/1.1" 404 88 "-" "Mozilla/5.0 (compatible; AhrefsBot/7.0; +http://ahrefs.com/robot/)" "metrocrimedaily.com"
51.222.253.7 - - [08/Feb/2023:14:44:55 -0800] "GET /instagram-newyork/01-17-2023-1150386-Woman-who-burned-hospital-worker-with-caustic-liq.txt HTTP/1.1" 404 88 "-" "Mozilla/5.0 (compatible; AhrefsBot/7.0; +http://ahrefs.com/robot/)" "metrocrimedaily.com"
51.222.253.4 - - [08/Feb/2023:14:44:56 -0800] "GET /instagram-newyork/01-17-2023-1150387-NYPD-makes-second-arrest-in-July-4-Brooklyn-doubl.txt HTTP/1.1" 404 88 "-" "Mozilla/5.0 (compatible; AhrefsBot/7.0; +http://ahrefs.com/robot/)" "metrocrimedaily.com"
51.222.253.5 - - [08/Feb/2023:14:44:58 -0800] "GET /instagram-newyork/01-17-2023-1150389-Brooklyn-federal-prosecutors-drop-charges-against.txt HTTP/1.1" 404 88 "-" "Mozilla/5.0 (compatible; AhrefsBot/7.0; +http://ahrefs.com/robot/)" "metrocrimedaily.com"
51.222.253.20 - - [08/Feb/2023:14:45:00 -0800] "GET /instagram-newyork/01-17-2023-1821021-NJ-woman-sentenced-to-2-to-6-years-in-prison-afte.txt HTTP/1.1" 404 88 "-" "Mozilla/5.0 (compatible; AhrefsBot/7.0; +http://ahrefs.com/robot/)" "metrocrimedaily.com"
51.222.253.16 - - [08/Feb/2023:14:45:01 -0800] "GET /instagram-newyork/01-18-2023-1314241-Rapper-Lil-Tjay-held-on-$30K-bail-after-Bronx-gun.txt HTTP/1.1" 404 88 "-" "Mozilla/5.0 (compatible; AhrefsBot/7.0; +http://ahrefs.com/robot/)" "metrocrimedaily.com"
51.222.253.18 - - [08/Feb/2023:14:45:03 -0800] "GET /instagram-newyork/01-18-2023-1408212-Brooklyn-businessman-charged-with-duping-Russian-.txt HTTP/1.1" 404 88 "-" "Mozilla/5.0 (compatible; AhrefsBot/7.0; +http://ahrefs.com/robot/)" "metrocrimedaily.com"
51.222.253.11 - - [08/Feb/2023:14:45:15 -0800] "GET /instagram-newyork/01-18-2023-1519041-Porn-actor-Ron-Jeremy-mentally-incompetent-to-sta.txt HTTP/1.1" 404 88 "-" "Mozilla/5.0 (compatible; AhrefsBot/7.0; +http://ahrefs.com/robot/)" "metrocrimedaily.com"
51.222.253.4 - - [08/Feb/2023:14:45:16 -0800] "GET /instagram-newyork/01-18-2023-1519042-Manhattan-man-busted-for-using-3D-printers-to-run.txt HTTP/1.1" 404 88 "-" "Mozilla/5.0 (compatible; AhrefsBot/7.0; +http://ahrefs.com/robot/)" "metrocrimedaily.com"
51.222.253.10 - - [08/Feb/2023:14:45:17 -0800] "GET /instagram-newyork/01-18-2023-1656371-Brooklyn-murder-victim-did-time-for-intimidating-.txt HTTP/1.1" 404 88 "-" "Mozilla/5.0 (compatible; AhrefsBot/7.0; +http://ahrefs.com/robot/)" "metrocrimedaily.com"
51.222.253.15 - - [08/Feb/2023:14:45:18 -0800] "GET /instagram-newyork/01-18-2023-1750451-Two-dozen-charged-in-$7-million-NYC-construction-.txt HTTP/1.1" 404 88 "-" "Mozilla/5.0 (compatible; AhrefsBot/7.0; +http://ahrefs.com/robot/)" "metrocrimedaily.com"
51.222.253.10 - - [08/Feb/2023:14:45:18 -0800] "GET /instagram-newyork/01-18-2023-1750452-Missing-Zelle-deposits-from-your-Bank-of-America-.txt HTTP/1.1" 404 88 "-" "Mozilla/5.0 (compatible; AhrefsBot/7.0; +http://ahrefs.com/robot/)" "metrocrimedaily.com"
51.222.253.18 - - [08/Feb/2023:14:45:19 -0800] "GET /instagram-newyork/01-18-2023-1900141-16-year-old-denies-shooting-NYPD-officer-in-Bronx.txt HTTP/1.1" 404 88 "-" "Mozilla/5.0 (compatible; AhrefsBot/7.0; +http://ahrefs.com/robot/)" "metrocrimedaily.com"
51.222.253.5 - - [08/Feb/2023:14:45:20 -0800] "GET /instagram-newyork/01-18-2023-1900142-FIFA-officials-got-note-of-thanks-from-Rupert-Mur.txt HTTP/1.1" 404 88 "-" "Mozilla/5.0 (compatible; AhrefsBot/7.0; +http://ahrefs.com/robot/)" "metrocrimedaily.com"
51.222.253.18 - - [08/Feb/2023:14:45:21 -0800] "GET /instagram-newyork/01-18-2023-2232581-21-year-old-man-fatally-shot-in-backyard-of-Bronx.txt HTTP/1.1" 404 88 "-" "Mozilla/5.0 (compatible; AhrefsBot/7.0; +http://ahrefs.com/robot/)" "metrocrimedaily.com"
51.222.253.12 - - [08/Feb/2023:14:45:22 -0800] "GET /instagram-newyork/01-19-2023-0059451-Woman-charged-with-attempted-murder-of-boyfriend-.txt HTTP/1.1" 404 88 "-" "Mozilla/5.0 (compatible; AhrefsBot/7.0; +http://ahrefs.com/robot/)" "metrocrimedaily.com"
51.222.253.14 - - [08/Feb/2023:14:45:22 -0800] "GET /instagram-newyork/01-19-2023-0624211-Boy--12--in-custody-for-Queens-shooting-that-inju.txt HTTP/1.1" 404 88 "-" "Mozilla/5.0 (compatible; AhrefsBot/7.0; +http://ahrefs.com/robot/)" "metrocrimedaily.com"
51.222.253.13 - - [08/Feb/2023:14:45:23 -0800] "GET /instagram-newyork/01-19-2023-0727421-Suspect-nabbed-for-May-shooting-death-of-27-year-.txt HTTP/1.1" 404 88 "-" "Mozilla/5.0 (compatible; AhrefsBot/7.0; +http://ahrefs.com/robot/)" "metrocrimedaily.com"
51.222.253.1 - - [08/Feb/2023:14:45:23 -0800] "GET /instagram-newyork/01-19-2023-0831221-Two-teen-boys-nabbed-for-beating-boy-unconscious-.txt HTTP/1.1" 404 88 "-" "Mozilla/5.0 (compatible; AhrefsBot/7.0; +http://ahrefs.com/robot/)" "metrocrimedaily.com"
51.222.253.4 - - [08/Feb/2023:14:45:24 -0800] "GET /instagram-newyork/01-19-2023-1219311--Rust--shooting--Alec-Baldwin-charged-with-involu.txt HTTP/1.1" 404 88 "-" "Mozilla/5.0 (compatible; AhrefsBot/7.0; +http://ahrefs.com/robot/)" "metrocrimedaily.com"
51.222.253.7 - - [08/Feb/2023:14:45:25 -0800] "GET /instagram-newyork/01-19-2023-1313101-Pennsylvania-woman-accused-of-killing-parents--di.txt HTTP/1.1" 404 88 "-" "Mozilla/5.0 (compatible; AhrefsBot/7.0; +http://ahrefs.com/robot/)" "metrocrimedaily.com"
51.222.253.5 - - [08/Feb/2023:14:45:25 -0800] "GET /instagram-newyork/01-19-2023-1313102-Teen-caught-with-gun-inside-Bronx-middle-school--.txt HTTP/1.1" 404 88 "-" "Mozilla/5.0 (compatible; AhrefsBot/7.0; +http://ahrefs.com/robot/)" "metrocrimedaily.com"
51.222.253.19 - - [08/Feb/2023:14:45:26 -0800] "GET /instagram-newyork/01-19-2023-1313103-Victim-identified-after-tractor-trailer-plummets-.txt HTTP/1.1" 404 88 "-" "Mozilla/5.0 (compatible; AhrefsBot/7.0; +http://ahrefs.com/robot/)" "metrocrimedaily.com"
51.222.253.4 - - [08/Feb/2023:14:45:27 -0800] "GET /instagram-newyork/01-19-2023-1506211-Saudi-national-arrested-after-school-bus-stolen-i.txt HTTP/1.1" 404 88 "-" "Mozilla/5.0 (compatible; AhrefsBot/7.0; +http://ahrefs.com/robot/)" "metrocrimedaily.com"
51.222.253.17 - - [08/Feb/2023:14:45:28 -0800] "GET /instagram-newyork/01-19-2023-1633041-Ex-NYPD-Sergeants-Benevolent-Association-boss-Ed-.txt HTTP/1.1" 404 88 "-" "Mozilla/5.0 (compatible; AhrefsBot/7.0; +http://ahrefs.com/robot/)" "metrocrimedaily.com"
51.222.253.19 - - [08/Feb/2023:14:45:29 -0800] "GET /instagram-newyork/01-19-2023-1844071-Watch--Boston-Dynamics-robot-shows-off-eerily-hum.txt HTTP/1.1" 404 88 "-" "Mozilla/5.0 (compatible; AhrefsBot/7.0; +http://ahrefs.com/robot/)" "metrocrimedaily.com"
51.222.253.18 - - [08/Feb/2023:14:45:31 -0800] "GET /instagram-newyork/01-19-2023-1932531-Small-plane-missing-near-Wetchester-County-Airpor.txt HTTP/1.1" 404 88 "-" "Mozilla/5.0 (compatible; AhrefsBot/7.0; +http://ahrefs.com/robot/)" "metrocrimedaily.com"
51.222.253.8 - - [08/Feb/2023:14:45:32 -0800] "GET /instagram-newyork/01-19-2023-2127351-Man-doused-with-scalding-hot-coffee-in-Midtown-Ma.txt HTTP/1.1" 404 88 "-" "Mozilla/5.0 (compatible; AhrefsBot/7.0; +http://ahrefs.com/robot/)" "metrocrimedaily.com"
51.222.253.2 - - [08/Feb/2023:14:45:34 -0800] "GET /instagram-newyork/01-19-2023-2249031-14--and-16-year-old-shot-outside-Bronx-basketball.txt HTTP/1.1" 404 88 "-" "Mozilla/5.0 (compatible; AhrefsBot/7.0; +http://ahrefs.com/robot/)" "metrocrimedaily.com"
51.222.253.2 - - [08/Feb/2023:14:45:35 -0800] "GET /instagram-newyork/01-19-2023-2337421-Polar-bear-kills-young-mother--1-year-old-son-in-.txt HTTP/1.1" 404 88 "-" "Mozilla/5.0 (compatible; AhrefsBot/7.0; +http://ahrefs.com/robot/)" "metrocrimedaily.com"
51.222.253.18 - - [08/Feb/2023:14:45:36 -0800] "GET /instagram-newyork/01-20-2023-0131531-Search-underway-for-5----dangerous----inmates-who.txt HTTP/1.1" 404 88 "-" "Mozilla/5.0 (compatible; AhrefsBot/7.0; +http://ahrefs.com/robot/)" "metrocrimedaily.com"
51.222.253.19 - - [08/Feb/2023:14:45:37 -0800] "GET /instagram-newyork/01-20-2023-1229221-Appliance-thieves--Washers--fridges-stolen-in-Bro.txt HTTP/1.1" 404 88 "-" "Mozilla/5.0 (compatible; AhrefsBot/7.0; +http://ahrefs.com/robot/)" "metrocrimedaily.com"
51.222.253.11 - - [08/Feb/2023:14:45:38 -0800] "GET /instagram-newyork/01-20-2023-1511511-Lawrence-Ray--accused-Sarah-Lawrence-College--cul.txt HTTP/1.1" 404 88 "-" "Mozilla/5.0 (compatible; AhrefsBot/7.0; +http://ahrefs.com/robot/)" "metrocrimedaily.com"
51.222.253.6 - - [08/Feb/2023:14:45:39 -0800] "GET /instagram-newyork/01-20-2023-1800231-NYC-teen-dies-in-shooting-outside-South-Bronx-PAL.txt HTTP/1.1" 404 88 "-" "Mozilla/5.0 (compatible; AhrefsBot/7.0; +http://ahrefs.com/robot/)" "metrocrimedaily.com"
51.222.253.8 - - [08/Feb/2023:14:45:41 -0800] "GET /instagram-newyork/01-20-2023-1800232-Mexican-authorities-find-bullet-riddled-car-of-mi.txt HTTP/1.1" 404 88 "-" "Mozilla/5.0 (compatible; AhrefsBot/7.0; +http://ahrefs.com/robot/)" "metrocrimedaily.com"
51.222.253.2 - - [08/Feb/2023:14:45:43 -0800] "GET /instagram-newyork/01-20-2023-1904151-15-year-old-dies-after-being-shot-in-the-head-in-.txt HTTP/1.1" 404 88 "-" "Mozilla/5.0 (compatible; AhrefsBot/7.0; +http://ahrefs.com/robot/)" "metrocrimedaily.com"
51.222.253.3 - - [08/Feb/2023:14:45:44 -0800] "GET /instagram-chicago/01-26-2023-0941399-Youth-program-founder-and-rapper-from-Chicago-hur.txt HTTP/1.1" 404 88 "-" "Mozilla/5.0 (compatible; AhrefsBot/7.0; +http://ahrefs.com/robot/)" "metrocrimedaily.com"
51.222.253.20 - - [08/Feb/2023:14:45:46 -0800] "GET /CRIME-WATCH-AMERICA/GOOD_BARBER_APP-MAKER/INSTALL-CRIME-WATCH-ATLANTA/CRIME-WATCH-ATLANTA/unix/bin/register.exe HTTP/1.1" 200 125399 "-" "Mozilla/5.0 (compatible; AhrefsBot/7.0; +http://ahrefs.com/robot/)" "metrocrimedaily.com"
51.222.253.3 - - [08/Feb/2023:14:45:47 -0800] "GET /instagram-neworleans/02-04-2023-1620171-1-dead--1-wounded-after-shooting-on-Tchoupitoulas.txt HTTP/1.1" 404 88 "-" "Mozilla/5.0 (compatible; AhrefsBot/7.0; +http://ahrefs.com/robot/)" "metrocrimedaily.com"
69.63.184.116 - - [08/Feb/2023:14:46:27 -0800] "GET /instagram-atlanta/02-08-2023-1614373-A.jpg HTTP/1.1" 200 160680 "-" "facebookexternalhit/1.1 (+http://www.facebook.com/externalhit_uatext.php)" "www.metrocrimedaily.com"
173.252.111.18 - - [08/Feb/2023:14:48:10 -0800] "GET /instagram-houston/02-08-2023-1529556-A.jpg HTTP/1.1" 200 105831 "-" "facebookexternalhit/1.1 (+http://www.facebook.com/externalhit_uatext.php)" "www.metrocrimedaily.com"
173.252.111.7 - - [08/Feb/2023:14:49:25 -0800] "GET /instagram-neworleans/02-08-2023-1649051-A.jpg HTTP/1.1" 200 104055 "-" "facebookexternalhit/1.1 (+http://www.facebook.com/externalhit_uatext.php)" "www.metrocrimedaily.com"
173.252.111.1 - - [08/Feb/2023:14:54:48 -0800] "GET /instagram-stlouis/02-08-2023-1536426-A.jpg HTTP/1.1" 200 117877 "-" "facebookexternalhit/1.1 (+http://www.facebook.com/externalhit_uatext.php)" "www.metrocrimedaily.com"
173.252.111.23 - - [08/Feb/2023:14:58:19 -0800] "GET /instagram-miami/02-08-2023-1626153-A.jpg HTTP/1.1" 200 470395 "-" "facebookexternalhit/1.1 (+http://www.facebook.com/externalhit_uatext.php)" "www.metrocrimedaily.com"
40.77.167.212 - - [08/Feb/2023:15:01:47 -0800] "GET /index-miami.html HTTP/1.1" 200 32395 "-" "Mozilla/5.0 AppleWebKit/537.36 (KHTML, like Gecko; compatible; bingbot/2.0; +http://www.bing.com/bingbot.htm) Chrome/103.0.5060.134 Safari/537.36" "metrocrimedaily.com"
51.222.253.17 - - [08/Feb/2023:15:03:20 -0800] "GET / HTTP/1.1" 200 1656 "-" "Mozilla/5.0 (compatible; AhrefsBot/7.0; +http://ahrefs.com/robot/)" "www.metrocrimedaily.com"
173.252.111.3 - - [08/Feb/2023:15:03:41 -0800] "GET /instagram-houston/02-08-2023-1529557-A.jpg HTTP/1.1" 200 100842 "-" "facebookexternalhit/1.1 (+http://www.facebook.com/externalhit_uatext.php)" "www.metrocrimedaily.com"
51.222.253.16 - - [08/Feb/2023:15:04:07 -0800] "GET /instagram-detroit/post-later/?C=N;O=A HTTP/1.1" 200 330 "-" "Mozilla/5.0 (compatible; AhrefsBot/7.0; +http://ahrefs.com/robot/)" "metrocrimedaily.com"
69.63.184.117 - - [08/Feb/2023:15:04:27 -0800] "GET /instagram-chicago/02-08-2023-1704061-A.jpg HTTP/1.1" 200 124897 "-" "facebookexternalhit/1.1 (+http://www.facebook.com/externalhit_uatext.php)" "www.metrocrimedaily.com"
51.222.253.11 - - [08/Feb/2023:15:04:41 -0800] "GET /instagram-houston/ HTTP/1.1" 200 1224 "-" "Mozilla/5.0 (compatible; AhrefsBot/7.0; +http://ahrefs.com/robot/)" "metrocrimedaily.com"
173.252.111.22 - - [08/Feb/2023:15:04:55 -0800] "GET /instagram-neworleans/02-08-2023-1649052-A.jpg HTTP/1.1" 200 247150 "-" "facebookexternalhit/1.1 (+http://www.facebook.com/externalhit_uatext.php)" "www.metrocrimedaily.com"
51.222.253.19 - - [08/Feb/2023:15:05:26 -0800] "GET /CRIME-WATCH-AMERICA/CRIME-WATCH-LOS-ANGELES/ HTTP/1.1" 200 379 "-" "Mozilla/5.0 (compatible; AhrefsBot/7.0; +http://ahrefs.com/robot/)" "www.metrocrimedaily.com"
51.222.253.16 - - [08/Feb/2023:15:06:11 -0800] "GET /CRIME-WATCH-AMERICA/CRIME-WATCH-MEMPHIS/ HTTP/1.1" 200 376 "-" "Mozilla/5.0 (compatible; AhrefsBot/7.0; +http://ahrefs.com/robot/)" "www.metrocrimedaily.com"
51.222.253.20 - - [08/Feb/2023:15:06:46 -0800] "GET /instagram-dallas/02-08-2023-1448491-Arlington-man-arrested-for-allegedly-assaulting-o.txt HTTP/1.1" 200 721 "-" "Mozilla/5.0 (compatible; AhrefsBot/7.0; +http://ahrefs.com/robot/)" "metrocrimedaily.com"
51.222.253.10 - - [08/Feb/2023:15:07:35 -0800] "GET /instagram-losangeles/02-08-2023-1131231-Newsom-calls-for-federal-probe-into-soaring-natur.txt HTTP/1.1" 200 1106 "-" "Mozilla/5.0 (compatible; AhrefsBot/7.0; +http://ahrefs.com/robot/)" "www.metrocrimedaily.com"
51.222.253.15 - - [08/Feb/2023:15:08:17 -0800] "GET /instagram-losangeles/02-08-2023-1324301-North-Carolina-grandmother-charged-with-murder-in.txt HTTP/1.1" 200 675 "-" "Mozilla/5.0 (compatible; AhrefsBot/7.0; +http://ahrefs.com/robot/)" "www.metrocrimedaily.com"
51.222.253.6 - - [08/Feb/2023:15:09:01 -0800] "GET /instagram-losangeles/02-08-2023-1408011-Gruesome-Details-Revealed-as-Murder-Charges-Filed.txt HTTP/1.1" 200 1120 "-" "Mozilla/5.0 (compatible; AhrefsBot/7.0; +http://ahrefs.com/robot/)" "www.metrocrimedaily.com"
51.222.253.19 - - [08/Feb/2023:15:09:52 -0800] "GET /instagram-losangeles/02-08-2023-1504391-UC-Berkeley-student-baited-through-Tinder--date-e.txt HTTP/1.1" 200 1152 "-" "Mozilla/5.0 (compatible; AhrefsBot/7.0; +http://ahrefs.com/robot/)" "www.metrocrimedaily.com"
173.252.111.5 - - [08/Feb/2023:15:10:21 -0800] "GET /instagram-stlouis/02-08-2023-1536427-A.jpg HTTP/1.1" 200 218483 "-" "facebookexternalhit/1.1 (+http://www.facebook.com/externalhit_uatext.php)" "www.metrocrimedaily.com"
51.222.253.9 - - [08/Feb/2023:15:10:28 -0800] "GET /instagram-newyork/01-11-2023-1347411-Four-charged-under-new-federal-law-with-selling-m.txt HTTP/1.1" 404 88 "-" "Mozilla/5.0 (compatible; AhrefsBot/7.0; +http://ahrefs.com/robot/)" "metrocrimedaily.com"
51.222.253.9 - - [08/Feb/2023:15:11:12 -0800] "GET /instagram-newyork/01-11-2023-1818082-Woman-injured-in-violent-attack-on-NYC-street-.txt HTTP/1.1" 404 88 "-" "Mozilla/5.0 (compatible; AhrefsBot/7.0; +http://ahrefs.com/robot/)" "metrocrimedaily.com"
51.222.253.7 - - [08/Feb/2023:15:11:48 -0800] "GET /instagram-newyork/01-11-2023-1943062-Boy-beaten-unconscious-in-NYC-sneaker-robbery-.txt HTTP/1.1" 404 88 "-" "Mozilla/5.0 (compatible; AhrefsBot/7.0; +http://ahrefs.com/robot/)" "metrocrimedaily.com"
51.222.253.19 - - [08/Feb/2023:15:12:40 -0800] "GET /instagram-newyork/01-11-2023-2153001-Man-stabbed-to-death-on-Staten-Island-.txt HTTP/1.1" 404 88 "-" "Mozilla/5.0 (compatible; AhrefsBot/7.0; +http://ahrefs.com/robot/)" "metrocrimedaily.com"
51.222.253.7 - - [08/Feb/2023:15:13:29 -0800] "GET /instagram-newyork/01-12-2023-0815261-SEE-IT--Armed-robbers-hold-up-Brooklyn-internet-c.txt HTTP/1.1" 404 88 "-" "Mozilla/5.0 (compatible; AhrefsBot/7.0; +http://ahrefs.com/robot/)" "metrocrimedaily.com"
173.252.111.120 - - [08/Feb/2023:15:13:52 -0800] "GET /instagram-miami/02-08-2023-1626154-A.jpg HTTP/1.1" 200 93278 "-" "facebookexternalhit/1.1 (+http://www.facebook.com/externalhit_uatext.php)" "www.metrocrimedaily.com"
51.222.253.17 - - [08/Feb/2023:15:14:05 -0800] "GET /instagram-newyork/01-12-2023-0815263--.txt HTTP/1.1" 404 88 "-" "Mozilla/5.0 (compatible; AhrefsBot/7.0; +http://ahrefs.com/robot/)" "metrocrimedaily.com"
51.222.253.8 - - [08/Feb/2023:15:14:53 -0800] "GET /instagram-newyork/01-12-2023-1629471-NYPD-arrests-man-accused-of-being-serial-rapist--.txt HTTP/1.1" 404 88 "-" "Mozilla/5.0 (compatible; AhrefsBot/7.0; +http://ahrefs.com/robot/)" "metrocrimedaily.com"
51.222.253.10 - - [08/Feb/2023:15:16:04 -0800] "GET /instagram-newyork/01-13-2023-0804423-Gunman-charged-in-fatal-Bronx-shooting--NYPD-says.txt HTTP/1.1" 404 88 "-" "Mozilla/5.0 (compatible; AhrefsBot/7.0; +http://ahrefs.com/robot/)" "metrocrimedaily.com"
51.222.253.20 - - [08/Feb/2023:15:16:51 -0800] "GET /instagram-newyork/01-13-2023-1217381-9-year-old-girl-dies-in-Brooklyn-fire-.txt HTTP/1.1" 404 88 "-" "Mozilla/5.0 (compatible; AhrefsBot/7.0; +http://ahrefs.com/robot/)" "metrocrimedaily.com"
51.222.253.13 - - [08/Feb/2023:15:17:30 -0800] "GET /instagram-newyork/01-17-2023-1150381-NYPD-cop-shot-in-arm-during-Bronx-clash--16-year-.txt HTTP/1.1" 404 88 "-" "Mozilla/5.0 (compatible; AhrefsBot/7.0; +http://ahrefs.com/robot/)" "metrocrimedaily.com"
51.222.253.15 - - [08/Feb/2023:15:18:15 -0800] "GET /instagram-newyork/01-17-2023-11503819-Rapper-Lil-Tjay-arrested-in-the-Bronx-.txt HTTP/1.1" 404 88 "-" "Mozilla/5.0 (compatible; AhrefsBot/7.0; +http://ahrefs.com/robot/)" "metrocrimedaily.com"
51.222.253.10 - - [08/Feb/2023:15:18:51 -0800] "GET /instagram-newyork/01-17-2023-1150382-NYPD-officer-shot-in-the-Bronx--teen-in-custody-.txt HTTP/1.1" 404 88 "-" "Mozilla/5.0 (compatible; AhrefsBot/7.0; +http://ahrefs.com/robot/)" "metrocrimedaily.com"
173.252.111.16 - - [08/Feb/2023:15:19:15 -0800] "GET /instagram-houston/02-08-2023-1529558-A.jpg HTTP/1.1" 200 68428 "-" "facebookexternalhit/1.1 (+http://www.facebook.com/externalhit_uatext.php)" "www.metrocrimedaily.com"
51.222.253.16 - - [08/Feb/2023:15:19:39 -0800] "GET /instagram-newyork/01-17-2023-1150383-Pennsylvania-woman-busted-at-Empire-State-Buildin.txt HTTP/1.1" 404 88 "-" "Mozilla/5.0 (compatible; AhrefsBot/7.0; +http://ahrefs.com/robot/)" "metrocrimedaily.com"
173.252.111.19 - - [08/Feb/2023:15:20:28 -0800] "GET /instagram-neworleans/02-08-2023-1649053-A.jpg HTTP/1.1" 200 126884 "-" "facebookexternalhit/1.1 (+http://www.facebook.com/externalhit_uatext.php)" "www.metrocrimedaily.com"
51.222.253.11 - - [08/Feb/2023:15:20:40 -0800] "GET /instagram-newyork/01-17-2023-1150384-Justice-at-last-in-brutal-slaying-of-Bronx-teen--.txt HTTP/1.1" 404 88 "-" "Mozilla/5.0 (compatible; AhrefsBot/7.0; +http://ahrefs.com/robot/)" "metrocrimedaily.com"
51.222.253.17 - - [08/Feb/2023:15:21:43 -0800] "GET /instagram-newyork/01-17-2023-1150388-Man-shot-to-death-on-Brooklyn-street-.txt HTTP/1.1" 404 88 "-" "Mozilla/5.0 (compatible; AhrefsBot/7.0; +http://ahrefs.com/robot/)" "metrocrimedaily.com"
69.63.184.120 - - [08/Feb/2023:15:22:17 -0800] "GET /instagram-detroit/02-08-2023-1721381-A.jpg HTTP/1.1" 200 60214 "-" "facebookexternalhit/1.1 (+http://www.facebook.com/externalhit_uatext.php)" "www.metrocrimedaily.com"
51.222.253.14 - - [08/Feb/2023:15:22:32 -0800] "GET /instagram-newyork/01-17-2023-1821022-Teen-stabbed--hospitalized-in-Brooklyn--NYPD-.txt HTTP/1.1" 404 88 "-" "Mozilla/5.0 (compatible; AhrefsBot/7.0; +http://ahrefs.com/robot/)" "metrocrimedaily.com"
69.63.184.1 - - [08/Feb/2023:15:23:27 -0800] "GET /instagram-dallas/02-08-2023-1723051-A.jpg HTTP/1.1" 200 59159 "-" "facebookexternalhit/1.1 (+http://www.facebook.com/externalhit_uatext.php)" "www.metrocrimedaily.com"
51.222.253.10 - - [08/Feb/2023:15:23:32 -0800] "GET /instagram-newyork/01-17-2023-1821023-Teen-stabbed--hospitalized-in-Brooklyn--NYPD-.txt HTTP/1.1" 404 88 "-" "Mozilla/5.0 (compatible; AhrefsBot/7.0; +http://ahrefs.com/robot/)" "metrocrimedaily.com"
51.222.253.4 - - [08/Feb/2023:15:24:28 -0800] "GET /instagram-newyork/01-17-2023-1821024-80-year-old-man-assaulted--robbed-in-Brooklyn-sub.txt HTTP/1.1" 404 88 "-" "Mozilla/5.0 (compatible; AhrefsBot/7.0; +http://ahrefs.com/robot/)" "metrocrimedaily.com"
51.222.253.9 - - [08/Feb/2023:15:25:25 -0800] "GET /instagram-newyork/01-18-2023-1408211-Manhattan-smoke-shop-worker-shot-in-leg-kicking-o.txt HTTP/1.1" 404 88 "-" "Mozilla/5.0 (compatible; AhrefsBot/7.0; +http://ahrefs.com/robot/)" "metrocrimedaily.com"
51.222.253.12 - - [08/Feb/2023:15:26:22 -0800] "GET /instagram-newyork/01-19-2023-1633042-Suspect-pleads-guilty-to-2005-murder-of-Angel-Ser.txt HTTP/1.1" 404 88 "-" "Mozilla/5.0 (compatible; AhrefsBot/7.0; +http://ahrefs.com/robot/)" "metrocrimedaily.com"
173.252.111.9 - - [08/Feb/2023:15:29:26 -0800] "GET /instagram-miami/02-08-2023-1626155-A.jpg HTTP/1.1" 200 145224 "-" "facebookexternalhit/1.1 (+http://www.facebook.com/externalhit_uatext.php)" "www.metrocrimedaily.com"
51.222.253.15 - - [08/Feb/2023:15:32:18 -0800] "GET /instagram-newyork/01-20-2023-1600331-Larry-Ray--accused-Sarah-Lawrence-College--cult--.txt HTTP/1.1" 404 88 "-" "Mozilla/5.0 (compatible; AhrefsBot/7.0; +http://ahrefs.com/robot/)" "metrocrimedaily.com"
51.222.253.3 - - [08/Feb/2023:15:33:54 -0800] "GET /instagram-chicago/01-26-2023-0941396-Palestinians-say-Israeli-troops-kill-9-in-West-Ba.txt HTTP/1.1" 404 88 "-" "Mozilla/5.0 (compatible; AhrefsBot/7.0; +http://ahrefs.com/robot/)" "metrocrimedaily.com"
173.252.111.17 - - [08/Feb/2023:15:34:51 -0800] "GET /instagram-houston/02-08-2023-1529559-A.jpg HTTP/1.1" 200 85580 "-" "facebookexternalhit/1.1 (+http://www.facebook.com/externalhit_uatext.php)" "www.metrocrimedaily.com"
51.222.253.3 - - [08/Feb/2023:15:34:58 -0800] "GET /instagram-chicago/01-26-2023-0941397-Man-fatally-stabbed-during-fight-in-Washington-He.txt HTTP/1.1" 404 88 "-" "Mozilla/5.0 (compatible; AhrefsBot/7.0; +http://ahrefs.com/robot/)" "metrocrimedaily.com"
51.222.253.17 - - [08/Feb/2023:15:35:49 -0800] "GET /instagram-chicago/01-26-2023-0941398-Delivery-driver-robbed--carjacked-at-gunpoint-in-.txt HTTP/1.1" 404 88 "-" "Mozilla/5.0 (compatible; AhrefsBot/7.0; +http://ahrefs.com/robot/)" "metrocrimedaily.com"
173.252.111.18 - - [08/Feb/2023:15:35:58 -0800] "GET /instagram-neworleans/02-08-2023-1649054-A.jpg HTTP/1.1" 200 272703 "-" "facebookexternalhit/1.1 (+http://www.facebook.com/externalhit_uatext.php)" "www.metrocrimedaily.com"
51.222.253.11 - - [08/Feb/2023:15:37:01 -0800] "GET /instagram-chicago/01-26-2023-1431161-Man-dead-from-self-inflicted-gunshot-after-attemp.txt HTTP/1.1" 404 88 "-" "Mozilla/5.0 (compatible; AhrefsBot/7.0; +http://ahrefs.com/robot/)" "metrocrimedaily.com"
69.63.184.4 - - [08/Feb/2023:15:37:49 -0800] "GET /instagram-detroit/02-08-2023-1721382-A.jpg HTTP/1.1" 200 96178 "-" "facebookexternalhit/1.1 (+http://www.facebook.com/externalhit_uatext.php)" "www.metrocrimedaily.com"
51.222.253.20 - - [08/Feb/2023:15:38:06 -0800] "GET /instagram-chicago/01-26-2023-1431162-Palestinians--Israeli-troops-kill-10-in-West-Bank.txt HTTP/1.1" 404 88 "-" "Mozilla/5.0 (compatible; AhrefsBot/7.0; +http://ahrefs.com/robot/)" "metrocrimedaily.com"
40.77.167.212 - - [08/Feb/2023:15:38:59 -0800] "GET /index-miami.html HTTP/1.1" 200 32395 "-" "Mozilla/5.0 AppleWebKit/537.36 (KHTML, like Gecko; compatible; bingbot/2.0; +http://www.bing.com/bingbot.htm) Chrome/103.0.5060.134 Safari/537.36" "metrocrimedaily.com"
69.63.184.116 - - [08/Feb/2023:15:39:00 -0800] "GET /instagram-dallas/02-08-2023-1723052-A.jpg HTTP/1.1" 200 125176 "-" "facebookexternalhit/1.1 (+http://www.facebook.com/externalhit_uatext.php)" "www.metrocrimedaily.com"
51.222.253.14 - - [08/Feb/2023:15:39:14 -0800] "GET /CRIME-WATCH-AMERICA/GOOD_BARBER_APP-MAKER/INSTALL-CRIME-WATCH-ATLANTA/CRIME-WATCH-ATLANTA/unix/bin/?C=D;O=A HTTP/1.1" 200 2051 "-" "Mozilla/5.0 (compatible; AhrefsBot/7.0; +http://ahrefs.com/robot/)" "metrocrimedaily.com"
173.252.111.17 - - [08/Feb/2023:15:40:19 -0800] "GET /instagram-losangeles/02-08-2023-1739591-A.jpg HTTP/1.1" 200 74225 "-" "facebookexternalhit/1.1 (+http://www.facebook.com/externalhit_uatext.php)" "www.metrocrimedaily.com"
51.222.253.3 - - [08/Feb/2023:15:40:32 -0800] "GET /CRIME-WATCH-AMERICA/GOOD_BARBER_APP-MAKER/INSTALL-CRIME-WATCH-ATLANTA/CRIME-WATCH-ATLANTA/unix/bin/?C=M;O=A HTTP/1.1" 200 2016 "-" "Mozilla/5.0 (compatible; AhrefsBot/7.0; +http://ahrefs.com/robot/)" "metrocrimedaily.com"
51.222.253.7 - - [08/Feb/2023:15:41:36 -0800] "GET /CRIME-WATCH-AMERICA/GOOD_BARBER_APP-MAKER/INSTALL-CRIME-WATCH-ATLANTA/CRIME-WATCH-ATLANTA/unix/bin/?C=N;O=D HTTP/1.1" 200 2070 "-" "Mozilla/5.0 (compatible; AhrefsBot/7.0; +http://ahrefs.com/robot/)" "metrocrimedaily.com"
51.222.253.19 - - [08/Feb/2023:15:43:03 -0800] "GET /CRIME-WATCH-AMERICA/GOOD_BARBER_APP-MAKER/INSTALL-CRIME-WATCH-ATLANTA/CRIME-WATCH-ATLANTA/unix/bin/?C=S;O=A HTTP/1.1" 200 2035 "-" "Mozilla/5.0 (compatible; AhrefsBot/7.0; +http://ahrefs.com/robot/)" "metrocrimedaily.com"
51.222.253.8 - - [08/Feb/2023:15:44:36 -0800] "GET /CRIME-WATCH-AMERICA/GOOD_BARBER_APP-MAKER/INSTALL-CRIME-WATCH-ATLANTA/CRIME-WATCH-ATLANTA/unix/bin/Reverse.exe HTTP/1.1" 200 10240 "-" "Mozilla/5.0 (compatible; AhrefsBot/7.0; +http://ahrefs.com/robot/)" "metrocrimedaily.com"
173.252.111.4 - - [08/Feb/2023:15:45:04 -0800] "GET /instagram-miami/02-08-2023-1626156-A.jpg HTTP/1.1" 200 145224 "-" "facebookexternalhit/1.1 (+http://www.facebook.com/externalhit_uatext.php)" "www.metrocrimedaily.com"
51.222.253.5 - - [08/Feb/2023:15:45:38 -0800] "GET /CRIME-WATCH-AMERICA/GOOD_BARBER_APP-MAKER/INSTALL-CRIME-WATCH-ATLANTA/CRIME-WATCH-ATLANTA/unix/bin/bison.exe HTTP/1.1" 200 67072 "-" "Mozilla/5.0 (compatible; AhrefsBot/7.0; +http://ahrefs.com/robot/)" "metrocrimedaily.com"
157.55.39.24 - - [08/Feb/2023:15:46:38 -0800] "GET /instagram-dallas/ HTTP/1.1" 200 819 "-" "Mozilla/5.0 AppleWebKit/537.36 (KHTML, like Gecko; compatible; bingbot/2.0; +http://www.bing.com/bingbot.htm) Chrome/103.0.5060.134 Safari/537.36" "www.metrocrimedaily.com"
157.55.39.18 - - [08/Feb/2023:15:46:45 -0800] "GET /index-houston.html HTTP/1.1" 200 85395 "-" "Mozilla/5.0 AppleWebKit/537.36 (KHTML, like Gecko; compatible; bingbot/2.0; +http://www.bing.com/bingbot.htm) Chrome/103.0.5060.134 Safari/537.36" "www.metrocrimedaily.com"
52.167.144.32 - - [08/Feb/2023:15:46:50 -0800] "GET /instagram-dallas/02-08-2023-1723052-Allen-Man-Charged-With-El-Paso-Walmart-Massacre-P.txt HTTP/1.1" 200 1130 "-" "Mozilla/5.0 AppleWebKit/537.36 (KHTML, like Gecko; compatible; bingbot/2.0; +http://www.bing.com/bingbot.htm) Chrome/103.0.5060.134 Safari/537.36" "www.metrocrimedaily.com"
51.222.253.11 - - [08/Feb/2023:15:46:55 -0800] "GET /CRIME-WATCH-AMERICA/GOOD_BARBER_APP-MAKER/INSTALL-CRIME-WATCH-ATLANTA/CRIME-WATCH-ATLANTA/unix/bin/chmod.exe HTTP/1.1" 200 14336 "-" "Mozilla/5.0 (compatible; AhrefsBot/7.0; +http://ahrefs.com/robot/)" "metrocrimedaily.com"
51.222.253.19 - - [08/Feb/2023:15:48:11 -0800] "GET /CRIME-WATCH-AMERICA/GOOD_BARBER_APP-MAKER/INSTALL-CRIME-WATCH-ATLANTA/CRIME-WATCH-ATLANTA/unix/bin/cksum.exe HTTP/1.1" 200 32768 "-" "Mozilla/5.0 (compatible; AhrefsBot/7.0; +http://ahrefs.com/robot/)" "metrocrimedaily.com"
51.222.253.6 - - [08/Feb/2023:15:49:43 -0800] "GET /CRIME-WATCH-AMERICA/GOOD_BARBER_APP-MAKER/INSTALL-CRIME-WATCH-ATLANTA/CRIME-WATCH-ATLANTA/unix/bin/clear.bat HTTP/1.1" 200 21 "-" "Mozilla/5.0 (compatible; AhrefsBot/7.0; +http://ahrefs.com/robot/)" "metrocrimedaily.com"
173.252.111.17 - - [08/Feb/2023:15:50:14 -0800] "GET /instagram-memphis/02-08-2023-1749511-A.jpg HTTP/1.1" 200 124855 "-" "facebookexternalhit/1.1 (+http://www.facebook.com/externalhit_uatext.php)" "www.metrocrimedaily.com"
69.63.184.118 - - [08/Feb/2023:15:50:30 -0800] "GET /instagram-chicago/02-08-2023-1750081-A.jpg HTTP/1.1" 200 97859 "-" "facebookexternalhit/1.1 (+http://www.facebook.com/externalhit_uatext.php)" "www.metrocrimedaily.com"
51.222.253.10 - - [08/Feb/2023:15:51:16 -0800] "GET /CRIME-WATCH-AMERICA/GOOD_BARBER_APP-MAKER/INSTALL-CRIME-WATCH-ATLANTA/CRIME-WATCH-ATLANTA/unix/bin/comm.exe HTTP/1.1" 200 14336 "-" "Mozilla/5.0 (compatible; AhrefsBot/7.0; +http://ahrefs.com/robot/)" "metrocrimedaily.com"
173.252.111.3 - - [08/Feb/2023:15:51:33 -0800] "GET /instagram-neworleans/02-08-2023-1649055-A.jpg HTTP/1.1" 200 162452 "-" "facebookexternalhit/1.1 (+http://www.facebook.com/externalhit_uatext.php)" "www.metrocrimedaily.com"
51.222.253.15 - - [08/Feb/2023:15:51:35 -0800] "GET /CRIME-WATCH-AMERICA/GOOD_BARBER_APP-MAKER/INSTALL-CRIME-WATCH-ATLANTA/CRIME-WATCH-ATLANTA/unix/bin/compress.exe HTTP/1.1" 200 15872 "-" "Mozilla/5.0 (compatible; AhrefsBot/7.0; +http://ahrefs.com/robot/)" "metrocrimedaily.com"
51.222.253.17 - - [08/Feb/2023:15:52:34 -0800] "GET /CRIME-WATCH-AMERICA/GOOD_BARBER_APP-MAKER/INSTALL-CRIME-WATCH-ATLANTA/CRIME-WATCH-ATLANTA/unix/bin/cpio.exe HTTP/1.1" 200 38400 "-" "Mozilla/5.0 (compatible; AhrefsBot/7.0; +http://ahrefs.com/robot/)" "metrocrimedaily.com"
51.222.253.19 - - [08/Feb/2023:15:53:21 -0800] "GET /CRIME-WATCH-AMERICA/GOOD_BARBER_APP-MAKER/INSTALL-CRIME-WATCH-ATLANTA/CRIME-WATCH-ATLANTA/unix/bin/csplit.exe HTTP/1.1" 200 44032 "-" "Mozilla/5.0 (compatible; AhrefsBot/7.0; +http://ahrefs.com/robot/)" "metrocrimedaily.com"
69.63.184.119 - - [08/Feb/2023:15:53:22 -0800] "GET /instagram-detroit/02-08-2023-1721383-A.jpg HTTP/1.1" 200 139565 "-" "facebookexternalhit/1.1 (+http://www.facebook.com/externalhit_uatext.php)" "www.metrocrimedaily.com"
51.222.253.8 - - [08/Feb/2023:15:53:59 -0800] "GET /CRIME-WATCH-AMERICA/GOOD_BARBER_APP-MAKER/INSTALL-CRIME-WATCH-ATLANTA/CRIME-WATCH-ATLANTA/unix/bin/cut.exe HTTP/1.1" 200 15872 "-" "Mozilla/5.0 (compatible; AhrefsBot/7.0; +http://ahrefs.com/robot/)" "metrocrimedaily.com"
51.222.253.18 - - [08/Feb/2023:15:54:49 -0800] "GET /CRIME-WATCH-AMERICA/GOOD_BARBER_APP-MAKER/INSTALL-CRIME-WATCH-ATLANTA/CRIME-WATCH-ATLANTA/unix/bin/cvs.exe HTTP/1.1" 200 893440 "-" "Mozilla/5.0 (compatible; AhrefsBot/7.0; +http://ahrefs.com/robot/)" "metrocrimedaily.com"
173.252.111.7 - - [08/Feb/2023:15:55:50 -0800] "GET /instagram-losangeles/02-08-2023-1739592-A.jpg HTTP/1.1" 200 202743 "-" "facebookexternalhit/1.1 (+http://www.facebook.com/externalhit_uatext.php)" "www.metrocrimedaily.com"
51.222.253.13 - - [08/Feb/2023:15:55:51 -0800] "GET /CRIME-WATCH-AMERICA/GOOD_BARBER_APP-MAKER/INSTALL-CRIME-WATCH-ATLANTA/CRIME-WATCH-ATLANTA/unix/bin/date.exe HTTP/1.1" 200 14336 "-" "Mozilla/5.0 (compatible; AhrefsBot/7.0; +http://ahrefs.com/robot/)" "metrocrimedaily.com"
51.222.253.10 - - [08/Feb/2023:15:56:45 -0800] "GET /CRIME-WATCH-AMERICA/GOOD_BARBER_APP-MAKER/INSTALL-CRIME-WATCH-ATLANTA/CRIME-WATCH-ATLANTA/unix/bin/diff.exe HTTP/1.1" 200 38912 "-" "Mozilla/5.0 (compatible; AhrefsBot/7.0; +http://ahrefs.com/robot/)" "metrocrimedaily.com"
51.222.253.2 - - [08/Feb/2023:15:57:34 -0800] "GET /CRIME-WATCH-AMERICA/GOOD_BARBER_APP-MAKER/INSTALL-CRIME-WATCH-ATLANTA/CRIME-WATCH-ATLANTA/unix/bin/diff3.exe HTTP/1.1" 200 19456 "-" "Mozilla/5.0 (compatible; AhrefsBot/7.0; +http://ahrefs.com/robot/)" "metrocrimedaily.com"
51.222.253.9 - - [08/Feb/2023:15:58:15 -0800] "GET /CRIME-WATCH-AMERICA/GOOD_BARBER_APP-MAKER/INSTALL-CRIME-WATCH-ATLANTA/CRIME-WATCH-ATLANTA/unix/bin/dir.EXE.BAK HTTP/1.1" 200 23552 "-" "Mozilla/5.0 (compatible; AhrefsBot/7.0; +http://ahrefs.com/robot/)" "metrocrimedaily.com"
51.222.253.7 - - [08/Feb/2023:15:59:04 -0800] "GET /CRIME-WATCH-AMERICA/GOOD_BARBER_APP-MAKER/INSTALL-CRIME-WATCH-ATLANTA/CRIME-WATCH-ATLANTA/unix/bin/dirname.exe HTTP/1.1" 200 8704 "-" "Mozilla/5.0 (compatible; AhrefsBot/7.0; +http://ahrefs.com/robot/)" "metrocrimedaily.com"
69.63.184.5 - - [08/Feb/2023:15:59:07 -0800] "GET /instagram-atlanta/02-08-2023-1758451-A.jpg HTTP/1.1" 200 257120 "-" "facebookexternalhit/1.1 (+http://www.facebook.com/externalhit_uatext.php)" "www.metrocrimedaily.com"
51.222.253.1 - - [08/Feb/2023:15:59:45 -0800] "GET /CRIME-WATCH-AMERICA/GOOD_BARBER_APP-MAKER/INSTALL-CRIME-WATCH-ATLANTA/CRIME-WATCH-ATLANTA/unix/bin/echo.exe HTTP/1.1" 200 9216 "-" "Mozilla/5.0 (compatible; AhrefsBot/7.0; +http://ahrefs.com/robot/)" "metrocrimedaily.com"
