163.123.142.195 - - [08/Feb/2023:10:32:31 -0800] "GET /wp-content/plugins/wp-ecommerce-shop-styling/includes/download.php?filename=../../../../wp-config.php HTTP/1.1" 404 88 "https://www.google.com/search?" "Mozilla/5.0 (Macintosh; Intel Mac OS X 13_0_1) AppleWebKit/537.36 (KHTML, like Gecko) Chrome/107.0.0.0 Safari/537.36" "metrocrimedaily.com"
163.123.142.195 - - [08/Feb/2023:10:32:36 -0800] "GET /wp-content/plugins/web-portal-lite-client-portal-secure-file-sharing-private-messaging/includes/libs/pdf/dompdf.php?input_file=../../../../../../wp-config.php HTTP/1.1" 404 88 "https://www.google.com/search?" "Mozilla/5.0 (Macintosh; Intel Mac OS X 13_0_1) AppleWebKit/537.36 (KHTML, like Gecko) Chrome/107.0.0.0 Safari/537.36" "metrocrimedaily.com"
163.123.142.195 - - [08/Feb/2023:10:32:41 -0800] "GET /wp-content/plugins/post-pdf-export/dompdf/dompdf.php?input_file=../../../../wp-config.php HTTP/1.1" 404 88 "https://www.google.com/search?" "Mozilla/5.0 (Linux; Android 12; SM-A205U) AppleWebKit/537.36 (KHTML, like Gecko) Chrome/107.0.5304.141 Mobile Safari/537.36" "metrocrimedaily.com"
163.123.142.195 - - [08/Feb/2023:10:32:45 -0800] "GET /wp-content/plugins/tatsu/changelog.md HTTP/1.1" 404 88 "https://www.google.com/search?" "Mozilla/5.0 (iPhone; CPU iPhone OS 16_1 like Mac OS X) AppleWebKit/605.1.15 (KHTML, like Gecko) CriOS/107.0.5304.101 Mobile/15E148 Safari/604.1" "metrocrimedaily.com"
163.123.142.195 - - [08/Feb/2023:10:32:49 -0800] "GET /wp-content/plugins/udraw/readme.txt HTTP/1.1" 404 88 "https://www.google.com/search?" "Mozilla/5.0 (Linux; Android 11; Lenovo YT-J706X) AppleWebKit/537.36 (KHTML, like Gecko) Chrome/107.0.0.0 Safari/537.36" "metrocrimedaily.com"
163.123.142.195 - - [08/Feb/2023:10:32:54 -0800] "GET /wp-content/plugins/woo-product-table/readme.txt HTTP/1.1" 404 88 "https://www.google.com/search?" "Mozilla/5.0 (Linux; Android 11; Lenovo YT-J706X) AppleWebKit/537.36 (KHTML, like Gecko) Chrome/107.0.0.0 Safari/537.36" "metrocrimedaily.com"
163.123.142.195 - - [08/Feb/2023:10:32:59 -0800] "GET /wp-content/plugins/wpcargo/readme.txt HTTP/1.1" 404 88 "https://www.google.com/search?" "Mozilla/5.0 (Macintosh; Intel Mac OS X 13_0_1) AppleWebKit/537.36 (KHTML, like Gecko) Chrome/107.0.0.0 Safari/537.36" "metrocrimedaily.com"
163.123.142.195 - - [08/Feb/2023:10:33:04 -0800] "GET /wp-content/plugins/nd-learning/readme.txt HTTP/1.1" 404 88 "https://www.google.com/search?" "Mozilla/5.0 (Macintosh; Intel Mac OS X 13_0_1) AppleWebKit/537.36 (KHTML, like Gecko) Chrome/107.0.0.0 Safari/537.36" "metrocrimedaily.com"
51.222.253.7 - - [08/Feb/2023:10:33:06 -0800] "GET /CRIME-WATCH-AMERICA/CRIME-WATCH-DETROIT/unix/wbin/bison.exe HTTP/1.1" 200 82432 "-" "Mozilla/5.0 (compatible; AhrefsBot/7.0; +http://ahrefs.com/robot/)" "metrocrimedaily.com"
163.123.142.195 - - [08/Feb/2023:10:33:06 -0800] "GET /wp-content/plugins/nd-shortcodes/readme.txt HTTP/1.1" 404 88 "https://www.google.com/search?" "Mozilla/5.0 (Linux; Android 12; SM-A205U) AppleWebKit/537.36 (KHTML, like Gecko) Chrome/107.0.5304.141 Mobile Safari/537.36" "metrocrimedaily.com"
163.123.142.195 - - [08/Feb/2023:10:33:08 -0800] "GET /wp-content/plugins/nd-booking/readme.txt HTTP/1.1" 404 88 "https://www.google.com/search?" "Mozilla/5.0 (Linux; Android 12; SM-A205U) AppleWebKit/537.36 (KHTML, like Gecko) Chrome/107.0.5304.141 Mobile Safari/537.36" "metrocrimedaily.com"
163.123.142.195 - - [08/Feb/2023:10:33:12 -0800] "GET /wp-content/plugins/nd-donations/readme.txt HTTP/1.1" 404 88 "https://www.google.com/search?" "Mozilla/5.0 (Linux; Android 11; Lenovo YT-J706X) AppleWebKit/537.36 (KHTML, like Gecko) Chrome/107.0.0.0 Safari/537.36" "metrocrimedaily.com"
163.123.142.195 - - [08/Feb/2023:10:33:15 -0800] "GET /wp-content/plugins/nd-restaurant-reservations/readme.txt HTTP/1.1" 404 88 "https://www.google.com/search?" "Mozilla/5.0 (Linux; Android 11; Lenovo YT-J706X) AppleWebKit/537.36 (KHTML, like Gecko) Chrome/107.0.0.0 Safari/537.36" "metrocrimedaily.com"
163.123.142.195 - - [08/Feb/2023:10:33:19 -0800] "GET /wp-content/plugins/sitemap-by-click5/readme.txt HTTP/1.1" 404 88 "https://www.google.com/search?" "Mozilla/5.0 (Linux; Android 11; Lenovo YT-J706X) AppleWebKit/537.36 (KHTML, like Gecko) Chrome/107.0.0.0 Safari/537.36" "metrocrimedaily.com"
40.77.167.212 - - [08/Feb/2023:10:33:21 -0800] "GET /index-miami.html HTTP/1.1" 200 29288 "-" "Mozilla/5.0 AppleWebKit/537.36 (KHTML, like Gecko; compatible; bingbot/2.0; +http://www.bing.com/bingbot.htm) Chrome/103.0.5060.134 Safari/537.36" "metrocrimedaily.com"
163.123.142.195 - - [08/Feb/2023:10:33:21 -0800] "GET /wp-content/plugins/wp-user-avatar/changelog.txt HTTP/1.1" 404 88 "https://www.google.com/search?" "Mozilla/5.0 (Linux; Android 11; Lenovo YT-J706X) AppleWebKit/537.36 (KHTML, like Gecko) Chrome/107.0.0.0 Safari/537.36" "metrocrimedaily.com"
163.123.142.195 - - [08/Feb/2023:10:33:25 -0800] "GET / HTTP/1.1" 200 1660 "https://www.google.com/search?" "Mozilla/5.0 (Linux; Android 11; Lenovo YT-J706X) AppleWebKit/537.36 (KHTML, like Gecko) Chrome/107.0.0.0 Safari/537.36" "metrocrimedaily.com"
163.123.142.195 - - [08/Feb/2023:10:33:29 -0800] "GET /wp-content/plugins/quiz-master-next/readme.txt HTTP/1.1" 404 88 "https://www.google.com/search?" "Mozilla/5.0 (Linux; Android 11; Lenovo YT-J706X) AppleWebKit/537.36 (KHTML, like Gecko) Chrome/107.0.0.0 Safari/537.36" "metrocrimedaily.com"
163.123.142.195 - - [08/Feb/2023:10:33:33 -0800] "GET /wp-content/plugins/wp-live-chat-support-pro/css/wplc_styles_pro.css HTTP/1.1" 404 88 "https://www.google.com/search?" "Mozilla/5.0 (Linux; Android 11; ONEPLUS A6013) AppleWebKit/537.36 (KHTML, like Gecko) Chrome/107.0.0.0 Mobile Safari/537.36" "metrocrimedaily.com"
163.123.142.195 - - [08/Feb/2023:10:33:39 -0800] "GET /wp-content/plugins/armember-membership/readme.txt HTTP/1.1" 404 88 "https://www.google.com/search?" "Mozilla/5.0 (Linux; Android 11; ONEPLUS A6013) AppleWebKit/537.36 (KHTML, like Gecko) Chrome/107.0.0.0 Mobile Safari/537.36" "metrocrimedaily.com"
163.123.142.195 - - [08/Feb/2023:10:33:43 -0800] "GET /wp-content/plugins/ninja-forms/readme.txt HTTP/1.1" 404 88 "https://www.google.com/search?" "Mozilla/5.0 (Linux; Android 11; ONEPLUS A6013) AppleWebKit/537.36 (KHTML, like Gecko) Chrome/107.0.0.0 Mobile Safari/537.36" "metrocrimedaily.com"
163.123.142.195 - - [08/Feb/2023:10:33:47 -0800] "GET /wp-content/plugins/ultimate-member/readme.txt HTTP/1.1" 404 88 "https://www.google.com/search?" "Mozilla/5.0 (Macintosh; Intel Mac OS X 13_0_1) AppleWebKit/537.36 (KHTML, like Gecko) Chrome/107.0.0.0 Safari/537.36" "metrocrimedaily.com"
163.123.142.195 - - [08/Feb/2023:10:33:52 -0800] "GET /wp-content/plugins/wpgateway/css/style.css HTTP/1.1" 404 88 "https://www.google.com/search?" "Mozilla/5.0 (Linux; Android 12; SM-A205U) AppleWebKit/537.36 (KHTML, like Gecko) Chrome/107.0.5304.141 Mobile Safari/537.36" "metrocrimedaily.com"
163.123.142.195 - - [08/Feb/2023:10:33:56 -0800] "GET /wp-content/themes/workreap/style.css HTTP/1.1" 404 88 "https://www.google.com/search?" "Mozilla/5.0 (iPhone; CPU iPhone OS 16_1 like Mac OS X) AppleWebKit/605.1.15 (KHTML, like Gecko) CriOS/107.0.5304.101 Mobile/15E148 Safari/604.1" "metrocrimedaily.com"
163.123.142.195 - - [08/Feb/2023:10:33:59 -0800] "GET /wp-content/plugins/scripts-organizer/plugins/meta-box/readme.txt HTTP/1.1" 404 88 "https://www.google.com/search?" "Mozilla/5.0 (iPhone; CPU iPhone OS 16_1 like Mac OS X) AppleWebKit/605.1.15 (KHTML, like Gecko) CriOS/107.0.5304.101 Mobile/15E148 Safari/604.1" "metrocrimedaily.com"
163.123.142.195 - - [08/Feb/2023:10:34:02 -0800] "GET /wp-content/plugins/alphabetic-pagination/readme.txt HTTP/1.1" 404 88 "https://www.google.com/search?" "Mozilla/5.0 (iPhone; CPU iPhone OS 16_1 like Mac OS X) AppleWebKit/605.1.15 (KHTML, like Gecko) CriOS/107.0.5304.101 Mobile/15E148 Safari/604.1" "metrocrimedaily.com"
163.123.142.195 - - [08/Feb/2023:10:34:05 -0800] "GET /wp-content/plugins/all-in-one-video-gallery/readme.txt HTTP/1.1" 404 88 "https://www.google.com/search?" "Mozilla/5.0 (iPhone; CPU iPhone OS 16_1 like Mac OS X) AppleWebKit/605.1.15 (KHTML, like Gecko) CriOS/107.0.5304.101 Mobile/15E148 Safari/604.1" "metrocrimedaily.com"
163.123.142.195 - - [08/Feb/2023:10:34:09 -0800] "GET /wp-content/plugins/directorist/readme.txt HTTP/1.1" 404 88 "https://www.google.com/search?" "Mozilla/5.0 (Linux; Android 11; ONEPLUS A6013) AppleWebKit/537.36 (KHTML, like Gecko) Chrome/107.0.0.0 Mobile Safari/537.36" "metrocrimedaily.com"
163.123.142.195 - - [08/Feb/2023:10:34:13 -0800] "GET /wp-content/plugins/simply-schedule-appointments/readme.txt HTTP/1.1" 404 88 "https://www.google.com/search?" "Mozilla/5.0 (Linux; Android 11; ONEPLUS A6013) AppleWebKit/537.36 (KHTML, like Gecko) Chrome/107.0.0.0 Mobile Safari/537.36" "metrocrimedaily.com"
163.123.142.195 - - [08/Feb/2023:10:34:16 -0800] "GET /wp-content/themes/greyd_suite/style.css HTTP/1.1" 404 88 "https://www.google.com/search?" "Mozilla/5.0 (Linux; Android 11; ONEPLUS A6013) AppleWebKit/537.36 (KHTML, like Gecko) Chrome/107.0.0.0 Mobile Safari/537.36" "metrocrimedaily.com"
163.123.142.195 - - [08/Feb/2023:10:34:18 -0800] "GET /wp-content/themes/listingo/js/listingo_callbacks.js HTTP/1.1" 404 88 "https://www.google.com/search?" "Mozilla/5.0 (Windows NT 10.0; Win64; x64) AppleWebKit/537.36 (KHTML, like Gecko) Chrome/107.0.0.0 Safari/537.36" "metrocrimedaily.com"
163.123.142.195 - - [08/Feb/2023:10:34:22 -0800] "GET /wp-content/themes/listingo/readme.txt HTTP/1.1" 404 88 "https://www.google.com/search?" "Mozilla/5.0 (Windows NT 10.0; Win64; x64) AppleWebKit/537.36 (KHTML, like Gecko) Chrome/107.0.0.0 Safari/537.36" "metrocrimedaily.com"
163.123.142.195 - - [08/Feb/2023:10:34:24 -0800] "GET /wp-content/plugins/jobboardwp/readme.txt HTTP/1.1" 404 88 "https://www.google.com/search?" "Mozilla/5.0 (Windows NT 10.0; Win64; x64) AppleWebKit/537.36 (KHTML, like Gecko) Chrome/107.0.0.0 Safari/537.36" "metrocrimedaily.com"
163.123.142.195 - - [08/Feb/2023:10:34:27 -0800] "GET /wp-content/plugins/armember/documentation/index.html HTTP/1.1" 404 88 "https://www.google.com/search?" "Mozilla/5.0 (Windows NT 10.0; Win64; x64) AppleWebKit/537.36 (KHTML, like Gecko) Chrome/107.0.0.0 Safari/537.36" "metrocrimedaily.com"
163.123.142.195 - - [08/Feb/2023:10:34:35 -0800] "GET /wp-content/plugins/armember/js/arm_widgets_js.js HTTP/1.1" 404 88 "https://www.google.com/search?" "Mozilla/5.0 (Macintosh; Intel Mac OS X 13_0_1) AppleWebKit/537.36 (KHTML, like Gecko) Chrome/107.0.0.0 Safari/537.36" "metrocrimedaily.com"
163.123.142.195 - - [08/Feb/2023:10:34:39 -0800] "GET /wp-content/plugins/woo-refund-and-exchange-lite/readme.txt HTTP/1.1" 404 88 "https://www.google.com/search?" "Mozilla/5.0 (Linux; Android 11; ONEPLUS A6013) AppleWebKit/537.36 (KHTML, like Gecko) Chrome/107.0.0.0 Mobile Safari/537.36" "metrocrimedaily.com"
163.123.142.195 - - [08/Feb/2023:10:34:43 -0800] "GET /wp-content/plugins/usc-e-shop/functions/content-log.php?logfile=./../../../../wp-config.php HTTP/1.1" 404 88 "https://www.google.com/search?" "Mozilla/5.0 (iPhone; CPU iPhone OS 16_1 like Mac OS X) AppleWebKit/605.1.15 (KHTML, like Gecko) CriOS/107.0.5304.101 Mobile/15E148 Safari/604.1" "metrocrimedaily.com"
163.123.142.195 - - [08/Feb/2023:10:34:47 -0800] "GET /wp-content/plugins/booking-calendar/readme.txt HTTP/1.1" 404 88 "https://www.google.com/search?" "Mozilla/5.0 (iPhone; CPU iPhone OS 16_1 like Mac OS X) AppleWebKit/605.1.15 (KHTML, like Gecko) CriOS/107.0.5304.101 Mobile/15E148 Safari/604.1" "metrocrimedaily.com"
51.222.253.19 - - [08/Feb/2023:10:34:49 -0800] "GET /CRIME-WATCH-AMERICA/CRIME-WATCH-DETROIT/unix/wbin/bzip2.exe HTTP/1.1" 200 77312 "-" "Mozilla/5.0 (compatible; AhrefsBot/7.0; +http://ahrefs.com/robot/)" "metrocrimedaily.com"
163.123.142.195 - - [08/Feb/2023:10:34:51 -0800] "GET /wp-content/plugins/user-verification/readme.txt HTTP/1.1" 404 88 "https://www.google.com/search?" "Mozilla/5.0 (iPhone; CPU iPhone OS 16_1 like Mac OS X) AppleWebKit/605.1.15 (KHTML, like Gecko) CriOS/107.0.5304.101 Mobile/15E148 Safari/604.1" "metrocrimedaily.com"
163.123.142.195 - - [08/Feb/2023:10:34:57 -0800] "GET /wp-content/plugins/wp-upg/readme.txt HTTP/1.1" 404 88 "https://www.google.com/search?" "Mozilla/5.0 (iPhone; CPU iPhone OS 16_1 like Mac OS X) AppleWebKit/605.1.15 (KHTML, like Gecko) CriOS/107.0.5304.101 Mobile/15E148 Safari/604.1" "metrocrimedaily.com"
163.123.142.195 - - [08/Feb/2023:10:35:00 -0800] "GET /wp-content/plugins/membership-for-woocommerce/readme.txt HTTP/1.1" 404 88 "https://www.google.com/search?" "Mozilla/5.0 (Linux; Android 11; Lenovo YT-J706X) AppleWebKit/537.36 (KHTML, like Gecko) Chrome/107.0.0.0 Safari/537.36" "metrocrimedaily.com"
163.123.142.195 - - [08/Feb/2023:10:35:12 -0800] "GET /wp-content/plugins/wholesale-market-for-woocommerce/readme.txt HTTP/1.1" 404 88 "https://www.google.com/search?" "Mozilla/5.0 (Linux; Android 11; ONEPLUS A6013) AppleWebKit/537.36 (KHTML, like Gecko) Chrome/107.0.0.0 Mobile Safari/537.36" "metrocrimedaily.com"
163.123.142.195 - - [08/Feb/2023:10:35:21 -0800] "GET /wp-content/plugins/yith-woocommerce-gift-cards-premium/readme.txt HTTP/1.1" 404 88 "https://www.google.com/search?" "Mozilla/5.0 (Linux; Android 11; ONEPLUS A6013) AppleWebKit/537.36 (KHTML, like Gecko) Chrome/107.0.0.0 Mobile Safari/537.36" "metrocrimedaily.com"
163.123.142.195 - - [08/Feb/2023:10:35:25 -0800] "GET /wp-content/plugins/dsp_dating/wpdating-gallery/lib/server/php/index.php HTTP/1.1" 404 88 "https://www.google.com/search?" "Mozilla/5.0 (Linux; Android 11; ONEPLUS A6013) AppleWebKit/537.36 (KHTML, like Gecko) Chrome/107.0.0.0 Mobile Safari/537.36" "metrocrimedaily.com"
163.123.142.195 - - [08/Feb/2023:10:35:28 -0800] "GET /wp-content/themes/westand/include/lang_upload.php HTTP/1.1" 404 88 "https://www.google.com/search?" "Mozilla/5.0 (Macintosh; Intel Mac OS X 13_0_1) AppleWebKit/537.36 (KHTML, like Gecko) Chrome/107.0.0.0 Safari/537.36" "metrocrimedaily.com"
163.123.142.195 - - [08/Feb/2023:10:35:32 -0800] "GET /wp-content/themes/footysquare/include/lang_upload.php HTTP/1.1" 404 88 "https://www.google.com/search?" "Mozilla/5.0 (Macintosh; Intel Mac OS X 13_0_1) AppleWebKit/537.36 (KHTML, like Gecko) Chrome/107.0.0.0 Safari/537.36" "metrocrimedaily.com"
163.123.142.195 - - [08/Feb/2023:10:35:37 -0800] "GET /wp-content/themes/aidreform/include/lang_upload.php HTTP/1.1" 404 88 "https://www.google.com/search?" "Mozilla/5.0 (Macintosh; Intel Mac OS X 13_0_1) AppleWebKit/537.36 (KHTML, like Gecko) Chrome/107.0.0.0 Safari/537.36" "metrocrimedaily.com"
163.123.142.195 - - [08/Feb/2023:10:35:43 -0800] "GET /wp-content/themes/statfort/include/lang_upload.php HTTP/1.1" 404 88 "https://www.google.com/search?" "Mozilla/5.0 (Windows NT 10.0; Win64; x64) AppleWebKit/537.36 (KHTML, like Gecko) Chrome/107.0.0.0 Safari/537.36" "metrocrimedaily.com"
163.123.142.195 - - [08/Feb/2023:10:35:48 -0800] "GET /wp-content/themes/club-theme/include/lang_upload.php HTTP/1.1" 404 88 "https://www.google.com/search?" "Mozilla/5.0 (Windows NT 10.0; Win64; x64) AppleWebKit/537.36 (KHTML, like Gecko) Chrome/107.0.0.0 Safari/537.36" "metrocrimedaily.com"
163.123.142.195 - - [08/Feb/2023:10:35:52 -0800] "GET /wp-content/themes/kingclub-theme/include/lang_upload.php HTTP/1.1" 404 88 "https://www.google.com/search?" "Mozilla/5.0 (Windows NT 10.0; Win64; x64) AppleWebKit/537.36 (KHTML, like Gecko) Chrome/107.0.0.0 Safari/537.36" "metrocrimedaily.com"
163.123.142.195 - - [08/Feb/2023:10:35:58 -0800] "GET /wp-content/themes/spikes/include/lang_upload.php HTTP/1.1" 404 88 "https://www.google.com/search?" "Mozilla/5.0 (Linux; Android 12; SM-A205U) AppleWebKit/537.36 (KHTML, like Gecko) Chrome/107.0.5304.141 Mobile Safari/537.36" "metrocrimedaily.com"
163.123.142.195 - - [08/Feb/2023:10:36:02 -0800] "GET /wp-content/themes/spikes-black/include/lang_upload.php HTTP/1.1" 404 88 "https://www.google.com/search?" "Mozilla/5.0 (Linux; Android 12; SM-A205U) AppleWebKit/537.36 (KHTML, like Gecko) Chrome/107.0.5304.141 Mobile Safari/537.36" "metrocrimedaily.com"
163.123.142.195 - - [08/Feb/2023:10:36:07 -0800] "GET /wp-content/themes/soundblast/include/lang_upload.php HTTP/1.1" 404 88 "https://www.google.com/search?" "Mozilla/5.0 (Linux; Android 11; ONEPLUS A6013) AppleWebKit/537.36 (KHTML, like Gecko) Chrome/107.0.0.0 Mobile Safari/537.36" "metrocrimedaily.com"
51.222.253.17 - - [08/Feb/2023:10:36:10 -0800] "GET /CRIME-WATCH-AMERICA/CRIME-WATCH-DETROIT/unix/wbin/chgrp.exe HTTP/1.1" 200 24064 "-" "Mozilla/5.0 (compatible; AhrefsBot/7.0; +http://ahrefs.com/robot/)" "metrocrimedaily.com"
163.123.142.195 - - [08/Feb/2023:10:36:11 -0800] "GET /wp-content/themes/bolster/include/lang_upload.php HTTP/1.1" 404 88 "https://www.google.com/search?" "Mozilla/5.0 (Linux; Android 11; ONEPLUS A6013) AppleWebKit/537.36 (KHTML, like Gecko) Chrome/107.0.0.0 Mobile Safari/537.36" "metrocrimedaily.com"
163.123.142.195 - - [08/Feb/2023:10:36:16 -0800] "GET /wp-content/themes/rocky-theme/include/lang_upload.php HTTP/1.1" 404 88 "https://www.google.com/search?" "Mozilla/5.0 (Linux; Android 11; ONEPLUS A6013) AppleWebKit/537.36 (KHTML, like Gecko) Chrome/107.0.0.0 Mobile Safari/537.36" "metrocrimedaily.com"
163.123.142.195 - - [08/Feb/2023:10:36:18 -0800] "GET /wp-content/themes/bolster-theme/include/lang_upload.php HTTP/1.1" 404 88 "https://www.google.com/search?" "Mozilla/5.0 (Linux; Android 11; ONEPLUS A6013) AppleWebKit/537.36 (KHTML, like Gecko) Chrome/107.0.0.0 Mobile Safari/537.36" "metrocrimedaily.com"
163.123.142.195 - - [08/Feb/2023:10:36:22 -0800] "GET /wp-content/themes/theme-deejay/include/lang_upload.php HTTP/1.1" 404 88 "https://www.google.com/search?" "Mozilla/5.0 (Linux; Android 11; ONEPLUS A6013) AppleWebKit/537.36 (KHTML, like Gecko) Chrome/107.0.0.0 Mobile Safari/537.36" "metrocrimedaily.com"
163.123.142.195 - - [08/Feb/2023:10:36:24 -0800] "GET /wp-content/themes/snapture/include/lang_upload.php HTTP/1.1" 404 88 "https://www.google.com/search?" "Mozilla/5.0 (Linux; Android 11; ONEPLUS A6013) AppleWebKit/537.36 (KHTML, like Gecko) Chrome/107.0.0.0 Mobile Safari/537.36" "metrocrimedaily.com"
163.123.142.195 - - [08/Feb/2023:10:36:26 -0800] "GET /wp-content/themes/onelife/include/lang_upload.php HTTP/1.1" 404 88 "https://www.google.com/search?" "Mozilla/5.0 (Linux; Android 11; ONEPLUS A6013) AppleWebKit/537.36 (KHTML, like Gecko) Chrome/107.0.0.0 Mobile Safari/537.36" "metrocrimedaily.com"
163.123.142.195 - - [08/Feb/2023:10:36:28 -0800] "GET /wp-content/themes/churchlife/include/lang_upload.php HTTP/1.1" 404 88 "https://www.google.com/search?" "Mozilla/5.0 (iPhone; CPU iPhone OS 16_1 like Mac OS X) AppleWebKit/605.1.15 (KHTML, like Gecko) CriOS/107.0.5304.101 Mobile/15E148 Safari/604.1" "metrocrimedaily.com"
163.123.142.195 - - [08/Feb/2023:10:36:29 -0800] "GET /wp-content/themes/soccer-theme/include/lang_upload.php HTTP/1.1" 404 88 "https://www.google.com/search?" "Mozilla/5.0 (iPhone; CPU iPhone OS 16_1 like Mac OS X) AppleWebKit/605.1.15 (KHTML, like Gecko) CriOS/107.0.5304.101 Mobile/15E148 Safari/604.1" "metrocrimedaily.com"
163.123.142.195 - - [08/Feb/2023:10:36:30 -0800] "GET /wp-content/themes/faith-theme/include/lang_upload.php HTTP/1.1" 404 88 "https://www.google.com/search?" "Mozilla/5.0 (iPhone; CPU iPhone OS 16_1 like Mac OS X) AppleWebKit/605.1.15 (KHTML, like Gecko) CriOS/107.0.5304.101 Mobile/15E148 Safari/604.1" "metrocrimedaily.com"
163.123.142.195 - - [08/Feb/2023:10:36:32 -0800] "GET /wp-content/themes/statfort-new/include/lang_upload.php HTTP/1.1" 404 88 "https://www.google.com/search?" "Mozilla/5.0 (iPhone; CPU iPhone OS 16_1 like Mac OS X) AppleWebKit/605.1.15 (KHTML, like Gecko) CriOS/107.0.5304.101 Mobile/15E148 Safari/604.1" "metrocrimedaily.com"
51.222.253.8 - - [08/Feb/2023:10:37:30 -0800] "GET /CRIME-WATCH-AMERICA/CRIME-WATCH-DETROIT/unix/wbin/chown.exe HTTP/1.1" 200 23040 "-" "Mozilla/5.0 (compatible; AhrefsBot/7.0; +http://ahrefs.com/robot/)" "metrocrimedaily.com"
51.222.253.2 - - [08/Feb/2023:10:39:22 -0800] "GET /CRIME-WATCH-AMERICA/CRIME-WATCH-DETROIT/unix/wbin/cksum.exe HTTP/1.1" 200 19968 "-" "Mozilla/5.0 (compatible; AhrefsBot/7.0; +http://ahrefs.com/robot/)" "metrocrimedaily.com"
51.222.253.5 - - [08/Feb/2023:10:40:32 -0800] "GET /CRIME-WATCH-AMERICA/CRIME-WATCH-DETROIT/unix/wbin/csplit.exe HTTP/1.1" 200 65024 "-" "Mozilla/5.0 (compatible; AhrefsBot/7.0; +http://ahrefs.com/robot/)" "metrocrimedaily.com"
69.63.184.5 - - [08/Feb/2023:10:41:18 -0800] "GET /instagram-detroit/02-08-2023-1204305-A.jpg HTTP/1.1" 200 86519 "-" "facebookexternalhit/1.1 (+http://www.facebook.com/externalhit_uatext.php)" "www.metrocrimedaily.com"
51.222.253.8 - - [08/Feb/2023:10:42:03 -0800] "GET /CRIME-WATCH-AMERICA/CRIME-WATCH-DETROIT/unix/wbin/diff3.exe HTTP/1.1" 200 17920 "-" "Mozilla/5.0 (compatible; AhrefsBot/7.0; +http://ahrefs.com/robot/)" "metrocrimedaily.com"
51.222.253.9 - - [08/Feb/2023:10:43:23 -0800] "GET /CRIME-WATCH-AMERICA/CRIME-WATCH-DETROIT/unix/wbin/egrep.exe HTTP/1.1" 200 80412 "-" "Mozilla/5.0 (compatible; AhrefsBot/7.0; +http://ahrefs.com/robot/)" "metrocrimedaily.com"
51.222.253.16 - - [08/Feb/2023:10:45:06 -0800] "GET /CRIME-WATCH-AMERICA/CRIME-WATCH-DETROIT/unix/wbin/expand.exe HTTP/1.1" 200 20992 "-" "Mozilla/5.0 (compatible; AhrefsBot/7.0; +http://ahrefs.com/robot/)" "metrocrimedaily.com"
51.222.253.13 - - [08/Feb/2023:10:46:46 -0800] "GET /CRIME-WATCH-AMERICA/CRIME-WATCH-DETROIT/unix/wbin/factor.exe HTTP/1.1" 200 18432 "-" "Mozilla/5.0 (compatible; AhrefsBot/7.0; +http://ahrefs.com/robot/)" "metrocrimedaily.com"
51.222.253.7 - - [08/Feb/2023:10:47:48 -0800] "GET /CRIME-WATCH-AMERICA/CRIME-WATCH-DETROIT/unix/wbin/fgrep.exe HTTP/1.1" 200 80412 "-" "Mozilla/5.0 (compatible; AhrefsBot/7.0; +http://ahrefs.com/robot/)" "metrocrimedaily.com"
51.222.253.19 - - [08/Feb/2023:10:48:31 -0800] "GET /CRIME-WATCH-AMERICA/CRIME-WATCH-DETROIT/unix/wbin/fsplit.exe HTTP/1.1" 200 6144 "-" "Mozilla/5.0 (compatible; AhrefsBot/7.0; +http://ahrefs.com/robot/)" "metrocrimedaily.com"
51.222.253.1 - - [08/Feb/2023:10:49:01 -0800] "GET /CRIME-WATCH-AMERICA/CRIME-WATCH-DETROIT/unix/wbin/gclip.exe HTTP/1.1" 200 8192 "-" "Mozilla/5.0 (compatible; AhrefsBot/7.0; +http://ahrefs.com/robot/)" "metrocrimedaily.com"
51.222.253.1 - - [08/Feb/2023:10:49:38 -0800] "GET /CRIME-WATCH-AMERICA/CRIME-WATCH-DETROIT/unix/wbin/gplay.exe HTTP/1.1" 200 4608 "-" "Mozilla/5.0 (compatible; AhrefsBot/7.0; +http://ahrefs.com/robot/)" "metrocrimedaily.com"
51.222.253.12 - - [08/Feb/2023:10:50:23 -0800] "GET /CRIME-WATCH-AMERICA/CRIME-WATCH-DETROIT/unix/wbin/gunzip.exe HTTP/1.1" 200 49152 "-" "Mozilla/5.0 (compatible; AhrefsBot/7.0; +http://ahrefs.com/robot/)" "metrocrimedaily.com"
51.222.253.16 - - [08/Feb/2023:10:51:01 -0800] "GET /CRIME-WATCH-AMERICA/CRIME-WATCH-DETROIT/unix/wbin/indent.exe HTTP/1.1" 200 58880 "-" "Mozilla/5.0 (compatible; AhrefsBot/7.0; +http://ahrefs.com/robot/)" "metrocrimedaily.com"
51.222.253.19 - - [08/Feb/2023:10:51:36 -0800] "GET /CRIME-WATCH-AMERICA/CRIME-WATCH-DETROIT/unix/wbin/jwhois.exe HTTP/1.1" 200 49152 "-" "Mozilla/5.0 (compatible; AhrefsBot/7.0; +http://ahrefs.com/robot/)" "metrocrimedaily.com"
51.222.253.15 - - [08/Feb/2023:10:52:17 -0800] "GET /CRIME-WATCH-AMERICA/CRIME-WATCH-DETROIT/unix/wbin/libfl.lib HTTP/1.1" 200 1174 "-" "Mozilla/5.0 (compatible; AhrefsBot/7.0; +http://ahrefs.com/robot/)" "metrocrimedaily.com"
51.222.253.1 - - [08/Feb/2023:10:52:59 -0800] "GET /CRIME-WATCH-AMERICA/CRIME-WATCH-DETROIT/unix/wbin/md5sum.exe HTTP/1.1" 200 28160 "-" "Mozilla/5.0 (compatible; AhrefsBot/7.0; +http://ahrefs.com/robot/)" "metrocrimedaily.com"
51.222.253.13 - - [08/Feb/2023:10:53:35 -0800] "GET /CRIME-WATCH-AMERICA/CRIME-WATCH-DETROIT/unix/wbin/mkfifo.exe HTTP/1.1" 200 14336 "-" "Mozilla/5.0 (compatible; AhrefsBot/7.0; +http://ahrefs.com/robot/)" "metrocrimedaily.com"
51.222.253.19 - - [08/Feb/2023:10:54:18 -0800] "GET /CRIME-WATCH-AMERICA/CRIME-WATCH-DETROIT/unix/wbin/mvdir.exe HTTP/1.1" 200 20480 "-" "Mozilla/5.0 (compatible; AhrefsBot/7.0; +http://ahrefs.com/robot/)" "metrocrimedaily.com"
51.222.253.11 - - [08/Feb/2023:10:54:52 -0800] "GET /CRIME-WATCH-AMERICA/CRIME-WATCH-DETROIT/unix/wbin/paste.exe HTTP/1.1" 200 20992 "-" "Mozilla/5.0 (compatible; AhrefsBot/7.0; +http://ahrefs.com/robot/)" "metrocrimedaily.com"
51.222.253.19 - - [08/Feb/2023:10:55:35 -0800] "GET /CRIME-WATCH-AMERICA/CRIME-WATCH-DETROIT/unix/wbin/patch.exe HTTP/1.1" 200 59904 "-" "Mozilla/5.0 (compatible; AhrefsBot/7.0; +http://ahrefs.com/robot/)" "metrocrimedaily.com"
51.222.253.8 - - [08/Feb/2023:10:56:06 -0800] "GET /CRIME-WATCH-AMERICA/CRIME-WATCH-DETROIT/unix/wbin/pclip.exe HTTP/1.1" 200 8192 "-" "Mozilla/5.0 (compatible; AhrefsBot/7.0; +http://ahrefs.com/robot/)" "metrocrimedaily.com"
76.184.252.42 - - [08/Feb/2023:10:56:39 -0800] "GET /images/police-tape.jpg HTTP/1.1" 200 50766 "-" "Wget/1.20.3 (mingw32)" "metrocrimedaily.com"
51.222.253.4 - - [08/Feb/2023:10:56:42 -0800] "GET /CRIME-WATCH-AMERICA/CRIME-WATCH-DETROIT/unix/wbin/printf.exe HTTP/1.1" 200 13312 "-" "Mozilla/5.0 (compatible; AhrefsBot/7.0; +http://ahrefs.com/robot/)" "metrocrimedaily.com"
69.63.184.120 - - [08/Feb/2023:10:56:48 -0800] "GET /instagram-detroit/02-08-2023-1204306-A.jpg HTTP/1.1" 200 62861 "-" "facebookexternalhit/1.1 (+http://www.facebook.com/externalhit_uatext.php)" "www.metrocrimedaily.com"
51.222.253.6 - - [08/Feb/2023:10:57:13 -0800] "GET /CRIME-WATCH-AMERICA/CRIME-WATCH-DETROIT/unix/wbin/recode.exe HTTP/1.1" 200 1083392 "-" "Mozilla/5.0 (compatible; AhrefsBot/7.0; +http://ahrefs.com/robot/)" "metrocrimedaily.com"
51.222.253.19 - - [08/Feb/2023:10:58:03 -0800] "GET /CRIME-WATCH-AMERICA/CRIME-WATCH-DETROIT/unix/wbin/rmdir.exe HTTP/1.1" 200 28672 "-" "Mozilla/5.0 (compatible; AhrefsBot/7.0; +http://ahrefs.com/robot/)" "metrocrimedaily.com"
51.222.253.2 - - [08/Feb/2023:10:58:47 -0800] "GET /CRIME-WATCH-AMERICA/CRIME-WATCH-DETROIT/unix/wbin/sdiff.exe HTTP/1.1" 200 19968 "-" "Mozilla/5.0 (compatible; AhrefsBot/7.0; +http://ahrefs.com/robot/)" "metrocrimedaily.com"
51.222.253.11 - - [08/Feb/2023:10:59:19 -0800] "GET /CRIME-WATCH-AMERICA/CRIME-WATCH-DETROIT/unix/wbin/sleep.exe HTTP/1.1" 200 16384 "-" "Mozilla/5.0 (compatible; AhrefsBot/7.0; +http://ahrefs.com/robot/)" "metrocrimedaily.com"
51.222.253.20 - - [08/Feb/2023:10:59:57 -0800] "GET /CRIME-WATCH-AMERICA/CRIME-WATCH-DETROIT/unix/wbin/split.exe HTTP/1.1" 200 23552 "-" "Mozilla/5.0 (compatible; AhrefsBot/7.0; +http://ahrefs.com/robot/)" "metrocrimedaily.com"
51.222.253.1 - - [08/Feb/2023:11:00:29 -0800] "GET /CRIME-WATCH-AMERICA/CRIME-WATCH-DETROIT/unix/wbin/touch.exe HTTP/1.1" 200 35840 "-" "Mozilla/5.0 (compatible; AhrefsBot/7.0; +http://ahrefs.com/robot/)" "metrocrimedaily.com"
51.222.253.20 - - [08/Feb/2023:11:01:09 -0800] "GET /CRIME-WATCH-AMERICA/CRIME-WATCH-DETROIT/unix/wbin/uname.exe HTTP/1.1" 200 16896 "-" "Mozilla/5.0 (compatible; AhrefsBot/7.0; +http://ahrefs.com/robot/)" "metrocrimedaily.com"
69.63.184.6 - - [08/Feb/2023:11:01:21 -0800] "GET /instagram-atlanta/02-08-2023-1300371-A.jpg HTTP/1.1" 200 152486 "-" "facebookexternalhit/1.1 (+http://www.facebook.com/externalhit_uatext.php)" "www.metrocrimedaily.com"
51.222.253.2 - - [08/Feb/2023:11:01:44 -0800] "GET /CRIME-WATCH-AMERICA/CRIME-WATCH-DETROIT/unix/wbin/unshar.exe HTTP/1.1" 200 11264 "-" "Mozilla/5.0 (compatible; AhrefsBot/7.0; +http://ahrefs.com/robot/)" "metrocrimedaily.com"
51.222.253.5 - - [08/Feb/2023:11:02:25 -0800] "GET /CRIME-WATCH-AMERICA/CRIME-WATCH-DETROIT/unix/wbin/unzip.exe HTTP/1.1" 200 102400 "-" "Mozilla/5.0 (compatible; AhrefsBot/7.0; +http://ahrefs.com/robot/)" "metrocrimedaily.com"
173.252.111.16 - - [08/Feb/2023:11:02:36 -0800] "GET /instagram-newyork/02-08-2023-1302151-A.jpg HTTP/1.1" 200 98394 "-" "facebookexternalhit/1.1 (+http://www.facebook.com/externalhit_uatext.php)" "www.metrocrimedaily.com"
51.222.253.9 - - [08/Feb/2023:11:02:58 -0800] "GET /CRIME-WATCH-AMERICA/CRIME-WATCH-DETROIT/unix/wbin/which.exe HTTP/1.1" 200 12288 "-" "Mozilla/5.0 (compatible; AhrefsBot/7.0; +http://ahrefs.com/robot/)" "metrocrimedaily.com"
51.222.253.15 - - [08/Feb/2023:11:03:37 -0800] "GET /CRIME-WATCH-AMERICA/CRIME-WATCH-DETROIT/unix/wbin/whoami.exe HTTP/1.1" 200 7680 "-" "Mozilla/5.0 (compatible; AhrefsBot/7.0; +http://ahrefs.com/robot/)" "metrocrimedaily.com"
51.222.253.19 - - [08/Feb/2023:11:04:07 -0800] "GET /CRIME-WATCH-AMERICA/CRIME-WATCH-STLOUIS/unix/wbin/bison.exe HTTP/1.1" 200 82432 "-" "Mozilla/5.0 (compatible; AhrefsBot/7.0; +http://ahrefs.com/robot/)" "metrocrimedaily.com"
51.222.253.16 - - [08/Feb/2023:11:04:58 -0800] "GET /CRIME-WATCH-AMERICA/CRIME-WATCH-STLOUIS/unix/wbin/bzip2.exe HTTP/1.1" 200 77312 "-" "Mozilla/5.0 (compatible; AhrefsBot/7.0; +http://ahrefs.com/robot/)" "metrocrimedaily.com"
51.222.253.14 - - [08/Feb/2023:11:05:43 -0800] "GET /CRIME-WATCH-AMERICA/CRIME-WATCH-STLOUIS/unix/wbin/chgrp.exe HTTP/1.1" 200 24064 "-" "Mozilla/5.0 (compatible; AhrefsBot/7.0; +http://ahrefs.com/robot/)" "metrocrimedaily.com"
51.222.253.10 - - [08/Feb/2023:11:06:18 -0800] "GET /CRIME-WATCH-AMERICA/CRIME-WATCH-STLOUIS/unix/wbin/chmod.exe HTTP/1.1" 200 22528 "-" "Mozilla/5.0 (compatible; AhrefsBot/7.0; +http://ahrefs.com/robot/)" "metrocrimedaily.com"
51.222.253.4 - - [08/Feb/2023:11:06:56 -0800] "GET /CRIME-WATCH-AMERICA/CRIME-WATCH-STLOUIS/unix/wbin/chown.exe HTTP/1.1" 200 23040 "-" "Mozilla/5.0 (compatible; AhrefsBot/7.0; +http://ahrefs.com/robot/)" "metrocrimedaily.com"
51.222.253.18 - - [08/Feb/2023:11:07:27 -0800] "GET /CRIME-WATCH-AMERICA/CRIME-WATCH-STLOUIS/unix/wbin/cksum.exe HTTP/1.1" 200 19968 "-" "Mozilla/5.0 (compatible; AhrefsBot/7.0; +http://ahrefs.com/robot/)" "metrocrimedaily.com"
173.252.111.5 - - [08/Feb/2023:11:07:32 -0800] "GET /instagram-neworleans/02-08-2023-1307111-A.jpg HTTP/1.1" 200 157694 "-" "facebookexternalhit/1.1 (+http://www.facebook.com/externalhit_uatext.php)" "www.metrocrimedaily.com"
51.222.253.19 - - [08/Feb/2023:11:08:18 -0800] "GET /CRIME-WATCH-AMERICA/CRIME-WATCH-STLOUIS/unix/wbin/csplit.exe HTTP/1.1" 200 65024 "-" "Mozilla/5.0 (compatible; AhrefsBot/7.0; +http://ahrefs.com/robot/)" "metrocrimedaily.com"
51.222.253.6 - - [08/Feb/2023:11:08:58 -0800] "GET /CRIME-WATCH-AMERICA/CRIME-WATCH-STLOUIS/unix/wbin/diff3.exe HTTP/1.1" 200 17920 "-" "Mozilla/5.0 (compatible; AhrefsBot/7.0; +http://ahrefs.com/robot/)" "metrocrimedaily.com"
40.77.167.212 - - [08/Feb/2023:11:09:24 -0800] "GET /index-miami.html HTTP/1.1" 200 31110 "-" "Mozilla/5.0 AppleWebKit/537.36 (KHTML, like Gecko; compatible; bingbot/2.0; +http://www.bing.com/bingbot.htm) Chrome/103.0.5060.134 Safari/537.36" "metrocrimedaily.com"
51.222.253.15 - - [08/Feb/2023:11:09:59 -0800] "GET /CRIME-WATCH-AMERICA/CRIME-WATCH-STLOUIS/unix/wbin/expand.exe HTTP/1.1" 200 20992 "-" "Mozilla/5.0 (compatible; AhrefsBot/7.0; +http://ahrefs.com/robot/)" "metrocrimedaily.com"
51.222.253.8 - - [08/Feb/2023:11:10:48 -0800] "GET /CRIME-WATCH-AMERICA/CRIME-WATCH-STLOUIS/unix/wbin/factor.exe HTTP/1.1" 200 18432 "-" "Mozilla/5.0 (compatible; AhrefsBot/7.0; +http://ahrefs.com/robot/)" "metrocrimedaily.com"
51.222.253.14 - - [08/Feb/2023:11:11:29 -0800] "GET /CRIME-WATCH-AMERICA/CRIME-WATCH-STLOUIS/unix/wbin/fgrep.exe HTTP/1.1" 200 80412 "-" "Mozilla/5.0 (compatible; AhrefsBot/7.0; +http://ahrefs.com/robot/)" "metrocrimedaily.com"
51.222.253.7 - - [08/Feb/2023:11:12:06 -0800] "GET /CRIME-WATCH-AMERICA/CRIME-WATCH-STLOUIS/unix/wbin/fsplit.exe HTTP/1.1" 200 6144 "-" "Mozilla/5.0 (compatible; AhrefsBot/7.0; +http://ahrefs.com/robot/)" "metrocrimedaily.com"
40.77.167.212 - - [08/Feb/2023:11:12:16 -0800] "GET /index-miami.html HTTP/1.1" 200 31110 "-" "Mozilla/5.0 AppleWebKit/537.36 (KHTML, like Gecko; compatible; bingbot/2.0; +http://www.bing.com/bingbot.htm) Chrome/103.0.5060.134 Safari/537.36" "metrocrimedaily.com"
51.222.253.18 - - [08/Feb/2023:11:12:48 -0800] "GET /CRIME-WATCH-AMERICA/CRIME-WATCH-STLOUIS/unix/wbin/gplay.exe HTTP/1.1" 200 4608 "-" "Mozilla/5.0 (compatible; AhrefsBot/7.0; +http://ahrefs.com/robot/)" "metrocrimedaily.com"
51.222.253.20 - - [08/Feb/2023:11:13:23 -0800] "GET /CRIME-WATCH-AMERICA/CRIME-WATCH-STLOUIS/unix/wbin/gunzip.exe HTTP/1.1" 200 49152 "-" "Mozilla/5.0 (compatible; AhrefsBot/7.0; +http://ahrefs.com/robot/)" "metrocrimedaily.com"
51.222.253.19 - - [08/Feb/2023:11:14:05 -0800] "GET /CRIME-WATCH-AMERICA/CRIME-WATCH-STLOUIS/unix/wbin/indent.exe HTTP/1.1" 200 58880 "-" "Mozilla/5.0 (compatible; AhrefsBot/7.0; +http://ahrefs.com/robot/)" "metrocrimedaily.com"
51.222.253.1 - - [08/Feb/2023:11:14:35 -0800] "GET /CRIME-WATCH-AMERICA/CRIME-WATCH-STLOUIS/unix/wbin/install.exe HTTP/1.1" 200 40960 "-" "Mozilla/5.0 (compatible; AhrefsBot/7.0; +http://ahrefs.com/robot/)" "metrocrimedaily.com"
173.252.111.4 - - [08/Feb/2023:11:15:13 -0800] "GET /instagram-miami/02-08-2023-1314411-A.jpg HTTP/1.1" 200 83646 "-" "facebookexternalhit/1.1 (+http://www.facebook.com/externalhit_uatext.php)" "www.metrocrimedaily.com"
51.222.253.14 - - [08/Feb/2023:11:15:21 -0800] "GET /CRIME-WATCH-AMERICA/CRIME-WATCH-STLOUIS/unix/wbin/jwhois.exe HTTP/1.1" 200 49152 "-" "Mozilla/5.0 (compatible; AhrefsBot/7.0; +http://ahrefs.com/robot/)" "metrocrimedaily.com"
51.222.253.15 - - [08/Feb/2023:11:15:56 -0800] "GET /CRIME-WATCH-AMERICA/CRIME-WATCH-STLOUIS/unix/wbin/lesskey.exe HTTP/1.1" 200 8192 "-" "Mozilla/5.0 (compatible; AhrefsBot/7.0; +http://ahrefs.com/robot/)" "metrocrimedaily.com"
51.222.253.17 - - [08/Feb/2023:11:16:39 -0800] "GET /CRIME-WATCH-AMERICA/CRIME-WATCH-STLOUIS/unix/wbin/md5sum.exe HTTP/1.1" 200 28160 "-" "Mozilla/5.0 (compatible; AhrefsBot/7.0; +http://ahrefs.com/robot/)" "metrocrimedaily.com"
69.63.184.2 - - [08/Feb/2023:11:16:56 -0800] "GET /instagram-atlanta/02-08-2023-1300372-A.jpg HTTP/1.1" 200 157207 "-" "facebookexternalhit/1.1 (+http://www.facebook.com/externalhit_uatext.php)" "www.metrocrimedaily.com"
69.63.184.6 - - [08/Feb/2023:11:16:59 -0800] "GET /instagram-chicago/02-08-2023-1316381-A.jpg HTTP/1.1" 200 101473 "-" "facebookexternalhit/1.1 (+http://www.facebook.com/externalhit_uatext.php)" "www.metrocrimedaily.com"
51.222.253.3 - - [08/Feb/2023:11:17:14 -0800] "GET /CRIME-WATCH-AMERICA/CRIME-WATCH-STLOUIS/unix/wbin/mkdir.exe HTTP/1.1" 200 32768 "-" "Mozilla/5.0 (compatible; AhrefsBot/7.0; +http://ahrefs.com/robot/)" "metrocrimedaily.com"
51.222.253.9 - - [08/Feb/2023:11:17:20 -0800] "GET /CRIME-WATCH-AMERICA/CRIME-WATCH-STLOUIS/unix/wbin/mkfifo.exe HTTP/1.1" 200 14336 "-" "Mozilla/5.0 (compatible; AhrefsBot/7.0; +http://ahrefs.com/robot/)" "metrocrimedaily.com"
51.222.253.7 - - [08/Feb/2023:11:17:23 -0800] "GET /CRIME-WATCH-AMERICA/CRIME-WATCH-STLOUIS/unix/wbin/mknod.exe HTTP/1.1" 200 21504 "-" "Mozilla/5.0 (compatible; AhrefsBot/7.0; +http://ahrefs.com/robot/)" "metrocrimedaily.com"
51.222.253.8 - - [08/Feb/2023:11:17:28 -0800] "GET /CRIME-WATCH-AMERICA/CRIME-WATCH-STLOUIS/unix/wbin/mvdir.exe HTTP/1.1" 200 20480 "-" "Mozilla/5.0 (compatible; AhrefsBot/7.0; +http://ahrefs.com/robot/)" "metrocrimedaily.com"
51.222.253.15 - - [08/Feb/2023:11:17:32 -0800] "GET /CRIME-WATCH-AMERICA/CRIME-WATCH-STLOUIS/unix/wbin/patch.exe HTTP/1.1" 200 59904 "-" "Mozilla/5.0 (compatible; AhrefsBot/7.0; +http://ahrefs.com/robot/)" "metrocrimedaily.com"
51.222.253.5 - - [08/Feb/2023:11:17:37 -0800] "GET /CRIME-WATCH-AMERICA/CRIME-WATCH-STLOUIS/unix/wbin/pclip.exe HTTP/1.1" 200 8192 "-" "Mozilla/5.0 (compatible; AhrefsBot/7.0; +http://ahrefs.com/robot/)" "metrocrimedaily.com"
51.222.253.5 - - [08/Feb/2023:11:17:41 -0800] "GET /CRIME-WATCH-AMERICA/CRIME-WATCH-STLOUIS/unix/wbin/printf.exe HTTP/1.1" 200 13312 "-" "Mozilla/5.0 (compatible; AhrefsBot/7.0; +http://ahrefs.com/robot/)" "metrocrimedaily.com"
51.222.253.17 - - [08/Feb/2023:11:17:44 -0800] "GET /CRIME-WATCH-AMERICA/CRIME-WATCH-STLOUIS/unix/wbin/recode.exe HTTP/1.1" 200 1083392 "-" "Mozilla/5.0 (compatible; AhrefsBot/7.0; +http://ahrefs.com/robot/)" "metrocrimedaily.com"
51.222.253.20 - - [08/Feb/2023:11:17:47 -0800] "GET /CRIME-WATCH-AMERICA/CRIME-WATCH-STLOUIS/unix/wbin/rmdir.exe HTTP/1.1" 200 28672 "-" "Mozilla/5.0 (compatible; AhrefsBot/7.0; +http://ahrefs.com/robot/)" "metrocrimedaily.com"
51.222.253.15 - - [08/Feb/2023:11:17:50 -0800] "GET /CRIME-WATCH-AMERICA/CRIME-WATCH-STLOUIS/unix/wbin/sleep.exe HTTP/1.1" 200 16384 "-" "Mozilla/5.0 (compatible; AhrefsBot/7.0; +http://ahrefs.com/robot/)" "metrocrimedaily.com"
51.222.253.2 - - [08/Feb/2023:11:17:54 -0800] "GET /CRIME-WATCH-AMERICA/CRIME-WATCH-STLOUIS/unix/wbin/split.exe HTTP/1.1" 200 23552 "-" "Mozilla/5.0 (compatible; AhrefsBot/7.0; +http://ahrefs.com/robot/)" "metrocrimedaily.com"
51.222.253.5 - - [08/Feb/2023:11:17:57 -0800] "GET /CRIME-WATCH-AMERICA/CRIME-WATCH-STLOUIS/unix/wbin/stego.exe HTTP/1.1" 200 12800 "-" "Mozilla/5.0 (compatible; AhrefsBot/7.0; +http://ahrefs.com/robot/)" "metrocrimedaily.com"
51.222.253.7 - - [08/Feb/2023:11:18:00 -0800] "GET /CRIME-WATCH-AMERICA/CRIME-WATCH-STLOUIS/unix/wbin/touch.exe HTTP/1.1" 200 35840 "-" "Mozilla/5.0 (compatible; AhrefsBot/7.0; +http://ahrefs.com/robot/)" "metrocrimedaily.com"
51.222.253.11 - - [08/Feb/2023:11:18:03 -0800] "GET /CRIME-WATCH-AMERICA/CRIME-WATCH-STLOUIS/unix/wbin/unrar.exe HTTP/1.1" 200 161792 "-" "Mozilla/5.0 (compatible; AhrefsBot/7.0; +http://ahrefs.com/robot/)" "metrocrimedaily.com"
51.222.253.17 - - [08/Feb/2023:11:18:06 -0800] "GET /CRIME-WATCH-AMERICA/CRIME-WATCH-STLOUIS/unix/wbin/unshar.exe HTTP/1.1" 200 11264 "-" "Mozilla/5.0 (compatible; AhrefsBot/7.0; +http://ahrefs.com/robot/)" "metrocrimedaily.com"
51.222.253.5 - - [08/Feb/2023:11:18:07 -0800] "GET /CRIME-WATCH-AMERICA/CRIME-WATCH-STLOUIS/unix/wbin/unzip.exe HTTP/1.1" 200 102400 "-" "Mozilla/5.0 (compatible; AhrefsBot/7.0; +http://ahrefs.com/robot/)" "metrocrimedaily.com"
51.222.253.7 - - [08/Feb/2023:11:18:11 -0800] "GET /CRIME-WATCH-AMERICA/CRIME-WATCH-STLOUIS/unix/wbin/which.exe HTTP/1.1" 200 12288 "-" "Mozilla/5.0 (compatible; AhrefsBot/7.0; +http://ahrefs.com/robot/)" "metrocrimedaily.com"
51.222.253.15 - - [08/Feb/2023:11:18:23 -0800] "GET /CRIME-WATCH-AMERICA/CRIME-WATCH-STLOUIS/unix/wbin/whoami.exe HTTP/1.1" 200 7680 "-" "Mozilla/5.0 (compatible; AhrefsBot/7.0; +http://ahrefs.com/robot/)" "metrocrimedaily.com"
51.222.253.13 - - [08/Feb/2023:11:18:25 -0800] "GET /CRIME-WATCH-AMERICA/CRIME-WATCH-STLOUIS/unix/wbin/xargs.exe HTTP/1.1" 200 45124 "-" "Mozilla/5.0 (compatible; AhrefsBot/7.0; +http://ahrefs.com/robot/)" "metrocrimedaily.com"
51.222.253.5 - - [08/Feb/2023:11:18:27 -0800] "GET /CRIME-WATCH-AMERICA/CRIME-WATCH-STLOUIS/unix/wbin/?C=N;O=D HTTP/1.1" 200 1801 "-" "Mozilla/5.0 (compatible; AhrefsBot/7.0; +http://ahrefs.com/robot/)" "www.metrocrimedaily.com"
51.222.253.4 - - [08/Feb/2023:11:18:30 -0800] "GET /instagram-newyork/01-17-2023-11503816-NYC-cops-identify-2015-Brooklyn-murder-victim-wit.txt HTTP/1.1" 404 88 "-" "Mozilla/5.0 (compatible; AhrefsBot/7.0; +http://ahrefs.com/robot/)" "metrocrimedaily.com"
51.222.253.7 - - [08/Feb/2023:11:18:32 -0800] "GET /instagram-chicago/01-26-2023-0941395-Gary-shooting--Armed-man-killed-amid-domestic-inc.txt HTTP/1.1" 404 88 "-" "Mozilla/5.0 (compatible; AhrefsBot/7.0; +http://ahrefs.com/robot/)" "metrocrimedaily.com"
51.222.253.11 - - [08/Feb/2023:11:18:34 -0800] "GET /CRIME-WATCH-AMERICA/GOOD_BARBER_APP-MAKER/INSTALL-CRIME-WATCH-ATLANTA/CRIME-WATCH-ATLANTA/unix/bin/register.hlp HTTP/1.1" 200 16454 "-" "Mozilla/5.0 (compatible; AhrefsBot/7.0; +http://ahrefs.com/robot/)" "metrocrimedaily.com"
51.222.253.10 - - [08/Feb/2023:11:18:37 -0800] "GET /instagram-neworleans/02-02-2023-1901321-Inmates-rebooked-on-added-charges-after-2022-dead.txt HTTP/1.1" 404 88 "-" "Mozilla/5.0 (compatible; AhrefsBot/7.0; +http://ahrefs.com/robot/)" "metrocrimedaily.com"
51.222.253.6 - - [08/Feb/2023:11:18:40 -0800] "GET /instagram-losangeles/02-03-2023-1922221-Fundraiser-for-Monterey-Park-shooting-victims-sur.txt HTTP/1.1" 404 88 "-" "Mozilla/5.0 (compatible; AhrefsBot/7.0; +http://ahrefs.com/robot/)" "metrocrimedaily.com"
51.222.253.13 - - [08/Feb/2023:11:18:42 -0800] "GET /instagram-stlouis/02-02-2023-16402212-Robbers-force-man-to-undress-at-gunpoint--shoot-a.txt HTTP/1.1" 404 88 "-" "Mozilla/5.0 (compatible; AhrefsBot/7.0; +http://ahrefs.com/robot/)" "metrocrimedaily.com"
51.222.253.2 - - [08/Feb/2023:11:18:44 -0800] "GET /CRIME-WATCH-AMERICA/GOOD_BARBER_APP-MAKER/INSTALL-CRIME-WATCH-CHICAGO/CRIME-WATCH-CHICAGO/unix/bin/mkmodules.exe HTTP/1.1" 200 19456 "-" "Mozilla/5.0 (compatible; AhrefsBot/7.0; +http://ahrefs.com/robot/)" "metrocrimedaily.com"
51.222.253.15 - - [08/Feb/2023:11:18:47 -0800] "GET /CRIME-WATCH-AMERICA/GOOD_BARBER_APP-MAKER/INSTALL-CRIME-WATCH-HOUSTON/CRIME-WATCH-HOUSTON/unix/bin/mkmodules.exe HTTP/1.1" 200 19456 "-" "Mozilla/5.0 (compatible; AhrefsBot/7.0; +http://ahrefs.com/robot/)" "metrocrimedaily.com"
51.222.253.2 - - [08/Feb/2023:11:18:50 -0800] "GET /instagram-houston/post-later/01-26-2023-22191010-Jamaican-cleric-convicted-in-NY-state-terrorism-t.txt HTTP/1.1" 404 88 "-" "Mozilla/5.0 (compatible; AhrefsBot/7.0; +http://ahrefs.com/robot/)" "metrocrimedaily.com"
51.222.253.12 - - [08/Feb/2023:11:18:54 -0800] "GET /CRIME-WATCH-AMERICA/CRIME-WATCH-DETROIT/unix/wbin/?C=S;O=D HTTP/1.1" 200 1778 "-" "Mozilla/5.0 (compatible; AhrefsBot/7.0; +http://ahrefs.com/robot/)" "www.metrocrimedaily.com"
51.222.253.20 - - [08/Feb/2023:11:18:56 -0800] "GET /instagram-dallas/01-26-2023-1635343-FDA-Advisors-Recommend-Replacing-Original-Covid-V.txt HTTP/1.1" 404 88 "-" "Mozilla/5.0 (compatible; AhrefsBot/7.0; +http://ahrefs.com/robot/)" "www.metrocrimedaily.com"
51.222.253.10 - - [08/Feb/2023:11:18:58 -0800] "GET /instagram-atlanta/01-20-2023-2142178-Most-Americans-don-t-know-their-life-expectancy%3B-.txt HTTP/1.1" 404 88 "-" "Mozilla/5.0 (compatible; AhrefsBot/7.0; +http://ahrefs.com/robot/)" "www.metrocrimedaily.com"
173.252.111.117 - - [08/Feb/2023:11:23:06 -0800] "GET /instagram-neworleans/02-08-2023-1307112-A.jpg HTTP/1.1" 200 160069 "-" "facebookexternalhit/1.1 (+http://www.facebook.com/externalhit_uatext.php)" "www.metrocrimedaily.com"
173.252.111.7 - - [08/Feb/2023:11:23:57 -0800] "GET /instagram-houston/02-08-2023-1323341-A.jpg HTTP/1.1" 200 182528 "-" "facebookexternalhit/1.1 (+http://www.facebook.com/externalhit_uatext.php)" "www.metrocrimedaily.com"
51.222.253.13 - - [08/Feb/2023:11:28:39 -0800] "GET / HTTP/1.1" 200 1661 "-" "Mozilla/5.0 (compatible; AhrefsBot/7.0; +http://ahrefs.com/robot/)" "metrocrimedaily.com"
51.222.253.10 - - [08/Feb/2023:11:29:25 -0800] "GET / HTTP/1.1" 200 1661 "-" "Mozilla/5.0 (compatible; AhrefsBot/7.0; +http://ahrefs.com/robot/)" "www.metrocrimedaily.com"
51.222.253.16 - - [08/Feb/2023:11:30:15 -0800] "GET /index-mcd-master.html HTTP/1.1" 200 1171 "-" "Mozilla/5.0 (compatible; AhrefsBot/7.0; +http://ahrefs.com/robot/)" "metrocrimedaily.com"
51.222.253.18 - - [08/Feb/2023:11:30:18 -0800] "GET /images/mcd-blog.jpg HTTP/1.1" 200 5239 "-" "Mozilla/5.0 (compatible; AhrefsBot/7.0; +http://ahrefs.com/robot/)" "metrocrimedaily.com"
51.222.253.4 - - [08/Feb/2023:11:30:20 -0800] "GET /images/houston-harris-county.jpg HTTP/1.1" 200 8893 "-" "Mozilla/5.0 (compatible; AhrefsBot/7.0; +http://ahrefs.com/robot/)" "metrocrimedaily.com"
51.222.253.5 - - [08/Feb/2023:11:30:21 -0800] "GET /images/new-orleans-orleans-parish.jpg HTTP/1.1" 200 9641 "-" "Mozilla/5.0 (compatible; AhrefsBot/7.0; +http://ahrefs.com/robot/)" "metrocrimedaily.com"
51.222.253.14 - - [08/Feb/2023:11:30:21 -0800] "GET /images/dallas-dallas-county.jpg HTTP/1.1" 200 8819 "-" "Mozilla/5.0 (compatible; AhrefsBot/7.0; +http://ahrefs.com/robot/)" "metrocrimedaily.com"
51.222.253.13 - - [08/Feb/2023:11:30:22 -0800] "GET /images/atlanta-fulton-county.jpg HTTP/1.1" 200 7955 "-" "Mozilla/5.0 (compatible; AhrefsBot/7.0; +http://ahrefs.com/robot/)" "metrocrimedaily.com"
173.252.111.3 - - [08/Feb/2023:11:30:49 -0800] "GET /instagram-miami/02-08-2023-1314412-A.jpg HTTP/1.1" 200 76668 "-" "facebookexternalhit/1.1 (+http://www.facebook.com/externalhit_uatext.php)" "www.metrocrimedaily.com"
51.222.253.1 - - [08/Feb/2023:11:31:00 -0800] "GET /crime-watch-usa.html HTTP/1.1" 200 1081 "-" "Mozilla/5.0 (compatible; AhrefsBot/7.0; +http://ahrefs.com/robot/)" "metrocrimedaily.com"
51.222.253.11 - - [08/Feb/2023:11:31:42 -0800] "GET /instagram-dallas/?C=D;O=A HTTP/1.1" 200 384 "-" "Mozilla/5.0 (compatible; AhrefsBot/7.0; +http://ahrefs.com/robot/)" "metrocrimedaily.com"
69.63.184.116 - - [08/Feb/2023:11:32:30 -0800] "GET /instagram-atlanta/02-08-2023-1300373-A.jpg HTTP/1.1" 200 85018 "-" "facebookexternalhit/1.1 (+http://www.facebook.com/externalhit_uatext.php)" "www.metrocrimedaily.com"
69.63.184.118 - - [08/Feb/2023:11:32:34 -0800] "GET /instagram-chicago/02-08-2023-1316382-A.jpg HTTP/1.1" 200 79285 "-" "facebookexternalhit/1.1 (+http://www.facebook.com/externalhit_uatext.php)" "www.metrocrimedaily.com"
51.222.253.16 - - [08/Feb/2023:11:32:41 -0800] "GET /installation/ HTTP/1.1" 200 314 "-" "Mozilla/5.0 (compatible; AhrefsBot/7.0; +http://ahrefs.com/robot/)" "metrocrimedaily.com"
51.222.253.18 - - [08/Feb/2023:11:33:38 -0800] "GET /CRIME-WATCH-AMERICA/CRIME-WATCH-HOUSTON/ HTTP/1.1" 200 1194 "-" "Mozilla/5.0 (compatible; AhrefsBot/7.0; +http://ahrefs.com/robot/)" "metrocrimedaily.com"
51.222.253.6 - - [08/Feb/2023:11:34:24 -0800] "GET /instagram-detroit/post-later/?C=D;O=A HTTP/1.1" 200 330 "-" "Mozilla/5.0 (compatible; AhrefsBot/7.0; +http://ahrefs.com/robot/)" "metrocrimedaily.com"
51.222.253.1 - - [08/Feb/2023:11:35:06 -0800] "GET /instagram-memphis/02-08-2023-1130521-Video-shows-suspects-stealing-from-Smooth-Wireles.txt HTTP/1.1" 200 459 "-" "Mozilla/5.0 (compatible; AhrefsBot/7.0; +http://ahrefs.com/robot/)" "www.metrocrimedaily.com"
51.222.253.4 - - [08/Feb/2023:11:35:59 -0800] "GET /instagram-chicago/02-08-2023-1138341-Chicago-cops-fatally-shoot-person-during----excha.txt HTTP/1.1" 404 88 "-" "Mozilla/5.0 (compatible; AhrefsBot/7.0; +http://ahrefs.com/robot/)" "metrocrimedaily.com"
51.222.253.14 - - [08/Feb/2023:11:36:49 -0800] "GET /CRIME-WATCH-AMERICA/CRIME-WATCH-DETROIT/unix/wbin/?C=D;O=A HTTP/1.1" 200 1814 "-" "Mozilla/5.0 (compatible; AhrefsBot/7.0; +http://ahrefs.com/robot/)" "metrocrimedaily.com"
51.222.253.18 - - [08/Feb/2023:11:37:33 -0800] "GET /CRIME-WATCH-AMERICA/CRIME-WATCH-DETROIT/unix/wbin/?C=M;O=A HTTP/1.1" 200 1814 "-" "Mozilla/5.0 (compatible; AhrefsBot/7.0; +http://ahrefs.com/robot/)" "metrocrimedaily.com"
173.252.111.12 - - [08/Feb/2023:11:37:35 -0800] "GET /instagram-stlouis/02-08-2023-1337141-A.jpg HTTP/1.1" 200 91186 "-" "facebookexternalhit/1.1 (+http://www.facebook.com/externalhit_uatext.php)" "www.metrocrimedaily.com"
51.222.253.20 - - [08/Feb/2023:11:38:44 -0800] "GET /CRIME-WATCH-AMERICA/CRIME-WATCH-DETROIT/unix/wbin/?C=N;O=D HTTP/1.1" 200 1801 "-" "Mozilla/5.0 (compatible; AhrefsBot/7.0; +http://ahrefs.com/robot/)" "metrocrimedaily.com"
173.252.111.1 - - [08/Feb/2023:11:39:31 -0800] "GET /instagram-houston/02-08-2023-1323342-A.jpg HTTP/1.1" 200 85709 "-" "facebookexternalhit/1.1 (+http://www.facebook.com/externalhit_uatext.php)" "www.metrocrimedaily.com"
51.222.253.11 - - [08/Feb/2023:11:39:43 -0800] "GET /CRIME-WATCH-AMERICA/CRIME-WATCH-DETROIT/unix/wbin/?C=S;O=A HTTP/1.1" 200 1806 "-" "Mozilla/5.0 (compatible; AhrefsBot/7.0; +http://ahrefs.com/robot/)" "metrocrimedaily.com"
51.222.253.9 - - [08/Feb/2023:11:40:23 -0800] "GET /CRIME-WATCH-AMERICA/CRIME-WATCH-DETROIT/unix/wbin/chmod.exe HTTP/1.1" 200 22528 "-" "Mozilla/5.0 (compatible; AhrefsBot/7.0; +http://ahrefs.com/robot/)" "metrocrimedaily.com"
51.222.253.10 - - [08/Feb/2023:11:41:10 -0800] "GET /CRIME-WATCH-AMERICA/CRIME-WATCH-DETROIT/unix/wbin/comm.exe HTTP/1.1" 200 20992 "-" "Mozilla/5.0 (compatible; AhrefsBot/7.0; +http://ahrefs.com/robot/)" "metrocrimedaily.com"
51.222.253.2 - - [08/Feb/2023:11:42:10 -0800] "GET /CRIME-WATCH-AMERICA/CRIME-WATCH-DETROIT/unix/wbin/date.exe HTTP/1.1" 200 39424 "-" "Mozilla/5.0 (compatible; AhrefsBot/7.0; +http://ahrefs.com/robot/)" "metrocrimedaily.com"
51.222.253.17 - - [08/Feb/2023:11:43:04 -0800] "GET /CRIME-WATCH-AMERICA/CRIME-WATCH-DETROIT/unix/wbin/diff.exe HTTP/1.1" 200 68096 "-" "Mozilla/5.0 (compatible; AhrefsBot/7.0; +http://ahrefs.com/robot/)" "metrocrimedaily.com"
51.222.253.16 - - [08/Feb/2023:11:43:44 -0800] "GET /CRIME-WATCH-AMERICA/CRIME-WATCH-DETROIT/unix/wbin/echo.exe HTTP/1.1" 200 7680 "-" "Mozilla/5.0 (compatible; AhrefsBot/7.0; +http://ahrefs.com/robot/)" "metrocrimedaily.com"
51.222.253.5 - - [08/Feb/2023:11:44:40 -0800] "GET /CRIME-WATCH-AMERICA/CRIME-WATCH-DETROIT/unix/wbin/expr.exe HTTP/1.1" 200 13824 "-" "Mozilla/5.0 (compatible; AhrefsBot/7.0; +http://ahrefs.com/robot/)" "metrocrimedaily.com"
51.222.253.8 - - [08/Feb/2023:11:45:46 -0800] "GET /CRIME-WATCH-AMERICA/CRIME-WATCH-DETROIT/unix/wbin/find.exe HTTP/1.1" 200 65536 "-" "Mozilla/5.0 (compatible; AhrefsBot/7.0; +http://ahrefs.com/robot/)" "metrocrimedaily.com"
173.252.111.16 - - [08/Feb/2023:11:46:27 -0800] "GET /instagram-miami/02-08-2023-1314413-A.jpg HTTP/1.1" 200 627221 "-" "facebookexternalhit/1.1 (+http://www.facebook.com/externalhit_uatext.php)" "www.metrocrimedaily.com"
51.222.253.9 - - [08/Feb/2023:11:46:45 -0800] "GET /CRIME-WATCH-AMERICA/CRIME-WATCH-DETROIT/unix/wbin/flex.exe HTTP/1.1" 200 146432 "-" "Mozilla/5.0 (compatible; AhrefsBot/7.0; +http://ahrefs.com/robot/)" "metrocrimedaily.com"
51.222.253.12 - - [08/Feb/2023:11:47:33 -0800] "GET /CRIME-WATCH-AMERICA/CRIME-WATCH-DETROIT/unix/wbin/fold.exe HTTP/1.1" 200 21504 "-" "Mozilla/5.0 (compatible; AhrefsBot/7.0; +http://ahrefs.com/robot/)" "metrocrimedaily.com"
69.63.184.119 - - [08/Feb/2023:11:48:07 -0800] "GET /instagram-atlanta/02-08-2023-1300374-A.jpg HTTP/1.1" 200 76157 "-" "facebookexternalhit/1.1 (+http://www.facebook.com/externalhit_uatext.php)" "www.metrocrimedaily.com"
51.222.253.8 - - [08/Feb/2023:11:48:10 -0800] "GET /CRIME-WATCH-AMERICA/CRIME-WATCH-DETROIT/unix/wbin/gawk.exe HTTP/1.1" 200 195584 "-" "Mozilla/5.0 (compatible; AhrefsBot/7.0; +http://ahrefs.com/robot/)" "metrocrimedaily.com"
