69.63.184.4 - - [08/Feb/2023:08:25:26 -0800] "GET /instagram-chicago/02-08-2023-1025051-A.jpg HTTP/1.1" 404 88 "-" "facebookexternalhit/1.1 (+http://www.facebook.com/externalhit_uatext.php)" "www.metrocrimedaily.com"
51.222.253.3 - - [08/Feb/2023:08:25:56 -0800] "GET /CRIME-WATCH-AMERICA/CRIME-WATCH-DETROIT/unix/wbin/lesskey.exe HTTP/1.1" 200 8192 "-" "Mozilla/5.0 (compatible; AhrefsBot/7.0; +http://ahrefs.com/robot/)" "metrocrimedaily.com"
51.222.253.17 - - [08/Feb/2023:08:27:03 -0800] "GET /CRIME-WATCH-AMERICA/CRIME-WATCH-DETROIT/unix/wbin/logname.exe HTTP/1.1" 200 7680 "-" "Mozilla/5.0 (compatible; AhrefsBot/7.0; +http://ahrefs.com/robot/)" "metrocrimedaily.com"
173.252.111.5 - - [08/Feb/2023:08:28:29 -0800] "GET /instagram-miami/02-08-2023-1028081-A.jpg HTTP/1.1" 404 88 "-" "facebookexternalhit/1.1 (+http://www.facebook.com/externalhit_uatext.php)" "www.metrocrimedaily.com"
51.222.253.9 - - [08/Feb/2023:08:28:49 -0800] "GET /CRIME-WATCH-AMERICA/CRIME-WATCH-DETROIT/unix/wbin/pathchk.exe HTTP/1.1" 200 10752 "-" "Mozilla/5.0 (compatible; AhrefsBot/7.0; +http://ahrefs.com/robot/)" "metrocrimedaily.com"
51.222.253.4 - - [08/Feb/2023:08:29:46 -0800] "GET /CRIME-WATCH-AMERICA/CRIME-WATCH-DETROIT/unix/wbin/printenv.exe HTTP/1.1" 200 7680 "-" "Mozilla/5.0 (compatible; AhrefsBot/7.0; +http://ahrefs.com/robot/)" "metrocrimedaily.com"
51.222.253.6 - - [08/Feb/2023:08:31:00 -0800] "GET /CRIME-WATCH-AMERICA/CRIME-WATCH-DETROIT/unix/wbin/uudecode.exe HTTP/1.1" 200 10240 "-" "Mozilla/5.0 (compatible; AhrefsBot/7.0; +http://ahrefs.com/robot/)" "metrocrimedaily.com"
51.222.253.11 - - [08/Feb/2023:08:32:04 -0800] "GET /CRIME-WATCH-AMERICA/CRIME-WATCH-DETROIT/unix/wbin/uuencode.exe HTTP/1.1" 200 9728 "-" "Mozilla/5.0 (compatible; AhrefsBot/7.0; +http://ahrefs.com/robot/)" "metrocrimedaily.com"
51.222.253.19 - - [08/Feb/2023:08:33:14 -0800] "GET /CRIME-WATCH-AMERICA/CRIME-WATCH-STLOUIS/unix/wbin/bunzip2.exe HTTP/1.1" 200 75776 "-" "Mozilla/5.0 (compatible; AhrefsBot/7.0; +http://ahrefs.com/robot/)" "metrocrimedaily.com"
51.222.253.1 - - [08/Feb/2023:08:34:20 -0800] "GET /CRIME-WATCH-AMERICA/CRIME-WATCH-STLOUIS/unix/wbin/dirname.exe HTTP/1.1" 200 16896 "-" "Mozilla/5.0 (compatible; AhrefsBot/7.0; +http://ahrefs.com/robot/)" "metrocrimedaily.com"
51.222.253.20 - - [08/Feb/2023:08:35:04 -0800] "GET /CRIME-WATCH-AMERICA/CRIME-WATCH-STLOUIS/unix/wbin/logname.exe HTTP/1.1" 200 7680 "-" "Mozilla/5.0 (compatible; AhrefsBot/7.0; +http://ahrefs.com/robot/)" "metrocrimedaily.com"
51.222.253.10 - - [08/Feb/2023:08:35:48 -0800] "GET /CRIME-WATCH-AMERICA/CRIME-WATCH-STLOUIS/unix/wbin/makemsg.exe HTTP/1.1" 200 6144 "-" "Mozilla/5.0 (compatible; AhrefsBot/7.0; +http://ahrefs.com/robot/)" "metrocrimedaily.com"
51.222.253.19 - - [08/Feb/2023:08:36:11 -0800] "GET /CRIME-WATCH-AMERICA/CRIME-WATCH-STLOUIS/unix/wbin/pathchk.exe HTTP/1.1" 200 10752 "-" "Mozilla/5.0 (compatible; AhrefsBot/7.0; +http://ahrefs.com/robot/)" "metrocrimedaily.com"
51.222.253.13 - - [08/Feb/2023:08:36:57 -0800] "GET /CRIME-WATCH-AMERICA/CRIME-WATCH-STLOUIS/unix/wbin/unexpand.exe HTTP/1.1" 200 20992 "-" "Mozilla/5.0 (compatible; AhrefsBot/7.0; +http://ahrefs.com/robot/)" "metrocrimedaily.com"
40.77.167.212 - - [08/Feb/2023:08:37:11 -0800] "GET /index-miami.html HTTP/1.1" 200 29288 "-" "Mozilla/5.0 AppleWebKit/537.36 (KHTML, like Gecko; compatible; bingbot/2.0; +http://www.bing.com/bingbot.htm) Chrome/103.0.5060.134 Safari/537.36" "metrocrimedaily.com"
51.222.253.17 - - [08/Feb/2023:08:37:48 -0800] "GET /CRIME-WATCH-AMERICA/CRIME-WATCH-STLOUIS/unix/wbin/uuencode.exe HTTP/1.1" 200 9728 "-" "Mozilla/5.0 (compatible; AhrefsBot/7.0; +http://ahrefs.com/robot/)" "metrocrimedaily.com"
51.222.253.19 - - [08/Feb/2023:08:38:28 -0800] "GET /CRIME-WATCH-AMERICA/CRIME-WATCH-STLOUIS/unix/wbin/?C=D;O=A HTTP/1.1" 200 1814 "-" "Mozilla/5.0 (compatible; AhrefsBot/7.0; +http://ahrefs.com/robot/)" "www.metrocrimedaily.com"
51.222.253.4 - - [08/Feb/2023:08:38:55 -0800] "GET /CRIME-WATCH-AMERICA/CRIME-WATCH-STLOUIS/unix/wbin/?C=M;O=A HTTP/1.1" 200 1814 "-" "Mozilla/5.0 (compatible; AhrefsBot/7.0; +http://ahrefs.com/robot/)" "www.metrocrimedaily.com"
51.222.253.3 - - [08/Feb/2023:08:39:33 -0800] "GET /CRIME-WATCH-AMERICA/CRIME-WATCH-STLOUIS/unix/wbin/?C=S;O=A HTTP/1.1" 200 1806 "-" "Mozilla/5.0 (compatible; AhrefsBot/7.0; +http://ahrefs.com/robot/)" "www.metrocrimedaily.com"
51.222.253.18 - - [08/Feb/2023:08:39:59 -0800] "GET /CRIME-WATCH-AMERICA/CRIME-WATCH-STLOUIS/unix/wbin/bison.exe HTTP/1.1" 200 82432 "-" "Mozilla/5.0 (compatible; AhrefsBot/7.0; +http://ahrefs.com/robot/)" "www.metrocrimedaily.com"
51.222.253.8 - - [08/Feb/2023:08:40:39 -0800] "GET /CRIME-WATCH-AMERICA/CRIME-WATCH-STLOUIS/unix/wbin/bzip2.exe HTTP/1.1" 200 77312 "-" "Mozilla/5.0 (compatible; AhrefsBot/7.0; +http://ahrefs.com/robot/)" "www.metrocrimedaily.com"
51.222.253.3 - - [08/Feb/2023:08:41:11 -0800] "GET /CRIME-WATCH-AMERICA/CRIME-WATCH-STLOUIS/unix/wbin/comm.exe HTTP/1.1" 200 20992 "-" "Mozilla/5.0 (compatible; AhrefsBot/7.0; +http://ahrefs.com/robot/)" "www.metrocrimedaily.com"
51.222.253.9 - - [08/Feb/2023:08:41:43 -0800] "GET /CRIME-WATCH-AMERICA/CRIME-WATCH-STLOUIS/unix/wbin/date.exe HTTP/1.1" 200 39424 "-" "Mozilla/5.0 (compatible; AhrefsBot/7.0; +http://ahrefs.com/robot/)" "www.metrocrimedaily.com"
51.222.253.17 - - [08/Feb/2023:08:42:17 -0800] "GET /CRIME-WATCH-AMERICA/CRIME-WATCH-STLOUIS/unix/wbin/diff.exe HTTP/1.1" 200 68096 "-" "Mozilla/5.0 (compatible; AhrefsBot/7.0; +http://ahrefs.com/robot/)" "www.metrocrimedaily.com"
51.222.253.19 - - [08/Feb/2023:08:42:54 -0800] "GET /CRIME-WATCH-AMERICA/CRIME-WATCH-STLOUIS/unix/wbin/diff3.exe HTTP/1.1" 200 17920 "-" "Mozilla/5.0 (compatible; AhrefsBot/7.0; +http://ahrefs.com/robot/)" "www.metrocrimedaily.com"
173.252.111.111 - - [08/Feb/2023:08:43:20 -0800] "GET /instagram-neworleans/02-08-2023-1042591-A.jpg HTTP/1.1" 404 88 "-" "facebookexternalhit/1.1 (+http://www.facebook.com/externalhit_uatext.php)" "www.metrocrimedaily.com"
51.222.253.6 - - [08/Feb/2023:08:43:22 -0800] "GET /CRIME-WATCH-AMERICA/CRIME-WATCH-STLOUIS/unix/wbin/echo.exe HTTP/1.1" 200 7680 "-" "Mozilla/5.0 (compatible; AhrefsBot/7.0; +http://ahrefs.com/robot/)" "www.metrocrimedaily.com"
51.222.253.13 - - [08/Feb/2023:08:43:54 -0800] "GET /CRIME-WATCH-AMERICA/CRIME-WATCH-STLOUIS/unix/wbin/expr.exe HTTP/1.1" 200 13824 "-" "Mozilla/5.0 (compatible; AhrefsBot/7.0; +http://ahrefs.com/robot/)" "www.metrocrimedaily.com"
51.222.253.16 - - [08/Feb/2023:08:44:22 -0800] "GET /CRIME-WATCH-AMERICA/CRIME-WATCH-STLOUIS/unix/wbin/find.exe HTTP/1.1" 200 65536 "-" "Mozilla/5.0 (compatible; AhrefsBot/7.0; +http://ahrefs.com/robot/)" "www.metrocrimedaily.com"
51.222.253.11 - - [08/Feb/2023:08:44:56 -0800] "GET /CRIME-WATCH-AMERICA/CRIME-WATCH-STLOUIS/unix/wbin/flex.exe HTTP/1.1" 200 146432 "-" "Mozilla/5.0 (compatible; AhrefsBot/7.0; +http://ahrefs.com/robot/)" "www.metrocrimedaily.com"
51.222.253.6 - - [08/Feb/2023:08:45:30 -0800] "GET /CRIME-WATCH-AMERICA/CRIME-WATCH-STLOUIS/unix/wbin/fold.exe HTTP/1.1" 200 21504 "-" "Mozilla/5.0 (compatible; AhrefsBot/7.0; +http://ahrefs.com/robot/)" "www.metrocrimedaily.com"
51.222.253.6 - - [08/Feb/2023:08:46:05 -0800] "GET /CRIME-WATCH-AMERICA/CRIME-WATCH-STLOUIS/unix/wbin/gawk.exe HTTP/1.1" 200 195584 "-" "Mozilla/5.0 (compatible; AhrefsBot/7.0; +http://ahrefs.com/robot/)" "www.metrocrimedaily.com"
51.222.253.4 - - [08/Feb/2023:08:46:34 -0800] "GET /CRIME-WATCH-AMERICA/CRIME-WATCH-STLOUIS/unix/wbin/grep.exe HTTP/1.1" 200 80412 "-" "Mozilla/5.0 (compatible; AhrefsBot/7.0; +http://ahrefs.com/robot/)" "www.metrocrimedaily.com"
51.222.253.14 - - [08/Feb/2023:08:47:02 -0800] "GET /CRIME-WATCH-AMERICA/CRIME-WATCH-STLOUIS/unix/wbin/gsar.exe HTTP/1.1" 200 15360 "-" "Mozilla/5.0 (compatible; AhrefsBot/7.0; +http://ahrefs.com/robot/)" "www.metrocrimedaily.com"
51.222.253.1 - - [08/Feb/2023:08:47:38 -0800] "GET /CRIME-WATCH-AMERICA/CRIME-WATCH-STLOUIS/unix/wbin/gzip.exe HTTP/1.1" 200 49152 "-" "Mozilla/5.0 (compatible; AhrefsBot/7.0; +http://ahrefs.com/robot/)" "www.metrocrimedaily.com"
51.222.253.11 - - [08/Feb/2023:08:48:07 -0800] "GET /CRIME-WATCH-AMERICA/CRIME-WATCH-STLOUIS/unix/wbin/head.exe HTTP/1.1" 200 24064 "-" "Mozilla/5.0 (compatible; AhrefsBot/7.0; +http://ahrefs.com/robot/)" "www.metrocrimedaily.com"
51.222.253.2 - - [08/Feb/2023:08:48:47 -0800] "GET /CRIME-WATCH-AMERICA/CRIME-WATCH-STLOUIS/unix/wbin/indent.exe HTTP/1.1" 200 58880 "-" "Mozilla/5.0 (compatible; AhrefsBot/7.0; +http://ahrefs.com/robot/)" "www.metrocrimedaily.com"
51.222.253.11 - - [08/Feb/2023:08:49:17 -0800] "GET /CRIME-WATCH-AMERICA/CRIME-WATCH-STLOUIS/unix/wbin/join.exe HTTP/1.1" 200 27136 "-" "Mozilla/5.0 (compatible; AhrefsBot/7.0; +http://ahrefs.com/robot/)" "www.metrocrimedaily.com"
173.252.111.22 - - [08/Feb/2023:08:49:39 -0800] "GET /instagram-losangeles/02-08-2023-1049201-A.jpg HTTP/1.1" 404 88 "-" "facebookexternalhit/1.1 (+http://www.facebook.com/externalhit_uatext.php)" "www.metrocrimedaily.com"
51.222.253.13 - - [08/Feb/2023:08:49:56 -0800] "GET /CRIME-WATCH-AMERICA/CRIME-WATCH-STLOUIS/unix/wbin/jwhois.exe HTTP/1.1" 200 49152 "-" "Mozilla/5.0 (compatible; AhrefsBot/7.0; +http://ahrefs.com/robot/)" "www.metrocrimedaily.com"
51.222.253.4 - - [08/Feb/2023:08:50:25 -0800] "GET /CRIME-WATCH-AMERICA/CRIME-WATCH-STLOUIS/unix/wbin/less.exe HTTP/1.1" 200 77312 "-" "Mozilla/5.0 (compatible; AhrefsBot/7.0; +http://ahrefs.com/robot/)" "www.metrocrimedaily.com"
51.222.253.12 - - [08/Feb/2023:08:51:05 -0800] "GET /CRIME-WATCH-AMERICA/CRIME-WATCH-STLOUIS/unix/wbin/libfl.lib HTTP/1.1" 200 1174 "-" "Mozilla/5.0 (compatible; AhrefsBot/7.0; +http://ahrefs.com/robot/)" "www.metrocrimedaily.com"
51.222.253.5 - - [08/Feb/2023:08:52:13 -0800] "GET /CRIME-WATCH-AMERICA/CRIME-WATCH-STLOUIS/unix/wbin/make.exe HTTP/1.1" 200 126976 "-" "Mozilla/5.0 (compatible; AhrefsBot/7.0; +http://ahrefs.com/robot/)" "www.metrocrimedaily.com"
51.222.253.1 - - [08/Feb/2023:08:52:29 -0800] "GET /CRIME-WATCH-AMERICA/CRIME-WATCH-STLOUIS/unix/wbin/mkdir.exe HTTP/1.1" 200 32768 "-" "Mozilla/5.0 (compatible; AhrefsBot/7.0; +http://ahrefs.com/robot/)" "www.metrocrimedaily.com"
51.222.253.17 - - [08/Feb/2023:08:53:08 -0800] "GET /CRIME-WATCH-AMERICA/CRIME-WATCH-STLOUIS/unix/wbin/mknod.exe HTTP/1.1" 200 21504 "-" "Mozilla/5.0 (compatible; AhrefsBot/7.0; +http://ahrefs.com/robot/)" "www.metrocrimedaily.com"
51.222.253.6 - - [08/Feb/2023:08:53:39 -0800] "GET /CRIME-WATCH-AMERICA/CRIME-WATCH-STLOUIS/unix/wbin/mvdir.exe HTTP/1.1" 200 20480 "-" "Mozilla/5.0 (compatible; AhrefsBot/7.0; +http://ahrefs.com/robot/)" "www.metrocrimedaily.com"
51.222.253.7 - - [08/Feb/2023:08:54:03 -0800] "GET /CRIME-WATCH-AMERICA/CRIME-WATCH-STLOUIS/unix/wbin/paste.exe HTTP/1.1" 200 20992 "-" "Mozilla/5.0 (compatible; AhrefsBot/7.0; +http://ahrefs.com/robot/)" "www.metrocrimedaily.com"
51.222.253.14 - - [08/Feb/2023:08:54:44 -0800] "GET /CRIME-WATCH-AMERICA/CRIME-WATCH-STLOUIS/unix/wbin/patch.exe HTTP/1.1" 200 59904 "-" "Mozilla/5.0 (compatible; AhrefsBot/7.0; +http://ahrefs.com/robot/)" "www.metrocrimedaily.com"
51.222.253.10 - - [08/Feb/2023:08:55:11 -0800] "GET /CRIME-WATCH-AMERICA/CRIME-WATCH-STLOUIS/unix/wbin/pclip.exe HTTP/1.1" 200 8192 "-" "Mozilla/5.0 (compatible; AhrefsBot/7.0; +http://ahrefs.com/robot/)" "www.metrocrimedaily.com"
51.222.253.14 - - [08/Feb/2023:08:55:50 -0800] "GET /CRIME-WATCH-AMERICA/CRIME-WATCH-STLOUIS/unix/wbin/rman.exe HTTP/1.1" 200 137216 "-" "Mozilla/5.0 (compatible; AhrefsBot/7.0; +http://ahrefs.com/robot/)" "www.metrocrimedaily.com"
69.63.184.118 - - [08/Feb/2023:08:55:50 -0800] "GET /instagram-detroit/02-08-2023-1055271-A.jpg HTTP/1.1" 404 88 "-" "facebookexternalhit/1.1 (+http://www.facebook.com/externalhit_uatext.php)" "www.metrocrimedaily.com"
69.63.184.118 - - [08/Feb/2023:08:56:09 -0800] "GET /instagram-detroit/02-08-2023-1055272-A.jpg HTTP/1.1" 404 88 "-" "facebookexternalhit/1.1 (+http://www.facebook.com/externalhit_uatext.php)" "www.metrocrimedaily.com"
51.222.253.6 - - [08/Feb/2023:08:56:18 -0800] "GET /CRIME-WATCH-AMERICA/CRIME-WATCH-STLOUIS/unix/wbin/rmdir.exe HTTP/1.1" 200 28672 "-" "Mozilla/5.0 (compatible; AhrefsBot/7.0; +http://ahrefs.com/robot/)" "www.metrocrimedaily.com"
69.63.184.4 - - [08/Feb/2023:08:56:37 -0800] "GET /instagram-detroit/02-08-2023-1055273-A.jpg HTTP/1.1" 404 88 "-" "facebookexternalhit/1.1 (+http://www.facebook.com/externalhit_uatext.php)" "www.metrocrimedaily.com"
51.222.253.17 - - [08/Feb/2023:08:56:59 -0800] "GET /CRIME-WATCH-AMERICA/CRIME-WATCH-STLOUIS/unix/wbin/sdiff.exe HTTP/1.1" 200 19968 "-" "Mozilla/5.0 (compatible; AhrefsBot/7.0; +http://ahrefs.com/robot/)" "www.metrocrimedaily.com"
51.222.253.12 - - [08/Feb/2023:08:57:27 -0800] "GET /CRIME-WATCH-AMERICA/CRIME-WATCH-STLOUIS/unix/wbin/shar.exe HTTP/1.1" 200 35328 "-" "Mozilla/5.0 (compatible; AhrefsBot/7.0; +http://ahrefs.com/robot/)" "www.metrocrimedaily.com"
51.222.253.19 - - [08/Feb/2023:08:58:04 -0800] "GET /CRIME-WATCH-AMERICA/CRIME-WATCH-STLOUIS/unix/wbin/sleep.exe HTTP/1.1" 200 16384 "-" "Mozilla/5.0 (compatible; AhrefsBot/7.0; +http://ahrefs.com/robot/)" "www.metrocrimedaily.com"
51.222.253.4 - - [08/Feb/2023:08:58:32 -0800] "GET /CRIME-WATCH-AMERICA/CRIME-WATCH-STLOUIS/unix/wbin/sort.exe HTTP/1.1" 200 38400 "-" "Mozilla/5.0 (compatible; AhrefsBot/7.0; +http://ahrefs.com/robot/)" "www.metrocrimedaily.com"
51.222.253.5 - - [08/Feb/2023:08:59:12 -0800] "GET /CRIME-WATCH-AMERICA/CRIME-WATCH-STLOUIS/unix/wbin/split.exe HTTP/1.1" 200 23552 "-" "Mozilla/5.0 (compatible; AhrefsBot/7.0; +http://ahrefs.com/robot/)" "www.metrocrimedaily.com"
51.222.253.20 - - [08/Feb/2023:09:00:17 -0800] "GET /CRIME-WATCH-AMERICA/CRIME-WATCH-STLOUIS/unix/wbin/stego.exe HTTP/1.1" 200 12800 "-" "Mozilla/5.0 (compatible; AhrefsBot/7.0; +http://ahrefs.com/robot/)" "www.metrocrimedaily.com"
69.63.184.119 - - [08/Feb/2023:09:00:19 -0800] "GET /instagram-atlanta/02-08-2023-1059571-A.jpg HTTP/1.1" 404 88 "-" "facebookexternalhit/1.1 (+http://www.facebook.com/externalhit_uatext.php)" "www.metrocrimedaily.com"
69.63.184.117 - - [08/Feb/2023:09:00:40 -0800] "GET /instagram-atlanta/02-08-2023-1059572-A.jpg HTTP/1.1" 404 88 "-" "facebookexternalhit/1.1 (+http://www.facebook.com/externalhit_uatext.php)" "www.metrocrimedaily.com"
51.222.253.3 - - [08/Feb/2023:09:00:48 -0800] "GET /CRIME-WATCH-AMERICA/CRIME-WATCH-STLOUIS/unix/wbin/sync.exe HTTP/1.1" 200 19456 "-" "Mozilla/5.0 (compatible; AhrefsBot/7.0; +http://ahrefs.com/robot/)" "www.metrocrimedaily.com"
69.63.184.7 - - [08/Feb/2023:09:01:01 -0800] "GET /instagram-atlanta/02-08-2023-1059573-A.jpg HTTP/1.1" 404 88 "-" "facebookexternalhit/1.1 (+http://www.facebook.com/externalhit_uatext.php)" "www.metrocrimedaily.com"
51.222.253.12 - - [08/Feb/2023:09:01:19 -0800] "GET /CRIME-WATCH-AMERICA/CRIME-WATCH-STLOUIS/unix/wbin/tail.exe HTTP/1.1" 200 35328 "-" "Mozilla/5.0 (compatible; AhrefsBot/7.0; +http://ahrefs.com/robot/)" "www.metrocrimedaily.com"
69.63.184.4 - - [08/Feb/2023:09:01:29 -0800] "GET /instagram-chicago/02-08-2023-1101071-A.jpg HTTP/1.1" 404 88 "-" "facebookexternalhit/1.1 (+http://www.facebook.com/externalhit_uatext.php)" "www.metrocrimedaily.com"
173.252.111.11 - - [08/Feb/2023:09:01:39 -0800] "GET /instagram-memphis/02-08-2023-1101181-A.jpg HTTP/1.1" 404 88 "-" "facebookexternalhit/1.1 (+http://www.facebook.com/externalhit_uatext.php)" "www.metrocrimedaily.com"
69.63.184.117 - - [08/Feb/2023:09:01:50 -0800] "GET /instagram-chicago/02-08-2023-1101072-A.jpg HTTP/1.1" 404 88 "-" "facebookexternalhit/1.1 (+http://www.facebook.com/externalhit_uatext.php)" "www.metrocrimedaily.com"
51.222.253.17 - - [08/Feb/2023:09:01:50 -0800] "GET /CRIME-WATCH-AMERICA/CRIME-WATCH-STLOUIS/unix/wbin/touch.exe HTTP/1.1" 200 35840 "-" "Mozilla/5.0 (compatible; AhrefsBot/7.0; +http://ahrefs.com/robot/)" "www.metrocrimedaily.com"
51.222.253.14 - - [08/Feb/2023:09:02:28 -0800] "GET /CRIME-WATCH-AMERICA/CRIME-WATCH-STLOUIS/unix/wbin/type.exe HTTP/1.1" 200 3584 "-" "Mozilla/5.0 (compatible; AhrefsBot/7.0; +http://ahrefs.com/robot/)" "www.metrocrimedaily.com"
51.222.253.12 - - [08/Feb/2023:09:02:55 -0800] "GET /CRIME-WATCH-AMERICA/CRIME-WATCH-STLOUIS/unix/wbin/uname.exe HTTP/1.1" 200 16896 "-" "Mozilla/5.0 (compatible; AhrefsBot/7.0; +http://ahrefs.com/robot/)" "www.metrocrimedaily.com"
51.222.253.5 - - [08/Feb/2023:09:03:43 -0800] "GET /CRIME-WATCH-AMERICA/CRIME-WATCH-STLOUIS/unix/wbin/uniq.exe HTTP/1.1" 200 23552 "-" "Mozilla/5.0 (compatible; AhrefsBot/7.0; +http://ahrefs.com/robot/)" "www.metrocrimedaily.com"
51.222.253.20 - - [08/Feb/2023:09:04:09 -0800] "GET /CRIME-WATCH-AMERICA/CRIME-WATCH-STLOUIS/unix/wbin/unrar.exe HTTP/1.1" 200 161792 "-" "Mozilla/5.0 (compatible; AhrefsBot/7.0; +http://ahrefs.com/robot/)" "www.metrocrimedaily.com"
51.222.253.2 - - [08/Feb/2023:09:04:52 -0800] "GET /CRIME-WATCH-AMERICA/CRIME-WATCH-STLOUIS/unix/wbin/unzip.exe HTTP/1.1" 200 102400 "-" "Mozilla/5.0 (compatible; AhrefsBot/7.0; +http://ahrefs.com/robot/)" "www.metrocrimedaily.com"
51.222.253.14 - - [08/Feb/2023:09:05:29 -0800] "GET /CRIME-WATCH-AMERICA/CRIME-WATCH-STLOUIS/unix/wbin/wget.exe HTTP/1.1" 200 252416 "-" "Mozilla/5.0 (compatible; AhrefsBot/7.0; +http://ahrefs.com/robot/)" "www.metrocrimedaily.com"
51.222.253.20 - - [08/Feb/2023:09:06:06 -0800] "GET /CRIME-WATCH-AMERICA/CRIME-WATCH-STLOUIS/unix/wbin/wget.hlp HTTP/1.1" 200 131187 "-" "Mozilla/5.0 (compatible; AhrefsBot/7.0; +http://ahrefs.com/robot/)" "www.metrocrimedaily.com"
51.222.253.9 - - [08/Feb/2023:09:06:31 -0800] "GET /CRIME-WATCH-AMERICA/CRIME-WATCH-STLOUIS/unix/wbin/which.exe HTTP/1.1" 200 12288 "-" "Mozilla/5.0 (compatible; AhrefsBot/7.0; +http://ahrefs.com/robot/)" "www.metrocrimedaily.com"
51.222.253.10 - - [08/Feb/2023:09:07:01 -0800] "GET /CRIME-WATCH-AMERICA/CRIME-WATCH-STLOUIS/unix/wbin/xargs.exe HTTP/1.1" 200 45124 "-" "Mozilla/5.0 (compatible; AhrefsBot/7.0; +http://ahrefs.com/robot/)" "www.metrocrimedaily.com"
173.252.111.8 - - [08/Feb/2023:09:07:17 -0800] "GET /instagram-houston/02-08-2023-1106571-A.jpg HTTP/1.1" 404 88 "-" "facebookexternalhit/1.1 (+http://www.facebook.com/externalhit_uatext.php)" "www.metrocrimedaily.com"
12.228.224.226 - - [08/Feb/2023:09:07:28 -0800] "GET / HTTP/1.1" 200 1641 "-" "Mozilla/5.0 (Windows NT 10.0; rv:78.0) Gecko/20100101 Firefox/78.0" "metrocrimedaily.com"
51.222.253.8 - - [08/Feb/2023:09:07:41 -0800] "GET /instagram-newyork/01-18-2023-2144091-Two-teens-shot-near-their-Queens-high-school%3B-12-.txt HTTP/1.1" 404 88 "-" "Mozilla/5.0 (compatible; AhrefsBot/7.0; +http://ahrefs.com/robot/)" "metrocrimedaily.com"
173.252.111.117 - - [08/Feb/2023:09:07:59 -0800] "GET /instagram-houston/02-08-2023-1106573-A.jpg HTTP/1.1" 404 88 "-" "facebookexternalhit/1.1 (+http://www.facebook.com/externalhit_uatext.php)" "www.metrocrimedaily.com"
51.222.253.10 - - [08/Feb/2023:09:08:08 -0800] "GET /instagram-stlouis/?C=D;O=D HTTP/1.1" 200 1320 "-" "Mozilla/5.0 (compatible; AhrefsBot/7.0; +http://ahrefs.com/robot/)" "metrocrimedaily.com"
51.222.253.16 - - [08/Feb/2023:09:08:47 -0800] "GET /instagram-chicago/01-26-2023-0941391-Suspect-in-Half-Moon-Bay-farm-killings-faces-7-mu.txt HTTP/1.1" 404 88 "-" "Mozilla/5.0 (compatible; AhrefsBot/7.0; +http://ahrefs.com/robot/)" "metrocrimedaily.com"
51.222.253.17 - - [08/Feb/2023:09:09:12 -0800] "GET /instagram-chicago/01-26-2023-0941393-WATCH-LIVE---Alex-Murdaugh---s-murder-trial--The-.txt HTTP/1.1" 404 88 "-" "Mozilla/5.0 (compatible; AhrefsBot/7.0; +http://ahrefs.com/robot/)" "metrocrimedaily.com"
51.222.253.1 - - [08/Feb/2023:09:09:55 -0800] "GET /CRIME-WATCH-AMERICA/GOOD_BARBER_APP-MAKER/INSTALL-CRIME-WATCH-ATLANTA/CRIME-WATCH-ATLANTA/unix/bin/mkmodules.exe HTTP/1.1" 200 19456 "-" "Mozilla/5.0 (compatible; AhrefsBot/7.0; +http://ahrefs.com/robot/)" "metrocrimedaily.com"
51.222.253.13 - - [08/Feb/2023:09:10:20 -0800] "GET /instagram-neworleans/02-03-2023-0139141-Israel-probes-legality-of-US-giving-artifact-to-P.txt HTTP/1.1" 404 88 "-" "Mozilla/5.0 (compatible; AhrefsBot/7.0; +http://ahrefs.com/robot/)" "metrocrimedaily.com"
51.222.253.11 - - [08/Feb/2023:09:10:52 -0800] "GET /instagram-neworleans/02-05-2023-2027151-Camden-parents-criminally-charged-after-doctor-no.txt HTTP/1.1" 404 88 "-" "Mozilla/5.0 (compatible; AhrefsBot/7.0; +http://ahrefs.com/robot/)" "metrocrimedaily.com"
51.222.253.4 - - [08/Feb/2023:09:11:14 -0800] "GET /instagram-losangeles/02-05-2023-1841012-Suspect-arrested-in-shooting-of-15-year-old-girl-.txt HTTP/1.1" 200 386 "-" "Mozilla/5.0 (compatible; AhrefsBot/7.0; +http://ahrefs.com/robot/)" "metrocrimedaily.com"
51.222.253.2 - - [08/Feb/2023:09:11:28 -0800] "GET /instagram-losangeles/02-06-2023-1103021-Attorney-General-Rob-Bonta-discusses-push-to-adju.txt HTTP/1.1" 200 147 "-" "Mozilla/5.0 (compatible; AhrefsBot/7.0; +http://ahrefs.com/robot/)" "metrocrimedaily.com"
51.222.253.11 - - [08/Feb/2023:09:11:41 -0800] "GET /instagram-stlouis/02-02-2023-16402215-St.-Louis-rapper-30-Deep-Grimeyy-sentenced-to-alm.txt HTTP/1.1" 404 88 "-" "Mozilla/5.0 (compatible; AhrefsBot/7.0; +http://ahrefs.com/robot/)" "metrocrimedaily.com"
51.222.253.7 - - [08/Feb/2023:09:12:02 -0800] "GET /instagram-stlouis/02-02-2023-16402217-New-Missouri-website-targets-veteran--service-mem.txt HTTP/1.1" 404 88 "-" "Mozilla/5.0 (compatible; AhrefsBot/7.0; +http://ahrefs.com/robot/)" "metrocrimedaily.com"
51.222.253.13 - - [08/Feb/2023:09:12:13 -0800] "GET /CRIME-WATCH-AMERICA/GOOD_BARBER_APP-MAKER/INSTALL-CRIME-WATCH-CHICAGO/CRIME-WATCH-CHICAGO/unix/bin/youtube-dl.exe HTTP/1.1" 200 8031644 "-" "Mozilla/5.0 (compatible; AhrefsBot/7.0; +http://ahrefs.com/robot/)" "metrocrimedaily.com"
51.222.253.13 - - [08/Feb/2023:09:12:34 -0800] "GET /instagram-houston/post-later/01-26-2023-19085615-HPD--Shooter-on-the-run-after-killing-man-in-NE-H.txt HTTP/1.1" 404 88 "-" "Mozilla/5.0 (compatible; AhrefsBot/7.0; +http://ahrefs.com/robot/)" "metrocrimedaily.com"
51.222.253.16 - - [08/Feb/2023:09:12:49 -0800] "GET /instagram-houston/post-later/01-26-2023-22191011-Police--Impaired-driver-caused-crash-that-killed-.txt HTTP/1.1" 404 88 "-" "Mozilla/5.0 (compatible; AhrefsBot/7.0; +http://ahrefs.com/robot/)" "metrocrimedaily.com"
51.222.253.10 - - [08/Feb/2023:09:13:05 -0800] "GET /CRIME-WATCH-AMERICA/CRIME-WATCH-DETROIT/unix/wbin/?C=M;O=D HTTP/1.1" 200 1801 "-" "Mozilla/5.0 (compatible; AhrefsBot/7.0; +http://ahrefs.com/robot/)" "www.metrocrimedaily.com"
51.222.253.10 - - [08/Feb/2023:09:13:19 -0800] "GET /instagram-dallas/01-26-2023-1635344-Missing-7--11-year-old-boys-found-safe-by-Dallas-.txt HTTP/1.1" 404 88 "-" "Mozilla/5.0 (compatible; AhrefsBot/7.0; +http://ahrefs.com/robot/)" "www.metrocrimedaily.com"
51.222.253.8 - - [08/Feb/2023:09:13:41 -0800] "GET /instagram-atlanta/01-17-2023-12053114-Arbery-killer-moved-to-medical-hospital-in-August.txt HTTP/1.1" 404 88 "-" "Mozilla/5.0 (compatible; AhrefsBot/7.0; +http://ahrefs.com/robot/)" "www.metrocrimedaily.com"
51.222.253.9 - - [08/Feb/2023:09:14:07 -0800] "GET /instagram-atlanta/01-18-2023-18292410-Police-searching-for-missing-man-last-seen-leavin.txt HTTP/1.1" 404 88 "-" "Mozilla/5.0 (compatible; AhrefsBot/7.0; +http://ahrefs.com/robot/)" "www.metrocrimedaily.com"
40.77.167.212 - - [08/Feb/2023:09:15:14 -0800] "GET /index-miami.html HTTP/1.1" 200 29288 "-" "Mozilla/5.0 AppleWebKit/537.36 (KHTML, like Gecko; compatible; bingbot/2.0; +http://www.bing.com/bingbot.htm) Chrome/103.0.5060.134 Safari/537.36" "metrocrimedaily.com"
52.167.144.81 - - [08/Feb/2023:09:19:59 -0800] "GET /instagram-detroit/ HTTP/1.1" 200 380 "-" "Mozilla/5.0 AppleWebKit/537.36 (KHTML, like Gecko; compatible; bingbot/2.0; +http://www.bing.com/bingbot.htm) Chrome/103.0.5060.134 Safari/537.36" "www.metrocrimedaily.com"
157.55.39.24 - - [08/Feb/2023:09:20:03 -0800] "GET /instagram-chicago/ HTTP/1.1" 200 381 "-" "Mozilla/5.0 AppleWebKit/537.36 (KHTML, like Gecko; compatible; bingbot/2.0; +http://www.bing.com/bingbot.htm) Chrome/103.0.5060.134 Safari/537.36" "www.metrocrimedaily.com"
157.55.39.85 - - [08/Feb/2023:09:20:08 -0800] "GET /?C=N;O=D HTTP/1.1" 200 1631 "-" "Mozilla/5.0 AppleWebKit/537.36 (KHTML, like Gecko; compatible; bingbot/2.0; +http://www.bing.com/bingbot.htm) Chrome/103.0.5060.134 Safari/537.36" "www.metrocrimedaily.com"
157.55.39.85 - - [08/Feb/2023:09:20:08 -0800] "GET /instagram-atlanta/ HTTP/1.1" 200 462 "-" "Mozilla/5.0 AppleWebKit/537.36 (KHTML, like Gecko; compatible; bingbot/2.0; +http://www.bing.com/bingbot.htm) Chrome/103.0.5060.134 Safari/537.36" "www.metrocrimedaily.com"
69.63.184.6 - - [08/Feb/2023:09:21:06 -0800] "GET /instagram-detroit/02-08-2023-1055274-A.jpg HTTP/1.1" 200 240981 "-" "facebookexternalhit/1.1 (+http://www.facebook.com/externalhit_uatext.php)" "www.metrocrimedaily.com"
173.252.111.119 - - [08/Feb/2023:09:31:23 -0800] "GET /instagram-memphis/02-08-2023-1130521-A.jpg HTTP/1.1" 200 148822 "-" "facebookexternalhit/1.1 (+http://www.facebook.com/externalhit_uatext.php)" "www.metrocrimedaily.com"
173.252.111.16 - - [08/Feb/2023:09:31:45 -0800] "GET /instagram-losangeles/02-08-2023-1131231-A.jpg HTTP/1.1" 200 209357 "-" "facebookexternalhit/1.1 (+http://www.facebook.com/externalhit_uatext.php)" "www.metrocrimedaily.com"
15.181.199.4 - - [08/Feb/2023:09:35:06 -0800] "HEAD / HTTP/1.1" 200 - "-" "Cyberduck/8.5.2.38799 (Windows 10/10.0) (amd64)" "metrocrimedaily.com"
15.181.199.4 - - [08/Feb/2023:09:35:08 -0800] "PROPFIND / HTTP/1.1" 405 97 "-" "Cyberduck/8.5.2.38799 (Windows 10/10.0) (amd64)" "metrocrimedaily.com"
69.63.184.116 - - [08/Feb/2023:09:38:56 -0800] "GET /instagram-chicago/02-08-2023-1138341-A.jpg HTTP/1.1" 200 98810 "-" "facebookexternalhit/1.1 (+http://www.facebook.com/externalhit_uatext.php)" "www.metrocrimedaily.com"
69.63.184.116 - - [08/Feb/2023:09:39:04 -0800] "GET /instagram-atlanta/02-08-2023-1138431-A.jpg HTTP/1.1" 200 147124 "-" "facebookexternalhit/1.1 (+http://www.facebook.com/externalhit_uatext.php)" "www.metrocrimedaily.com"
51.222.253.13 - - [08/Feb/2023:09:39:11 -0800] "GET /robots.txt HTTP/1.1" 404 88 "-" "Mozilla/5.0 (compatible; AhrefsBot/7.0; +http://ahrefs.com/robot/)" "www.metrocrimedaily.com"
51.222.253.5 - - [08/Feb/2023:09:39:12 -0800] "GET / HTTP/1.1" 200 1662 "-" "Mozilla/5.0 (compatible; AhrefsBot/7.0; +http://ahrefs.com/robot/)" "www.metrocrimedaily.com"
51.222.253.16 - - [08/Feb/2023:09:40:19 -0800] "GET /instagram-monroe/?C=D;O=D HTTP/1.1" 200 357 "-" "Mozilla/5.0 (compatible; AhrefsBot/7.0; +http://ahrefs.com/robot/)" "metrocrimedaily.com"
51.222.253.18 - - [08/Feb/2023:09:41:50 -0800] "GET /gov-svc-detroit.html HTTP/1.1" 200 2125 "-" "Mozilla/5.0 (compatible; AhrefsBot/7.0; +http://ahrefs.com/robot/)" "www.metrocrimedaily.com"
51.222.253.11 - - [08/Feb/2023:09:44:52 -0800] "GET /CRIME-WATCH-AMERICA/CRIME-WATCH-MEMPHIS/support/ HTTP/1.1" 200 703 "-" "Mozilla/5.0 (compatible; AhrefsBot/7.0; +http://ahrefs.com/robot/)" "www.metrocrimedaily.com"
51.222.253.10 - - [08/Feb/2023:09:48:32 -0800] "GET /instagram-memphis/ HTTP/1.1" 200 496 "-" "Mozilla/5.0 (compatible; AhrefsBot/7.0; +http://ahrefs.com/robot/)" "www.metrocrimedaily.com"
51.222.253.20 - - [08/Feb/2023:09:52:02 -0800] "GET /instagram-chicago/?C=N;O=D HTTP/1.1" 200 495 "-" "Mozilla/5.0 (compatible; AhrefsBot/7.0; +http://ahrefs.com/robot/)" "metrocrimedaily.com"
51.222.253.20 - - [08/Feb/2023:09:54:41 -0800] "GET /CRIME-WATCH-AMERICA/CRIME-WATCH-DETROIT/unix/wbin/libfl.lib HTTP/1.1" 200 1174 "-" "Mozilla/5.0 (compatible; AhrefsBot/7.0; +http://ahrefs.com/robot/)" "www.metrocrimedaily.com"
40.77.167.212 - - [08/Feb/2023:09:54:59 -0800] "GET /index-miami.html HTTP/1.1" 200 29288 "-" "Mozilla/5.0 AppleWebKit/537.36 (KHTML, like Gecko; compatible; bingbot/2.0; +http://www.bing.com/bingbot.htm) Chrome/103.0.5060.134 Safari/537.36" "metrocrimedaily.com"
173.252.111.6 - - [08/Feb/2023:09:55:14 -0800] "GET /instagram-newyork/02-08-2023-1154501-A.jpg HTTP/1.1" 200 123949 "-" "facebookexternalhit/1.1 (+http://www.facebook.com/externalhit_uatext.php)" "www.metrocrimedaily.com"
173.252.111.118 - - [08/Feb/2023:09:55:36 -0800] "GET /instagram-houston/02-08-2023-1155131-A.jpg HTTP/1.1" 200 168194 "-" "facebookexternalhit/1.1 (+http://www.facebook.com/externalhit_uatext.php)" "www.metrocrimedaily.com"
51.222.253.4 - - [08/Feb/2023:09:57:33 -0800] "GET /CRIME-WATCH-AMERICA/CRIME-WATCH-STLOUIS/unix/wbin/bc.exe HTTP/1.1" 200 52736 "-" "Mozilla/5.0 (compatible; AhrefsBot/7.0; +http://ahrefs.com/robot/)" "www.metrocrimedaily.com"
51.222.253.2 - - [08/Feb/2023:09:58:53 -0800] "GET /CRIME-WATCH-AMERICA/CRIME-WATCH-STLOUIS/unix/wbin/cat.exe HTTP/1.1" 200 22016 "-" "Mozilla/5.0 (compatible; AhrefsBot/7.0; +http://ahrefs.com/robot/)" "www.metrocrimedaily.com"
51.222.253.19 - - [08/Feb/2023:10:00:09 -0800] "GET /CRIME-WATCH-AMERICA/CRIME-WATCH-STLOUIS/unix/wbin/cmp.exe HTTP/1.1" 200 11264 "-" "Mozilla/5.0 (compatible; AhrefsBot/7.0; +http://ahrefs.com/robot/)" "www.metrocrimedaily.com"
51.222.253.9 - - [08/Feb/2023:10:01:37 -0800] "GET /CRIME-WATCH-AMERICA/CRIME-WATCH-STLOUIS/unix/wbin/cp.exe HTTP/1.1" 200 73728 "-" "Mozilla/5.0 (compatible; AhrefsBot/7.0; +http://ahrefs.com/robot/)" "www.metrocrimedaily.com"
173.252.111.117 - - [08/Feb/2023:10:02:51 -0800] "GET /instagram-miami/02-08-2023-1201491-A.jpg HTTP/1.1" 200 79993 "-" "facebookexternalhit/1.1 (+http://www.facebook.com/externalhit_uatext.php)" "www.metrocrimedaily.com"
51.222.253.10 - - [08/Feb/2023:10:02:55 -0800] "GET /CRIME-WATCH-AMERICA/CRIME-WATCH-STLOUIS/unix/wbin/cut.exe HTTP/1.1" 200 24064 "-" "Mozilla/5.0 (compatible; AhrefsBot/7.0; +http://ahrefs.com/robot/)" "www.metrocrimedaily.com"
51.222.253.4 - - [08/Feb/2023:10:04:31 -0800] "GET /CRIME-WATCH-AMERICA/CRIME-WATCH-STLOUIS/unix/wbin/dc.exe HTTP/1.1" 200 25600 "-" "Mozilla/5.0 (compatible; AhrefsBot/7.0; +http://ahrefs.com/robot/)" "www.metrocrimedaily.com"
69.63.184.117 - - [08/Feb/2023:10:04:52 -0800] "GET /instagram-detroit/02-08-2023-1204301-A.jpg HTTP/1.1" 200 107871 "-" "facebookexternalhit/1.1 (+http://www.facebook.com/externalhit_uatext.php)" "www.metrocrimedaily.com"
51.222.253.17 - - [08/Feb/2023:10:05:12 -0800] "GET /CRIME-WATCH-AMERICA/CRIME-WATCH-STLOUIS/unix/wbin/dd.exe HTTP/1.1" 200 40960 "-" "Mozilla/5.0 (compatible; AhrefsBot/7.0; +http://ahrefs.com/robot/)" "www.metrocrimedaily.com"
51.222.253.14 - - [08/Feb/2023:10:06:06 -0800] "GET /CRIME-WATCH-AMERICA/CRIME-WATCH-STLOUIS/unix/wbin/df.exe HTTP/1.1" 200 26112 "-" "Mozilla/5.0 (compatible; AhrefsBot/7.0; +http://ahrefs.com/robot/)" "www.metrocrimedaily.com"
51.222.253.10 - - [08/Feb/2023:10:06:53 -0800] "GET /CRIME-WATCH-AMERICA/CRIME-WATCH-STLOUIS/unix/wbin/du.exe HTTP/1.1" 200 26112 "-" "Mozilla/5.0 (compatible; AhrefsBot/7.0; +http://ahrefs.com/robot/)" "www.metrocrimedaily.com"
51.222.253.16 - - [08/Feb/2023:10:07:29 -0800] "GET /CRIME-WATCH-AMERICA/CRIME-WATCH-STLOUIS/unix/wbin/env.exe HTTP/1.1" 200 8192 "-" "Mozilla/5.0 (compatible; AhrefsBot/7.0; +http://ahrefs.com/robot/)" "www.metrocrimedaily.com"
173.252.111.17 - - [08/Feb/2023:10:07:46 -0800] "GET /instagram-stlouis/02-08-2023-1207241-A.jpg HTTP/1.1" 200 206075 "-" "facebookexternalhit/1.1 (+http://www.facebook.com/externalhit_uatext.php)" "www.metrocrimedaily.com"
51.222.253.19 - - [08/Feb/2023:10:08:14 -0800] "GET /CRIME-WATCH-AMERICA/CRIME-WATCH-STLOUIS/unix/wbin/fmt.exe HTTP/1.1" 200 24064 "-" "Mozilla/5.0 (compatible; AhrefsBot/7.0; +http://ahrefs.com/robot/)" "www.metrocrimedaily.com"
51.222.253.17 - - [08/Feb/2023:10:08:55 -0800] "GET /CRIME-WATCH-AMERICA/CRIME-WATCH-STLOUIS/unix/wbin/id.exe HTTP/1.1" 200 10240 "-" "Mozilla/5.0 (compatible; AhrefsBot/7.0; +http://ahrefs.com/robot/)" "www.metrocrimedaily.com"
69.63.184.118 - - [08/Feb/2023:10:09:39 -0800] "GET /instagram-chicago/02-08-2023-1138342-A.jpg HTTP/1.1" 200 114637 "-" "facebookexternalhit/1.1 (+http://www.facebook.com/externalhit_uatext.php)" "www.metrocrimedaily.com"
51.222.253.11 - - [08/Feb/2023:10:09:43 -0800] "GET /CRIME-WATCH-AMERICA/CRIME-WATCH-STLOUIS/unix/wbin/libfl.a HTTP/1.1" 200 4014 "-" "Mozilla/5.0 (compatible; AhrefsBot/7.0; +http://ahrefs.com/robot/)" "www.metrocrimedaily.com"
51.222.253.14 - - [08/Feb/2023:10:10:31 -0800] "GET /CRIME-WATCH-AMERICA/CRIME-WATCH-STLOUIS/unix/wbin/ln.exe HTTP/1.1" 200 69632 "-" "Mozilla/5.0 (compatible; AhrefsBot/7.0; +http://ahrefs.com/robot/)" "www.metrocrimedaily.com"
51.222.253.1 - - [08/Feb/2023:10:11:11 -0800] "GET /CRIME-WATCH-AMERICA/CRIME-WATCH-STLOUIS/unix/wbin/ls.exe HTTP/1.1" 200 57856 "-" "Mozilla/5.0 (compatible; AhrefsBot/7.0; +http://ahrefs.com/robot/)" "www.metrocrimedaily.com"
51.222.253.5 - - [08/Feb/2023:10:12:05 -0800] "GET /CRIME-WATCH-AMERICA/CRIME-WATCH-STLOUIS/unix/wbin/m4.exe HTTP/1.1" 200 83456 "-" "Mozilla/5.0 (compatible; AhrefsBot/7.0; +http://ahrefs.com/robot/)" "www.metrocrimedaily.com"
51.222.253.10 - - [08/Feb/2023:10:13:05 -0800] "GET /CRIME-WATCH-AMERICA/CRIME-WATCH-STLOUIS/unix/wbin/man.exe HTTP/1.1" 200 38912 "-" "Mozilla/5.0 (compatible; AhrefsBot/7.0; +http://ahrefs.com/robot/)" "www.metrocrimedaily.com"
51.222.253.4 - - [08/Feb/2023:10:13:56 -0800] "GET /CRIME-WATCH-AMERICA/CRIME-WATCH-STLOUIS/unix/wbin/mkfifo.exe HTTP/1.1" 200 14336 "-" "Mozilla/5.0 (compatible; AhrefsBot/7.0; +http://ahrefs.com/robot/)" "www.metrocrimedaily.com"
51.222.253.19 - - [08/Feb/2023:10:14:44 -0800] "GET /CRIME-WATCH-AMERICA/CRIME-WATCH-STLOUIS/unix/wbin/mv.exe HTTP/1.1" 200 69632 "-" "Mozilla/5.0 (compatible; AhrefsBot/7.0; +http://ahrefs.com/robot/)" "www.metrocrimedaily.com"
51.222.253.4 - - [08/Feb/2023:10:15:34 -0800] "GET /CRIME-WATCH-AMERICA/CRIME-WATCH-STLOUIS/unix/wbin/nl.exe HTTP/1.1" 200 51712 "-" "Mozilla/5.0 (compatible; AhrefsBot/7.0; +http://ahrefs.com/robot/)" "www.metrocrimedaily.com"
12.228.224.226 - - [08/Feb/2023:10:15:47 -0800] "GET / HTTP/1.1" 200 1662 "-" "Mozilla/5.0 (Windows NT 10.0; rv:78.0) Gecko/20100101 Firefox/78.0" "metrocrimedaily.com"
12.228.224.226 - - [08/Feb/2023:10:15:48 -0800] "GET /favicon.ico HTTP/1.1" 404 88 "http://metrocrimedaily.com/" "Mozilla/5.0 (Windows NT 10.0; rv:78.0) Gecko/20100101 Firefox/78.0" "metrocrimedaily.com"
51.222.253.10 - - [08/Feb/2023:10:16:24 -0800] "GET /CRIME-WATCH-AMERICA/CRIME-WATCH-STLOUIS/unix/wbin/od.exe HTTP/1.1" 200 35328 "-" "Mozilla/5.0 (compatible; AhrefsBot/7.0; +http://ahrefs.com/robot/)" "www.metrocrimedaily.com"
51.222.253.16 - - [08/Feb/2023:10:17:00 -0800] "GET /CRIME-WATCH-AMERICA/CRIME-WATCH-STLOUIS/unix/wbin/pr.exe HTTP/1.1" 200 37376 "-" "Mozilla/5.0 (compatible; AhrefsBot/7.0; +http://ahrefs.com/robot/)" "www.metrocrimedaily.com"
51.222.253.16 - - [08/Feb/2023:10:17:39 -0800] "GET /CRIME-WATCH-AMERICA/CRIME-WATCH-STLOUIS/unix/wbin/pwd.exe HTTP/1.1" 200 2560 "-" "Mozilla/5.0 (compatible; AhrefsBot/7.0; +http://ahrefs.com/robot/)" "www.metrocrimedaily.com"
173.252.111.2 - - [08/Feb/2023:10:18:23 -0800] "GET /instagram-miami/02-08-2023-1201492-A.jpg HTTP/1.1" 200 145169 "-" "facebookexternalhit/1.1 (+http://www.facebook.com/externalhit_uatext.php)" "www.metrocrimedaily.com"
51.222.253.5 - - [08/Feb/2023:10:18:33 -0800] "GET /CRIME-WATCH-AMERICA/CRIME-WATCH-STLOUIS/unix/wbin/rm.exe HTTP/1.1" 200 65536 "-" "Mozilla/5.0 (compatible; AhrefsBot/7.0; +http://ahrefs.com/robot/)" "www.metrocrimedaily.com"
51.222.253.13 - - [08/Feb/2023:10:19:36 -0800] "GET /CRIME-WATCH-AMERICA/CRIME-WATCH-STLOUIS/unix/wbin/sed.exe HTTP/1.1" 200 49152 "-" "Mozilla/5.0 (compatible; AhrefsBot/7.0; +http://ahrefs.com/robot/)" "www.metrocrimedaily.com"
69.63.184.117 - - [08/Feb/2023:10:20:27 -0800] "GET /instagram-detroit/02-08-2023-1204302-A.jpg HTTP/1.1" 200 76418 "-" "facebookexternalhit/1.1 (+http://www.facebook.com/externalhit_uatext.php)" "www.metrocrimedaily.com"
51.222.253.12 - - [08/Feb/2023:10:20:48 -0800] "GET /CRIME-WATCH-AMERICA/CRIME-WATCH-STLOUIS/unix/wbin/seq.exe HTTP/1.1" 200 18432 "-" "Mozilla/5.0 (compatible; AhrefsBot/7.0; +http://ahrefs.com/robot/)" "www.metrocrimedaily.com"
51.222.253.12 - - [08/Feb/2023:10:21:28 -0800] "GET /CRIME-WATCH-AMERICA/CRIME-WATCH-STLOUIS/unix/wbin/su.exe HTTP/1.1" 200 13312 "-" "Mozilla/5.0 (compatible; AhrefsBot/7.0; +http://ahrefs.com/robot/)" "www.metrocrimedaily.com"
51.222.253.8 - - [08/Feb/2023:10:22:11 -0800] "GET /CRIME-WATCH-AMERICA/CRIME-WATCH-STLOUIS/unix/wbin/sum.exe HTTP/1.1" 200 19456 "-" "Mozilla/5.0 (compatible; AhrefsBot/7.0; +http://ahrefs.com/robot/)" "www.metrocrimedaily.com"
51.222.253.20 - - [08/Feb/2023:10:22:49 -0800] "GET /CRIME-WATCH-AMERICA/CRIME-WATCH-STLOUIS/unix/wbin/tac.exe HTTP/1.1" 200 49664 "-" "Mozilla/5.0 (compatible; AhrefsBot/7.0; +http://ahrefs.com/robot/)" "www.metrocrimedaily.com"
69.63.184.116 - - [08/Feb/2023:10:23:02 -0800] "GET /instagram-detroit/02-08-2023-1204303-A.jpg HTTP/1.1" 200 142382 "-" "facebookexternalhit/1.1 (+http://www.facebook.com/externalhit_uatext.php)" "www.metrocrimedaily.com"
173.252.111.10 - - [08/Feb/2023:10:23:20 -0800] "GET /instagram-stlouis/02-08-2023-1207242-A.jpg HTTP/1.1" 200 93470 "-" "facebookexternalhit/1.1 (+http://www.facebook.com/externalhit_uatext.php)" "www.metrocrimedaily.com"
51.222.253.20 - - [08/Feb/2023:10:23:42 -0800] "GET /CRIME-WATCH-AMERICA/CRIME-WATCH-STLOUIS/unix/wbin/tar.exe HTTP/1.1" 200 114688 "-" "Mozilla/5.0 (compatible; AhrefsBot/7.0; +http://ahrefs.com/robot/)" "www.metrocrimedaily.com"
51.222.253.19 - - [08/Feb/2023:10:24:25 -0800] "GET /CRIME-WATCH-AMERICA/CRIME-WATCH-STLOUIS/unix/wbin/tee.exe HTTP/1.1" 200 16896 "-" "Mozilla/5.0 (compatible; AhrefsBot/7.0; +http://ahrefs.com/robot/)" "www.metrocrimedaily.com"
51.222.253.19 - - [08/Feb/2023:10:25:08 -0800] "GET /CRIME-WATCH-AMERICA/CRIME-WATCH-STLOUIS/unix/wbin/test.exe HTTP/1.1" 200 17920 "-" "Mozilla/5.0 (compatible; AhrefsBot/7.0; +http://ahrefs.com/robot/)" "www.metrocrimedaily.com"
69.63.184.4 - - [08/Feb/2023:10:25:13 -0800] "GET /instagram-chicago/02-08-2023-1138343-A.jpg HTTP/1.1" 200 169969 "-" "facebookexternalhit/1.1 (+http://www.facebook.com/externalhit_uatext.php)" "www.metrocrimedaily.com"
69.63.184.117 - - [08/Feb/2023:10:25:47 -0800] "GET /instagram-detroit/02-08-2023-1204304-A.jpg HTTP/1.1" 200 246184 "-" "facebookexternalhit/1.1 (+http://www.facebook.com/externalhit_uatext.php)" "www.metrocrimedaily.com"
51.222.253.14 - - [08/Feb/2023:10:25:59 -0800] "GET /CRIME-WATCH-AMERICA/CRIME-WATCH-STLOUIS/unix/wbin/tr.exe HTTP/1.1" 200 33280 "-" "Mozilla/5.0 (compatible; AhrefsBot/7.0; +http://ahrefs.com/robot/)" "www.metrocrimedaily.com"
51.222.253.14 - - [08/Feb/2023:10:27:01 -0800] "GET /CRIME-WATCH-AMERICA/CRIME-WATCH-STLOUIS/unix/wbin/wc.exe HTTP/1.1" 200 29696 "-" "Mozilla/5.0 (compatible; AhrefsBot/7.0; +http://ahrefs.com/robot/)" "www.metrocrimedaily.com"
51.222.253.11 - - [08/Feb/2023:10:27:53 -0800] "GET /CRIME-WATCH-AMERICA/CRIME-WATCH-STLOUIS/unix/wbin/yes.exe HTTP/1.1" 200 7168 "-" "Mozilla/5.0 (compatible; AhrefsBot/7.0; +http://ahrefs.com/robot/)" "www.metrocrimedaily.com"
51.222.253.15 - - [08/Feb/2023:10:28:43 -0800] "GET /CRIME-WATCH-AMERICA/CRIME-WATCH-STLOUIS/unix/wbin/zcat.exe HTTP/1.1" 200 49152 "-" "Mozilla/5.0 (compatible; AhrefsBot/7.0; +http://ahrefs.com/robot/)" "www.metrocrimedaily.com"
51.222.253.4 - - [08/Feb/2023:10:29:44 -0800] "GET /CRIME-WATCH-AMERICA/CRIME-WATCH-STLOUIS/unix/wbin/zip.exe HTTP/1.1" 200 68096 "-" "Mozilla/5.0 (compatible; AhrefsBot/7.0; +http://ahrefs.com/robot/)" "www.metrocrimedaily.com"
163.123.142.195 - - [08/Feb/2023:10:30:16 -0800] "GET /wp-content/plugins/iwp-client/readme.txt HTTP/1.1" 404 88 "https://www.google.com/search?" "Mozilla/5.0 (Linux; Android 11; ONEPLUS A6013) AppleWebKit/537.36 (KHTML, like Gecko) Chrome/107.0.0.0 Mobile Safari/537.36" "metrocrimedaily.com"
163.123.142.195 - - [08/Feb/2023:10:30:19 -0800] "GET /wp-content/plugins/wp-time-capsule/readme.txt HTTP/1.1" 404 88 "https://www.google.com/search?" "Mozilla/5.0 (Linux; Android 12; SM-A205U) AppleWebKit/537.36 (KHTML, like Gecko) Chrome/107.0.5304.141 Mobile Safari/537.36" "metrocrimedaily.com"
163.123.142.195 - - [08/Feb/2023:10:30:23 -0800] "GET /wp-content/plugins/themegrill-demo-importer/readme.txt HTTP/1.1" 404 88 "https://www.google.com/search?" "Mozilla/5.0 (Windows NT 10.0; Win64; x64) AppleWebKit/537.36 (KHTML, like Gecko) Chrome/107.0.0.0 Safari/537.36" "metrocrimedaily.com"
163.123.142.195 - - [08/Feb/2023:10:30:25 -0800] "GET /wp-content/plugins/advanced-import/readme.txt HTTP/1.1" 404 88 "https://www.google.com/search?" "Mozilla/5.0 (Windows NT 10.0; Win64; x64) AppleWebKit/537.36 (KHTML, like Gecko) Chrome/107.0.0.0 Safari/537.36" "metrocrimedaily.com"
163.123.142.195 - - [08/Feb/2023:10:30:29 -0800] "GET /wp-content/plugins/woocommerce-jetpack/readme.txt HTTP/1.1" 404 88 "https://www.google.com/search?" "Mozilla/5.0 (Linux; Android 11; ONEPLUS A6013) AppleWebKit/537.36 (KHTML, like Gecko) Chrome/107.0.0.0 Mobile Safari/537.36" "metrocrimedaily.com"
51.222.253.14 - - [08/Feb/2023:10:30:28 -0800] "GET /CRIME-WATCH-AMERICA/CRIME-WATCH-STLOUIS/unix/wbin/?C=N;O=A HTTP/1.1" 200 1814 "-" "Mozilla/5.0 (compatible; AhrefsBot/7.0; +http://ahrefs.com/robot/)" "www.metrocrimedaily.com"
163.123.142.195 - - [08/Feb/2023:10:30:34 -0800] "GET /wp-content/plugins/emails-verification-for-woocommerce/readme.txt HTTP/1.1" 404 88 "https://www.google.com/search?" "Mozilla/5.0 (Linux; Android 11; ONEPLUS A6013) AppleWebKit/537.36 (KHTML, like Gecko) Chrome/107.0.0.0 Mobile Safari/537.36" "metrocrimedaily.com"
163.123.142.195 - - [08/Feb/2023:10:30:38 -0800] "GET /wp-content/plugins/woocommerce-upload-files/js/wcuf-admin-menu.js HTTP/1.1" 404 88 "https://www.google.com/search?" "Mozilla/5.0 (Windows NT 10.0; Win64; x64) AppleWebKit/537.36 (KHTML, like Gecko) Chrome/107.0.0.0 Safari/537.36" "metrocrimedaily.com"
163.123.142.195 - - [08/Feb/2023:10:30:43 -0800] "GET /wp-content/plugins/wp-user-extra-fields/js/wpuef-configurator.js HTTP/1.1" 404 88 "https://www.google.com/search?" "Mozilla/5.0 (Windows NT 10.0; Win64; x64) AppleWebKit/537.36 (KHTML, like Gecko) Chrome/107.0.0.0 Safari/537.36" "metrocrimedaily.com"
163.123.142.195 - - [08/Feb/2023:10:30:47 -0800] "GET /wp-content/plugins/wp-automatic/changelog HTTP/1.1" 404 88 "https://www.google.com/search?" "Mozilla/5.0 (Windows NT 10.0; Win64; x64) AppleWebKit/537.36 (KHTML, like Gecko) Chrome/107.0.0.0 Safari/537.36" "metrocrimedaily.com"
163.123.142.195 - - [08/Feb/2023:10:30:52 -0800] "GET /wp-content/plugins/wp-automatic/css/wp-automatic.css HTTP/1.1" 404 88 "https://www.google.com/search?" "Mozilla/5.0 (Linux; Android 11; ONEPLUS A6013) AppleWebKit/537.36 (KHTML, like Gecko) Chrome/107.0.0.0 Mobile Safari/537.36" "metrocrimedaily.com"
163.123.142.195 - - [08/Feb/2023:10:30:57 -0800] "GET /wp-content/plugins/capability-manager-enhanced/readme.txt HTTP/1.1" 404 88 "https://www.google.com/search?" "Mozilla/5.0 (Macintosh; Intel Mac OS X 13_0_1) AppleWebKit/537.36 (KHTML, like Gecko) Chrome/107.0.0.0 Safari/537.36" "metrocrimedaily.com"
163.123.142.195 - - [08/Feb/2023:10:31:01 -0800] "GET /wp-content/plugins/capabilities-pro/readme.txt HTTP/1.1" 404 88 "https://www.google.com/search?" "Mozilla/5.0 (Linux; Android 12; SM-A205U) AppleWebKit/537.36 (KHTML, like Gecko) Chrome/107.0.5304.141 Mobile Safari/537.36" "metrocrimedaily.com"
163.123.142.195 - - [08/Feb/2023:10:31:06 -0800] "GET /wp-content/plugins/wp-pinterest-automatic/changelog HTTP/1.1" 404 88 "https://www.google.com/search?" "Mozilla/5.0 (Linux; Android 12; SM-A205U) AppleWebKit/537.36 (KHTML, like Gecko) Chrome/107.0.5304.141 Mobile Safari/537.36" "metrocrimedaily.com"
163.123.142.195 - - [08/Feb/2023:10:31:12 -0800] "GET /wp-content/plugins/ulisting/readme.txt HTTP/1.1" 404 88 "https://www.google.com/search?" "Mozilla/5.0 (Linux; Android 12; SM-A205U) AppleWebKit/537.36 (KHTML, like Gecko) Chrome/107.0.5304.141 Mobile Safari/537.36" "metrocrimedaily.com"
163.123.142.195 - - [08/Feb/2023:10:31:16 -0800] "GET /wp-content/plugins/image-hover-effects-ultimate/readme.txt HTTP/1.1" 404 88 "https://www.google.com/search?" "Mozilla/5.0 (Linux; Android 12; SM-A205U) AppleWebKit/537.36 (KHTML, like Gecko) Chrome/107.0.5304.141 Mobile Safari/537.36" "metrocrimedaily.com"
163.123.142.195 - - [08/Feb/2023:10:31:20 -0800] "GET /wp-content/plugins/ait-csv-import-export/changelog.txt HTTP/1.1" 404 88 "https://www.google.com/search?" "Mozilla/5.0 (Windows NT 10.0; Win64; x64) AppleWebKit/537.36 (KHTML, like Gecko) Chrome/107.0.0.0 Safari/537.36" "metrocrimedaily.com"
51.222.253.14 - - [08/Feb/2023:10:31:20 -0800] "GET /CRIME-WATCH-AMERICA/CRIME-WATCH-DETROIT/unix/wbin/agrep.exe HTTP/1.1" 200 147456 "-" "Mozilla/5.0 (compatible; AhrefsBot/7.0; +http://ahrefs.com/robot/)" "metrocrimedaily.com"
163.123.142.195 - - [08/Feb/2023:10:31:22 -0800] "GET /wp-content/plugins/angwp/__%20UPDATES.txt HTTP/1.1" 404 88 "https://www.google.com/search?" "Mozilla/5.0 (Windows NT 10.0; Win64; x64) AppleWebKit/537.36 (KHTML, like Gecko) Chrome/107.0.0.0 Safari/537.36" "metrocrimedaily.com"
163.123.142.195 - - [08/Feb/2023:10:31:24 -0800] "GET /wp-content/plugins/e-signature/page-template/default/style.css HTTP/1.1" 404 88 "https://www.google.com/search?" "Mozilla/5.0 (Windows NT 10.0; Win64; x64) AppleWebKit/537.36 (KHTML, like Gecko) Chrome/107.0.0.0 Safari/537.36" "metrocrimedaily.com"
163.123.142.195 - - [08/Feb/2023:10:31:27 -0800] "GET /wp-content/plugins/superstorefinder-wp/css/ssf-wp-admin.css HTTP/1.1" 404 88 "https://www.google.com/search?" "Mozilla/5.0 (Windows NT 10.0; Win64; x64) AppleWebKit/537.36 (KHTML, like Gecko) Chrome/107.0.0.0 Safari/537.36" "metrocrimedaily.com"
163.123.142.195 - - [08/Feb/2023:10:31:31 -0800] "GET /wp-content/plugins/super-interactive-maps/css/sim-wp-admin.css HTTP/1.1" 404 88 "https://www.google.com/search?" "Mozilla/5.0 (Macintosh; Intel Mac OS X 13_0_1) AppleWebKit/537.36 (KHTML, like Gecko) Chrome/107.0.0.0 Safari/537.36" "metrocrimedaily.com"
163.123.142.195 - - [08/Feb/2023:10:31:34 -0800] "GET /wp-content/plugins/superlogoshowcase-wp/css/sls-wp-admin.css HTTP/1.1" 404 88 "https://www.google.com/search?" "Mozilla/5.0 (iPhone; CPU iPhone OS 16_1 like Mac OS X) AppleWebKit/605.1.15 (KHTML, like Gecko) CriOS/107.0.5304.101 Mobile/15E148 Safari/604.1" "metrocrimedaily.com"
163.123.142.195 - - [08/Feb/2023:10:31:36 -0800] "GET /wp-content/plugins/mstore-api/readme.txt HTTP/1.1" 404 88 "https://www.google.com/search?" "Mozilla/5.0 (iPhone; CPU iPhone OS 16_1 like Mac OS X) AppleWebKit/605.1.15 (KHTML, like Gecko) CriOS/107.0.5304.101 Mobile/15E148 Safari/604.1" "metrocrimedaily.com"
163.123.142.195 - - [08/Feb/2023:10:31:39 -0800] "GET /wp-content/plugins/dzs-zoomsounds/admin/admin.css HTTP/1.1" 404 88 "https://www.google.com/search?" "Mozilla/5.0 (iPhone; CPU iPhone OS 16_1 like Mac OS X) AppleWebKit/605.1.15 (KHTML, like Gecko) CriOS/107.0.5304.101 Mobile/15E148 Safari/604.1" "metrocrimedaily.com"
163.123.142.195 - - [08/Feb/2023:10:31:42 -0800] "GET /wp-content/plugins/shortcode-addons/readme.txt HTTP/1.1" 404 88 "https://www.google.com/search?" "Mozilla/5.0 (Linux; Android 11; Lenovo YT-J706X) AppleWebKit/537.36 (KHTML, like Gecko) Chrome/107.0.0.0 Safari/537.36" "metrocrimedaily.com"
163.123.142.195 - - [08/Feb/2023:10:31:44 -0800] "GET /wp-content/plugins/vc-tabs/readme.txt HTTP/1.1" 404 88 "https://www.google.com/search?" "Mozilla/5.0 (Linux; Android 11; Lenovo YT-J706X) AppleWebKit/537.36 (KHTML, like Gecko) Chrome/107.0.0.0 Safari/537.36" "metrocrimedaily.com"
163.123.142.195 - - [08/Feb/2023:10:31:48 -0800] "GET /wp-content/plugins/wp-file-manager/readme.txt HTTP/1.1" 404 88 "https://www.google.com/search?" "Mozilla/5.0 (Linux; Android 11; Lenovo YT-J706X) AppleWebKit/537.36 (KHTML, like Gecko) Chrome/107.0.0.0 Safari/537.36" "metrocrimedaily.com"
163.123.142.195 - - [08/Feb/2023:10:31:51 -0800] "GET /wp-content/plugins/masterstudy-lms-learning-management-system/readme.txt HTTP/1.1" 404 88 "https://www.google.com/search?" "Mozilla/5.0 (Linux; Android 11; Lenovo YT-J706X) AppleWebKit/537.36 (KHTML, like Gecko) Chrome/107.0.0.0 Safari/537.36" "metrocrimedaily.com"
163.123.142.195 - - [08/Feb/2023:10:31:55 -0800] "GET /wp-content/plugins/mapsvg-lite-interactive-vector-maps/gm_download.php?file=/wp-config.php HTTP/1.1" 404 88 "https://www.google.com/search?" "Mozilla/5.0 (Linux; Android 11; Lenovo YT-J706X) AppleWebKit/537.36 (KHTML, like Gecko) Chrome/107.0.0.0 Safari/537.36" "metrocrimedaily.com"
163.123.142.195 - - [08/Feb/2023:10:31:58 -0800] "GET /wp-content/plugins/mapsvg/gm_download.php?file=/wp-config.php HTTP/1.1" 404 88 "https://www.google.com/search?" "Mozilla/5.0 (Linux; Android 11; Lenovo YT-J706X) AppleWebKit/537.36 (KHTML, like Gecko) Chrome/107.0.0.0 Safari/537.36" "metrocrimedaily.com"
163.123.142.195 - - [08/Feb/2023:10:32:06 -0800] "GET /wp-admin/admin-ajax.php?action=duplicator_download&file=../wp-config.php HTTP/1.1" 404 88 "https://www.google.com/search?" "Mozilla/5.0 (Windows NT 10.0; Win64; x64) AppleWebKit/537.36 (KHTML, like Gecko) Chrome/107.0.0.0 Safari/537.36" "metrocrimedaily.com"
163.123.142.195 - - [08/Feb/2023:10:32:15 -0800] "GET /wp-admin/admin-ajax.php?action=revslider_show_image&img=../wp-config.php HTTP/1.1" 404 88 "https://www.google.com/search?" "Mozilla/5.0 (Windows NT 10.0; Win64; x64) AppleWebKit/537.36 (KHTML, like Gecko) Chrome/107.0.0.0 Safari/537.36" "metrocrimedaily.com"
163.123.142.195 - - [08/Feb/2023:10:32:21 -0800] "GET /wp-content/plugins/cherry-plugin/admin/import-export/download-content.php?file=../../../../../wp-config.php HTTP/1.1" 404 88 "https://www.google.com/search?" "Mozilla/5.0 (Windows NT 10.0; Win64; x64) AppleWebKit/537.36 (KHTML, like Gecko) Chrome/107.0.0.0 Safari/537.36" "metrocrimedaily.com"
163.123.142.195 - - [08/Feb/2023:10:32:25 -0800] "GET /wp-admin/admin-ajax.php?action=handle_downloads&alg_wc_pif_download_file=../../../../../wp-config.php HTTP/1.1" 404 88 "https://www.google.com/search?" "Mozilla/5.0 (Macintosh; Intel Mac OS X 13_0_1) AppleWebKit/537.36 (KHTML, like Gecko) Chrome/107.0.0.0 Safari/537.36" "metrocrimedaily.com"
