51.222.253.8 - - [08/Feb/2023:05:53:29 -0800] "GET /instagram-newyork/01-20-2023-1423131-Three-teens-shot-in-one-bloody-night---%C3%83%C2%B6-continui.txt HTTP/1.1" 404 88 "-" "Mozilla/5.0 (compatible; AhrefsBot/7.0; +http://ahrefs.com/robot/)" "metrocrimedaily.com"
51.222.253.4 - - [08/Feb/2023:05:53:29 -0800] "GET /instagram-stlouis/?C=M;O=D HTTP/1.1" 200 1334 "-" "Mozilla/5.0 (compatible; AhrefsBot/7.0; +http://ahrefs.com/robot/)" "metrocrimedaily.com"
51.222.253.17 - - [08/Feb/2023:05:53:30 -0800] "GET /instagram-chicago/01-26-2023-09413910-Sheriff--Gunman-didn-t-know-Monterey-Park-dance-h.txt HTTP/1.1" 404 88 "-" "Mozilla/5.0 (compatible; AhrefsBot/7.0; +http://ahrefs.com/robot/)" "metrocrimedaily.com"
51.222.253.3 - - [08/Feb/2023:05:53:31 -0800] "GET /CRIME-WATCH-AMERICA/GOOD_BARBER_APP-MAKER/INSTALL-CRIME-WATCH-ATLANTA/CRIME-WATCH-ATLANTA/unix/bin/youtube-dl.exe HTTP/1.1" 200 8031644 "-" "Mozilla/5.0 (compatible; AhrefsBot/7.0; +http://ahrefs.com/robot/)" "metrocrimedaily.com"
51.222.253.15 - - [08/Feb/2023:05:53:31 -0800] "GET /instagram-neworleans/02-02-2023-1128221-2-men-stabbed-on-Bourbon-Street%3B-1-in-custody--Ne.txt HTTP/1.1" 404 88 "-" "Mozilla/5.0 (compatible; AhrefsBot/7.0; +http://ahrefs.com/robot/)" "metrocrimedaily.com"
51.222.253.7 - - [08/Feb/2023:05:53:31 -0800] "GET /instagram-losangeles/02-06-2023-0242401-Community-Mourns-Death-of-a-Mother-and-Father-in-.txt HTTP/1.1" 200 651 "-" "Mozilla/5.0 (compatible; AhrefsBot/7.0; +http://ahrefs.com/robot/)" "metrocrimedaily.com"
51.222.253.5 - - [08/Feb/2023:05:53:32 -0800] "GET /instagram-stlouis/02-02-2023-16402211-Missouri-carjacking-suspect-under-arrest-after-po.txt HTTP/1.1" 404 88 "-" "Mozilla/5.0 (compatible; AhrefsBot/7.0; +http://ahrefs.com/robot/)" "metrocrimedaily.com"
51.222.253.2 - - [08/Feb/2023:05:53:33 -0800] "GET /CRIME-WATCH-AMERICA/GOOD_BARBER_APP-MAKER/INSTALL-CRIME-WATCH-CHICAGO/CRIME-WATCH-CHICAGO/unix/bin/readme_winsu.txt HTTP/1.1" 200 485 "-" "Mozilla/5.0 (compatible; AhrefsBot/7.0; +http://ahrefs.com/robot/)" "metrocrimedaily.com"
51.222.253.20 - - [08/Feb/2023:05:53:33 -0800] "GET /CRIME-WATCH-AMERICA/GOOD_BARBER_APP-MAKER/INSTALL-CRIME-WATCH-HOUSTON/CRIME-WATCH-HOUSTON/unix/bin/readme_winsu.txt HTTP/1.1" 200 485 "-" "Mozilla/5.0 (compatible; AhrefsBot/7.0; +http://ahrefs.com/robot/)" "metrocrimedaily.com"
51.222.253.2 - - [08/Feb/2023:05:53:33 -0800] "GET /instagram-houston/post-later/01-26-2023-19085614-AMBER-Alert-issued-for-missing-3-month-old-baby-i.txt HTTP/1.1" 404 88 "-" "Mozilla/5.0 (compatible; AhrefsBot/7.0; +http://ahrefs.com/robot/)" "metrocrimedaily.com"
51.222.253.14 - - [08/Feb/2023:05:53:34 -0800] "GET /instagram-dallas/01-26-2023-1847453--I-ll-shoot-you--bro---Video-shows-Fort-Worth-pol.txt HTTP/1.1" 404 88 "-" "Mozilla/5.0 (compatible; AhrefsBot/7.0; +http://ahrefs.com/robot/)" "www.metrocrimedaily.com"
34.224.29.18 - - [08/Feb/2023:05:55:30 -0800] "GET /ads.txt HTTP/1.1" 404 88 "-" "AdsTxtCrawler/1.0.2" "metrocrimedaily.com"
69.63.184.120 - - [08/Feb/2023:05:55:42 -0800] "GET /instagram-newyork/02-08-2023-0755231-A.jpg HTTP/1.1" 404 88 "-" "facebookexternalhit/1.1 (+http://www.facebook.com/externalhit_uatext.php)" "www.metrocrimedaily.com"
114.119.130.218 - - [08/Feb/2023:05:57:57 -0800] "GET /www.chicagotribune.com HTTP/1.1" 404 88 "https://metrocrimedaily.com/index-chicago.html" "Mozilla/5.0 (Linux; Android 7.0;) AppleWebKit/537.36 (KHTML, like Gecko) Mobile Safari/537.36 (compatible; PetalBot;+https://webmaster.petalsearch.com/site/petalbot)" "metrocrimedaily.com"
40.77.167.212 - - [08/Feb/2023:06:03:47 -0800] "GET /index-miami.html HTTP/1.1" 200 29288 "-" "Mozilla/5.0 AppleWebKit/537.36 (KHTML, like Gecko; compatible; bingbot/2.0; +http://www.bing.com/bingbot.htm) Chrome/103.0.5060.134 Safari/537.36" "metrocrimedaily.com"
69.63.184.118 - - [08/Feb/2023:06:05:31 -0800] "GET /instagram-losangeles/02-08-2023-0805111-A.jpg HTTP/1.1" 404 88 "-" "facebookexternalhit/1.1 (+http://www.facebook.com/externalhit_uatext.php)" "www.metrocrimedaily.com"
69.63.184.118 - - [08/Feb/2023:06:07:13 -0800] "GET /instagram-dallas/02-08-2023-0806511-A.jpg HTTP/1.1" 404 88 "-" "facebookexternalhit/1.1 (+http://www.facebook.com/externalhit_uatext.php)" "www.metrocrimedaily.com"
69.63.184.5 - - [08/Feb/2023:06:07:34 -0800] "GET /instagram-dallas/02-08-2023-0806512-A.jpg HTTP/1.1" 404 88 "-" "facebookexternalhit/1.1 (+http://www.facebook.com/externalhit_uatext.php)" "www.metrocrimedaily.com"
69.63.184.120 - - [08/Feb/2023:06:07:55 -0800] "GET /instagram-dallas/02-08-2023-0806513-A.jpg HTTP/1.1" 404 88 "-" "facebookexternalhit/1.1 (+http://www.facebook.com/externalhit_uatext.php)" "www.metrocrimedaily.com"
114.119.135.172 - - [08/Feb/2023:06:08:20 -0800] "GET /CRIME-WATCH-AMERICA/CRIME-WATCH-HOUSTON/INSTAGRAM-AUTOMATION/?C=N%3BO%3DD HTTP/1.1" 200 550 "https://metrocrimedaily.com/CRIME-WATCH-AMERICA/CRIME-WATCH-HOUSTON/INSTAGRAM-AUTOMATION/" "Mozilla/5.0 (Linux; Android 7.0;) AppleWebKit/537.36 (KHTML, like Gecko) Mobile Safari/537.36 (compatible; PetalBot;+https://webmaster.petalsearch.com/site/petalbot)" "metrocrimedaily.com"
148.72.40.90 - - [08/Feb/2023:06:09:03 -0800] "GET /wp-login.php HTTP/1.1" 404 88 "-" "Mozilla/5.0 (Windows NT 10.0; Win64; x64; rv:96.0) Gecko/20100101 Firefox/96" "www.metrocrimedaily.com"
51.222.253.16 - - [08/Feb/2023:06:09:25 -0800] "GET / HTTP/1.1" 200 1637 "-" "Mozilla/5.0 (compatible; AhrefsBot/7.0; +http://ahrefs.com/robot/)" "metrocrimedaily.com"
51.222.253.5 - - [08/Feb/2023:06:11:39 -0800] "GET / HTTP/1.1" 200 1637 "-" "Mozilla/5.0 (compatible; AhrefsBot/7.0; +http://ahrefs.com/robot/)" "www.metrocrimedaily.com"
194.38.20.161 - - [08/Feb/2023:06:13:30 -0800] "GET /administrator/components/com_facileforms/libraries/jquery/tooltip.js HTTP/1.1" 404 73 "-" "ALittle Client" "metrocrimedaily.com"
51.222.253.4 - - [08/Feb/2023:06:14:17 -0800] "GET /CRIME-WATCH-AMERICA/CRIME-WATCH-DETROIT/ HTTP/1.1" 200 1993 "-" "Mozilla/5.0 (compatible; AhrefsBot/7.0; +http://ahrefs.com/robot/)" "www.metrocrimedaily.com"
51.222.253.6 - - [08/Feb/2023:06:16:26 -0800] "GET /instagram-dallas/02-07-2023-1055411-Dallas-Zoo-missing-monkeys-suspect-planned-to-kee.txt HTTP/1.1" 200 794 "-" "Mozilla/5.0 (compatible; AhrefsBot/7.0; +http://ahrefs.com/robot/)" "www.metrocrimedaily.com"
51.222.253.15 - - [08/Feb/2023:06:18:42 -0800] "GET /instagram-dallas/02-07-2023-1055412-Garland-convenience-store-shooting-trial-begins--.txt HTTP/1.1" 200 1079 "-" "Mozilla/5.0 (compatible; AhrefsBot/7.0; +http://ahrefs.com/robot/)" "www.metrocrimedaily.com"
51.222.253.11 - - [08/Feb/2023:06:19:51 -0800] "GET /instagram-dallas/02-07-2023-1055413-Dallas-man-facing-murder-charge-after-claiming-wo.txt HTTP/1.1" 200 783 "-" "Mozilla/5.0 (compatible; AhrefsBot/7.0; +http://ahrefs.com/robot/)" "www.metrocrimedaily.com"
51.222.253.14 - - [08/Feb/2023:06:21:17 -0800] "GET /instagram-dallas/02-07-2023-1055414-Prosper-ISD-to-discuss-replacing-board-president-.txt HTTP/1.1" 200 508 "-" "Mozilla/5.0 (compatible; AhrefsBot/7.0; +http://ahrefs.com/robot/)" "www.metrocrimedaily.com"
69.63.184.1 - - [08/Feb/2023:06:21:36 -0800] "GET /instagram-detroit/02-08-2023-0821161-A.jpg HTTP/1.1" 404 88 "-" "facebookexternalhit/1.1 (+http://www.facebook.com/externalhit_uatext.php)" "www.metrocrimedaily.com"
69.63.184.2 - - [08/Feb/2023:06:21:54 -0800] "GET /instagram-miami/02-08-2023-0821351-A.jpg HTTP/1.1" 404 88 "-" "facebookexternalhit/1.1 (+http://www.facebook.com/externalhit_uatext.php)" "www.metrocrimedaily.com"
69.63.184.118 - - [08/Feb/2023:06:21:54 -0800] "GET /instagram-detroit/02-08-2023-0821162-A.jpg HTTP/1.1" 404 88 "-" "facebookexternalhit/1.1 (+http://www.facebook.com/externalhit_uatext.php)" "www.metrocrimedaily.com"
69.63.184.118 - - [08/Feb/2023:06:21:56 -0800] "GET /instagram-atlanta/02-08-2023-0821361-A.jpg HTTP/1.1" 404 88 "-" "facebookexternalhit/1.1 (+http://www.facebook.com/externalhit_uatext.php)" "www.metrocrimedaily.com"
69.63.184.118 - - [08/Feb/2023:06:22:13 -0800] "GET /instagram-detroit/02-08-2023-0821163-A.jpg HTTP/1.1" 404 88 "-" "facebookexternalhit/1.1 (+http://www.facebook.com/externalhit_uatext.php)" "www.metrocrimedaily.com"
51.222.253.12 - - [08/Feb/2023:06:23:05 -0800] "GET /instagram-dallas/02-07-2023-1334471-Texas-lawmaker-files-bill-to-repeal-state-s-longs.txt HTTP/1.1" 200 1032 "-" "Mozilla/5.0 (compatible; AhrefsBot/7.0; +http://ahrefs.com/robot/)" "www.metrocrimedaily.com"
51.222.253.19 - - [08/Feb/2023:06:24:35 -0800] "GET /instagram-dallas/02-07-2023-1334472-Texas-Sen.-Charles-J.-Schwertner-arrested--charge.txt HTTP/1.1" 200 49 "-" "Mozilla/5.0 (compatible; AhrefsBot/7.0; +http://ahrefs.com/robot/)" "www.metrocrimedaily.com"
51.222.253.1 - - [08/Feb/2023:06:26:07 -0800] "GET /instagram-dallas/02-07-2023-1334473-Man-s-body-found-in-Trinity-River%3B-Dallas-police-.txt HTTP/1.1" 200 635 "-" "Mozilla/5.0 (compatible; AhrefsBot/7.0; +http://ahrefs.com/robot/)" "www.metrocrimedaily.com"
51.222.253.1 - - [08/Feb/2023:06:27:37 -0800] "GET /instagram-dallas/02-07-2023-1334474-Boy--6--Who-Shot-Virginia-Teacher-Allegedly-Choke.txt HTTP/1.1" 200 1088 "-" "Mozilla/5.0 (compatible; AhrefsBot/7.0; +http://ahrefs.com/robot/)" "www.metrocrimedaily.com"
69.63.184.117 - - [08/Feb/2023:06:28:02 -0800] "GET /instagram-memphis/02-08-2023-0827431-A.jpg HTTP/1.1" 404 88 "-" "facebookexternalhit/1.1 (+http://www.facebook.com/externalhit_uatext.php)" "www.metrocrimedaily.com"
51.222.253.5 - - [08/Feb/2023:06:29:20 -0800] "GET /instagram-dallas/02-07-2023-1334475-Trial-begins-for-Texas-man-who-admitted-to-killin.txt HTTP/1.1" 200 49 "-" "Mozilla/5.0 (compatible; AhrefsBot/7.0; +http://ahrefs.com/robot/)" "www.metrocrimedaily.com"
51.222.253.15 - - [08/Feb/2023:06:30:41 -0800] "GET /instagram-dallas/02-07-2023-1334476-Trial-begins-for-Texas-father-charged-as-son-s-ge.txt HTTP/1.1" 200 49 "-" "Mozilla/5.0 (compatible; AhrefsBot/7.0; +http://ahrefs.com/robot/)" "www.metrocrimedaily.com"
51.222.253.12 - - [08/Feb/2023:06:31:41 -0800] "GET /instagram-dallas/02-07-2023-1544471--I-start-hearing-screaming--crying---Testimony-be.txt HTTP/1.1" 200 1128 "-" "Mozilla/5.0 (compatible; AhrefsBot/7.0; +http://ahrefs.com/robot/)" "www.metrocrimedaily.com"
51.222.253.17 - - [08/Feb/2023:06:32:56 -0800] "GET /instagram-dallas/02-07-2023-1635251-How-to-Help-Victims-in-Turkey-and-Syria-After-Dea.txt HTTP/1.1" 200 1155 "-" "Mozilla/5.0 (compatible; AhrefsBot/7.0; +http://ahrefs.com/robot/)" "www.metrocrimedaily.com"
51.222.253.10 - - [08/Feb/2023:06:34:01 -0800] "GET /instagram-dallas/02-07-2023-1729081-Wreckage--rescue-and-hope-in-Turkey-s-earthquake-.txt HTTP/1.1" 200 1151 "-" "Mozilla/5.0 (compatible; AhrefsBot/7.0; +http://ahrefs.com/robot/)" "www.metrocrimedaily.com"
51.222.253.1 - - [08/Feb/2023:06:35:03 -0800] "GET /CRIME-WATCH-AMERICA/CRIME-WATCH-DETROIT/unix/wbin/ansi2knr.exe HTTP/1.1" 200 5632 "-" "Mozilla/5.0 (compatible; AhrefsBot/7.0; +http://ahrefs.com/robot/)" "metrocrimedaily.com"
69.63.184.119 - - [08/Feb/2023:06:35:14 -0800] "GET /instagram-stlouis/02-08-2023-0834541-A.jpg HTTP/1.1" 404 88 "-" "facebookexternalhit/1.1 (+http://www.facebook.com/externalhit_uatext.php)" "www.metrocrimedaily.com"
69.63.184.116 - - [08/Feb/2023:06:35:35 -0800] "GET /instagram-stlouis/02-08-2023-0834542-A.jpg HTTP/1.1" 404 88 "-" "facebookexternalhit/1.1 (+http://www.facebook.com/externalhit_uatext.php)" "www.metrocrimedaily.com"
69.63.184.120 - - [08/Feb/2023:06:35:52 -0800] "GET /instagram-newyork/02-08-2023-0835331-A.jpg HTTP/1.1" 404 88 "-" "facebookexternalhit/1.1 (+http://www.facebook.com/externalhit_uatext.php)" "www.metrocrimedaily.com"
69.63.184.119 - - [08/Feb/2023:06:35:56 -0800] "GET /instagram-stlouis/02-08-2023-0834543-A.jpg HTTP/1.1" 404 88 "-" "facebookexternalhit/1.1 (+http://www.facebook.com/externalhit_uatext.php)" "www.metrocrimedaily.com"
51.222.253.1 - - [08/Feb/2023:06:36:10 -0800] "GET /CRIME-WATCH-AMERICA/CRIME-WATCH-DETROIT/unix/wbin/basename.exe HTTP/1.1" 200 7680 "-" "Mozilla/5.0 (compatible; AhrefsBot/7.0; +http://ahrefs.com/robot/)" "metrocrimedaily.com"
51.222.253.1 - - [08/Feb/2023:06:37:09 -0800] "GET /CRIME-WATCH-AMERICA/CRIME-WATCH-DETROIT/unix/wbin/compress.exe HTTP/1.1" 200 25597 "-" "Mozilla/5.0 (compatible; AhrefsBot/7.0; +http://ahrefs.com/robot/)" "metrocrimedaily.com"
51.222.253.11 - - [08/Feb/2023:06:38:10 -0800] "GET /CRIME-WATCH-AMERICA/CRIME-WATCH-DETROIT/unix/wbin/dircolors.exe HTTP/1.1" 200 28160 "-" "Mozilla/5.0 (compatible; AhrefsBot/7.0; +http://ahrefs.com/robot/)" "metrocrimedaily.com"
51.222.253.14 - - [08/Feb/2023:06:39:19 -0800] "GET /CRIME-WATCH-AMERICA/CRIME-WATCH-DETROIT/unix/wbin/unexpand.exe HTTP/1.1" 200 20992 "-" "Mozilla/5.0 (compatible; AhrefsBot/7.0; +http://ahrefs.com/robot/)" "metrocrimedaily.com"
51.222.253.1 - - [08/Feb/2023:06:40:25 -0800] "GET /CRIME-WATCH-AMERICA/CRIME-WATCH-STLOUIS/unix/wbin/ansi2knr.exe HTTP/1.1" 200 5632 "-" "Mozilla/5.0 (compatible; AhrefsBot/7.0; +http://ahrefs.com/robot/)" "metrocrimedaily.com"
51.222.253.4 - - [08/Feb/2023:06:41:34 -0800] "GET /CRIME-WATCH-AMERICA/CRIME-WATCH-STLOUIS/unix/wbin/basename.exe HTTP/1.1" 200 7680 "-" "Mozilla/5.0 (compatible; AhrefsBot/7.0; +http://ahrefs.com/robot/)" "metrocrimedaily.com"
40.77.167.212 - - [08/Feb/2023:06:41:40 -0800] "GET /index-miami.html HTTP/1.1" 200 29288 "-" "Mozilla/5.0 AppleWebKit/537.36 (KHTML, like Gecko; compatible; bingbot/2.0; +http://www.bing.com/bingbot.htm) Chrome/103.0.5060.134 Safari/537.36" "metrocrimedaily.com"
51.222.253.20 - - [08/Feb/2023:06:42:39 -0800] "GET /CRIME-WATCH-AMERICA/CRIME-WATCH-STLOUIS/unix/wbin/compress.exe HTTP/1.1" 200 25597 "-" "Mozilla/5.0 (compatible; AhrefsBot/7.0; +http://ahrefs.com/robot/)" "metrocrimedaily.com"
69.63.184.4 - - [08/Feb/2023:06:43:09 -0800] "GET /instagram-houston/02-08-2023-0842491-A.jpg HTTP/1.1" 404 88 "-" "facebookexternalhit/1.1 (+http://www.facebook.com/externalhit_uatext.php)" "www.metrocrimedaily.com"
69.63.184.5 - - [08/Feb/2023:06:43:29 -0800] "GET /instagram-houston/02-08-2023-0842492-A.jpg HTTP/1.1" 404 88 "-" "facebookexternalhit/1.1 (+http://www.facebook.com/externalhit_uatext.php)" "www.metrocrimedaily.com"
51.222.253.13 - - [08/Feb/2023:06:43:34 -0800] "GET /CRIME-WATCH-AMERICA/CRIME-WATCH-STLOUIS/unix/wbin/printenv.exe HTTP/1.1" 200 7680 "-" "Mozilla/5.0 (compatible; AhrefsBot/7.0; +http://ahrefs.com/robot/)" "metrocrimedaily.com"
69.63.184.120 - - [08/Feb/2023:06:43:49 -0800] "GET /instagram-houston/02-08-2023-0842493-A.jpg HTTP/1.1" 404 88 "-" "facebookexternalhit/1.1 (+http://www.facebook.com/externalhit_uatext.php)" "www.metrocrimedaily.com"
69.63.184.4 - - [08/Feb/2023:06:44:09 -0800] "GET /instagram-houston/02-08-2023-0842494-A.jpg HTTP/1.1" 404 88 "-" "facebookexternalhit/1.1 (+http://www.facebook.com/externalhit_uatext.php)" "www.metrocrimedaily.com"
69.63.184.7 - - [08/Feb/2023:06:44:29 -0800] "GET /instagram-houston/02-08-2023-0842495-A.jpg HTTP/1.1" 404 88 "-" "facebookexternalhit/1.1 (+http://www.facebook.com/externalhit_uatext.php)" "www.metrocrimedaily.com"
51.222.253.2 - - [08/Feb/2023:06:44:43 -0800] "GET /CRIME-WATCH-AMERICA/CRIME-WATCH-STLOUIS/unix/wbin/uudecode.exe HTTP/1.1" 200 10240 "-" "Mozilla/5.0 (compatible; AhrefsBot/7.0; +http://ahrefs.com/robot/)" "metrocrimedaily.com"
51.222.253.1 - - [08/Feb/2023:06:46:08 -0800] "GET /CRIME-WATCH-AMERICA/CRIME-WATCH-DETROIT/unix/wbin/?C=D;O=A HTTP/1.1" 200 1814 "-" "Mozilla/5.0 (compatible; AhrefsBot/7.0; +http://ahrefs.com/robot/)" "www.metrocrimedaily.com"
51.222.253.5 - - [08/Feb/2023:06:47:12 -0800] "GET /CRIME-WATCH-AMERICA/CRIME-WATCH-DETROIT/unix/wbin/?C=M;O=A HTTP/1.1" 200 1814 "-" "Mozilla/5.0 (compatible; AhrefsBot/7.0; +http://ahrefs.com/robot/)" "www.metrocrimedaily.com"
51.222.253.15 - - [08/Feb/2023:06:48:24 -0800] "GET /CRIME-WATCH-AMERICA/CRIME-WATCH-DETROIT/unix/wbin/?C=N;O=D HTTP/1.1" 200 1801 "-" "Mozilla/5.0 (compatible; AhrefsBot/7.0; +http://ahrefs.com/robot/)" "www.metrocrimedaily.com"
51.222.253.16 - - [08/Feb/2023:06:49:51 -0800] "GET /CRIME-WATCH-AMERICA/CRIME-WATCH-DETROIT/unix/wbin/?C=S;O=A HTTP/1.1" 200 1806 "-" "Mozilla/5.0 (compatible; AhrefsBot/7.0; +http://ahrefs.com/robot/)" "www.metrocrimedaily.com"
51.222.253.10 - - [08/Feb/2023:06:51:18 -0800] "GET /CRIME-WATCH-AMERICA/CRIME-WATCH-DETROIT/unix/wbin/agrep.exe HTTP/1.1" 200 147456 "-" "Mozilla/5.0 (compatible; AhrefsBot/7.0; +http://ahrefs.com/robot/)" "www.metrocrimedaily.com"
51.222.253.3 - - [08/Feb/2023:06:52:35 -0800] "GET /CRIME-WATCH-AMERICA/CRIME-WATCH-DETROIT/unix/wbin/bison.exe HTTP/1.1" 200 82432 "-" "Mozilla/5.0 (compatible; AhrefsBot/7.0; +http://ahrefs.com/robot/)" "www.metrocrimedaily.com"
51.222.253.16 - - [08/Feb/2023:06:53:47 -0800] "GET /CRIME-WATCH-AMERICA/CRIME-WATCH-DETROIT/unix/wbin/bzip2.exe HTTP/1.1" 200 77312 "-" "Mozilla/5.0 (compatible; AhrefsBot/7.0; +http://ahrefs.com/robot/)" "www.metrocrimedaily.com"
69.63.184.1 - - [08/Feb/2023:06:54:35 -0800] "GET /instagram-memphis/02-08-2023-0854171-A.jpg HTTP/1.1" 404 88 "-" "facebookexternalhit/1.1 (+http://www.facebook.com/externalhit_uatext.php)" "www.metrocrimedaily.com"
51.222.253.3 - - [08/Feb/2023:06:54:55 -0800] "GET /CRIME-WATCH-AMERICA/CRIME-WATCH-DETROIT/unix/wbin/chown.exe HTTP/1.1" 200 23040 "-" "Mozilla/5.0 (compatible; AhrefsBot/7.0; +http://ahrefs.com/robot/)" "www.metrocrimedaily.com"
69.63.184.6 - - [08/Feb/2023:06:55:39 -0800] "GET /instagram-chicago/02-08-2023-0855171-A.jpg HTTP/1.1" 404 88 "-" "facebookexternalhit/1.1 (+http://www.facebook.com/externalhit_uatext.php)" "www.metrocrimedaily.com"
51.222.253.13 - - [08/Feb/2023:06:55:57 -0800] "GET /CRIME-WATCH-AMERICA/CRIME-WATCH-DETROIT/unix/wbin/comm.exe HTTP/1.1" 200 20992 "-" "Mozilla/5.0 (compatible; AhrefsBot/7.0; +http://ahrefs.com/robot/)" "www.metrocrimedaily.com"
69.63.184.117 - - [08/Feb/2023:06:56:00 -0800] "GET /instagram-chicago/02-08-2023-0855172-A.jpg HTTP/1.1" 404 88 "-" "facebookexternalhit/1.1 (+http://www.facebook.com/externalhit_uatext.php)" "www.metrocrimedaily.com"
51.222.253.2 - - [08/Feb/2023:06:58:55 -0800] "GET /CRIME-WATCH-AMERICA/CRIME-WATCH-DETROIT/unix/wbin/date.exe HTTP/1.1" 200 39424 "-" "Mozilla/5.0 (compatible; AhrefsBot/7.0; +http://ahrefs.com/robot/)" "www.metrocrimedaily.com"
51.222.253.18 - - [08/Feb/2023:07:00:00 -0800] "GET /CRIME-WATCH-AMERICA/CRIME-WATCH-DETROIT/unix/wbin/diff.exe HTTP/1.1" 200 68096 "-" "Mozilla/5.0 (compatible; AhrefsBot/7.0; +http://ahrefs.com/robot/)" "www.metrocrimedaily.com"
51.222.253.7 - - [08/Feb/2023:07:01:14 -0800] "GET /CRIME-WATCH-AMERICA/CRIME-WATCH-DETROIT/unix/wbin/diff3.exe HTTP/1.1" 200 17920 "-" "Mozilla/5.0 (compatible; AhrefsBot/7.0; +http://ahrefs.com/robot/)" "www.metrocrimedaily.com"
51.222.253.10 - - [08/Feb/2023:07:02:30 -0800] "GET /CRIME-WATCH-AMERICA/CRIME-WATCH-DETROIT/unix/wbin/egrep.exe HTTP/1.1" 200 80412 "-" "Mozilla/5.0 (compatible; AhrefsBot/7.0; +http://ahrefs.com/robot/)" "www.metrocrimedaily.com"
69.63.184.4 - - [08/Feb/2023:07:02:36 -0800] "GET /instagram-atlanta/02-08-2023-0902151-A.jpg HTTP/1.1" 404 88 "-" "facebookexternalhit/1.1 (+http://www.facebook.com/externalhit_uatext.php)" "www.metrocrimedaily.com"
69.63.184.1 - - [08/Feb/2023:07:02:57 -0800] "GET /instagram-atlanta/02-08-2023-0902152-A.jpg HTTP/1.1" 404 88 "-" "facebookexternalhit/1.1 (+http://www.facebook.com/externalhit_uatext.php)" "www.metrocrimedaily.com"
69.63.184.119 - - [08/Feb/2023:07:03:18 -0800] "GET /instagram-atlanta/02-08-2023-0902153-A.jpg HTTP/1.1" 404 88 "-" "facebookexternalhit/1.1 (+http://www.facebook.com/externalhit_uatext.php)" "www.metrocrimedaily.com"
51.222.253.8 - - [08/Feb/2023:07:03:51 -0800] "GET /CRIME-WATCH-AMERICA/CRIME-WATCH-DETROIT/unix/wbin/fgrep.exe HTTP/1.1" 200 80412 "-" "Mozilla/5.0 (compatible; AhrefsBot/7.0; +http://ahrefs.com/robot/)" "www.metrocrimedaily.com"
51.222.253.4 - - [08/Feb/2023:07:05:16 -0800] "GET /CRIME-WATCH-AMERICA/CRIME-WATCH-DETROIT/unix/wbin/flex.exe HTTP/1.1" 200 146432 "-" "Mozilla/5.0 (compatible; AhrefsBot/7.0; +http://ahrefs.com/robot/)" "www.metrocrimedaily.com"
51.222.253.2 - - [08/Feb/2023:07:07:00 -0800] "GET /CRIME-WATCH-AMERICA/CRIME-WATCH-DETROIT/unix/wbin/fold.exe HTTP/1.1" 200 21504 "-" "Mozilla/5.0 (compatible; AhrefsBot/7.0; +http://ahrefs.com/robot/)" "www.metrocrimedaily.com"
51.222.253.13 - - [08/Feb/2023:07:08:38 -0800] "GET /CRIME-WATCH-AMERICA/CRIME-WATCH-DETROIT/unix/wbin/gplay.exe HTTP/1.1" 200 4608 "-" "Mozilla/5.0 (compatible; AhrefsBot/7.0; +http://ahrefs.com/robot/)" "www.metrocrimedaily.com"
114.119.129.190 - - [08/Feb/2023:07:09:55 -0800] "GET /CRIME-WATCH-AMERICA/CRIME-WATCH-MIAMI/ HTTP/1.1" 200 374 "https://metrocrimedaily.com/CRIME-WATCH-AMERICA/CRIME-WATCH-MIAMI/support/" "Mozilla/5.0 (Linux; Android 7.0;) AppleWebKit/537.36 (KHTML, like Gecko) Mobile Safari/537.36 (compatible; PetalBot;+https://webmaster.petalsearch.com/site/petalbot)" "metrocrimedaily.com"
51.222.253.4 - - [08/Feb/2023:07:10:05 -0800] "GET /CRIME-WATCH-AMERICA/CRIME-WATCH-DETROIT/unix/wbin/grep.exe HTTP/1.1" 200 80412 "-" "Mozilla/5.0 (compatible; AhrefsBot/7.0; +http://ahrefs.com/robot/)" "www.metrocrimedaily.com"
51.222.253.8 - - [08/Feb/2023:07:11:38 -0800] "GET /CRIME-WATCH-AMERICA/CRIME-WATCH-DETROIT/unix/wbin/gsar.exe HTTP/1.1" 200 15360 "-" "Mozilla/5.0 (compatible; AhrefsBot/7.0; +http://ahrefs.com/robot/)" "www.metrocrimedaily.com"
51.222.253.13 - - [08/Feb/2023:07:13:30 -0800] "GET /CRIME-WATCH-AMERICA/CRIME-WATCH-DETROIT/unix/wbin/gzip.exe HTTP/1.1" 200 49152 "-" "Mozilla/5.0 (compatible; AhrefsBot/7.0; +http://ahrefs.com/robot/)" "www.metrocrimedaily.com"
76.184.252.42 - - [08/Feb/2023:07:14:10 -0800] "GET /images/police-tape.jpg HTTP/1.1" 200 50766 "-" "Wget/1.20.3 (mingw32)" "metrocrimedaily.com"
69.63.184.116 - - [08/Feb/2023:07:14:20 -0800] "GET /instagram-detroit/02-08-2023-0913581-A.jpg HTTP/1.1" 404 88 "-" "facebookexternalhit/1.1 (+http://www.facebook.com/externalhit_uatext.php)" "www.metrocrimedaily.com"
69.63.184.7 - - [08/Feb/2023:07:14:41 -0800] "GET /instagram-detroit/02-08-2023-0913582-A.jpg HTTP/1.1" 404 88 "-" "facebookexternalhit/1.1 (+http://www.facebook.com/externalhit_uatext.php)" "www.metrocrimedaily.com"
51.222.253.14 - - [08/Feb/2023:07:14:51 -0800] "GET /CRIME-WATCH-AMERICA/CRIME-WATCH-DETROIT/unix/wbin/head.exe HTTP/1.1" 200 24064 "-" "Mozilla/5.0 (compatible; AhrefsBot/7.0; +http://ahrefs.com/robot/)" "www.metrocrimedaily.com"
69.63.184.1 - - [08/Feb/2023:07:15:03 -0800] "GET /instagram-detroit/02-08-2023-0913583-A.jpg HTTP/1.1" 404 88 "-" "facebookexternalhit/1.1 (+http://www.facebook.com/externalhit_uatext.php)" "www.metrocrimedaily.com"
69.63.184.119 - - [08/Feb/2023:07:15:22 -0800] "GET /instagram-detroit/02-08-2023-0913584-A.jpg HTTP/1.1" 404 88 "-" "facebookexternalhit/1.1 (+http://www.facebook.com/externalhit_uatext.php)" "www.metrocrimedaily.com"
69.63.184.117 - - [08/Feb/2023:07:15:42 -0800] "GET /instagram-detroit/02-08-2023-0913585-A.jpg HTTP/1.1" 404 88 "-" "facebookexternalhit/1.1 (+http://www.facebook.com/externalhit_uatext.php)" "www.metrocrimedaily.com"
69.63.184.5 - - [08/Feb/2023:07:15:45 -0800] "GET /instagram-newyork/02-08-2023-0915261-A.jpg HTTP/1.1" 404 88 "-" "facebookexternalhit/1.1 (+http://www.facebook.com/externalhit_uatext.php)" "www.metrocrimedaily.com"
51.222.253.11 - - [08/Feb/2023:07:16:12 -0800] "GET /CRIME-WATCH-AMERICA/CRIME-WATCH-DETROIT/unix/wbin/join.exe HTTP/1.1" 200 27136 "-" "Mozilla/5.0 (compatible; AhrefsBot/7.0; +http://ahrefs.com/robot/)" "www.metrocrimedaily.com"
51.222.253.19 - - [08/Feb/2023:07:17:42 -0800] "GET /CRIME-WATCH-AMERICA/CRIME-WATCH-DETROIT/unix/wbin/less.exe HTTP/1.1" 200 77312 "-" "Mozilla/5.0 (compatible; AhrefsBot/7.0; +http://ahrefs.com/robot/)" "www.metrocrimedaily.com"
40.77.167.212 - - [08/Feb/2023:07:18:54 -0800] "GET /index-miami.html HTTP/1.1" 200 29288 "-" "Mozilla/5.0 AppleWebKit/537.36 (KHTML, like Gecko; compatible; bingbot/2.0; +http://www.bing.com/bingbot.htm) Chrome/103.0.5060.134 Safari/537.36" "metrocrimedaily.com"
51.222.253.13 - - [08/Feb/2023:07:19:13 -0800] "GET /CRIME-WATCH-AMERICA/CRIME-WATCH-DETROIT/unix/wbin/make.exe HTTP/1.1" 200 126976 "-" "Mozilla/5.0 (compatible; AhrefsBot/7.0; +http://ahrefs.com/robot/)" "www.metrocrimedaily.com"
114.119.137.38 - - [08/Feb/2023:07:19:19 -0800] "GET /instagram-stlouis/01-30-2023-2251552-Teens-involved-in-series-of-carjacking-crimes--St.txt HTTP/1.1" 404 88 "https://metrocrimedaily.com/instagram-stlouis/?C=M%3BO%3DA" "Mozilla/5.0 (Linux; Android 7.0;) AppleWebKit/537.36 (KHTML, like Gecko) Mobile Safari/537.36 (compatible; PetalBot;+https://webmaster.petalsearch.com/site/petalbot)" "metrocrimedaily.com"
51.222.253.14 - - [08/Feb/2023:07:20:44 -0800] "GET /CRIME-WATCH-AMERICA/CRIME-WATCH-DETROIT/unix/wbin/mvdir.exe HTTP/1.1" 200 20480 "-" "Mozilla/5.0 (compatible; AhrefsBot/7.0; +http://ahrefs.com/robot/)" "www.metrocrimedaily.com"
69.63.184.120 - - [08/Feb/2023:07:20:50 -0800] "GET /instagram-stlouis/02-08-2023-0920291-A.jpg HTTP/1.1" 404 88 "-" "facebookexternalhit/1.1 (+http://www.facebook.com/externalhit_uatext.php)" "www.metrocrimedaily.com"
114.119.154.203 - - [08/Feb/2023:07:21:13 -0800] "GET /instagram-neworleans/01-26-2023-0007422-Gentilly-store-manager-threatened-by-mask-wearing.txt HTTP/1.1" 404 88 "https://metrocrimedaily.com/instagram-neworleans/" "Mozilla/5.0 (Linux; Android 7.0;) AppleWebKit/537.36 (KHTML, like Gecko) Mobile Safari/537.36 (compatible; PetalBot;+https://webmaster.petalsearch.com/site/petalbot)" "metrocrimedaily.com"
51.222.253.18 - - [08/Feb/2023:07:22:11 -0800] "GET /CRIME-WATCH-AMERICA/CRIME-WATCH-DETROIT/unix/wbin/pclip.exe HTTP/1.1" 200 8192 "-" "Mozilla/5.0 (compatible; AhrefsBot/7.0; +http://ahrefs.com/robot/)" "www.metrocrimedaily.com"
114.119.136.86 - - [08/Feb/2023:07:22:34 -0800] "GET /instagram-miami/02-06-2023-0937122-1-hospitalized-following-shooting-in-Little-Havan.txt HTTP/1.1" 404 88 "https://metrocrimedaily.com/instagram-miami/?C=D%3BO%3DA" "Mozilla/5.0 (Linux; Android 7.0;) AppleWebKit/537.36 (KHTML, like Gecko) Mobile Safari/537.36 (compatible; PetalBot;+https://webmaster.petalsearch.com/site/petalbot)" "metrocrimedaily.com"
114.119.155.96 - - [08/Feb/2023:07:23:28 -0800] "GET /instagram-memphis/02-06-2023-2302222-Violent-crimes-drop-in-Shelby-County-while-proper.txt HTTP/1.1" 404 88 "https://metrocrimedaily.com/instagram-memphis/?C=M%3BO%3DA" "Mozilla/5.0 (Linux; Android 7.0;) AppleWebKit/537.36 (KHTML, like Gecko) Mobile Safari/537.36 (compatible; PetalBot;+https://webmaster.petalsearch.com/site/petalbot)" "metrocrimedaily.com"
51.222.253.11 - - [08/Feb/2023:07:23:32 -0800] "GET /CRIME-WATCH-AMERICA/CRIME-WATCH-DETROIT/unix/wbin/rmdir.exe HTTP/1.1" 200 28672 "-" "Mozilla/5.0 (compatible; AhrefsBot/7.0; +http://ahrefs.com/robot/)" "www.metrocrimedaily.com"
51.222.253.13 - - [08/Feb/2023:07:24:58 -0800] "GET /CRIME-WATCH-AMERICA/CRIME-WATCH-DETROIT/unix/wbin/sdiff.exe HTTP/1.1" 200 19968 "-" "Mozilla/5.0 (compatible; AhrefsBot/7.0; +http://ahrefs.com/robot/)" "www.metrocrimedaily.com"
51.222.253.2 - - [08/Feb/2023:07:26:10 -0800] "GET /CRIME-WATCH-AMERICA/CRIME-WATCH-DETROIT/unix/wbin/sort.exe HTTP/1.1" 200 38400 "-" "Mozilla/5.0 (compatible; AhrefsBot/7.0; +http://ahrefs.com/robot/)" "www.metrocrimedaily.com"
69.63.184.1 - - [08/Feb/2023:07:26:16 -0800] "GET /instagram-miami/02-08-2023-0925561-A.jpg HTTP/1.1" 404 88 "-" "facebookexternalhit/1.1 (+http://www.facebook.com/externalhit_uatext.php)" "www.metrocrimedaily.com"
51.222.253.14 - - [08/Feb/2023:07:27:30 -0800] "GET /CRIME-WATCH-AMERICA/CRIME-WATCH-DETROIT/unix/wbin/stego.exe HTTP/1.1" 200 12800 "-" "Mozilla/5.0 (compatible; AhrefsBot/7.0; +http://ahrefs.com/robot/)" "www.metrocrimedaily.com"
69.63.184.2 - - [08/Feb/2023:07:27:30 -0800] "GET /instagram-losangeles/02-08-2023-0927121-A.jpg HTTP/1.1" 404 88 "-" "facebookexternalhit/1.1 (+http://www.facebook.com/externalhit_uatext.php)" "www.metrocrimedaily.com"
51.222.253.10 - - [08/Feb/2023:07:28:52 -0800] "GET /CRIME-WATCH-AMERICA/CRIME-WATCH-DETROIT/unix/wbin/sync.exe HTTP/1.1" 200 19456 "-" "Mozilla/5.0 (compatible; AhrefsBot/7.0; +http://ahrefs.com/robot/)" "www.metrocrimedaily.com"
51.222.253.12 - - [08/Feb/2023:07:30:04 -0800] "GET /CRIME-WATCH-AMERICA/CRIME-WATCH-DETROIT/unix/wbin/tail.exe HTTP/1.1" 200 35328 "-" "Mozilla/5.0 (compatible; AhrefsBot/7.0; +http://ahrefs.com/robot/)" "www.metrocrimedaily.com"
69.63.184.1 - - [08/Feb/2023:07:30:07 -0800] "GET /instagram-houston/02-08-2023-0929491-A.jpg HTTP/1.1" 404 88 "-" "facebookexternalhit/1.1 (+http://www.facebook.com/externalhit_uatext.php)" "www.metrocrimedaily.com"
69.63.184.118 - - [08/Feb/2023:07:30:28 -0800] "GET /instagram-houston/02-08-2023-0929492-A.jpg HTTP/1.1" 404 88 "-" "facebookexternalhit/1.1 (+http://www.facebook.com/externalhit_uatext.php)" "www.metrocrimedaily.com"
69.63.184.1 - - [08/Feb/2023:07:30:48 -0800] "GET /instagram-houston/02-08-2023-0929493-A.jpg HTTP/1.1" 404 88 "-" "facebookexternalhit/1.1 (+http://www.facebook.com/externalhit_uatext.php)" "www.metrocrimedaily.com"
69.63.184.6 - - [08/Feb/2023:07:31:01 -0800] "GET /instagram-memphis/02-08-2023-0930421-A.jpg HTTP/1.1" 404 88 "-" "facebookexternalhit/1.1 (+http://www.facebook.com/externalhit_uatext.php)" "www.metrocrimedaily.com"
69.63.184.3 - - [08/Feb/2023:07:31:21 -0800] "GET /instagram-memphis/02-08-2023-0930422-A.jpg HTTP/1.1" 404 88 "-" "facebookexternalhit/1.1 (+http://www.facebook.com/externalhit_uatext.php)" "www.metrocrimedaily.com"
51.222.253.9 - - [08/Feb/2023:07:31:24 -0800] "GET /CRIME-WATCH-AMERICA/CRIME-WATCH-DETROIT/unix/wbin/test.exe HTTP/1.1" 200 17920 "-" "Mozilla/5.0 (compatible; AhrefsBot/7.0; +http://ahrefs.com/robot/)" "www.metrocrimedaily.com"
51.222.253.2 - - [08/Feb/2023:07:33:06 -0800] "GET /CRIME-WATCH-AMERICA/CRIME-WATCH-DETROIT/unix/wbin/touch.exe HTTP/1.1" 200 35840 "-" "Mozilla/5.0 (compatible; AhrefsBot/7.0; +http://ahrefs.com/robot/)" "www.metrocrimedaily.com"
51.222.253.1 - - [08/Feb/2023:07:34:22 -0800] "GET /CRIME-WATCH-AMERICA/CRIME-WATCH-DETROIT/unix/wbin/type.exe HTTP/1.1" 200 3584 "-" "Mozilla/5.0 (compatible; AhrefsBot/7.0; +http://ahrefs.com/robot/)" "www.metrocrimedaily.com"
51.222.253.4 - - [08/Feb/2023:07:35:31 -0800] "GET /CRIME-WATCH-AMERICA/CRIME-WATCH-DETROIT/unix/wbin/uname.exe HTTP/1.1" 200 16896 "-" "Mozilla/5.0 (compatible; AhrefsBot/7.0; +http://ahrefs.com/robot/)" "www.metrocrimedaily.com"
51.222.253.18 - - [08/Feb/2023:07:36:57 -0800] "GET /CRIME-WATCH-AMERICA/CRIME-WATCH-DETROIT/unix/wbin/wget.exe HTTP/1.1" 200 252416 "-" "Mozilla/5.0 (compatible; AhrefsBot/7.0; +http://ahrefs.com/robot/)" "www.metrocrimedaily.com"
51.222.253.12 - - [08/Feb/2023:07:38:20 -0800] "GET /CRIME-WATCH-AMERICA/CRIME-WATCH-DETROIT/unix/wbin/wget.hlp HTTP/1.1" 200 131187 "-" "Mozilla/5.0 (compatible; AhrefsBot/7.0; +http://ahrefs.com/robot/)" "www.metrocrimedaily.com"
51.222.253.15 - - [08/Feb/2023:07:39:38 -0800] "GET /CRIME-WATCH-AMERICA/CRIME-WATCH-STLOUIS/unix/wbin/agrep.exe HTTP/1.1" 200 147456 "-" "Mozilla/5.0 (compatible; AhrefsBot/7.0; +http://ahrefs.com/robot/)" "www.metrocrimedaily.com"
114.119.141.53 - - [08/Feb/2023:07:40:04 -0800] "GET /instagram-stlouis/post-later/02-02-2023-2226334-Flip-flop-felonies--Man-wanted-in-south-county-ca.txt HTTP/1.1" 404 88 "https://metrocrimedaily.com/instagram-stlouis/post-later/?C=S%3BO%3DA" "Mozilla/5.0 (Linux; Android 7.0;) AppleWebKit/537.36 (KHTML, like Gecko) Mobile Safari/537.36 (compatible; PetalBot;+https://webmaster.petalsearch.com/site/petalbot)" "metrocrimedaily.com"
51.222.253.2 - - [08/Feb/2023:07:41:05 -0800] "GET /CRIME-WATCH-AMERICA/CRIME-WATCH-STLOUIS/unix/wbin/chgrp.exe HTTP/1.1" 200 24064 "-" "Mozilla/5.0 (compatible; AhrefsBot/7.0; +http://ahrefs.com/robot/)" "www.metrocrimedaily.com"
114.119.149.228 - - [08/Feb/2023:07:41:07 -0800] "GET /instagram-neworleans/01-27-2023-1202411-Where---s-the-longest-rural-postal-route-in-Louis.txt HTTP/1.1" 404 88 "https://metrocrimedaily.com/instagram-neworleans/?C=D%3BO%3DA" "Mozilla/5.0 (Linux; Android 7.0;) AppleWebKit/537.36 (KHTML, like Gecko) Mobile Safari/537.36 (compatible; PetalBot;+https://webmaster.petalsearch.com/site/petalbot)" "metrocrimedaily.com"
51.222.253.15 - - [08/Feb/2023:07:42:15 -0800] "GET /CRIME-WATCH-AMERICA/CRIME-WATCH-STLOUIS/unix/wbin/chmod.exe HTTP/1.1" 200 22528 "-" "Mozilla/5.0 (compatible; AhrefsBot/7.0; +http://ahrefs.com/robot/)" "www.metrocrimedaily.com"
96.11.89.179 - - [08/Feb/2023:07:43:30 -0800] "GET /index.html HTTP/1.1" 404 88 "http://www.metrocrimedaily.com/" "Mozilla/5.0 (iPhone; CPU iPhone OS 15_7 like Mac OS X) AppleWebKit/605.1.15 (KHTML, like Gecko) Version/15.6,2 Mobile/15E148 Safari/604.1" "www.metrocrimedaily.com"
51.222.253.16 - - [08/Feb/2023:07:43:35 -0800] "GET /CRIME-WATCH-AMERICA/CRIME-WATCH-STLOUIS/unix/wbin/chown.exe HTTP/1.1" 200 23040 "-" "Mozilla/5.0 (compatible; AhrefsBot/7.0; +http://ahrefs.com/robot/)" "www.metrocrimedaily.com"
51.222.253.11 - - [08/Feb/2023:07:44:55 -0800] "GET /CRIME-WATCH-AMERICA/CRIME-WATCH-STLOUIS/unix/wbin/cksum.exe HTTP/1.1" 200 19968 "-" "Mozilla/5.0 (compatible; AhrefsBot/7.0; +http://ahrefs.com/robot/)" "www.metrocrimedaily.com"
51.222.253.10 - - [08/Feb/2023:07:46:18 -0800] "GET /CRIME-WATCH-AMERICA/CRIME-WATCH-STLOUIS/unix/wbin/egrep.exe HTTP/1.1" 200 80412 "-" "Mozilla/5.0 (compatible; AhrefsBot/7.0; +http://ahrefs.com/robot/)" "www.metrocrimedaily.com"
51.222.253.9 - - [08/Feb/2023:07:47:38 -0800] "GET /CRIME-WATCH-AMERICA/CRIME-WATCH-STLOUIS/unix/wbin/factor.exe HTTP/1.1" 200 18432 "-" "Mozilla/5.0 (compatible; AhrefsBot/7.0; +http://ahrefs.com/robot/)" "www.metrocrimedaily.com"
51.222.253.14 - - [08/Feb/2023:07:48:47 -0800] "GET /CRIME-WATCH-AMERICA/CRIME-WATCH-STLOUIS/unix/wbin/fgrep.exe HTTP/1.1" 200 80412 "-" "Mozilla/5.0 (compatible; AhrefsBot/7.0; +http://ahrefs.com/robot/)" "www.metrocrimedaily.com"
51.222.253.3 - - [08/Feb/2023:07:49:56 -0800] "GET /CRIME-WATCH-AMERICA/CRIME-WATCH-STLOUIS/unix/wbin/gclip.exe HTTP/1.1" 200 8192 "-" "Mozilla/5.0 (compatible; AhrefsBot/7.0; +http://ahrefs.com/robot/)" "www.metrocrimedaily.com"
51.222.253.10 - - [08/Feb/2023:07:51:03 -0800] "GET /CRIME-WATCH-AMERICA/CRIME-WATCH-STLOUIS/unix/wbin/gplay.exe HTTP/1.1" 200 4608 "-" "Mozilla/5.0 (compatible; AhrefsBot/7.0; +http://ahrefs.com/robot/)" "www.metrocrimedaily.com"
69.63.184.118 - - [08/Feb/2023:07:51:45 -0800] "GET /instagram-dallas/02-08-2023-0951231-A.jpg HTTP/1.1" 404 88 "-" "facebookexternalhit/1.1 (+http://www.facebook.com/externalhit_uatext.php)" "www.metrocrimedaily.com"
51.222.253.6 - - [08/Feb/2023:07:52:12 -0800] "GET /CRIME-WATCH-AMERICA/CRIME-WATCH-STLOUIS/unix/wbin/gunzip.exe HTTP/1.1" 200 49152 "-" "Mozilla/5.0 (compatible; AhrefsBot/7.0; +http://ahrefs.com/robot/)" "www.metrocrimedaily.com"
51.222.253.4 - - [08/Feb/2023:07:53:00 -0800] "GET /robots.txt HTTP/1.1" 404 88 "-" "Mozilla/5.0 (compatible; AhrefsBot/7.0; +http://ahrefs.com/robot/)" "metrocrimedaily.com"
51.222.253.7 - - [08/Feb/2023:07:53:01 -0800] "GET / HTTP/1.1" 200 1637 "-" "Mozilla/5.0 (compatible; AhrefsBot/7.0; +http://ahrefs.com/robot/)" "metrocrimedaily.com"
51.222.253.11 - - [08/Feb/2023:07:53:33 -0800] "GET /index-pms-oldway.html HTTP/1.1" 200 1246 "-" "Mozilla/5.0 (compatible; AhrefsBot/7.0; +http://ahrefs.com/robot/)" "metrocrimedaily.com"
51.222.253.5 - - [08/Feb/2023:07:53:46 -0800] "GET /images/youtube-logo-tiny.png HTTP/1.1" 200 689 "-" "Mozilla/5.0 (compatible; AhrefsBot/7.0; +http://ahrefs.com/robot/)" "metrocrimedaily.com"
51.222.253.17 - - [08/Feb/2023:07:53:47 -0800] "GET /images/twitter-logo-b-tiny.png HTTP/1.1" 200 1600 "-" "Mozilla/5.0 (compatible; AhrefsBot/7.0; +http://ahrefs.com/robot/)" "metrocrimedaily.com"
51.222.253.16 - - [08/Feb/2023:07:53:48 -0800] "GET /images/facebook-logo-tiny.png HTTP/1.1" 200 1280 "-" "Mozilla/5.0 (compatible; AhrefsBot/7.0; +http://ahrefs.com/robot/)" "metrocrimedaily.com"
51.222.253.9 - - [08/Feb/2023:07:54:14 -0800] "GET /CRIME-WATCH-AMERICA/CRIME-WATCH-LOS-ANGELES/support/ HTTP/1.1" 200 716 "-" "Mozilla/5.0 (compatible; AhrefsBot/7.0; +http://ahrefs.com/robot/)" "www.metrocrimedaily.com"
51.222.253.20 - - [08/Feb/2023:07:54:43 -0800] "GET /CRIME-WATCH-AMERICA/CRIME-WATCH-ATLANTA/ HTTP/1.1" 200 1338 "-" "Mozilla/5.0 (compatible; AhrefsBot/7.0; +http://ahrefs.com/robot/)" "www.metrocrimedaily.com"
173.252.111.6 - - [08/Feb/2023:07:55:11 -0800] "GET /instagram-newyork/02-08-2023-0954521-A.jpg HTTP/1.1" 404 88 "-" "facebookexternalhit/1.1 (+http://www.facebook.com/externalhit_uatext.php)" "www.metrocrimedaily.com"
51.222.253.9 - - [08/Feb/2023:07:55:14 -0800] "GET /instagram-monroe/?C=D;O=A HTTP/1.1" 200 358 "-" "Mozilla/5.0 (compatible; AhrefsBot/7.0; +http://ahrefs.com/robot/)" "metrocrimedaily.com"
51.222.253.18 - - [08/Feb/2023:07:55:52 -0800] "GET /instagram-monroe/?C=M;O=A HTTP/1.1" 200 358 "-" "Mozilla/5.0 (compatible; AhrefsBot/7.0; +http://ahrefs.com/robot/)" "metrocrimedaily.com"
51.222.253.15 - - [08/Feb/2023:07:56:26 -0800] "GET /instagram-monroe/?C=S;O=A HTTP/1.1" 200 358 "-" "Mozilla/5.0 (compatible; AhrefsBot/7.0; +http://ahrefs.com/robot/)" "metrocrimedaily.com"
40.77.167.212 - - [08/Feb/2023:07:56:48 -0800] "GET /index-miami.html HTTP/1.1" 200 29288 "-" "Mozilla/5.0 AppleWebKit/537.36 (KHTML, like Gecko; compatible; bingbot/2.0; +http://www.bing.com/bingbot.htm) Chrome/103.0.5060.134 Safari/537.36" "metrocrimedaily.com"
51.222.253.9 - - [08/Feb/2023:07:57:02 -0800] "GET /CRIME-WATCH-AMERICA/CRIME-WATCH-DETROIT/unix/wbin/bc.exe HTTP/1.1" 200 52736 "-" "Mozilla/5.0 (compatible; AhrefsBot/7.0; +http://ahrefs.com/robot/)" "www.metrocrimedaily.com"
51.222.253.9 - - [08/Feb/2023:07:57:44 -0800] "GET /CRIME-WATCH-AMERICA/CRIME-WATCH-DETROIT/unix/wbin/cat.exe HTTP/1.1" 200 22016 "-" "Mozilla/5.0 (compatible; AhrefsBot/7.0; +http://ahrefs.com/robot/)" "www.metrocrimedaily.com"
173.252.111.22 - - [08/Feb/2023:07:58:19 -0800] "GET /instagram-miami/02-08-2023-0958001-A.jpg HTTP/1.1" 404 88 "-" "facebookexternalhit/1.1 (+http://www.facebook.com/externalhit_uatext.php)" "www.metrocrimedaily.com"
51.222.253.2 - - [08/Feb/2023:07:58:24 -0800] "GET /CRIME-WATCH-AMERICA/CRIME-WATCH-DETROIT/unix/wbin/cmp.exe HTTP/1.1" 200 11264 "-" "Mozilla/5.0 (compatible; AhrefsBot/7.0; +http://ahrefs.com/robot/)" "www.metrocrimedaily.com"
51.222.253.10 - - [08/Feb/2023:07:58:54 -0800] "GET /CRIME-WATCH-AMERICA/CRIME-WATCH-DETROIT/unix/wbin/cp.exe HTTP/1.1" 200 73728 "-" "Mozilla/5.0 (compatible; AhrefsBot/7.0; +http://ahrefs.com/robot/)" "www.metrocrimedaily.com"
51.222.253.18 - - [08/Feb/2023:07:59:26 -0800] "GET /CRIME-WATCH-AMERICA/CRIME-WATCH-DETROIT/unix/wbin/cut.exe HTTP/1.1" 200 24064 "-" "Mozilla/5.0 (compatible; AhrefsBot/7.0; +http://ahrefs.com/robot/)" "www.metrocrimedaily.com"
173.252.111.116 - - [08/Feb/2023:07:59:41 -0800] "GET /instagram-stlouis/02-08-2023-0959231-A.jpg HTTP/1.1" 404 88 "-" "facebookexternalhit/1.1 (+http://www.facebook.com/externalhit_uatext.php)" "www.metrocrimedaily.com"
51.222.253.15 - - [08/Feb/2023:08:00:01 -0800] "GET /CRIME-WATCH-AMERICA/CRIME-WATCH-DETROIT/unix/wbin/dc.exe HTTP/1.1" 200 25600 "-" "Mozilla/5.0 (compatible; AhrefsBot/7.0; +http://ahrefs.com/robot/)" "www.metrocrimedaily.com"
51.222.253.4 - - [08/Feb/2023:08:00:42 -0800] "GET /CRIME-WATCH-AMERICA/CRIME-WATCH-DETROIT/unix/wbin/dd.exe HTTP/1.1" 200 40960 "-" "Mozilla/5.0 (compatible; AhrefsBot/7.0; +http://ahrefs.com/robot/)" "www.metrocrimedaily.com"
51.222.253.13 - - [08/Feb/2023:08:01:21 -0800] "GET /CRIME-WATCH-AMERICA/CRIME-WATCH-DETROIT/unix/wbin/df.exe HTTP/1.1" 200 26112 "-" "Mozilla/5.0 (compatible; AhrefsBot/7.0; +http://ahrefs.com/robot/)" "www.metrocrimedaily.com"
51.222.253.10 - - [08/Feb/2023:08:02:04 -0800] "GET /CRIME-WATCH-AMERICA/CRIME-WATCH-DETROIT/unix/wbin/du.exe HTTP/1.1" 200 26112 "-" "Mozilla/5.0 (compatible; AhrefsBot/7.0; +http://ahrefs.com/robot/)" "www.metrocrimedaily.com"
51.222.253.2 - - [08/Feb/2023:08:02:41 -0800] "GET /CRIME-WATCH-AMERICA/CRIME-WATCH-DETROIT/unix/wbin/echo.exe HTTP/1.1" 200 7680 "-" "Mozilla/5.0 (compatible; AhrefsBot/7.0; +http://ahrefs.com/robot/)" "www.metrocrimedaily.com"
69.63.184.116 - - [08/Feb/2023:08:03:16 -0800] "GET /instagram-detroit/02-08-2023-1002551-A.jpg HTTP/1.1" 404 88 "-" "facebookexternalhit/1.1 (+http://www.facebook.com/externalhit_uatext.php)" "www.metrocrimedaily.com"
51.222.253.10 - - [08/Feb/2023:08:03:23 -0800] "GET /CRIME-WATCH-AMERICA/CRIME-WATCH-DETROIT/unix/wbin/env.exe HTTP/1.1" 200 8192 "-" "Mozilla/5.0 (compatible; AhrefsBot/7.0; +http://ahrefs.com/robot/)" "www.metrocrimedaily.com"
69.63.184.120 - - [08/Feb/2023:08:03:35 -0800] "GET /instagram-detroit/02-08-2023-1002552-A.jpg HTTP/1.1" 404 88 "-" "facebookexternalhit/1.1 (+http://www.facebook.com/externalhit_uatext.php)" "www.metrocrimedaily.com"
51.222.253.10 - - [08/Feb/2023:08:03:58 -0800] "GET /CRIME-WATCH-AMERICA/CRIME-WATCH-DETROIT/unix/wbin/expr.exe HTTP/1.1" 200 13824 "-" "Mozilla/5.0 (compatible; AhrefsBot/7.0; +http://ahrefs.com/robot/)" "www.metrocrimedaily.com"
51.222.253.4 - - [08/Feb/2023:08:04:35 -0800] "GET /CRIME-WATCH-AMERICA/CRIME-WATCH-DETROIT/unix/wbin/find.exe HTTP/1.1" 200 65536 "-" "Mozilla/5.0 (compatible; AhrefsBot/7.0; +http://ahrefs.com/robot/)" "www.metrocrimedaily.com"
51.222.253.17 - - [08/Feb/2023:08:05:05 -0800] "GET /CRIME-WATCH-AMERICA/CRIME-WATCH-DETROIT/unix/wbin/fmt.exe HTTP/1.1" 200 24064 "-" "Mozilla/5.0 (compatible; AhrefsBot/7.0; +http://ahrefs.com/robot/)" "www.metrocrimedaily.com"
51.222.253.2 - - [08/Feb/2023:08:05:39 -0800] "GET /CRIME-WATCH-AMERICA/CRIME-WATCH-DETROIT/unix/wbin/gawk.exe HTTP/1.1" 200 195584 "-" "Mozilla/5.0 (compatible; AhrefsBot/7.0; +http://ahrefs.com/robot/)" "www.metrocrimedaily.com"
173.252.111.12 - - [08/Feb/2023:08:05:41 -0800] "GET /instagram-memphis/02-08-2023-1005201-A.jpg HTTP/1.1" 404 88 "-" "facebookexternalhit/1.1 (+http://www.facebook.com/externalhit_uatext.php)" "www.metrocrimedaily.com"
173.252.111.15 - - [08/Feb/2023:08:06:02 -0800] "GET /instagram-memphis/02-08-2023-1005202-A.jpg HTTP/1.1" 404 88 "-" "facebookexternalhit/1.1 (+http://www.facebook.com/externalhit_uatext.php)" "www.metrocrimedaily.com"
51.222.253.17 - - [08/Feb/2023:08:06:04 -0800] "GET /CRIME-WATCH-AMERICA/CRIME-WATCH-DETROIT/unix/wbin/id.exe HTTP/1.1" 200 10240 "-" "Mozilla/5.0 (compatible; AhrefsBot/7.0; +http://ahrefs.com/robot/)" "www.metrocrimedaily.com"
51.222.253.8 - - [08/Feb/2023:08:07:42 -0800] "GET /CRIME-WATCH-AMERICA/CRIME-WATCH-DETROIT/unix/wbin/ln.exe HTTP/1.1" 200 69632 "-" "Mozilla/5.0 (compatible; AhrefsBot/7.0; +http://ahrefs.com/robot/)" "www.metrocrimedaily.com"
51.222.253.12 - - [08/Feb/2023:08:08:12 -0800] "GET /CRIME-WATCH-AMERICA/CRIME-WATCH-DETROIT/unix/wbin/ls.exe HTTP/1.1" 200 57856 "-" "Mozilla/5.0 (compatible; AhrefsBot/7.0; +http://ahrefs.com/robot/)" "www.metrocrimedaily.com"
51.222.253.13 - - [08/Feb/2023:08:08:35 -0800] "GET /CRIME-WATCH-AMERICA/CRIME-WATCH-DETROIT/unix/wbin/m4.exe HTTP/1.1" 200 83456 "-" "Mozilla/5.0 (compatible; AhrefsBot/7.0; +http://ahrefs.com/robot/)" "www.metrocrimedaily.com"
51.222.253.7 - - [08/Feb/2023:08:09:06 -0800] "GET /CRIME-WATCH-AMERICA/CRIME-WATCH-DETROIT/unix/wbin/man.exe HTTP/1.1" 200 38912 "-" "Mozilla/5.0 (compatible; AhrefsBot/7.0; +http://ahrefs.com/robot/)" "www.metrocrimedaily.com"
51.222.253.3 - - [08/Feb/2023:08:09:33 -0800] "GET /CRIME-WATCH-AMERICA/CRIME-WATCH-DETROIT/unix/wbin/mv.exe HTTP/1.1" 200 69632 "-" "Mozilla/5.0 (compatible; AhrefsBot/7.0; +http://ahrefs.com/robot/)" "www.metrocrimedaily.com"
66.249.64.82 - - [08/Feb/2023:08:10:12 -0800] "GET /robots.txt HTTP/1.1" 404 88 "-" "Mozilla/5.0 (compatible; Googlebot/2.1; +http://www.google.com/bot.html)" "www.metrocrimedaily.com"
51.222.253.7 - - [08/Feb/2023:08:10:15 -0800] "GET /CRIME-WATCH-AMERICA/CRIME-WATCH-DETROIT/unix/wbin/nl.exe HTTP/1.1" 200 51712 "-" "Mozilla/5.0 (compatible; AhrefsBot/7.0; +http://ahrefs.com/robot/)" "www.metrocrimedaily.com"
51.222.253.17 - - [08/Feb/2023:08:10:39 -0800] "GET /CRIME-WATCH-AMERICA/CRIME-WATCH-DETROIT/unix/wbin/od.exe HTTP/1.1" 200 35328 "-" "Mozilla/5.0 (compatible; AhrefsBot/7.0; +http://ahrefs.com/robot/)" "www.metrocrimedaily.com"
51.222.253.10 - - [08/Feb/2023:08:11:09 -0800] "GET /CRIME-WATCH-AMERICA/CRIME-WATCH-DETROIT/unix/wbin/pr.exe HTTP/1.1" 200 37376 "-" "Mozilla/5.0 (compatible; AhrefsBot/7.0; +http://ahrefs.com/robot/)" "www.metrocrimedaily.com"
51.222.253.18 - - [08/Feb/2023:08:11:38 -0800] "GET /CRIME-WATCH-AMERICA/CRIME-WATCH-DETROIT/unix/wbin/pwd.exe HTTP/1.1" 200 2560 "-" "Mozilla/5.0 (compatible; AhrefsBot/7.0; +http://ahrefs.com/robot/)" "www.metrocrimedaily.com"
51.222.253.10 - - [08/Feb/2023:08:12:06 -0800] "GET /CRIME-WATCH-AMERICA/CRIME-WATCH-DETROIT/unix/wbin/rm.exe HTTP/1.1" 200 65536 "-" "Mozilla/5.0 (compatible; AhrefsBot/7.0; +http://ahrefs.com/robot/)" "www.metrocrimedaily.com"
51.222.253.17 - - [08/Feb/2023:08:12:43 -0800] "GET /CRIME-WATCH-AMERICA/CRIME-WATCH-DETROIT/unix/wbin/rman.exe HTTP/1.1" 200 137216 "-" "Mozilla/5.0 (compatible; AhrefsBot/7.0; +http://ahrefs.com/robot/)" "www.metrocrimedaily.com"
51.222.253.2 - - [08/Feb/2023:08:13:13 -0800] "GET /CRIME-WATCH-AMERICA/CRIME-WATCH-DETROIT/unix/wbin/sed.exe HTTP/1.1" 200 49152 "-" "Mozilla/5.0 (compatible; AhrefsBot/7.0; +http://ahrefs.com/robot/)" "www.metrocrimedaily.com"
51.222.253.8 - - [08/Feb/2023:08:13:42 -0800] "GET /CRIME-WATCH-AMERICA/CRIME-WATCH-DETROIT/unix/wbin/seq.exe HTTP/1.1" 200 18432 "-" "Mozilla/5.0 (compatible; AhrefsBot/7.0; +http://ahrefs.com/robot/)" "www.metrocrimedaily.com"
51.222.253.10 - - [08/Feb/2023:08:14:08 -0800] "GET /CRIME-WATCH-AMERICA/CRIME-WATCH-DETROIT/unix/wbin/shar.exe HTTP/1.1" 200 35328 "-" "Mozilla/5.0 (compatible; AhrefsBot/7.0; +http://ahrefs.com/robot/)" "www.metrocrimedaily.com"
51.222.253.19 - - [08/Feb/2023:08:15:17 -0800] "GET /CRIME-WATCH-AMERICA/CRIME-WATCH-DETROIT/unix/wbin/su.exe HTTP/1.1" 200 13312 "-" "Mozilla/5.0 (compatible; AhrefsBot/7.0; +http://ahrefs.com/robot/)" "www.metrocrimedaily.com"
51.222.253.20 - - [08/Feb/2023:08:15:47 -0800] "GET /CRIME-WATCH-AMERICA/CRIME-WATCH-DETROIT/unix/wbin/sum.exe HTTP/1.1" 200 19456 "-" "Mozilla/5.0 (compatible; AhrefsBot/7.0; +http://ahrefs.com/robot/)" "www.metrocrimedaily.com"
51.222.253.13 - - [08/Feb/2023:08:16:21 -0800] "GET /CRIME-WATCH-AMERICA/CRIME-WATCH-DETROIT/unix/wbin/tac.exe HTTP/1.1" 200 49664 "-" "Mozilla/5.0 (compatible; AhrefsBot/7.0; +http://ahrefs.com/robot/)" "www.metrocrimedaily.com"
51.222.253.7 - - [08/Feb/2023:08:16:47 -0800] "GET /CRIME-WATCH-AMERICA/CRIME-WATCH-DETROIT/unix/wbin/tar.exe HTTP/1.1" 200 114688 "-" "Mozilla/5.0 (compatible; AhrefsBot/7.0; +http://ahrefs.com/robot/)" "www.metrocrimedaily.com"
51.222.253.17 - - [08/Feb/2023:08:17:26 -0800] "GET /CRIME-WATCH-AMERICA/CRIME-WATCH-DETROIT/unix/wbin/tee.exe HTTP/1.1" 200 16896 "-" "Mozilla/5.0 (compatible; AhrefsBot/7.0; +http://ahrefs.com/robot/)" "www.metrocrimedaily.com"
69.63.184.7 - - [08/Feb/2023:08:17:39 -0800] "GET /instagram-houston/02-08-2023-1017181-A.jpg HTTP/1.1" 404 88 "-" "facebookexternalhit/1.1 (+http://www.facebook.com/externalhit_uatext.php)" "www.metrocrimedaily.com"
51.222.253.6 - - [08/Feb/2023:08:17:52 -0800] "GET /CRIME-WATCH-AMERICA/CRIME-WATCH-DETROIT/unix/wbin/tr.exe HTTP/1.1" 200 33280 "-" "Mozilla/5.0 (compatible; AhrefsBot/7.0; +http://ahrefs.com/robot/)" "www.metrocrimedaily.com"
51.222.253.19 - - [08/Feb/2023:08:18:20 -0800] "GET /CRIME-WATCH-AMERICA/CRIME-WATCH-DETROIT/unix/wbin/uniq.exe HTTP/1.1" 200 23552 "-" "Mozilla/5.0 (compatible; AhrefsBot/7.0; +http://ahrefs.com/robot/)" "www.metrocrimedaily.com"
69.63.184.119 - - [08/Feb/2023:08:18:45 -0800] "GET /instagram-atlanta/02-08-2023-1018231-A.jpg HTTP/1.1" 404 88 "-" "facebookexternalhit/1.1 (+http://www.facebook.com/externalhit_uatext.php)" "www.metrocrimedaily.com"
51.222.253.20 - - [08/Feb/2023:08:18:57 -0800] "GET /CRIME-WATCH-AMERICA/CRIME-WATCH-DETROIT/unix/wbin/wc.exe HTTP/1.1" 200 29696 "-" "Mozilla/5.0 (compatible; AhrefsBot/7.0; +http://ahrefs.com/robot/)" "www.metrocrimedaily.com"
51.222.253.20 - - [08/Feb/2023:08:19:25 -0800] "GET /CRIME-WATCH-AMERICA/CRIME-WATCH-DETROIT/unix/wbin/yes.exe HTTP/1.1" 200 7168 "-" "Mozilla/5.0 (compatible; AhrefsBot/7.0; +http://ahrefs.com/robot/)" "www.metrocrimedaily.com"
51.222.253.17 - - [08/Feb/2023:08:20:06 -0800] "GET /CRIME-WATCH-AMERICA/CRIME-WATCH-DETROIT/unix/wbin/zcat.exe HTTP/1.1" 200 49152 "-" "Mozilla/5.0 (compatible; AhrefsBot/7.0; +http://ahrefs.com/robot/)" "www.metrocrimedaily.com"
51.222.253.11 - - [08/Feb/2023:08:20:34 -0800] "GET /CRIME-WATCH-AMERICA/CRIME-WATCH-DETROIT/unix/wbin/zip.exe HTTP/1.1" 200 68096 "-" "Mozilla/5.0 (compatible; AhrefsBot/7.0; +http://ahrefs.com/robot/)" "www.metrocrimedaily.com"
51.222.253.2 - - [08/Feb/2023:08:21:19 -0800] "GET /CRIME-WATCH-AMERICA/CRIME-WATCH-DETROIT/unix/wbin/?C=N;O=A HTTP/1.1" 200 1814 "-" "Mozilla/5.0 (compatible; AhrefsBot/7.0; +http://ahrefs.com/robot/)" "www.metrocrimedaily.com"
54.36.148.214 - - [08/Feb/2023:08:21:53 -0800] "GET /robots.txt HTTP/1.1" 404 88 "-" "Mozilla/5.0 (compatible; AhrefsBot/7.0; +http://ahrefs.com/robot/)" "metrocrimedaily.com"
51.222.253.4 - - [08/Feb/2023:08:21:54 -0800] "GET /CRIME-WATCH-AMERICA/CRIME-WATCH-DETROIT/unix/wbin/bunzip2.exe HTTP/1.1" 200 75776 "-" "Mozilla/5.0 (compatible; AhrefsBot/7.0; +http://ahrefs.com/robot/)" "metrocrimedaily.com"
51.222.253.3 - - [08/Feb/2023:08:23:10 -0800] "GET /CRIME-WATCH-AMERICA/CRIME-WATCH-DETROIT/unix/wbin/dirname.exe HTTP/1.1" 200 16896 "-" "Mozilla/5.0 (compatible; AhrefsBot/7.0; +http://ahrefs.com/robot/)" "metrocrimedaily.com"
51.222.253.12 - - [08/Feb/2023:08:24:39 -0800] "GET /CRIME-WATCH-AMERICA/CRIME-WATCH-DETROIT/unix/wbin/install.exe HTTP/1.1" 200 40960 "-" "Mozilla/5.0 (compatible; AhrefsBot/7.0; +http://ahrefs.com/robot/)" "metrocrimedaily.com"
69.63.184.120 - - [08/Feb/2023:08:24:44 -0800] "GET /instagram-dallas/02-08-2023-1024221-A.jpg HTTP/1.1" 404 88 "-" "facebookexternalhit/1.1 (+http://www.facebook.com/externalhit_uatext.php)" "www.metrocrimedaily.com"
