173.252.111.16 - - [07/Feb/2023:10:07:25 -0800] "GET /instagram-houston/02-07-2023-0934146-A.jpg HTTP/1.1" 200 349859 "-" "facebookexternalhit/1.1 (+http://www.facebook.com/externalhit_uatext.php)" "www.metrocrimedaily.com"
69.63.184.4 - - [07/Feb/2023:10:08:39 -0800] "GET /instagram-atlanta/02-07-2023-1207001-A.jpg HTTP/1.1" 200 281236 "-" "facebookexternalhit/1.1 (+http://www.facebook.com/externalhit_uatext.php)" "www.metrocrimedaily.com"
69.63.184.116 - - [07/Feb/2023:10:12:31 -0800] "GET /instagram-chicago/02-07-2023-1110033-A.jpg HTTP/1.1" 200 331579 "-" "facebookexternalhit/1.1 (+http://www.facebook.com/externalhit_uatext.php)" "www.metrocrimedaily.com"
40.77.167.212 - - [07/Feb/2023:10:17:38 -0800] "GET /instagram-detroit/12-19-2022-1129273-Live-stream--Jan.-6-committee-holds-final-public-.txt HTTP/1.1" 404 88 "-" "Mozilla/5.0 AppleWebKit/537.36 (KHTML, like Gecko; compatible; bingbot/2.0; +http://www.bing.com/bingbot.htm) Chrome/103.0.5060.134 Safari/537.36" "www.metrocrimedaily.com"
173.252.111.12 - - [07/Feb/2023:10:19:27 -0800] "GET /instagram-stlouis/02-07-2023-1219071-A.jpg HTTP/1.1" 200 138195 "-" "facebookexternalhit/1.1 (+http://www.facebook.com/externalhit_uatext.php)" "www.metrocrimedaily.com"
173.252.111.23 - - [07/Feb/2023:10:20:52 -0800] "GET /instagram-miami/02-07-2023-1018155-A.jpg HTTP/1.1" 200 181376 "-" "facebookexternalhit/1.1 (+http://www.facebook.com/externalhit_uatext.php)" "www.metrocrimedaily.com"
173.252.111.21 - - [07/Feb/2023:10:21:19 -0800] "GET /instagram-miami/02-07-2023-1018156-A.jpg HTTP/1.1" 200 184922 "-" "facebookexternalhit/1.1 (+http://www.facebook.com/externalhit_uatext.php)" "www.metrocrimedaily.com"
173.252.111.15 - - [07/Feb/2023:10:21:46 -0800] "GET /instagram-miami/02-07-2023-1018157-A.jpg HTTP/1.1" 200 89404 "-" "facebookexternalhit/1.1 (+http://www.facebook.com/externalhit_uatext.php)" "www.metrocrimedaily.com"
69.63.184.116 - - [07/Feb/2023:10:21:51 -0800] "GET /instagram-detroit/02-07-2023-0933067-A.jpg HTTP/1.1" 200 83056 "-" "facebookexternalhit/1.1 (+http://www.facebook.com/externalhit_uatext.php)" "www.metrocrimedaily.com"
173.252.111.119 - - [07/Feb/2023:10:22:57 -0800] "GET /instagram-houston/02-07-2023-0934147-A.jpg HTTP/1.1" 200 190173 "-" "facebookexternalhit/1.1 (+http://www.facebook.com/externalhit_uatext.php)" "www.metrocrimedaily.com"
157.55.39.18 - - [07/Feb/2023:10:23:59 -0800] "GET /instagram-dallas/12-27-2022-2003294-Biden-Signs-Law-Requiring-Federal-Prisons-to-Fix-.txt HTTP/1.1" 404 88 "-" "Mozilla/5.0 AppleWebKit/537.36 (KHTML, like Gecko; compatible; bingbot/2.0; +http://www.bing.com/bingbot.htm) Chrome/103.0.5060.134 Safari/537.36" "www.metrocrimedaily.com"
69.63.184.119 - - [07/Feb/2023:10:24:11 -0800] "GET /instagram-atlanta/02-07-2023-1207002-A.jpg HTTP/1.1" 200 81233 "-" "facebookexternalhit/1.1 (+http://www.facebook.com/externalhit_uatext.php)" "www.metrocrimedaily.com"
69.63.184.5 - - [07/Feb/2023:10:27:45 -0800] "GET /instagram-dallas/02-07-2023-1055414-A.jpg HTTP/1.1" 200 135236 "-" "facebookexternalhit/1.1 (+http://www.facebook.com/externalhit_uatext.php)" "www.metrocrimedaily.com"
69.63.184.5 - - [07/Feb/2023:10:28:05 -0800] "GET /instagram-chicago/02-07-2023-1110034-A.jpg HTTP/1.1" 200 473944 "-" "facebookexternalhit/1.1 (+http://www.facebook.com/externalhit_uatext.php)" "www.metrocrimedaily.com"
114.119.141.135 - - [07/Feb/2023:10:32:59 -0800] "GET /instagram-losangeles/02-05-2023-1409311-Police--Kidnapped-children-from-Missouri--missing.txt HTTP/1.1" 200 659 "https://metrocrimedaily.com/instagram-losangeles/?C=D%3BO%3DA" "Mozilla/5.0 (Linux; Android 7.0;) AppleWebKit/537.36 (KHTML, like Gecko) Mobile Safari/537.36 (compatible; PetalBot;+https://webmaster.petalsearch.com/site/petalbot)" "metrocrimedaily.com"
40.77.167.212 - - [07/Feb/2023:10:33:08 -0800] "GET /instagram-atlanta/12-21-2022-2340115-Critically-Missing-Adult--Police-search-for-73-ye.txt HTTP/1.1" 404 88 "-" "Mozilla/5.0 AppleWebKit/537.36 (KHTML, like Gecko; compatible; bingbot/2.0; +http://www.bing.com/bingbot.htm) Chrome/103.0.5060.134 Safari/537.36" "www.metrocrimedaily.com"
173.252.111.10 - - [07/Feb/2023:10:34:58 -0800] "GET /instagram-stlouis/02-07-2023-1219072-A.jpg HTTP/1.1" 200 271537 "-" "facebookexternalhit/1.1 (+http://www.facebook.com/externalhit_uatext.php)" "www.metrocrimedaily.com"
69.63.184.120 - - [07/Feb/2023:10:37:23 -0800] "GET /instagram-detroit/02-07-2023-0933068-A.jpg HTTP/1.1" 200 201349 "-" "facebookexternalhit/1.1 (+http://www.facebook.com/externalhit_uatext.php)" "www.metrocrimedaily.com"
69.63.184.2 - - [07/Feb/2023:10:39:44 -0800] "GET /instagram-atlanta/02-07-2023-1207003-A.jpg HTTP/1.1" 200 151765 "-" "facebookexternalhit/1.1 (+http://www.facebook.com/externalhit_uatext.php)" "www.metrocrimedaily.com"
69.63.184.117 - - [07/Feb/2023:10:40:13 -0800] "GET /instagram-atlanta/02-07-2023-1207004-A.jpg HTTP/1.1" 200 155099 "-" "facebookexternalhit/1.1 (+http://www.facebook.com/externalhit_uatext.php)" "www.metrocrimedaily.com"
40.77.167.212 - - [07/Feb/2023:10:42:29 -0800] "GET /index-miami.html HTTP/1.1" 200 27656 "-" "Mozilla/5.0 AppleWebKit/537.36 (KHTML, like Gecko; compatible; bingbot/2.0; +http://www.bing.com/bingbot.htm) Chrome/103.0.5060.134 Safari/537.36" "metrocrimedaily.com"
173.252.111.4 - - [07/Feb/2023:10:42:38 -0800] "GET /instagram-memphis/02-07-2023-1242021-A.jpg HTTP/1.1" 200 160070 "-" "facebookexternalhit/1.1 (+http://www.facebook.com/externalhit_uatext.php)" "www.metrocrimedaily.com"
51.222.253.20 - - [07/Feb/2023:10:43:08 -0800] "GET / HTTP/1.1" 200 40576 "-" "Mozilla/5.0 (compatible; AhrefsBot/7.0; +http://ahrefs.com/robot/)" "metrocrimedaily.com"
173.252.111.4 - - [07/Feb/2023:10:50:45 -0800] "GET /instagram-stlouis/02-07-2023-1219073-A.jpg HTTP/1.1" 200 215924 "-" "facebookexternalhit/1.1 (+http://www.facebook.com/externalhit_uatext.php)" "www.metrocrimedaily.com"
57.128.129.39 - - [07/Feb/2023:10:52:34 -0800] "GET /wp-content/themes/seotheme/db.php?u HTTP/1.1" 404 88 "www.google.com" "Mozlila/5.0 (Linux; Android 7.0; SM-G892A Bulid/NRD90M; wv) AppleWebKit/537.36 (KHTML, like Gecko) Version/4.0 Chrome/60.0.3112.107 Moblie Safari/537.36" "metrocrimedaily.com"
57.128.129.39 - - [07/Feb/2023:10:52:37 -0800] "GET /wp-content/themes/seotheme/db.php?u HTTP/1.1" 404 88 "www.google.com" "Mozlila/5.0 (Linux; Android 7.0; SM-G892A Bulid/NRD90M; wv) AppleWebKit/537.36 (KHTML, like Gecko) Version/4.0 Chrome/60.0.3112.107 Moblie Safari/537.36" "metrocrimedaily.com"
69.63.184.118 - - [07/Feb/2023:10:52:57 -0800] "GET /instagram-detroit/02-07-2023-0933069-A.jpg HTTP/1.1" 200 85844 "-" "facebookexternalhit/1.1 (+http://www.facebook.com/externalhit_uatext.php)" "www.metrocrimedaily.com"
173.252.111.4 - - [07/Feb/2023:10:58:12 -0800] "GET /instagram-memphis/02-07-2023-1242022-A.jpg HTTP/1.1" 200 227413 "-" "facebookexternalhit/1.1 (+http://www.facebook.com/externalhit_uatext.php)" "www.metrocrimedaily.com"
173.252.111.22 - - [07/Feb/2023:11:00:20 -0800] "GET /instagram-newyork/02-07-2023-1259591-A.jpg HTTP/1.1" 200 73610 "-" "facebookexternalhit/1.1 (+http://www.facebook.com/externalhit_uatext.php)" "www.metrocrimedaily.com"
173.252.111.15 - - [07/Feb/2023:11:06:19 -0800] "GET /instagram-stlouis/02-07-2023-1219074-A.jpg HTTP/1.1" 200 201311 "-" "facebookexternalhit/1.1 (+http://www.facebook.com/externalhit_uatext.php)" "www.metrocrimedaily.com"
173.252.111.118 - - [07/Feb/2023:11:10:32 -0800] "GET /instagram-losangeles/02-07-2023-1309141-A.jpg HTTP/1.1" 200 184039 "-" "facebookexternalhit/1.1 (+http://www.facebook.com/externalhit_uatext.php)" "www.metrocrimedaily.com"
173.252.111.23 - - [07/Feb/2023:11:12:01 -0800] "GET /instagram-neworleans/02-07-2023-1311381-A.jpg HTTP/1.1" 200 195397 "-" "facebookexternalhit/1.1 (+http://www.facebook.com/externalhit_uatext.php)" "www.metrocrimedaily.com"
173.252.111.18 - - [07/Feb/2023:11:13:44 -0800] "GET /instagram-memphis/02-07-2023-1242023-A.jpg HTTP/1.1" 200 133717 "-" "facebookexternalhit/1.1 (+http://www.facebook.com/externalhit_uatext.php)" "www.metrocrimedaily.com"
157.55.39.85 - - [07/Feb/2023:11:14:21 -0800] "GET /instagram-detroit/12-25-2022-1538401-Detroit-police-investigating-2-separate-fatal-sho.txt HTTP/1.1" 404 88 "-" "Mozilla/5.0 AppleWebKit/537.36 (KHTML, like Gecko; compatible; bingbot/2.0; +http://www.bing.com/bingbot.htm) Chrome/103.0.5060.134 Safari/537.36" "www.metrocrimedaily.com"
173.252.111.23 - - [07/Feb/2023:11:18:38 -0800] "GET /instagram-miami/02-07-2023-1315161-A.jpg HTTP/1.1" 200 94277 "-" "facebookexternalhit/1.1 (+http://www.facebook.com/externalhit_uatext.php)" "www.metrocrimedaily.com"
40.77.167.212 - - [07/Feb/2023:11:21:53 -0800] "GET /index-miami.html HTTP/1.1" 200 27656 "-" "Mozilla/5.0 AppleWebKit/537.36 (KHTML, like Gecko; compatible; bingbot/2.0; +http://www.bing.com/bingbot.htm) Chrome/103.0.5060.134 Safari/537.36" "metrocrimedaily.com"
173.252.111.11 - - [07/Feb/2023:11:22:09 -0800] "GET /instagram-stlouis/02-07-2023-1219075-A.jpg HTTP/1.1" 200 138195 "-" "facebookexternalhit/1.1 (+http://www.facebook.com/externalhit_uatext.php)" "www.metrocrimedaily.com"
173.252.111.3 - - [07/Feb/2023:11:22:37 -0800] "GET /instagram-stlouis/02-07-2023-1219076-A.jpg HTTP/1.1" 200 110033 "-" "facebookexternalhit/1.1 (+http://www.facebook.com/externalhit_uatext.php)" "www.metrocrimedaily.com"
69.63.184.117 - - [07/Feb/2023:11:25:56 -0800] "GET /instagram-chicago/02-07-2023-1325341-A.jpg HTTP/1.1" 200 105038 "-" "facebookexternalhit/1.1 (+http://www.facebook.com/externalhit_uatext.php)" "www.metrocrimedaily.com"
173.252.111.4 - - [07/Feb/2023:11:26:04 -0800] "GET /instagram-losangeles/02-07-2023-1309142-A.jpg HTTP/1.1" 200 73674 "-" "facebookexternalhit/1.1 (+http://www.facebook.com/externalhit_uatext.php)" "www.metrocrimedaily.com"
173.252.111.12 - - [07/Feb/2023:11:27:35 -0800] "GET /instagram-neworleans/02-07-2023-1311382-A.jpg HTTP/1.1" 200 191143 "-" "facebookexternalhit/1.1 (+http://www.facebook.com/externalhit_uatext.php)" "www.metrocrimedaily.com"
69.63.184.117 - - [07/Feb/2023:11:29:49 -0800] "GET /instagram-atlanta/02-07-2023-1328381-A.jpg HTTP/1.1" 200 115993 "-" "facebookexternalhit/1.1 (+http://www.facebook.com/externalhit_uatext.php)" "www.metrocrimedaily.com"
173.252.111.12 - - [07/Feb/2023:11:34:12 -0800] "GET /instagram-miami/02-07-2023-1315162-A.jpg HTTP/1.1" 200 262288 "-" "facebookexternalhit/1.1 (+http://www.facebook.com/externalhit_uatext.php)" "www.metrocrimedaily.com"
69.63.184.119 - - [07/Feb/2023:11:35:09 -0800] "GET /instagram-dallas/02-07-2023-1334471-A.jpg HTTP/1.1" 200 198593 "-" "facebookexternalhit/1.1 (+http://www.facebook.com/externalhit_uatext.php)" "www.metrocrimedaily.com"
12.239.118.17 - - [07/Feb/2023:11:35:44 -0800] "GET / HTTP/1.1" 200 42095 "https://www.google.com/" "Mozilla/5.0 (Windows NT 10.0; Win64; x64) AppleWebKit/537.36 (KHTML, like Gecko) Chrome/109.0.0.0 Safari/537.36" "www.metrocrimedaily.com"
12.239.118.17 - - [07/Feb/2023:11:35:45 -0800] "GET /styles-mcd.css HTTP/1.1" 200 1159 "http://www.metrocrimedaily.com/" "Mozilla/5.0 (Windows NT 10.0; Win64; x64) AppleWebKit/537.36 (KHTML, like Gecko) Chrome/109.0.0.0 Safari/537.36" "www.metrocrimedaily.com"
12.239.118.17 - - [07/Feb/2023:11:35:45 -0800] "GET /images/crimeinthed-logo.jpg HTTP/1.1" 200 14960 "http://www.metrocrimedaily.com/" "Mozilla/5.0 (Windows NT 10.0; Win64; x64) AppleWebKit/537.36 (KHTML, like Gecko) Chrome/109.0.0.0 Safari/537.36" "www.metrocrimedaily.com"
12.239.118.17 - - [07/Feb/2023:11:35:45 -0800] "GET /images/police-tape.jpg HTTP/1.1" 200 50766 "http://www.metrocrimedaily.com/" "Mozilla/5.0 (Windows NT 10.0; Win64; x64) AppleWebKit/537.36 (KHTML, like Gecko) Chrome/109.0.0.0 Safari/537.36" "metrocrimedaily.com"
12.239.118.17 - - [07/Feb/2023:11:35:45 -0800] "GET /images/facebook-logo-tiny.png HTTP/1.1" 200 1280 "http://www.metrocrimedaily.com/" "Mozilla/5.0 (Windows NT 10.0; Win64; x64) AppleWebKit/537.36 (KHTML, like Gecko) Chrome/109.0.0.0 Safari/537.36" "www.metrocrimedaily.com"
12.239.118.17 - - [07/Feb/2023:11:35:45 -0800] "GET /images/youtube-logo-tiny.png HTTP/1.1" 200 689 "http://www.metrocrimedaily.com/" "Mozilla/5.0 (Windows NT 10.0; Win64; x64) AppleWebKit/537.36 (KHTML, like Gecko) Chrome/109.0.0.0 Safari/537.36" "www.metrocrimedaily.com"
12.239.118.17 - - [07/Feb/2023:11:35:45 -0800] "GET /images/twitter-logo-b-tiny.png HTTP/1.1" 200 1600 "http://www.metrocrimedaily.com/" "Mozilla/5.0 (Windows NT 10.0; Win64; x64) AppleWebKit/537.36 (KHTML, like Gecko) Chrome/109.0.0.0 Safari/537.36" "www.metrocrimedaily.com"
12.239.118.17 - - [07/Feb/2023:11:35:48 -0800] "GET /favicon.ico HTTP/1.1" 404 88 "http://www.metrocrimedaily.com/" "Mozilla/5.0 (Windows NT 10.0; Win64; x64) AppleWebKit/537.36 (KHTML, like Gecko) Chrome/109.0.0.0 Safari/537.36" "www.metrocrimedaily.com"
54.36.149.93 - - [07/Feb/2023:11:38:07 -0800] "GET /robots.txt HTTP/1.1" 404 88 "-" "Mozilla/5.0 (compatible; AhrefsBot/7.0; +http://ahrefs.com/robot/)" "www.metrocrimedaily.com"
51.222.253.2 - - [07/Feb/2023:11:38:08 -0800] "GET / HTTP/1.1" 200 42095 "-" "Mozilla/5.0 (compatible; AhrefsBot/7.0; +http://ahrefs.com/robot/)" "www.metrocrimedaily.com"
69.63.184.3 - - [07/Feb/2023:11:41:30 -0800] "GET /instagram-chicago/02-07-2023-1325342-A.jpg HTTP/1.1" 200 107397 "-" "facebookexternalhit/1.1 (+http://www.facebook.com/externalhit_uatext.php)" "www.metrocrimedaily.com"
173.252.111.7 - - [07/Feb/2023:11:41:37 -0800] "GET /instagram-losangeles/02-07-2023-1309143-A.jpg HTTP/1.1" 200 200121 "-" "facebookexternalhit/1.1 (+http://www.facebook.com/externalhit_uatext.php)" "www.metrocrimedaily.com"
173.252.111.8 - - [07/Feb/2023:11:43:05 -0800] "GET /instagram-neworleans/02-07-2023-1311383-A.jpg HTTP/1.1" 200 141553 "-" "facebookexternalhit/1.1 (+http://www.facebook.com/externalhit_uatext.php)" "www.metrocrimedaily.com"
69.63.184.3 - - [07/Feb/2023:11:45:24 -0800] "GET /instagram-atlanta/02-07-2023-1328382-A.jpg HTTP/1.1" 200 152906 "-" "facebookexternalhit/1.1 (+http://www.facebook.com/externalhit_uatext.php)" "www.metrocrimedaily.com"
173.252.111.1 - - [07/Feb/2023:11:49:46 -0800] "GET /instagram-miami/02-07-2023-1315163-A.jpg HTTP/1.1" 200 196489 "-" "facebookexternalhit/1.1 (+http://www.facebook.com/externalhit_uatext.php)" "www.metrocrimedaily.com"
173.252.111.1 - - [07/Feb/2023:11:50:16 -0800] "GET /instagram-miami/02-07-2023-1315164-A.jpg HTTP/1.1" 200 365505 "-" "facebookexternalhit/1.1 (+http://www.facebook.com/externalhit_uatext.php)" "www.metrocrimedaily.com"
173.252.111.24 - - [07/Feb/2023:11:50:44 -0800] "GET /instagram-miami/02-07-2023-1315165-A.jpg HTTP/1.1" 200 175495 "-" "facebookexternalhit/1.1 (+http://www.facebook.com/externalhit_uatext.php)" "www.metrocrimedaily.com"
69.63.184.111 - - [07/Feb/2023:11:50:45 -0800] "GET /instagram-dallas/02-07-2023-1334472-A.jpg HTTP/1.1" 200 175867 "-" "facebookexternalhit/1.1 (+http://www.facebook.com/externalhit_uatext.php)" "www.metrocrimedaily.com"
173.252.111.116 - - [07/Feb/2023:11:51:41 -0800] "GET /instagram-miami/02-07-2023-1315166-A.jpg HTTP/1.1" 200 274915 "-" "facebookexternalhit/1.1 (+http://www.facebook.com/externalhit_uatext.php)" "www.metrocrimedaily.com"
173.252.111.8 - - [07/Feb/2023:11:52:08 -0800] "GET /instagram-miami/02-07-2023-1315167-A.jpg HTTP/1.1" 200 173883 "-" "facebookexternalhit/1.1 (+http://www.facebook.com/externalhit_uatext.php)" "www.metrocrimedaily.com"
173.252.111.22 - - [07/Feb/2023:11:52:38 -0800] "GET /instagram-miami/02-07-2023-1315168-A.jpg HTTP/1.1" 200 448478 "-" "facebookexternalhit/1.1 (+http://www.facebook.com/externalhit_uatext.php)" "www.metrocrimedaily.com"
69.63.184.120 - - [07/Feb/2023:11:55:32 -0800] "GET /instagram-detroit/02-07-2023-1355081-A.jpg HTTP/1.1" 200 71709 "-" "facebookexternalhit/1.1 (+http://www.facebook.com/externalhit_uatext.php)" "www.metrocrimedaily.com"
69.63.184.3 - - [07/Feb/2023:11:56:00 -0800] "GET /instagram-detroit/02-07-2023-1355082-A.jpg HTTP/1.1" 200 62205 "-" "facebookexternalhit/1.1 (+http://www.facebook.com/externalhit_uatext.php)" "www.metrocrimedaily.com"
69.63.184.4 - - [07/Feb/2023:11:56:27 -0800] "GET /instagram-detroit/02-07-2023-1355083-A.jpg HTTP/1.1" 200 69052 "-" "facebookexternalhit/1.1 (+http://www.facebook.com/externalhit_uatext.php)" "www.metrocrimedaily.com"
173.252.111.12 - - [07/Feb/2023:11:56:53 -0800] "GET /instagram-houston/02-07-2023-1356321-A.jpg HTTP/1.1" 200 169720 "-" "facebookexternalhit/1.1 (+http://www.facebook.com/externalhit_uatext.php)" "www.metrocrimedaily.com"
69.63.184.118 - - [07/Feb/2023:11:57:05 -0800] "GET /instagram-chicago/02-07-2023-1325343-A.jpg HTTP/1.1" 200 153718 "-" "facebookexternalhit/1.1 (+http://www.facebook.com/externalhit_uatext.php)" "www.metrocrimedaily.com"
107.122.241.25 - - [07/Feb/2023:11:57:53 -0800] "GET / HTTP/1.1" 200 42095 "-" "Mozilla/5.0 (Linux; Android 13; SM-A136U) AppleWebKit/537.36 (KHTML, like Gecko) Chrome/108.0.0.0 Mobile Safari/537.36" "www.metrocrimedaily.com"
107.122.241.25 - - [07/Feb/2023:11:57:53 -0800] "GET /styles-mcd.css HTTP/1.1" 200 1159 "http://www.metrocrimedaily.com/" "Mozilla/5.0 (Linux; Android 13; SM-A136U) AppleWebKit/537.36 (KHTML, like Gecko) Chrome/108.0.0.0 Mobile Safari/537.36" "www.metrocrimedaily.com"
107.122.241.25 - - [07/Feb/2023:11:57:53 -0800] "GET /images/crimeinthed-logo.jpg HTTP/1.1" 200 14960 "http://www.metrocrimedaily.com/" "Mozilla/5.0 (Linux; Android 13; SM-A136U) AppleWebKit/537.36 (KHTML, like Gecko) Chrome/108.0.0.0 Mobile Safari/537.36" "www.metrocrimedaily.com"
107.122.241.25 - - [07/Feb/2023:11:57:53 -0800] "GET /images/police-tape.jpg HTTP/1.1" 200 50766 "http://www.metrocrimedaily.com/" "Mozilla/5.0 (Linux; Android 13; SM-A136U) AppleWebKit/537.36 (KHTML, like Gecko) Chrome/108.0.0.0 Mobile Safari/537.36" "metrocrimedaily.com"
107.122.241.25 - - [07/Feb/2023:11:57:56 -0800] "GET /images/youtube-logo-tiny.png HTTP/1.1" 200 689 "http://www.metrocrimedaily.com/" "Mozilla/5.0 (Linux; Android 13; SM-A136U) AppleWebKit/537.36 (KHTML, like Gecko) Chrome/108.0.0.0 Mobile Safari/537.36" "www.metrocrimedaily.com"
107.122.241.25 - - [07/Feb/2023:11:57:56 -0800] "GET /images/twitter-logo-b-tiny.png HTTP/1.1" 200 1600 "http://www.metrocrimedaily.com/" "Mozilla/5.0 (Linux; Android 13; SM-A136U) AppleWebKit/537.36 (KHTML, like Gecko) Chrome/108.0.0.0 Mobile Safari/537.36" "www.metrocrimedaily.com"
107.122.241.25 - - [07/Feb/2023:11:57:56 -0800] "GET /images/facebook-logo-tiny.png HTTP/1.1" 200 1280 "http://www.metrocrimedaily.com/" "Mozilla/5.0 (Linux; Android 13; SM-A136U) AppleWebKit/537.36 (KHTML, like Gecko) Chrome/108.0.0.0 Mobile Safari/537.36" "www.metrocrimedaily.com"
173.252.111.4 - - [07/Feb/2023:11:57:57 -0800] "GET /instagram-memphis/02-07-2023-1357371-A.jpg HTTP/1.1" 200 105169 "-" "facebookexternalhit/1.1 (+http://www.facebook.com/externalhit_uatext.php)" "www.metrocrimedaily.com"
107.122.241.25 - - [07/Feb/2023:11:58:18 -0800] "GET /favicon.ico HTTP/1.1" 404 88 "http://www.metrocrimedaily.com/" "Mozilla/5.0 (Linux; Android 13; SM-A136U) AppleWebKit/537.36 (KHTML, like Gecko) Chrome/108.0.0.0 Mobile Safari/537.36" "www.metrocrimedaily.com"
173.252.111.22 - - [07/Feb/2023:11:58:34 -0800] "GET /instagram-neworleans/02-07-2023-1311384-A.jpg HTTP/1.1" 200 199158 "-" "facebookexternalhit/1.1 (+http://www.facebook.com/externalhit_uatext.php)" "www.metrocrimedaily.com"
173.252.111.3 - - [07/Feb/2023:11:59:02 -0800] "GET /instagram-neworleans/02-07-2023-1311385-A.jpg HTTP/1.1" 200 156168 "-" "facebookexternalhit/1.1 (+http://www.facebook.com/externalhit_uatext.php)" "www.metrocrimedaily.com"
173.252.111.118 - - [07/Feb/2023:11:59:30 -0800] "GET /instagram-neworleans/02-07-2023-1311386-A.jpg HTTP/1.1" 200 111244 "-" "facebookexternalhit/1.1 (+http://www.facebook.com/externalhit_uatext.php)" "www.metrocrimedaily.com"
69.63.184.5 - - [07/Feb/2023:12:01:03 -0800] "GET /instagram-atlanta/02-07-2023-1328383-A.jpg HTTP/1.1" 200 146957 "-" "facebookexternalhit/1.1 (+http://www.facebook.com/externalhit_uatext.php)" "www.metrocrimedaily.com"
69.63.184.3 - - [07/Feb/2023:12:01:36 -0800] "GET /instagram-atlanta/02-07-2023-1328384-A.jpg HTTP/1.1" 200 273886 "-" "facebookexternalhit/1.1 (+http://www.facebook.com/externalhit_uatext.php)" "www.metrocrimedaily.com"
40.77.167.212 - - [07/Feb/2023:12:01:37 -0800] "GET /index-miami.html HTTP/1.1" 200 28892 "-" "Mozilla/5.0 AppleWebKit/537.36 (KHTML, like Gecko; compatible; bingbot/2.0; +http://www.bing.com/bingbot.htm) Chrome/103.0.5060.134 Safari/537.36" "metrocrimedaily.com"
69.63.184.1 - - [07/Feb/2023:12:02:05 -0800] "GET /instagram-atlanta/02-07-2023-1328385-A.jpg HTTP/1.1" 200 120505 "-" "facebookexternalhit/1.1 (+http://www.facebook.com/externalhit_uatext.php)" "www.metrocrimedaily.com"
69.63.184.4 - - [07/Feb/2023:12:06:17 -0800] "GET /instagram-dallas/02-07-2023-1334473-A.jpg HTTP/1.1" 200 151970 "-" "facebookexternalhit/1.1 (+http://www.facebook.com/externalhit_uatext.php)" "www.metrocrimedaily.com"
69.63.184.4 - - [07/Feb/2023:12:11:57 -0800] "GET /instagram-detroit/02-07-2023-1355084-A.jpg HTTP/1.1" 200 61668 "-" "facebookexternalhit/1.1 (+http://www.facebook.com/externalhit_uatext.php)" "www.metrocrimedaily.com"
173.252.111.21 - - [07/Feb/2023:12:12:27 -0800] "GET /instagram-houston/02-07-2023-1356322-A.jpg HTTP/1.1" 200 190173 "-" "facebookexternalhit/1.1 (+http://www.facebook.com/externalhit_uatext.php)" "www.metrocrimedaily.com"
69.63.184.1 - - [07/Feb/2023:12:12:38 -0800] "GET /instagram-chicago/02-07-2023-1325344-A.jpg HTTP/1.1" 200 66206 "-" "facebookexternalhit/1.1 (+http://www.facebook.com/externalhit_uatext.php)" "www.metrocrimedaily.com"
40.77.167.212 - - [07/Feb/2023:12:15:28 -0800] "GET /www.thenewsherald.com HTTP/1.1" 404 88 "-" "Mozilla/5.0 AppleWebKit/537.36 (KHTML, like Gecko; compatible; bingbot/2.0; +http://www.bing.com/bingbot.htm) Chrome/103.0.5060.134 Safari/537.36" "www.metrocrimedaily.com"
69.63.184.116 - - [07/Feb/2023:12:21:50 -0800] "GET /instagram-dallas/02-07-2023-1334474-A.jpg HTTP/1.1" 200 259606 "-" "facebookexternalhit/1.1 (+http://www.facebook.com/externalhit_uatext.php)" "www.metrocrimedaily.com"
173.252.111.12 - - [07/Feb/2023:12:25:58 -0800] "GET /instagram-stlouis/02-07-2023-1425291-A.jpg HTTP/1.1" 200 114224 "-" "facebookexternalhit/1.1 (+http://www.facebook.com/externalhit_uatext.php)" "www.metrocrimedaily.com"
69.63.184.119 - - [07/Feb/2023:12:27:30 -0800] "GET /instagram-detroit/02-07-2023-1355085-A.jpg HTTP/1.1" 200 126397 "-" "facebookexternalhit/1.1 (+http://www.facebook.com/externalhit_uatext.php)" "www.metrocrimedaily.com"
173.252.111.7 - - [07/Feb/2023:12:27:58 -0800] "GET /instagram-houston/02-07-2023-1356323-A.jpg HTTP/1.1" 200 174508 "-" "facebookexternalhit/1.1 (+http://www.facebook.com/externalhit_uatext.php)" "www.metrocrimedaily.com"
157.55.39.24 - - [07/Feb/2023:12:30:38 -0800] "GET /index-dallas.html HTTP/1.1" 200 35923 "-" "Mozilla/5.0 AppleWebKit/537.36 (KHTML, like Gecko; compatible; bingbot/2.0; +http://www.bing.com/bingbot.htm) Chrome/103.0.5060.134 Safari/537.36" "metrocrimedaily.com"
69.63.184.2 - - [07/Feb/2023:12:37:24 -0800] "GET /instagram-dallas/02-07-2023-1334475-A.jpg HTTP/1.1" 200 117728 "-" "facebookexternalhit/1.1 (+http://www.facebook.com/externalhit_uatext.php)" "www.metrocrimedaily.com"
40.77.167.212 - - [07/Feb/2023:12:39:40 -0800] "GET /index-miami.html HTTP/1.1" 200 28892 "-" "Mozilla/5.0 AppleWebKit/537.36 (KHTML, like Gecko; compatible; bingbot/2.0; +http://www.bing.com/bingbot.htm) Chrome/103.0.5060.134 Safari/537.36" "metrocrimedaily.com"
173.252.111.11 - - [07/Feb/2023:12:41:31 -0800] "GET /instagram-stlouis/02-07-2023-1425292-A.jpg HTTP/1.1" 200 114224 "-" "facebookexternalhit/1.1 (+http://www.facebook.com/externalhit_uatext.php)" "www.metrocrimedaily.com"
69.63.184.2 - - [07/Feb/2023:12:43:04 -0800] "GET /instagram-detroit/02-07-2023-1355086-A.jpg HTTP/1.1" 200 75295 "-" "facebookexternalhit/1.1 (+http://www.facebook.com/externalhit_uatext.php)" "www.metrocrimedaily.com"
173.252.111.13 - - [07/Feb/2023:12:43:30 -0800] "GET /instagram-houston/02-07-2023-1356324-A.jpg HTTP/1.1" 200 109034 "-" "facebookexternalhit/1.1 (+http://www.facebook.com/externalhit_uatext.php)" "www.metrocrimedaily.com"
173.252.111.20 - - [07/Feb/2023:12:43:53 -0800] "GET /instagram-losangeles/02-07-2023-1443341-A.jpg HTTP/1.1" 200 78297 "-" "facebookexternalhit/1.1 (+http://www.facebook.com/externalhit_uatext.php)" "www.metrocrimedaily.com"
40.77.167.212 - - [07/Feb/2023:12:46:09 -0800] "GET /instagram-atlanta/12-27-2022-1612031-Hearing-delayed-for-ex-DA-charged-in-wake-of-Arbe.txt HTTP/1.1" 404 88 "-" "Mozilla/5.0 AppleWebKit/537.36 (KHTML, like Gecko; compatible; bingbot/2.0; +http://www.bing.com/bingbot.htm) Chrome/103.0.5060.134 Safari/537.36" "www.metrocrimedaily.com"
173.252.111.6 - - [07/Feb/2023:12:46:51 -0800] "GET /instagram-neworleans/02-07-2023-1446181-A.jpg HTTP/1.1" 200 130675 "-" "facebookexternalhit/1.1 (+http://www.facebook.com/externalhit_uatext.php)" "www.metrocrimedaily.com"
69.63.184.1 - - [07/Feb/2023:12:50:50 -0800] "GET /instagram-atlanta/02-07-2023-1450291-A.jpg HTTP/1.1" 200 97587 "-" "facebookexternalhit/1.1 (+http://www.facebook.com/externalhit_uatext.php)" "www.metrocrimedaily.com"
69.63.184.120 - - [07/Feb/2023:12:51:18 -0800] "GET /instagram-atlanta/02-07-2023-1450292-A.jpg HTTP/1.1" 200 271044 "-" "facebookexternalhit/1.1 (+http://www.facebook.com/externalhit_uatext.php)" "www.metrocrimedaily.com"
69.63.184.4 - - [07/Feb/2023:12:51:47 -0800] "GET /instagram-atlanta/02-07-2023-1450293-A.jpg HTTP/1.1" 200 203508 "-" "facebookexternalhit/1.1 (+http://www.facebook.com/externalhit_uatext.php)" "www.metrocrimedaily.com"
69.63.184.1 - - [07/Feb/2023:12:52:17 -0800] "GET /instagram-atlanta/02-07-2023-1450294-A.jpg HTTP/1.1" 200 125408 "-" "facebookexternalhit/1.1 (+http://www.facebook.com/externalhit_uatext.php)" "www.metrocrimedaily.com"
69.63.184.1 - - [07/Feb/2023:12:52:56 -0800] "GET /instagram-dallas/02-07-2023-1334476-A.jpg HTTP/1.1" 200 142285 "-" "facebookexternalhit/1.1 (+http://www.facebook.com/externalhit_uatext.php)" "www.metrocrimedaily.com"
173.252.111.19 - - [07/Feb/2023:12:53:30 -0800] "GET /instagram-miami/02-07-2023-1453081-A.jpg HTTP/1.1" 200 170883 "-" "facebookexternalhit/1.1 (+http://www.facebook.com/externalhit_uatext.php)" "www.metrocrimedaily.com"
99.14.67.191 - - [07/Feb/2023:12:56:40 -0800] "GET / HTTP/1.1" 304 - "-" "Mozilla/5.0 (Linux; Android 13; SM-A136U) AppleWebKit/537.36 (KHTML, like Gecko) Chrome/108.0.0.0 Mobile Safari/537.36" "www.metrocrimedaily.com"
173.252.111.23 - - [07/Feb/2023:12:57:03 -0800] "GET /instagram-stlouis/02-07-2023-1425293-A.jpg HTTP/1.1" 200 110033 "-" "facebookexternalhit/1.1 (+http://www.facebook.com/externalhit_uatext.php)" "www.metrocrimedaily.com"
173.252.111.1 - - [07/Feb/2023:12:57:31 -0800] "GET /instagram-stlouis/02-07-2023-1425294-A.jpg HTTP/1.1" 200 82572 "-" "facebookexternalhit/1.1 (+http://www.facebook.com/externalhit_uatext.php)" "www.metrocrimedaily.com"
173.252.111.13 - - [07/Feb/2023:12:57:59 -0800] "GET /instagram-stlouis/02-07-2023-1425295-A.jpg HTTP/1.1" 200 497689 "-" "facebookexternalhit/1.1 (+http://www.facebook.com/externalhit_uatext.php)" "www.metrocrimedaily.com"
173.252.111.2 - - [07/Feb/2023:12:58:27 -0800] "GET /instagram-stlouis/02-07-2023-1425296-A.jpg HTTP/1.1" 200 154360 "-" "facebookexternalhit/1.1 (+http://www.facebook.com/externalhit_uatext.php)" "www.metrocrimedaily.com"
69.63.184.120 - - [07/Feb/2023:12:58:33 -0800] "GET /instagram-detroit/02-07-2023-1355087-A.jpg HTTP/1.1" 200 240143 "-" "facebookexternalhit/1.1 (+http://www.facebook.com/externalhit_uatext.php)" "www.metrocrimedaily.com"
173.252.111.6 - - [07/Feb/2023:12:58:56 -0800] "GET /instagram-stlouis/02-07-2023-1425297-A.jpg HTTP/1.1" 200 132649 "-" "facebookexternalhit/1.1 (+http://www.facebook.com/externalhit_uatext.php)" "www.metrocrimedaily.com"
173.252.111.116 - - [07/Feb/2023:12:59:01 -0800] "GET /instagram-houston/02-07-2023-1356325-A.jpg HTTP/1.1" 200 161026 "-" "facebookexternalhit/1.1 (+http://www.facebook.com/externalhit_uatext.php)" "www.metrocrimedaily.com"
173.252.111.4 - - [07/Feb/2023:12:59:25 -0800] "GET /instagram-stlouis/02-07-2023-1425298-A.jpg HTTP/1.1" 200 211321 "-" "facebookexternalhit/1.1 (+http://www.facebook.com/externalhit_uatext.php)" "www.metrocrimedaily.com"
173.252.111.15 - - [07/Feb/2023:12:59:26 -0800] "GET /instagram-losangeles/02-07-2023-1443342-A.jpg HTTP/1.1" 200 307401 "-" "facebookexternalhit/1.1 (+http://www.facebook.com/externalhit_uatext.php)" "www.metrocrimedaily.com"
173.252.111.6 - - [07/Feb/2023:12:59:30 -0800] "GET /instagram-houston/02-07-2023-1356326-A.jpg HTTP/1.1" 200 219558 "-" "facebookexternalhit/1.1 (+http://www.facebook.com/externalhit_uatext.php)" "www.metrocrimedaily.com"
173.252.111.3 - - [07/Feb/2023:12:59:58 -0800] "GET /instagram-houston/02-07-2023-1356327-A.jpg HTTP/1.1" 200 103821 "-" "facebookexternalhit/1.1 (+http://www.facebook.com/externalhit_uatext.php)" "www.metrocrimedaily.com"
173.252.111.13 - - [07/Feb/2023:13:00:27 -0800] "GET /instagram-houston/02-07-2023-1356328-A.jpg HTTP/1.1" 200 71058 "-" "facebookexternalhit/1.1 (+http://www.facebook.com/externalhit_uatext.php)" "www.metrocrimedaily.com"
173.252.111.12 - - [07/Feb/2023:13:00:55 -0800] "GET /instagram-houston/02-07-2023-1356329-A.jpg HTTP/1.1" 200 196491 "-" "facebookexternalhit/1.1 (+http://www.facebook.com/externalhit_uatext.php)" "www.metrocrimedaily.com"
173.252.111.23 - - [07/Feb/2023:13:01:23 -0800] "GET /instagram-houston/02-07-2023-13563210-A.jpg HTTP/1.1" 200 202412 "-" "facebookexternalhit/1.1 (+http://www.facebook.com/externalhit_uatext.php)" "www.metrocrimedaily.com"
173.252.111.7 - - [07/Feb/2023:13:01:51 -0800] "GET /instagram-houston/02-07-2023-13563211-A.jpg HTTP/1.1" 200 205154 "-" "facebookexternalhit/1.1 (+http://www.facebook.com/externalhit_uatext.php)" "www.metrocrimedaily.com"
173.252.111.5 - - [07/Feb/2023:13:02:20 -0800] "GET /instagram-houston/02-07-2023-13563212-A.jpg HTTP/1.1" 200 169769 "-" "facebookexternalhit/1.1 (+http://www.facebook.com/externalhit_uatext.php)" "www.metrocrimedaily.com"
173.252.111.7 - - [07/Feb/2023:13:02:23 -0800] "GET /instagram-neworleans/02-07-2023-1446182-A.jpg HTTP/1.1" 200 191606 "-" "facebookexternalhit/1.1 (+http://www.facebook.com/externalhit_uatext.php)" "www.metrocrimedaily.com"
173.252.111.8 - - [07/Feb/2023:13:02:50 -0800] "GET /instagram-neworleans/02-07-2023-1446183-A.jpg HTTP/1.1" 200 144179 "-" "facebookexternalhit/1.1 (+http://www.facebook.com/externalhit_uatext.php)" "www.metrocrimedaily.com"
173.252.111.9 - - [07/Feb/2023:13:03:18 -0800] "GET /instagram-neworleans/02-07-2023-1446184-A.jpg HTTP/1.1" 200 220052 "-" "facebookexternalhit/1.1 (+http://www.facebook.com/externalhit_uatext.php)" "www.metrocrimedaily.com"
173.252.111.18 - - [07/Feb/2023:13:03:46 -0800] "GET /instagram-neworleans/02-07-2023-1446185-A.jpg HTTP/1.1" 200 112489 "-" "facebookexternalhit/1.1 (+http://www.facebook.com/externalhit_uatext.php)" "www.metrocrimedaily.com"
69.63.184.4 - - [07/Feb/2023:13:04:21 -0800] "GET /instagram-chicago/02-07-2023-1503591-A.jpg HTTP/1.1" 200 220235 "-" "facebookexternalhit/1.1 (+http://www.facebook.com/externalhit_uatext.php)" "www.metrocrimedaily.com"
69.63.184.116 - - [07/Feb/2023:13:14:03 -0800] "GET /instagram-detroit/02-07-2023-1355088-A.jpg HTTP/1.1" 200 50511 "-" "facebookexternalhit/1.1 (+http://www.facebook.com/externalhit_uatext.php)" "www.metrocrimedaily.com"
40.77.167.212 - - [07/Feb/2023:13:18:54 -0800] "GET /index-miami.html HTTP/1.1" 200 29084 "-" "Mozilla/5.0 AppleWebKit/537.36 (KHTML, like Gecko; compatible; bingbot/2.0; +http://www.bing.com/bingbot.htm) Chrome/103.0.5060.134 Safari/537.36" "metrocrimedaily.com"
69.63.184.119 - - [07/Feb/2023:13:19:54 -0800] "GET /instagram-chicago/02-07-2023-1503592-A.jpg HTTP/1.1" 200 75316 "-" "facebookexternalhit/1.1 (+http://www.facebook.com/externalhit_uatext.php)" "www.metrocrimedaily.com"
157.55.39.18 - - [07/Feb/2023:13:24:57 -0800] "GET /instagram-atlanta/12-23-2022-1425261-Suspect-in-June-LaGrange-murder-arrested-by-Atlan.txt HTTP/1.1" 404 88 "-" "Mozilla/5.0 AppleWebKit/537.36 (KHTML, like Gecko; compatible; bingbot/2.0; +http://www.bing.com/bingbot.htm) Chrome/103.0.5060.134 Safari/537.36" "www.metrocrimedaily.com"
76.184.252.42 - - [07/Feb/2023:13:29:24 -0800] "GET /images/police-tape.jpg HTTP/1.1" 200 50766 "-" "Wget/1.20.3 (mingw32)" "metrocrimedaily.com"
69.63.184.2 - - [07/Feb/2023:13:29:33 -0800] "GET /instagram-detroit/02-07-2023-1355089-A.jpg HTTP/1.1" 200 54141 "-" "facebookexternalhit/1.1 (+http://www.facebook.com/externalhit_uatext.php)" "www.metrocrimedaily.com"
157.55.39.24 - - [07/Feb/2023:13:35:14 -0800] "GET /instagram-chicago/ HTTP/1.1" 200 1122 "-" "Mozilla/5.0 AppleWebKit/537.36 (KHTML, like Gecko; compatible; bingbot/2.0; +http://www.bing.com/bingbot.htm) Chrome/103.0.5060.134 Safari/537.36" "www.metrocrimedaily.com"
157.55.39.85 - - [07/Feb/2023:13:35:18 -0800] "GET /?C=N;O=D HTTP/1.1" 200 43775 "-" "Mozilla/5.0 AppleWebKit/537.36 (KHTML, like Gecko; compatible; bingbot/2.0; +http://www.bing.com/bingbot.htm) Chrome/103.0.5060.134 Safari/537.36" "www.metrocrimedaily.com"
157.55.39.85 - - [07/Feb/2023:13:35:19 -0800] "GET /instagram-atlanta/ HTTP/1.1" 200 968 "-" "Mozilla/5.0 AppleWebKit/537.36 (KHTML, like Gecko; compatible; bingbot/2.0; +http://www.bing.com/bingbot.htm) Chrome/103.0.5060.134 Safari/537.36" "www.metrocrimedaily.com"
52.167.144.81 - - [07/Feb/2023:13:35:23 -0800] "GET /instagram-detroit/ HTTP/1.1" 200 1096 "-" "Mozilla/5.0 AppleWebKit/537.36 (KHTML, like Gecko; compatible; bingbot/2.0; +http://www.bing.com/bingbot.htm) Chrome/103.0.5060.134 Safari/537.36" "www.metrocrimedaily.com"
52.167.144.32 - - [07/Feb/2023:13:35:44 -0800] "GET /instagram-detroit/02-07-2023-1355083-Garden-City-man-sentenced-for-soliciting-video-of.txt HTTP/1.1" 200 950 "-" "Mozilla/5.0 AppleWebKit/537.36 (KHTML, like Gecko; compatible; bingbot/2.0; +http://www.bing.com/bingbot.htm) Chrome/103.0.5060.134 Safari/537.36" "www.metrocrimedaily.com"
69.63.184.119 - - [07/Feb/2023:13:37:25 -0800] "GET /instagram-atlanta/02-07-2023-1537031-A.jpg HTTP/1.1" 200 146101 "-" "facebookexternalhit/1.1 (+http://www.facebook.com/externalhit_uatext.php)" "www.metrocrimedaily.com"
69.63.184.1 - - [07/Feb/2023:13:45:09 -0800] "GET /instagram-dallas/02-07-2023-1544471-A.jpg HTTP/1.1" 200 197256 "-" "facebookexternalhit/1.1 (+http://www.facebook.com/externalhit_uatext.php)" "www.metrocrimedaily.com"
69.63.184.116 - - [07/Feb/2023:13:53:00 -0800] "GET /instagram-atlanta/02-07-2023-1537032-A.jpg HTTP/1.1" 200 62069 "-" "facebookexternalhit/1.1 (+http://www.facebook.com/externalhit_uatext.php)" "www.metrocrimedaily.com"
173.252.111.7 - - [07/Feb/2023:13:56:59 -0800] "GET /instagram-stlouis/02-07-2023-1556381-A.jpg HTTP/1.1" 200 192714 "-" "facebookexternalhit/1.1 (+http://www.facebook.com/externalhit_uatext.php)" "www.metrocrimedaily.com"
51.222.253.11 - - [07/Feb/2023:13:59:31 -0800] "GET / HTTP/1.1" 200 43775 "-" "Mozilla/5.0 (compatible; AhrefsBot/7.0; +http://ahrefs.com/robot/)" "metrocrimedaily.com"
40.77.167.212 - - [07/Feb/2023:13:59:37 -0800] "GET /index-miami.html HTTP/1.1" 200 29084 "-" "Mozilla/5.0 AppleWebKit/537.36 (KHTML, like Gecko; compatible; bingbot/2.0; +http://www.bing.com/bingbot.htm) Chrome/103.0.5060.134 Safari/537.36" "metrocrimedaily.com"
173.252.111.16 - - [07/Feb/2023:14:03:42 -0800] "GET /instagram-losangeles/02-07-2023-1603211-A.jpg HTTP/1.1" 200 384235 "-" "facebookexternalhit/1.1 (+http://www.facebook.com/externalhit_uatext.php)" "www.metrocrimedaily.com"
173.252.111.1 - - [07/Feb/2023:14:08:13 -0800] "GET /instagram-miami/02-07-2023-1607501-A.jpg HTTP/1.1" 200 702292 "-" "facebookexternalhit/1.1 (+http://www.facebook.com/externalhit_uatext.php)" "www.metrocrimedaily.com"
173.252.111.119 - - [07/Feb/2023:14:12:31 -0800] "GET /instagram-stlouis/02-07-2023-1556382-A.jpg HTTP/1.1" 200 349479 "-" "facebookexternalhit/1.1 (+http://www.facebook.com/externalhit_uatext.php)" "www.metrocrimedaily.com"
173.252.111.118 - - [07/Feb/2023:14:15:46 -0800] "GET /instagram-houston/02-07-2023-1615261-A.jpg HTTP/1.1" 200 86055 "-" "facebookexternalhit/1.1 (+http://www.facebook.com/externalhit_uatext.php)" "www.metrocrimedaily.com"
173.252.111.117 - - [07/Feb/2023:14:17:02 -0800] "GET /instagram-neworleans/02-07-2023-1616401-A.jpg HTTP/1.1" 200 258721 "-" "facebookexternalhit/1.1 (+http://www.facebook.com/externalhit_uatext.php)" "www.metrocrimedaily.com"
69.63.184.1 - - [07/Feb/2023:14:17:16 -0800] "GET /instagram-chicago/02-07-2023-1616551-A.jpg HTTP/1.1" 200 78952 "-" "facebookexternalhit/1.1 (+http://www.facebook.com/externalhit_uatext.php)" "www.metrocrimedaily.com"
173.252.111.8 - - [07/Feb/2023:14:19:17 -0800] "GET /instagram-losangeles/02-07-2023-1603212-A.jpg HTTP/1.1" 200 139641 "-" "facebookexternalhit/1.1 (+http://www.facebook.com/externalhit_uatext.php)" "www.metrocrimedaily.com"
69.63.184.3 - - [07/Feb/2023:14:22:23 -0800] "GET /instagram-detroit/02-07-2023-1622011-A.jpg HTTP/1.1" 200 91174 "-" "facebookexternalhit/1.1 (+http://www.facebook.com/externalhit_uatext.php)" "www.metrocrimedaily.com"
69.63.184.5 - - [07/Feb/2023:14:22:49 -0800] "GET /instagram-detroit/02-07-2023-1622012-A.jpg HTTP/1.1" 200 105293 "-" "facebookexternalhit/1.1 (+http://www.facebook.com/externalhit_uatext.php)" "www.metrocrimedaily.com"
76.184.252.42 - - [07/Feb/2023:14:23:07 -0800] "GET /images/police-tape.jpg HTTP/1.1" 200 50766 "-" "Wget/1.20.3 (mingw32)" "metrocrimedaily.com"
69.63.184.5 - - [07/Feb/2023:14:23:16 -0800] "GET /instagram-detroit/02-07-2023-1622013-A.jpg HTTP/1.1" 200 60253 "-" "facebookexternalhit/1.1 (+http://www.facebook.com/externalhit_uatext.php)" "www.metrocrimedaily.com"
69.63.184.119 - - [07/Feb/2023:14:23:43 -0800] "GET /instagram-detroit/02-07-2023-1622014-A.jpg HTTP/1.1" 200 146268 "-" "facebookexternalhit/1.1 (+http://www.facebook.com/externalhit_uatext.php)" "www.metrocrimedaily.com"
69.63.184.119 - - [07/Feb/2023:14:24:09 -0800] "GET /instagram-detroit/02-07-2023-1622015-A.jpg HTTP/1.1" 200 118637 "-" "facebookexternalhit/1.1 (+http://www.facebook.com/externalhit_uatext.php)" "www.metrocrimedaily.com"
173.252.111.17 - - [07/Feb/2023:14:28:04 -0800] "GET /instagram-stlouis/02-07-2023-1556383-A.jpg HTTP/1.1" 200 128899 "-" "facebookexternalhit/1.1 (+http://www.facebook.com/externalhit_uatext.php)" "www.metrocrimedaily.com"
52.167.144.81 - - [07/Feb/2023:14:30:24 -0800] "GET /instagram-chicago/12-27-2022-1754091-Anti-gun-violence-group-pushes-for-HB-5855---s-pa.txt HTTP/1.1" 404 88 "-" "Mozilla/5.0 AppleWebKit/537.36 (KHTML, like Gecko; compatible; bingbot/2.0; +http://www.bing.com/bingbot.htm) Chrome/103.0.5060.134 Safari/537.36" "www.metrocrimedaily.com"
173.252.111.3 - - [07/Feb/2023:14:31:17 -0800] "GET /instagram-houston/02-07-2023-1615262-A.jpg HTTP/1.1" 200 80440 "-" "facebookexternalhit/1.1 (+http://www.facebook.com/externalhit_uatext.php)" "www.metrocrimedaily.com"
69.63.184.119 - - [07/Feb/2023:14:32:51 -0800] "GET /instagram-chicago/02-07-2023-1616552-A.jpg HTTP/1.1" 200 267607 "-" "facebookexternalhit/1.1 (+http://www.facebook.com/externalhit_uatext.php)" "www.metrocrimedaily.com"
69.63.184.119 - - [07/Feb/2023:14:35:46 -0800] "GET /instagram-dallas/02-07-2023-1635251-A.jpg HTTP/1.1" 200 180985 "-" "facebookexternalhit/1.1 (+http://www.facebook.com/externalhit_uatext.php)" "www.metrocrimedaily.com"
20.191.45.212 - - [07/Feb/2023:14:38:29 -0800] "GET / HTTP/1.1" 200 44663 "http://metrocrimedaily.com/" "Mozilla/5.0 (compatible; DuckDuckGo-Favicons-Bot/1.0; +http://duckduckgo.com)" "metrocrimedaily.com"
20.191.45.212 - - [07/Feb/2023:14:38:30 -0800] "GET /favicon.ico HTTP/1.1" 404 88 "http://metrocrimedaily.com/favicon.ico" "Mozilla/5.0 (compatible; DuckDuckGo-Favicons-Bot/1.0; +http://duckduckgo.com)" "metrocrimedaily.com"
40.77.167.212 - - [07/Feb/2023:14:39:11 -0800] "GET /index-miami.html HTTP/1.1" 200 29288 "-" "Mozilla/5.0 AppleWebKit/537.36 (KHTML, like Gecko; compatible; bingbot/2.0; +http://www.bing.com/bingbot.htm) Chrome/103.0.5060.134 Safari/537.36" "metrocrimedaily.com"
52.167.144.32 - - [07/Feb/2023:14:42:30 -0800] "GET /instagram-chicago/02-03-2023-2053332-man-fatally-shot-in-car-in-austin-.txt HTTP/1.1" 404 88 "-" "Mozilla/5.0 AppleWebKit/537.36 (KHTML, like Gecko; compatible; bingbot/2.0; +http://www.bing.com/bingbot.htm) Chrome/103.0.5060.134 Safari/537.36" "metrocrimedaily.com"
173.252.111.19 - - [07/Feb/2023:14:43:38 -0800] "GET /instagram-stlouis/02-07-2023-1556384-A.jpg HTTP/1.1" 200 147067 "-" "facebookexternalhit/1.1 (+http://www.facebook.com/externalhit_uatext.php)" "www.metrocrimedaily.com"
51.222.253.2 - - [07/Feb/2023:14:46:12 -0800] "GET / HTTP/1.1" 200 44663 "-" "Mozilla/5.0 (compatible; AhrefsBot/7.0; +http://ahrefs.com/robot/)" "www.metrocrimedaily.com"
173.252.111.5 - - [07/Feb/2023:14:46:35 -0800] "GET /instagram-memphis/02-07-2023-1646111-A.jpg HTTP/1.1" 200 237117 "-" "facebookexternalhit/1.1 (+http://www.facebook.com/externalhit_uatext.php)" "www.metrocrimedaily.com"
173.252.111.119 - - [07/Feb/2023:14:46:50 -0800] "GET /instagram-houston/02-07-2023-1615263-A.jpg HTTP/1.1" 200 74195 "-" "facebookexternalhit/1.1 (+http://www.facebook.com/externalhit_uatext.php)" "www.metrocrimedaily.com"
69.63.184.4 - - [07/Feb/2023:14:48:23 -0800] "GET /instagram-chicago/02-07-2023-1616553-A.jpg HTTP/1.1" 200 128301 "-" "facebookexternalhit/1.1 (+http://www.facebook.com/externalhit_uatext.php)" "www.metrocrimedaily.com"
114.119.132.171 - - [07/Feb/2023:14:56:00 -0800] "GET /instagram-dallas/01-24-2023-1927523-Fort-Worth-Initiative-Aims-to-Curb-Teen-Gun-Viole.txt HTTP/1.1" 404 88 "https://metrocrimedaily.com/instagram-dallas/?C=D%3BO%3DA" "Mozilla/5.0 (Linux; Android 7.0;) AppleWebKit/537.36 (KHTML, like Gecko) Mobile Safari/537.36 (compatible; PetalBot;+https://webmaster.petalsearch.com/site/petalbot)" "metrocrimedaily.com"
114.119.149.183 - - [07/Feb/2023:14:57:15 -0800] "GET /instagram-stlouis/02-03-2023-1849492-Man-charged-after-two-St.-Louis-police-officers-s.txt HTTP/1.1" 404 88 "https://metrocrimedaily.com/instagram-stlouis/" "Mozilla/5.0 (Linux; Android 7.0;) AppleWebKit/537.36 (KHTML, like Gecko) Mobile Safari/537.36 (compatible; PetalBot;+https://webmaster.petalsearch.com/site/petalbot)" "metrocrimedaily.com"
173.252.111.14 - - [07/Feb/2023:14:59:11 -0800] "GET /instagram-stlouis/02-07-2023-1556385-A.jpg HTTP/1.1" 200 102777 "-" "facebookexternalhit/1.1 (+http://www.facebook.com/externalhit_uatext.php)" "www.metrocrimedaily.com"
69.63.184.119 - - [07/Feb/2023:14:59:31 -0800] "GET /instagram-atlanta/02-07-2023-1658171-A.jpg HTTP/1.1" 200 92258 "-" "facebookexternalhit/1.1 (+http://www.facebook.com/externalhit_uatext.php)" "www.metrocrimedaily.com"
69.63.184.119 - - [07/Feb/2023:15:00:00 -0800] "GET /instagram-atlanta/02-07-2023-1658172-A.jpg HTTP/1.1" 200 189306 "-" "facebookexternalhit/1.1 (+http://www.facebook.com/externalhit_uatext.php)" "www.metrocrimedaily.com"
114.119.152.143 - - [07/Feb/2023:15:00:05 -0800] "GET /instagram-chicago/02-04-2023-0830002-Dozens-of-soldiers-freed-in-Russia-Ukraine-prison.txt HTTP/1.1" 404 88 "https://metrocrimedaily.com/instagram-chicago/?C=D%3BO%3DA" "Mozilla/5.0 (Linux; Android 7.0;) AppleWebKit/537.36 (KHTML, like Gecko) Mobile Safari/537.36 (compatible; PetalBot;+https://webmaster.petalsearch.com/site/petalbot)" "metrocrimedaily.com"
69.63.184.120 - - [07/Feb/2023:15:00:29 -0800] "GET /instagram-atlanta/02-07-2023-1658173-A.jpg HTTP/1.1" 200 133611 "-" "facebookexternalhit/1.1 (+http://www.facebook.com/externalhit_uatext.php)" "www.metrocrimedaily.com"
69.63.184.118 - - [07/Feb/2023:15:00:58 -0800] "GET /instagram-atlanta/02-07-2023-1658174-A.jpg HTTP/1.1" 200 196312 "-" "facebookexternalhit/1.1 (+http://www.facebook.com/externalhit_uatext.php)" "www.metrocrimedaily.com"
52.167.144.32 - - [07/Feb/2023:15:01:13 -0800] "GET /instagram-dallas/12-21-2022-1618001-Too-Few-Ambulances--Blocked-Roads-Delayed-Emergen.txt HTTP/1.1" 404 88 "-" "Mozilla/5.0 AppleWebKit/537.36 (KHTML, like Gecko; compatible; bingbot/2.0; +http://www.bing.com/bingbot.htm) Chrome/103.0.5060.134 Safari/537.36" "www.metrocrimedaily.com"
69.63.184.120 - - [07/Feb/2023:15:01:27 -0800] "GET /instagram-atlanta/02-07-2023-1658175-A.jpg HTTP/1.1" 200 94807 "-" "facebookexternalhit/1.1 (+http://www.facebook.com/externalhit_uatext.php)" "www.metrocrimedaily.com"
173.252.111.4 - - [07/Feb/2023:15:02:10 -0800] "GET /instagram-memphis/02-07-2023-1646112-A.jpg HTTP/1.1" 200 212653 "-" "facebookexternalhit/1.1 (+http://www.facebook.com/externalhit_uatext.php)" "www.metrocrimedaily.com"
173.252.111.6 - - [07/Feb/2023:15:02:22 -0800] "GET /instagram-houston/02-07-2023-1615264-A.jpg HTTP/1.1" 200 77317 "-" "facebookexternalhit/1.1 (+http://www.facebook.com/externalhit_uatext.php)" "www.metrocrimedaily.com"
173.252.111.16 - - [07/Feb/2023:15:02:52 -0800] "GET /instagram-houston/02-07-2023-1615265-A.jpg HTTP/1.1" 200 390672 "-" "facebookexternalhit/1.1 (+http://www.facebook.com/externalhit_uatext.php)" "www.metrocrimedaily.com"
173.252.111.12 - - [07/Feb/2023:15:03:20 -0800] "GET /instagram-houston/02-07-2023-1615266-A.jpg HTTP/1.1" 200 176150 "-" "facebookexternalhit/1.1 (+http://www.facebook.com/externalhit_uatext.php)" "www.metrocrimedaily.com"
173.252.111.4 - - [07/Feb/2023:15:03:46 -0800] "GET /instagram-houston/02-07-2023-1615267-A.jpg HTTP/1.1" 200 152394 "-" "facebookexternalhit/1.1 (+http://www.facebook.com/externalhit_uatext.php)" "www.metrocrimedaily.com"
69.63.184.119 - - [07/Feb/2023:15:03:55 -0800] "GET /instagram-chicago/02-07-2023-1616554-A.jpg HTTP/1.1" 200 87750 "-" "facebookexternalhit/1.1 (+http://www.facebook.com/externalhit_uatext.php)" "www.metrocrimedaily.com"
173.252.111.18 - - [07/Feb/2023:15:04:14 -0800] "GET /instagram-houston/02-07-2023-1615268-A.jpg HTTP/1.1" 200 221010 "-" "facebookexternalhit/1.1 (+http://www.facebook.com/externalhit_uatext.php)" "www.metrocrimedaily.com"
173.252.111.18 - - [07/Feb/2023:15:04:42 -0800] "GET /instagram-houston/02-07-2023-1615269-A.jpg HTTP/1.1" 200 149794 "-" "facebookexternalhit/1.1 (+http://www.facebook.com/externalhit_uatext.php)" "www.metrocrimedaily.com"
173.252.111.15 - - [07/Feb/2023:15:05:11 -0800] "GET /instagram-houston/02-07-2023-16152610-A.jpg HTTP/1.1" 200 135550 "-" "facebookexternalhit/1.1 (+http://www.facebook.com/externalhit_uatext.php)" "www.metrocrimedaily.com"
173.252.111.116 - - [07/Feb/2023:15:05:42 -0800] "GET /instagram-houston/02-07-2023-16152611-A.jpg HTTP/1.1" 200 150877 "-" "facebookexternalhit/1.1 (+http://www.facebook.com/externalhit_uatext.php)" "www.metrocrimedaily.com"
173.252.111.22 - - [07/Feb/2023:15:13:08 -0800] "GET /instagram-neworleans/02-07-2023-1712381-A.jpg HTTP/1.1" 200 105156 "-" "facebookexternalhit/1.1 (+http://www.facebook.com/externalhit_uatext.php)" "www.metrocrimedaily.com"
173.252.111.18 - - [07/Feb/2023:15:13:42 -0800] "GET /instagram-neworleans/02-07-2023-1712382-A.jpg HTTP/1.1" 200 159205 "-" "facebookexternalhit/1.1 (+http://www.facebook.com/externalhit_uatext.php)" "www.metrocrimedaily.com"
173.252.111.23 - - [07/Feb/2023:15:14:46 -0800] "GET /instagram-stlouis/02-07-2023-1556386-A.jpg HTTP/1.1" 200 239991 "-" "facebookexternalhit/1.1 (+http://www.facebook.com/externalhit_uatext.php)" "www.metrocrimedaily.com"
173.252.111.2 - - [07/Feb/2023:15:15:15 -0800] "GET /instagram-stlouis/02-07-2023-1556387-A.jpg HTTP/1.1" 200 504896 "-" "facebookexternalhit/1.1 (+http://www.facebook.com/externalhit_uatext.php)" "www.metrocrimedaily.com"
69.63.184.4 - - [07/Feb/2023:15:16:30 -0800] "GET /instagram-detroit/02-07-2023-1715411-A.jpg HTTP/1.1" 200 71744 "-" "facebookexternalhit/1.1 (+http://www.facebook.com/externalhit_uatext.php)" "www.metrocrimedaily.com"
173.252.111.2 - - [07/Feb/2023:15:16:59 -0800] "GET /instagram-losangeles/02-07-2023-1716391-A.jpg HTTP/1.1" 200 97477 "-" "facebookexternalhit/1.1 (+http://www.facebook.com/externalhit_uatext.php)" "www.metrocrimedaily.com"
52.167.144.32 - - [07/Feb/2023:15:17:03 -0800] "GET /instagram-atlanta/12-27-2022-2030381-Young-Thug-s-RICO-case---Lawyers-interview-potent.txt HTTP/1.1" 404 88 "-" "Mozilla/5.0 AppleWebKit/537.36 (KHTML, like Gecko; compatible; bingbot/2.0; +http://www.bing.com/bingbot.htm) Chrome/103.0.5060.134 Safari/537.36" "www.metrocrimedaily.com"
40.77.167.212 - - [07/Feb/2023:15:17:25 -0800] "GET /index-miami.html HTTP/1.1" 200 29288 "-" "Mozilla/5.0 AppleWebKit/537.36 (KHTML, like Gecko; compatible; bingbot/2.0; +http://www.bing.com/bingbot.htm) Chrome/103.0.5060.134 Safari/537.36" "metrocrimedaily.com"
173.252.111.2 - - [07/Feb/2023:15:17:43 -0800] "GET /instagram-memphis/02-07-2023-1646113-A.jpg HTTP/1.1" 200 211192 "-" "facebookexternalhit/1.1 (+http://www.facebook.com/externalhit_uatext.php)" "www.metrocrimedaily.com"
173.252.111.19 - - [07/Feb/2023:15:20:57 -0800] "GET /instagram-newyork/02-07-2023-1720371-A.jpg HTTP/1.1" 200 69867 "-" "facebookexternalhit/1.1 (+http://www.facebook.com/externalhit_uatext.php)" "www.metrocrimedaily.com"
114.119.150.85 - - [07/Feb/2023:15:24:58 -0800] "GET /instagram-dallas/02-05-2023-2218181-Small-North-Texas-business-owner-says-$40-000-wor.txt HTTP/1.1" 404 88 "https://metrocrimedaily.com/instagram-dallas/" "Mozilla/5.0 (Linux; Android 7.0;) AppleWebKit/537.36 (KHTML, like Gecko) Mobile Safari/537.36 (compatible; PetalBot;+https://webmaster.petalsearch.com/site/petalbot)" "metrocrimedaily.com"
157.55.39.18 - - [07/Feb/2023:15:25:09 -0800] "GET /instagram-losangeles/01-18-2023-1620491-Idaho-murders-suspect-Bryan-Kohberger-allegedly-s.txt HTTP/1.1" 404 88 "-" "Mozilla/5.0 AppleWebKit/537.36 (KHTML, like Gecko; compatible; bingbot/2.0; +http://www.bing.com/bingbot.htm) Chrome/103.0.5060.134 Safari/537.36" "www.metrocrimedaily.com"
