114.119.152.142 - - [06/Feb/2023:23:08:04 -0800] "GET /instagram-losangeles/ig-CWUSA-losangeles-stories-to-post-later.txt HTTP/1.1" 200 15577 "https://metrocrimedaily.com/instagram-losangeles/?C=D%3BO%3DA" "Mozilla/5.0 (Linux; Android 7.0;) AppleWebKit/537.36 (KHTML, like Gecko) Mobile Safari/537.36 (compatible; PetalBot;+https://webmaster.petalsearch.com/site/petalbot)" "metrocrimedaily.com"
69.63.184.3 - - [06/Feb/2023:23:09:34 -0800] "GET /instagram-neworleans/02-07-2023-0109131-A.jpg HTTP/1.1" 200 413722 "-" "facebookexternalhit/1.1 (+http://www.facebook.com/externalhit_uatext.php)" "www.metrocrimedaily.com"
114.119.159.39 - - [06/Feb/2023:23:10:09 -0800] "GET /instagram-dallas/videos/?C=D%3BO%3DA HTTP/1.1" 200 451 "https://metrocrimedaily.com/instagram-dallas/videos/?C=S%3BO%3DA" "Mozilla/5.0 (Linux; Android 7.0;) AppleWebKit/537.36 (KHTML, like Gecko) Mobile Safari/537.36 (compatible; PetalBot;+https://webmaster.petalsearch.com/site/petalbot)" "metrocrimedaily.com"
114.119.132.146 - - [06/Feb/2023:23:10:40 -0800] "GET /instagram-atlanta/01-27-2023-1244231-Man-charged-in-deadly-shooting-near-Atlanta-hair-.txt HTTP/1.1" 404 88 "https://metrocrimedaily.com/instagram-atlanta/?C=N%3BO%3DD" "Mozilla/5.0 (Linux; Android 7.0;) AppleWebKit/537.36 (KHTML, like Gecko) Mobile Safari/537.36 (compatible; PetalBot;+https://webmaster.petalsearch.com/site/petalbot)" "metrocrimedaily.com"
114.119.136.150 - - [06/Feb/2023:23:11:48 -0800] "GET /privacy-policy.html HTTP/1.1" 200 2353 "http://www.metrocrimedaily.com/about-us.html" "Mozilla/5.0 (Linux; Android 7.0;) AppleWebKit/537.36 (KHTML, like Gecko) Mobile Safari/537.36 (compatible; PetalBot;+https://webmaster.petalsearch.com/site/petalbot)" "www.metrocrimedaily.com"
69.63.184.4 - - [06/Feb/2023:23:11:49 -0800] "GET /instagram-atlanta/02-07-2023-0040132-A.jpg HTTP/1.1" 200 97115 "-" "facebookexternalhit/1.1 (+http://www.facebook.com/externalhit_uatext.php)" "www.metrocrimedaily.com"
69.63.184.117 - - [06/Feb/2023:23:18:43 -0800] "GET /instagram-newyork/02-07-2023-0118231-A.jpg HTTP/1.1" 200 176027 "-" "facebookexternalhit/1.1 (+http://www.facebook.com/externalhit_uatext.php)" "www.metrocrimedaily.com"
40.77.167.212 - - [06/Feb/2023:23:23:55 -0800] "GET /instagram-dallas/12-26-2022-1053311-Dallas-flight-attendant-pleads-guilty-to-drug-cha.txt HTTP/1.1" 404 88 "-" "Mozilla/5.0 AppleWebKit/537.36 (KHTML, like Gecko; compatible; bingbot/2.0; +http://www.bing.com/bingbot.htm) Chrome/103.0.5060.134 Safari/537.36" "www.metrocrimedaily.com"
69.63.184.119 - - [06/Feb/2023:23:27:18 -0800] "GET /instagram-miami/02-07-2023-0126571-A.jpg HTTP/1.1" 200 167665 "-" "facebookexternalhit/1.1 (+http://www.facebook.com/externalhit_uatext.php)" "www.metrocrimedaily.com"
51.222.253.11 - - [06/Feb/2023:23:29:57 -0800] "GET / HTTP/1.1" 200 39893 "-" "Mozilla/5.0 (compatible; AhrefsBot/7.0; +http://ahrefs.com/robot/)" "www.metrocrimedaily.com"
51.222.253.18 - - [06/Feb/2023:23:31:07 -0800] "GET / HTTP/1.1" 200 39893 "-" "Mozilla/5.0 (compatible; AhrefsBot/7.0; +http://ahrefs.com/robot/)" "metrocrimedaily.com"
114.119.141.40 - - [06/Feb/2023:23:32:09 -0800] "GET /instagram-stlouis/01-31-2023-1611224-Police-ID-man-shot--killed-in-Bellefontaine-Neigh.txt HTTP/1.1" 404 88 "https://metrocrimedaily.com/instagram-stlouis/?C=M%3BO%3DA" "Mozilla/5.0 (Linux; Android 7.0;) AppleWebKit/537.36 (KHTML, like Gecko) Mobile Safari/537.36 (compatible; PetalBot;+https://webmaster.petalsearch.com/site/petalbot)" "metrocrimedaily.com"
51.222.253.8 - - [06/Feb/2023:23:32:15 -0800] "GET /instagram-detroit/?C=D;O=D HTTP/1.1" 200 1301 "-" "Mozilla/5.0 (compatible; AhrefsBot/7.0; +http://ahrefs.com/robot/)" "metrocrimedaily.com"
114.119.156.44 - - [06/Feb/2023:23:33:20 -0800] "GET /instagram-miami/02-01-2023-1531231-Bicyclist-struck-by-hit-and-run-driver-on-Crandon.txt HTTP/1.1" 200 1103 "https://metrocrimedaily.com/instagram-miami/" "Mozilla/5.0 (Linux; Android 7.0;) AppleWebKit/537.36 (KHTML, like Gecko) Mobile Safari/537.36 (compatible; PetalBot;+https://webmaster.petalsearch.com/site/petalbot)" "metrocrimedaily.com"
51.222.253.4 - - [06/Feb/2023:23:33:34 -0800] "GET /instagram-detroit/02-06-2023-1949061-Family-of-5-living-in-car-after-house-fire-destro.txt HTTP/1.1" 200 1013 "-" "Mozilla/5.0 (compatible; AhrefsBot/7.0; +http://ahrefs.com/robot/)" "metrocrimedaily.com"
114.119.143.75 - - [06/Feb/2023:23:34:24 -0800] "GET /instagram-memphis/ HTTP/1.1" 200 5087 "https://metrocrimedaily.com/instagram-memphis/post-later/" "Mozilla/5.0 (Linux; Android 7.0;) AppleWebKit/537.36 (KHTML, like Gecko) Mobile Safari/537.36 (compatible; PetalBot;+https://webmaster.petalsearch.com/site/petalbot)" "metrocrimedaily.com"
51.222.253.18 - - [06/Feb/2023:23:35:16 -0800] "GET /instagram-detroit/02-06-2023-1949062-There-are-more-than-4-000-missing-persons-in-Mich.txt HTTP/1.1" 200 1037 "-" "Mozilla/5.0 (compatible; AhrefsBot/7.0; +http://ahrefs.com/robot/)" "metrocrimedaily.com"
114.119.155.228 - - [06/Feb/2023:23:35:53 -0800] "GET /instagram-memphis/02-02-2023-1648211-Dance-hall-911-caller---He-might-start-shooting-a.txt HTTP/1.1" 200 978 "https://metrocrimedaily.com/instagram-memphis/?C=D%3BO%3DA" "Mozilla/5.0 (Linux; Android 7.0;) AppleWebKit/537.36 (KHTML, like Gecko) Mobile Safari/537.36 (compatible; PetalBot;+https://webmaster.petalsearch.com/site/petalbot)" "metrocrimedaily.com"
51.222.253.14 - - [06/Feb/2023:23:36:24 -0800] "GET /instagram-detroit/02-06-2023-2316001--He-didn-t-deserve-that---Mother-of-man-found-sho.txt HTTP/1.1" 200 1119 "-" "Mozilla/5.0 (compatible; AhrefsBot/7.0; +http://ahrefs.com/robot/)" "metrocrimedaily.com"
114.119.146.55 - - [06/Feb/2023:23:36:44 -0800] "GET /instagram-detroit/02-05-2023-1601482-Livonia-police-looking-for-women-who-attempted-to.txt HTTP/1.1" 404 88 "https://metrocrimedaily.com/instagram-detroit/?C=M%3BO%3DA" "Mozilla/5.0 (Linux; Android 7.0;) AppleWebKit/537.36 (KHTML, like Gecko) Mobile Safari/537.36 (compatible; PetalBot;+https://webmaster.petalsearch.com/site/petalbot)" "metrocrimedaily.com"
51.222.253.1 - - [06/Feb/2023:23:37:34 -0800] "GET /instagram-dallas/02-04-2023-2331171-Former-CIA-Agent-Discusses-Significance-of-Chines.txt HTTP/1.1" 200 1128 "-" "Mozilla/5.0 (compatible; AhrefsBot/7.0; +http://ahrefs.com/robot/)" "metrocrimedaily.com"
51.222.253.5 - - [06/Feb/2023:23:38:59 -0800] "GET /instagram-dallas/02-04-2023-2331172-Woman-who-displayed-handgun-in-Arlington-hospital.txt HTTP/1.1" 200 49 "-" "Mozilla/5.0 (compatible; AhrefsBot/7.0; +http://ahrefs.com/robot/)" "metrocrimedaily.com"
114.119.129.225 - - [06/Feb/2023:23:39:29 -0800] "GET /instagram-atlanta/post-later/01-27-2023-2056373-Tyre-Nichols--Georgians-react-to-release-of-Memph.txt HTTP/1.1" 404 88 "https://metrocrimedaily.com/instagram-atlanta/post-later/" "Mozilla/5.0 (Linux; Android 7.0;) AppleWebKit/537.36 (KHTML, like Gecko) Mobile Safari/537.36 (compatible; PetalBot;+https://webmaster.petalsearch.com/site/petalbot)" "metrocrimedaily.com"
51.222.253.20 - - [06/Feb/2023:23:40:21 -0800] "GET /instagram-dallas/02-05-2023-0930281-The-7-Most-In-Demand-Tech-Skills-for-Freelancers-.txt HTTP/1.1" 200 1063 "-" "Mozilla/5.0 (compatible; AhrefsBot/7.0; +http://ahrefs.com/robot/)" "metrocrimedaily.com"
114.119.129.191 - - [06/Feb/2023:23:40:38 -0800] "GET /CRIME-WATCH-AMERICA/GOOD_BARBER_APP-MAKER/youtube-upload-master/youtube_upload/?C=D%3BO%3DA HTTP/1.1" 200 555 "https://metrocrimedaily.com/CRIME-WATCH-AMERICA/GOOD_BARBER_APP-MAKER/youtube-upload-master/youtube_upload/?C=M%3BO%3DA" "Mozilla/5.0 (Linux; Android 7.0;) AppleWebKit/537.36 (KHTML, like Gecko) Mobile Safari/537.36 (compatible; PetalBot;+https://webmaster.petalsearch.com/site/petalbot)" "metrocrimedaily.com"
51.222.253.9 - - [06/Feb/2023:23:42:10 -0800] "GET /instagram-dallas/02-05-2023-0930282-Two-teens-arrested-in-connection-to-Little-Elm-sh.txt HTTP/1.1" 200 652 "-" "Mozilla/5.0 (compatible; AhrefsBot/7.0; +http://ahrefs.com/robot/)" "metrocrimedaily.com"
69.63.184.3 - - [06/Feb/2023:23:42:23 -0800] "GET /instagram-atlanta/02-07-2023-0040133-A.jpg HTTP/1.1" 200 250678 "-" "facebookexternalhit/1.1 (+http://www.facebook.com/externalhit_uatext.php)" "www.metrocrimedaily.com"
51.222.253.3 - - [06/Feb/2023:23:43:33 -0800] "GET /instagram-dallas/02-05-2023-1138291-Texas-woman-fatally-shot-by-officer-after-pointin.txt HTTP/1.1" 200 49 "-" "Mozilla/5.0 (compatible; AhrefsBot/7.0; +http://ahrefs.com/robot/)" "metrocrimedaily.com"
51.222.253.1 - - [06/Feb/2023:23:44:50 -0800] "GET /instagram-dallas/02-05-2023-1358281-22-year-old-killed--teen-injured-in-shooting-that.txt HTTP/1.1" 200 702 "-" "Mozilla/5.0 (compatible; AhrefsBot/7.0; +http://ahrefs.com/robot/)" "metrocrimedaily.com"
51.222.253.11 - - [06/Feb/2023:23:46:01 -0800] "GET /instagram-dallas/02-05-2023-1358282-Crash-on-I-30-in-Dallas-leaves-1-dead--1-injured-.txt HTTP/1.1" 200 383 "-" "Mozilla/5.0 (compatible; AhrefsBot/7.0; +http://ahrefs.com/robot/)" "metrocrimedaily.com"
51.222.253.9 - - [06/Feb/2023:23:47:23 -0800] "GET /instagram-dallas/02-05-2023-1504251-Murder-victim-found-after-car-crashes-into-Garlan.txt HTTP/1.1" 200 588 "-" "Mozilla/5.0 (compatible; AhrefsBot/7.0; +http://ahrefs.com/robot/)" "metrocrimedaily.com"
114.119.128.233 - - [06/Feb/2023:23:48:08 -0800] "GET /instagram-newyork/02-05-2023-0105131-Teenage-girl-killed-by-shark-while-jet-skiing-in-.txt HTTP/1.1" 200 693 "https://metrocrimedaily.com/instagram-newyork/?C=M%3BO%3DA" "Mozilla/5.0 (Linux; Android 7.0;) AppleWebKit/537.36 (KHTML, like Gecko) Mobile Safari/537.36 (compatible; PetalBot;+https://webmaster.petalsearch.com/site/petalbot)" "metrocrimedaily.com"
51.222.253.12 - - [06/Feb/2023:23:48:37 -0800] "GET /instagram-dallas/02-05-2023-1950511-Trial-for-father-of-Garland-14-year-old-triple-mu.txt HTTP/1.1" 200 1018 "-" "Mozilla/5.0 (compatible; AhrefsBot/7.0; +http://ahrefs.com/robot/)" "metrocrimedaily.com"
51.222.253.6 - - [06/Feb/2023:23:50:18 -0800] "GET /instagram-dallas/02-05-2023-1950512-Police--Kidnapped-children-from-Missouri--missing.txt HTTP/1.1" 200 660 "-" "Mozilla/5.0 (compatible; AhrefsBot/7.0; +http://ahrefs.com/robot/)" "metrocrimedaily.com"
51.222.253.3 - - [06/Feb/2023:23:51:33 -0800] "GET /instagram-dallas/02-05-2023-2057271-Car-Crash--Apartment-Fire-Connected-to-Fatal-Garl.txt HTTP/1.1" 200 1114 "-" "Mozilla/5.0 (compatible; AhrefsBot/7.0; +http://ahrefs.com/robot/)" "metrocrimedaily.com"
51.222.253.9 - - [06/Feb/2023:23:53:01 -0800] "GET /instagram-dallas/02-05-2023-2218181-Small-North-Texas-business-owner-says-$40-000-wor.txt HTTP/1.1" 200 1107 "-" "Mozilla/5.0 (compatible; AhrefsBot/7.0; +http://ahrefs.com/robot/)" "metrocrimedaily.com"
114.119.162.251 - - [06/Feb/2023:23:53:53 -0800] "GET /instagram-losangeles/01-31-2023-0918322-Alec-Baldwin--armorer-to-be-charged-in-deadly----.txt HTTP/1.1" 404 88 "https://metrocrimedaily.com/instagram-losangeles/?C=N%3BO%3DD" "Mozilla/5.0 (Linux; Android 7.0;) AppleWebKit/537.36 (KHTML, like Gecko) Mobile Safari/537.36 (compatible; PetalBot;+https://webmaster.petalsearch.com/site/petalbot)" "metrocrimedaily.com"
51.222.253.19 - - [06/Feb/2023:23:55:00 -0800] "GET /instagram-dallas/02-05-2023-2312051-Affidavit--Bartender-served-driver-who-killed-Tex.txt HTTP/1.1" 200 49 "-" "Mozilla/5.0 (compatible; AhrefsBot/7.0; +http://ahrefs.com/robot/)" "metrocrimedaily.com"
114.119.157.218 - - [06/Feb/2023:23:55:23 -0800] "GET /instagram-dallas/01-25-2023-1828163-Trackdown--Do-you-recognize-these-Deep-Ellum-shoo.txt HTTP/1.1" 404 88 "https://metrocrimedaily.com/instagram-dallas/?C=D%3BO%3DA" "Mozilla/5.0 (Linux; Android 7.0;) AppleWebKit/537.36 (KHTML, like Gecko) Mobile Safari/537.36 (compatible; PetalBot;+https://webmaster.petalsearch.com/site/petalbot)" "metrocrimedaily.com"
51.222.253.17 - - [06/Feb/2023:23:56:26 -0800] "GET /instagram-dallas/02-05-2023-2312052-Jury-selection-to-begin-for-father-of-suspect-in-.txt HTTP/1.1" 200 192 "-" "Mozilla/5.0 (compatible; AhrefsBot/7.0; +http://ahrefs.com/robot/)" "metrocrimedaily.com"
51.222.253.12 - - [06/Feb/2023:23:57:53 -0800] "GET /instagram-dallas/02-05-2023-2312053-Small-Texas-business-owner-says-$40-000-worth-of-.txt HTTP/1.1" 200 211 "-" "Mozilla/5.0 (compatible; AhrefsBot/7.0; +http://ahrefs.com/robot/)" "metrocrimedaily.com"
51.222.253.18 - - [06/Feb/2023:23:59:10 -0800] "GET /instagram-dallas/02-06-2023-0246011-From-Nike-to-Nutella--Company-Names-You-Have-Prob.txt HTTP/1.1" 200 1062 "-" "Mozilla/5.0 (compatible; AhrefsBot/7.0; +http://ahrefs.com/robot/)" "metrocrimedaily.com"
51.222.253.9 - - [07/Feb/2023:00:00:28 -0800] "GET /instagram-dallas/02-06-2023-0459251-China-Accuses-US-of----Overreacting--When-It-Shot.txt HTTP/1.1" 200 1077 "-" "Mozilla/5.0 (compatible; AhrefsBot/7.0; +http://ahrefs.com/robot/)" "metrocrimedaily.com"
51.222.253.3 - - [07/Feb/2023:00:01:54 -0800] "GET /instagram-dallas/02-06-2023-0459252-China-Urges-Calm-After-U.S.-Shoots-Down-Suspected.txt HTTP/1.1" 200 902 "-" "Mozilla/5.0 (compatible; AhrefsBot/7.0; +http://ahrefs.com/robot/)" "metrocrimedaily.com"
51.222.253.16 - - [07/Feb/2023:00:03:47 -0800] "GET /instagram-dallas/02-06-2023-0633161-National-Enquirer-Sold-to-Group-That-Includes-Ind.txt HTTP/1.1" 200 1034 "-" "Mozilla/5.0 (compatible; AhrefsBot/7.0; +http://ahrefs.com/robot/)" "metrocrimedaily.com"
114.119.159.92 - - [07/Feb/2023:00:05:11 -0800] "GET /instagram-detroit/post-later/02-02-2023-2146532-Detroit-police-looking-for-suspect-who-jumped-out.txt HTTP/1.1" 404 88 "https://metrocrimedaily.com/instagram-detroit/post-later/?C=M%3BO%3DA" "Mozilla/5.0 (Linux; Android 7.0;) AppleWebKit/537.36 (KHTML, like Gecko) Mobile Safari/537.36 (compatible; PetalBot;+https://webmaster.petalsearch.com/site/petalbot)" "metrocrimedaily.com"
51.222.253.10 - - [07/Feb/2023:00:05:12 -0800] "GET /instagram-dallas/02-06-2023-0744061-Jury-selection-to-begin-for-father-of-Texas-teen-.txt HTTP/1.1" 200 49 "-" "Mozilla/5.0 (compatible; AhrefsBot/7.0; +http://ahrefs.com/robot/)" "metrocrimedaily.com"
51.222.253.20 - - [07/Feb/2023:00:06:24 -0800] "GET /instagram-dallas/02-06-2023-0744062-Bartender-charged-with-overserving-man-who-killed.txt HTTP/1.1" 200 49 "-" "Mozilla/5.0 (compatible; AhrefsBot/7.0; +http://ahrefs.com/robot/)" "metrocrimedaily.com"
51.222.253.8 - - [07/Feb/2023:00:08:00 -0800] "GET /instagram-dallas/02-06-2023-0744063-David-Pleasant-shooting-death--2-teens-arrested-i.txt HTTP/1.1" 200 49 "-" "Mozilla/5.0 (compatible; AhrefsBot/7.0; +http://ahrefs.com/robot/)" "metrocrimedaily.com"
40.77.167.212 - - [07/Feb/2023:00:08:49 -0800] "GET / HTTP/1.1" 200 39893 "-" "Mozilla/5.0 AppleWebKit/537.36 (KHTML, like Gecko; compatible; bingbot/2.0; +http://www.bing.com/bingbot.htm) Chrome/103.0.5060.134 Safari/537.36" "metrocrimedaily.com"
51.222.253.14 - - [07/Feb/2023:00:09:25 -0800] "GET /instagram-dallas/02-06-2023-0953501-Kids-Kidnapped-From-Missouri-Found-at-Florida-Sup.txt HTTP/1.1" 200 670 "-" "Mozilla/5.0 (compatible; AhrefsBot/7.0; +http://ahrefs.com/robot/)" "metrocrimedaily.com"
51.222.253.14 - - [07/Feb/2023:00:10:57 -0800] "GET /instagram-dallas/02-06-2023-0953502-Man-fatally-shot-in-Dallas-apartment--police-say-.txt HTTP/1.1" 200 522 "-" "Mozilla/5.0 (compatible; AhrefsBot/7.0; +http://ahrefs.com/robot/)" "metrocrimedaily.com"
69.63.184.4 - - [07/Feb/2023:00:11:12 -0800] "GET /instagram-houston/02-07-2023-0210401-A.jpg HTTP/1.1" 200 99999 "-" "facebookexternalhit/1.1 (+http://www.facebook.com/externalhit_uatext.php)" "www.metrocrimedaily.com"
51.222.253.3 - - [07/Feb/2023:00:12:14 -0800] "GET /instagram-dallas/02-06-2023-0953503----Phishing-As-A-Service--Kits-Are-Driving-an-Upt.txt HTTP/1.1" 200 1110 "-" "Mozilla/5.0 (compatible; AhrefsBot/7.0; +http://ahrefs.com/robot/)" "metrocrimedaily.com"
69.63.184.118 - - [07/Feb/2023:00:12:57 -0800] "GET /instagram-atlanta/02-07-2023-0040134-A.jpg HTTP/1.1" 200 251673 "-" "facebookexternalhit/1.1 (+http://www.facebook.com/externalhit_uatext.php)" "www.metrocrimedaily.com"
51.222.253.1 - - [07/Feb/2023:00:13:26 -0800] "GET /instagram-dallas/02-06-2023-1210521-Photos--Powerful-Quakes-Strike-Turkey-and-Syria--.txt HTTP/1.1" 200 260 "-" "Mozilla/5.0 (compatible; AhrefsBot/7.0; +http://ahrefs.com/robot/)" "metrocrimedaily.com"
69.63.184.117 - - [07/Feb/2023:00:14:37 -0800] "GET /instagram-detroit/02-07-2023-0214151-A.jpg HTTP/1.1" 200 150313 "-" "facebookexternalhit/1.1 (+http://www.facebook.com/externalhit_uatext.php)" "www.metrocrimedaily.com"
51.222.253.1 - - [07/Feb/2023:00:14:57 -0800] "GET /instagram-dallas/02-06-2023-1210522-Man-killed-in-Ellis-County-shooting-.txt HTTP/1.1" 200 442 "-" "Mozilla/5.0 (compatible; AhrefsBot/7.0; +http://ahrefs.com/robot/)" "metrocrimedaily.com"
51.222.253.4 - - [07/Feb/2023:00:16:18 -0800] "GET /instagram-dallas/02-06-2023-1210523-Man-Shot-After-Reporting-Himself-as-a-Trespasser-.txt HTTP/1.1" 200 974 "-" "Mozilla/5.0 (compatible; AhrefsBot/7.0; +http://ahrefs.com/robot/)" "metrocrimedaily.com"
51.222.253.8 - - [07/Feb/2023:00:17:35 -0800] "GET /instagram-dallas/02-06-2023-1210524-2-US-Tourists-Stabbed--1-Assaulted-in-Popular-Pue.txt HTTP/1.1" 200 878 "-" "Mozilla/5.0 (compatible; AhrefsBot/7.0; +http://ahrefs.com/robot/)" "metrocrimedaily.com"
51.222.253.17 - - [07/Feb/2023:00:19:25 -0800] "GET /instagram-dallas/02-06-2023-1210525-In-Effort-to-Curb-Theft--Some-Retailers-Make-It--.txt HTTP/1.1" 200 1140 "-" "Mozilla/5.0 (compatible; AhrefsBot/7.0; +http://ahrefs.com/robot/)" "metrocrimedaily.com"
51.222.253.13 - - [07/Feb/2023:00:20:47 -0800] "GET /instagram-dallas/02-06-2023-1414181-3-teen-fentanyl-deaths--7-more-overdoses-tied-to-.txt HTTP/1.1" 200 1003 "-" "Mozilla/5.0 (compatible; AhrefsBot/7.0; +http://ahrefs.com/robot/)" "metrocrimedaily.com"
51.222.253.19 - - [07/Feb/2023:00:22:08 -0800] "GET /instagram-dallas/02-06-2023-1414182-Jury-selection-begins-for-father-of-Texas-teen-mu.txt HTTP/1.1" 200 49 "-" "Mozilla/5.0 (compatible; AhrefsBot/7.0; +http://ahrefs.com/robot/)" "metrocrimedaily.com"
114.119.159.8 - - [07/Feb/2023:00:23:06 -0800] "GET /installation/?C=S%3BO%3DA HTTP/1.1" 200 314 "https://metrocrimedaily.com/installation/?C=M%3BO%3DA" "Mozilla/5.0 (Linux; Android 7.0;) AppleWebKit/537.36 (KHTML, like Gecko) Mobile Safari/537.36 (compatible; PetalBot;+https://webmaster.petalsearch.com/site/petalbot)" "metrocrimedaily.com"
157.55.39.85 - - [07/Feb/2023:00:23:20 -0800] "GET /www.audacy.com HTTP/1.1" 404 88 "-" "Mozilla/5.0 AppleWebKit/537.36 (KHTML, like Gecko; compatible; bingbot/2.0; +http://www.bing.com/bingbot.htm) Chrome/103.0.5060.134 Safari/537.36" "www.metrocrimedaily.com"
51.222.253.8 - - [07/Feb/2023:00:23:52 -0800] "GET /instagram-dallas/02-06-2023-1526531-Keller-police-say-missing-23-year-old-man-with-au.txt HTTP/1.1" 200 245 "-" "Mozilla/5.0 (compatible; AhrefsBot/7.0; +http://ahrefs.com/robot/)" "metrocrimedaily.com"
114.119.135.209 - - [07/Feb/2023:00:24:44 -0800] "GET /instagram-losangeles/02-05-2023-1409312-Woman-stabbed-to-death-in-downtown-Los-Angeles-.txt HTTP/1.1" 200 429 "https://metrocrimedaily.com/instagram-losangeles/?C=D%3BO%3DA" "Mozilla/5.0 (Linux; Android 7.0;) AppleWebKit/537.36 (KHTML, like Gecko) Mobile Safari/537.36 (compatible; PetalBot;+https://webmaster.petalsearch.com/site/petalbot)" "metrocrimedaily.com"
51.222.253.10 - - [07/Feb/2023:00:25:29 -0800] "GET /instagram-dallas/02-06-2023-2020041-Harry-Whittington--Texas-Attorney-Shot-by-Dick-Ch.txt HTTP/1.1" 200 1141 "-" "Mozilla/5.0 (compatible; AhrefsBot/7.0; +http://ahrefs.com/robot/)" "metrocrimedaily.com"
51.222.253.7 - - [07/Feb/2023:00:27:01 -0800] "GET /instagram-dallas/02-06-2023-2109511-Jury-seated-in-capital-murder-trial-of-dad-accuse.txt HTTP/1.1" 200 1007 "-" "Mozilla/5.0 (compatible; AhrefsBot/7.0; +http://ahrefs.com/robot/)" "metrocrimedaily.com"
114.119.151.117 - - [07/Feb/2023:00:27:09 -0800] "GET /instagram-losangeles/02-03-2023-1741111-Orange-County-man-sentenced-to-life-in-prison-for.txt HTTP/1.1" 200 1053 "https://metrocrimedaily.com/instagram-losangeles/?C=D%3BO%3DA" "Mozilla/5.0 (Linux; Android 7.0;) AppleWebKit/537.36 (KHTML, like Gecko) Mobile Safari/537.36 (compatible; PetalBot;+https://webmaster.petalsearch.com/site/petalbot)" "metrocrimedaily.com"
51.222.253.9 - - [07/Feb/2023:00:28:49 -0800] "GET /instagram-dallas/02-06-2023-2200261-Biden-Expected-to-Visit-Poland-This-Month-to-Mark.txt HTTP/1.1" 200 449 "-" "Mozilla/5.0 (compatible; AhrefsBot/7.0; +http://ahrefs.com/robot/)" "metrocrimedaily.com"
51.222.253.10 - - [07/Feb/2023:00:30:34 -0800] "GET /instagram-dallas/02-06-2023-2251221-Suspect-connected-to-multiple-fentanyl-overdose-c.txt HTTP/1.1" 200 193 "-" "Mozilla/5.0 (compatible; AhrefsBot/7.0; +http://ahrefs.com/robot/)" "metrocrimedaily.com"
51.222.253.1 - - [07/Feb/2023:00:31:45 -0800] "GET /instagram-chicago/02-04-2023-2138041-Chicago-shootings--6-shot--1-fatally--in-weekend-.txt HTTP/1.1" 200 888 "-" "Mozilla/5.0 (compatible; AhrefsBot/7.0; +http://ahrefs.com/robot/)" "metrocrimedaily.com"
51.222.253.12 - - [07/Feb/2023:00:33:09 -0800] "GET /instagram-chicago/02-05-2023-0613501-Chicago-shooting--3-shot--2-critically-injured-in.txt HTTP/1.1" 200 602 "-" "Mozilla/5.0 (compatible; AhrefsBot/7.0; +http://ahrefs.com/robot/)" "metrocrimedaily.com"
51.222.253.9 - - [07/Feb/2023:00:36:06 -0800] "GET /instagram-chicago/02-05-2023-0817321-2-in-critical-condition-after-Ashburn-drive-by-sh.txt HTTP/1.1" 200 482 "-" "Mozilla/5.0 (compatible; AhrefsBot/7.0; +http://ahrefs.com/robot/)" "metrocrimedaily.com"
51.222.253.4 - - [07/Feb/2023:00:37:32 -0800] "GET /instagram-chicago/02-05-2023-0947131-Six-months-with-a-Chicago-shooting-survivor--Fear.txt HTTP/1.1" 200 1130 "-" "Mozilla/5.0 (compatible; AhrefsBot/7.0; +http://ahrefs.com/robot/)" "metrocrimedaily.com"
51.222.253.19 - - [07/Feb/2023:00:38:53 -0800] "GET /instagram-chicago/02-05-2023-1053421-2-teens--13-and-15--charged-in-West-Side-carjacki.txt HTTP/1.1" 200 379 "-" "Mozilla/5.0 (compatible; AhrefsBot/7.0; +http://ahrefs.com/robot/)" "metrocrimedaily.com"
114.119.129.211 - - [07/Feb/2023:00:39:02 -0800] "GET /instagram-neworleans/?C=N%3BO%3DD HTTP/1.1" 200 6672 "https://metrocrimedaily.com/instagram-neworleans/?C=S%3BO%3DA" "Mozilla/5.0 (Linux; Android 7.0;) AppleWebKit/537.36 (KHTML, like Gecko) Mobile Safari/537.36 (compatible; PetalBot;+https://webmaster.petalsearch.com/site/petalbot)" "metrocrimedaily.com"
114.119.154.14 - - [07/Feb/2023:00:40:16 -0800] "GET /instagram-losangeles/01-27-2023-1226072-Drake---s-Los-Angeles-home-reportedly-burglarized.txt HTTP/1.1" 404 88 "https://metrocrimedaily.com/instagram-losangeles/" "Mozilla/5.0 (Linux; Android 7.0;) AppleWebKit/537.36 (KHTML, like Gecko) Mobile Safari/537.36 (compatible; PetalBot;+https://webmaster.petalsearch.com/site/petalbot)" "metrocrimedaily.com"
51.222.253.19 - - [07/Feb/2023:00:40:20 -0800] "GET /instagram-chicago/02-05-2023-1053422-Prosecutors-seek-additional-conditions-on-Huntley.txt HTTP/1.1" 200 1044 "-" "Mozilla/5.0 (compatible; AhrefsBot/7.0; +http://ahrefs.com/robot/)" "metrocrimedaily.com"
114.119.136.150 - - [07/Feb/2023:00:41:29 -0800] "GET /instagram-houston/02-02-2023-0900545-Galveston-families--traumatized--by-SWAT-raid-dem.txt HTTP/1.1" 200 1108 "https://metrocrimedaily.com/instagram-houston/?C=S%3BO%3DA" "Mozilla/5.0 (Linux; Android 7.0;) AppleWebKit/537.36 (KHTML, like Gecko) Mobile Safari/537.36 (compatible; PetalBot;+https://webmaster.petalsearch.com/site/petalbot)" "metrocrimedaily.com"
51.222.253.7 - - [07/Feb/2023:00:41:42 -0800] "GET /instagram-chicago/02-05-2023-1230471-Video-released-of-deadly-police-shooting-in-India.txt HTTP/1.1" 200 904 "-" "Mozilla/5.0 (compatible; AhrefsBot/7.0; +http://ahrefs.com/robot/)" "metrocrimedaily.com"
51.222.253.17 - - [07/Feb/2023:00:43:11 -0800] "GET /instagram-chicago/02-05-2023-1230472-2-Indiana-police-officers-shot-during-traffic-sto.txt HTTP/1.1" 200 766 "-" "Mozilla/5.0 (compatible; AhrefsBot/7.0; +http://ahrefs.com/robot/)" "metrocrimedaily.com"
69.63.184.2 - - [07/Feb/2023:00:43:33 -0800] "GET /instagram-atlanta/02-07-2023-0040135-A.jpg HTTP/1.1" 200 97115 "-" "facebookexternalhit/1.1 (+http://www.facebook.com/externalhit_uatext.php)" "www.metrocrimedaily.com"
51.222.253.16 - - [07/Feb/2023:00:44:40 -0800] "GET /instagram-chicago/02-05-2023-1621401-Two-charged-with-break-ins-at-Mount-Prospect-home.txt HTTP/1.1" 200 701 "-" "Mozilla/5.0 (compatible; AhrefsBot/7.0; +http://ahrefs.com/robot/)" "metrocrimedaily.com"
15.237.51.163 - - [07/Feb/2023:00:45:53 -0800] "GET /wso112233.php HTTP/1.1" 404 88 "-" "Mozilla/5.0 (Windows; U; Windows NT 6.1; en-US; rv:1.9.1.5) Gecko/20091102 Firefox/3.5.5 (.NET CLR 3.5.30729)" "metrocrimedaily.com"
51.222.253.11 - - [07/Feb/2023:00:46:04 -0800] "GET /instagram-chicago/02-05-2023-1742311-Arrest-made-in-stolen-yacht-rescue---Goonies--fis.txt HTTP/1.1" 200 1123 "-" "Mozilla/5.0 (compatible; AhrefsBot/7.0; +http://ahrefs.com/robot/)" "metrocrimedaily.com"
51.222.253.2 - - [07/Feb/2023:00:47:31 -0800] "GET /instagram-chicago/02-05-2023-1742312-Judge--Banning-guns-for-marijuana-users-unconstit.txt HTTP/1.1" 200 966 "-" "Mozilla/5.0 (compatible; AhrefsBot/7.0; +http://ahrefs.com/robot/)" "metrocrimedaily.com"
51.222.253.12 - - [07/Feb/2023:00:48:50 -0800] "GET /instagram-chicago/02-05-2023-1943301-Suspect-who-charged-with-knives-in-critical-condi.txt HTTP/1.1" 200 645 "-" "Mozilla/5.0 (compatible; AhrefsBot/7.0; +http://ahrefs.com/robot/)" "metrocrimedaily.com"
51.222.253.15 - - [07/Feb/2023:00:50:02 -0800] "GET /instagram-chicago/02-05-2023-2020251-Suspect-who-attacked-with-knives-is-shot-by-polic.txt HTTP/1.1" 200 650 "-" "Mozilla/5.0 (compatible; AhrefsBot/7.0; +http://ahrefs.com/robot/)" "metrocrimedaily.com"
51.222.253.5 - - [07/Feb/2023:00:51:31 -0800] "GET /instagram-chicago/02-05-2023-2020252-Knife-wielding-man-critical-in-hospital-after-bei.txt HTTP/1.1" 200 944 "-" "Mozilla/5.0 (compatible; AhrefsBot/7.0; +http://ahrefs.com/robot/)" "metrocrimedaily.com"
51.222.253.18 - - [07/Feb/2023:00:52:58 -0800] "GET /instagram-chicago/02-05-2023-2127321-Two-charged-with-three-break-ins-at-Mount-Prospec.txt HTTP/1.1" 200 700 "-" "Mozilla/5.0 (compatible; AhrefsBot/7.0; +http://ahrefs.com/robot/)" "metrocrimedaily.com"
51.222.253.12 - - [07/Feb/2023:00:54:09 -0800] "GET /instagram-chicago/02-05-2023-2127322-Man-charged-after-being-shot-at-by-CCL-holder-who.txt HTTP/1.1" 200 681 "-" "Mozilla/5.0 (compatible; AhrefsBot/7.0; +http://ahrefs.com/robot/)" "metrocrimedaily.com"
51.222.253.10 - - [07/Feb/2023:00:55:41 -0800] "GET /instagram-chicago/02-05-2023-2127323-Aurora-police-shooting--Man-armed-with-knives-cri.txt HTTP/1.1" 200 965 "-" "Mozilla/5.0 (compatible; AhrefsBot/7.0; +http://ahrefs.com/robot/)" "metrocrimedaily.com"
51.222.253.2 - - [07/Feb/2023:00:57:21 -0800] "GET /instagram-chicago/02-05-2023-2311311-Boy--16--shot--killed-in-North-Lawndale-.txt HTTP/1.1" 200 335 "-" "Mozilla/5.0 (compatible; AhrefsBot/7.0; +http://ahrefs.com/robot/)" "metrocrimedaily.com"
51.222.253.4 - - [07/Feb/2023:00:59:13 -0800] "GET /instagram-chicago/02-05-2023-2357081-Powerful-earthquake-kills-at-least-195-people-in-.txt HTTP/1.1" 200 1122 "-" "Mozilla/5.0 (compatible; AhrefsBot/7.0; +http://ahrefs.com/robot/)" "metrocrimedaily.com"
51.222.253.8 - - [07/Feb/2023:01:01:40 -0800] "GET /instagram-chicago/02-06-2023-0418301-Two-officers-shot-in-Lawrence-County-after-suspec.txt HTTP/1.1" 200 839 "-" "Mozilla/5.0 (compatible; AhrefsBot/7.0; +http://ahrefs.com/robot/)" "metrocrimedaily.com"
40.77.167.212 - - [07/Feb/2023:01:01:45 -0800] "GET /index-miami.html HTTP/1.1" 200 25054 "-" "Mozilla/5.0 AppleWebKit/537.36 (KHTML, like Gecko; compatible; bingbot/2.0; +http://www.bing.com/bingbot.htm) Chrome/103.0.5060.134 Safari/537.36" "metrocrimedaily.com"
51.222.253.13 - - [07/Feb/2023:01:03:05 -0800] "GET /instagram-chicago/02-06-2023-0418302-Body-camera-video-shows-what-led-up-to-officer-in.txt HTTP/1.1" 200 912 "-" "Mozilla/5.0 (compatible; AhrefsBot/7.0; +http://ahrefs.com/robot/)" "metrocrimedaily.com"
114.119.129.81 - - [07/Feb/2023:01:03:35 -0800] "GET /instagram-chicago/02-03-2023-1746393-Man-charged-with-assaulting-CTA-passenger-on-down.txt HTTP/1.1" 404 88 "https://metrocrimedaily.com/instagram-chicago/?C=D%3BO%3DA" "Mozilla/5.0 (Linux; Android 7.0;) AppleWebKit/537.36 (KHTML, like Gecko) Mobile Safari/537.36 (compatible; PetalBot;+https://webmaster.petalsearch.com/site/petalbot)" "metrocrimedaily.com"
51.222.253.18 - - [07/Feb/2023:01:04:13 -0800] "GET /instagram-chicago/02-06-2023-0624501-Powerful-quake-rocks-Turkey-and-Syria--kills-more.txt HTTP/1.1" 200 1148 "-" "Mozilla/5.0 (compatible; AhrefsBot/7.0; +http://ahrefs.com/robot/)" "metrocrimedaily.com"
51.222.253.14 - - [07/Feb/2023:01:05:34 -0800] "GET /instagram-chicago/02-06-2023-0624502-16-year-old-boy-shot-and-killed-in-North-Lawndale.txt HTTP/1.1" 200 366 "-" "Mozilla/5.0 (compatible; AhrefsBot/7.0; +http://ahrefs.com/robot/)" "metrocrimedaily.com"
51.222.253.8 - - [07/Feb/2023:01:06:41 -0800] "GET /instagram-chicago/02-06-2023-0757181-Powerful-quake-rocks-Turkey-and-Syria--kills-more.txt HTTP/1.1" 200 1116 "-" "Mozilla/5.0 (compatible; AhrefsBot/7.0; +http://ahrefs.com/robot/)" "metrocrimedaily.com"
51.222.253.12 - - [07/Feb/2023:01:08:04 -0800] "GET /instagram-chicago/02-06-2023-0904061-Israeli-troops-kill-5-Palestinian-gunmen-in-West-.txt HTTP/1.1" 200 959 "-" "Mozilla/5.0 (compatible; AhrefsBot/7.0; +http://ahrefs.com/robot/)" "metrocrimedaily.com"
157.55.39.85 - - [07/Feb/2023:01:08:24 -0800] "GET /main-menu.html HTTP/1.1" 200 897 "-" "Mozilla/5.0 AppleWebKit/537.36 (KHTML, like Gecko; compatible; bingbot/2.0; +http://www.bing.com/bingbot.htm) Chrome/103.0.5060.134 Safari/537.36" "www.metrocrimedaily.com"
52.167.144.81 - - [07/Feb/2023:01:08:28 -0800] "GET /social-media-menu.html HTTP/1.1" 200 554 "-" "Mozilla/5.0 AppleWebKit/537.36 (KHTML, like Gecko; compatible; bingbot/2.0; +http://www.bing.com/bingbot.htm) Chrome/103.0.5060.134 Safari/537.36" "www.metrocrimedaily.com"
52.167.144.32 - - [07/Feb/2023:01:08:33 -0800] "GET /music/maintenance.mp3 HTTP/1.1" 200 17271371 "-" "Mozilla/5.0 AppleWebKit/537.36 (KHTML, like Gecko; compatible; bingbot/2.0; +http://www.bing.com/bingbot.htm) Chrome/103.0.5060.134 Safari/537.36" "www.metrocrimedaily.com"
51.222.253.16 - - [07/Feb/2023:01:09:25 -0800] "GET /instagram-chicago/02-06-2023-0904062-Man-critical-following-stabbing-in-Logan-Square-.txt HTTP/1.1" 200 354 "-" "Mozilla/5.0 (compatible; AhrefsBot/7.0; +http://ahrefs.com/robot/)" "metrocrimedaily.com"
51.222.253.8 - - [07/Feb/2023:01:10:13 -0800] "GET /instagram-detroit/?C=M;O=D HTTP/1.1" 200 1378 "-" "Mozilla/5.0 (compatible; AhrefsBot/7.0; +http://ahrefs.com/robot/)" "metrocrimedaily.com"
51.222.253.20 - - [07/Feb/2023:01:10:54 -0800] "GET /instagram-detroit/?C=S;O=D HTTP/1.1" 200 1361 "-" "Mozilla/5.0 (compatible; AhrefsBot/7.0; +http://ahrefs.com/robot/)" "metrocrimedaily.com"
69.63.184.1 - - [07/Feb/2023:01:11:00 -0800] "GET /instagram-dallas/02-07-2023-0310361-A.jpg HTTP/1.1" 200 132619 "-" "facebookexternalhit/1.1 (+http://www.facebook.com/externalhit_uatext.php)" "www.metrocrimedaily.com"
51.222.253.11 - - [07/Feb/2023:01:11:54 -0800] "GET /instagram-miami/ HTTP/1.1" 200 5701 "-" "Mozilla/5.0 (compatible; AhrefsBot/7.0; +http://ahrefs.com/robot/)" "metrocrimedaily.com"
51.222.253.5 - - [07/Feb/2023:01:12:37 -0800] "GET /instagram-chicago/02-06-2023-0904063-16-Year-Old-Boy-Among-3-People-Killed-Over-Weeken.txt HTTP/1.1" 200 734 "-" "Mozilla/5.0 (compatible; AhrefsBot/7.0; +http://ahrefs.com/robot/)" "metrocrimedaily.com"
51.222.253.10 - - [07/Feb/2023:01:13:32 -0800] "GET /instagram-chicago/02-06-2023-1117531-Powerful-quake-rocks-Turkey-and-Syria--kills-more.txt HTTP/1.1" 200 1136 "-" "Mozilla/5.0 (compatible; AhrefsBot/7.0; +http://ahrefs.com/robot/)" "metrocrimedaily.com"
69.63.184.4 - - [07/Feb/2023:01:14:06 -0800] "GET /instagram-atlanta/02-07-2023-0040136-A.jpg HTTP/1.1" 200 135022 "-" "facebookexternalhit/1.1 (+http://www.facebook.com/externalhit_uatext.php)" "www.metrocrimedaily.com"
51.222.253.7 - - [07/Feb/2023:01:14:08 -0800] "GET /instagram-chicago/02-06-2023-1117532-Alex-Murdaugh-murder-trial-enters-week-three-.txt HTTP/1.1" 200 1096 "-" "Mozilla/5.0 (compatible; AhrefsBot/7.0; +http://ahrefs.com/robot/)" "metrocrimedaily.com"
157.55.39.85 - - [07/Feb/2023:01:14:44 -0800] "GET /CRIME-WATCH-DETROIT/contact-us.html HTTP/1.1" 404 88 "-" "Mozilla/5.0 AppleWebKit/537.36 (KHTML, like Gecko; compatible; bingbot/2.0; +http://www.bing.com/bingbot.htm) Chrome/103.0.5060.134 Safari/537.36" "www.metrocrimedaily.com"
51.222.253.17 - - [07/Feb/2023:01:14:54 -0800] "GET /instagram-chicago/02-06-2023-1117533-Konrad---s-Super-Kute-Kraft-Korner--Robin-and-Pau.txt HTTP/1.1" 200 269 "-" "Mozilla/5.0 (compatible; AhrefsBot/7.0; +http://ahrefs.com/robot/)" "metrocrimedaily.com"
51.222.253.13 - - [07/Feb/2023:01:15:38 -0800] "GET /instagram-chicago/02-06-2023-1117534-66-year-old-charged-after-allegedly-stabbing-man-.txt HTTP/1.1" 200 320 "-" "Mozilla/5.0 (compatible; AhrefsBot/7.0; +http://ahrefs.com/robot/)" "metrocrimedaily.com"
51.222.253.6 - - [07/Feb/2023:01:16:25 -0800] "GET /instagram-chicago/02-06-2023-1327001-Teen-girl--13--reported-missing-from-South-Side-.txt HTTP/1.1" 200 370 "-" "Mozilla/5.0 (compatible; AhrefsBot/7.0; +http://ahrefs.com/robot/)" "metrocrimedaily.com"
51.222.253.20 - - [07/Feb/2023:01:17:29 -0800] "GET /instagram-chicago/02-06-2023-1327002-Powerful-Quake-Rocks-Turkey-and-Syria--Kills-More.txt HTTP/1.1" 200 1156 "-" "Mozilla/5.0 (compatible; AhrefsBot/7.0; +http://ahrefs.com/robot/)" "metrocrimedaily.com"
51.222.253.16 - - [07/Feb/2023:01:18:17 -0800] "GET /instagram-chicago/02-06-2023-1327003-Powerful-quake-rocks-Turkey-and-Syria--kills-more.txt HTTP/1.1" 200 1138 "-" "Mozilla/5.0 (compatible; AhrefsBot/7.0; +http://ahrefs.com/robot/)" "metrocrimedaily.com"
51.222.253.6 - - [07/Feb/2023:01:19:06 -0800] "GET /instagram-chicago/02-06-2023-1734121-Two-members-of-crew-sentenced-for-Ulta-robbery-in.txt HTTP/1.1" 200 598 "-" "Mozilla/5.0 (compatible; AhrefsBot/7.0; +http://ahrefs.com/robot/)" "metrocrimedaily.com"
51.222.253.16 - - [07/Feb/2023:01:19:49 -0800] "GET /instagram-chicago/02-06-2023-1825071-Rescuers-scramble-in-Turkey--Syria-after-quake-ki.txt HTTP/1.1" 200 1168 "-" "Mozilla/5.0 (compatible; AhrefsBot/7.0; +http://ahrefs.com/robot/)" "metrocrimedaily.com"
51.222.253.9 - - [07/Feb/2023:01:20:44 -0800] "GET /instagram-chicago/02-06-2023-1825072-Police--Knife-wielding-man-shot-by-Aurora-officer.txt HTTP/1.1" 200 990 "-" "Mozilla/5.0 (compatible; AhrefsBot/7.0; +http://ahrefs.com/robot/)" "metrocrimedaily.com"
51.222.253.17 - - [07/Feb/2023:01:21:34 -0800] "GET /instagram-chicago/02-06-2023-2058131-Hanover-Park-man-goes-missing-.txt HTTP/1.1" 200 401 "-" "Mozilla/5.0 (compatible; AhrefsBot/7.0; +http://ahrefs.com/robot/)" "metrocrimedaily.com"
51.222.253.20 - - [07/Feb/2023:01:22:42 -0800] "GET /instagram-chicago/02-06-2023-2144491-Rescuers-scramble-in-Turkey--Syria-after-quake-ki.txt HTTP/1.1" 200 1195 "-" "Mozilla/5.0 (compatible; AhrefsBot/7.0; +http://ahrefs.com/robot/)" "metrocrimedaily.com"
51.222.253.18 - - [07/Feb/2023:01:23:26 -0800] "GET /instagram-chicago/02-06-2023-2231221-Rescuers-scramble-in-Turkey--Syria-after-quake-ki.txt HTTP/1.1" 200 1182 "-" "Mozilla/5.0 (compatible; AhrefsBot/7.0; +http://ahrefs.com/robot/)" "metrocrimedaily.com"
51.222.253.2 - - [07/Feb/2023:01:24:13 -0800] "GET /instagram-atlanta/02-04-2023-2204041-Police-identify-victim-in-fatal-northwest-Atlanta.txt HTTP/1.1" 200 143 "-" "Mozilla/5.0 (compatible; AhrefsBot/7.0; +http://ahrefs.com/robot/)" "metrocrimedaily.com"
51.222.253.7 - - [07/Feb/2023:01:25:06 -0800] "GET /instagram-atlanta/02-04-2023-2204042-Family-identifies-man-killed-in-east-Atlanta-fire.txt HTTP/1.1" 200 113 "-" "Mozilla/5.0 (compatible; AhrefsBot/7.0; +http://ahrefs.com/robot/)" "metrocrimedaily.com"
51.222.253.10 - - [07/Feb/2023:01:26:02 -0800] "GET /instagram-atlanta/02-04-2023-2312301-Former-Ga.-soldier-sentenced-to-life-for-stabbing.txt HTTP/1.1" 200 779 "-" "Mozilla/5.0 (compatible; AhrefsBot/7.0; +http://ahrefs.com/robot/)" "metrocrimedaily.com"
51.222.253.13 - - [07/Feb/2023:01:26:53 -0800] "GET /instagram-atlanta/02-05-2023-0632201-Police-search-for-suspect-after-15-year-old-shot-.txt HTTP/1.1" 200 651 "-" "Mozilla/5.0 (compatible; AhrefsBot/7.0; +http://ahrefs.com/robot/)" "metrocrimedaily.com"
51.222.253.2 - - [07/Feb/2023:01:29:41 -0800] "GET /instagram-atlanta/02-05-2023-0744441-15-year-old-boy-shot-in-LaGrange--police-say-.txt HTTP/1.1" 200 395 "-" "Mozilla/5.0 (compatible; AhrefsBot/7.0; +http://ahrefs.com/robot/)" "metrocrimedaily.com"
51.222.253.19 - - [07/Feb/2023:01:32:48 -0800] "GET /instagram-atlanta/02-05-2023-0744442-Police--15-year-old-boy-shot-in-the-back-in-LaGra.txt HTTP/1.1" 200 578 "-" "Mozilla/5.0 (compatible; AhrefsBot/7.0; +http://ahrefs.com/robot/)" "metrocrimedaily.com"
51.222.253.13 - - [07/Feb/2023:01:34:03 -0800] "GET /instagram-atlanta/02-05-2023-0922221-Protest-held-to-show-solidarity-for-political-pri.txt HTTP/1.1" 200 290 "-" "Mozilla/5.0 (compatible; AhrefsBot/7.0; +http://ahrefs.com/robot/)" "metrocrimedaily.com"
51.222.253.1 - - [07/Feb/2023:01:35:00 -0800] "GET /instagram-atlanta/02-05-2023-1036061-Protest-held-to-show-solidarity-for-political-pri.txt HTTP/1.1" 200 290 "-" "Mozilla/5.0 (compatible; AhrefsBot/7.0; +http://ahrefs.com/robot/)" "metrocrimedaily.com"
51.222.253.1 - - [07/Feb/2023:01:36:21 -0800] "GET /instagram-atlanta/02-05-2023-1036062-Atlanta-Police-to-hold-reality-based-training-eve.txt HTTP/1.1" 200 520 "-" "Mozilla/5.0 (compatible; AhrefsBot/7.0; +http://ahrefs.com/robot/)" "metrocrimedaily.com"
51.222.253.10 - - [07/Feb/2023:01:37:25 -0800] "GET /instagram-atlanta/02-05-2023-1214281-Police-investigate-after-antisemitic-flyers-left-.txt HTTP/1.1" 200 437 "-" "Mozilla/5.0 (compatible; AhrefsBot/7.0; +http://ahrefs.com/robot/)" "metrocrimedaily.com"
51.222.253.15 - - [07/Feb/2023:01:38:18 -0800] "GET /instagram-atlanta/02-05-2023-1308101-Adairsville-Police--64-year-old-man-charged-with-.txt HTTP/1.1" 200 620 "-" "Mozilla/5.0 (compatible; AhrefsBot/7.0; +http://ahrefs.com/robot/)" "metrocrimedaily.com"
51.222.253.7 - - [07/Feb/2023:01:39:00 -0800] "GET /instagram-atlanta/02-05-2023-1436561-Man-arrested--Stolen-cars--stolen-guns--and-10+-p.txt HTTP/1.1" 200 767 "-" "Mozilla/5.0 (compatible; AhrefsBot/7.0; +http://ahrefs.com/robot/)" "metrocrimedaily.com"
51.222.253.16 - - [07/Feb/2023:01:39:41 -0800] "GET /instagram-atlanta/02-05-2023-1530051-Father-shoots-son-at-restaurant-over-argument--po.txt HTTP/1.1" 200 565 "-" "Mozilla/5.0 (compatible; AhrefsBot/7.0; +http://ahrefs.com/robot/)" "metrocrimedaily.com"
51.222.253.10 - - [07/Feb/2023:01:40:21 -0800] "GET /instagram-atlanta/02-05-2023-1812411-Mother-of-Allahnia-Lenoir-speaks-after-suspects-i.txt HTTP/1.1" 200 193 "-" "Mozilla/5.0 (compatible; AhrefsBot/7.0; +http://ahrefs.com/robot/)" "metrocrimedaily.com"
51.222.253.5 - - [07/Feb/2023:01:41:48 -0800] "GET /instagram-atlanta/02-05-2023-1910551-Mom-of-teen-killed-while-playing-football--visits.txt HTTP/1.1" 200 1007 "-" "Mozilla/5.0 (compatible; AhrefsBot/7.0; +http://ahrefs.com/robot/)" "metrocrimedaily.com"
51.222.253.18 - - [07/Feb/2023:01:42:24 -0800] "GET /instagram-atlanta/02-05-2023-2044511-Atlanta-police-search-for-missing-teen-diagnosed-.txt HTTP/1.1" 200 501 "-" "Mozilla/5.0 (compatible; AhrefsBot/7.0; +http://ahrefs.com/robot/)" "metrocrimedaily.com"
51.222.253.15 - - [07/Feb/2023:01:43:02 -0800] "GET /instagram-atlanta/02-05-2023-2044512-Teen-diagnosed-with-schizophrenia-reported-missin.txt HTTP/1.1" 200 436 "-" "Mozilla/5.0 (compatible; AhrefsBot/7.0; +http://ahrefs.com/robot/)" "metrocrimedaily.com"
51.222.253.9 - - [07/Feb/2023:01:43:39 -0800] "GET /instagram-atlanta/02-05-2023-2207521-Atlanta-police-investigates-2-wrong-way-crashes-o.txt HTTP/1.1" 200 519 "-" "Mozilla/5.0 (compatible; AhrefsBot/7.0; +http://ahrefs.com/robot/)" "metrocrimedaily.com"
51.222.253.15 - - [07/Feb/2023:01:44:29 -0800] "GET /instagram-atlanta/02-05-2023-2207522-Metro-Atlanta-police-investigating-death-of-man-w.txt HTTP/1.1" 200 369 "-" "Mozilla/5.0 (compatible; AhrefsBot/7.0; +http://ahrefs.com/robot/)" "metrocrimedaily.com"
69.63.184.118 - - [07/Feb/2023:01:44:38 -0800] "GET /instagram-atlanta/02-07-2023-0040137-A.jpg HTTP/1.1" 200 96442 "-" "facebookexternalhit/1.1 (+http://www.facebook.com/externalhit_uatext.php)" "www.metrocrimedaily.com"
69.63.184.4 - - [07/Feb/2023:01:45:07 -0800] "GET /instagram-atlanta/02-07-2023-0040138-A.jpg HTTP/1.1" 200 109675 "-" "facebookexternalhit/1.1 (+http://www.facebook.com/externalhit_uatext.php)" "www.metrocrimedaily.com"
51.222.253.3 - - [07/Feb/2023:01:45:15 -0800] "GET /instagram-atlanta/02-05-2023-2207523-69-year-old-restaurant-owner-attacked-by-Grubhub-.txt HTTP/1.1" 200 953 "-" "Mozilla/5.0 (compatible; AhrefsBot/7.0; +http://ahrefs.com/robot/)" "metrocrimedaily.com"
40.77.167.212 - - [07/Feb/2023:01:45:29 -0800] "GET /index-miami.html HTTP/1.1" 200 25054 "-" "Mozilla/5.0 AppleWebKit/537.36 (KHTML, like Gecko; compatible; bingbot/2.0; +http://www.bing.com/bingbot.htm) Chrome/103.0.5060.134 Safari/537.36" "metrocrimedaily.com"
51.222.253.18 - - [07/Feb/2023:01:46:05 -0800] "GET /instagram-atlanta/02-05-2023-2207524-Critically-missing---Police-ask-for-public-s-help.txt HTTP/1.1" 200 382 "-" "Mozilla/5.0 (compatible; AhrefsBot/7.0; +http://ahrefs.com/robot/)" "metrocrimedaily.com"
51.222.253.6 - - [07/Feb/2023:01:47:25 -0800] "GET /instagram-atlanta/02-05-2023-2207525-Atlanta-police-investigating-2-wrong-way-crashes-.txt HTTP/1.1" 200 125 "-" "Mozilla/5.0 (compatible; AhrefsBot/7.0; +http://ahrefs.com/robot/)" "metrocrimedaily.com"
51.222.253.18 - - [07/Feb/2023:01:48:16 -0800] "GET /instagram-atlanta/02-05-2023-2207526-Mom-of-teen-killed-while-playing-football--visits.txt HTTP/1.1" 200 155 "-" "Mozilla/5.0 (compatible; AhrefsBot/7.0; +http://ahrefs.com/robot/)" "metrocrimedaily.com"
51.222.253.2 - - [07/Feb/2023:01:49:06 -0800] "GET /instagram-atlanta/02-06-2023-0027271-1-dead--several-others-injured-after-car-crashes-.txt HTTP/1.1" 200 489 "-" "Mozilla/5.0 (compatible; AhrefsBot/7.0; +http://ahrefs.com/robot/)" "metrocrimedaily.com"
51.222.253.2 - - [07/Feb/2023:01:50:04 -0800] "GET /instagram-atlanta/02-06-2023-0027272-Family-of-activist-shot-and-killed-near-Atlanta-p.txt HTTP/1.1" 200 1142 "-" "Mozilla/5.0 (compatible; AhrefsBot/7.0; +http://ahrefs.com/robot/)" "metrocrimedaily.com"
51.222.253.3 - - [07/Feb/2023:01:50:49 -0800] "GET /instagram-atlanta/02-06-2023-0027273-Atlanta-police-searching-for-missing-15-year-old-.txt HTTP/1.1" 200 530 "-" "Mozilla/5.0 (compatible; AhrefsBot/7.0; +http://ahrefs.com/robot/)" "metrocrimedaily.com"
51.222.253.9 - - [07/Feb/2023:01:51:38 -0800] "GET /instagram-atlanta/02-06-2023-0027274-Club-co-owner-dead-after-shooting-outside-Atlanta.txt HTTP/1.1" 200 570 "-" "Mozilla/5.0 (compatible; AhrefsBot/7.0; +http://ahrefs.com/robot/)" "metrocrimedaily.com"
51.222.253.19 - - [07/Feb/2023:01:52:10 -0800] "GET /instagram-atlanta/02-06-2023-0307511----Love-conquers-hate-----Anti-Semitic-flyers-fou.txt HTTP/1.1" 200 813 "-" "Mozilla/5.0 (compatible; AhrefsBot/7.0; +http://ahrefs.com/robot/)" "metrocrimedaily.com"
51.222.253.5 - - [07/Feb/2023:01:53:00 -0800] "GET /instagram-atlanta/02-06-2023-0640391-China-accuses-US-of-indiscriminate-use-of-force-o.txt HTTP/1.1" 200 992 "-" "Mozilla/5.0 (compatible; AhrefsBot/7.0; +http://ahrefs.com/robot/)" "metrocrimedaily.com"
51.222.253.11 - - [07/Feb/2023:01:53:53 -0800] "GET /instagram-atlanta/02-06-2023-0750261-Father-shoots-son-during-argument-outside-Bartow-.txt HTTP/1.1" 200 645 "-" "Mozilla/5.0 (compatible; AhrefsBot/7.0; +http://ahrefs.com/robot/)" "metrocrimedaily.com"
51.222.253.6 - - [07/Feb/2023:01:54:30 -0800] "GET /instagram-atlanta/02-06-2023-0909031-Alpharetta-Police-searching-for-missing-15-year-o.txt HTTP/1.1" 200 360 "-" "Mozilla/5.0 (compatible; AhrefsBot/7.0; +http://ahrefs.com/robot/)" "metrocrimedaily.com"
51.222.253.1 - - [07/Feb/2023:01:55:54 -0800] "GET /instagram-atlanta/02-06-2023-0909032-Family-of-activist-killed-in-clash-at-future-poli.txt HTTP/1.1" 200 1053 "-" "Mozilla/5.0 (compatible; AhrefsBot/7.0; +http://ahrefs.com/robot/)" "metrocrimedaily.com"
51.222.253.18 - - [07/Feb/2023:01:56:30 -0800] "GET /instagram-atlanta/02-06-2023-1050541-Yes--there-is-a-spike-in-traffic-deaths-following.txt HTTP/1.1" 200 981 "-" "Mozilla/5.0 (compatible; AhrefsBot/7.0; +http://ahrefs.com/robot/)" "metrocrimedaily.com"
51.222.253.20 - - [07/Feb/2023:01:57:21 -0800] "GET /instagram-atlanta/02-06-2023-1158241-Judge-rules-to-allow-financial-crime-testimony-in.txt HTTP/1.1" 200 448 "-" "Mozilla/5.0 (compatible; AhrefsBot/7.0; +http://ahrefs.com/robot/)" "metrocrimedaily.com"
51.222.253.14 - - [07/Feb/2023:01:58:07 -0800] "GET /instagram-atlanta/02-06-2023-1310071-WATCH--Sec.-of-State-Brad-Raffensperger-to-discus.txt HTTP/1.1" 200 466 "-" "Mozilla/5.0 (compatible; AhrefsBot/7.0; +http://ahrefs.com/robot/)" "metrocrimedaily.com"
51.222.253.11 - - [07/Feb/2023:01:58:55 -0800] "GET /instagram-atlanta/02-06-2023-1310072-3-US-tourists-stabbed-in-popular-Puerto-Rican-nei.txt HTTP/1.1" 200 597 "-" "Mozilla/5.0 (compatible; AhrefsBot/7.0; +http://ahrefs.com/robot/)" "metrocrimedaily.com"
51.222.253.18 - - [07/Feb/2023:01:59:57 -0800] "GET /instagram-atlanta/02-06-2023-1517561-Powder-substance-in-IRS-mailroom-forces-hazmat-ca.txt HTTP/1.1" 200 465 "-" "Mozilla/5.0 (compatible; AhrefsBot/7.0; +http://ahrefs.com/robot/)" "metrocrimedaily.com"
51.222.253.14 - - [07/Feb/2023:02:00:44 -0800] "GET /instagram-atlanta/02-06-2023-1517562----An-amazing-father--brother--friend---most-impo.txt HTTP/1.1" 200 1080 "-" "Mozilla/5.0 (compatible; AhrefsBot/7.0; +http://ahrefs.com/robot/)" "metrocrimedaily.com"
51.222.253.12 - - [07/Feb/2023:02:01:34 -0800] "GET /instagram-atlanta/02-06-2023-1824041-1-dead--1-injured-in-southwest-Atlanta-shooting-.txt HTTP/1.1" 200 141 "-" "Mozilla/5.0 (compatible; AhrefsBot/7.0; +http://ahrefs.com/robot/)" "metrocrimedaily.com"
51.222.253.6 - - [07/Feb/2023:02:02:41 -0800] "GET /instagram-atlanta/02-06-2023-2045541-Atlanta-radio-personality-Frank-Ski-remembers-fri.txt HTTP/1.1" 200 1168 "-" "Mozilla/5.0 (compatible; AhrefsBot/7.0; +http://ahrefs.com/robot/)" "metrocrimedaily.com"
51.222.253.12 - - [07/Feb/2023:02:03:39 -0800] "GET /instagram-atlanta/02-06-2023-2045542-Cobb-County-officer-fired--charged-after-allegedl.txt HTTP/1.1" 200 505 "-" "Mozilla/5.0 (compatible; AhrefsBot/7.0; +http://ahrefs.com/robot/)" "metrocrimedaily.com"
51.222.253.13 - - [07/Feb/2023:02:04:21 -0800] "GET /instagram-atlanta/02-06-2023-2045543-Clayton-County-man-pleads-guilty-to-soliciting-15.txt HTTP/1.1" 200 394 "-" "Mozilla/5.0 (compatible; AhrefsBot/7.0; +http://ahrefs.com/robot/)" "metrocrimedaily.com"
51.222.253.7 - - [07/Feb/2023:02:05:07 -0800] "GET /instagram-atlanta/02-06-2023-2224411-Clayton-County-man-pleads-guilty-to-soliciting-15.txt HTTP/1.1" 200 394 "-" "Mozilla/5.0 (compatible; AhrefsBot/7.0; +http://ahrefs.com/robot/)" "metrocrimedaily.com"
157.55.39.18 - - [07/Feb/2023:02:05:12 -0800] "GET /instagram-detroit/12-27-2022-0758392-Bank-robber-from-Livonia-uses-note-claiming-he-ha.txt HTTP/1.1" 404 88 "-" "Mozilla/5.0 AppleWebKit/537.36 (KHTML, like Gecko; compatible; bingbot/2.0; +http://www.bing.com/bingbot.htm) Chrome/103.0.5060.134 Safari/537.36" "www.metrocrimedaily.com"
51.222.253.20 - - [07/Feb/2023:02:05:52 -0800] "GET /instagram-atlanta/02-06-2023-2224412-Man-robs-bank-in-Atlanta-Feb.-3--steals-more-than.txt HTTP/1.1" 200 365 "-" "Mozilla/5.0 (compatible; AhrefsBot/7.0; +http://ahrefs.com/robot/)" "metrocrimedaily.com"
51.222.253.19 - - [07/Feb/2023:02:06:45 -0800] "GET /instagram-atlanta/02-06-2023-2224413-22-year-old-pregnant-Gainesville-woman-strangled-.txt HTTP/1.1" 200 118 "-" "Mozilla/5.0 (compatible; AhrefsBot/7.0; +http://ahrefs.com/robot/)" "metrocrimedaily.com"
51.222.253.10 - - [07/Feb/2023:02:07:34 -0800] "GET /instagram-atlanta/02-06-2023-2224414-Atlanta-police-look-to-identify-bank-robbery-susp.txt HTTP/1.1" 200 674 "-" "Mozilla/5.0 (compatible; AhrefsBot/7.0; +http://ahrefs.com/robot/)" "metrocrimedaily.com"
51.222.253.10 - - [07/Feb/2023:02:08:37 -0800] "GET /instagram-newyork/02-02-2023-1455206-Man--62--shot-by-Bronx-roommate-was-celebrating-l.txt HTTP/1.1" 200 1027 "-" "Mozilla/5.0 (compatible; AhrefsBot/7.0; +http://ahrefs.com/robot/)" "metrocrimedaily.com"
51.222.253.6 - - [07/Feb/2023:02:09:23 -0800] "GET /instagram-newyork/02-03-2023-0700351-What-we-know--Sayreville-councilwoman-murdered-ou.txt HTTP/1.1" 200 1081 "-" "Mozilla/5.0 (compatible; AhrefsBot/7.0; +http://ahrefs.com/robot/)" "metrocrimedaily.com"
114.119.145.142 - - [07/Feb/2023:02:09:45 -0800] "GET /robots.txt HTTP/1.1" 404 88 "-" "Mozilla/5.0 (compatible;PetalBot;+https://webmaster.petalsearch.com/site/petalbot)" "metrocrimedaily.com"
51.222.253.10 - - [07/Feb/2023:02:10:16 -0800] "GET /instagram-newyork/02-03-2023-2258451-NYC-shootings-and-homicides-declined-in-January--.txt HTTP/1.1" 200 802 "-" "Mozilla/5.0 (compatible; AhrefsBot/7.0; +http://ahrefs.com/robot/)" "metrocrimedaily.com"
51.222.253.18 - - [07/Feb/2023:02:11:24 -0800] "GET /instagram-newyork/02-03-2023-2258452-Family-of-stabbed-Bronx-teen-demand-justice-.txt HTTP/1.1" 200 696 "-" "Mozilla/5.0 (compatible; AhrefsBot/7.0; +http://ahrefs.com/robot/)" "metrocrimedaily.com"
51.222.253.10 - - [07/Feb/2023:02:12:11 -0800] "GET /instagram-newyork/02-04-2023-1616211-Kids-in-NYC-are-killing-kids.-Is-there-a-way-to-s.txt HTTP/1.1" 200 1149 "-" "Mozilla/5.0 (compatible; AhrefsBot/7.0; +http://ahrefs.com/robot/)" "metrocrimedaily.com"
51.222.253.5 - - [07/Feb/2023:02:13:04 -0800] "GET /instagram-newyork/02-04-2023-1752121-Knife-wielding-man-fatally-shot-by-police-in-NJ-.txt HTTP/1.1" 200 380 "-" "Mozilla/5.0 (compatible; AhrefsBot/7.0; +http://ahrefs.com/robot/)" "metrocrimedaily.com"
