51.222.253.2 - - [07/Feb/2023:02:13:48 -0800] "GET /instagram-newyork/02-04-2023-2219111-Off-duty-NYPD-officer-shot-in-Brooklyn-.txt HTTP/1.1" 200 386 "-" "Mozilla/5.0 (compatible; AhrefsBot/7.0; +http://ahrefs.com/robot/)" "metrocrimedaily.com"
51.222.253.1 - - [07/Feb/2023:02:14:25 -0800] "GET /instagram-newyork/02-05-2023-1505202-NYPD-cops-shoot--critically-wound-man-in-Bronx-co.txt HTTP/1.1" 200 504 "-" "Mozilla/5.0 (compatible; AhrefsBot/7.0; +http://ahrefs.com/robot/)" "metrocrimedaily.com"
51.222.253.2 - - [07/Feb/2023:02:15:13 -0800] "GET /instagram-newyork/02-05-2023-1712361-Suspect-injured-after-police-involved-shooting-in.txt HTTP/1.1" 200 565 "-" "Mozilla/5.0 (compatible; AhrefsBot/7.0; +http://ahrefs.com/robot/)" "metrocrimedaily.com"
51.222.253.20 - - [07/Feb/2023:02:16:07 -0800] "GET /instagram-newyork/02-05-2023-2248401-18-year-old-arrested-in-shooting-death-of-Bronx-m.txt HTTP/1.1" 200 730 "-" "Mozilla/5.0 (compatible; AhrefsBot/7.0; +http://ahrefs.com/robot/)" "metrocrimedaily.com"
51.222.253.10 - - [07/Feb/2023:02:16:51 -0800] "GET /instagram-newyork/02-06-2023-0754031-Man-opens-fire-during-NYC-jewelry-store-robbery-.txt HTTP/1.1" 200 494 "-" "Mozilla/5.0 (compatible; AhrefsBot/7.0; +http://ahrefs.com/robot/)" "metrocrimedaily.com"
114.119.135.199 - - [07/Feb/2023:02:18:01 -0800] "GET /robots.txt HTTP/1.1" 404 88 "-" "Mozilla/5.0 (compatible;PetalBot;+https://webmaster.petalsearch.com/site/petalbot)" "metrocrimedaily.com"
51.222.253.4 - - [07/Feb/2023:02:18:05 -0800] "GET /instagram-newyork/02-06-2023-1214382-Florida-murder-suspect-arrested-in-missing-Lyft-d.txt HTTP/1.1" 200 1211 "-" "Mozilla/5.0 (compatible; AhrefsBot/7.0; +http://ahrefs.com/robot/)" "metrocrimedaily.com"
51.222.253.11 - - [07/Feb/2023:02:19:50 -0800] "GET /instagram-newyork/02-06-2023-1502091-Getaway-BMW-in-Brooklyn-NYPD-cop-shooting-found-a.txt HTTP/1.1" 200 1106 "-" "Mozilla/5.0 (compatible; AhrefsBot/7.0; +http://ahrefs.com/robot/)" "metrocrimedaily.com"
69.63.184.116 - - [07/Feb/2023:02:21:06 -0800] "GET /instagram-atlanta/02-07-2023-0420441-A.jpg HTTP/1.1" 200 108820 "-" "facebookexternalhit/1.1 (+http://www.facebook.com/externalhit_uatext.php)" "www.metrocrimedaily.com"
51.222.253.6 - - [07/Feb/2023:02:21:58 -0800] "GET /instagram-newyork/02-06-2023-1729441-2-teens-shot-in-Brooklyn-.txt HTTP/1.1" 200 424 "-" "Mozilla/5.0 (compatible; AhrefsBot/7.0; +http://ahrefs.com/robot/)" "metrocrimedaily.com"
114.119.158.196 - - [07/Feb/2023:02:22:37 -0800] "GET /instagram-stlouis/post-later/02-06-2023-0649182-Powerful-quake-rocks-Turkey-and-Syria--kills-more.txt HTTP/1.1" 200 1127 "https://metrocrimedaily.com/instagram-stlouis/post-later/?C=S%3BO%3DA" "Mozilla/5.0 (Linux; Android 7.0;) AppleWebKit/537.36 (KHTML, like Gecko) Mobile Safari/537.36 (compatible; PetalBot;+https://webmaster.petalsearch.com/site/petalbot)" "metrocrimedaily.com"
51.222.253.3 - - [07/Feb/2023:02:22:40 -0800] "GET /instagram-memphis/02-02-2023-1458124-New-Jersey-councilwoman-found-shot-to-death-outsi.txt HTTP/1.1" 200 1129 "-" "Mozilla/5.0 (compatible; AhrefsBot/7.0; +http://ahrefs.com/robot/)" "metrocrimedaily.com"
157.55.39.85 - - [07/Feb/2023:02:23:02 -0800] "GET /instagram-dallas/12-13-2022-1027523-SEC-charges-former-FTX-CEO-with-defrauding-crypto.txt HTTP/1.1" 404 88 "-" "Mozilla/5.0 AppleWebKit/537.36 (KHTML, like Gecko; compatible; bingbot/2.0; +http://www.bing.com/bingbot.htm) Chrome/103.0.5060.134 Safari/537.36" "www.metrocrimedaily.com"
51.222.253.19 - - [07/Feb/2023:02:23:47 -0800] "GET /instagram-memphis/02-02-2023-1458125-1-dead--Memphis-officer-injured-in-shooting-near-.txt HTTP/1.1" 200 53 "-" "Mozilla/5.0 (compatible; AhrefsBot/7.0; +http://ahrefs.com/robot/)" "metrocrimedaily.com"
114.119.138.48 - - [07/Feb/2023:02:24:02 -0800] "GET /instagram-dallas/01-23-2023-1833055-Tyre-Nichols-Traffic-Stop-Reminiscent-of-Rodney-K.txt HTTP/1.1" 404 88 "https://metrocrimedaily.com/instagram-dallas/?C=D%3BO%3DA" "Mozilla/5.0 (Linux; Android 7.0;) AppleWebKit/537.36 (KHTML, like Gecko) Mobile Safari/537.36 (compatible; PetalBot;+https://webmaster.petalsearch.com/site/petalbot)" "metrocrimedaily.com"
40.77.167.212 - - [07/Feb/2023:02:24:33 -0800] "GET /index-miami.html HTTP/1.1" 200 25054 "-" "Mozilla/5.0 AppleWebKit/537.36 (KHTML, like Gecko; compatible; bingbot/2.0; +http://www.bing.com/bingbot.htm) Chrome/103.0.5060.134 Safari/537.36" "metrocrimedaily.com"
51.222.253.8 - - [07/Feb/2023:02:24:44 -0800] "GET /instagram-memphis/02-02-2023-1648212-Memphis-officer-shot--another-person-killed-.txt HTTP/1.1" 200 53 "-" "Mozilla/5.0 (compatible; AhrefsBot/7.0; +http://ahrefs.com/robot/)" "metrocrimedaily.com"
114.119.147.91 - - [07/Feb/2023:02:25:13 -0800] "GET /instagram-atlanta/post-later/?C=D%3BO%3DA HTTP/1.1" 200 2164 "https://metrocrimedaily.com/instagram-atlanta/post-later/" "Mozilla/5.0 (Linux; Android 7.0;) AppleWebKit/537.36 (KHTML, like Gecko) Mobile Safari/537.36 (compatible; PetalBot;+https://webmaster.petalsearch.com/site/petalbot)" "metrocrimedaily.com"
51.222.253.3 - - [07/Feb/2023:02:25:33 -0800] "GET /instagram-memphis/02-02-2023-1648213-TBI--Call-about-trespasser-led-to-shooting-inside.txt HTTP/1.1" 200 964 "-" "Mozilla/5.0 (compatible; AhrefsBot/7.0; +http://ahrefs.com/robot/)" "metrocrimedaily.com"
51.222.253.15 - - [07/Feb/2023:02:26:08 -0800] "GET /instagram-memphis/02-02-2023-1808571-Mid-South-podiatrist-pleads-guilty-to-foot-bath-f.txt HTTP/1.1" 200 1055 "-" "Mozilla/5.0 (compatible; AhrefsBot/7.0; +http://ahrefs.com/robot/)" "metrocrimedaily.com"
51.222.253.12 - - [07/Feb/2023:02:26:46 -0800] "GET /instagram-memphis/02-02-2023-1808573-Free-meal-helps-Florida-police-arrest-suspect-in-.txt HTTP/1.1" 200 1066 "-" "Mozilla/5.0 (compatible; AhrefsBot/7.0; +http://ahrefs.com/robot/)" "metrocrimedaily.com"
51.222.253.13 - - [07/Feb/2023:02:27:17 -0800] "GET /instagram-memphis/02-02-2023-1949252-Arrest-warrant-issued-for-Cincinnati-Bengals-RB-J.txt HTTP/1.1" 200 973 "-" "Mozilla/5.0 (compatible; AhrefsBot/7.0; +http://ahrefs.com/robot/)" "metrocrimedaily.com"
51.222.253.1 - - [07/Feb/2023:02:28:05 -0800] "GET /instagram-memphis/02-03-2023-0807061-WATCH--Learning-the-criminal-background-of-suspec.txt HTTP/1.1" 200 121 "-" "Mozilla/5.0 (compatible; AhrefsBot/7.0; +http://ahrefs.com/robot/)" "metrocrimedaily.com"
51.222.253.10 - - [07/Feb/2023:02:29:00 -0800] "GET /instagram-memphis/02-03-2023-1334501-Ex-pop-star-Gary-Glitter-freed-from-UK-prison-.txt HTTP/1.1" 200 676 "-" "Mozilla/5.0 (compatible; AhrefsBot/7.0; +http://ahrefs.com/robot/)" "metrocrimedaily.com"
51.222.253.1 - - [07/Feb/2023:02:29:43 -0800] "GET /instagram-memphis/02-03-2023-1417281-3-missing-Michigan-rappers-found-dead-.txt HTTP/1.1" 200 860 "-" "Mozilla/5.0 (compatible; AhrefsBot/7.0; +http://ahrefs.com/robot/)" "metrocrimedaily.com"
51.222.253.20 - - [07/Feb/2023:02:30:33 -0800] "GET /instagram-memphis/02-03-2023-1504471-Man-charged-in-Eliza-Fletcher-s-murder-pleads-not.txt HTTP/1.1" 200 53 "-" "Mozilla/5.0 (compatible; AhrefsBot/7.0; +http://ahrefs.com/robot/)" "metrocrimedaily.com"
51.222.253.9 - - [07/Feb/2023:02:31:20 -0800] "GET /instagram-memphis/02-03-2023-1504472-Man-charged-in-Eliza-Fletcher-s-murder-pleads-not.txt HTTP/1.1" 200 860 "-" "Mozilla/5.0 (compatible; AhrefsBot/7.0; +http://ahrefs.com/robot/)" "metrocrimedaily.com"
51.222.253.12 - - [07/Feb/2023:02:31:58 -0800] "GET /instagram-memphis/02-03-2023-1613381-City-of-Memphis-launches-alert-system-.txt HTTP/1.1" 200 603 "-" "Mozilla/5.0 (compatible; AhrefsBot/7.0; +http://ahrefs.com/robot/)" "metrocrimedaily.com"
51.222.253.2 - - [07/Feb/2023:02:32:51 -0800] "GET /instagram-memphis/02-03-2023-1753091-City-of-Memphis-to-review-MPD-after-Tyre-Nichols-.txt HTTP/1.1" 200 696 "-" "Mozilla/5.0 (compatible; AhrefsBot/7.0; +http://ahrefs.com/robot/)" "metrocrimedaily.com"
51.222.253.16 - - [07/Feb/2023:02:34:05 -0800] "GET /instagram-memphis/02-03-2023-1753092-MPD-officer-continues-fighting-for-his-life-after.txt HTTP/1.1" 200 53 "-" "Mozilla/5.0 (compatible; AhrefsBot/7.0; +http://ahrefs.com/robot/)" "metrocrimedaily.com"
51.222.253.9 - - [07/Feb/2023:02:34:53 -0800] "GET /instagram-memphis/02-03-2023-1753094-Police--Woman--2-others-found-dead-in-house-in-Oh.txt HTTP/1.1" 200 1009 "-" "Mozilla/5.0 (compatible; AhrefsBot/7.0; +http://ahrefs.com/robot/)" "metrocrimedaily.com"
51.222.253.3 - - [07/Feb/2023:02:35:34 -0800] "GET /instagram-memphis/02-03-2023-1753095-Child-seriously-injured-in-hit-and-run--police-lo.txt HTTP/1.1" 200 453 "-" "Mozilla/5.0 (compatible; AhrefsBot/7.0; +http://ahrefs.com/robot/)" "metrocrimedaily.com"
51.222.253.15 - - [07/Feb/2023:02:36:22 -0800] "GET /instagram-memphis/02-03-2023-2000361-WATCH--Sixth-MPD-officer-fired-in-Tyre-Nichols-de.txt HTTP/1.1" 200 53 "-" "Mozilla/5.0 (compatible; AhrefsBot/7.0; +http://ahrefs.com/robot/)" "metrocrimedaily.com"
51.222.253.20 - - [07/Feb/2023:02:37:48 -0800] "GET /instagram-memphis/02-03-2023-2151141-New-details-about-the-MPD-officer-hurt-in-East-Me.txt HTTP/1.1" 200 937 "-" "Mozilla/5.0 (compatible; AhrefsBot/7.0; +http://ahrefs.com/robot/)" "metrocrimedaily.com"
51.222.253.9 - - [07/Feb/2023:02:38:33 -0800] "GET /instagram-memphis/02-03-2023-2151143-Cleotha-Henderson-pleads-not-guilty-to-charges-in.txt HTTP/1.1" 200 676 "-" "Mozilla/5.0 (compatible; AhrefsBot/7.0; +http://ahrefs.com/robot/)" "metrocrimedaily.com"
51.222.253.9 - - [07/Feb/2023:02:39:37 -0800] "GET /instagram-memphis/02-04-2023-1206101-Rhode-Island-woman-accused-of-killing-father-with.txt HTTP/1.1" 200 1082 "-" "Mozilla/5.0 (compatible; AhrefsBot/7.0; +http://ahrefs.com/robot/)" "metrocrimedaily.com"
157.55.39.24 - - [07/Feb/2023:02:39:52 -0800] "GET /index-dallas.html HTTP/1.1" 200 34159 "-" "Mozilla/5.0 AppleWebKit/537.36 (KHTML, like Gecko; compatible; bingbot/2.0; +http://www.bing.com/bingbot.htm) Chrome/103.0.5060.134 Safari/537.36" "metrocrimedaily.com"
51.222.253.16 - - [07/Feb/2023:02:40:27 -0800] "GET /instagram-memphis/02-04-2023-2217051-Dad--son--business-partner-found-dead-in-pickup-t.txt HTTP/1.1" 200 695 "-" "Mozilla/5.0 (compatible; AhrefsBot/7.0; +http://ahrefs.com/robot/)" "metrocrimedaily.com"
51.222.253.11 - - [07/Feb/2023:02:41:14 -0800] "GET /instagram-memphis/02-04-2023-2217052-MPD--Man-injured-in-southeast-Memphis-shooting-.txt HTTP/1.1" 200 382 "-" "Mozilla/5.0 (compatible; AhrefsBot/7.0; +http://ahrefs.com/robot/)" "metrocrimedaily.com"
51.222.253.20 - - [07/Feb/2023:02:42:03 -0800] "GET /instagram-memphis/02-04-2023-2319541-2-missing-Missouri-children-located-in-Florida-at.txt HTTP/1.1" 200 671 "-" "Mozilla/5.0 (compatible; AhrefsBot/7.0; +http://ahrefs.com/robot/)" "metrocrimedaily.com"
51.222.253.19 - - [07/Feb/2023:02:42:42 -0800] "GET /instagram-memphis/02-05-2023-1130581-MPD--One-dead-in-overnight-shooting-near-East-Mem.txt HTTP/1.1" 200 334 "-" "Mozilla/5.0 (compatible; AhrefsBot/7.0; +http://ahrefs.com/robot/)" "metrocrimedaily.com"
69.63.184.1 - - [07/Feb/2023:02:42:56 -0800] "GET /instagram-memphis/02-07-2023-0442341-A.jpg HTTP/1.1" 200 148247 "-" "facebookexternalhit/1.1 (+http://www.facebook.com/externalhit_uatext.php)" "www.metrocrimedaily.com"
51.222.253.8 - - [07/Feb/2023:02:43:24 -0800] "GET /instagram-memphis/02-05-2023-1130582-Man-killed-in-North-Memphis-shooting--police-say-.txt HTTP/1.1" 200 470 "-" "Mozilla/5.0 (compatible; AhrefsBot/7.0; +http://ahrefs.com/robot/)" "metrocrimedaily.com"
51.222.253.13 - - [07/Feb/2023:02:43:55 -0800] "GET /instagram-memphis/02-05-2023-1551221-Body-armored-suspect-breaks-into-car--another-man.txt HTTP/1.1" 200 779 "-" "Mozilla/5.0 (compatible; AhrefsBot/7.0; +http://ahrefs.com/robot/)" "metrocrimedaily.com"
51.222.253.12 - - [07/Feb/2023:02:44:40 -0800] "GET /instagram-memphis/02-05-2023-1638421-Connecticut-woman-arrested-in-connection-with-dea.txt HTTP/1.1" 200 1058 "-" "Mozilla/5.0 (compatible; AhrefsBot/7.0; +http://ahrefs.com/robot/)" "metrocrimedaily.com"
51.222.253.20 - - [07/Feb/2023:02:45:14 -0800] "GET /instagram-memphis/02-05-2023-1638422-Police-search-for-McDonald---s-drive-thru-robber-.txt HTTP/1.1" 200 558 "-" "Mozilla/5.0 (compatible; AhrefsBot/7.0; +http://ahrefs.com/robot/)" "metrocrimedaily.com"
51.222.253.20 - - [07/Feb/2023:02:46:05 -0800] "GET /instagram-memphis/02-05-2023-1742161-One-person-hurt-in-I-240-shooting--MPD-says-.txt HTTP/1.1" 200 587 "-" "Mozilla/5.0 (compatible; AhrefsBot/7.0; +http://ahrefs.com/robot/)" "metrocrimedaily.com"
51.222.253.16 - - [07/Feb/2023:02:46:55 -0800] "GET /instagram-memphis/02-05-2023-1742162-MPD--Suspect-wanted-in-McDonald---s-robbery-.txt HTTP/1.1" 200 485 "-" "Mozilla/5.0 (compatible; AhrefsBot/7.0; +http://ahrefs.com/robot/)" "metrocrimedaily.com"
51.222.253.4 - - [07/Feb/2023:02:47:31 -0800] "GET /instagram-memphis/02-05-2023-1857571-MPD--Suspect-in-body-armor--lookout-suspect-wante.txt HTTP/1.1" 200 687 "-" "Mozilla/5.0 (compatible; AhrefsBot/7.0; +http://ahrefs.com/robot/)" "metrocrimedaily.com"
51.222.253.2 - - [07/Feb/2023:02:48:17 -0800] "GET /instagram-memphis/02-05-2023-1857574-Suspects-wanted-after-firing-shots-at-MPD-officer.txt HTTP/1.1" 200 420 "-" "Mozilla/5.0 (compatible; AhrefsBot/7.0; +http://ahrefs.com/robot/)" "metrocrimedaily.com"
51.222.253.8 - - [07/Feb/2023:02:48:52 -0800] "GET /instagram-memphis/02-05-2023-1857575-West-Memphis-homicide-leaves-man-dead--police-say.txt HTTP/1.1" 200 416 "-" "Mozilla/5.0 (compatible; AhrefsBot/7.0; +http://ahrefs.com/robot/)" "metrocrimedaily.com"
51.222.253.9 - - [07/Feb/2023:02:49:32 -0800] "GET /instagram-memphis/02-05-2023-2251101-WATCH--Body-armored-suspect-breaks-into-car--anot.txt HTTP/1.1" 200 128 "-" "Mozilla/5.0 (compatible; AhrefsBot/7.0; +http://ahrefs.com/robot/)" "metrocrimedaily.com"
51.222.253.10 - - [07/Feb/2023:02:50:06 -0800] "GET /instagram-memphis/02-05-2023-2251103-WATCH--Suspects-wanted-after-firing-shots-at-MPD-.txt HTTP/1.1" 200 130 "-" "Mozilla/5.0 (compatible; AhrefsBot/7.0; +http://ahrefs.com/robot/)" "metrocrimedaily.com"
51.222.253.5 - - [07/Feb/2023:02:50:43 -0800] "GET /instagram-memphis/02-06-2023-0620151-China-accuses-US-of-indiscriminate-use-of-force-o.txt HTTP/1.1" 200 992 "-" "Mozilla/5.0 (compatible; AhrefsBot/7.0; +http://ahrefs.com/robot/)" "metrocrimedaily.com"
51.222.253.6 - - [07/Feb/2023:02:51:16 -0800] "GET /instagram-memphis/02-06-2023-0719211-Death-investigation-underway-in-North-Memphis-.txt HTTP/1.1" 200 383 "-" "Mozilla/5.0 (compatible; AhrefsBot/7.0; +http://ahrefs.com/robot/)" "metrocrimedaily.com"
51.222.253.11 - - [07/Feb/2023:02:52:07 -0800] "GET /instagram-memphis/02-06-2023-1620481-MPD--Man-charged-with-voluntary-manslaughter-afte.txt HTTP/1.1" 200 998 "-" "Mozilla/5.0 (compatible; AhrefsBot/7.0; +http://ahrefs.com/robot/)" "metrocrimedaily.com"
51.222.253.15 - - [07/Feb/2023:02:52:52 -0800] "GET /instagram-memphis/02-06-2023-1620482-TBI--West-Tennessee-corrections-officer-arrested-.txt HTTP/1.1" 200 432 "-" "Mozilla/5.0 (compatible; AhrefsBot/7.0; +http://ahrefs.com/robot/)" "metrocrimedaily.com"
51.222.253.20 - - [07/Feb/2023:02:53:27 -0800] "GET /instagram-memphis/02-06-2023-1620483-2-accused-of-plotting-to-attack-Baltimore-power-g.txt HTTP/1.1" 200 1140 "-" "Mozilla/5.0 (compatible; AhrefsBot/7.0; +http://ahrefs.com/robot/)" "metrocrimedaily.com"
51.222.253.5 - - [07/Feb/2023:02:54:13 -0800] "GET /instagram-memphis/02-06-2023-1739171-FOX13-Investigates--South-Memphis-residents-say-o.txt HTTP/1.1" 200 1081 "-" "Mozilla/5.0 (compatible; AhrefsBot/7.0; +http://ahrefs.com/robot/)" "metrocrimedaily.com"
51.222.253.18 - - [07/Feb/2023:02:54:44 -0800] "GET /instagram-memphis/02-06-2023-1739172-WATCH--Shelby-Co.-deputy-relieved-of-duty-after-u.txt HTTP/1.1" 200 124 "-" "Mozilla/5.0 (compatible; AhrefsBot/7.0; +http://ahrefs.com/robot/)" "metrocrimedaily.com"
114.119.132.122 - - [07/Feb/2023:02:55:23 -0800] "GET /instagram-dallas/01-30-2023-2031171-Drive-by-Shooting-in-Florida-Leaves-10-Injured-.txt HTTP/1.1" 404 88 "https://metrocrimedaily.com/instagram-dallas/" "Mozilla/5.0 (Linux; Android 7.0;) AppleWebKit/537.36 (KHTML, like Gecko) Mobile Safari/537.36 (compatible; PetalBot;+https://webmaster.petalsearch.com/site/petalbot)" "metrocrimedaily.com"
51.222.253.13 - - [07/Feb/2023:02:55:35 -0800] "GET /instagram-memphis/02-06-2023-1826522-WATCH--FOX13-Investigates--South-Memphis-resident.txt HTTP/1.1" 200 134 "-" "Mozilla/5.0 (compatible; AhrefsBot/7.0; +http://ahrefs.com/robot/)" "metrocrimedaily.com"
51.222.253.9 - - [07/Feb/2023:02:56:26 -0800] "GET /instagram-memphis/02-06-2023-1826523-WATCH--Deputies-looking-for-stolen-vehicles-in-ca.txt HTTP/1.1" 200 129 "-" "Mozilla/5.0 (compatible; AhrefsBot/7.0; +http://ahrefs.com/robot/)" "metrocrimedaily.com"
157.55.39.18 - - [07/Feb/2023:02:58:49 -0800] "GET /CRIME-WATCH-DALLAS/contact-us.html HTTP/1.1" 404 88 "-" "Mozilla/5.0 AppleWebKit/537.36 (KHTML, like Gecko; compatible; bingbot/2.0; +http://www.bing.com/bingbot.htm) Chrome/103.0.5060.134 Safari/537.36" "www.metrocrimedaily.com"
51.222.253.6 - - [07/Feb/2023:03:01:24 -0800] "GET / HTTP/1.1" 200 40050 "-" "Mozilla/5.0 (compatible; AhrefsBot/7.0; +http://ahrefs.com/robot/)" "metrocrimedaily.com"
40.77.167.212 - - [07/Feb/2023:03:02:56 -0800] "GET /index-miami.html HTTP/1.1" 200 25054 "-" "Mozilla/5.0 AppleWebKit/537.36 (KHTML, like Gecko; compatible; bingbot/2.0; +http://www.bing.com/bingbot.htm) Chrome/103.0.5060.134 Safari/537.36" "metrocrimedaily.com"
69.63.184.117 - - [07/Feb/2023:03:07:37 -0800] "GET /instagram-houston/02-07-2023-0507131-A.jpg HTTP/1.1" 200 99134 "-" "facebookexternalhit/1.1 (+http://www.facebook.com/externalhit_uatext.php)" "www.metrocrimedaily.com"
69.63.184.117 - - [07/Feb/2023:03:08:08 -0800] "GET /instagram-houston/02-07-2023-0507132-A.jpg HTTP/1.1" 200 190660 "-" "facebookexternalhit/1.1 (+http://www.facebook.com/externalhit_uatext.php)" "www.metrocrimedaily.com"
51.222.253.8 - - [07/Feb/2023:03:17:07 -0800] "GET / HTTP/1.1" 200 40050 "-" "Mozilla/5.0 (compatible; AhrefsBot/7.0; +http://ahrefs.com/robot/)" "www.metrocrimedaily.com"
69.63.184.2 - - [07/Feb/2023:03:19:18 -0800] "GET /instagram-miami/02-07-2023-0518561-A.jpg HTTP/1.1" 200 125259 "-" "facebookexternalhit/1.1 (+http://www.facebook.com/externalhit_uatext.php)" "www.metrocrimedaily.com"
114.119.156.126 - - [07/Feb/2023:03:29:49 -0800] "GET /instagram-stlouis/post-later/02-03-2023-1312303-Police-now-say-no-evidence-of-planned-big-Hollywo.txt HTTP/1.1" 200 1125 "https://metrocrimedaily.com/instagram-stlouis/post-later/?C=S%3BO%3DA" "Mozilla/5.0 (Linux; Android 7.0;) AppleWebKit/537.36 (KHTML, like Gecko) Mobile Safari/537.36 (compatible; PetalBot;+https://webmaster.petalsearch.com/site/petalbot)" "metrocrimedaily.com"
51.222.253.9 - - [07/Feb/2023:03:32:26 -0800] "GET /index-tim.html HTTP/1.1" 200 14909 "-" "Mozilla/5.0 (compatible; AhrefsBot/7.0; +http://ahrefs.com/robot/)" "metrocrimedaily.com"
5.78.76.217 - - [07/Feb/2023:03:33:07 -0800] "GET / HTTP/1.1" 200 342221 "-" "Mozilla/5.0 (Macintosh; Intel Mac OS X 10_10_1) AppleWebKit/537.36 (KHTML, like Gecko) Chrome/39.0.2171.95 Safari/537.36" "metrocrimedaily.com"
40.77.167.212 - - [07/Feb/2023:03:43:30 -0800] "GET /index-miami.html HTTP/1.1" 200 25054 "-" "Mozilla/5.0 AppleWebKit/537.36 (KHTML, like Gecko; compatible; bingbot/2.0; +http://www.bing.com/bingbot.htm) Chrome/103.0.5060.134 Safari/537.36" "metrocrimedaily.com"
66.249.70.132 - - [07/Feb/2023:03:46:18 -0800] "GET /robots.txt HTTP/1.1" 404 88 "-" "Mozilla/5.0 (compatible; Googlebot/2.1; +http://www.google.com/bot.html)" "metrocrimedaily.com"
51.222.253.17 - - [07/Feb/2023:03:47:54 -0800] "GET /CRIME-WATCH-AMERICA/ HTTP/1.1" 200 614 "-" "Mozilla/5.0 (compatible; AhrefsBot/7.0; +http://ahrefs.com/robot/)" "metrocrimedaily.com"
69.63.184.117 - - [07/Feb/2023:03:49:51 -0800] "GET /instagram-miami/02-07-2023-0518562-A.jpg HTTP/1.1" 200 286538 "-" "facebookexternalhit/1.1 (+http://www.facebook.com/externalhit_uatext.php)" "www.metrocrimedaily.com"
69.63.184.120 - - [07/Feb/2023:03:50:32 -0800] "GET /instagram-memphis/02-07-2023-0550111-A.jpg HTTP/1.1" 200 156570 "-" "facebookexternalhit/1.1 (+http://www.facebook.com/externalhit_uatext.php)" "www.metrocrimedaily.com"
66.249.70.131 - - [07/Feb/2023:03:54:29 -0800] "GET /robots.txt HTTP/1.1" 404 88 "-" "Mozilla/5.0 (compatible; Googlebot/2.1; +http://www.google.com/bot.html)" "metrocrimedaily.com"
69.63.184.1 - - [07/Feb/2023:04:00:10 -0800] "GET /instagram-atlanta/02-07-2023-0559461-A.jpg HTTP/1.1" 200 117796 "-" "facebookexternalhit/1.1 (+http://www.facebook.com/externalhit_uatext.php)" "www.metrocrimedaily.com"
69.63.184.2 - - [07/Feb/2023:04:00:39 -0800] "GET /instagram-atlanta/02-07-2023-0559462-A.jpg HTTP/1.1" 200 116487 "-" "facebookexternalhit/1.1 (+http://www.facebook.com/externalhit_uatext.php)" "www.metrocrimedaily.com"
51.222.253.17 - - [07/Feb/2023:04:04:31 -0800] "GET /instagram-detroit/02-07-2023-0214151-Two-dead-in-Taylor-as-shooting-investigation-gets.txt HTTP/1.1" 200 295 "-" "Mozilla/5.0 (compatible; AhrefsBot/7.0; +http://ahrefs.com/robot/)" "metrocrimedaily.com"
195.191.219.130 - - [07/Feb/2023:04:16:16 -0800] "GET /robots.txt HTTP/1.1" 404 73 "-" "Mozilla/5.0 (compatible; MJ12bot/v1.4.8; http://mj12bot.com/)" "metrocrimedaily.com"
195.191.219.130 - - [07/Feb/2023:04:16:19 -0800] "GET / HTTP/1.1" 200 40050 "-" "Mozilla/5.0 (compatible; MJ12bot/v1.4.8; http://mj12bot.com/)" "metrocrimedaily.com"
69.63.184.120 - - [07/Feb/2023:04:16:30 -0800] "GET /instagram-stlouis/02-07-2023-0616081-A.jpg HTTP/1.1" 200 403779 "-" "facebookexternalhit/1.1 (+http://www.facebook.com/externalhit_uatext.php)" "www.metrocrimedaily.com"
69.63.184.1 - - [07/Feb/2023:04:21:05 -0800] "GET /instagram-memphis/02-07-2023-0550112-A.jpg HTTP/1.1" 200 181128 "-" "facebookexternalhit/1.1 (+http://www.facebook.com/externalhit_uatext.php)" "www.metrocrimedaily.com"
40.77.167.212 - - [07/Feb/2023:04:22:24 -0800] "GET /index-miami.html HTTP/1.1" 200 25497 "-" "Mozilla/5.0 AppleWebKit/537.36 (KHTML, like Gecko; compatible; bingbot/2.0; +http://www.bing.com/bingbot.htm) Chrome/103.0.5060.134 Safari/537.36" "metrocrimedaily.com"
69.63.184.5 - - [07/Feb/2023:04:51:38 -0800] "GET /instagram-memphis/02-07-2023-0550113-A.jpg HTTP/1.1" 200 140029 "-" "facebookexternalhit/1.1 (+http://www.facebook.com/externalhit_uatext.php)" "www.metrocrimedaily.com"
69.63.184.3 - - [07/Feb/2023:04:55:46 -0800] "GET /instagram-dallas/02-07-2023-0655201-A.jpg HTTP/1.1" 200 119861 "-" "facebookexternalhit/1.1 (+http://www.facebook.com/externalhit_uatext.php)" "www.metrocrimedaily.com"
52.167.144.81 - - [07/Feb/2023:04:56:41 -0800] "GET /instagram-detroit/12-21-2022-1401513-36-year-old-man-killed-in-shooting-at-Madison-Hei.txt HTTP/1.1" 404 88 "-" "Mozilla/5.0 AppleWebKit/537.36 (KHTML, like Gecko; compatible; bingbot/2.0; +http://www.bing.com/bingbot.htm) Chrome/103.0.5060.134 Safari/537.36" "www.metrocrimedaily.com"
69.63.184.119 - - [07/Feb/2023:04:57:57 -0800] "GET /instagram-detroit/02-07-2023-0657341-A.jpg HTTP/1.1" 200 87337 "-" "facebookexternalhit/1.1 (+http://www.facebook.com/externalhit_uatext.php)" "www.metrocrimedaily.com"
69.63.184.1 - - [07/Feb/2023:05:00:12 -0800] "GET /instagram-miami/02-07-2023-0659511-A.jpg HTTP/1.1" 200 137596 "-" "facebookexternalhit/1.1 (+http://www.facebook.com/externalhit_uatext.php)" "www.metrocrimedaily.com"
40.77.167.212 - - [07/Feb/2023:05:02:18 -0800] "GET /index-miami.html HTTP/1.1" 200 25497 "-" "Mozilla/5.0 AppleWebKit/537.36 (KHTML, like Gecko; compatible; bingbot/2.0; +http://www.bing.com/bingbot.htm) Chrome/103.0.5060.134 Safari/537.36" "metrocrimedaily.com"
172.58.122.247 - - [07/Feb/2023:05:04:27 -0800] "GET / HTTP/1.1" 200 40050 "https://www.google.com/" "Mozilla/5.0 (iPhone; CPU iPhone OS 16_0_2 like Mac OS X) AppleWebKit/605.1.15 (KHTML, like Gecko) Version/16.0 Mobile/15E148 Safari/604.1" "www.metrocrimedaily.com"
172.58.122.247 - - [07/Feb/2023:05:04:27 -0800] "GET /styles-mcd.css HTTP/1.1" 200 1159 "http://www.metrocrimedaily.com/" "Mozilla/5.0 (iPhone; CPU iPhone OS 16_0_2 like Mac OS X) AppleWebKit/605.1.15 (KHTML, like Gecko) Version/16.0 Mobile/15E148 Safari/604.1" "www.metrocrimedaily.com"
172.58.122.247 - - [07/Feb/2023:05:04:28 -0800] "GET /images/facebook-logo-tiny.png HTTP/1.1" 200 1280 "http://www.metrocrimedaily.com/" "Mozilla/5.0 (iPhone; CPU iPhone OS 16_0_2 like Mac OS X) AppleWebKit/605.1.15 (KHTML, like Gecko) Version/16.0 Mobile/15E148 Safari/604.1" "www.metrocrimedaily.com"
172.58.122.247 - - [07/Feb/2023:05:04:28 -0800] "GET /images/crimeinthed-logo.jpg HTTP/1.1" 200 14960 "http://www.metrocrimedaily.com/" "Mozilla/5.0 (iPhone; CPU iPhone OS 16_0_2 like Mac OS X) AppleWebKit/605.1.15 (KHTML, like Gecko) Version/16.0 Mobile/15E148 Safari/604.1" "www.metrocrimedaily.com"
172.58.122.247 - - [07/Feb/2023:05:04:28 -0800] "GET /images/police-tape.jpg HTTP/1.1" 200 50766 "http://www.metrocrimedaily.com/" "Mozilla/5.0 (iPhone; CPU iPhone OS 16_0_2 like Mac OS X) AppleWebKit/605.1.15 (KHTML, like Gecko) Version/16.0 Mobile/15E148 Safari/604.1" "metrocrimedaily.com"
172.58.122.247 - - [07/Feb/2023:05:04:28 -0800] "GET /images/youtube-logo-tiny.png HTTP/1.1" 200 689 "http://www.metrocrimedaily.com/" "Mozilla/5.0 (iPhone; CPU iPhone OS 16_0_2 like Mac OS X) AppleWebKit/605.1.15 (KHTML, like Gecko) Version/16.0 Mobile/15E148 Safari/604.1" "www.metrocrimedaily.com"
172.58.122.247 - - [07/Feb/2023:05:04:28 -0800] "GET /images/twitter-logo-b-tiny.png HTTP/1.1" 200 1600 "http://www.metrocrimedaily.com/" "Mozilla/5.0 (iPhone; CPU iPhone OS 16_0_2 like Mac OS X) AppleWebKit/605.1.15 (KHTML, like Gecko) Version/16.0 Mobile/15E148 Safari/604.1" "www.metrocrimedaily.com"
172.58.122.247 - - [07/Feb/2023:05:04:34 -0800] "GET /favicon.ico HTTP/1.1" 404 88 "http://www.metrocrimedaily.com/" "Mozilla/5.0 (iPhone; CPU iPhone OS 16_0_2 like Mac OS X) AppleWebKit/605.1.15 (KHTML, like Gecko) Version/16.0 Mobile/15E148 Safari/604.1" "www.metrocrimedaily.com"
172.58.122.113 - - [07/Feb/2023:05:06:39 -0800] "GET / HTTP/1.1" 200 40050 "-" "Mozilla/5.0 (iPhone; CPU iPhone OS 16_0_2 like Mac OS X) AppleWebKit/605.1.15 (KHTML, like Gecko) Version/16.0 Mobile/15E148 Safari/604.1" "www.metrocrimedaily.com"
172.58.122.113 - - [07/Feb/2023:05:06:40 -0800] "GET /apple-touch-icon-120x120-precomposed.png HTTP/1.1" 404 88 "-" "MobileSafari/8614.1.25.0.31 CFNetwork/1390 Darwin/22.0.0" "www.metrocrimedaily.com"
172.58.122.113 - - [07/Feb/2023:05:06:40 -0800] "GET /apple-touch-icon-120x120.png HTTP/1.1" 404 88 "-" "MobileSafari/8614.1.25.0.31 CFNetwork/1390 Darwin/22.0.0" "www.metrocrimedaily.com"
172.58.122.113 - - [07/Feb/2023:05:06:40 -0800] "GET /apple-touch-icon-precomposed.png HTTP/1.1" 404 88 "-" "MobileSafari/8614.1.25.0.31 CFNetwork/1390 Darwin/22.0.0" "www.metrocrimedaily.com"
172.58.122.113 - - [07/Feb/2023:05:06:40 -0800] "GET /apple-touch-icon.png HTTP/1.1" 404 88 "-" "MobileSafari/8614.1.25.0.31 CFNetwork/1390 Darwin/22.0.0" "www.metrocrimedaily.com"
172.58.122.113 - - [07/Feb/2023:05:06:40 -0800] "GET /favicon.ico HTTP/1.1" 404 88 "-" "MobileSafari/8614.1.25.0.31 CFNetwork/1390 Darwin/22.0.0" "www.metrocrimedaily.com"
172.58.122.113 - - [07/Feb/2023:05:06:40 -0800] "GET /apple-touch-icon-120x120-precomposed.png HTTP/1.1" 404 88 "-" "MobileSafari/8614.1.25.0.31 CFNetwork/1390 Darwin/22.0.0" "www.metrocrimedaily.com"
172.58.122.113 - - [07/Feb/2023:05:06:40 -0800] "GET /apple-touch-icon-120x120.png HTTP/1.1" 404 88 "-" "MobileSafari/8614.1.25.0.31 CFNetwork/1390 Darwin/22.0.0" "www.metrocrimedaily.com"
172.58.122.113 - - [07/Feb/2023:05:06:40 -0800] "GET /apple-touch-icon-precomposed.png HTTP/1.1" 404 88 "-" "MobileSafari/8614.1.25.0.31 CFNetwork/1390 Darwin/22.0.0" "www.metrocrimedaily.com"
172.58.122.113 - - [07/Feb/2023:05:06:40 -0800] "GET /apple-touch-icon.png HTTP/1.1" 404 88 "-" "MobileSafari/8614.1.25.0.31 CFNetwork/1390 Darwin/22.0.0" "www.metrocrimedaily.com"
172.58.122.113 - - [07/Feb/2023:05:06:40 -0800] "GET /favicon.ico HTTP/1.1" 404 88 "-" "MobileSafari/8614.1.25.0.31 CFNetwork/1390 Darwin/22.0.0" "www.metrocrimedaily.com"
69.63.184.116 - - [07/Feb/2023:05:12:56 -0800] "GET /instagram-chicago/02-07-2023-0712341-A.jpg HTTP/1.1" 200 102510 "-" "facebookexternalhit/1.1 (+http://www.facebook.com/externalhit_uatext.php)" "www.metrocrimedaily.com"
66.249.70.132 - - [07/Feb/2023:05:13:14 -0800] "GET /ads.txt HTTP/1.1" 404 88 "-" "Mozilla/5.0 (compatible; Googlebot/2.1; +http://www.google.com/bot.html)" "metrocrimedaily.com"
157.55.39.24 - - [07/Feb/2023:05:22:49 -0800] "GET /instagram-chicago/12-20-2022-1836012-Judge-rejects-Hillside-man---s-request-to-take-ba.txt HTTP/1.1" 404 88 "-" "Mozilla/5.0 AppleWebKit/537.36 (KHTML, like Gecko; compatible; bingbot/2.0; +http://www.bing.com/bingbot.htm) Chrome/103.0.5060.134 Safari/537.36" "www.metrocrimedaily.com"
69.63.184.119 - - [07/Feb/2023:05:23:51 -0800] "GET /instagram-neworleans/02-07-2023-0723301-A.jpg HTTP/1.1" 200 103543 "-" "facebookexternalhit/1.1 (+http://www.facebook.com/externalhit_uatext.php)" "www.metrocrimedaily.com"
51.11.178.92 - - [07/Feb/2023:05:24:59 -0800] "GET / HTTP/1.1" 200 342221 "-" "Mozilla/5.0 (Windows NT 10.0; Win64; x64) AppleWebKit/537.36 (KHTML, like Gecko) Chrome/76.0.3809.132 Safari/537.36" "metrocrimedaily.com"
51.11.178.92 - - [07/Feb/2023:05:25:00 -0800] "GET /?author=1 HTTP/1.1" 200 342221 "-" "Mozilla/5.0 (Windows NT 10.0; Win64; x64) AppleWebKit/537.36 (KHTML, like Gecko) Chrome/76.0.3809.132 Safari/537.36" "metrocrimedaily.com"
51.11.178.92 - - [07/Feb/2023:05:25:01 -0800] "GET /wp-json/wp/v2/users/ HTTP/1.1" 404 73 "-" "Mozilla/5.0 (Windows NT 10.0; Win64; x64) AppleWebKit/537.36 (KHTML, like Gecko) Chrome/76.0.3809.132 Safari/537.36" "metrocrimedaily.com"
51.11.178.92 - - [07/Feb/2023:05:25:01 -0800] "GET /wp-json/oembed/1.0/embed?url=http://metrocrimedaily.com HTTP/1.1" 404 73 "-" "Mozilla/5.0 (Windows NT 10.0; Win64; x64) AppleWebKit/537.36 (KHTML, like Gecko) Chrome/76.0.3809.132 Safari/537.36" "metrocrimedaily.com"
51.11.178.92 - - [07/Feb/2023:05:25:01 -0800] "POST /xmlrpc.php HTTP/1.1" 404 73 "-" "Mozilla/5.0 (Windows NT 10.0; Win64; x64) AppleWebKit/537.36 (KHTML, like Gecko) Chrome/76.0.3809.132 Safari/537.36" "metrocrimedaily.com"
69.63.184.116 - - [07/Feb/2023:05:28:30 -0800] "GET /instagram-detroit/02-07-2023-0657342-A.jpg HTTP/1.1" 200 65034 "-" "facebookexternalhit/1.1 (+http://www.facebook.com/externalhit_uatext.php)" "www.metrocrimedaily.com"
69.63.184.120 - - [07/Feb/2023:05:29:25 -0800] "GET /instagram-houston/02-07-2023-0729041-A.jpg HTTP/1.1" 200 157823 "-" "facebookexternalhit/1.1 (+http://www.facebook.com/externalhit_uatext.php)" "www.metrocrimedaily.com"
69.63.184.1 - - [07/Feb/2023:05:29:50 -0800] "GET /instagram-stlouis/02-07-2023-0729291-A.jpg HTTP/1.1" 200 116120 "-" "facebookexternalhit/1.1 (+http://www.facebook.com/externalhit_uatext.php)" "www.metrocrimedaily.com"
69.63.184.4 - - [07/Feb/2023:05:30:45 -0800] "GET /instagram-miami/02-07-2023-0659512-A.jpg HTTP/1.1" 200 117845 "-" "facebookexternalhit/1.1 (+http://www.facebook.com/externalhit_uatext.php)" "www.metrocrimedaily.com"
40.77.167.212 - - [07/Feb/2023:05:41:40 -0800] "GET /index-miami.html HTTP/1.1" 200 25497 "-" "Mozilla/5.0 AppleWebKit/537.36 (KHTML, like Gecko; compatible; bingbot/2.0; +http://www.bing.com/bingbot.htm) Chrome/103.0.5060.134 Safari/537.36" "metrocrimedaily.com"
69.63.184.117 - - [07/Feb/2023:05:43:33 -0800] "GET /instagram-newyork/02-07-2023-0743141-A.jpg HTTP/1.1" 200 112760 "-" "facebookexternalhit/1.1 (+http://www.facebook.com/externalhit_uatext.php)" "www.metrocrimedaily.com"
69.63.184.4 - - [07/Feb/2023:05:47:16 -0800] "GET /instagram-atlanta/02-07-2023-0746541-A.jpg HTTP/1.1" 200 109345 "-" "facebookexternalhit/1.1 (+http://www.facebook.com/externalhit_uatext.php)" "www.metrocrimedaily.com"
3.83.54.176 - - [07/Feb/2023:05:50:36 -0800] "GET /ads.txt HTTP/1.1" 404 88 "-" "AdsTxtCrawler/1.0.2" "metrocrimedaily.com"
69.63.184.117 - - [07/Feb/2023:05:55:49 -0800] "GET /instagram-memphis/02-07-2023-0755271-A.jpg HTTP/1.1" 200 137577 "-" "facebookexternalhit/1.1 (+http://www.facebook.com/externalhit_uatext.php)" "www.metrocrimedaily.com"
69.63.184.117 - - [07/Feb/2023:05:59:06 -0800] "GET /instagram-detroit/02-07-2023-0657343-A.jpg HTTP/1.1" 200 54482 "-" "facebookexternalhit/1.1 (+http://www.facebook.com/externalhit_uatext.php)" "www.metrocrimedaily.com"
69.63.184.5 - - [07/Feb/2023:06:00:00 -0800] "GET /instagram-houston/02-07-2023-0729042-A.jpg HTTP/1.1" 200 101352 "-" "facebookexternalhit/1.1 (+http://www.facebook.com/externalhit_uatext.php)" "www.metrocrimedaily.com"
69.63.184.111 - - [07/Feb/2023:06:00:27 -0800] "GET /instagram-stlouis/02-07-2023-0729292-A.jpg HTTP/1.1" 200 143364 "-" "facebookexternalhit/1.1 (+http://www.facebook.com/externalhit_uatext.php)" "www.metrocrimedaily.com"
69.63.184.117 - - [07/Feb/2023:06:01:19 -0800] "GET /instagram-miami/02-07-2023-0659513-A.jpg HTTP/1.1" 200 80008 "-" "facebookexternalhit/1.1 (+http://www.facebook.com/externalhit_uatext.php)" "www.metrocrimedaily.com"
114.119.149.51 - - [07/Feb/2023:06:09:47 -0800] "GET /robots.txt HTTP/1.1" 404 88 "-" "Mozilla/5.0 (compatible;PetalBot;+https://webmaster.petalsearch.com/site/petalbot)" "www.metrocrimedaily.com"
69.63.184.117 - - [07/Feb/2023:06:10:01 -0800] "GET /instagram-dallas/02-07-2023-0809361-A.jpg HTTP/1.1" 200 168269 "-" "facebookexternalhit/1.1 (+http://www.facebook.com/externalhit_uatext.php)" "www.metrocrimedaily.com"
40.77.167.212 - - [07/Feb/2023:06:17:35 -0800] "GET /index-miami.html HTTP/1.1" 200 25497 "-" "Mozilla/5.0 AppleWebKit/537.36 (KHTML, like Gecko; compatible; bingbot/2.0; +http://www.bing.com/bingbot.htm) Chrome/103.0.5060.134 Safari/537.36" "metrocrimedaily.com"
69.63.184.1 - - [07/Feb/2023:06:25:49 -0800] "GET /instagram-chicago/02-07-2023-0824441-A.jpg HTTP/1.1" 200 76243 "-" "facebookexternalhit/1.1 (+http://www.facebook.com/externalhit_uatext.php)" "www.metrocrimedaily.com"
69.63.184.3 - - [07/Feb/2023:06:26:26 -0800] "GET /instagram-memphis/02-07-2023-0755272-A.jpg HTTP/1.1" 200 178491 "-" "facebookexternalhit/1.1 (+http://www.facebook.com/externalhit_uatext.php)" "www.metrocrimedaily.com"
69.63.184.1 - - [07/Feb/2023:06:31:54 -0800] "GET /instagram-miami/02-07-2023-0659514-A.jpg HTTP/1.1" 200 500393 "-" "facebookexternalhit/1.1 (+http://www.facebook.com/externalhit_uatext.php)" "www.metrocrimedaily.com"
69.63.184.2 - - [07/Feb/2023:06:36:37 -0800] "GET /instagram-neworleans/02-07-2023-0836171-A.jpg HTTP/1.1" 200 120640 "-" "facebookexternalhit/1.1 (+http://www.facebook.com/externalhit_uatext.php)" "www.metrocrimedaily.com"
69.63.184.120 - - [07/Feb/2023:06:40:36 -0800] "GET /instagram-dallas/02-07-2023-0809362-A.jpg HTTP/1.1" 200 132614 "-" "facebookexternalhit/1.1 (+http://www.facebook.com/externalhit_uatext.php)" "www.metrocrimedaily.com"
51.222.253.7 - - [07/Feb/2023:06:40:53 -0800] "GET /robots.txt HTTP/1.1" 404 88 "-" "Mozilla/5.0 (compatible; AhrefsBot/7.0; +http://ahrefs.com/robot/)" "metrocrimedaily.com"
51.222.253.12 - - [07/Feb/2023:06:40:54 -0800] "GET / HTTP/1.1" 200 40576 "-" "Mozilla/5.0 (compatible; AhrefsBot/7.0; +http://ahrefs.com/robot/)" "metrocrimedaily.com"
51.222.253.5 - - [07/Feb/2023:06:41:17 -0800] "GET /styles-mcd.css HTTP/1.1" 200 1159 "-" "Mozilla/5.0 (compatible; AhrefsBot/7.0; +http://ahrefs.com/robot/)" "metrocrimedaily.com"
51.222.253.12 - - [07/Feb/2023:06:41:17 -0800] "GET /images/twitter-logo-b-tiny.png HTTP/1.1" 200 1600 "-" "Mozilla/5.0 (compatible; AhrefsBot/7.0; +http://ahrefs.com/robot/)" "metrocrimedaily.com"
51.222.253.16 - - [07/Feb/2023:06:41:17 -0800] "GET /images/crimeinthed-logo.jpg HTTP/1.1" 200 14960 "-" "Mozilla/5.0 (compatible; AhrefsBot/7.0; +http://ahrefs.com/robot/)" "metrocrimedaily.com"
51.222.253.12 - - [07/Feb/2023:06:41:18 -0800] "GET /images/police-tape.jpg HTTP/1.1" 200 50766 "-" "Mozilla/5.0 (compatible; AhrefsBot/7.0; +http://ahrefs.com/robot/)" "metrocrimedaily.com"
51.222.253.16 - - [07/Feb/2023:06:41:18 -0800] "GET /images/youtube-logo-tiny.png HTTP/1.1" 200 689 "-" "Mozilla/5.0 (compatible; AhrefsBot/7.0; +http://ahrefs.com/robot/)" "metrocrimedaily.com"
52.167.144.32 - - [07/Feb/2023:06:48:37 -0800] "GET /instagram-houston/01-17-2023-0943397-Idaho-murders--Bryan-Kohberger-s-former-defense-a.txt HTTP/1.1" 404 88 "-" "Mozilla/5.0 AppleWebKit/537.36 (KHTML, like Gecko; compatible; bingbot/2.0; +http://www.bing.com/bingbot.htm) Chrome/103.0.5060.134 Safari/537.36" "www.metrocrimedaily.com"
69.63.184.118 - - [07/Feb/2023:06:53:38 -0800] "GET /instagram-newyork/02-07-2023-0853171-A.jpg HTTP/1.1" 200 116466 "-" "facebookexternalhit/1.1 (+http://www.facebook.com/externalhit_uatext.php)" "www.metrocrimedaily.com"
40.77.167.212 - - [07/Feb/2023:06:55:18 -0800] "GET /index-miami.html HTTP/1.1" 200 25497 "-" "Mozilla/5.0 AppleWebKit/537.36 (KHTML, like Gecko; compatible; bingbot/2.0; +http://www.bing.com/bingbot.htm) Chrome/103.0.5060.134 Safari/537.36" "metrocrimedaily.com"
52.167.144.81 - - [07/Feb/2023:06:56:21 -0800] "GET /instagram-dallas/12-19-2022-2113541-Gunfire-in-the-parking-lot-disrupts-classes-at-Ir.txt HTTP/1.1" 404 88 "-" "Mozilla/5.0 AppleWebKit/537.36 (KHTML, like Gecko; compatible; bingbot/2.0; +http://www.bing.com/bingbot.htm) Chrome/103.0.5060.134 Safari/537.36" "www.metrocrimedaily.com"
69.63.184.118 - - [07/Feb/2023:06:56:31 -0800] "GET /instagram-chicago/02-07-2023-0824442-A.jpg HTTP/1.1" 200 547965 "-" "facebookexternalhit/1.1 (+http://www.facebook.com/externalhit_uatext.php)" "www.metrocrimedaily.com"
51.222.253.15 - - [07/Feb/2023:06:57:17 -0800] "GET /robots.txt HTTP/1.1" 404 88 "-" "Mozilla/5.0 (compatible; AhrefsBot/7.0; +http://ahrefs.com/robot/)" "www.metrocrimedaily.com"
51.222.253.3 - - [07/Feb/2023:06:57:18 -0800] "GET / HTTP/1.1" 200 40576 "-" "Mozilla/5.0 (compatible; AhrefsBot/7.0; +http://ahrefs.com/robot/)" "www.metrocrimedaily.com"
207.46.13.127 - - [07/Feb/2023:06:59:44 -0800] "GET /robots.txt HTTP/1.1" 404 88 "-" "Mozilla/5.0 AppleWebKit/537.36 (KHTML, like Gecko; compatible; bingbot/2.0; +http://www.bing.com/bingbot.htm) Chrome/103.0.5060.134 Safari/537.36" "www.metrocrimedaily.com"
69.63.184.119 - - [07/Feb/2023:07:01:08 -0800] "GET /instagram-losangeles/02-07-2023-0900431-A.jpg HTTP/1.1" 200 299020 "-" "facebookexternalhit/1.1 (+http://www.facebook.com/externalhit_uatext.php)" "www.metrocrimedaily.com"
12.228.224.226 - - [07/Feb/2023:07:01:39 -0800] "GET / HTTP/1.1" 200 40576 "-" "Mozilla/5.0 (Windows NT 10.0; Win64; x64) AppleWebKit/537.36 (KHTML, like Gecko) Chrome/109.0.0.0 Safari/537.36" "www.metrocrimedaily.com"
12.228.224.226 - - [07/Feb/2023:07:01:39 -0800] "GET /styles-mcd.css HTTP/1.1" 200 1159 "http://www.metrocrimedaily.com/" "Mozilla/5.0 (Windows NT 10.0; Win64; x64) AppleWebKit/537.36 (KHTML, like Gecko) Chrome/109.0.0.0 Safari/537.36" "www.metrocrimedaily.com"
12.228.224.226 - - [07/Feb/2023:07:01:39 -0800] "GET /images/crimeinthed-logo.jpg HTTP/1.1" 200 14960 "http://www.metrocrimedaily.com/" "Mozilla/5.0 (Windows NT 10.0; Win64; x64) AppleWebKit/537.36 (KHTML, like Gecko) Chrome/109.0.0.0 Safari/537.36" "www.metrocrimedaily.com"
12.228.224.226 - - [07/Feb/2023:07:01:40 -0800] "GET /images/police-tape.jpg HTTP/1.1" 200 50766 "http://www.metrocrimedaily.com/" "Mozilla/5.0 (Windows NT 10.0; Win64; x64) AppleWebKit/537.36 (KHTML, like Gecko) Chrome/109.0.0.0 Safari/537.36" "metrocrimedaily.com"
12.228.224.226 - - [07/Feb/2023:07:01:44 -0800] "GET /images/facebook-logo-tiny.png HTTP/1.1" 200 1280 "http://www.metrocrimedaily.com/" "Mozilla/5.0 (Windows NT 10.0; Win64; x64) AppleWebKit/537.36 (KHTML, like Gecko) Chrome/109.0.0.0 Safari/537.36" "www.metrocrimedaily.com"
12.228.224.226 - - [07/Feb/2023:07:01:44 -0800] "GET /images/youtube-logo-tiny.png HTTP/1.1" 200 689 "http://www.metrocrimedaily.com/" "Mozilla/5.0 (Windows NT 10.0; Win64; x64) AppleWebKit/537.36 (KHTML, like Gecko) Chrome/109.0.0.0 Safari/537.36" "www.metrocrimedaily.com"
12.228.224.226 - - [07/Feb/2023:07:01:44 -0800] "GET /images/twitter-logo-b-tiny.png HTTP/1.1" 200 1600 "http://www.metrocrimedaily.com/" "Mozilla/5.0 (Windows NT 10.0; Win64; x64) AppleWebKit/537.36 (KHTML, like Gecko) Chrome/109.0.0.0 Safari/537.36" "www.metrocrimedaily.com"
69.63.184.1 - - [07/Feb/2023:07:02:27 -0800] "GET /instagram-miami/02-07-2023-0659515-A.jpg HTTP/1.1" 200 88718 "-" "facebookexternalhit/1.1 (+http://www.facebook.com/externalhit_uatext.php)" "www.metrocrimedaily.com"
54.36.148.220 - - [07/Feb/2023:07:10:38 -0800] "GET /robots.txt HTTP/1.1" 404 88 "-" "Mozilla/5.0 (compatible; AhrefsBot/7.0; +http://ahrefs.com/robot/)" "metrocrimedaily.com"
51.222.253.9 - - [07/Feb/2023:07:10:39 -0800] "GET /instagram-dallas/videos/?C=N;O=D HTTP/1.1" 200 449 "-" "Mozilla/5.0 (compatible; AhrefsBot/7.0; +http://ahrefs.com/robot/)" "metrocrimedaily.com"
69.63.184.1 - - [07/Feb/2023:07:11:14 -0800] "GET /instagram-dallas/02-07-2023-0809363-A.jpg HTTP/1.1" 200 58393 "-" "facebookexternalhit/1.1 (+http://www.facebook.com/externalhit_uatext.php)" "www.metrocrimedaily.com"
69.63.184.117 - - [07/Feb/2023:07:16:01 -0800] "GET /instagram-atlanta/02-07-2023-0915091-A.jpg HTTP/1.1" 200 157105 "-" "facebookexternalhit/1.1 (+http://www.facebook.com/externalhit_uatext.php)" "www.metrocrimedaily.com"
114.119.166.63 - - [07/Feb/2023:07:16:37 -0800] "GET /instagram-chicago/02-05-2023-1943301-Suspect-who-charged-with-knives-in-critical-condi.txt HTTP/1.1" 200 645 "https://metrocrimedaily.com/instagram-chicago/" "Mozilla/5.0 (Linux; Android 7.0;) AppleWebKit/537.36 (KHTML, like Gecko) Mobile Safari/537.36 (compatible; PetalBot;+https://webmaster.petalsearch.com/site/petalbot)" "metrocrimedaily.com"
34.224.100.163 - - [07/Feb/2023:07:17:16 -0800] "GET /ads.txt HTTP/1.1" 404 88 "-" "AdsTxtCrawler/1.0.2" "metrocrimedaily.com"
69.63.184.4 - - [07/Feb/2023:07:21:15 -0800] "GET /instagram-stlouis/02-07-2023-0920531-A.jpg HTTP/1.1" 200 201311 "-" "facebookexternalhit/1.1 (+http://www.facebook.com/externalhit_uatext.php)" "www.metrocrimedaily.com"
66.249.64.83 - - [07/Feb/2023:07:22:11 -0800] "GET /robots.txt HTTP/1.1" 404 88 "-" "Mozilla/5.0 (compatible; Googlebot/2.1; +http://www.google.com/bot.html)" "www.metrocrimedaily.com"
51.222.253.7 - - [07/Feb/2023:07:26:30 -0800] "GET /instagram-detroit/?C=N;O=A HTTP/1.1" 200 469 "-" "Mozilla/5.0 (compatible; AhrefsBot/7.0; +http://ahrefs.com/robot/)" "metrocrimedaily.com"
69.63.184.120 - - [07/Feb/2023:07:27:08 -0800] "GET /instagram-chicago/02-07-2023-0824443-A.jpg HTTP/1.1" 200 121924 "-" "facebookexternalhit/1.1 (+http://www.facebook.com/externalhit_uatext.php)" "www.metrocrimedaily.com"
69.63.184.116 - - [07/Feb/2023:07:31:47 -0800] "GET /instagram-losangeles/02-07-2023-0900432-A.jpg HTTP/1.1" 200 723259 "-" "facebookexternalhit/1.1 (+http://www.facebook.com/externalhit_uatext.php)" "www.metrocrimedaily.com"
69.63.184.116 - - [07/Feb/2023:07:33:39 -0800] "GET /instagram-detroit/02-07-2023-0933061-A.jpg HTTP/1.1" 200 130814 "-" "facebookexternalhit/1.1 (+http://www.facebook.com/externalhit_uatext.php)" "www.metrocrimedaily.com"
69.63.184.4 - - [07/Feb/2023:07:34:36 -0800] "GET /instagram-houston/02-07-2023-0934141-A.jpg HTTP/1.1" 200 162663 "-" "facebookexternalhit/1.1 (+http://www.facebook.com/externalhit_uatext.php)" "www.metrocrimedaily.com"
40.77.167.212 - - [07/Feb/2023:07:35:00 -0800] "GET /index-miami.html HTTP/1.1" 200 26462 "-" "Mozilla/5.0 AppleWebKit/537.36 (KHTML, like Gecko; compatible; bingbot/2.0; +http://www.bing.com/bingbot.htm) Chrome/103.0.5060.134 Safari/537.36" "metrocrimedaily.com"
114.119.150.32 - - [07/Feb/2023:07:36:16 -0800] "GET /instagram-detroit/01-29-2023-1442002-Police-looking-for-2-suspects-involved-in-Detroit.txt HTTP/1.1" 404 88 "https://metrocrimedaily.com/instagram-detroit/?C=M%3BO%3DA" "Mozilla/5.0 (Linux; Android 7.0;) AppleWebKit/537.36 (KHTML, like Gecko) Mobile Safari/537.36 (compatible; PetalBot;+https://webmaster.petalsearch.com/site/petalbot)" "metrocrimedaily.com"
69.63.184.120 - - [07/Feb/2023:07:38:00 -0800] "GET /instagram-memphis/02-07-2023-0937401-A.jpg HTTP/1.1" 200 133735 "-" "facebookexternalhit/1.1 (+http://www.facebook.com/externalhit_uatext.php)" "www.metrocrimedaily.com"
51.222.253.17 - - [07/Feb/2023:07:40:50 -0800] "GET /gov-svc-detroit.html HTTP/1.1" 200 2125 "-" "Mozilla/5.0 (compatible; AhrefsBot/7.0; +http://ahrefs.com/robot/)" "metrocrimedaily.com"
69.63.184.117 - - [07/Feb/2023:07:41:43 -0800] "GET /instagram-dallas/02-07-2023-0809364-A.jpg HTTP/1.1" 200 106383 "-" "facebookexternalhit/1.1 (+http://www.facebook.com/externalhit_uatext.php)" "www.metrocrimedaily.com"
172.58.122.103 - - [07/Feb/2023:07:42:01 -0800] "GET / HTTP/1.1" 200 40576 "-" "Mozilla/5.0 (Linux; Android 12; SM-A136U) AppleWebKit/537.36 (KHTML, like Gecko) Chrome/109.0.0.0 Mobile Safari/537.36" "www.metrocrimedaily.com"
172.58.122.103 - - [07/Feb/2023:07:42:01 -0800] "GET /styles-mcd.css HTTP/1.1" 200 1159 "http://www.metrocrimedaily.com/" "Mozilla/5.0 (Linux; Android 12; SM-A136U) AppleWebKit/537.36 (KHTML, like Gecko) Chrome/109.0.0.0 Mobile Safari/537.36" "www.metrocrimedaily.com"
172.58.122.103 - - [07/Feb/2023:07:42:01 -0800] "GET /images/crimeinthed-logo.jpg HTTP/1.1" 200 14960 "http://www.metrocrimedaily.com/" "Mozilla/5.0 (Linux; Android 12; SM-A136U) AppleWebKit/537.36 (KHTML, like Gecko) Chrome/109.0.0.0 Mobile Safari/537.36" "www.metrocrimedaily.com"
172.58.122.103 - - [07/Feb/2023:07:42:01 -0800] "GET /images/police-tape.jpg HTTP/1.1" 200 50766 "http://www.metrocrimedaily.com/" "Mozilla/5.0 (Linux; Android 12; SM-A136U) AppleWebKit/537.36 (KHTML, like Gecko) Chrome/109.0.0.0 Mobile Safari/537.36" "metrocrimedaily.com"
172.58.122.103 - - [07/Feb/2023:07:42:02 -0800] "GET /images/twitter-logo-b-tiny.png HTTP/1.1" 200 1600 "http://www.metrocrimedaily.com/" "Mozilla/5.0 (Linux; Android 12; SM-A136U) AppleWebKit/537.36 (KHTML, like Gecko) Chrome/109.0.0.0 Mobile Safari/537.36" "www.metrocrimedaily.com"
172.58.122.103 - - [07/Feb/2023:07:42:02 -0800] "GET /images/facebook-logo-tiny.png HTTP/1.1" 200 1280 "http://www.metrocrimedaily.com/" "Mozilla/5.0 (Linux; Android 12; SM-A136U) AppleWebKit/537.36 (KHTML, like Gecko) Chrome/109.0.0.0 Mobile Safari/537.36" "www.metrocrimedaily.com"
172.58.122.103 - - [07/Feb/2023:07:42:02 -0800] "GET /images/youtube-logo-tiny.png HTTP/1.1" 200 689 "http://www.metrocrimedaily.com/" "Mozilla/5.0 (Linux; Android 12; SM-A136U) AppleWebKit/537.36 (KHTML, like Gecko) Chrome/109.0.0.0 Mobile Safari/537.36" "www.metrocrimedaily.com"
172.58.122.103 - - [07/Feb/2023:07:42:11 -0800] "GET /favicon.ico HTTP/1.1" 404 88 "http://www.metrocrimedaily.com/" "Mozilla/5.0 (Linux; Android 12; SM-A136U) AppleWebKit/537.36 (KHTML, like Gecko) Chrome/109.0.0.0 Mobile Safari/537.36" "www.metrocrimedaily.com"
114.119.142.181 - - [07/Feb/2023:07:44:29 -0800] "GET /instagram-stlouis/02-06-2023-1509231-Zacatecas-on-alert-after-mass-killings-reported-o.txt HTTP/1.1" 200 1107 "https://metrocrimedaily.com/instagram-stlouis/" "Mozilla/5.0 (Linux; Android 7.0;) AppleWebKit/537.36 (KHTML, like Gecko) Mobile Safari/537.36 (compatible; PetalBot;+https://webmaster.petalsearch.com/site/petalbot)" "metrocrimedaily.com"
114.119.156.132 - - [07/Feb/2023:07:45:44 -0800] "GET /instagram-miami/02-05-2023-1041011-Detectives-locate-body-in-Okeechobee-County--poss.txt HTTP/1.1" 200 983 "https://metrocrimedaily.com/instagram-miami/?C=D%3BO%3DA" "Mozilla/5.0 (Linux; Android 7.0;) AppleWebKit/537.36 (KHTML, like Gecko) Mobile Safari/537.36 (compatible; PetalBot;+https://webmaster.petalsearch.com/site/petalbot)" "metrocrimedaily.com"
69.63.184.117 - - [07/Feb/2023:07:46:35 -0800] "GET /instagram-atlanta/02-07-2023-0915092-A.jpg HTTP/1.1" 200 116163 "-" "facebookexternalhit/1.1 (+http://www.facebook.com/externalhit_uatext.php)" "www.metrocrimedaily.com"
114.119.143.177 - - [07/Feb/2023:07:47:43 -0800] "GET /instagram-neworleans/01-24-2023-2127231-Bar-shut-down--anger-at-LSU--Madison-Brooks--deat.txt HTTP/1.1" 404 88 "https://metrocrimedaily.com/instagram-neworleans/" "Mozilla/5.0 (Linux; Android 7.0;) AppleWebKit/537.36 (KHTML, like Gecko) Mobile Safari/537.36 (compatible; PetalBot;+https://webmaster.petalsearch.com/site/petalbot)" "metrocrimedaily.com"
114.119.136.199 - - [07/Feb/2023:07:48:43 -0800] "GET /instagram-memphis/post-later/02-02-2023-1949257-TBI-investigating-shooting-that-left-one-man-dead.txt HTTP/1.1" 200 207 "https://metrocrimedaily.com/instagram-memphis/post-later/" "Mozilla/5.0 (Linux; Android 7.0;) AppleWebKit/537.36 (KHTML, like Gecko) Mobile Safari/537.36 (compatible; PetalBot;+https://webmaster.petalsearch.com/site/petalbot)" "metrocrimedaily.com"
114.119.131.92 - - [07/Feb/2023:07:50:00 -0800] "GET /instagram-stlouis/02-06-2023-1118301-TALAT---HUGE-WAVE-ROLLS-OVER-STOLEN-BOAT-(WHOA)-.txt HTTP/1.1" 200 153 "https://metrocrimedaily.com/instagram-stlouis/" "Mozilla/5.0 (Linux; Android 7.0;) AppleWebKit/537.36 (KHTML, like Gecko) Mobile Safari/537.36 (compatible; PetalBot;+https://webmaster.petalsearch.com/site/petalbot)" "metrocrimedaily.com"
114.119.136.203 - - [07/Feb/2023:07:51:35 -0800] "GET /metrocrime-detroit.html HTTP/1.1" 200 1356 "https://metrocrimedaily.com/crime-watch-usa.html" "Mozilla/5.0 (Linux; Android 7.0;) AppleWebKit/537.36 (KHTML, like Gecko) Mobile Safari/537.36 (compatible; PetalBot;+https://webmaster.petalsearch.com/site/petalbot)" "metrocrimedaily.com"
69.63.184.5 - - [07/Feb/2023:07:51:49 -0800] "GET /instagram-stlouis/02-07-2023-0920532-A.jpg HTTP/1.1" 200 175024 "-" "facebookexternalhit/1.1 (+http://www.facebook.com/externalhit_uatext.php)" "www.metrocrimedaily.com"
114.119.149.183 - - [07/Feb/2023:07:52:52 -0800] "GET /styles-mcd-master-backup.css HTTP/1.1" 200 1118 "https://metrocrimedaily.com/?C=M%3BO%3DA" "Mozilla/5.0 (Linux; Android 7.0;) AppleWebKit/537.36 (KHTML, like Gecko) Mobile Safari/537.36 (compatible; PetalBot;+https://webmaster.petalsearch.com/site/petalbot)" "metrocrimedaily.com"
