68.228.149.71 - - [02/Feb/2023:20:45:29 -0800] "GET / HTTP/1.1" 200 17985 "-" "Mozilla/5.0 (Linux; Android 11; WTCELERO5G) AppleWebKit/537.36 (KHTML, like Gecko) Chrome/109.0.0.0 Mobile Safari/537.36" "www.metrocrimedaily.com"
68.228.149.71 - - [02/Feb/2023:20:45:29 -0800] "GET /styles-mcd.css HTTP/1.1" 200 1159 "http://www.metrocrimedaily.com/" "Mozilla/5.0 (Linux; Android 11; WTCELERO5G) AppleWebKit/537.36 (KHTML, like Gecko) Chrome/109.0.0.0 Mobile Safari/537.36" "www.metrocrimedaily.com"
68.228.149.71 - - [02/Feb/2023:20:45:29 -0800] "GET /images/crimeinthed-logo.jpg HTTP/1.1" 200 14960 "http://www.metrocrimedaily.com/" "Mozilla/5.0 (Linux; Android 11; WTCELERO5G) AppleWebKit/537.36 (KHTML, like Gecko) Chrome/109.0.0.0 Mobile Safari/537.36" "www.metrocrimedaily.com"
68.228.149.71 - - [02/Feb/2023:20:45:30 -0800] "GET /images/police-tape.jpg HTTP/1.1" 200 50766 "http://www.metrocrimedaily.com/" "Mozilla/5.0 (Linux; Android 11; WTCELERO5G) AppleWebKit/537.36 (KHTML, like Gecko) Chrome/109.0.0.0 Mobile Safari/537.36" "metrocrimedaily.com"
68.228.149.71 - - [02/Feb/2023:20:45:30 -0800] "GET /images/facebook-logo-tiny.png HTTP/1.1" 200 1280 "http://www.metrocrimedaily.com/" "Mozilla/5.0 (Linux; Android 11; WTCELERO5G) AppleWebKit/537.36 (KHTML, like Gecko) Chrome/109.0.0.0 Mobile Safari/537.36" "www.metrocrimedaily.com"
68.228.149.71 - - [02/Feb/2023:20:45:30 -0800] "GET /images/youtube-logo-tiny.png HTTP/1.1" 200 689 "http://www.metrocrimedaily.com/" "Mozilla/5.0 (Linux; Android 11; WTCELERO5G) AppleWebKit/537.36 (KHTML, like Gecko) Chrome/109.0.0.0 Mobile Safari/537.36" "www.metrocrimedaily.com"
68.228.149.71 - - [02/Feb/2023:20:45:30 -0800] "GET /images/twitter-logo-b-tiny.png HTTP/1.1" 200 1600 "http://www.metrocrimedaily.com/" "Mozilla/5.0 (Linux; Android 11; WTCELERO5G) AppleWebKit/537.36 (KHTML, like Gecko) Chrome/109.0.0.0 Mobile Safari/537.36" "www.metrocrimedaily.com"
68.228.149.71 - - [02/Feb/2023:20:45:30 -0800] "GET /favicon.ico HTTP/1.1" 404 88 "http://www.metrocrimedaily.com/" "Mozilla/5.0 (Linux; Android 11; WTCELERO5G) AppleWebKit/537.36 (KHTML, like Gecko) Chrome/109.0.0.0 Mobile Safari/537.36" "www.metrocrimedaily.com"
173.252.107.22 - - [02/Feb/2023:20:46:06 -0800] "GET /instagram-losangeles/02-02-2023-2214403-A.jpg HTTP/1.1" 200 98556 "-" "facebookexternalhit/1.1 (+http://www.facebook.com/externalhit_uatext.php)" "www.metrocrimedaily.com"
51.222.253.20 - - [02/Feb/2023:20:46:14 -0800] "GET /CRIME-WATCH-AMERICA/CRIME-WATCH-DETROIT/unix/bin/date.exe HTTP/1.1" 200 14336 "-" "Mozilla/5.0 (compatible; AhrefsBot/7.0; +http://ahrefs.com/robot/)" "metrocrimedaily.com"
51.222.253.8 - - [02/Feb/2023:20:47:11 -0800] "GET /CRIME-WATCH-AMERICA/CRIME-WATCH-DETROIT/unix/bin/df.exe HTTP/1.1" 200 13824 "-" "Mozilla/5.0 (compatible; AhrefsBot/7.0; +http://ahrefs.com/robot/)" "metrocrimedaily.com"
51.222.253.1 - - [02/Feb/2023:20:48:08 -0800] "GET /CRIME-WATCH-AMERICA/CRIME-WATCH-DETROIT/unix/bin/diff.exe HTTP/1.1" 200 38912 "-" "Mozilla/5.0 (compatible; AhrefsBot/7.0; +http://ahrefs.com/robot/)" "metrocrimedaily.com"
51.222.253.4 - - [02/Feb/2023:20:49:18 -0800] "GET /CRIME-WATCH-AMERICA/CRIME-WATCH-DETROIT/unix/bin/diff3.exe HTTP/1.1" 200 19456 "-" "Mozilla/5.0 (compatible; AhrefsBot/7.0; +http://ahrefs.com/robot/)" "metrocrimedaily.com"
69.63.184.119 - - [02/Feb/2023:20:49:39 -0800] "GET /instagram-chicago/02-02-2023-2249171-A.jpg HTTP/1.1" 200 175584 "-" "facebookexternalhit/1.1 (+http://www.facebook.com/externalhit_uatext.php)" "www.metrocrimedaily.com"
51.222.253.20 - - [02/Feb/2023:20:50:47 -0800] "GET /CRIME-WATCH-AMERICA/CRIME-WATCH-DETROIT/unix/bin/dir.EXE HTTP/1.1" 200 67584 "-" "Mozilla/5.0 (compatible; AhrefsBot/7.0; +http://ahrefs.com/robot/)" "metrocrimedaily.com"
51.222.253.19 - - [02/Feb/2023:20:52:10 -0800] "GET /CRIME-WATCH-AMERICA/CRIME-WATCH-DETROIT/unix/bin/dir.EXE.BAK HTTP/1.1" 200 23552 "-" "Mozilla/5.0 (compatible; AhrefsBot/7.0; +http://ahrefs.com/robot/)" "metrocrimedaily.com"
51.222.253.14 - - [02/Feb/2023:20:53:31 -0800] "GET /CRIME-WATCH-AMERICA/CRIME-WATCH-DETROIT/unix/bin/dirname.exe HTTP/1.1" 200 8704 "-" "Mozilla/5.0 (compatible; AhrefsBot/7.0; +http://ahrefs.com/robot/)" "metrocrimedaily.com"
51.222.253.13 - - [02/Feb/2023:20:54:46 -0800] "GET /CRIME-WATCH-AMERICA/CRIME-WATCH-DETROIT/unix/bin/echo.exe HTTP/1.1" 200 9216 "-" "Mozilla/5.0 (compatible; AhrefsBot/7.0; +http://ahrefs.com/robot/)" "metrocrimedaily.com"
40.77.167.212 - - [02/Feb/2023:20:54:53 -0800] "GET /instagram-chicago/12-23-2022-1350591-Man-who-had-more-than-200-guns-at-home-to-plead-g.txt HTTP/1.1" 404 88 "-" "Mozilla/5.0 AppleWebKit/537.36 (KHTML, like Gecko; compatible; bingbot/2.0; +http://www.bing.com/bingbot.htm) Chrome/103.0.5060.134 Safari/537.36" "www.metrocrimedaily.com"
69.63.184.1 - - [02/Feb/2023:20:55:34 -0800] "GET /instagram-atlanta/02-02-2023-2239082-A.jpg HTTP/1.1" 200 55239 "-" "facebookexternalhit/1.1 (+http://www.facebook.com/externalhit_uatext.php)" "www.metrocrimedaily.com"
51.222.253.9 - - [02/Feb/2023:20:56:06 -0800] "GET /CRIME-WATCH-AMERICA/CRIME-WATCH-DETROIT/unix/bin/egrep.exe HTTP/1.1" 200 17408 "-" "Mozilla/5.0 (compatible; AhrefsBot/7.0; +http://ahrefs.com/robot/)" "metrocrimedaily.com"
173.252.107.12 - - [02/Feb/2023:20:56:17 -0800] "GET /instagram-memphis/02-02-2023-2255561-A.jpg HTTP/1.1" 200 173642 "-" "facebookexternalhit/1.1 (+http://www.facebook.com/externalhit_uatext.php)" "www.metrocrimedaily.com"
173.252.107.22 - - [02/Feb/2023:20:56:43 -0800] "GET /instagram-memphis/02-02-2023-2255562-A.jpg HTTP/1.1" 200 158918 "-" "facebookexternalhit/1.1 (+http://www.facebook.com/externalhit_uatext.php)" "www.metrocrimedaily.com"
51.222.253.10 - - [02/Feb/2023:20:57:11 -0800] "GET /CRIME-WATCH-AMERICA/CRIME-WATCH-DETROIT/unix/bin/elvis.exe HTTP/1.1" 200 127488 "-" "Mozilla/5.0 (compatible; AhrefsBot/7.0; +http://ahrefs.com/robot/)" "metrocrimedaily.com"
173.252.107.1 - - [02/Feb/2023:20:57:11 -0800] "GET /instagram-memphis/02-02-2023-2255563-A.jpg HTTP/1.1" 200 97595 "-" "facebookexternalhit/1.1 (+http://www.facebook.com/externalhit_uatext.php)" "www.metrocrimedaily.com"
173.252.107.20 - - [02/Feb/2023:20:57:39 -0800] "GET /instagram-memphis/02-02-2023-2255564-A.jpg HTTP/1.1" 200 238393 "-" "facebookexternalhit/1.1 (+http://www.facebook.com/externalhit_uatext.php)" "www.metrocrimedaily.com"
173.252.107.8 - - [02/Feb/2023:20:57:56 -0800] "GET /instagram-stlouis/02-02-2023-2226333-A.jpg HTTP/1.1" 200 225901 "-" "facebookexternalhit/1.1 (+http://www.facebook.com/externalhit_uatext.php)" "www.metrocrimedaily.com"
173.252.107.20 - - [02/Feb/2023:20:58:06 -0800] "GET /instagram-memphis/02-02-2023-2255565-A.jpg HTTP/1.1" 200 210556 "-" "facebookexternalhit/1.1 (+http://www.facebook.com/externalhit_uatext.php)" "www.metrocrimedaily.com"
51.222.253.18 - - [02/Feb/2023:20:58:24 -0800] "GET /CRIME-WATCH-AMERICA/CRIME-WATCH-DETROIT/unix/bin/env.exe HTTP/1.1" 200 10752 "-" "Mozilla/5.0 (compatible; AhrefsBot/7.0; +http://ahrefs.com/robot/)" "metrocrimedaily.com"
40.77.167.212 - - [02/Feb/2023:20:58:34 -0800] "GET /instagram-detroit/12-22-2022-2118061-Suspect-wanted-for-breaking-into-Westland-Family-.txt HTTP/1.1" 404 88 "-" "Mozilla/5.0 AppleWebKit/537.36 (KHTML, like Gecko; compatible; bingbot/2.0; +http://www.bing.com/bingbot.htm) Chrome/103.0.5060.134 Safari/537.36" "www.metrocrimedaily.com"
157.55.39.85 - - [02/Feb/2023:20:58:59 -0800] "GET /CRIME-WATCH-HOUSTON/WIP/houston-temp-urls.txt HTTP/1.1" 404 88 "-" "Mozilla/5.0 AppleWebKit/537.36 (KHTML, like Gecko; compatible; bingbot/2.0; +http://www.bing.com/bingbot.htm) Chrome/103.0.5060.134 Safari/537.36" "www.metrocrimedaily.com"
51.222.253.17 - - [02/Feb/2023:20:59:29 -0800] "GET /CRIME-WATCH-AMERICA/CRIME-WATCH-DETROIT/unix/bin/expand.exe HTTP/1.1" 200 14336 "-" "Mozilla/5.0 (compatible; AhrefsBot/7.0; +http://ahrefs.com/robot/)" "metrocrimedaily.com"
51.222.253.14 - - [02/Feb/2023:21:00:44 -0800] "GET /CRIME-WATCH-AMERICA/CRIME-WATCH-DETROIT/unix/bin/expr.exe HTTP/1.1" 200 13312 "-" "Mozilla/5.0 (compatible; AhrefsBot/7.0; +http://ahrefs.com/robot/)" "metrocrimedaily.com"
69.63.184.118 - - [02/Feb/2023:21:01:22 -0800] "GET /instagram-detroit/02-02-2023-2300231-A.jpg HTTP/1.1" 200 169738 "-" "facebookexternalhit/1.1 (+http://www.facebook.com/externalhit_uatext.php)" "www.metrocrimedaily.com"
69.63.184.5 - - [02/Feb/2023:21:01:49 -0800] "GET /instagram-detroit/02-02-2023-2300232-A.jpg HTTP/1.1" 200 169418 "-" "facebookexternalhit/1.1 (+http://www.facebook.com/externalhit_uatext.php)" "www.metrocrimedaily.com"
51.222.253.16 - - [02/Feb/2023:21:02:07 -0800] "GET /CRIME-WATCH-AMERICA/CRIME-WATCH-DETROIT/unix/bin/fgrep.exe HTTP/1.1" 200 18432 "-" "Mozilla/5.0 (compatible; AhrefsBot/7.0; +http://ahrefs.com/robot/)" "metrocrimedaily.com"
51.222.253.18 - - [02/Feb/2023:21:03:17 -0800] "GET /CRIME-WATCH-AMERICA/CRIME-WATCH-DETROIT/unix/bin/find.exe HTTP/1.1" 200 31232 "-" "Mozilla/5.0 (compatible; AhrefsBot/7.0; +http://ahrefs.com/robot/)" "metrocrimedaily.com"
51.222.253.3 - - [02/Feb/2023:21:04:36 -0800] "GET /CRIME-WATCH-AMERICA/CRIME-WATCH-DETROIT/unix/bin/flex.exe HTTP/1.1" 200 80896 "-" "Mozilla/5.0 (compatible; AhrefsBot/7.0; +http://ahrefs.com/robot/)" "metrocrimedaily.com"
51.222.253.7 - - [02/Feb/2023:21:05:41 -0800] "GET /CRIME-WATCH-AMERICA/CRIME-WATCH-DETROIT/unix/bin/fold.exe HTTP/1.1" 200 14336 "-" "Mozilla/5.0 (compatible; AhrefsBot/7.0; +http://ahrefs.com/robot/)" "metrocrimedaily.com"
51.222.253.1 - - [02/Feb/2023:21:06:47 -0800] "GET /CRIME-WATCH-AMERICA/CRIME-WATCH-DETROIT/unix/bin/gawk.exe HTTP/1.1" 200 98816 "-" "Mozilla/5.0 (compatible; AhrefsBot/7.0; +http://ahrefs.com/robot/)" "metrocrimedaily.com"
51.222.253.6 - - [02/Feb/2023:21:07:51 -0800] "GET /CRIME-WATCH-AMERICA/CRIME-WATCH-DETROIT/unix/bin/gcc.exe HTTP/1.1" 200 45056 "-" "Mozilla/5.0 (compatible; AhrefsBot/7.0; +http://ahrefs.com/robot/)" "metrocrimedaily.com"
54.36.149.82 - - [02/Feb/2023:21:08:33 -0800] "GET /robots.txt HTTP/1.1" 404 88 "-" "Mozilla/5.0 (compatible; AhrefsBot/7.0; +http://ahrefs.com/robot/)" "metrocrimedaily.com"
51.222.253.18 - - [02/Feb/2023:21:08:33 -0800] "GET / HTTP/1.1" 200 18403 "-" "Mozilla/5.0 (compatible; AhrefsBot/7.0; +http://ahrefs.com/robot/)" "metrocrimedaily.com"
66.249.70.132 - - [02/Feb/2023:21:08:48 -0800] "GET /robots.txt HTTP/1.1" 404 88 "-" "Mozilla/5.0 (compatible; Googlebot/2.1; +http://www.google.com/bot.html)" "metrocrimedaily.com"
51.222.253.19 - - [02/Feb/2023:21:09:07 -0800] "GET /CRIME-WATCH-AMERICA/CRIME-WATCH-DETROIT/unix/bin/ci.exe HTTP/1.1" 200 60928 "-" "Mozilla/5.0 (compatible; AhrefsBot/7.0; +http://ahrefs.com/robot/)" "metrocrimedaily.com"
51.222.253.12 - - [02/Feb/2023:21:09:53 -0800] "GET /CRIME-WATCH-AMERICA/CRIME-WATCH-DETROIT/unix/bin/dd.exe HTTP/1.1" 200 16896 "-" "Mozilla/5.0 (compatible; AhrefsBot/7.0; +http://ahrefs.com/robot/)" "metrocrimedaily.com"
51.222.253.16 - - [02/Feb/2023:21:10:29 -0800] "GET /CRIME-WATCH-AMERICA/CRIME-WATCH-DETROIT/unix/bin/du.exe HTTP/1.1" 200 14848 "-" "Mozilla/5.0 (compatible; AhrefsBot/7.0; +http://ahrefs.com/robot/)" "metrocrimedaily.com"
69.63.184.2 - - [02/Feb/2023:21:11:08 -0800] "GET /instagram-atlanta/02-02-2023-2239083-A.jpg HTTP/1.1" 200 111334 "-" "facebookexternalhit/1.1 (+http://www.facebook.com/externalhit_uatext.php)" "www.metrocrimedaily.com"
51.222.253.13 - - [02/Feb/2023:21:11:09 -0800] "GET /CRIME-WATCH-AMERICA/CRIME-WATCH-DETROIT/unix/bin/exrc HTTP/1.1" 200 21 "-" "Mozilla/5.0 (compatible; AhrefsBot/7.0; +http://ahrefs.com/robot/)" "metrocrimedaily.com"
69.63.184.116 - - [02/Feb/2023:21:11:38 -0800] "GET /instagram-atlanta/02-02-2023-2239084-A.jpg HTTP/1.1" 200 198980 "-" "facebookexternalhit/1.1 (+http://www.facebook.com/externalhit_uatext.php)" "www.metrocrimedaily.com"
51.222.253.18 - - [02/Feb/2023:21:11:45 -0800] "GET /CRIME-WATCH-AMERICA/CRIME-WATCH-DETROIT/unix/bin/id.exe HTTP/1.1" 200 11776 "-" "Mozilla/5.0 (compatible; AhrefsBot/7.0; +http://ahrefs.com/robot/)" "metrocrimedaily.com"
69.63.184.1 - - [02/Feb/2023:21:12:06 -0800] "GET /instagram-atlanta/02-02-2023-2239085-A.jpg HTTP/1.1" 200 110692 "-" "facebookexternalhit/1.1 (+http://www.facebook.com/externalhit_uatext.php)" "www.metrocrimedaily.com"
51.222.253.5 - - [02/Feb/2023:21:12:28 -0800] "GET /CRIME-WATCH-AMERICA/CRIME-WATCH-DETROIT/unix/bin/ls.exe HTTP/1.1" 200 23552 "-" "Mozilla/5.0 (compatible; AhrefsBot/7.0; +http://ahrefs.com/robot/)" "metrocrimedaily.com"
69.63.184.120 - - [02/Feb/2023:21:12:35 -0800] "GET /instagram-atlanta/02-02-2023-2239086-A.jpg HTTP/1.1" 200 138264 "-" "facebookexternalhit/1.1 (+http://www.facebook.com/externalhit_uatext.php)" "www.metrocrimedaily.com"
51.222.253.4 - - [02/Feb/2023:21:13:06 -0800] "GET /CRIME-WATCH-AMERICA/CRIME-WATCH-DETROIT/unix/bin/m4.exe HTTP/1.1" 200 46080 "-" "Mozilla/5.0 (compatible; AhrefsBot/7.0; +http://ahrefs.com/robot/)" "metrocrimedaily.com"
173.252.107.24 - - [02/Feb/2023:21:13:31 -0800] "GET /instagram-stlouis/02-02-2023-2226334-A.jpg HTTP/1.1" 200 236352 "-" "facebookexternalhit/1.1 (+http://www.facebook.com/externalhit_uatext.php)" "www.metrocrimedaily.com"
51.222.253.12 - - [02/Feb/2023:21:13:40 -0800] "GET /CRIME-WATCH-AMERICA/CRIME-WATCH-DETROIT/unix/bin/mv.exe HTTP/1.1" 200 16384 "-" "Mozilla/5.0 (compatible; AhrefsBot/7.0; +http://ahrefs.com/robot/)" "metrocrimedaily.com"
173.252.107.16 - - [02/Feb/2023:21:13:59 -0800] "GET /instagram-stlouis/02-02-2023-2226335-A.jpg HTTP/1.1" 200 218744 "-" "facebookexternalhit/1.1 (+http://www.facebook.com/externalhit_uatext.php)" "www.metrocrimedaily.com"
51.222.253.16 - - [02/Feb/2023:21:14:25 -0800] "GET /CRIME-WATCH-AMERICA/CRIME-WATCH-DETROIT/unix/bin/nl.exe HTTP/1.1" 200 41984 "-" "Mozilla/5.0 (compatible; AhrefsBot/7.0; +http://ahrefs.com/robot/)" "metrocrimedaily.com"
173.252.107.10 - - [02/Feb/2023:21:14:27 -0800] "GET /instagram-stlouis/02-02-2023-2226336-A.jpg HTTP/1.1" 200 278463 "-" "facebookexternalhit/1.1 (+http://www.facebook.com/externalhit_uatext.php)" "www.metrocrimedaily.com"
173.252.107.14 - - [02/Feb/2023:21:14:54 -0800] "GET /instagram-stlouis/02-02-2023-2226337-A.jpg HTTP/1.1" 200 108977 "-" "facebookexternalhit/1.1 (+http://www.facebook.com/externalhit_uatext.php)" "www.metrocrimedaily.com"
51.222.253.10 - - [02/Feb/2023:21:15:05 -0800] "GET /CRIME-WATCH-AMERICA/CRIME-WATCH-DETROIT/unix/bin/od.exe HTTP/1.1" 200 26624 "-" "Mozilla/5.0 (compatible; AhrefsBot/7.0; +http://ahrefs.com/robot/)" "metrocrimedaily.com"
173.252.107.1 - - [02/Feb/2023:21:15:23 -0800] "GET /instagram-stlouis/02-02-2023-2226338-A.jpg HTTP/1.1" 200 524975 "-" "facebookexternalhit/1.1 (+http://www.facebook.com/externalhit_uatext.php)" "www.metrocrimedaily.com"
51.222.253.16 - - [02/Feb/2023:21:15:42 -0800] "GET /CRIME-WATCH-AMERICA/CRIME-WATCH-DETROIT/unix/bin/ps.exe HTTP/1.1" 200 17920 "-" "Mozilla/5.0 (compatible; AhrefsBot/7.0; +http://ahrefs.com/robot/)" "metrocrimedaily.com"
173.252.107.21 - - [02/Feb/2023:21:15:50 -0800] "GET /instagram-stlouis/02-02-2023-2226339-A.jpg HTTP/1.1" 200 166733 "-" "facebookexternalhit/1.1 (+http://www.facebook.com/externalhit_uatext.php)" "www.metrocrimedaily.com"
173.252.107.19 - - [02/Feb/2023:21:16:17 -0800] "GET /instagram-stlouis/02-02-2023-22263310-A.jpg HTTP/1.1" 200 91311 "-" "facebookexternalhit/1.1 (+http://www.facebook.com/externalhit_uatext.php)" "www.metrocrimedaily.com"
173.252.107.6 - - [02/Feb/2023:21:16:45 -0800] "GET /instagram-stlouis/02-02-2023-22263311-A.jpg HTTP/1.1" 200 181694 "-" "facebookexternalhit/1.1 (+http://www.facebook.com/externalhit_uatext.php)" "www.metrocrimedaily.com"
51.222.253.9 - - [02/Feb/2023:21:16:49 -0800] "GET /CRIME-WATCH-AMERICA/CRIME-WATCH-DETROIT/unix/bin/vi.exe HTTP/1.1" 200 127488 "-" "Mozilla/5.0 (compatible; AhrefsBot/7.0; +http://ahrefs.com/robot/)" "metrocrimedaily.com"
173.252.107.7 - - [02/Feb/2023:21:17:11 -0800] "GET /instagram-stlouis/02-02-2023-22263312-A.jpg HTTP/1.1" 200 109863 "-" "facebookexternalhit/1.1 (+http://www.facebook.com/externalhit_uatext.php)" "www.metrocrimedaily.com"
51.222.253.11 - - [02/Feb/2023:21:17:23 -0800] "GET /CRIME-WATCH-AMERICA/CRIME-WATCH-DETROIT/unix/bin/wc.exe HTTP/1.1" 200 29696 "-" "Mozilla/5.0 (compatible; AhrefsBot/7.0; +http://ahrefs.com/robot/)" "metrocrimedaily.com"
173.252.107.116 - - [02/Feb/2023:21:17:40 -0800] "GET /instagram-stlouis/02-02-2023-22263313-A.jpg HTTP/1.1" 200 171041 "-" "facebookexternalhit/1.1 (+http://www.facebook.com/externalhit_uatext.php)" "www.metrocrimedaily.com"
66.249.64.80 - - [02/Feb/2023:21:17:49 -0800] "GET /wsvn.com.= HTTP/1.1" 404 88 "-" "Mozilla/5.0 (Linux; Android 6.0.1; Nexus 5X Build/MMB29P) AppleWebKit/537.36 (KHTML, like Gecko) Chrome/109.0.5414.101 Mobile Safari/537.36 (compatible; Googlebot/2.1; +http://www.google.com/bot.html)" "www.metrocrimedaily.com"
173.252.107.19 - - [02/Feb/2023:21:18:09 -0800] "GET /instagram-stlouis/02-02-2023-22263314-A.jpg HTTP/1.1" 200 153757 "-" "facebookexternalhit/1.1 (+http://www.facebook.com/externalhit_uatext.php)" "www.metrocrimedaily.com"
51.222.253.17 - - [02/Feb/2023:21:18:13 -0800] "GET /CRIME-WATCH-AMERICA/CRIME-WATCH-DETROIT/unix/bin/?C=N;O=A HTTP/1.1" 200 2141 "-" "Mozilla/5.0 (compatible; AhrefsBot/7.0; +http://ahrefs.com/robot/)" "metrocrimedaily.com"
173.252.107.116 - - [02/Feb/2023:21:18:37 -0800] "GET /instagram-stlouis/02-02-2023-22263315-A.jpg HTTP/1.1" 200 144055 "-" "facebookexternalhit/1.1 (+http://www.facebook.com/externalhit_uatext.php)" "www.metrocrimedaily.com"
173.252.107.118 - - [02/Feb/2023:21:19:04 -0800] "GET /instagram-stlouis/02-02-2023-22263316-A.jpg HTTP/1.1" 200 195741 "-" "facebookexternalhit/1.1 (+http://www.facebook.com/externalhit_uatext.php)" "www.metrocrimedaily.com"
51.222.253.10 - - [02/Feb/2023:21:19:10 -0800] "GET /CRIME-WATCH-AMERICA/CRIME-WATCH-DETROIT/unix/bin/gmake.exe HTTP/1.1" 200 207360 "-" "Mozilla/5.0 (compatible; AhrefsBot/7.0; +http://ahrefs.com/robot/)" "metrocrimedaily.com"
173.252.107.19 - - [02/Feb/2023:21:19:32 -0800] "GET /instagram-stlouis/02-02-2023-22263317-A.jpg HTTP/1.1" 200 324236 "-" "facebookexternalhit/1.1 (+http://www.facebook.com/externalhit_uatext.php)" "www.metrocrimedaily.com"
51.222.253.16 - - [02/Feb/2023:21:20:22 -0800] "GET /CRIME-WATCH-AMERICA/CRIME-WATCH-DETROIT/unix/bin/grep.exe HTTP/1.1" 200 17408 "-" "Mozilla/5.0 (compatible; AhrefsBot/7.0; +http://ahrefs.com/robot/)" "metrocrimedaily.com"
40.77.167.212 - - [02/Feb/2023:21:21:27 -0800] "GET /index-miami.html HTTP/1.1" 200 11019 "-" "Mozilla/5.0 AppleWebKit/537.36 (KHTML, like Gecko; compatible; bingbot/2.0; +http://www.bing.com/bingbot.htm) Chrome/103.0.5060.134 Safari/537.36" "metrocrimedaily.com"
51.222.253.15 - - [02/Feb/2023:21:21:44 -0800] "GET /CRIME-WATCH-AMERICA/CRIME-WATCH-DETROIT/unix/bin/gunzip.exe HTTP/1.1" 200 53760 "-" "Mozilla/5.0 (compatible; AhrefsBot/7.0; +http://ahrefs.com/robot/)" "metrocrimedaily.com"
51.222.253.20 - - [02/Feb/2023:21:23:10 -0800] "GET /CRIME-WATCH-AMERICA/CRIME-WATCH-DETROIT/unix/bin/gzcat.exe HTTP/1.1" 200 53760 "-" "Mozilla/5.0 (compatible; AhrefsBot/7.0; +http://ahrefs.com/robot/)" "metrocrimedaily.com"
40.77.167.212 - - [02/Feb/2023:21:23:49 -0800] "GET /instagram-atlanta/12-19-2022-1607074-Metro-Atlanta-funeral-director-killed-in-crash--r.txt HTTP/1.1" 404 88 "-" "Mozilla/5.0 AppleWebKit/537.36 (KHTML, like Gecko; compatible; bingbot/2.0; +http://www.bing.com/bingbot.htm) Chrome/103.0.5060.134 Safari/537.36" "www.metrocrimedaily.com"
51.222.253.8 - - [02/Feb/2023:21:24:25 -0800] "GET /CRIME-WATCH-AMERICA/CRIME-WATCH-DETROIT/unix/bin/gzip.exe HTTP/1.1" 200 53760 "-" "Mozilla/5.0 (compatible; AhrefsBot/7.0; +http://ahrefs.com/robot/)" "metrocrimedaily.com"
51.222.253.11 - - [02/Feb/2023:21:25:28 -0800] "GET /CRIME-WATCH-AMERICA/CRIME-WATCH-DETROIT/unix/bin/head.exe HTTP/1.1" 200 14848 "-" "Mozilla/5.0 (compatible; AhrefsBot/7.0; +http://ahrefs.com/robot/)" "metrocrimedaily.com"
51.222.253.3 - - [02/Feb/2023:21:26:39 -0800] "GET /CRIME-WATCH-AMERICA/CRIME-WATCH-DETROIT/unix/bin/ident.exe HTTP/1.1" 200 10240 "-" "Mozilla/5.0 (compatible; AhrefsBot/7.0; +http://ahrefs.com/robot/)" "metrocrimedaily.com"
173.252.107.12 - - [02/Feb/2023:21:27:46 -0800] "GET /instagram-memphis/02-02-2023-2327261-A.jpg HTTP/1.1" 200 105107 "-" "facebookexternalhit/1.1 (+http://www.facebook.com/externalhit_uatext.php)" "www.metrocrimedaily.com"
51.222.253.9 - - [02/Feb/2023:21:27:50 -0800] "GET /CRIME-WATCH-AMERICA/CRIME-WATCH-DETROIT/unix/bin/indent.exe HTTP/1.1" 200 52736 "-" "Mozilla/5.0 (compatible; AhrefsBot/7.0; +http://ahrefs.com/robot/)" "metrocrimedaily.com"
51.222.253.11 - - [02/Feb/2023:21:29:38 -0800] "GET /CRIME-WATCH-AMERICA/CRIME-WATCH-DETROIT/unix/bin/join.exe HTTP/1.1" 200 17408 "-" "Mozilla/5.0 (compatible; AhrefsBot/7.0; +http://ahrefs.com/robot/)" "metrocrimedaily.com"
51.222.253.13 - - [02/Feb/2023:21:30:54 -0800] "GET /CRIME-WATCH-AMERICA/CRIME-WATCH-DETROIT/unix/bin/kill.exe HTTP/1.1" 200 27136 "-" "Mozilla/5.0 (compatible; AhrefsBot/7.0; +http://ahrefs.com/robot/)" "metrocrimedaily.com"
51.222.253.8 - - [02/Feb/2023:21:32:31 -0800] "GET /CRIME-WATCH-AMERICA/CRIME-WATCH-DETROIT/unix/bin/lemmy.cnt HTTP/1.1" 200 849 "-" "Mozilla/5.0 (compatible; AhrefsBot/7.0; +http://ahrefs.com/robot/)" "metrocrimedaily.com"
51.222.253.12 - - [02/Feb/2023:21:33:06 -0800] "GET /CRIME-WATCH-AMERICA/CRIME-WATCH-DETROIT/unix/bin/lemmy.exe HTTP/1.1" 200 413184 "-" "Mozilla/5.0 (compatible; AhrefsBot/7.0; +http://ahrefs.com/robot/)" "metrocrimedaily.com"
51.222.253.9 - - [02/Feb/2023:21:33:36 -0800] "GET /CRIME-WATCH-AMERICA/CRIME-WATCH-DETROIT/unix/bin/lemmy.gid HTTP/1.1" 200 10837 "-" "Mozilla/5.0 (compatible; AhrefsBot/7.0; +http://ahrefs.com/robot/)" "metrocrimedaily.com"
51.222.253.10 - - [02/Feb/2023:21:34:01 -0800] "GET /CRIME-WATCH-AMERICA/CRIME-WATCH-DETROIT/unix/bin/lemmy.hlp HTTP/1.1" 200 697730 "-" "Mozilla/5.0 (compatible; AhrefsBot/7.0; +http://ahrefs.com/robot/)" "metrocrimedaily.com"
51.222.253.6 - - [02/Feb/2023:21:34:36 -0800] "GET /CRIME-WATCH-AMERICA/CRIME-WATCH-DETROIT/unix/bin/lemreg.exe HTTP/1.1" 200 141312 "-" "Mozilla/5.0 (compatible; AhrefsBot/7.0; +http://ahrefs.com/robot/)" "metrocrimedaily.com"
51.222.253.7 - - [02/Feb/2023:21:35:07 -0800] "GET /CRIME-WATCH-AMERICA/CRIME-WATCH-DETROIT/unix/bin/less.exe HTTP/1.1" 200 48640 "-" "Mozilla/5.0 (compatible; AhrefsBot/7.0; +http://ahrefs.com/robot/)" "metrocrimedaily.com"
77.88.5.222 - - [02/Feb/2023:21:35:18 -0800] "GET /robots.txt HTTP/1.1" 404 73 "-" "Mozilla/5.0 (compatible; YandexBot/3.0; +http://yandex.com/bots)" "metrocrimedaily.com"
77.88.5.222 - - [02/Feb/2023:21:35:22 -0800] "GET /images/?C=S;O=A HTTP/1.1" 200 952 "-" "Mozilla/5.0 (compatible; YandexBot/3.0; +http://yandex.com/bots)" "metrocrimedaily.com"
51.222.253.17 - - [02/Feb/2023:21:35:51 -0800] "GET /CRIME-WATCH-AMERICA/CRIME-WATCH-DETROIT/unix/bin/make.exe HTTP/1.1" 200 207360 "-" "Mozilla/5.0 (compatible; AhrefsBot/7.0; +http://ahrefs.com/robot/)" "metrocrimedaily.com"
51.222.253.20 - - [02/Feb/2023:21:36:39 -0800] "GET /CRIME-WATCH-AMERICA/CRIME-WATCH-DETROIT/unix/bin/man.exe HTTP/1.1" 200 23040 "-" "Mozilla/5.0 (compatible; AhrefsBot/7.0; +http://ahrefs.com/robot/)" "metrocrimedaily.com"
51.222.253.15 - - [02/Feb/2023:21:37:12 -0800] "GET /CRIME-WATCH-AMERICA/CRIME-WATCH-DETROIT/unix/bin/merge.exe HTTP/1.1" 200 36864 "-" "Mozilla/5.0 (compatible; AhrefsBot/7.0; +http://ahrefs.com/robot/)" "metrocrimedaily.com"
51.222.253.6 - - [02/Feb/2023:21:38:01 -0800] "GET /CRIME-WATCH-AMERICA/CRIME-WATCH-DETROIT/unix/bin/mkdir.exe HTTP/1.1" 200 13312 "-" "Mozilla/5.0 (compatible; AhrefsBot/7.0; +http://ahrefs.com/robot/)" "metrocrimedaily.com"
51.222.253.13 - - [02/Feb/2023:21:38:34 -0800] "GET /CRIME-WATCH-AMERICA/CRIME-WATCH-DETROIT/unix/bin/mtail.exe HTTP/1.1" 200 589824 "-" "Mozilla/5.0 (compatible; AhrefsBot/7.0; +http://ahrefs.com/robot/)" "metrocrimedaily.com"
51.222.253.15 - - [02/Feb/2023:21:39:22 -0800] "GET /CRIME-WATCH-AMERICA/CRIME-WATCH-DETROIT/unix/bin/nm.exe HTTP/1.1" 200 50176 "-" "Mozilla/5.0 (compatible; AhrefsBot/7.0; +http://ahrefs.com/robot/)" "metrocrimedaily.com"
51.222.253.8 - - [02/Feb/2023:21:39:52 -0800] "GET /CRIME-WATCH-AMERICA/CRIME-WATCH-DETROIT/unix/bin/ntemacs.exe HTTP/1.1" 200 634880 "-" "Mozilla/5.0 (compatible; AhrefsBot/7.0; +http://ahrefs.com/robot/)" "metrocrimedaily.com"
51.222.253.6 - - [02/Feb/2023:21:40:31 -0800] "GET /CRIME-WATCH-AMERICA/CRIME-WATCH-DETROIT/unix/bin/nwin2.dll HTTP/1.1" 200 477680 "-" "Mozilla/5.0 (compatible; AhrefsBot/7.0; +http://ahrefs.com/robot/)" "metrocrimedaily.com"
51.222.253.10 - - [02/Feb/2023:21:40:57 -0800] "GET /CRIME-WATCH-AMERICA/CRIME-WATCH-DETROIT/unix/bin/objdump.exe HTTP/1.1" 200 100864 "-" "Mozilla/5.0 (compatible; AhrefsBot/7.0; +http://ahrefs.com/robot/)" "metrocrimedaily.com"
51.222.253.11 - - [02/Feb/2023:21:41:58 -0800] "GET /CRIME-WATCH-AMERICA/CRIME-WATCH-DETROIT/unix/bin/paste.exe HTTP/1.1" 200 14848 "-" "Mozilla/5.0 (compatible; AhrefsBot/7.0; +http://ahrefs.com/robot/)" "metrocrimedaily.com"
51.222.253.17 - - [02/Feb/2023:21:42:39 -0800] "GET /CRIME-WATCH-AMERICA/CRIME-WATCH-DETROIT/unix/bin/patch.exe HTTP/1.1" 200 45056 "-" "Mozilla/5.0 (compatible; AhrefsBot/7.0; +http://ahrefs.com/robot/)" "metrocrimedaily.com"
51.222.253.9 - - [02/Feb/2023:21:43:13 -0800] "GET /CRIME-WATCH-AMERICA/CRIME-WATCH-DETROIT/unix/bin/pathchk.exe HTTP/1.1" 200 11264 "-" "Mozilla/5.0 (compatible; AhrefsBot/7.0; +http://ahrefs.com/robot/)" "metrocrimedaily.com"
51.222.253.17 - - [02/Feb/2023:21:43:48 -0800] "GET /CRIME-WATCH-AMERICA/CRIME-WATCH-DETROIT/unix/bin/perl.exe HTTP/1.1" 200 320512 "-" "Mozilla/5.0 (compatible; AhrefsBot/7.0; +http://ahrefs.com/robot/)" "metrocrimedaily.com"
173.252.107.119 - - [02/Feb/2023:21:43:58 -0800] "GET /instagram-houston/02-02-2023-2343371-A.jpg HTTP/1.1" 200 183259 "-" "facebookexternalhit/1.1 (+http://www.facebook.com/externalhit_uatext.php)" "www.metrocrimedaily.com"
51.222.253.18 - - [02/Feb/2023:21:44:16 -0800] "GET /CRIME-WATCH-AMERICA/CRIME-WATCH-DETROIT/unix/bin/readme.txt HTTP/1.1" 200 826 "-" "Mozilla/5.0 (compatible; AhrefsBot/7.0; +http://ahrefs.com/robot/)" "metrocrimedaily.com"
51.222.253.15 - - [02/Feb/2023:21:45:01 -0800] "GET /CRIME-WATCH-AMERICA/CRIME-WATCH-DETROIT/unix/bin/rm.exe HTTP/1.1" 200 32112 "-" "Mozilla/5.0 (compatible; AhrefsBot/7.0; +http://ahrefs.com/robot/)" "metrocrimedaily.com"
51.222.253.10 - - [02/Feb/2023:21:45:35 -0800] "GET /CRIME-WATCH-AMERICA/CRIME-WATCH-DETROIT/unix/bin/sysinfo.exe HTTP/1.1" 200 18432 "-" "Mozilla/5.0 (compatible; AhrefsBot/7.0; +http://ahrefs.com/robot/)" "metrocrimedaily.com"
51.222.253.7 - - [02/Feb/2023:21:46:13 -0800] "GET /CRIME-WATCH-AMERICA/CRIME-WATCH-DETROIT/unix/bin/tar.exe HTTP/1.1" 200 67584 "-" "Mozilla/5.0 (compatible; AhrefsBot/7.0; +http://ahrefs.com/robot/)" "metrocrimedaily.com"
51.222.253.6 - - [02/Feb/2023:21:46:56 -0800] "GET /CRIME-WATCH-AMERICA/CRIME-WATCH-DETROIT/unix/bin/unwise.exe HTTP/1.1" 200 34864 "-" "Mozilla/5.0 (compatible; AhrefsBot/7.0; +http://ahrefs.com/robot/)" "metrocrimedaily.com"
51.222.253.1 - - [02/Feb/2023:21:47:39 -0800] "GET /CRIME-WATCH-AMERICA/CRIME-WATCH-DETROIT/unix/bin/wget.exe HTTP/1.1" 200 4923280 "-" "Mozilla/5.0 (compatible; AhrefsBot/7.0; +http://ahrefs.com/robot/)" "metrocrimedaily.com"
51.222.253.17 - - [02/Feb/2023:21:48:24 -0800] "GET /CRIME-WATCH-AMERICA/CRIME-WATCH-DETROIT/unix/bin/winsu.exe HTTP/1.1" 200 21504 "-" "Mozilla/5.0 (compatible; AhrefsBot/7.0; +http://ahrefs.com/robot/)" "metrocrimedaily.com"
51.222.253.4 - - [02/Feb/2023:21:48:54 -0800] "GET /CRIME-WATCH-AMERICA/CRIME-WATCH-DETROIT/unix/bin/wput.exe HTTP/1.1" 200 118784 "-" "Mozilla/5.0 (compatible; AhrefsBot/7.0; +http://ahrefs.com/robot/)" "metrocrimedaily.com"
51.222.253.18 - - [02/Feb/2023:21:49:37 -0800] "GET /CRIME-WATCH-AMERICA/CRIME-WATCH-DETROIT/unix/bin/xvi.exe HTTP/1.1" 200 413184 "-" "Mozilla/5.0 (compatible; AhrefsBot/7.0; +http://ahrefs.com/robot/)" "metrocrimedaily.com"
51.222.253.14 - - [02/Feb/2023:21:50:10 -0800] "GET /CRIME-WATCH-AMERICA/CRIME-WATCH-STLOUIS/unix/bin/basename.exe HTTP/1.1" 200 8704 "-" "Mozilla/5.0 (compatible; AhrefsBot/7.0; +http://ahrefs.com/robot/)" "metrocrimedaily.com"
51.222.253.4 - - [02/Feb/2023:21:50:49 -0800] "GET /CRIME-WATCH-AMERICA/CRIME-WATCH-STLOUIS/unix/bin/compress.exe HTTP/1.1" 200 15872 "-" "Mozilla/5.0 (compatible; AhrefsBot/7.0; +http://ahrefs.com/robot/)" "metrocrimedaily.com"
51.222.253.9 - - [02/Feb/2023:21:51:22 -0800] "GET /CRIME-WATCH-AMERICA/CRIME-WATCH-STLOUIS/unix/bin/dirname.exe HTTP/1.1" 200 8704 "-" "Mozilla/5.0 (compatible; AhrefsBot/7.0; +http://ahrefs.com/robot/)" "metrocrimedaily.com"
51.222.253.9 - - [02/Feb/2023:21:52:04 -0800] "GET /CRIME-WATCH-AMERICA/CRIME-WATCH-STLOUIS/unix/bin/jq-win64.exe HTTP/1.1" 200 3525307 "-" "Mozilla/5.0 (compatible; AhrefsBot/7.0; +http://ahrefs.com/robot/)" "metrocrimedaily.com"
51.222.253.15 - - [02/Feb/2023:21:52:41 -0800] "GET /CRIME-WATCH-AMERICA/CRIME-WATCH-STLOUIS/unix/bin/lem11_32.exe HTTP/1.1" 200 504101 "-" "Mozilla/5.0 (compatible; AhrefsBot/7.0; +http://ahrefs.com/robot/)" "metrocrimedaily.com"
51.222.253.13 - - [02/Feb/2023:21:53:23 -0800] "GET /CRIME-WATCH-AMERICA/CRIME-WATCH-STLOUIS/unix/bin/mkmodules.exe HTTP/1.1" 200 19456 "-" "Mozilla/5.0 (compatible; AhrefsBot/7.0; +http://ahrefs.com/robot/)" "metrocrimedaily.com"
69.63.184.3 - - [02/Feb/2023:21:53:36 -0800] "GET /instagram-atlanta/02-02-2023-2353061-A.jpg HTTP/1.1" 200 110700 "-" "facebookexternalhit/1.1 (+http://www.facebook.com/externalhit_uatext.php)" "www.metrocrimedaily.com"
51.222.253.5 - - [02/Feb/2023:21:54:00 -0800] "GET /CRIME-WATCH-AMERICA/CRIME-WATCH-STLOUIS/unix/bin/ntemacs.exe HTTP/1.1" 200 634880 "-" "Mozilla/5.0 (compatible; AhrefsBot/7.0; +http://ahrefs.com/robot/)" "metrocrimedaily.com"
173.252.107.21 - - [02/Feb/2023:21:54:04 -0800] "GET /instagram-memphis/02-02-2023-2353411-A.jpg HTTP/1.1" 200 254848 "-" "facebookexternalhit/1.1 (+http://www.facebook.com/externalhit_uatext.php)" "www.metrocrimedaily.com"
69.63.184.4 - - [02/Feb/2023:21:54:04 -0800] "GET /instagram-atlanta/02-02-2023-2353062-A.jpg HTTP/1.1" 200 100729 "-" "facebookexternalhit/1.1 (+http://www.facebook.com/externalhit_uatext.php)" "www.metrocrimedaily.com"
51.222.253.8 - - [02/Feb/2023:21:54:43 -0800] "GET /CRIME-WATCH-AMERICA/CRIME-WATCH-STLOUIS/unix/bin/nutgmake.exe HTTP/1.1" 200 398612 "-" "Mozilla/5.0 (compatible; AhrefsBot/7.0; +http://ahrefs.com/robot/)" "metrocrimedaily.com"
51.222.253.14 - - [02/Feb/2023:21:55:22 -0800] "GET /CRIME-WATCH-AMERICA/CRIME-WATCH-STLOUIS/unix/bin/objdump.exe HTTP/1.1" 200 100864 "-" "Mozilla/5.0 (compatible; AhrefsBot/7.0; +http://ahrefs.com/robot/)" "metrocrimedaily.com"
51.222.253.9 - - [02/Feb/2023:21:55:51 -0800] "GET /CRIME-WATCH-AMERICA/CRIME-WATCH-STLOUIS/unix/bin/readme_winsu.txt HTTP/1.1" 200 485 "-" "Mozilla/5.0 (compatible; AhrefsBot/7.0; +http://ahrefs.com/robot/)" "metrocrimedaily.com"
51.222.253.20 - - [02/Feb/2023:21:56:21 -0800] "GET /CRIME-WATCH-AMERICA/CRIME-WATCH-STLOUIS/unix/bin/register.exe HTTP/1.1" 200 125399 "-" "Mozilla/5.0 (compatible; AhrefsBot/7.0; +http://ahrefs.com/robot/)" "metrocrimedaily.com"
51.222.253.10 - - [02/Feb/2023:21:56:59 -0800] "GET /CRIME-WATCH-AMERICA/CRIME-WATCH-STLOUIS/unix/bin/register.hlp HTTP/1.1" 200 16454 "-" "Mozilla/5.0 (compatible; AhrefsBot/7.0; +http://ahrefs.com/robot/)" "metrocrimedaily.com"
51.222.253.9 - - [02/Feb/2023:21:57:35 -0800] "GET /CRIME-WATCH-AMERICA/CRIME-WATCH-STLOUIS/unix/bin/sysinfo.exe HTTP/1.1" 200 18432 "-" "Mozilla/5.0 (compatible; AhrefsBot/7.0; +http://ahrefs.com/robot/)" "metrocrimedaily.com"
51.222.253.10 - - [02/Feb/2023:21:58:10 -0800] "GET /CRIME-WATCH-AMERICA/CRIME-WATCH-STLOUIS/unix/bin/win32gnu.dll HTTP/1.1" 200 104448 "-" "Mozilla/5.0 (compatible; AhrefsBot/7.0; +http://ahrefs.com/robot/)" "metrocrimedaily.com"
51.222.253.17 - - [02/Feb/2023:21:58:37 -0800] "GET /CRIME-WATCH-AMERICA/CRIME-WATCH-STLOUIS/unix/bin/youtube-dl-01-24-2020.exe HTTP/1.1" 200 8031644 "-" "Mozilla/5.0 (compatible; AhrefsBot/7.0; +http://ahrefs.com/robot/)" "metrocrimedaily.com"
195.191.219.132 - - [02/Feb/2023:21:59:13 -0800] "GET /robots.txt HTTP/1.1" 404 73 "-" "Mozilla/5.0 (compatible; MJ12bot/v1.4.8; http://mj12bot.com/)" "metrocrimedaily.com"
195.191.219.132 - - [02/Feb/2023:21:59:14 -0800] "GET / HTTP/1.1" 200 18403 "-" "Mozilla/5.0 (compatible; MJ12bot/v1.4.8; http://mj12bot.com/)" "metrocrimedaily.com"
51.222.253.11 - - [02/Feb/2023:21:59:26 -0800] "GET /CRIME-WATCH-AMERICA/CRIME-WATCH-STLOUIS/unix/bin/youtube-dl.exe HTTP/1.1" 200 8031644 "-" "Mozilla/5.0 (compatible; AhrefsBot/7.0; +http://ahrefs.com/robot/)" "metrocrimedaily.com"
173.252.107.118 - - [02/Feb/2023:21:59:29 -0800] "GET /instagram-houston/02-02-2023-2343372-A.jpg HTTP/1.1" 200 157561 "-" "facebookexternalhit/1.1 (+http://www.facebook.com/externalhit_uatext.php)" "www.metrocrimedaily.com"
173.252.107.21 - - [02/Feb/2023:22:00:08 -0800] "GET /instagram-neworleans/02-02-2023-2359461-A.jpg HTTP/1.1" 200 375906 "-" "facebookexternalhit/1.1 (+http://www.facebook.com/externalhit_uatext.php)" "www.metrocrimedaily.com"
51.222.253.6 - - [02/Feb/2023:22:00:18 -0800] "GET /robots.txt HTTP/1.1" 404 88 "-" "Mozilla/5.0 (compatible; AhrefsBot/7.0; +http://ahrefs.com/robot/)" "www.metrocrimedaily.com"
51.222.253.13 - - [02/Feb/2023:22:00:19 -0800] "GET /CRIME-WATCH-AMERICA/CRIME-WATCH-STLOUIS/unix/bin/Reverse.exe HTTP/1.1" 200 10240 "-" "Mozilla/5.0 (compatible; AhrefsBot/7.0; +http://ahrefs.com/robot/)" "www.metrocrimedaily.com"
51.222.253.13 - - [02/Feb/2023:22:01:03 -0800] "GET /CRIME-WATCH-AMERICA/CRIME-WATCH-STLOUIS/unix/bin/basename.exe HTTP/1.1" 200 8704 "-" "Mozilla/5.0 (compatible; AhrefsBot/7.0; +http://ahrefs.com/robot/)" "www.metrocrimedaily.com"
51.222.253.19 - - [02/Feb/2023:22:01:48 -0800] "GET /CRIME-WATCH-AMERICA/CRIME-WATCH-STLOUIS/unix/bin/bison.exe HTTP/1.1" 200 67072 "-" "Mozilla/5.0 (compatible; AhrefsBot/7.0; +http://ahrefs.com/robot/)" "www.metrocrimedaily.com"
51.222.253.4 - - [02/Feb/2023:22:02:29 -0800] "GET /CRIME-WATCH-AMERICA/CRIME-WATCH-STLOUIS/unix/bin/chmod.exe HTTP/1.1" 200 14336 "-" "Mozilla/5.0 (compatible; AhrefsBot/7.0; +http://ahrefs.com/robot/)" "www.metrocrimedaily.com"
40.77.167.212 - - [02/Feb/2023:22:02:54 -0800] "GET /index-miami.html HTTP/1.1" 200 11019 "-" "Mozilla/5.0 AppleWebKit/537.36 (KHTML, like Gecko; compatible; bingbot/2.0; +http://www.bing.com/bingbot.htm) Chrome/103.0.5060.134 Safari/537.36" "metrocrimedaily.com"
51.222.253.14 - - [02/Feb/2023:22:03:02 -0800] "GET /CRIME-WATCH-AMERICA/CRIME-WATCH-STLOUIS/unix/bin/cksum.exe HTTP/1.1" 200 32768 "-" "Mozilla/5.0 (compatible; AhrefsBot/7.0; +http://ahrefs.com/robot/)" "www.metrocrimedaily.com"
51.222.253.8 - - [02/Feb/2023:22:03:43 -0800] "GET /CRIME-WATCH-AMERICA/CRIME-WATCH-STLOUIS/unix/bin/clear.bat HTTP/1.1" 200 21 "-" "Mozilla/5.0 (compatible; AhrefsBot/7.0; +http://ahrefs.com/robot/)" "www.metrocrimedaily.com"
51.222.253.5 - - [02/Feb/2023:22:04:20 -0800] "GET /CRIME-WATCH-AMERICA/CRIME-WATCH-STLOUIS/unix/bin/compress.exe HTTP/1.1" 200 15872 "-" "Mozilla/5.0 (compatible; AhrefsBot/7.0; +http://ahrefs.com/robot/)" "www.metrocrimedaily.com"
51.222.253.9 - - [02/Feb/2023:22:05:03 -0800] "GET /CRIME-WATCH-AMERICA/CRIME-WATCH-STLOUIS/unix/bin/csplit.exe HTTP/1.1" 200 44032 "-" "Mozilla/5.0 (compatible; AhrefsBot/7.0; +http://ahrefs.com/robot/)" "www.metrocrimedaily.com"
51.222.253.18 - - [02/Feb/2023:22:05:36 -0800] "GET /CRIME-WATCH-AMERICA/CRIME-WATCH-STLOUIS/unix/bin/date.exe HTTP/1.1" 200 14336 "-" "Mozilla/5.0 (compatible; AhrefsBot/7.0; +http://ahrefs.com/robot/)" "www.metrocrimedaily.com"
51.222.253.10 - - [02/Feb/2023:22:06:19 -0800] "GET /CRIME-WATCH-AMERICA/CRIME-WATCH-STLOUIS/unix/bin/diff3.exe HTTP/1.1" 200 19456 "-" "Mozilla/5.0 (compatible; AhrefsBot/7.0; +http://ahrefs.com/robot/)" "www.metrocrimedaily.com"
51.222.253.9 - - [02/Feb/2023:22:06:50 -0800] "GET /CRIME-WATCH-AMERICA/CRIME-WATCH-STLOUIS/unix/bin/dir.EXE.BAK HTTP/1.1" 200 23552 "-" "Mozilla/5.0 (compatible; AhrefsBot/7.0; +http://ahrefs.com/robot/)" "www.metrocrimedaily.com"
51.222.253.7 - - [02/Feb/2023:22:07:34 -0800] "GET /CRIME-WATCH-AMERICA/CRIME-WATCH-STLOUIS/unix/bin/dirname.exe HTTP/1.1" 200 8704 "-" "Mozilla/5.0 (compatible; AhrefsBot/7.0; +http://ahrefs.com/robot/)" "www.metrocrimedaily.com"
51.222.253.15 - - [02/Feb/2023:22:08:10 -0800] "GET /CRIME-WATCH-AMERICA/CRIME-WATCH-STLOUIS/unix/bin/egrep.exe HTTP/1.1" 200 17408 "-" "Mozilla/5.0 (compatible; AhrefsBot/7.0; +http://ahrefs.com/robot/)" "www.metrocrimedaily.com"
114.119.138.111 - - [02/Feb/2023:22:08:15 -0800] "GET /instagram-dallas/ig-CWUSA-dallas-stories-to-post-later.txt HTTP/1.1" 200 19809 "https://metrocrimedaily.com/instagram-dallas/?C=S%3BO%3DA" "Mozilla/5.0 (Linux; Android 7.0;) AppleWebKit/537.36 (KHTML, like Gecko) Mobile Safari/537.36 (compatible; PetalBot;+https://webmaster.petalsearch.com/site/petalbot)" "metrocrimedaily.com"
51.222.253.18 - - [02/Feb/2023:22:09:23 -0800] "GET /CRIME-WATCH-AMERICA/CRIME-WATCH-STLOUIS/unix/bin/elvis.exe HTTP/1.1" 200 127488 "-" "Mozilla/5.0 (compatible; AhrefsBot/7.0; +http://ahrefs.com/robot/)" "www.metrocrimedaily.com"
51.222.253.11 - - [02/Feb/2023:22:10:01 -0800] "GET /CRIME-WATCH-AMERICA/CRIME-WATCH-STLOUIS/unix/bin/expand.exe HTTP/1.1" 200 14336 "-" "Mozilla/5.0 (compatible; AhrefsBot/7.0; +http://ahrefs.com/robot/)" "www.metrocrimedaily.com"
51.222.253.15 - - [02/Feb/2023:22:10:43 -0800] "GET /CRIME-WATCH-AMERICA/CRIME-WATCH-STLOUIS/unix/bin/fgrep.exe HTTP/1.1" 200 18432 "-" "Mozilla/5.0 (compatible; AhrefsBot/7.0; +http://ahrefs.com/robot/)" "www.metrocrimedaily.com"
51.222.253.3 - - [02/Feb/2023:22:11:12 -0800] "GET /CRIME-WATCH-AMERICA/CRIME-WATCH-STLOUIS/unix/bin/gmake.exe HTTP/1.1" 200 207360 "-" "Mozilla/5.0 (compatible; AhrefsBot/7.0; +http://ahrefs.com/robot/)" "www.metrocrimedaily.com"
51.222.253.11 - - [02/Feb/2023:22:11:55 -0800] "GET /CRIME-WATCH-AMERICA/CRIME-WATCH-STLOUIS/unix/bin/grep.exe HTTP/1.1" 200 17408 "-" "Mozilla/5.0 (compatible; AhrefsBot/7.0; +http://ahrefs.com/robot/)" "www.metrocrimedaily.com"
51.222.253.6 - - [02/Feb/2023:22:12:28 -0800] "GET /CRIME-WATCH-AMERICA/CRIME-WATCH-STLOUIS/unix/bin/gunzip.exe HTTP/1.1" 200 53760 "-" "Mozilla/5.0 (compatible; AhrefsBot/7.0; +http://ahrefs.com/robot/)" "www.metrocrimedaily.com"
51.222.253.17 - - [02/Feb/2023:22:13:09 -0800] "GET /CRIME-WATCH-AMERICA/CRIME-WATCH-STLOUIS/unix/bin/gzcat.exe HTTP/1.1" 200 53760 "-" "Mozilla/5.0 (compatible; AhrefsBot/7.0; +http://ahrefs.com/robot/)" "www.metrocrimedaily.com"
51.222.253.4 - - [02/Feb/2023:22:13:41 -0800] "GET /CRIME-WATCH-AMERICA/CRIME-WATCH-STLOUIS/unix/bin/ident.exe HTTP/1.1" 200 10240 "-" "Mozilla/5.0 (compatible; AhrefsBot/7.0; +http://ahrefs.com/robot/)" "www.metrocrimedaily.com"
51.222.253.15 - - [02/Feb/2023:22:14:21 -0800] "GET /CRIME-WATCH-AMERICA/CRIME-WATCH-STLOUIS/unix/bin/indent.exe HTTP/1.1" 200 52736 "-" "Mozilla/5.0 (compatible; AhrefsBot/7.0; +http://ahrefs.com/robot/)" "www.metrocrimedaily.com"
51.222.253.11 - - [02/Feb/2023:22:15:07 -0800] "GET /CRIME-WATCH-AMERICA/CRIME-WATCH-STLOUIS/unix/bin/install.log HTTP/1.1" 200 253 "-" "Mozilla/5.0 (compatible; AhrefsBot/7.0; +http://ahrefs.com/robot/)" "www.metrocrimedaily.com"
173.252.107.22 - - [02/Feb/2023:22:15:39 -0800] "GET /instagram-houston/02-02-2023-2343373-A.jpg HTTP/1.1" 200 162869 "-" "facebookexternalhit/1.1 (+http://www.facebook.com/externalhit_uatext.php)" "www.metrocrimedaily.com"
51.222.253.20 - - [02/Feb/2023:22:15:52 -0800] "GET /CRIME-WATCH-AMERICA/CRIME-WATCH-STLOUIS/unix/bin/join.exe HTTP/1.1" 200 17408 "-" "Mozilla/5.0 (compatible; AhrefsBot/7.0; +http://ahrefs.com/robot/)" "www.metrocrimedaily.com"
51.222.253.16 - - [02/Feb/2023:22:16:33 -0800] "GET /CRIME-WATCH-AMERICA/CRIME-WATCH-STLOUIS/unix/bin/jq-win64.exe HTTP/1.1" 200 3525307 "-" "Mozilla/5.0 (compatible; AhrefsBot/7.0; +http://ahrefs.com/robot/)" "www.metrocrimedaily.com"
51.222.253.10 - - [02/Feb/2023:22:17:05 -0800] "GET /CRIME-WATCH-AMERICA/CRIME-WATCH-STLOUIS/unix/bin/lem11_32.exe HTTP/1.1" 200 504101 "-" "Mozilla/5.0 (compatible; AhrefsBot/7.0; +http://ahrefs.com/robot/)" "www.metrocrimedaily.com"
51.222.253.11 - - [02/Feb/2023:22:17:44 -0800] "GET /CRIME-WATCH-AMERICA/CRIME-WATCH-STLOUIS/unix/bin/lemmy.cnt HTTP/1.1" 200 849 "-" "Mozilla/5.0 (compatible; AhrefsBot/7.0; +http://ahrefs.com/robot/)" "www.metrocrimedaily.com"
51.222.253.2 - - [02/Feb/2023:22:19:12 -0800] "GET /CRIME-WATCH-AMERICA/CRIME-WATCH-STLOUIS/unix/bin/lemmy.gid HTTP/1.1" 200 10837 "-" "Mozilla/5.0 (compatible; AhrefsBot/7.0; +http://ahrefs.com/robot/)" "www.metrocrimedaily.com"
51.222.253.9 - - [02/Feb/2023:22:19:47 -0800] "GET /CRIME-WATCH-AMERICA/CRIME-WATCH-STLOUIS/unix/bin/lemmy.hlp HTTP/1.1" 200 697730 "-" "Mozilla/5.0 (compatible; AhrefsBot/7.0; +http://ahrefs.com/robot/)" "www.metrocrimedaily.com"
51.222.253.4 - - [02/Feb/2023:22:20:27 -0800] "GET /CRIME-WATCH-AMERICA/CRIME-WATCH-STLOUIS/unix/bin/lemreg.exe HTTP/1.1" 200 141312 "-" "Mozilla/5.0 (compatible; AhrefsBot/7.0; +http://ahrefs.com/robot/)" "www.metrocrimedaily.com"
173.252.107.18 - - [02/Feb/2023:22:21:00 -0800] "GET /instagram-stlouis/02-03-2023-0020391-A.jpg HTTP/1.1" 200 103242 "-" "facebookexternalhit/1.1 (+http://www.facebook.com/externalhit_uatext.php)" "www.metrocrimedaily.com"
51.222.253.13 - - [02/Feb/2023:22:21:18 -0800] "GET /CRIME-WATCH-AMERICA/CRIME-WATCH-STLOUIS/unix/bin/make.exe HTTP/1.1" 200 207360 "-" "Mozilla/5.0 (compatible; AhrefsBot/7.0; +http://ahrefs.com/robot/)" "www.metrocrimedaily.com"
173.252.107.19 - - [02/Feb/2023:22:21:29 -0800] "GET /instagram-stlouis/02-03-2023-0020392-A.jpg HTTP/1.1" 200 180855 "-" "facebookexternalhit/1.1 (+http://www.facebook.com/externalhit_uatext.php)" "www.metrocrimedaily.com"
51.222.253.19 - - [02/Feb/2023:22:21:54 -0800] "GET /CRIME-WATCH-AMERICA/CRIME-WATCH-STLOUIS/unix/bin/marlett.ttf HTTP/1.1" 200 17412 "-" "Mozilla/5.0 (compatible; AhrefsBot/7.0; +http://ahrefs.com/robot/)" "www.metrocrimedaily.com"
173.252.107.117 - - [02/Feb/2023:22:21:55 -0800] "GET /instagram-stlouis/02-03-2023-0020393-A.jpg HTTP/1.1" 200 75180 "-" "facebookexternalhit/1.1 (+http://www.facebook.com/externalhit_uatext.php)" "www.metrocrimedaily.com"
114.119.145.100 - - [02/Feb/2023:22:22:07 -0800] "GET /instagram-memphis/post-later/01-25-2023-1040462-U.S.-Attorney-says-federal-civil-rights-investiga.txt HTTP/1.1" 404 88 "https://metrocrimedaily.com/instagram-memphis/post-later/?C=N%3BO%3DD" "Mozilla/5.0 (Linux; Android 7.0;) AppleWebKit/537.36 (KHTML, like Gecko) Mobile Safari/537.36 (compatible; PetalBot;+https://webmaster.petalsearch.com/site/petalbot)" "metrocrimedaily.com"
173.252.107.24 - - [02/Feb/2023:22:22:24 -0800] "GET /instagram-stlouis/02-03-2023-0020394-A.jpg HTTP/1.1" 200 140358 "-" "facebookexternalhit/1.1 (+http://www.facebook.com/externalhit_uatext.php)" "www.metrocrimedaily.com"
51.222.253.11 - - [02/Feb/2023:22:22:33 -0800] "GET /CRIME-WATCH-AMERICA/CRIME-WATCH-STLOUIS/unix/bin/merge.exe HTTP/1.1" 200 36864 "-" "Mozilla/5.0 (compatible; AhrefsBot/7.0; +http://ahrefs.com/robot/)" "www.metrocrimedaily.com"
173.252.107.7 - - [02/Feb/2023:22:22:55 -0800] "GET /instagram-stlouis/02-03-2023-0020395-A.jpg HTTP/1.1" 200 100073 "-" "facebookexternalhit/1.1 (+http://www.facebook.com/externalhit_uatext.php)" "www.metrocrimedaily.com"
51.222.253.10 - - [02/Feb/2023:22:23:12 -0800] "GET /CRIME-WATCH-AMERICA/CRIME-WATCH-STLOUIS/unix/bin/mkdir.exe HTTP/1.1" 200 13312 "-" "Mozilla/5.0 (compatible; AhrefsBot/7.0; +http://ahrefs.com/robot/)" "www.metrocrimedaily.com"
173.252.107.11 - - [02/Feb/2023:22:23:23 -0800] "GET /instagram-stlouis/02-03-2023-0020396-A.jpg HTTP/1.1" 200 155840 "-" "facebookexternalhit/1.1 (+http://www.facebook.com/externalhit_uatext.php)" "www.metrocrimedaily.com"
114.119.140.211 - - [02/Feb/2023:22:23:26 -0800] "GET /instagram-houston/01-24-2023-1555233-Wife--husband-planned-fatal-shooting-in-hospital-.txt HTTP/1.1" 404 88 "https://metrocrimedaily.com/instagram-houston/" "Mozilla/5.0 (Linux; Android 7.0;) AppleWebKit/537.36 (KHTML, like Gecko) Mobile Safari/537.36 (compatible; PetalBot;+https://webmaster.petalsearch.com/site/petalbot)" "metrocrimedaily.com"
173.252.107.4 - - [02/Feb/2023:22:23:52 -0800] "GET /instagram-stlouis/02-03-2023-0020397-A.jpg HTTP/1.1" 200 239154 "-" "facebookexternalhit/1.1 (+http://www.facebook.com/externalhit_uatext.php)" "www.metrocrimedaily.com"
51.222.253.14 - - [02/Feb/2023:22:23:55 -0800] "GET /CRIME-WATCH-AMERICA/CRIME-WATCH-STLOUIS/unix/bin/mkmodules.exe HTTP/1.1" 200 19456 "-" "Mozilla/5.0 (compatible; AhrefsBot/7.0; +http://ahrefs.com/robot/)" "www.metrocrimedaily.com"
40.77.167.212 - - [02/Feb/2023:22:23:55 -0800] "GET / HTTP/1.1" 200 18403 "-" "Mozilla/5.0 AppleWebKit/537.36 (KHTML, like Gecko; compatible; bingbot/2.0; +http://www.bing.com/bingbot.htm) Chrome/103.0.5060.134 Safari/537.36" "metrocrimedaily.com"
173.252.107.20 - - [02/Feb/2023:22:24:21 -0800] "GET /instagram-stlouis/02-03-2023-0020398-A.jpg HTTP/1.1" 200 191615 "-" "facebookexternalhit/1.1 (+http://www.facebook.com/externalhit_uatext.php)" "www.metrocrimedaily.com"
173.252.107.24 - - [02/Feb/2023:22:24:47 -0800] "GET /instagram-stlouis/02-03-2023-0020399-A.jpg HTTP/1.1" 200 123702 "-" "facebookexternalhit/1.1 (+http://www.facebook.com/externalhit_uatext.php)" "www.metrocrimedaily.com"
51.222.253.4 - - [02/Feb/2023:22:24:59 -0800] "GET /CRIME-WATCH-AMERICA/CRIME-WATCH-STLOUIS/unix/bin/mtail.exe HTTP/1.1" 200 589824 "-" "Mozilla/5.0 (compatible; AhrefsBot/7.0; +http://ahrefs.com/robot/)" "www.metrocrimedaily.com"
51.222.253.7 - - [02/Feb/2023:22:25:30 -0800] "GET /CRIME-WATCH-AMERICA/CRIME-WATCH-STLOUIS/unix/bin/ntemacs.exe HTTP/1.1" 200 634880 "-" "Mozilla/5.0 (compatible; AhrefsBot/7.0; +http://ahrefs.com/robot/)" "www.metrocrimedaily.com"
114.119.157.146 - - [02/Feb/2023:22:25:49 -0800] "GET /CRIME-WATCH-AMERICA/CRIME-WATCH-HOUSTON/support/?C=D%3BO%3DA HTTP/1.1" 200 856 "https://metrocrimedaily.com/CRIME-WATCH-AMERICA/CRIME-WATCH-HOUSTON/support/" "Mozilla/5.0 (Linux; Android 7.0;) AppleWebKit/537.36 (KHTML, like Gecko) Mobile Safari/537.36 (compatible; PetalBot;+https://webmaster.petalsearch.com/site/petalbot)" "metrocrimedaily.com"
51.222.253.6 - - [02/Feb/2023:22:26:19 -0800] "GET /CRIME-WATCH-AMERICA/CRIME-WATCH-STLOUIS/unix/bin/nutgmake.exe HTTP/1.1" 200 398612 "-" "Mozilla/5.0 (compatible; AhrefsBot/7.0; +http://ahrefs.com/robot/)" "www.metrocrimedaily.com"
51.222.253.11 - - [02/Feb/2023:22:26:57 -0800] "GET /CRIME-WATCH-AMERICA/CRIME-WATCH-STLOUIS/unix/bin/nwin2.dll HTTP/1.1" 200 477680 "-" "Mozilla/5.0 (compatible; AhrefsBot/7.0; +http://ahrefs.com/robot/)" "www.metrocrimedaily.com"
51.222.253.8 - - [02/Feb/2023:22:27:47 -0800] "GET /CRIME-WATCH-AMERICA/CRIME-WATCH-STLOUIS/unix/bin/objdump.exe HTTP/1.1" 200 100864 "-" "Mozilla/5.0 (compatible; AhrefsBot/7.0; +http://ahrefs.com/robot/)" "www.metrocrimedaily.com"
173.252.107.22 - - [02/Feb/2023:22:28:19 -0800] "GET /instagram-losangeles/02-03-2023-0027571-A.jpg HTTP/1.1" 200 392780 "-" "facebookexternalhit/1.1 (+http://www.facebook.com/externalhit_uatext.php)" "www.metrocrimedaily.com"
51.222.253.9 - - [02/Feb/2023:22:28:34 -0800] "GET /CRIME-WATCH-AMERICA/CRIME-WATCH-STLOUIS/unix/bin/paste.exe HTTP/1.1" 200 14848 "-" "Mozilla/5.0 (compatible; AhrefsBot/7.0; +http://ahrefs.com/robot/)" "www.metrocrimedaily.com"
51.222.253.15 - - [02/Feb/2023:22:29:12 -0800] "GET /CRIME-WATCH-AMERICA/CRIME-WATCH-STLOUIS/unix/bin/patch.exe HTTP/1.1" 200 45056 "-" "Mozilla/5.0 (compatible; AhrefsBot/7.0; +http://ahrefs.com/robot/)" "www.metrocrimedaily.com"
51.222.253.13 - - [02/Feb/2023:22:29:50 -0800] "GET /CRIME-WATCH-AMERICA/CRIME-WATCH-STLOUIS/unix/bin/pathchk.exe HTTP/1.1" 200 11264 "-" "Mozilla/5.0 (compatible; AhrefsBot/7.0; +http://ahrefs.com/robot/)" "www.metrocrimedaily.com"
51.222.253.11 - - [02/Feb/2023:22:30:21 -0800] "GET /CRIME-WATCH-AMERICA/CRIME-WATCH-STLOUIS/unix/bin/readme.txt HTTP/1.1" 200 826 "-" "Mozilla/5.0 (compatible; AhrefsBot/7.0; +http://ahrefs.com/robot/)" "www.metrocrimedaily.com"
51.222.253.7 - - [02/Feb/2023:22:31:10 -0800] "GET /CRIME-WATCH-AMERICA/CRIME-WATCH-STLOUIS/unix/bin/readme_winsu.txt HTTP/1.1" 200 485 "-" "Mozilla/5.0 (compatible; AhrefsBot/7.0; +http://ahrefs.com/robot/)" "www.metrocrimedaily.com"
114.119.152.246 - - [02/Feb/2023:22:32:01 -0800] "GET /instagram-stlouis/02-01-2023-0724141-Appellate-court-upholds-temporary-restraining-ord.txt HTTP/1.1" 404 88 "https://metrocrimedaily.com/instagram-stlouis/?C=M%3BO%3DA" "Mozilla/5.0 (Linux; Android 7.0;) AppleWebKit/537.36 (KHTML, like Gecko) Mobile Safari/537.36 (compatible; PetalBot;+https://webmaster.petalsearch.com/site/petalbot)" "metrocrimedaily.com"
51.222.253.12 - - [02/Feb/2023:22:32:03 -0800] "GET /CRIME-WATCH-AMERICA/CRIME-WATCH-STLOUIS/unix/bin/register.exe HTTP/1.1" 200 125399 "-" "Mozilla/5.0 (compatible; AhrefsBot/7.0; +http://ahrefs.com/robot/)" "www.metrocrimedaily.com"
51.222.253.2 - - [02/Feb/2023:22:32:35 -0800] "GET /CRIME-WATCH-AMERICA/CRIME-WATCH-STLOUIS/unix/bin/register.hlp HTTP/1.1" 200 16454 "-" "Mozilla/5.0 (compatible; AhrefsBot/7.0; +http://ahrefs.com/robot/)" "www.metrocrimedaily.com"
51.222.253.11 - - [02/Feb/2023:22:32:56 -0800] "GET /CRIME-WATCH-AMERICA/CRIME-WATCH-STLOUIS/unix/bin/runonce.exe HTTP/1.1" 200 58640 "-" "Mozilla/5.0 (compatible; AhrefsBot/7.0; +http://ahrefs.com/robot/)" "www.metrocrimedaily.com"
51.222.253.14 - - [02/Feb/2023:22:33:16 -0800] "GET /CRIME-WATCH-AMERICA/CRIME-WATCH-STLOUIS/unix/bin/sysinfo.exe HTTP/1.1" 200 18432 "-" "Mozilla/5.0 (compatible; AhrefsBot/7.0; +http://ahrefs.com/robot/)" "www.metrocrimedaily.com"
