51.222.253.19 - - [02/Feb/2023:16:00:48 -0800] "GET /instagram-houston/post-later/02-01-2023-1527055-Santa-Fe-gunman-Dimitrios-Pagourtzis-remains-inco.txt HTTP/1.1" 200 1033 "-" "Mozilla/5.0 (compatible; AhrefsBot/7.0; +http://ahrefs.com/robot/)" "www.metrocrimedaily.com"
173.252.95.2 - - [02/Feb/2023:16:01:13 -0800] "GET /instagram-houston/02-02-2023-1759542-A.jpg HTTP/1.1" 200 100488 "-" "facebookexternalhit/1.1 (+http://www.facebook.com/externalhit_uatext.php)" "www.metrocrimedaily.com"
51.222.253.11 - - [02/Feb/2023:16:01:34 -0800] "GET /instagram-houston/post-later/02-01-2023-1621571-Dallas-Zoo--Timeline-of-suspicious-events-that-po.txt HTTP/1.1" 200 987 "-" "Mozilla/5.0 (compatible; AhrefsBot/7.0; +http://ahrefs.com/robot/)" "www.metrocrimedaily.com"
51.222.253.10 - - [02/Feb/2023:16:02:08 -0800] "GET /instagram-houston/post-later/02-01-2023-1621572-Guilty--Woman-pleads-guilty-to-sex-trafficking-cr.txt HTTP/1.1" 200 957 "-" "Mozilla/5.0 (compatible; AhrefsBot/7.0; +http://ahrefs.com/robot/)" "www.metrocrimedaily.com"
173.252.95.15 - - [02/Feb/2023:16:02:38 -0800] "GET /instagram-houston/02-02-2023-1759545-A.jpg HTTP/1.1" 200 242940 "-" "facebookexternalhit/1.1 (+http://www.facebook.com/externalhit_uatext.php)" "www.metrocrimedaily.com"
51.222.253.10 - - [02/Feb/2023:16:02:48 -0800] "GET /instagram-houston/post-later/02-01-2023-1621573----He-was-just-opening-presents-with-his-son-----.txt HTTP/1.1" 200 1061 "-" "Mozilla/5.0 (compatible; AhrefsBot/7.0; +http://ahrefs.com/robot/)" "www.metrocrimedaily.com"
173.252.95.119 - - [02/Feb/2023:16:03:06 -0800] "GET /instagram-houston/02-02-2023-1759546-A.jpg HTTP/1.1" 200 103527 "-" "facebookexternalhit/1.1 (+http://www.facebook.com/externalhit_uatext.php)" "www.metrocrimedaily.com"
51.222.253.8 - - [02/Feb/2023:16:04:47 -0800] "GET /instagram-houston/post-later/02-01-2023-1725382-Conroe-area-asst.-police-chief-given-80-years--se.txt HTTP/1.1" 200 1127 "-" "Mozilla/5.0 (compatible; AhrefsBot/7.0; +http://ahrefs.com/robot/)" "www.metrocrimedaily.com"
51.222.253.3 - - [02/Feb/2023:16:05:45 -0800] "GET /instagram-houston/post-later/02-01-2023-1725383-Environmental-advocates-push-feds-to-investigate-.txt HTTP/1.1" 200 1102 "-" "Mozilla/5.0 (compatible; AhrefsBot/7.0; +http://ahrefs.com/robot/)" "www.metrocrimedaily.com"
51.222.253.11 - - [02/Feb/2023:16:06:22 -0800] "GET /instagram-houston/post-later/02-01-2023-1725384-12-squirrel-monkeys-were-stolen-from-Louisiana-zo.txt HTTP/1.1" 200 1074 "-" "Mozilla/5.0 (compatible; AhrefsBot/7.0; +http://ahrefs.com/robot/)" "www.metrocrimedaily.com"
173.252.95.24 - - [02/Feb/2023:16:06:47 -0800] "GET /instagram-miami/02-02-2023-1806231-A.jpg HTTP/1.1" 200 221720 "-" "facebookexternalhit/1.1 (+http://www.facebook.com/externalhit_uatext.php)" "www.metrocrimedaily.com"
51.222.253.16 - - [02/Feb/2023:16:06:55 -0800] "GET /instagram-houston/post-later/02-01-2023-1725385-The-Evidence-Room--Episode-9---%C3%83%C2%B4-The-Candy-Man---.txt HTTP/1.1" 200 860 "-" "Mozilla/5.0 (compatible; AhrefsBot/7.0; +http://ahrefs.com/robot/)" "www.metrocrimedaily.com"
51.222.253.11 - - [02/Feb/2023:16:07:31 -0800] "GET /instagram-houston/post-later/02-01-2023-1725386-Man-convicted-of-2007-deadly-shooting-of-Dallas-o.txt HTTP/1.1" 200 1123 "-" "Mozilla/5.0 (compatible; AhrefsBot/7.0; +http://ahrefs.com/robot/)" "www.metrocrimedaily.com"
51.222.253.13 - - [02/Feb/2023:16:08:03 -0800] "GET /instagram-houston/post-later/02-01-2023-1825311-Virginia-man-gets-life-sentence-in-shooting-death.txt HTTP/1.1" 200 731 "-" "Mozilla/5.0 (compatible; AhrefsBot/7.0; +http://ahrefs.com/robot/)" "www.metrocrimedaily.com"
51.222.253.6 - - [02/Feb/2023:16:08:55 -0800] "GET /instagram-houston/post-later/02-01-2023-1825312-Nebraska-man-who-shot-inside-Target-got-rifle-4-d.txt HTTP/1.1" 200 1079 "-" "Mozilla/5.0 (compatible; AhrefsBot/7.0; +http://ahrefs.com/robot/)" "www.metrocrimedaily.com"
173.252.95.13 - - [02/Feb/2023:16:09:17 -0800] "GET /instagram-memphis/02-02-2023-1808571-A.jpg HTTP/1.1" 200 94717 "-" "facebookexternalhit/1.1 (+http://www.facebook.com/externalhit_uatext.php)" "www.metrocrimedaily.com"
51.222.253.19 - - [02/Feb/2023:16:09:29 -0800] "GET /instagram-houston/post-later/02-01-2023-1825313-Woman-calls-for-City-of-Galveston-to-pay-for-dama.txt HTTP/1.1" 200 184 "-" "Mozilla/5.0 (compatible; AhrefsBot/7.0; +http://ahrefs.com/robot/)" "www.metrocrimedaily.com"
51.222.253.19 - - [02/Feb/2023:16:10:10 -0800] "GET /instagram-houston/post-later/02-01-2023-1825314-Former-Houston-area-assistant-police-chief-gets-2.txt HTTP/1.1" 200 928 "-" "Mozilla/5.0 (compatible; AhrefsBot/7.0; +http://ahrefs.com/robot/)" "www.metrocrimedaily.com"
51.222.253.5 - - [02/Feb/2023:16:10:52 -0800] "GET /instagram-houston/post-later/02-01-2023-1825315--They-destroyed-it----Woman-calls-for-City-of-Gal.txt HTTP/1.1" 200 1018 "-" "Mozilla/5.0 (compatible; AhrefsBot/7.0; +http://ahrefs.com/robot/)" "www.metrocrimedaily.com"
51.222.253.14 - - [02/Feb/2023:16:11:21 -0800] "GET /instagram-houston/post-later/02-01-2023-1936088-Man-mauled-to-death-by-dogs-in-NW-Houston--police.txt HTTP/1.1" 200 678 "-" "Mozilla/5.0 (compatible; AhrefsBot/7.0; +http://ahrefs.com/robot/)" "www.metrocrimedaily.com"
51.222.253.16 - - [02/Feb/2023:16:12:00 -0800] "GET /instagram-houston/post-later/02-01-2023-2214425-Confessed-Santa-Fe-shooter-remains-incompetent-to.txt HTTP/1.1" 200 324 "-" "Mozilla/5.0 (compatible; AhrefsBot/7.0; +http://ahrefs.com/robot/)" "www.metrocrimedaily.com"
157.55.39.24 - - [02/Feb/2023:16:12:24 -0800] "GET /index-dallas.html HTTP/1.1" 200 11525 "-" "Mozilla/5.0 AppleWebKit/537.36 (KHTML, like Gecko; compatible; bingbot/2.0; +http://www.bing.com/bingbot.htm) Chrome/103.0.5060.134 Safari/537.36" "metrocrimedaily.com"
51.222.253.3 - - [02/Feb/2023:16:12:33 -0800] "GET /instagram-houston/post-later/02-01-2023-2214426-3-charged-with-stealing-$1-668-in-perfume-from-Wa.txt HTTP/1.1" 200 1101 "-" "Mozilla/5.0 (compatible; AhrefsBot/7.0; +http://ahrefs.com/robot/)" "www.metrocrimedaily.com"
51.222.253.12 - - [02/Feb/2023:16:13:14 -0800] "GET /instagram-houston/post-later/02-01-2023-2214427-Cars-burglarized-at-four-Houston-area-apartment-c.txt HTTP/1.1" 200 1060 "-" "Mozilla/5.0 (compatible; AhrefsBot/7.0; +http://ahrefs.com/robot/)" "www.metrocrimedaily.com"
51.222.253.7 - - [02/Feb/2023:16:13:45 -0800] "GET /instagram-houston/post-later/02-01-2023-2214428-Houston-police-investigating-after-man-was-killed.txt HTTP/1.1" 200 570 "-" "Mozilla/5.0 (compatible; AhrefsBot/7.0; +http://ahrefs.com/robot/)" "www.metrocrimedaily.com"
173.252.95.5 - - [02/Feb/2023:16:14:16 -0800] "GET /instagram-stlouis/02-02-2023-1640227-A.jpg HTTP/1.1" 200 178401 "-" "facebookexternalhit/1.1 (+http://www.facebook.com/externalhit_uatext.php)" "www.metrocrimedaily.com"
51.222.253.15 - - [02/Feb/2023:16:14:24 -0800] "GET /instagram-houston/post-later/02-02-2023-0015482-4-shot-at-Texas-City-apartment-complex--police-sa.txt HTTP/1.1" 200 413 "-" "Mozilla/5.0 (compatible; AhrefsBot/7.0; +http://ahrefs.com/robot/)" "www.metrocrimedaily.com"
51.222.253.16 - - [02/Feb/2023:16:14:51 -0800] "GET /instagram-houston/post-later/02-02-2023-0015483-Investigation-underway-after-multiple-shots-fired.txt HTTP/1.1" 200 659 "-" "Mozilla/5.0 (compatible; AhrefsBot/7.0; +http://ahrefs.com/robot/)" "www.metrocrimedaily.com"
69.63.184.5 - - [02/Feb/2023:16:18:16 -0800] "GET /instagram-dallas/02-02-2023-1817541-A.jpg HTTP/1.1" 200 190072 "-" "facebookexternalhit/1.1 (+http://www.facebook.com/externalhit_uatext.php)" "www.metrocrimedaily.com"
51.222.253.18 - - [02/Feb/2023:16:19:13 -0800] "GET /instagram-houston/post-later/02-02-2023-0015484-Man-caught-on-camera-in-Tanglewood-neighborhood-w.txt HTTP/1.1" 200 1120 "-" "Mozilla/5.0 (compatible; AhrefsBot/7.0; +http://ahrefs.com/robot/)" "www.metrocrimedaily.com"
51.222.253.5 - - [02/Feb/2023:16:19:48 -0800] "GET /instagram-houston/post-later/02-02-2023-0015485-Woman-charged-with-concealing-death-of-mother-fou.txt HTTP/1.1" 200 458 "-" "Mozilla/5.0 (compatible; AhrefsBot/7.0; +http://ahrefs.com/robot/)" "www.metrocrimedaily.com"
51.222.253.8 - - [02/Feb/2023:16:20:21 -0800] "GET /instagram-houston/post-later/02-02-2023-0015486-4-people-reportedly-shot-at-apartment-complex-in-.txt HTTP/1.1" 200 462 "-" "Mozilla/5.0 (compatible; AhrefsBot/7.0; +http://ahrefs.com/robot/)" "www.metrocrimedaily.com"
173.252.95.15 - - [02/Feb/2023:16:20:45 -0800] "GET /instagram-newyork/02-02-2023-14552014-A.jpg HTTP/1.1" 200 82431 "-" "facebookexternalhit/1.1 (+http://www.facebook.com/externalhit_uatext.php)" "www.metrocrimedaily.com"
51.222.253.14 - - [02/Feb/2023:16:21:04 -0800] "GET /instagram-houston/post-later/02-02-2023-09005410-Man-describes-himself-as-trespasser-before-being-.txt HTTP/1.1" 200 49 "-" "Mozilla/5.0 (compatible; AhrefsBot/7.0; +http://ahrefs.com/robot/)" "www.metrocrimedaily.com"
51.222.253.9 - - [02/Feb/2023:16:21:38 -0800] "GET /instagram-houston/post-later/02-02-2023-0900546-Baby-at-center-of-AMBER-Alert-found-safe--police-.txt HTTP/1.1" 200 831 "-" "Mozilla/5.0 (compatible; AhrefsBot/7.0; +http://ahrefs.com/robot/)" "www.metrocrimedaily.com"
173.252.95.7 - - [02/Feb/2023:16:21:42 -0800] "GET /instagram-neworleans/02-02-2023-1821221-A.jpg HTTP/1.1" 200 103994 "-" "facebookexternalhit/1.1 (+http://www.facebook.com/externalhit_uatext.php)" "www.metrocrimedaily.com"
51.222.253.3 - - [02/Feb/2023:16:22:16 -0800] "GET /instagram-houston/post-later/02-02-2023-0900547-Man-shot-by-Montgomery-County-deputies-gave-descr.txt HTTP/1.1" 200 49 "-" "Mozilla/5.0 (compatible; AhrefsBot/7.0; +http://ahrefs.com/robot/)" "www.metrocrimedaily.com"
173.252.95.11 - - [02/Feb/2023:16:22:25 -0800] "GET /instagram-miami/02-02-2023-1806232-A.jpg HTTP/1.1" 200 191128 "-" "facebookexternalhit/1.1 (+http://www.facebook.com/externalhit_uatext.php)" "www.metrocrimedaily.com"
51.222.253.12 - - [02/Feb/2023:16:22:51 -0800] "GET /instagram-houston/post-later/02-02-2023-13391310-AMBER-Alert-canceled-after-1-year-old-missing-gir.txt HTTP/1.1" 200 441 "-" "Mozilla/5.0 (compatible; AhrefsBot/7.0; +http://ahrefs.com/robot/)" "www.metrocrimedaily.com"
69.63.184.118 - - [02/Feb/2023:16:23:19 -0800] "GET /instagram-atlanta/02-02-2023-1822131-A.jpg HTTP/1.1" 200 178510 "-" "facebookexternalhit/1.1 (+http://www.facebook.com/externalhit_uatext.php)" "www.metrocrimedaily.com"
51.222.253.18 - - [02/Feb/2023:16:23:44 -0800] "GET /instagram-houston/post-later/02-02-2023-13391311-HPD--Store-employee-shot-in-chin-during-north-Hou.txt HTTP/1.1" 200 181 "-" "Mozilla/5.0 (compatible; AhrefsBot/7.0; +http://ahrefs.com/robot/)" "www.metrocrimedaily.com"
51.222.253.19 - - [02/Feb/2023:16:24:32 -0800] "GET /instagram-houston/post-later/02-02-2023-13391312-Man-gets-3%C3%A2%C2%94%C2%AC%C3%A2%C2%95%C2%9C-years-in-prison-for-punching-woman-i.txt HTTP/1.1" 200 578 "-" "Mozilla/5.0 (compatible; AhrefsBot/7.0; +http://ahrefs.com/robot/)" "www.metrocrimedaily.com"
173.252.95.5 - - [02/Feb/2023:16:24:52 -0800] "GET /instagram-memphis/02-02-2023-1808572-A.jpg HTTP/1.1" 200 225129 "-" "facebookexternalhit/1.1 (+http://www.facebook.com/externalhit_uatext.php)" "www.metrocrimedaily.com"
51.222.253.1 - - [02/Feb/2023:16:25:02 -0800] "GET /instagram-houston/post-later/02-02-2023-13391313-Glenview-man-charged-in-attempted-kidnapping-of-s.txt HTTP/1.1" 200 540 "-" "Mozilla/5.0 (compatible; AhrefsBot/7.0; +http://ahrefs.com/robot/)" "www.metrocrimedaily.com"
51.222.253.2 - - [02/Feb/2023:16:26:07 -0800] "GET /instagram-houston/post-later/02-02-2023-1339135-3-ways-to-avoid-clicking-on-malicious-links-.txt HTTP/1.1" 200 49 "-" "Mozilla/5.0 (compatible; AhrefsBot/7.0; +http://ahrefs.com/robot/)" "www.metrocrimedaily.com"
51.222.253.12 - - [02/Feb/2023:16:26:39 -0800] "GET /instagram-houston/post-later/02-02-2023-1339136-Recognize-them--Police-searching-for-armed-man-wh.txt HTTP/1.1" 200 919 "-" "Mozilla/5.0 (compatible; AhrefsBot/7.0; +http://ahrefs.com/robot/)" "www.metrocrimedaily.com"
51.222.253.5 - - [02/Feb/2023:16:27:12 -0800] "GET /instagram-houston/post-later/02-02-2023-1339137-Ex-Richneck-Elementary-principal-wasn---t-told-of.txt HTTP/1.1" 200 991 "-" "Mozilla/5.0 (compatible; AhrefsBot/7.0; +http://ahrefs.com/robot/)" "www.metrocrimedaily.com"
51.222.253.11 - - [02/Feb/2023:16:27:48 -0800] "GET /instagram-houston/post-later/02-02-2023-1339138-Lawsuit-claims-Uber-withholding-identity-of-drive.txt HTTP/1.1" 200 798 "-" "Mozilla/5.0 (compatible; AhrefsBot/7.0; +http://ahrefs.com/robot/)" "www.metrocrimedaily.com"
51.222.253.4 - - [02/Feb/2023:16:28:33 -0800] "GET /instagram-houston/post-later/02-02-2023-1339139-Men-smuggled-$5M-worth-of-reptiles-over-7-years--.txt HTTP/1.1" 200 1129 "-" "Mozilla/5.0 (compatible; AhrefsBot/7.0; +http://ahrefs.com/robot/)" "www.metrocrimedaily.com"
76.184.252.42 - - [02/Feb/2023:16:28:41 -0800] "GET /?C=N;O=A HTTP/1.1" 200 16145 "-" "Mozilla/5.0 (Windows NT 10.0; Win64; x64) AppleWebKit/537.36 (KHTML, like Gecko) Chrome/109.0.0.0 Safari/537.36 Edg/109.0.1518.70" "www.metrocrimedaily.com"
35.185.241.102 - - [02/Feb/2023:16:28:45 -0800] "GET / HTTP/1.1" 200 119840 "-" "Mozilla/5.0 (Windows NT 6.1; WOW64; Trident/7.0; rv:11.0) like Gecko" "www.metrocrimedaily.com"
51.222.253.13 - - [02/Feb/2023:16:29:04 -0800] "GET /instagram-houston/post-later/02-02-2023-1553511-17-year-old-who-ran-inside-Wisdom-HS-after-office.txt HTTP/1.1" 200 962 "-" "Mozilla/5.0 (compatible; AhrefsBot/7.0; +http://ahrefs.com/robot/)" "www.metrocrimedaily.com"
76.184.252.42 - - [02/Feb/2023:16:29:24 -0800] "GET /?C=N;O=A HTTP/1.1" 304 - "-" "Mozilla/5.0 (Windows NT 10.0; Win64; x64) AppleWebKit/537.36 (KHTML, like Gecko) Chrome/109.0.0.0 Safari/537.36 Edg/109.0.1518.70" "www.metrocrimedaily.com"
51.222.253.13 - - [02/Feb/2023:16:29:40 -0800] "GET /instagram-houston/post-later/02-02-2023-1553512-HPD--Suspect-in-custody-after-running-inside-Wisd.txt HTTP/1.1" 200 800 "-" "Mozilla/5.0 (compatible; AhrefsBot/7.0; +http://ahrefs.com/robot/)" "www.metrocrimedaily.com"
173.252.95.20 - - [02/Feb/2023:16:29:52 -0800] "GET /instagram-stlouis/02-02-2023-1640228-A.jpg HTTP/1.1" 200 193779 "-" "facebookexternalhit/1.1 (+http://www.facebook.com/externalhit_uatext.php)" "www.metrocrimedaily.com"
51.222.253.14 - - [02/Feb/2023:16:30:11 -0800] "GET /instagram-houston/post-later/02-02-2023-1553513-Lawyer--Principal-unaware-boy-had-gun-before-teac.txt HTTP/1.1" 200 1024 "-" "Mozilla/5.0 (compatible; AhrefsBot/7.0; +http://ahrefs.com/robot/)" "www.metrocrimedaily.com"
51.222.253.18 - - [02/Feb/2023:16:30:54 -0800] "GET /instagram-houston/post-later/02-02-2023-1553514-23-year-old-sentenced-to-45-years-in-prison-for-r.txt HTTP/1.1" 200 1054 "-" "Mozilla/5.0 (compatible; AhrefsBot/7.0; +http://ahrefs.com/robot/)" "www.metrocrimedaily.com"
51.222.253.12 - - [02/Feb/2023:16:31:44 -0800] "GET /instagram-houston/post-later/02-02-2023-1553515-HPD--Employee-shot-in-chin-during-robbery-in-nort.txt HTTP/1.1" 200 413 "-" "Mozilla/5.0 (compatible; AhrefsBot/7.0; +http://ahrefs.com/robot/)" "www.metrocrimedaily.com"
51.222.253.11 - - [02/Feb/2023:16:32:25 -0800] "GET /instagram-houston/post-later/02-02-2023-1553516-LIVE--HPD-giving-update-after-suspect-shot-by-off.txt HTTP/1.1" 200 186 "-" "Mozilla/5.0 (compatible; AhrefsBot/7.0; +http://ahrefs.com/robot/)" "www.metrocrimedaily.com"
114.119.157.132 - - [02/Feb/2023:16:33:17 -0800] "GET /instagram-memphis/post-later/01-25-2023-1137081-Two-more-men-wanted-for-deadly-Z-Market-shooting-.txt HTTP/1.1" 404 88 "https://metrocrimedaily.com/instagram-memphis/post-later/?C=N%3BO%3DD" "Mozilla/5.0 (Linux; Android 7.0;) AppleWebKit/537.36 (KHTML, like Gecko) Mobile Safari/537.36 (compatible; PetalBot;+https://webmaster.petalsearch.com/site/petalbot)" "metrocrimedaily.com"
51.222.253.12 - - [02/Feb/2023:16:33:23 -0800] "GET /instagram-houston/post-later/02-02-2023-1553517-NJ-councilwoman-found-shot-to-death-outside-of-he.txt HTTP/1.1" 200 1101 "-" "Mozilla/5.0 (compatible; AhrefsBot/7.0; +http://ahrefs.com/robot/)" "www.metrocrimedaily.com"
69.63.184.3 - - [02/Feb/2023:16:33:53 -0800] "GET /instagram-dallas/02-02-2023-1817542-A.jpg HTTP/1.1" 200 58862 "-" "facebookexternalhit/1.1 (+http://www.facebook.com/externalhit_uatext.php)" "www.metrocrimedaily.com"
114.119.130.105 - - [02/Feb/2023:16:34:24 -0800] "GET /instagram-atlanta/post-later/01-28-2023-2147491-Atlanta-Police-searching-for-suspect-in-November-.txt HTTP/1.1" 404 88 "https://metrocrimedaily.com/instagram-atlanta/post-later/" "Mozilla/5.0 (Linux; Android 7.0;) AppleWebKit/537.36 (KHTML, like Gecko) Mobile Safari/537.36 (compatible; PetalBot;+https://webmaster.petalsearch.com/site/petalbot)" "metrocrimedaily.com"
51.222.253.14 - - [02/Feb/2023:16:34:41 -0800] "GET /instagram-houston/post-later/02-02-2023-1553518-Dance-hall-911-caller---He-might-start-shooting-a.txt HTTP/1.1" 200 1052 "-" "Mozilla/5.0 (compatible; AhrefsBot/7.0; +http://ahrefs.com/robot/)" "www.metrocrimedaily.com"
114.119.136.150 - - [02/Feb/2023:16:34:58 -0800] "GET /gov-svc-detroit.html HTTP/1.1" 200 2125 "http://www.metrocrimedaily.com/index.html" "Mozilla/5.0 (Linux; Android 7.0;) AppleWebKit/537.36 (KHTML, like Gecko) Mobile Safari/537.36 (compatible; PetalBot;+https://webmaster.petalsearch.com/site/petalbot)" "www.metrocrimedaily.com"
51.222.253.14 - - [02/Feb/2023:16:35:06 -0800] "GET /instagram-houston/post-later/02-02-2023-1553519-Wisdom-High-School-student-allegedly-involved-in-.txt HTTP/1.1" 200 1074 "-" "Mozilla/5.0 (compatible; AhrefsBot/7.0; +http://ahrefs.com/robot/)" "www.metrocrimedaily.com"
51.222.253.9 - - [02/Feb/2023:16:35:48 -0800] "GET /instagram-houston/post-later/?C=N;O=A HTTP/1.1" 200 4273 "-" "Mozilla/5.0 (compatible; AhrefsBot/7.0; +http://ahrefs.com/robot/)" "www.metrocrimedaily.com"
51.222.253.9 - - [02/Feb/2023:16:36:20 -0800] "GET /CRIME-WATCH-AMERICA/GOOD_BARBER_APP-MAKER/unix/bin/?C=N;O=A HTTP/1.1" 200 1973 "-" "Mozilla/5.0 (compatible; AhrefsBot/7.0; +http://ahrefs.com/robot/)" "metrocrimedaily.com"
173.252.95.24 - - [02/Feb/2023:16:36:32 -0800] "GET /instagram-newyork/02-02-2023-14552015-A.jpg HTTP/1.1" 200 113370 "-" "facebookexternalhit/1.1 (+http://www.facebook.com/externalhit_uatext.php)" "www.metrocrimedaily.com"
40.77.167.212 - - [02/Feb/2023:16:36:42 -0800] "GET /index-miami.html HTTP/1.1" 200 9579 "-" "Mozilla/5.0 AppleWebKit/537.36 (KHTML, like Gecko; compatible; bingbot/2.0; +http://www.bing.com/bingbot.htm) Chrome/103.0.5060.134 Safari/537.36" "metrocrimedaily.com"
51.222.253.8 - - [02/Feb/2023:16:37:03 -0800] "GET /instagram-dallas/01-19-2023-0935542-Aaron-Dean---s-lawyers-file-request-for-new-trial.txt HTTP/1.1" 404 88 "-" "Mozilla/5.0 (compatible; AhrefsBot/7.0; +http://ahrefs.com/robot/)" "metrocrimedaily.com"
51.222.253.18 - - [02/Feb/2023:16:38:21 -0800] "GET /instagram-dallas/01-19-2023-1115561-This-Asset-Class-Is-Outperforming-U.S.-Stocks-in-.txt HTTP/1.1" 404 88 "-" "Mozilla/5.0 (compatible; AhrefsBot/7.0; +http://ahrefs.com/robot/)" "metrocrimedaily.com"
69.63.184.112 - - [02/Feb/2023:16:38:55 -0800] "GET /instagram-atlanta/02-02-2023-1822132-A.jpg HTTP/1.1" 200 196681 "-" "facebookexternalhit/1.1 (+http://www.facebook.com/externalhit_uatext.php)" "www.metrocrimedaily.com"
69.63.184.3 - - [02/Feb/2023:16:39:09 -0800] "GET /instagram-chicago/02-02-2023-1838471-A.jpg HTTP/1.1" 200 122367 "-" "facebookexternalhit/1.1 (+http://www.facebook.com/externalhit_uatext.php)" "www.metrocrimedaily.com"
51.222.253.19 - - [02/Feb/2023:16:39:34 -0800] "GET /instagram-dallas/01-19-2023-1231111-16-year-old-girl-found-dead-with-multiple-gunshot.txt HTTP/1.1" 404 88 "-" "Mozilla/5.0 (compatible; AhrefsBot/7.0; +http://ahrefs.com/robot/)" "metrocrimedaily.com"
173.252.95.8 - - [02/Feb/2023:16:40:25 -0800] "GET /instagram-memphis/02-02-2023-1808573-A.jpg HTTP/1.1" 200 99551 "-" "facebookexternalhit/1.1 (+http://www.facebook.com/externalhit_uatext.php)" "www.metrocrimedaily.com"
67.177.158.253 - - [02/Feb/2023:16:40:32 -0800] "GET / HTTP/1.1" 200 16145 "https://www.google.com/" "Mozilla/5.0 (X11; CrOS x86_64 14816.131.0) AppleWebKit/537.36 (KHTML, like Gecko) Chrome/103.0.0.0 Safari/537.36" "www.metrocrimedaily.com"
67.177.158.253 - - [02/Feb/2023:16:40:33 -0800] "GET /styles-mcd.css HTTP/1.1" 200 1159 "http://www.metrocrimedaily.com/" "Mozilla/5.0 (X11; CrOS x86_64 14816.131.0) AppleWebKit/537.36 (KHTML, like Gecko) Chrome/103.0.0.0 Safari/537.36" "www.metrocrimedaily.com"
67.177.158.253 - - [02/Feb/2023:16:40:34 -0800] "GET /images/crimeinthed-logo.jpg HTTP/1.1" 200 14960 "http://www.metrocrimedaily.com/" "Mozilla/5.0 (X11; CrOS x86_64 14816.131.0) AppleWebKit/537.36 (KHTML, like Gecko) Chrome/103.0.0.0 Safari/537.36" "www.metrocrimedaily.com"
67.177.158.253 - - [02/Feb/2023:16:40:34 -0800] "GET /images/police-tape.jpg HTTP/1.1" 200 50766 "http://www.metrocrimedaily.com/" "Mozilla/5.0 (X11; CrOS x86_64 14816.131.0) AppleWebKit/537.36 (KHTML, like Gecko) Chrome/103.0.0.0 Safari/537.36" "metrocrimedaily.com"
67.177.158.253 - - [02/Feb/2023:16:40:36 -0800] "GET /images/facebook-logo-tiny.png HTTP/1.1" 200 1280 "http://www.metrocrimedaily.com/" "Mozilla/5.0 (X11; CrOS x86_64 14816.131.0) AppleWebKit/537.36 (KHTML, like Gecko) Chrome/103.0.0.0 Safari/537.36" "www.metrocrimedaily.com"
67.177.158.253 - - [02/Feb/2023:16:40:36 -0800] "GET /images/youtube-logo-tiny.png HTTP/1.1" 200 689 "http://www.metrocrimedaily.com/" "Mozilla/5.0 (X11; CrOS x86_64 14816.131.0) AppleWebKit/537.36 (KHTML, like Gecko) Chrome/103.0.0.0 Safari/537.36" "www.metrocrimedaily.com"
67.177.158.253 - - [02/Feb/2023:16:40:36 -0800] "GET /images/twitter-logo-b-tiny.png HTTP/1.1" 200 1600 "http://www.metrocrimedaily.com/" "Mozilla/5.0 (X11; CrOS x86_64 14816.131.0) AppleWebKit/537.36 (KHTML, like Gecko) Chrome/103.0.0.0 Safari/537.36" "www.metrocrimedaily.com"
67.177.158.253 - - [02/Feb/2023:16:40:39 -0800] "GET /favicon.ico HTTP/1.1" 404 88 "http://www.metrocrimedaily.com/" "Mozilla/5.0 (X11; CrOS x86_64 14816.131.0) AppleWebKit/537.36 (KHTML, like Gecko) Chrome/103.0.0.0 Safari/537.36" "www.metrocrimedaily.com"
51.222.253.6 - - [02/Feb/2023:16:41:01 -0800] "GET /instagram-dallas/01-19-2023-1231112--Rust--shooting--Alec-Baldwin-charged-with-involu.txt HTTP/1.1" 404 88 "-" "Mozilla/5.0 (compatible; AhrefsBot/7.0; +http://ahrefs.com/robot/)" "metrocrimedaily.com"
51.222.253.13 - - [02/Feb/2023:16:42:29 -0800] "GET /instagram-dallas/01-19-2023-1231113-Florida-man-and-woman-plead-guilty-to-robbing-mul.txt HTTP/1.1" 404 88 "-" "Mozilla/5.0 (compatible; AhrefsBot/7.0; +http://ahrefs.com/robot/)" "metrocrimedaily.com"
51.222.253.6 - - [02/Feb/2023:16:43:50 -0800] "GET /instagram-dallas/01-19-2023-1231114-NTSB-Releases-New-Information-About-Fatal-Pileup-.txt HTTP/1.1" 404 88 "-" "Mozilla/5.0 (compatible; AhrefsBot/7.0; +http://ahrefs.com/robot/)" "metrocrimedaily.com"
51.222.253.7 - - [02/Feb/2023:16:45:01 -0800] "GET /instagram-dallas/01-19-2023-1231115-Arson-charge-added-to-suspect-in-kidnapping-of-mi.txt HTTP/1.1" 404 88 "-" "Mozilla/5.0 (compatible; AhrefsBot/7.0; +http://ahrefs.com/robot/)" "metrocrimedaily.com"
114.119.144.41 - - [02/Feb/2023:16:45:10 -0800] "GET /instagram-stlouis/01-30-2023-0929541-When-gun-violence-ends-young-lives--these-men-pre.txt HTTP/1.1" 404 88 "https://metrocrimedaily.com/instagram-stlouis/?C=M%3BO%3DA" "Mozilla/5.0 (Linux; Android 7.0;) AppleWebKit/537.36 (KHTML, like Gecko) Mobile Safari/537.36 (compatible; PetalBot;+https://webmaster.petalsearch.com/site/petalbot)" "metrocrimedaily.com"
173.252.95.117 - - [02/Feb/2023:16:45:31 -0800] "GET /instagram-stlouis/02-02-2023-1640229-A.jpg HTTP/1.1" 200 119639 "-" "facebookexternalhit/1.1 (+http://www.facebook.com/externalhit_uatext.php)" "www.metrocrimedaily.com"
51.222.253.9 - - [02/Feb/2023:16:46:14 -0800] "GET /instagram-dallas/01-19-2023-1438402-Affidavit--Missing-Collin-Co.-woman-learned-man-s.txt HTTP/1.1" 404 88 "-" "Mozilla/5.0 (compatible; AhrefsBot/7.0; +http://ahrefs.com/robot/)" "metrocrimedaily.com"
51.222.253.5 - - [02/Feb/2023:16:47:37 -0800] "GET /instagram-dallas/01-19-2023-1551301-Body-Found-in-Grand-Prairie-Identified-as-Missing.txt HTTP/1.1" 404 88 "-" "Mozilla/5.0 (compatible; AhrefsBot/7.0; +http://ahrefs.com/robot/)" "metrocrimedaily.com"
114.119.148.88 - - [02/Feb/2023:16:48:04 -0800] "GET /CRIME-WATCH-AMERICA/CRIME-WATCH-DETROIT/start-powershell-ftp-scipt.txt HTTP/1.1" 200 114 "https://metrocrimedaily.com/CRIME-WATCH-AMERICA/CRIME-WATCH-DETROIT/?C=N%3BO%3DD" "Mozilla/5.0 (Linux; Android 7.0;) AppleWebKit/537.36 (KHTML, like Gecko) Mobile Safari/537.36 (compatible; PetalBot;+https://webmaster.petalsearch.com/site/petalbot)" "metrocrimedaily.com"
114.119.137.64 - - [02/Feb/2023:16:48:21 -0800] "GET /instagram-stlouis/01-23-2023-1412321-New-Mexico-judge-orders-suspect-held-without-bond.txt HTTP/1.1" 404 88 "https://metrocrimedaily.com/instagram-stlouis/?C=M%3BO%3DA" "Mozilla/5.0 (Linux; Android 7.0;) AppleWebKit/537.36 (KHTML, like Gecko) Mobile Safari/537.36 (compatible; PetalBot;+https://webmaster.petalsearch.com/site/petalbot)" "metrocrimedaily.com"
51.222.253.19 - - [02/Feb/2023:16:48:49 -0800] "GET /instagram-dallas/01-19-2023-1551302-Gun-Used-by-6-Year-Old-to-Shoot-Teacher-Was--Secu.txt HTTP/1.1" 404 88 "-" "Mozilla/5.0 (compatible; AhrefsBot/7.0; +http://ahrefs.com/robot/)" "metrocrimedaily.com"
51.222.253.12 - - [02/Feb/2023:16:50:07 -0800] "GET /instagram-dallas/01-19-2023-1704201-Kayla-Kelley-identified-as-body-found-near-home-o.txt HTTP/1.1" 404 88 "-" "Mozilla/5.0 (compatible; AhrefsBot/7.0; +http://ahrefs.com/robot/)" "metrocrimedaily.com"
157.55.39.18 - - [02/Feb/2023:16:50:12 -0800] "GET /instagram-detroit/12-21-2022-2024141-Family-of-Dearborn-man-fatally-shot-at-police-sta.txt HTTP/1.1" 404 88 "-" "Mozilla/5.0 AppleWebKit/537.36 (KHTML, like Gecko; compatible; bingbot/2.0; +http://www.bing.com/bingbot.htm) Chrome/103.0.5060.134 Safari/537.36" "www.metrocrimedaily.com"
114.119.154.211 - - [02/Feb/2023:16:50:18 -0800] "GET /instagram-stlouis/01-30-2023-1316151-5-year-old-boy-shot-in-head--critically-injured-i.txt HTTP/1.1" 404 88 "https://metrocrimedaily.com/instagram-stlouis/?C=M%3BO%3DA" "Mozilla/5.0 (Linux; Android 7.0;) AppleWebKit/537.36 (KHTML, like Gecko) Mobile Safari/537.36 (compatible; PetalBot;+https://webmaster.petalsearch.com/site/petalbot)" "metrocrimedaily.com"
51.222.253.14 - - [02/Feb/2023:16:50:53 -0800] "GET /instagram-dallas/01-19-2023-1704202-Kayla-Kelley-case--Medical-examiner-IDs-body-foun.txt HTTP/1.1" 404 88 "-" "Mozilla/5.0 (compatible; AhrefsBot/7.0; +http://ahrefs.com/robot/)" "metrocrimedaily.com"
114.119.146.208 - - [02/Feb/2023:16:51:20 -0800] "GET /instagram-atlanta/post-later/01-27-2023-2056372-14-year-old-Ga.-boy-left-paralyzed-after-robbery-.txt HTTP/1.1" 404 88 "https://metrocrimedaily.com/instagram-atlanta/post-later/" "Mozilla/5.0 (Linux; Android 7.0;) AppleWebKit/537.36 (KHTML, like Gecko) Mobile Safari/537.36 (compatible; PetalBot;+https://webmaster.petalsearch.com/site/petalbot)" "metrocrimedaily.com"
51.222.253.8 - - [02/Feb/2023:16:51:26 -0800] "GET /instagram-dallas/01-19-2023-1850161-23-arrested-in-North-Texas-prostitution-sting--po.txt HTTP/1.1" 404 88 "-" "Mozilla/5.0 (compatible; AhrefsBot/7.0; +http://ahrefs.com/robot/)" "metrocrimedaily.com"
51.222.253.12 - - [02/Feb/2023:16:52:04 -0800] "GET /instagram-dallas/01-19-2023-2017511-Medical-Examiner-Confirms-Body-Found-in-Grand-Pra.txt HTTP/1.1" 404 88 "-" "Mozilla/5.0 (compatible; AhrefsBot/7.0; +http://ahrefs.com/robot/)" "metrocrimedaily.com"
173.252.95.5 - - [02/Feb/2023:16:52:05 -0800] "GET /instagram-newyork/02-02-2023-14552016-A.jpg HTTP/1.1" 200 103175 "-" "facebookexternalhit/1.1 (+http://www.facebook.com/externalhit_uatext.php)" "www.metrocrimedaily.com"
51.222.253.2 - - [02/Feb/2023:16:52:52 -0800] "GET /instagram-dallas/01-19-2023-2112411-Trump-and-Lawyer-Sanctioned-Almost-$1-Million-for.txt HTTP/1.1" 404 88 "-" "Mozilla/5.0 (compatible; AhrefsBot/7.0; +http://ahrefs.com/robot/)" "metrocrimedaily.com"
51.222.253.12 - - [02/Feb/2023:16:53:28 -0800] "GET /instagram-dallas/01-19-2023-2224331-Boeing-ordered-to-be-arraigned-on-felony-charge-i.txt HTTP/1.1" 404 88 "-" "Mozilla/5.0 (compatible; AhrefsBot/7.0; +http://ahrefs.com/robot/)" "metrocrimedaily.com"
51.222.253.7 - - [02/Feb/2023:16:54:08 -0800] "GET /instagram-dallas/01-19-2023-2224332----American-Idol--Alum-C.J.-Harris--Cause-of-Deat.txt HTTP/1.1" 404 88 "-" "Mozilla/5.0 (compatible; AhrefsBot/7.0; +http://ahrefs.com/robot/)" "metrocrimedaily.com"
69.63.184.2 - - [02/Feb/2023:16:54:30 -0800] "GET /instagram-atlanta/02-02-2023-1822133-A.jpg HTTP/1.1" 200 144797 "-" "facebookexternalhit/1.1 (+http://www.facebook.com/externalhit_uatext.php)" "www.metrocrimedaily.com"
51.222.253.18 - - [02/Feb/2023:16:54:42 -0800] "GET /instagram-dallas/01-19-2023-2336401-Explosion-witnessed-in-area-where-school-buses-ca.txt HTTP/1.1" 404 88 "-" "Mozilla/5.0 (compatible; AhrefsBot/7.0; +http://ahrefs.com/robot/)" "metrocrimedaily.com"
69.63.184.1 - - [02/Feb/2023:16:54:44 -0800] "GET /instagram-chicago/02-02-2023-1838472-A.jpg HTTP/1.1" 200 101452 "-" "facebookexternalhit/1.1 (+http://www.facebook.com/externalhit_uatext.php)" "www.metrocrimedaily.com"
51.222.253.7 - - [02/Feb/2023:16:55:31 -0800] "GET /CRIME-WATCH-AMERICA/CRIME-WATCH-DETROIT/unix/bin/find-quota-usage-RevA.bat HTTP/1.1" 200 2781 "-" "Mozilla/5.0 (compatible; AhrefsBot/7.0; +http://ahrefs.com/robot/)" "metrocrimedaily.com"
51.222.253.8 - - [02/Feb/2023:16:56:04 -0800] "GET /CRIME-WATCH-AMERICA/CRIME-WATCH-DETROIT/unix/bin/mkmodules.exe HTTP/1.1" 200 19456 "-" "Mozilla/5.0 (compatible; AhrefsBot/7.0; +http://ahrefs.com/robot/)" "metrocrimedaily.com"
51.222.253.5 - - [02/Feb/2023:16:57:13 -0800] "GET /CRIME-WATCH-AMERICA/CRIME-WATCH-DETROIT/unix/bin/readme_winsu.txt HTTP/1.1" 200 485 "-" "Mozilla/5.0 (compatible; AhrefsBot/7.0; +http://ahrefs.com/robot/)" "metrocrimedaily.com"
173.252.95.120 - - [02/Feb/2023:16:57:17 -0800] "GET /instagram-losangeles/02-02-2023-1856561-A.jpg HTTP/1.1" 200 171683 "-" "facebookexternalhit/1.1 (+http://www.facebook.com/externalhit_uatext.php)" "www.metrocrimedaily.com"
51.222.253.8 - - [02/Feb/2023:16:57:59 -0800] "GET /CRIME-WATCH-AMERICA/CRIME-WATCH-DETROIT/unix/bin/youtube-dl-01-24-2020.exe HTTP/1.1" 200 8031644 "-" "Mozilla/5.0 (compatible; AhrefsBot/7.0; +http://ahrefs.com/robot/)" "metrocrimedaily.com"
51.222.253.1 - - [02/Feb/2023:16:58:41 -0800] "GET /CRIME-WATCH-AMERICA/CRIME-WATCH-DETROIT/unix/bin/youtube-dl.exe HTTP/1.1" 200 8034848 "-" "Mozilla/5.0 (compatible; AhrefsBot/7.0; +http://ahrefs.com/robot/)" "metrocrimedaily.com"
51.222.253.13 - - [02/Feb/2023:16:59:17 -0800] "GET /CRIME-WATCH-AMERICA/CRIME-WATCH-DETROIT/unix/bin/Reverse.exe HTTP/1.1" 200 10240 "-" "Mozilla/5.0 (compatible; AhrefsBot/7.0; +http://ahrefs.com/robot/)" "www.metrocrimedaily.com"
157.55.39.85 - - [02/Feb/2023:16:59:45 -0800] "GET /instagram-dallas/12-22-2022-2036452-Adnan-Syed-Hired-by-Georgetown-s-Prison-Reform-In.txt HTTP/1.1" 404 88 "-" "Mozilla/5.0 AppleWebKit/537.36 (KHTML, like Gecko; compatible; bingbot/2.0; +http://www.bing.com/bingbot.htm) Chrome/103.0.5060.134 Safari/537.36" "www.metrocrimedaily.com"
51.222.253.3 - - [02/Feb/2023:16:59:55 -0800] "GET /CRIME-WATCH-AMERICA/CRIME-WATCH-DETROIT/unix/bin/basename.exe HTTP/1.1" 200 8704 "-" "Mozilla/5.0 (compatible; AhrefsBot/7.0; +http://ahrefs.com/robot/)" "www.metrocrimedaily.com"
51.222.253.19 - - [02/Feb/2023:17:00:25 -0800] "GET /CRIME-WATCH-AMERICA/CRIME-WATCH-DETROIT/unix/bin/compress.exe HTTP/1.1" 200 15872 "-" "Mozilla/5.0 (compatible; AhrefsBot/7.0; +http://ahrefs.com/robot/)" "www.metrocrimedaily.com"
114.119.151.155 - - [02/Feb/2023:17:00:46 -0800] "GET /instagram-atlanta/post-later/01-27-2023-2255192-UGA-says-staffer-killed-in-crash-wasn---t-authori.txt HTTP/1.1" 404 88 "https://metrocrimedaily.com/instagram-atlanta/post-later/" "Mozilla/5.0 (Linux; Android 7.0;) AppleWebKit/537.36 (KHTML, like Gecko) Mobile Safari/537.36 (compatible; PetalBot;+https://webmaster.petalsearch.com/site/petalbot)" "metrocrimedaily.com"
51.222.253.14 - - [02/Feb/2023:17:01:00 -0800] "GET /CRIME-WATCH-AMERICA/CRIME-WATCH-DETROIT/unix/bin/csplit.exe HTTP/1.1" 200 44032 "-" "Mozilla/5.0 (compatible; AhrefsBot/7.0; +http://ahrefs.com/robot/)" "www.metrocrimedaily.com"
173.252.95.14 - - [02/Feb/2023:17:01:06 -0800] "GET /instagram-stlouis/02-02-2023-16402210-A.jpg HTTP/1.1" 200 233556 "-" "facebookexternalhit/1.1 (+http://www.facebook.com/externalhit_uatext.php)" "www.metrocrimedaily.com"
51.222.253.13 - - [02/Feb/2023:17:01:31 -0800] "GET /CRIME-WATCH-AMERICA/CRIME-WATCH-DETROIT/unix/bin/dir.EXE.BAK HTTP/1.1" 200 23552 "-" "Mozilla/5.0 (compatible; AhrefsBot/7.0; +http://ahrefs.com/robot/)" "www.metrocrimedaily.com"
173.252.95.118 - - [02/Feb/2023:17:01:56 -0800] "GET /instagram-neworleans/02-02-2023-1901321-A.jpg HTTP/1.1" 200 325820 "-" "facebookexternalhit/1.1 (+http://www.facebook.com/externalhit_uatext.php)" "www.metrocrimedaily.com"
51.222.253.18 - - [02/Feb/2023:17:02:09 -0800] "GET /CRIME-WATCH-AMERICA/CRIME-WATCH-DETROIT/unix/bin/dirname.exe HTTP/1.1" 200 8704 "-" "Mozilla/5.0 (compatible; AhrefsBot/7.0; +http://ahrefs.com/robot/)" "www.metrocrimedaily.com"
173.252.95.13 - - [02/Feb/2023:17:02:23 -0800] "GET /instagram-neworleans/02-02-2023-1901322-A.jpg HTTP/1.1" 200 196954 "-" "facebookexternalhit/1.1 (+http://www.facebook.com/externalhit_uatext.php)" "www.metrocrimedaily.com"
51.222.253.17 - - [02/Feb/2023:17:02:43 -0800] "GET /CRIME-WATCH-AMERICA/CRIME-WATCH-DETROIT/unix/bin/expand.exe HTTP/1.1" 200 14336 "-" "Mozilla/5.0 (compatible; AhrefsBot/7.0; +http://ahrefs.com/robot/)" "www.metrocrimedaily.com"
51.222.253.14 - - [02/Feb/2023:17:03:25 -0800] "GET /CRIME-WATCH-AMERICA/CRIME-WATCH-DETROIT/unix/bin/gunzip.exe HTTP/1.1" 200 53760 "-" "Mozilla/5.0 (compatible; AhrefsBot/7.0; +http://ahrefs.com/robot/)" "www.metrocrimedaily.com"
51.222.253.8 - - [02/Feb/2023:17:04:01 -0800] "GET /CRIME-WATCH-AMERICA/CRIME-WATCH-DETROIT/unix/bin/indent.exe HTTP/1.1" 200 52736 "-" "Mozilla/5.0 (compatible; AhrefsBot/7.0; +http://ahrefs.com/robot/)" "www.metrocrimedaily.com"
54.36.148.205 - - [02/Feb/2023:17:04:50 -0800] "GET /robots.txt HTTP/1.1" 404 88 "-" "Mozilla/5.0 (compatible; AhrefsBot/7.0; +http://ahrefs.com/robot/)" "www.metrocrimedaily.com"
51.222.253.16 - - [02/Feb/2023:17:04:51 -0800] "GET /CRIME-WATCH-AMERICA/CRIME-WATCH-DETROIT/unix/bin/install.log HTTP/1.1" 200 253 "-" "Mozilla/5.0 (compatible; AhrefsBot/7.0; +http://ahrefs.com/robot/)" "www.metrocrimedaily.com"
51.222.253.1 - - [02/Feb/2023:17:05:24 -0800] "GET /CRIME-WATCH-AMERICA/CRIME-WATCH-DETROIT/unix/bin/lem11_32.exe HTTP/1.1" 200 504101 "-" "Mozilla/5.0 (compatible; AhrefsBot/7.0; +http://ahrefs.com/robot/)" "www.metrocrimedaily.com"
173.252.95.24 - - [02/Feb/2023:17:05:43 -0800] "GET /instagram-houston/02-02-2023-1905161-A.jpg HTTP/1.1" 200 131456 "-" "facebookexternalhit/1.1 (+http://www.facebook.com/externalhit_uatext.php)" "www.metrocrimedaily.com"
51.222.253.17 - - [02/Feb/2023:17:06:06 -0800] "GET /CRIME-WATCH-AMERICA/CRIME-WATCH-DETROIT/unix/bin/lemmy.exe HTTP/1.1" 200 413184 "-" "Mozilla/5.0 (compatible; AhrefsBot/7.0; +http://ahrefs.com/robot/)" "www.metrocrimedaily.com"
173.252.95.7 - - [02/Feb/2023:17:06:12 -0800] "GET /instagram-houston/02-02-2023-1905162-A.jpg HTTP/1.1" 200 189756 "-" "facebookexternalhit/1.1 (+http://www.facebook.com/externalhit_uatext.php)" "www.metrocrimedaily.com"
51.222.253.11 - - [02/Feb/2023:17:06:33 -0800] "GET /CRIME-WATCH-AMERICA/CRIME-WATCH-DETROIT/unix/bin/lemmy.gid HTTP/1.1" 200 10837 "-" "Mozilla/5.0 (compatible; AhrefsBot/7.0; +http://ahrefs.com/robot/)" "www.metrocrimedaily.com"
173.252.95.2 - - [02/Feb/2023:17:06:40 -0800] "GET /instagram-houston/02-02-2023-1905163-A.jpg HTTP/1.1" 200 77752 "-" "facebookexternalhit/1.1 (+http://www.facebook.com/externalhit_uatext.php)" "www.metrocrimedaily.com"
173.252.95.20 - - [02/Feb/2023:17:07:09 -0800] "GET /instagram-houston/02-02-2023-1905164-A.jpg HTTP/1.1" 200 112849 "-" "facebookexternalhit/1.1 (+http://www.facebook.com/externalhit_uatext.php)" "www.metrocrimedaily.com"
51.222.253.18 - - [02/Feb/2023:17:07:09 -0800] "GET /CRIME-WATCH-AMERICA/CRIME-WATCH-DETROIT/unix/bin/lemreg.exe HTTP/1.1" 200 141312 "-" "Mozilla/5.0 (compatible; AhrefsBot/7.0; +http://ahrefs.com/robot/)" "www.metrocrimedaily.com"
173.252.95.23 - - [02/Feb/2023:17:07:37 -0800] "GET /instagram-houston/02-02-2023-1905165-A.jpg HTTP/1.1" 200 142564 "-" "facebookexternalhit/1.1 (+http://www.facebook.com/externalhit_uatext.php)" "www.metrocrimedaily.com"
173.252.95.6 - - [02/Feb/2023:17:07:40 -0800] "GET /instagram-newyork/02-02-2023-14552017-A.jpg HTTP/1.1" 200 163359 "-" "facebookexternalhit/1.1 (+http://www.facebook.com/externalhit_uatext.php)" "www.metrocrimedaily.com"
51.222.253.18 - - [02/Feb/2023:17:07:42 -0800] "GET /CRIME-WATCH-AMERICA/CRIME-WATCH-DETROIT/unix/bin/marlett.ttf HTTP/1.1" 200 17412 "-" "Mozilla/5.0 (compatible; AhrefsBot/7.0; +http://ahrefs.com/robot/)" "www.metrocrimedaily.com"
173.252.95.119 - - [02/Feb/2023:17:08:00 -0800] "GET /instagram-miami/02-02-2023-1907401-A.jpg HTTP/1.1" 200 58717 "-" "facebookexternalhit/1.1 (+http://www.facebook.com/externalhit_uatext.php)" "www.metrocrimedaily.com"
173.252.95.12 - - [02/Feb/2023:17:08:05 -0800] "GET /instagram-houston/02-02-2023-1905166-A.jpg HTTP/1.1" 200 159122 "-" "facebookexternalhit/1.1 (+http://www.facebook.com/externalhit_uatext.php)" "www.metrocrimedaily.com"
51.222.253.12 - - [02/Feb/2023:17:08:18 -0800] "GET /CRIME-WATCH-AMERICA/CRIME-WATCH-DETROIT/unix/bin/merge.exe HTTP/1.1" 200 36864 "-" "Mozilla/5.0 (compatible; AhrefsBot/7.0; +http://ahrefs.com/robot/)" "www.metrocrimedaily.com"
173.252.95.2 - - [02/Feb/2023:17:08:33 -0800] "GET /instagram-houston/02-02-2023-1905167-A.jpg HTTP/1.1" 200 152938 "-" "facebookexternalhit/1.1 (+http://www.facebook.com/externalhit_uatext.php)" "www.metrocrimedaily.com"
51.222.253.8 - - [02/Feb/2023:17:08:50 -0800] "GET /CRIME-WATCH-AMERICA/CRIME-WATCH-DETROIT/unix/bin/mkmodules.exe HTTP/1.1" 200 19456 "-" "Mozilla/5.0 (compatible; AhrefsBot/7.0; +http://ahrefs.com/robot/)" "www.metrocrimedaily.com"
51.222.253.11 - - [02/Feb/2023:17:09:43 -0800] "GET /CRIME-WATCH-AMERICA/CRIME-WATCH-DETROIT/unix/bin/ntemacs.exe HTTP/1.1" 200 634880 "-" "Mozilla/5.0 (compatible; AhrefsBot/7.0; +http://ahrefs.com/robot/)" "www.metrocrimedaily.com"
69.63.184.117 - - [02/Feb/2023:17:10:05 -0800] "GET /instagram-atlanta/02-02-2023-1822134-A.jpg HTTP/1.1" 200 137873 "-" "facebookexternalhit/1.1 (+http://www.facebook.com/externalhit_uatext.php)" "www.metrocrimedaily.com"
69.63.184.117 - - [02/Feb/2023:17:10:32 -0800] "GET /instagram-atlanta/02-02-2023-1822135-A.jpg HTTP/1.1" 200 101255 "-" "facebookexternalhit/1.1 (+http://www.facebook.com/externalhit_uatext.php)" "www.metrocrimedaily.com"
51.222.253.18 - - [02/Feb/2023:17:10:33 -0800] "GET /CRIME-WATCH-AMERICA/CRIME-WATCH-DETROIT/unix/bin/nutgmake.exe HTTP/1.1" 200 398612 "-" "Mozilla/5.0 (compatible; AhrefsBot/7.0; +http://ahrefs.com/robot/)" "www.metrocrimedaily.com"
69.63.184.3 - - [02/Feb/2023:17:11:00 -0800] "GET /instagram-atlanta/02-02-2023-1822136-A.jpg HTTP/1.1" 200 116939 "-" "facebookexternalhit/1.1 (+http://www.facebook.com/externalhit_uatext.php)" "www.metrocrimedaily.com"
51.222.253.16 - - [02/Feb/2023:17:11:07 -0800] "GET /CRIME-WATCH-AMERICA/CRIME-WATCH-DETROIT/unix/bin/objdump.exe HTTP/1.1" 200 100864 "-" "Mozilla/5.0 (compatible; AhrefsBot/7.0; +http://ahrefs.com/robot/)" "www.metrocrimedaily.com"
51.222.253.10 - - [02/Feb/2023:17:11:49 -0800] "GET / HTTP/1.1" 200 16145 "-" "Mozilla/5.0 (compatible; AhrefsBot/7.0; +http://ahrefs.com/robot/)" "www.metrocrimedaily.com"
51.222.253.7 - - [02/Feb/2023:17:12:36 -0800] "GET /images/?C=D;O=A HTTP/1.1" 200 943 "-" "Mozilla/5.0 (compatible; AhrefsBot/7.0; +http://ahrefs.com/robot/)" "metrocrimedaily.com"
51.222.253.3 - - [02/Feb/2023:17:13:30 -0800] "GET /images/?C=M;O=A HTTP/1.1" 200 957 "-" "Mozilla/5.0 (compatible; AhrefsBot/7.0; +http://ahrefs.com/robot/)" "metrocrimedaily.com"
76.184.252.42 - - [02/Feb/2023:17:13:49 -0800] "GET /images/police-tape.jpg HTTP/1.1" 200 50766 "-" "Wget/1.20.3 (mingw32)" "metrocrimedaily.com"
51.222.253.20 - - [02/Feb/2023:17:14:29 -0800] "GET /instagram-monroe/videos/?C=N;O=D HTTP/1.1" 200 325 "-" "Mozilla/5.0 (compatible; AhrefsBot/7.0; +http://ahrefs.com/robot/)" "metrocrimedaily.com"
69.63.184.3 - - [02/Feb/2023:17:14:31 -0800] "GET /instagram-detroit/02-02-2023-1913371-A.jpg HTTP/1.1" 200 65483 "-" "facebookexternalhit/1.1 (+http://www.facebook.com/externalhit_uatext.php)" "www.metrocrimedaily.com"
51.222.253.14 - - [02/Feb/2023:17:15:36 -0800] "GET /instagram-monroe/?C=N;O=D HTTP/1.1" 200 357 "-" "Mozilla/5.0 (compatible; AhrefsBot/7.0; +http://ahrefs.com/robot/)" "metrocrimedaily.com"
40.77.167.212 - - [02/Feb/2023:17:15:36 -0800] "GET /index-miami.html HTTP/1.1" 200 10039 "-" "Mozilla/5.0 AppleWebKit/537.36 (KHTML, like Gecko; compatible; bingbot/2.0; +http://www.bing.com/bingbot.htm) Chrome/103.0.5060.134 Safari/537.36" "metrocrimedaily.com"
51.222.253.12 - - [02/Feb/2023:17:16:42 -0800] "GET /CRIME-WATCH-AMERICA/CRIME-WATCH-DETROIT/unix/bin/basename.exe HTTP/1.1" 200 8704 "-" "Mozilla/5.0 (compatible; AhrefsBot/7.0; +http://ahrefs.com/robot/)" "metrocrimedaily.com"
173.252.95.24 - - [02/Feb/2023:17:16:44 -0800] "GET /instagram-stlouis/02-02-2023-16402211-A.jpg HTTP/1.1" 200 253768 "-" "facebookexternalhit/1.1 (+http://www.facebook.com/externalhit_uatext.php)" "www.metrocrimedaily.com"
51.222.253.20 - - [02/Feb/2023:17:17:39 -0800] "GET /CRIME-WATCH-AMERICA/CRIME-WATCH-DETROIT/unix/bin/compress.exe HTTP/1.1" 200 15872 "-" "Mozilla/5.0 (compatible; AhrefsBot/7.0; +http://ahrefs.com/robot/)" "metrocrimedaily.com"
157.55.39.18 - - [02/Feb/2023:17:17:55 -0800] "GET /instagram-dallas/12-19-2022-1226251-What-Makes-Grapevine-the----Christmas-Capital-of-.txt HTTP/1.1" 404 88 "-" "Mozilla/5.0 AppleWebKit/537.36 (KHTML, like Gecko; compatible; bingbot/2.0; +http://www.bing.com/bingbot.htm) Chrome/103.0.5060.134 Safari/537.36" "www.metrocrimedaily.com"
51.222.253.19 - - [02/Feb/2023:17:19:15 -0800] "GET /CRIME-WATCH-AMERICA/CRIME-WATCH-DETROIT/unix/bin/install.log HTTP/1.1" 200 253 "-" "Mozilla/5.0 (compatible; AhrefsBot/7.0; +http://ahrefs.com/robot/)" "metrocrimedaily.com"
69.63.184.1 - - [02/Feb/2023:17:20:13 -0800] "GET /instagram-dallas/02-02-2023-1919471-A.jpg HTTP/1.1" 200 129569 "-" "facebookexternalhit/1.1 (+http://www.facebook.com/externalhit_uatext.php)" "www.metrocrimedaily.com"
51.222.253.4 - - [02/Feb/2023:17:20:16 -0800] "GET /CRIME-WATCH-AMERICA/CRIME-WATCH-DETROIT/unix/bin/lem11_32.exe HTTP/1.1" 200 504101 "-" "Mozilla/5.0 (compatible; AhrefsBot/7.0; +http://ahrefs.com/robot/)" "metrocrimedaily.com"
69.63.184.2 - - [02/Feb/2023:17:20:34 -0800] "GET /instagram-detroit/02-02-2023-1913372-A.jpg HTTP/1.1" 200 170542 "-" "facebookexternalhit/1.1 (+http://www.facebook.com/externalhit_uatext.php)" "www.metrocrimedaily.com"
51.222.253.7 - - [02/Feb/2023:17:21:16 -0800] "GET /CRIME-WATCH-AMERICA/CRIME-WATCH-DETROIT/unix/bin/marlett.ttf HTTP/1.1" 200 17412 "-" "Mozilla/5.0 (compatible; AhrefsBot/7.0; +http://ahrefs.com/robot/)" "metrocrimedaily.com"
51.222.253.17 - - [02/Feb/2023:17:22:04 -0800] "GET /CRIME-WATCH-AMERICA/CRIME-WATCH-DETROIT/unix/bin/nutgmake.exe HTTP/1.1" 200 398612 "-" "Mozilla/5.0 (compatible; AhrefsBot/7.0; +http://ahrefs.com/robot/)" "metrocrimedaily.com"
51.222.253.16 - - [02/Feb/2023:17:23:10 -0800] "GET /CRIME-WATCH-AMERICA/CRIME-WATCH-DETROIT/unix/bin/register.exe HTTP/1.1" 200 125399 "-" "Mozilla/5.0 (compatible; AhrefsBot/7.0; +http://ahrefs.com/robot/)" "metrocrimedaily.com"
51.222.253.14 - - [02/Feb/2023:17:24:03 -0800] "GET /CRIME-WATCH-AMERICA/CRIME-WATCH-DETROIT/unix/bin/register.hlp HTTP/1.1" 200 16454 "-" "Mozilla/5.0 (compatible; AhrefsBot/7.0; +http://ahrefs.com/robot/)" "metrocrimedaily.com"
51.222.253.5 - - [02/Feb/2023:17:25:05 -0800] "GET /CRIME-WATCH-AMERICA/CRIME-WATCH-DETROIT/unix/bin/runonce.exe HTTP/1.1" 200 58640 "-" "Mozilla/5.0 (compatible; AhrefsBot/7.0; +http://ahrefs.com/robot/)" "metrocrimedaily.com"
51.222.253.19 - - [02/Feb/2023:17:26:06 -0800] "GET /CRIME-WATCH-AMERICA/CRIME-WATCH-DETROIT/unix/bin/sysinfo.txt HTTP/1.1" 200 144 "-" "Mozilla/5.0 (compatible; AhrefsBot/7.0; +http://ahrefs.com/robot/)" "metrocrimedaily.com"
51.222.253.18 - - [02/Feb/2023:17:27:13 -0800] "GET /CRIME-WATCH-AMERICA/CRIME-WATCH-DETROIT/unix/bin/win32gnu.dll HTTP/1.1" 200 104448 "-" "Mozilla/5.0 (compatible; AhrefsBot/7.0; +http://ahrefs.com/robot/)" "metrocrimedaily.com"
51.222.253.1 - - [02/Feb/2023:17:28:04 -0800] "GET /CRIME-WATCH-AMERICA/CRIME-WATCH-DETROIT/unix/bin/?C=D;O=A HTTP/1.1" 200 2141 "-" "Mozilla/5.0 (compatible; AhrefsBot/7.0; +http://ahrefs.com/robot/)" "www.metrocrimedaily.com"
68.55.145.100 - - [02/Feb/2023:17:28:42 -0800] "GET / HTTP/1.1" 200 16145 "https://www.google.com/" "Mozilla/5.0 (Linux; Android 12; SM-G973U) AppleWebKit/537.36 (KHTML, like Gecko) Chrome/109.0.0.0 Mobile Safari/537.36" "www.metrocrimedaily.com"
68.55.145.100 - - [02/Feb/2023:17:28:42 -0800] "GET /styles-mcd.css HTTP/1.1" 200 1159 "http://www.metrocrimedaily.com/" "Mozilla/5.0 (Linux; Android 12; SM-G973U) AppleWebKit/537.36 (KHTML, like Gecko) Chrome/109.0.0.0 Mobile Safari/537.36" "www.metrocrimedaily.com"
51.222.253.10 - - [02/Feb/2023:17:29:08 -0800] "GET /CRIME-WATCH-AMERICA/CRIME-WATCH-DETROIT/unix/bin/?C=M;O=A HTTP/1.1" 200 2095 "-" "Mozilla/5.0 (compatible; AhrefsBot/7.0; +http://ahrefs.com/robot/)" "www.metrocrimedaily.com"
51.222.253.2 - - [02/Feb/2023:17:30:09 -0800] "GET /CRIME-WATCH-AMERICA/CRIME-WATCH-DETROIT/unix/bin/?C=N;O=D HTTP/1.1" 200 2145 "-" "Mozilla/5.0 (compatible; AhrefsBot/7.0; +http://ahrefs.com/robot/)" "www.metrocrimedaily.com"
69.63.184.3 - - [02/Feb/2023:17:30:47 -0800] "GET /instagram-detroit/02-02-2023-1913373-A.jpg HTTP/1.1" 200 68395 "-" "facebookexternalhit/1.1 (+http://www.facebook.com/externalhit_uatext.php)" "www.metrocrimedaily.com"
51.222.253.9 - - [02/Feb/2023:17:32:01 -0800] "GET /CRIME-WATCH-AMERICA/CRIME-WATCH-DETROIT/unix/bin/?C=S;O=A HTTP/1.1" 200 2123 "-" "Mozilla/5.0 (compatible; AhrefsBot/7.0; +http://ahrefs.com/robot/)" "www.metrocrimedaily.com"
173.252.95.3 - - [02/Feb/2023:17:32:19 -0800] "GET /instagram-stlouis/02-02-2023-16402212-A.jpg HTTP/1.1" 200 507845 "-" "facebookexternalhit/1.1 (+http://www.facebook.com/externalhit_uatext.php)" "www.metrocrimedaily.com"
51.222.253.11 - - [02/Feb/2023:17:33:08 -0800] "GET /CRIME-WATCH-AMERICA/CRIME-WATCH-DETROIT/unix/bin/bison.exe HTTP/1.1" 200 67072 "-" "Mozilla/5.0 (compatible; AhrefsBot/7.0; +http://ahrefs.com/robot/)" "www.metrocrimedaily.com"
69.63.184.2 - - [02/Feb/2023:17:33:48 -0800] "GET /instagram-detroit/02-02-2023-1913374-A.jpg HTTP/1.1" 200 103444 "-" "facebookexternalhit/1.1 (+http://www.facebook.com/externalhit_uatext.php)" "www.metrocrimedaily.com"
51.222.253.1 - - [02/Feb/2023:17:34:05 -0800] "GET /CRIME-WATCH-AMERICA/CRIME-WATCH-DETROIT/unix/bin/chmod.exe HTTP/1.1" 200 14336 "-" "Mozilla/5.0 (compatible; AhrefsBot/7.0; +http://ahrefs.com/robot/)" "www.metrocrimedaily.com"
51.222.253.5 - - [02/Feb/2023:17:35:34 -0800] "GET /CRIME-WATCH-AMERICA/CRIME-WATCH-DETROIT/unix/bin/cksum.exe HTTP/1.1" 200 32768 "-" "Mozilla/5.0 (compatible; AhrefsBot/7.0; +http://ahrefs.com/robot/)" "www.metrocrimedaily.com"
69.63.184.5 - - [02/Feb/2023:17:35:46 -0800] "GET /instagram-dallas/02-02-2023-1919472-A.jpg HTTP/1.1" 200 222132 "-" "facebookexternalhit/1.1 (+http://www.facebook.com/externalhit_uatext.php)" "www.metrocrimedaily.com"
51.222.253.19 - - [02/Feb/2023:17:36:41 -0800] "GET /CRIME-WATCH-AMERICA/CRIME-WATCH-DETROIT/unix/bin/clear.bat HTTP/1.1" 200 21 "-" "Mozilla/5.0 (compatible; AhrefsBot/7.0; +http://ahrefs.com/robot/)" "www.metrocrimedaily.com"
173.252.95.118 - - [02/Feb/2023:17:37:14 -0800] "GET /instagram-neworleans/02-02-2023-1936511-A.jpg HTTP/1.1" 200 199292 "-" "facebookexternalhit/1.1 (+http://www.facebook.com/externalhit_uatext.php)" "www.metrocrimedaily.com"
51.222.253.4 - - [02/Feb/2023:17:37:51 -0800] "GET /CRIME-WATCH-AMERICA/CRIME-WATCH-DETROIT/unix/bin/comm.exe HTTP/1.1" 200 14336 "-" "Mozilla/5.0 (compatible; AhrefsBot/7.0; +http://ahrefs.com/robot/)" "www.metrocrimedaily.com"
51.222.253.3 - - [02/Feb/2023:17:38:44 -0800] "GET /CRIME-WATCH-AMERICA/CRIME-WATCH-DETROIT/unix/bin/cpio.exe HTTP/1.1" 200 38400 "-" "Mozilla/5.0 (compatible; AhrefsBot/7.0; +http://ahrefs.com/robot/)" "www.metrocrimedaily.com"
51.222.253.4 - - [02/Feb/2023:17:39:39 -0800] "GET /CRIME-WATCH-AMERICA/CRIME-WATCH-DETROIT/unix/bin/date.exe HTTP/1.1" 200 14336 "-" "Mozilla/5.0 (compatible; AhrefsBot/7.0; +http://ahrefs.com/robot/)" "www.metrocrimedaily.com"
51.222.253.15 - - [02/Feb/2023:17:40:39 -0800] "GET /CRIME-WATCH-AMERICA/CRIME-WATCH-DETROIT/unix/bin/diff.exe HTTP/1.1" 200 38912 "-" "Mozilla/5.0 (compatible; AhrefsBot/7.0; +http://ahrefs.com/robot/)" "www.metrocrimedaily.com"
51.222.253.19 - - [02/Feb/2023:17:41:38 -0800] "GET /CRIME-WATCH-AMERICA/CRIME-WATCH-DETROIT/unix/bin/diff3.exe HTTP/1.1" 200 19456 "-" "Mozilla/5.0 (compatible; AhrefsBot/7.0; +http://ahrefs.com/robot/)" "www.metrocrimedaily.com"
51.222.253.12 - - [02/Feb/2023:17:42:42 -0800] "GET /CRIME-WATCH-AMERICA/CRIME-WATCH-DETROIT/unix/bin/echo.exe HTTP/1.1" 200 9216 "-" "Mozilla/5.0 (compatible; AhrefsBot/7.0; +http://ahrefs.com/robot/)" "www.metrocrimedaily.com"
51.222.253.14 - - [02/Feb/2023:17:43:49 -0800] "GET /CRIME-WATCH-AMERICA/CRIME-WATCH-DETROIT/unix/bin/egrep.exe HTTP/1.1" 200 17408 "-" "Mozilla/5.0 (compatible; AhrefsBot/7.0; +http://ahrefs.com/robot/)" "www.metrocrimedaily.com"
51.222.253.18 - - [02/Feb/2023:17:44:56 -0800] "GET /CRIME-WATCH-AMERICA/CRIME-WATCH-DETROIT/unix/bin/elvis.exe HTTP/1.1" 200 127488 "-" "Mozilla/5.0 (compatible; AhrefsBot/7.0; +http://ahrefs.com/robot/)" "www.metrocrimedaily.com"
