173.252.95.15 - - [02/Feb/2023:07:27:48 -0800] "GET /instagram-losangeles/02-02-2023-0927002-A.jpg HTTP/1.1" 200 518042 "-" "facebookexternalhit/1.1 (+http://www.facebook.com/externalhit_uatext.php)" "www.metrocrimedaily.com"
69.63.184.120 - - [02/Feb/2023:07:28:50 -0800] "GET /instagram-atlanta/02-02-2023-0927321-A.jpg HTTP/1.1" 200 119250 "-" "facebookexternalhit/1.1 (+http://www.facebook.com/externalhit_uatext.php)" "www.metrocrimedaily.com"
173.252.95.116 - - [02/Feb/2023:07:31:48 -0800] "GET /instagram-houston/02-02-2023-0900542-A.jpg HTTP/1.1" 200 196718 "-" "facebookexternalhit/1.1 (+http://www.facebook.com/externalhit_uatext.php)" "www.metrocrimedaily.com"
69.63.184.2 - - [02/Feb/2023:07:39:40 -0800] "GET /instagram-chicago/02-02-2023-0939181-A.jpg HTTP/1.1" 200 87526 "-" "facebookexternalhit/1.1 (+http://www.facebook.com/externalhit_uatext.php)" "www.metrocrimedaily.com"
34.87.94.148 - - [02/Feb/2023:07:44:51 -0800] "GET /wp-login.php HTTP/1.1" 404 88 "" "Mozilla/5.0 (Windows NT 10.0; Win64; x64; rv:108.0) Gecko/20100101 Firefox/108.0" "metrocrimedaily.com"
52.167.144.32 - - [02/Feb/2023:07:45:56 -0800] "GET /instagram-chicago/11-20-2022-0643491-Club-Q-shooting--News-conference-at-8-a.m.-Sunday.txt HTTP/1.1" 404 88 "-" "Mozilla/5.0 AppleWebKit/537.36 (KHTML, like Gecko; compatible; bingbot/2.0; +http://www.bing.com/bingbot.htm) Chrome/103.0.5060.134 Safari/537.36" "metrocrimedaily.com"
51.222.253.16 - - [02/Feb/2023:07:46:18 -0800] "GET /instagram-houston/videos/?C=M;O=A HTTP/1.1" 200 438 "-" "Mozilla/5.0 (compatible; AhrefsBot/7.0; +http://ahrefs.com/robot/)" "metrocrimedaily.com"
52.167.144.81 - - [02/Feb/2023:07:50:06 -0800] "GET /ktla.com.com HTTP/1.1" 404 88 "-" "Mozilla/5.0 AppleWebKit/537.36 (KHTML, like Gecko; compatible; bingbot/2.0; +http://www.bing.com/bingbot.htm) Chrome/103.0.5060.134 Safari/537.36" "metrocrimedaily.com"
52.167.144.32 - - [02/Feb/2023:07:54:57 -0800] "GET /instagram-atlanta/10-17-2022-0746032-Felon-accused-of-trying-to-run-over-LaGrange-offi.txt HTTP/1.1" 404 88 "-" "Mozilla/5.0 AppleWebKit/537.36 (KHTML, like Gecko; compatible; bingbot/2.0; +http://www.bing.com/bingbot.htm) Chrome/103.0.5060.134 Safari/537.36" "www.metrocrimedaily.com"
24.199.126.174 - - [02/Feb/2023:07:56:43 -0800] "GET / HTTP/1.1" 200 11922 "-" "python-requests/2.26.0" "metrocrimedaily.com"
40.77.167.212 - - [02/Feb/2023:07:58:29 -0800] "GET /index-miami.html HTTP/1.1" 200 7838 "-" "Mozilla/5.0 AppleWebKit/537.36 (KHTML, like Gecko; compatible; bingbot/2.0; +http://www.bing.com/bingbot.htm) Chrome/103.0.5060.134 Safari/537.36" "metrocrimedaily.com"
69.63.184.117 - - [02/Feb/2023:07:59:23 -0800] "GET /instagram-atlanta/02-02-2023-0927322-A.jpg HTTP/1.1" 200 218531 "-" "facebookexternalhit/1.1 (+http://www.facebook.com/externalhit_uatext.php)" "www.metrocrimedaily.com"
114.119.159.37 - - [02/Feb/2023:08:02:17 -0800] "GET /instagram-atlanta/post-later/01-27-2023-2255193-Police-name-2-suspects-after-KSU-student-attacked.txt HTTP/1.1" 404 88 "https://metrocrimedaily.com/instagram-atlanta/post-later/" "Mozilla/5.0 (Linux; Android 7.0;) AppleWebKit/537.36 (KHTML, like Gecko) Mobile Safari/537.36 (compatible; PetalBot;+https://webmaster.petalsearch.com/site/petalbot)" "metrocrimedaily.com"
173.252.95.17 - - [02/Feb/2023:08:02:22 -0800] "GET /instagram-houston/02-02-2023-0900543-A.jpg HTTP/1.1" 200 220245 "-" "facebookexternalhit/1.1 (+http://www.facebook.com/externalhit_uatext.php)" "www.metrocrimedaily.com"
173.252.95.12 - - [02/Feb/2023:08:04:54 -0800] "GET /instagram-miami/02-02-2023-1004251-A.jpg HTTP/1.1" 200 414378 "-" "facebookexternalhit/1.1 (+http://www.facebook.com/externalhit_uatext.php)" "www.metrocrimedaily.com"
173.252.95.5 - - [02/Feb/2023:08:09:22 -0800] "GET /instagram-losangeles/02-02-2023-1008591-A.jpg HTTP/1.1" 200 171431 "-" "facebookexternalhit/1.1 (+http://www.facebook.com/externalhit_uatext.php)" "www.metrocrimedaily.com"
51.222.253.15 - - [02/Feb/2023:08:10:01 -0800] "GET /instagram-houston/videos/?C=N;O=D HTTP/1.1" 200 436 "-" "Mozilla/5.0 (compatible; AhrefsBot/7.0; +http://ahrefs.com/robot/)" "metrocrimedaily.com"
69.63.184.2 - - [02/Feb/2023:08:14:19 -0800] "GET /instagram-dallas/02-02-2023-1013571-A.jpg HTTP/1.1" 200 176494 "-" "facebookexternalhit/1.1 (+http://www.facebook.com/externalhit_uatext.php)" "www.metrocrimedaily.com"
51.222.253.9 - - [02/Feb/2023:08:21:46 -0800] "GET /instagram-houston/videos/?C=S;O=A HTTP/1.1" 200 438 "-" "Mozilla/5.0 (compatible; AhrefsBot/7.0; +http://ahrefs.com/robot/)" "metrocrimedaily.com"
51.222.253.14 - - [02/Feb/2023:08:22:41 -0800] "GET /instagram-memphis/02-02-2023-0501591-Child-shot-overnight-in-Parkway-Village--police-s.txt HTTP/1.1" 200 453 "-" "Mozilla/5.0 (compatible; AhrefsBot/7.0; +http://ahrefs.com/robot/)" "metrocrimedaily.com"
51.222.253.5 - - [02/Feb/2023:08:22:49 -0800] "GET /instagram-memphis/02-02-2023-0559151-WATCH--Child-shot-overnight-in-Parkway-Village--p.txt HTTP/1.1" 200 53 "-" "Mozilla/5.0 (compatible; AhrefsBot/7.0; +http://ahrefs.com/robot/)" "metrocrimedaily.com"
51.222.253.17 - - [02/Feb/2023:08:22:53 -0800] "GET /CRIME-WATCH-AMERICA/GOOD_BARBER_APP-MAKER/INSTALL-CRIME-WATCH-HOUSTON/CRIME-WATCH-HOUSTON/WIP/backup/?C=D;O=D HTTP/1.1" 200 429 "-" "Mozilla/5.0 (compatible; AhrefsBot/7.0; +http://ahrefs.com/robot/)" "metrocrimedaily.com"
51.222.253.7 - - [02/Feb/2023:08:22:57 -0800] "GET /CRIME-WATCH-AMERICA/GOOD_BARBER_APP-MAKER/INSTALL-CRIME-WATCH-HOUSTON/CRIME-WATCH-HOUSTON/WIP/backup/?C=M;O=D HTTP/1.1" 200 429 "-" "Mozilla/5.0 (compatible; AhrefsBot/7.0; +http://ahrefs.com/robot/)" "metrocrimedaily.com"
51.222.253.7 - - [02/Feb/2023:08:23:02 -0800] "GET /CRIME-WATCH-AMERICA/GOOD_BARBER_APP-MAKER/INSTALL-CRIME-WATCH-HOUSTON/CRIME-WATCH-HOUSTON/WIP/backup/?C=S;O=D HTTP/1.1" 200 429 "-" "Mozilla/5.0 (compatible; AhrefsBot/7.0; +http://ahrefs.com/robot/)" "metrocrimedaily.com"
51.222.253.17 - - [02/Feb/2023:08:23:10 -0800] "GET /instagram-memphis/02-01-2023-1236031-Chrisley---s-daughter-describes----toughest-week-.txt HTTP/1.1" 200 1053 "-" "Mozilla/5.0 (compatible; AhrefsBot/7.0; +http://ahrefs.com/robot/)" "www.metrocrimedaily.com"
51.222.253.15 - - [02/Feb/2023:08:23:16 -0800] "GET /instagram-memphis/02-01-2023-1236032-Eagles-offensive-lineman-Josh-Sills-indicted-for-.txt HTTP/1.1" 200 775 "-" "Mozilla/5.0 (compatible; AhrefsBot/7.0; +http://ahrefs.com/robot/)" "www.metrocrimedaily.com"
51.222.253.12 - - [02/Feb/2023:08:23:19 -0800] "GET /instagram-memphis/02-01-2023-1236033-One-person-killed--three-injured-by-gunman-at-DC-.txt HTTP/1.1" 200 882 "-" "Mozilla/5.0 (compatible; AhrefsBot/7.0; +http://ahrefs.com/robot/)" "www.metrocrimedaily.com"
51.222.253.20 - - [02/Feb/2023:08:23:32 -0800] "GET /instagram-memphis/02-01-2023-1416381-Man-sentenced-to-120-years-for----demonic----murd.txt HTTP/1.1" 200 1096 "-" "Mozilla/5.0 (compatible; AhrefsBot/7.0; +http://ahrefs.com/robot/)" "www.metrocrimedaily.com"
51.222.253.17 - - [02/Feb/2023:08:23:34 -0800] "GET /instagram-memphis/02-01-2023-1526011-WATCH--Family-attorney-Ben-Crump-demands-justice-.txt HTTP/1.1" 200 53 "-" "Mozilla/5.0 (compatible; AhrefsBot/7.0; +http://ahrefs.com/robot/)" "www.metrocrimedaily.com"
51.222.253.12 - - [02/Feb/2023:08:23:37 -0800] "GET /instagram-memphis/02-01-2023-1637351----Dances-With-Wolves----actor-Nathan-Chasing-Hor.txt HTTP/1.1" 200 1080 "-" "Mozilla/5.0 (compatible; AhrefsBot/7.0; +http://ahrefs.com/robot/)" "www.metrocrimedaily.com"
51.222.253.16 - - [02/Feb/2023:08:23:39 -0800] "GET /instagram-memphis/02-01-2023-1749061-Oregon-torture--kidnap-suspect-killed-2-men-befor.txt HTTP/1.1" 200 1102 "-" "Mozilla/5.0 (compatible; AhrefsBot/7.0; +http://ahrefs.com/robot/)" "www.metrocrimedaily.com"
51.222.253.1 - - [02/Feb/2023:08:23:40 -0800] "GET /instagram-memphis/02-01-2023-1832141-Former-celebrity-lawyer-Tom-Girardi-accused-of-em.txt HTTP/1.1" 200 1036 "-" "Mozilla/5.0 (compatible; AhrefsBot/7.0; +http://ahrefs.com/robot/)" "www.metrocrimedaily.com"
51.222.253.7 - - [02/Feb/2023:08:23:41 -0800] "GET /instagram-memphis/02-01-2023-1915281-New-Jersey-Devils-assistant-Andrew-Brunette-arres.txt HTTP/1.1" 200 958 "-" "Mozilla/5.0 (compatible; AhrefsBot/7.0; +http://ahrefs.com/robot/)" "www.metrocrimedaily.com"
51.222.253.19 - - [02/Feb/2023:08:23:42 -0800] "GET /instagram-memphis/02-01-2023-2029071----He-was-just-opening-presents-with-his-son-----.txt HTTP/1.1" 200 1083 "-" "Mozilla/5.0 (compatible; AhrefsBot/7.0; +http://ahrefs.com/robot/)" "www.metrocrimedaily.com"
51.222.253.12 - - [02/Feb/2023:08:23:42 -0800] "GET /instagram-memphis/02-01-2023-2138161-Worker-at-New-Jersey-gas-station-injured-while-tr.txt HTTP/1.1" 200 859 "-" "Mozilla/5.0 (compatible; AhrefsBot/7.0; +http://ahrefs.com/robot/)" "www.metrocrimedaily.com"
51.222.253.9 - - [02/Feb/2023:08:23:43 -0800] "GET /instagram-memphis/02-02-2023-0501591-Child-shot-overnight-in-Parkway-Village--police-s.txt HTTP/1.1" 200 453 "-" "Mozilla/5.0 (compatible; AhrefsBot/7.0; +http://ahrefs.com/robot/)" "www.metrocrimedaily.com"
51.222.253.10 - - [02/Feb/2023:08:23:43 -0800] "GET /instagram-memphis/02-02-2023-0559151-WATCH--Child-shot-overnight-in-Parkway-Village--p.txt HTTP/1.1" 200 53 "-" "Mozilla/5.0 (compatible; AhrefsBot/7.0; +http://ahrefs.com/robot/)" "www.metrocrimedaily.com"
51.222.253.18 - - [02/Feb/2023:08:23:44 -0800] "GET /instagram-houston/02-01-2023-1134242-Virginia-Beach-police-say-man-who-died-in-standof.txt HTTP/1.1" 200 1106 "-" "Mozilla/5.0 (compatible; AhrefsBot/7.0; +http://ahrefs.com/robot/)" "metrocrimedaily.com"
51.222.253.10 - - [02/Feb/2023:08:23:44 -0800] "GET /instagram-houston/02-01-2023-1326411-20-attorneys-general-warn-Walgreens--CVS-over-abo.txt HTTP/1.1" 200 1138 "-" "Mozilla/5.0 (compatible; AhrefsBot/7.0; +http://ahrefs.com/robot/)" "metrocrimedaily.com"
51.222.253.19 - - [02/Feb/2023:08:23:45 -0800] "GET /instagram-houston/02-01-2023-1326412-McHenry-Co.-Board-to-consider-resolution-denounci.txt HTTP/1.1" 200 890 "-" "Mozilla/5.0 (compatible; AhrefsBot/7.0; +http://ahrefs.com/robot/)" "metrocrimedaily.com"
51.222.253.19 - - [02/Feb/2023:08:23:45 -0800] "GET /instagram-houston/02-01-2023-1326413-Radioactive-capsule-found-in-Australia-could-have.txt HTTP/1.1" 200 1107 "-" "Mozilla/5.0 (compatible; AhrefsBot/7.0; +http://ahrefs.com/robot/)" "metrocrimedaily.com"
51.222.253.9 - - [02/Feb/2023:08:23:46 -0800] "GET /instagram-houston/02-01-2023-1936081-4-recent-Harris-Co.-jail-deaths-cause-families-to.txt HTTP/1.1" 200 1081 "-" "Mozilla/5.0 (compatible; AhrefsBot/7.0; +http://ahrefs.com/robot/)" "metrocrimedaily.com"
51.222.253.8 - - [02/Feb/2023:08:23:46 -0800] "GET /instagram-houston/02-01-2023-1936082----He-was-just-opening-presents-with-his-son-----.txt HTTP/1.1" 200 49 "-" "Mozilla/5.0 (compatible; AhrefsBot/7.0; +http://ahrefs.com/robot/)" "metrocrimedaily.com"
51.222.253.5 - - [02/Feb/2023:08:23:47 -0800] "GET /instagram-houston/02-01-2023-1936084-Amber-Alert-issued-for-4-month-old-boy--1-year-ol.txt HTTP/1.1" 200 471 "-" "Mozilla/5.0 (compatible; AhrefsBot/7.0; +http://ahrefs.com/robot/)" "metrocrimedaily.com"
51.222.253.11 - - [02/Feb/2023:08:23:47 -0800] "GET /instagram-houston/02-01-2023-1936086-Man-charged-after-threatening-to-hurt-himself-wit.txt HTTP/1.1" 200 687 "-" "Mozilla/5.0 (compatible; AhrefsBot/7.0; +http://ahrefs.com/robot/)" "metrocrimedaily.com"
51.222.253.4 - - [02/Feb/2023:08:23:48 -0800] "GET /instagram-houston/02-01-2023-1936087-Former-HPD-officer-in-botched-2019-drug-raid-has-.txt HTTP/1.1" 200 864 "-" "Mozilla/5.0 (compatible; AhrefsBot/7.0; +http://ahrefs.com/robot/)" "metrocrimedaily.com"
51.222.253.20 - - [02/Feb/2023:08:23:48 -0800] "GET /instagram-houston/02-01-2023-2214421-Harris-County-mother-allowed-boyfriend-to-abuse-h.txt HTTP/1.1" 200 520 "-" "Mozilla/5.0 (compatible; AhrefsBot/7.0; +http://ahrefs.com/robot/)" "metrocrimedaily.com"
51.222.253.20 - - [02/Feb/2023:08:23:49 -0800] "GET /instagram-houston/02-01-2023-2214422-How-to-safeguard-your-personal-information-in-wak.txt HTTP/1.1" 200 597 "-" "Mozilla/5.0 (compatible; AhrefsBot/7.0; +http://ahrefs.com/robot/)" "metrocrimedaily.com"
51.222.253.7 - - [02/Feb/2023:08:23:49 -0800] "GET /instagram-houston/02-01-2023-2214423-Hunter-Biden-seeks-federal-probe-of-Trump-allies-.txt HTTP/1.1" 200 1143 "-" "Mozilla/5.0 (compatible; AhrefsBot/7.0; +http://ahrefs.com/robot/)" "metrocrimedaily.com"
51.222.253.6 - - [02/Feb/2023:08:23:50 -0800] "GET /instagram-houston/02-01-2023-2214424-Naperville-man-struck-by-car--killed-near-Edward-.txt HTTP/1.1" 200 441 "-" "Mozilla/5.0 (compatible; AhrefsBot/7.0; +http://ahrefs.com/robot/)" "metrocrimedaily.com"
51.222.253.17 - - [02/Feb/2023:08:23:51 -0800] "GET /instagram-houston/02-02-2023-0015481-4-shot-at-Texas-City-apartment-complex--police-sa.txt HTTP/1.1" 200 49 "-" "Mozilla/5.0 (compatible; AhrefsBot/7.0; +http://ahrefs.com/robot/)" "metrocrimedaily.com"
51.222.253.4 - - [02/Feb/2023:08:23:51 -0800] "GET /instagram-houston/02-02-2023-0645231-Man-shot-by-Montgomery-County-deputies-gave-descr.txt HTTP/1.1" 200 713 "-" "Mozilla/5.0 (compatible; AhrefsBot/7.0; +http://ahrefs.com/robot/)" "metrocrimedaily.com"
51.222.253.17 - - [02/Feb/2023:08:23:52 -0800] "GET /instagram-houston/?C=N;O=A HTTP/1.1" 200 1871 "-" "Mozilla/5.0 (compatible; AhrefsBot/7.0; +http://ahrefs.com/robot/)" "metrocrimedaily.com"
51.222.253.15 - - [02/Feb/2023:08:23:52 -0800] "GET /instagram-dallas/post-later/?C=D;O=D HTTP/1.1" 200 839 "-" "Mozilla/5.0 (compatible; AhrefsBot/7.0; +http://ahrefs.com/robot/)" "metrocrimedaily.com"
51.222.253.10 - - [02/Feb/2023:08:23:52 -0800] "GET /instagram-dallas/post-later/?C=S;O=D HTTP/1.1" 200 841 "-" "Mozilla/5.0 (compatible; AhrefsBot/7.0; +http://ahrefs.com/robot/)" "metrocrimedaily.com"
51.222.253.10 - - [02/Feb/2023:08:23:53 -0800] "GET /instagram-dallas/?C=S;O=D HTTP/1.1" 200 1709 "-" "Mozilla/5.0 (compatible; AhrefsBot/7.0; +http://ahrefs.com/robot/)" "metrocrimedaily.com"
51.222.253.6 - - [02/Feb/2023:08:23:53 -0800] "GET /instagram-houston/?C=D;O=D HTTP/1.1" 200 1862 "-" "Mozilla/5.0 (compatible; AhrefsBot/7.0; +http://ahrefs.com/robot/)" "metrocrimedaily.com"
51.222.253.9 - - [02/Feb/2023:08:23:54 -0800] "GET /instagram-houston/?C=M;O=D HTTP/1.1" 200 1856 "-" "Mozilla/5.0 (compatible; AhrefsBot/7.0; +http://ahrefs.com/robot/)" "metrocrimedaily.com"
51.222.253.8 - - [02/Feb/2023:08:23:54 -0800] "GET /instagram-houston/?C=S;O=D HTTP/1.1" 200 1885 "-" "Mozilla/5.0 (compatible; AhrefsBot/7.0; +http://ahrefs.com/robot/)" "metrocrimedaily.com"
51.222.253.7 - - [02/Feb/2023:08:23:55 -0800] "GET /instagram-houston/post-later/02-01-2023-11342410-Live--Alex-Murdaugh-murder-trial-livestream---Feb.txt HTTP/1.1" 200 196 "-" "Mozilla/5.0 (compatible; AhrefsBot/7.0; +http://ahrefs.com/robot/)" "metrocrimedaily.com"
51.222.253.7 - - [02/Feb/2023:08:23:56 -0800] "GET /instagram-houston/post-later/02-01-2023-1134243-Former-Cut-and-Shoot-assistant-police-chief-recei.txt HTTP/1.1" 200 596 "-" "Mozilla/5.0 (compatible; AhrefsBot/7.0; +http://ahrefs.com/robot/)" "metrocrimedaily.com"
51.222.253.2 - - [02/Feb/2023:08:23:56 -0800] "GET /instagram-houston/post-later/02-01-2023-1134244-58-iPhones-went-missing-from-a-Galveston-County-s.txt HTTP/1.1" 200 492 "-" "Mozilla/5.0 (compatible; AhrefsBot/7.0; +http://ahrefs.com/robot/)" "metrocrimedaily.com"
51.222.253.1 - - [02/Feb/2023:08:23:57 -0800] "GET /instagram-houston/post-later/02-01-2023-1134245-Florida-sheriff-sued-for-defamation-from--Wheel-o.txt HTTP/1.1" 200 977 "-" "Mozilla/5.0 (compatible; AhrefsBot/7.0; +http://ahrefs.com/robot/)" "metrocrimedaily.com"
51.222.253.4 - - [02/Feb/2023:08:23:57 -0800] "GET /instagram-houston/post-later/02-01-2023-1134246-Biden-lawyer--FBI-searching-Biden-s-Delaware-vaca.txt HTTP/1.1" 200 1023 "-" "Mozilla/5.0 (compatible; AhrefsBot/7.0; +http://ahrefs.com/robot/)" "metrocrimedaily.com"
51.222.253.20 - - [02/Feb/2023:08:23:58 -0800] "GET /instagram-houston/post-later/02-01-2023-1134247-FBI-searches-President-Biden---s-Delaware-home-as.txt HTTP/1.1" 200 1121 "-" "Mozilla/5.0 (compatible; AhrefsBot/7.0; +http://ahrefs.com/robot/)" "metrocrimedaily.com"
51.222.253.2 - - [02/Feb/2023:08:23:59 -0800] "GET /instagram-houston/post-later/02-01-2023-1134248-Oregon-kidnapping-suspect-dies-of-self-inflicted-.txt HTTP/1.1" 200 1074 "-" "Mozilla/5.0 (compatible; AhrefsBot/7.0; +http://ahrefs.com/robot/)" "metrocrimedaily.com"
51.222.253.18 - - [02/Feb/2023:08:23:59 -0800] "GET /instagram-houston/post-later/02-01-2023-1134249-Drowned-teen-in-James-City-had-big-dreams-in-golf.txt HTTP/1.1" 200 1120 "-" "Mozilla/5.0 (compatible; AhrefsBot/7.0; +http://ahrefs.com/robot/)" "metrocrimedaily.com"
51.222.253.18 - - [02/Feb/2023:08:23:59 -0800] "GET /instagram-houston/post-later/02-01-2023-1326415-28-year-old-man-shot-and-killed-in-Newport-News%3B-.txt HTTP/1.1" 200 1015 "-" "Mozilla/5.0 (compatible; AhrefsBot/7.0; +http://ahrefs.com/robot/)" "metrocrimedaily.com"
51.222.253.10 - - [02/Feb/2023:08:24:00 -0800] "GET /instagram-houston/post-later/02-01-2023-1326416-Cohen-says-DA-took-phones-for-renewed-Trump-hush-.txt HTTP/1.1" 200 1124 "-" "Mozilla/5.0 (compatible; AhrefsBot/7.0; +http://ahrefs.com/robot/)" "metrocrimedaily.com"
51.222.253.7 - - [02/Feb/2023:08:24:00 -0800] "GET /instagram-houston/post-later/02-01-2023-1527051-U.S.-Attorney---s-Office-launches-new-effort-to-c.txt HTTP/1.1" 200 991 "-" "Mozilla/5.0 (compatible; AhrefsBot/7.0; +http://ahrefs.com/robot/)" "metrocrimedaily.com"
51.222.253.17 - - [02/Feb/2023:08:24:01 -0800] "GET /instagram-houston/post-later/02-01-2023-1527052-California-seeks-new-gun-restrictions-following-s.txt HTTP/1.1" 200 1140 "-" "Mozilla/5.0 (compatible; AhrefsBot/7.0; +http://ahrefs.com/robot/)" "metrocrimedaily.com"
51.222.253.6 - - [02/Feb/2023:08:24:02 -0800] "GET /instagram-houston/post-later/02-01-2023-1527053-Biden-lawyer--FBI-finds-no-classified-documents-a.txt HTTP/1.1" 200 1058 "-" "Mozilla/5.0 (compatible; AhrefsBot/7.0; +http://ahrefs.com/robot/)" "metrocrimedaily.com"
51.222.253.18 - - [02/Feb/2023:08:24:02 -0800] "GET /instagram-houston/post-later/02-01-2023-1527054-High-school-wrestling-team-under-sexual-assault-i.txt HTTP/1.1" 200 917 "-" "Mozilla/5.0 (compatible; AhrefsBot/7.0; +http://ahrefs.com/robot/)" "metrocrimedaily.com"
51.222.253.10 - - [02/Feb/2023:08:24:03 -0800] "GET /instagram-houston/post-later/02-01-2023-1621571-Dallas-Zoo--Timeline-of-suspicious-events-that-po.txt HTTP/1.1" 200 987 "-" "Mozilla/5.0 (compatible; AhrefsBot/7.0; +http://ahrefs.com/robot/)" "metrocrimedaily.com"
51.222.253.10 - - [02/Feb/2023:08:24:03 -0800] "GET /instagram-houston/post-later/02-01-2023-1621573----He-was-just-opening-presents-with-his-son-----.txt HTTP/1.1" 200 1061 "-" "Mozilla/5.0 (compatible; AhrefsBot/7.0; +http://ahrefs.com/robot/)" "metrocrimedaily.com"
51.222.253.18 - - [02/Feb/2023:08:24:04 -0800] "GET /instagram-houston/post-later/02-01-2023-1725381-Police--Oregon-kidnap-suspect-killed-2-men-before.txt HTTP/1.1" 200 1074 "-" "Mozilla/5.0 (compatible; AhrefsBot/7.0; +http://ahrefs.com/robot/)" "metrocrimedaily.com"
51.222.253.6 - - [02/Feb/2023:08:24:04 -0800] "GET /instagram-houston/post-later/02-01-2023-1725382-Conroe-area-asst.-police-chief-given-80-years--se.txt HTTP/1.1" 200 1127 "-" "Mozilla/5.0 (compatible; AhrefsBot/7.0; +http://ahrefs.com/robot/)" "metrocrimedaily.com"
51.222.253.14 - - [02/Feb/2023:08:24:04 -0800] "GET /instagram-houston/post-later/02-01-2023-1725383-Environmental-advocates-push-feds-to-investigate-.txt HTTP/1.1" 200 1102 "-" "Mozilla/5.0 (compatible; AhrefsBot/7.0; +http://ahrefs.com/robot/)" "metrocrimedaily.com"
51.222.253.8 - - [02/Feb/2023:08:24:05 -0800] "GET /instagram-houston/post-later/02-01-2023-1725384-12-squirrel-monkeys-were-stolen-from-Louisiana-zo.txt HTTP/1.1" 200 1074 "-" "Mozilla/5.0 (compatible; AhrefsBot/7.0; +http://ahrefs.com/robot/)" "metrocrimedaily.com"
51.222.253.17 - - [02/Feb/2023:08:24:05 -0800] "GET /instagram-houston/post-later/02-01-2023-1725385-The-Evidence-Room--Episode-9---%C3%83%C2%B4-The-Candy-Man---.txt HTTP/1.1" 200 860 "-" "Mozilla/5.0 (compatible; AhrefsBot/7.0; +http://ahrefs.com/robot/)" "metrocrimedaily.com"
51.222.253.9 - - [02/Feb/2023:08:24:06 -0800] "GET /instagram-houston/post-later/02-01-2023-1725386-Man-convicted-of-2007-deadly-shooting-of-Dallas-o.txt HTTP/1.1" 200 1123 "-" "Mozilla/5.0 (compatible; AhrefsBot/7.0; +http://ahrefs.com/robot/)" "metrocrimedaily.com"
51.222.253.5 - - [02/Feb/2023:08:24:07 -0800] "GET /instagram-houston/post-later/02-01-2023-1825311-Virginia-man-gets-life-sentence-in-shooting-death.txt HTTP/1.1" 200 731 "-" "Mozilla/5.0 (compatible; AhrefsBot/7.0; +http://ahrefs.com/robot/)" "metrocrimedaily.com"
51.222.253.7 - - [02/Feb/2023:08:24:07 -0800] "GET /instagram-houston/post-later/02-01-2023-1825312-Nebraska-man-who-shot-inside-Target-got-rifle-4-d.txt HTTP/1.1" 200 1079 "-" "Mozilla/5.0 (compatible; AhrefsBot/7.0; +http://ahrefs.com/robot/)" "metrocrimedaily.com"
51.222.253.1 - - [02/Feb/2023:08:24:08 -0800] "GET /instagram-houston/post-later/02-01-2023-1825315--They-destroyed-it----Woman-calls-for-City-of-Gal.txt HTTP/1.1" 200 1018 "-" "Mozilla/5.0 (compatible; AhrefsBot/7.0; +http://ahrefs.com/robot/)" "metrocrimedaily.com"
51.222.253.19 - - [02/Feb/2023:08:24:08 -0800] "GET /instagram-houston/post-later/02-01-2023-1936088-Man-mauled-to-death-by-dogs-in-NW-Houston--police.txt HTTP/1.1" 200 678 "-" "Mozilla/5.0 (compatible; AhrefsBot/7.0; +http://ahrefs.com/robot/)" "metrocrimedaily.com"
51.222.253.9 - - [02/Feb/2023:08:24:09 -0800] "GET /instagram-houston/post-later/02-01-2023-2214426-3-charged-with-stealing-$1-668-in-perfume-from-Wa.txt HTTP/1.1" 200 1101 "-" "Mozilla/5.0 (compatible; AhrefsBot/7.0; +http://ahrefs.com/robot/)" "metrocrimedaily.com"
51.222.253.6 - - [02/Feb/2023:08:24:09 -0800] "GET /instagram-houston/post-later/02-01-2023-2214427-Cars-burglarized-at-four-Houston-area-apartment-c.txt HTTP/1.1" 200 1060 "-" "Mozilla/5.0 (compatible; AhrefsBot/7.0; +http://ahrefs.com/robot/)" "metrocrimedaily.com"
51.222.253.14 - - [02/Feb/2023:08:24:10 -0800] "GET /instagram-houston/post-later/02-01-2023-2214428-Houston-police-investigating-after-man-was-killed.txt HTTP/1.1" 200 570 "-" "Mozilla/5.0 (compatible; AhrefsBot/7.0; +http://ahrefs.com/robot/)" "metrocrimedaily.com"
51.222.253.16 - - [02/Feb/2023:08:24:10 -0800] "GET /instagram-houston/post-later/02-02-2023-0015482-4-shot-at-Texas-City-apartment-complex--police-sa.txt HTTP/1.1" 200 413 "-" "Mozilla/5.0 (compatible; AhrefsBot/7.0; +http://ahrefs.com/robot/)" "metrocrimedaily.com"
51.222.253.2 - - [02/Feb/2023:08:24:11 -0800] "GET /instagram-houston/post-later/02-02-2023-0015483-Investigation-underway-after-multiple-shots-fired.txt HTTP/1.1" 200 659 "-" "Mozilla/5.0 (compatible; AhrefsBot/7.0; +http://ahrefs.com/robot/)" "metrocrimedaily.com"
51.222.253.13 - - [02/Feb/2023:08:24:11 -0800] "GET /instagram-houston/post-later/02-02-2023-0015485-Woman-charged-with-concealing-death-of-mother-fou.txt HTTP/1.1" 200 458 "-" "Mozilla/5.0 (compatible; AhrefsBot/7.0; +http://ahrefs.com/robot/)" "metrocrimedaily.com"
51.222.253.18 - - [02/Feb/2023:08:24:12 -0800] "GET /instagram-houston/post-later/?C=D;O=A HTTP/1.1" 200 2621 "-" "Mozilla/5.0 (compatible; AhrefsBot/7.0; +http://ahrefs.com/robot/)" "metrocrimedaily.com"
51.222.253.16 - - [02/Feb/2023:08:24:12 -0800] "GET /instagram-houston/post-later/?C=M;O=A HTTP/1.1" 200 2631 "-" "Mozilla/5.0 (compatible; AhrefsBot/7.0; +http://ahrefs.com/robot/)" "metrocrimedaily.com"
51.222.253.15 - - [02/Feb/2023:08:24:13 -0800] "GET /instagram-houston/post-later/?C=N;O=D HTTP/1.1" 200 2605 "-" "Mozilla/5.0 (compatible; AhrefsBot/7.0; +http://ahrefs.com/robot/)" "metrocrimedaily.com"
51.222.253.2 - - [02/Feb/2023:08:24:13 -0800] "GET /instagram-houston/post-later/?C=S;O=A HTTP/1.1" 200 2646 "-" "Mozilla/5.0 (compatible; AhrefsBot/7.0; +http://ahrefs.com/robot/)" "metrocrimedaily.com"
51.222.253.5 - - [02/Feb/2023:08:24:14 -0800] "GET /CRIME-WATCH-AMERICA/GOOD_BARBER_APP-MAKER/INSTALL-CRIME-WATCH-HOUSTON/CRIME-WATCH-HOUSTON/WIP/?C=M;O=D HTTP/1.1" 200 1128 "-" "Mozilla/5.0 (compatible; AhrefsBot/7.0; +http://ahrefs.com/robot/)" "metrocrimedaily.com"
51.222.253.8 - - [02/Feb/2023:08:24:14 -0800] "GET /CRIME-WATCH-AMERICA/GOOD_BARBER_APP-MAKER/INSTALL-CRIME-WATCH-HOUSTON/CRIME-WATCH-HOUSTON/WIP/?C=S;O=D HTTP/1.1" 200 1159 "-" "Mozilla/5.0 (compatible; AhrefsBot/7.0; +http://ahrefs.com/robot/)" "metrocrimedaily.com"
51.222.253.5 - - [02/Feb/2023:08:24:15 -0800] "GET /instagram-houston/?C=N;O=D HTTP/1.1" 200 1862 "-" "Mozilla/5.0 (compatible; AhrefsBot/7.0; +http://ahrefs.com/robot/)" "metrocrimedaily.com"
51.222.253.17 - - [02/Feb/2023:08:24:15 -0800] "GET /instagram-atlanta/01-28-2023-0802291-Woman-shot-in-the-leg-in-Atlanta-on-the-way-to-pa.txt HTTP/1.1" 404 88 "-" "Mozilla/5.0 (compatible; AhrefsBot/7.0; +http://ahrefs.com/robot/)" "metrocrimedaily.com"
51.222.253.6 - - [02/Feb/2023:08:24:16 -0800] "GET /instagram-atlanta/01-28-2023-0802292-18-year-old-woman-shot-while-sitting-in-car-in-so.txt HTTP/1.1" 404 88 "-" "Mozilla/5.0 (compatible; AhrefsBot/7.0; +http://ahrefs.com/robot/)" "metrocrimedaily.com"
51.222.253.9 - - [02/Feb/2023:08:24:16 -0800] "GET /instagram-atlanta/01-28-2023-2306031-Atlanta-police-searching-for-suspect-accused-of-s.txt HTTP/1.1" 404 88 "-" "Mozilla/5.0 (compatible; AhrefsBot/7.0; +http://ahrefs.com/robot/)" "metrocrimedaily.com"
51.222.253.16 - - [02/Feb/2023:08:24:17 -0800] "GET /instagram-atlanta/01-29-2023-2216121-Former-UGA-quarterback-Stetson-Bennett-arrested-i.txt HTTP/1.1" 404 88 "-" "Mozilla/5.0 (compatible; AhrefsBot/7.0; +http://ahrefs.com/robot/)" "metrocrimedaily.com"
146.71.0.48 - - [02/Feb/2023:08:24:20 -0800] "GET / HTTP/1.1" 200 11922 "https://www.google.com/" "Mozilla/5.0 (iPhone; CPU iPhone OS 16_2 like Mac OS X) AppleWebKit/605.1.15 (KHTML, like Gecko) Version/16.2 Mobile/15E148 Safari/604.1" "www.metrocrimedaily.com"
146.71.0.48 - - [02/Feb/2023:08:24:21 -0800] "GET /styles-mcd.css HTTP/1.1" 200 1159 "http://www.metrocrimedaily.com/" "Mozilla/5.0 (iPhone; CPU iPhone OS 16_2 like Mac OS X) AppleWebKit/605.1.15 (KHTML, like Gecko) Version/16.2 Mobile/15E148 Safari/604.1" "www.metrocrimedaily.com"
146.71.0.48 - - [02/Feb/2023:08:24:22 -0800] "GET /images/crimeinthed-logo.jpg HTTP/1.1" 200 14960 "http://www.metrocrimedaily.com/" "Mozilla/5.0 (iPhone; CPU iPhone OS 16_2 like Mac OS X) AppleWebKit/605.1.15 (KHTML, like Gecko) Version/16.2 Mobile/15E148 Safari/604.1" "www.metrocrimedaily.com"
146.71.0.48 - - [02/Feb/2023:08:24:22 -0800] "GET /images/facebook-logo-tiny.png HTTP/1.1" 200 1280 "http://www.metrocrimedaily.com/" "Mozilla/5.0 (iPhone; CPU iPhone OS 16_2 like Mac OS X) AppleWebKit/605.1.15 (KHTML, like Gecko) Version/16.2 Mobile/15E148 Safari/604.1" "www.metrocrimedaily.com"
146.71.0.48 - - [02/Feb/2023:08:24:22 -0800] "GET /images/police-tape.jpg HTTP/1.1" 200 50766 "http://www.metrocrimedaily.com/" "Mozilla/5.0 (iPhone; CPU iPhone OS 16_2 like Mac OS X) AppleWebKit/605.1.15 (KHTML, like Gecko) Version/16.2 Mobile/15E148 Safari/604.1" "metrocrimedaily.com"
146.71.0.48 - - [02/Feb/2023:08:24:22 -0800] "GET /images/youtube-logo-tiny.png HTTP/1.1" 200 689 "http://www.metrocrimedaily.com/" "Mozilla/5.0 (iPhone; CPU iPhone OS 16_2 like Mac OS X) AppleWebKit/605.1.15 (KHTML, like Gecko) Version/16.2 Mobile/15E148 Safari/604.1" "www.metrocrimedaily.com"
146.71.0.48 - - [02/Feb/2023:08:24:22 -0800] "GET /images/twitter-logo-b-tiny.png HTTP/1.1" 200 1600 "http://www.metrocrimedaily.com/" "Mozilla/5.0 (iPhone; CPU iPhone OS 16_2 like Mac OS X) AppleWebKit/605.1.15 (KHTML, like Gecko) Version/16.2 Mobile/15E148 Safari/604.1" "www.metrocrimedaily.com"
146.71.0.48 - - [02/Feb/2023:08:24:33 -0800] "GET /favicon.ico HTTP/1.1" 404 88 "http://www.metrocrimedaily.com/" "Mozilla/5.0 (iPhone; CPU iPhone OS 16_2 like Mac OS X) AppleWebKit/605.1.15 (KHTML, like Gecko) Version/16.2 Mobile/15E148 Safari/604.1" "www.metrocrimedaily.com"
34.74.137.49 - - [02/Feb/2023:08:26:29 -0800] "GET / HTTP/1.1" 200 86122 "-" "Mozilla/5.0 (Windows NT 10.0; Win64; x64) AppleWebKit/537.36 (KHTML, like Gecko) Chrome/78.0.3904.108 Safari/537.36" "metrocrimedaily.com"
34.74.137.49 - - [02/Feb/2023:08:26:29 -0800] "GET / HTTP/1.1" 200 86122 "-" "Mozilla/5.0 (Windows NT 10.0; Win64; x64) AppleWebKit/537.36 (KHTML, like Gecko) Chrome/78.0.3904.108 Safari/537.36" "metrocrimedaily.com"
34.74.137.49 - - [02/Feb/2023:08:26:30 -0800] "GET /wp-includes/wlwmanifest.xml HTTP/1.1" 404 73 "-" "Mozilla/5.0 (Windows NT 10.0; Win64; x64) AppleWebKit/537.36 (KHTML, like Gecko) Chrome/78.0.3904.108 Safari/537.36" "metrocrimedaily.com"
34.74.137.49 - - [02/Feb/2023:08:26:30 -0800] "GET /xmlrpc.php?rsd HTTP/1.1" 404 73 "-" "Mozilla/5.0 (Windows NT 10.0; Win64; x64) AppleWebKit/537.36 (KHTML, like Gecko) Chrome/78.0.3904.108 Safari/537.36" "metrocrimedaily.com"
34.74.137.49 - - [02/Feb/2023:08:26:30 -0800] "GET / HTTP/1.1" 200 86122 "-" "Mozilla/5.0 (Windows NT 10.0; Win64; x64) AppleWebKit/537.36 (KHTML, like Gecko) Chrome/78.0.3904.108 Safari/537.36" "metrocrimedaily.com"
34.74.137.49 - - [02/Feb/2023:08:26:30 -0800] "GET /?author=1 HTTP/1.1" 200 86122 "-" "Mozilla/5.0 (Windows NT 10.0; Win64; x64) AppleWebKit/537.36 (KHTML, like Gecko) Chrome/78.0.3904.108 Safari/537.36" "metrocrimedaily.com"
34.74.137.49 - - [02/Feb/2023:08:26:30 -0800] "GET /?author=2 HTTP/1.1" 200 86122 "-" "Mozilla/5.0 (Windows NT 10.0; Win64; x64) AppleWebKit/537.36 (KHTML, like Gecko) Chrome/78.0.3904.108 Safari/537.36" "metrocrimedaily.com"
34.74.137.49 - - [02/Feb/2023:08:26:30 -0800] "GET /wp-json/wp/v2/users/ HTTP/1.1" 404 73 "-" "Mozilla/5.0 (Windows NT 10.0; Win64; x64) AppleWebKit/537.36 (KHTML, like Gecko) Chrome/78.0.3904.108 Safari/537.36" "metrocrimedaily.com"
34.74.137.49 - - [02/Feb/2023:08:26:30 -0800] "GET /wp-json/oembed/1.0/embed?url=http://metrocrimedaily.com HTTP/1.1" 404 73 "-" "Mozilla/5.0 (Windows NT 10.0; Win64; x64) AppleWebKit/537.36 (KHTML, like Gecko) Chrome/78.0.3904.108 Safari/537.36" "metrocrimedaily.com"
34.74.137.49 - - [02/Feb/2023:08:26:30 -0800] "POST /xmlrpc.php HTTP/1.1" 500 4931 "-" "Mozilla/5.0 (Windows NT 10.0; Win64; x64) AppleWebKit/537.36 (KHTML, like Gecko) Chrome/78.0.3904.108 Safari/537.36" "metrocrimedaily.com"
69.63.184.120 - - [02/Feb/2023:08:29:55 -0800] "GET /instagram-atlanta/02-02-2023-0927323-A.jpg HTTP/1.1" 200 63748 "-" "facebookexternalhit/1.1 (+http://www.facebook.com/externalhit_uatext.php)" "www.metrocrimedaily.com"
205.169.39.63 - - [02/Feb/2023:08:30:08 -0800] "GET / HTTP/1.1" 200 11922 "-" "Mozilla/5.0 (Windows NT 10.0) AppleWebKit/537.36 (KHTML, like Gecko) Chrome/106.0.0.0 Safari/537.36" "www.metrocrimedaily.com"
51.222.253.4 - - [02/Feb/2023:08:30:29 -0800] "GET / HTTP/1.1" 200 11922 "-" "Mozilla/5.0 (compatible; AhrefsBot/7.0; +http://ahrefs.com/robot/)" "metrocrimedaily.com"
51.222.253.13 - - [02/Feb/2023:08:30:38 -0800] "GET /images/youtube-logo-tiny.png HTTP/1.1" 200 689 "-" "Mozilla/5.0 (compatible; AhrefsBot/7.0; +http://ahrefs.com/robot/)" "metrocrimedaily.com"
51.222.253.20 - - [02/Feb/2023:08:30:38 -0800] "GET /images/twitter-logo-b-tiny.png HTTP/1.1" 200 1600 "-" "Mozilla/5.0 (compatible; AhrefsBot/7.0; +http://ahrefs.com/robot/)" "metrocrimedaily.com"
51.222.253.15 - - [02/Feb/2023:08:30:38 -0800] "GET /images/crimeinthed-logo.jpg HTTP/1.1" 200 14960 "-" "Mozilla/5.0 (compatible; AhrefsBot/7.0; +http://ahrefs.com/robot/)" "metrocrimedaily.com"
157.90.182.29 - - [02/Feb/2023:08:31:41 -0800] "GET /robots.txt HTTP/1.1" 404 88 "-" "Mozilla/5.0 (compatible; BLEXBot/1.0; +http://webmeup-crawler.com/)" "metrocrimedaily.com"
157.90.182.29 - - [02/Feb/2023:08:31:42 -0800] "GET /sitemap HTTP/1.1" 404 88 "-" "Mozilla/5.0 (compatible; BLEXBot/1.0; +http://webmeup-crawler.com/)" "metrocrimedaily.com"
157.90.182.29 - - [02/Feb/2023:08:32:07 -0800] "GET /sitemap.txt HTTP/1.1" 404 88 "-" "Mozilla/5.0 (compatible; BLEXBot/1.0; +http://webmeup-crawler.com/)" "metrocrimedaily.com"
157.90.182.29 - - [02/Feb/2023:08:32:33 -0800] "GET /about-us.html HTTP/1.1" 200 706 "-" "Mozilla/5.0 (compatible; BLEXBot/1.0; +http://webmeup-crawler.com/)" "metrocrimedaily.com"
173.252.95.119 - - [02/Feb/2023:08:32:58 -0800] "GET /instagram-houston/02-02-2023-0900544-A.jpg HTTP/1.1" 200 92259 "-" "facebookexternalhit/1.1 (+http://www.facebook.com/externalhit_uatext.php)" "www.metrocrimedaily.com"
157.90.182.29 - - [02/Feb/2023:08:32:58 -0800] "GET /contact-us.html HTTP/1.1" 200 765 "-" "Mozilla/5.0 (compatible; BLEXBot/1.0; +http://webmeup-crawler.com/)" "metrocrimedaily.com"
51.222.253.4 - - [02/Feb/2023:08:33:04 -0800] "GET / HTTP/1.1" 200 11922 "-" "Mozilla/5.0 (compatible; AhrefsBot/7.0; +http://ahrefs.com/robot/)" "www.metrocrimedaily.com"
157.90.182.29 - - [02/Feb/2023:08:33:24 -0800] "GET /gov-svc-detroit.html HTTP/1.1" 200 2125 "-" "Mozilla/5.0 (compatible; BLEXBot/1.0; +http://webmeup-crawler.com/)" "metrocrimedaily.com"
157.90.182.29 - - [02/Feb/2023:08:33:49 -0800] "GET /index.html HTTP/1.1" 200 11922 "-" "Mozilla/5.0 (compatible; BLEXBot/1.0; +http://webmeup-crawler.com/)" "metrocrimedaily.com"
173.252.95.7 - - [02/Feb/2023:08:35:27 -0800] "GET /instagram-miami/02-02-2023-1004252-A.jpg HTTP/1.1" 200 66363 "-" "facebookexternalhit/1.1 (+http://www.facebook.com/externalhit_uatext.php)" "www.metrocrimedaily.com"
51.222.253.1 - - [02/Feb/2023:08:35:41 -0800] "GET /instagram-houston/videos/?C=N;O=A HTTP/1.1" 200 438 "-" "Mozilla/5.0 (compatible; AhrefsBot/7.0; +http://ahrefs.com/robot/)" "metrocrimedaily.com"
51.222.253.15 - - [02/Feb/2023:08:38:16 -0800] "GET /instagram-houston/videos/?C=D;O=D HTTP/1.1" 200 436 "-" "Mozilla/5.0 (compatible; AhrefsBot/7.0; +http://ahrefs.com/robot/)" "metrocrimedaily.com"
40.77.167.212 - - [02/Feb/2023:08:38:46 -0800] "GET /index-miami.html HTTP/1.1" 200 7838 "-" "Mozilla/5.0 AppleWebKit/537.36 (KHTML, like Gecko; compatible; bingbot/2.0; +http://www.bing.com/bingbot.htm) Chrome/103.0.5060.134 Safari/537.36" "metrocrimedaily.com"
66.249.70.131 - - [02/Feb/2023:08:38:55 -0800] "GET /robots.txt HTTP/1.1" 404 88 "-" "Mozilla/5.0 (compatible; Googlebot/2.1; +http://www.google.com/bot.html)" "metrocrimedaily.com"
69.63.184.4 - - [02/Feb/2023:08:40:43 -0800] "GET /instagram-chicago/02-02-2023-1040211-A.jpg HTTP/1.1" 200 143421 "-" "facebookexternalhit/1.1 (+http://www.facebook.com/externalhit_uatext.php)" "www.metrocrimedaily.com"
51.222.253.5 - - [02/Feb/2023:08:40:44 -0800] "GET /instagram-houston/videos/?C=M;O=D HTTP/1.1" 200 436 "-" "Mozilla/5.0 (compatible; AhrefsBot/7.0; +http://ahrefs.com/robot/)" "metrocrimedaily.com"
69.63.184.118 - - [02/Feb/2023:08:44:54 -0800] "GET /instagram-dallas/02-02-2023-1013572-A.jpg HTTP/1.1" 200 146593 "-" "facebookexternalhit/1.1 (+http://www.facebook.com/externalhit_uatext.php)" "www.metrocrimedaily.com"
51.222.253.4 - - [02/Feb/2023:08:46:10 -0800] "GET /instagram-detroit/01-24-2023-1724371----Yet-another-mass-shooting-----Experts-dive-int.txt HTTP/1.1" 404 88 "-" "Mozilla/5.0 (compatible; AhrefsBot/7.0; +http://ahrefs.com/robot/)" "www.metrocrimedaily.com"
64.227.162.54 - - [02/Feb/2023:08:48:19 -0800] "GET /wp-admin/install.php HTTP/1.1" 404 88 "-" "Mozilla/5.0 (Macintosh; Intel Mac OS X 10_10_1) AppleWebKit/537.36 (KHTML, like Gecko) Chrome/39.0.2171.95 Safari/537.36" "metrocrimedaily.com"
64.227.162.54 - - [02/Feb/2023:08:48:22 -0800] "GET /wp/wp-admin/install.php HTTP/1.1" 404 88 "-" "Mozilla/5.0 (Macintosh; Intel Mac OS X 10_10_1) AppleWebKit/537.36 (KHTML, like Gecko) Chrome/39.0.2171.95 Safari/537.36" "metrocrimedaily.com"
64.227.162.54 - - [02/Feb/2023:08:48:25 -0800] "GET /new/wp-admin/install.php HTTP/1.1" 404 88 "-" "Mozilla/5.0 (Macintosh; Intel Mac OS X 10_10_1) AppleWebKit/537.36 (KHTML, like Gecko) Chrome/39.0.2171.95 Safari/537.36" "metrocrimedaily.com"
64.227.162.54 - - [02/Feb/2023:08:48:28 -0800] "GET /old/wp-admin/install.php HTTP/1.1" 404 88 "-" "Mozilla/5.0 (Macintosh; Intel Mac OS X 10_10_1) AppleWebKit/537.36 (KHTML, like Gecko) Chrome/39.0.2171.95 Safari/537.36" "metrocrimedaily.com"
64.227.162.54 - - [02/Feb/2023:08:48:31 -0800] "GET /wordpress/wp-admin/install.php HTTP/1.1" 404 88 "-" "Mozilla/5.0 (Macintosh; Intel Mac OS X 10_10_1) AppleWebKit/537.36 (KHTML, like Gecko) Chrome/39.0.2171.95 Safari/537.36" "metrocrimedaily.com"
64.227.162.54 - - [02/Feb/2023:08:48:34 -0800] "GET /test/wp-admin/install.php HTTP/1.1" 404 88 "-" "Mozilla/5.0 (Macintosh; Intel Mac OS X 10_10_1) AppleWebKit/537.36 (KHTML, like Gecko) Chrome/39.0.2171.95 Safari/537.36" "metrocrimedaily.com"
64.227.162.54 - - [02/Feb/2023:08:48:37 -0800] "GET /blog/wp-admin/install.php HTTP/1.1" 404 88 "-" "Mozilla/5.0 (Macintosh; Intel Mac OS X 10_10_1) AppleWebKit/537.36 (KHTML, like Gecko) Chrome/39.0.2171.95 Safari/537.36" "metrocrimedaily.com"
64.227.162.54 - - [02/Feb/2023:08:48:40 -0800] "GET /cms/wp-admin/install.php HTTP/1.1" 404 88 "-" "Mozilla/5.0 (Macintosh; Intel Mac OS X 10_10_1) AppleWebKit/537.36 (KHTML, like Gecko) Chrome/39.0.2171.95 Safari/537.36" "metrocrimedaily.com"
64.227.162.54 - - [02/Feb/2023:08:48:45 -0800] "GET /web/wp-admin/install.php HTTP/1.1" 404 88 "-" "Mozilla/5.0 (Macintosh; Intel Mac OS X 10_10_1) AppleWebKit/537.36 (KHTML, like Gecko) Chrome/39.0.2171.95 Safari/537.36" "metrocrimedaily.com"
64.227.162.54 - - [02/Feb/2023:08:48:49 -0800] "GET /backup/wp-admin/install.php HTTP/1.1" 404 88 "-" "Mozilla/5.0 (Macintosh; Intel Mac OS X 10_10_1) AppleWebKit/537.36 (KHTML, like Gecko) Chrome/39.0.2171.95 Safari/537.36" "metrocrimedaily.com"
64.227.162.54 - - [02/Feb/2023:08:48:52 -0800] "GET /site/wp-admin/install.php HTTP/1.1" 404 88 "-" "Mozilla/5.0 (Macintosh; Intel Mac OS X 10_10_1) AppleWebKit/537.36 (KHTML, like Gecko) Chrome/39.0.2171.95 Safari/537.36" "metrocrimedaily.com"
64.227.162.54 - - [02/Feb/2023:08:48:55 -0800] "GET /oldsite/wp-admin/install.php HTTP/1.1" 404 88 "-" "Mozilla/5.0 (Macintosh; Intel Mac OS X 10_10_1) AppleWebKit/537.36 (KHTML, like Gecko) Chrome/39.0.2171.95 Safari/537.36" "metrocrimedaily.com"
51.222.253.12 - - [02/Feb/2023:08:58:02 -0800] "GET /instagram-stlouis/post-later/01-27-2023-1245326-Analysis--Stakes-rise-as-Iran-can-fuel--several--.txt HTTP/1.1" 404 88 "-" "Mozilla/5.0 (compatible; AhrefsBot/7.0; +http://ahrefs.com/robot/)" "metrocrimedaily.com"
69.63.184.3 - - [02/Feb/2023:09:00:24 -0800] "GET /instagram-atlanta/02-02-2023-0927324-A.jpg HTTP/1.1" 200 182546 "-" "facebookexternalhit/1.1 (+http://www.facebook.com/externalhit_uatext.php)" "www.metrocrimedaily.com"
69.63.184.3 - - [02/Feb/2023:09:01:44 -0800] "GET /instagram-detroit/02-02-2023-1100311-A.jpg HTTP/1.1" 200 97851 "-" "facebookexternalhit/1.1 (+http://www.facebook.com/externalhit_uatext.php)" "www.metrocrimedaily.com"
173.252.95.16 - - [02/Feb/2023:09:03:37 -0800] "GET /instagram-houston/02-02-2023-0900545-A.jpg HTTP/1.1" 200 112159 "-" "facebookexternalhit/1.1 (+http://www.facebook.com/externalhit_uatext.php)" "www.metrocrimedaily.com"
40.77.167.212 - - [02/Feb/2023:09:04:21 -0800] "GET /instagram/archive/ HTTP/1.1" 404 88 "-" "Mozilla/5.0 AppleWebKit/537.36 (KHTML, like Gecko; compatible; bingbot/2.0; +http://www.bing.com/bingbot.htm) Chrome/103.0.5060.134 Safari/537.36" "www.metrocrimedaily.com"
173.252.95.10 - - [02/Feb/2023:09:06:00 -0800] "GET /instagram-miami/02-02-2023-1004253-A.jpg HTTP/1.1" 200 198404 "-" "facebookexternalhit/1.1 (+http://www.facebook.com/externalhit_uatext.php)" "www.metrocrimedaily.com"
193.235.141.3 - - [02/Feb/2023:09:08:57 -0800] "GET / HTTP/1.1" 200 11922 "-" "Mozilla/5.0 (Windows NT 10.0; Win64; x64) AppleWebKit/537.36 (KHTML, like Gecko) Chrome/105.0.0.0 Safari/537.36" "metrocrimedaily.com"
193.235.141.3 - - [02/Feb/2023:09:08:57 -0800] "GET /favicon.ico HTTP/1.1" 404 88 "-" "Mozilla/5.0 (Windows NT 10.0; Win64; x64) AppleWebKit/537.36 (KHTML, like Gecko) Chrome/105.0.0.0 Safari/537.36" "metrocrimedaily.com"
51.222.253.16 - - [02/Feb/2023:09:09:44 -0800] "GET /instagram-stlouis/post-later/01-27-2023-1245327-Two-arrested-in-Rolla-after-police-seize-fentanyl.txt HTTP/1.1" 404 88 "-" "Mozilla/5.0 (compatible; AhrefsBot/7.0; +http://ahrefs.com/robot/)" "metrocrimedaily.com"
99.182.103.96 - - [02/Feb/2023:09:10:54 -0800] "GET / HTTP/1.1" 200 11922 "https://www.google.com/" "Mozilla/5.0 (Linux; Android 12; moto g pure) AppleWebKit/537.36 (KHTML, like Gecko) Chrome/109.0.0.0 Mobile Safari/537.36" "www.metrocrimedaily.com"
99.182.103.96 - - [02/Feb/2023:09:10:54 -0800] "GET /images/crimeinthed-logo.jpg HTTP/1.1" 200 14960 "http://www.metrocrimedaily.com/" "Mozilla/5.0 (Linux; Android 12; moto g pure) AppleWebKit/537.36 (KHTML, like Gecko) Chrome/109.0.0.0 Mobile Safari/537.36" "www.metrocrimedaily.com"
99.182.103.96 - - [02/Feb/2023:09:10:54 -0800] "GET /images/police-tape.jpg HTTP/1.1" 200 50766 "http://www.metrocrimedaily.com/" "Mozilla/5.0 (Linux; Android 12; moto g pure) AppleWebKit/537.36 (KHTML, like Gecko) Chrome/109.0.0.0 Mobile Safari/537.36" "metrocrimedaily.com"
99.182.103.96 - - [02/Feb/2023:09:10:54 -0800] "GET /images/facebook-logo-tiny.png HTTP/1.1" 200 1280 "http://www.metrocrimedaily.com/" "Mozilla/5.0 (Linux; Android 12; moto g pure) AppleWebKit/537.36 (KHTML, like Gecko) Chrome/109.0.0.0 Mobile Safari/537.36" "www.metrocrimedaily.com"
99.182.103.96 - - [02/Feb/2023:09:10:54 -0800] "GET /images/youtube-logo-tiny.png HTTP/1.1" 200 689 "http://www.metrocrimedaily.com/" "Mozilla/5.0 (Linux; Android 12; moto g pure) AppleWebKit/537.36 (KHTML, like Gecko) Chrome/109.0.0.0 Mobile Safari/537.36" "www.metrocrimedaily.com"
99.182.103.96 - - [02/Feb/2023:09:10:55 -0800] "GET /images/twitter-logo-b-tiny.png HTTP/1.1" 200 1600 "http://www.metrocrimedaily.com/" "Mozilla/5.0 (Linux; Android 12; moto g pure) AppleWebKit/537.36 (KHTML, like Gecko) Chrome/109.0.0.0 Mobile Safari/537.36" "www.metrocrimedaily.com"
99.182.103.96 - - [02/Feb/2023:09:10:56 -0800] "GET /favicon.ico HTTP/1.1" 404 88 "http://www.metrocrimedaily.com/" "Mozilla/5.0 (Linux; Android 12; moto g pure) AppleWebKit/537.36 (KHTML, like Gecko) Chrome/109.0.0.0 Mobile Safari/537.36" "www.metrocrimedaily.com"
40.77.167.212 - - [02/Feb/2023:09:18:27 -0800] "GET /index-miami.html HTTP/1.1" 200 7838 "-" "Mozilla/5.0 AppleWebKit/537.36 (KHTML, like Gecko; compatible; bingbot/2.0; +http://www.bing.com/bingbot.htm) Chrome/103.0.5060.134 Safari/537.36" "metrocrimedaily.com"
51.222.253.15 - - [02/Feb/2023:09:21:46 -0800] "GET /instagram-stlouis/post-later/01-27-2023-1245328-Woman--29--arrested-after-enrolling-at-N.J.-high-.txt HTTP/1.1" 404 88 "-" "Mozilla/5.0 (compatible; AhrefsBot/7.0; +http://ahrefs.com/robot/)" "metrocrimedaily.com"
173.252.95.17 - - [02/Feb/2023:09:28:44 -0800] "GET /instagram-neworleans/02-02-2023-1128221-A.jpg HTTP/1.1" 200 111914 "-" "facebookexternalhit/1.1 (+http://www.facebook.com/externalhit_uatext.php)" "www.metrocrimedaily.com"
69.63.184.2 - - [02/Feb/2023:09:32:18 -0800] "GET /instagram-detroit/02-02-2023-1100312-A.jpg HTTP/1.1" 200 110750 "-" "facebookexternalhit/1.1 (+http://www.facebook.com/externalhit_uatext.php)" "www.metrocrimedaily.com"
173.252.95.7 - - [02/Feb/2023:09:32:46 -0800] "GET /instagram-losangeles/02-02-2023-1132241-A.jpg HTTP/1.1" 200 213892 "-" "facebookexternalhit/1.1 (+http://www.facebook.com/externalhit_uatext.php)" "www.metrocrimedaily.com"
51.222.253.3 - - [02/Feb/2023:09:33:22 -0800] "GET /instagram-stlouis/post-later/01-27-2023-1453451-Man-convicted-in-2019-fatal-shooting-outside-down.txt HTTP/1.1" 404 88 "-" "Mozilla/5.0 (compatible; AhrefsBot/7.0; +http://ahrefs.com/robot/)" "metrocrimedaily.com"
173.252.95.14 - - [02/Feb/2023:09:34:11 -0800] "GET /instagram-houston/02-02-2023-0900546-A.jpg HTTP/1.1" 200 201980 "-" "facebookexternalhit/1.1 (+http://www.facebook.com/externalhit_uatext.php)" "www.metrocrimedaily.com"
173.252.95.11 - - [02/Feb/2023:09:34:41 -0800] "GET /instagram-houston/02-02-2023-0900547-A.jpg HTTP/1.1" 200 143862 "-" "facebookexternalhit/1.1 (+http://www.facebook.com/externalhit_uatext.php)" "www.metrocrimedaily.com"
173.252.95.23 - - [02/Feb/2023:09:35:09 -0800] "GET /instagram-houston/02-02-2023-0900548-A.jpg HTTP/1.1" 200 83697 "-" "facebookexternalhit/1.1 (+http://www.facebook.com/externalhit_uatext.php)" "www.metrocrimedaily.com"
69.63.184.3 - - [02/Feb/2023:09:43:07 -0800] "GET /instagram-chicago/02-02-2023-1142431-A.jpg HTTP/1.1" 200 101452 "-" "facebookexternalhit/1.1 (+http://www.facebook.com/externalhit_uatext.php)" "www.metrocrimedaily.com"
51.222.253.6 - - [02/Feb/2023:09:46:27 -0800] "GET /instagram-stlouis/post-later/01-27-2023-1453452-Illinois-AG-files-Supreme-Court-appeal-for-elimin.txt HTTP/1.1" 404 88 "-" "Mozilla/5.0 (compatible; AhrefsBot/7.0; +http://ahrefs.com/robot/)" "metrocrimedaily.com"
173.252.95.24 - - [02/Feb/2023:09:47:57 -0800] "GET /instagram-memphis/02-02-2023-1147351-A.jpg HTTP/1.1" 200 115581 "-" "facebookexternalhit/1.1 (+http://www.facebook.com/externalhit_uatext.php)" "www.metrocrimedaily.com"
69.63.184.119 - - [02/Feb/2023:09:53:21 -0800] "GET /instagram-dallas/02-02-2023-1153001-A.jpg HTTP/1.1" 200 268945 "-" "facebookexternalhit/1.1 (+http://www.facebook.com/externalhit_uatext.php)" "www.metrocrimedaily.com"
157.55.39.24 - - [02/Feb/2023:09:56:31 -0800] "GET /instagram-atlanta/12-20-2022-2120562-Man-wanted-for-shooting-his-ex--her-boyfriend-in-.txt HTTP/1.1" 404 88 "-" "Mozilla/5.0 AppleWebKit/537.36 (KHTML, like Gecko; compatible; bingbot/2.0; +http://www.bing.com/bingbot.htm) Chrome/103.0.5060.134 Safari/537.36" "www.metrocrimedaily.com"
40.77.167.212 - - [02/Feb/2023:09:58:19 -0800] "GET /index-miami.html HTTP/1.1" 200 8513 "-" "Mozilla/5.0 AppleWebKit/537.36 (KHTML, like Gecko; compatible; bingbot/2.0; +http://www.bing.com/bingbot.htm) Chrome/103.0.5060.134 Safari/537.36" "metrocrimedaily.com"
51.222.253.5 - - [02/Feb/2023:10:00:20 -0800] "GET /instagram-stlouis/post-later/01-27-2023-1453453-Three-men-arrested-in-woman---s-St.-Louis-murder-.txt HTTP/1.1" 404 88 "-" "Mozilla/5.0 (compatible; AhrefsBot/7.0; +http://ahrefs.com/robot/)" "metrocrimedaily.com"
69.63.184.4 - - [02/Feb/2023:10:02:53 -0800] "GET /instagram-detroit/02-02-2023-1100313-A.jpg HTTP/1.1" 200 103764 "-" "facebookexternalhit/1.1 (+http://www.facebook.com/externalhit_uatext.php)" "www.metrocrimedaily.com"
173.252.95.20 - - [02/Feb/2023:10:03:24 -0800] "GET /instagram-losangeles/02-02-2023-1132242-A.jpg HTTP/1.1" 200 175225 "-" "facebookexternalhit/1.1 (+http://www.facebook.com/externalhit_uatext.php)" "www.metrocrimedaily.com"
173.252.95.14 - - [02/Feb/2023:10:03:53 -0800] "GET /instagram-losangeles/02-02-2023-1132243-A.jpg HTTP/1.1" 200 116833 "-" "facebookexternalhit/1.1 (+http://www.facebook.com/externalhit_uatext.php)" "www.metrocrimedaily.com"
173.252.95.7 - - [02/Feb/2023:10:04:21 -0800] "GET /instagram-losangeles/02-02-2023-1132244-A.jpg HTTP/1.1" 200 190566 "-" "facebookexternalhit/1.1 (+http://www.facebook.com/externalhit_uatext.php)" "www.metrocrimedaily.com"
173.252.95.120 - - [02/Feb/2023:10:05:41 -0800] "GET /instagram-houston/02-02-2023-0900549-A.jpg HTTP/1.1" 200 60620 "-" "facebookexternalhit/1.1 (+http://www.facebook.com/externalhit_uatext.php)" "www.metrocrimedaily.com"
51.222.253.16 - - [02/Feb/2023:10:06:37 -0800] "GET /instagram-stlouis/post-later/01-27-2023-1539521-Body-camera-video-shows-struggle-for-hammer-durin.txt HTTP/1.1" 404 88 "-" "Mozilla/5.0 (compatible; AhrefsBot/7.0; +http://ahrefs.com/robot/)" "metrocrimedaily.com"
173.252.95.1 - - [02/Feb/2023:10:06:52 -0800] "GET /instagram-miami/02-02-2023-1206311-A.jpg HTTP/1.1" 200 548730 "-" "facebookexternalhit/1.1 (+http://www.facebook.com/externalhit_uatext.php)" "www.metrocrimedaily.com"
51.222.253.7 - - [02/Feb/2023:10:07:13 -0800] "GET /instagram-stlouis/post-later/01-27-2023-1539522-Video--Footage-of-Paul-Pelosi-attack-released-.txt HTTP/1.1" 404 88 "-" "Mozilla/5.0 (compatible; AhrefsBot/7.0; +http://ahrefs.com/robot/)" "metrocrimedaily.com"
51.222.253.19 - - [02/Feb/2023:10:07:27 -0800] "GET /instagram-stlouis/post-later/01-27-2023-1539523-Backup-camera-issue-leads-to-recall-for-nearly-38.txt HTTP/1.1" 404 88 "-" "Mozilla/5.0 (compatible; AhrefsBot/7.0; +http://ahrefs.com/robot/)" "metrocrimedaily.com"
51.222.253.20 - - [02/Feb/2023:10:07:33 -0800] "GET /instagram-stlouis/post-later/01-27-2023-1707461-Video-shows-struggle-for-hammer-during-Pelosi-att.txt HTTP/1.1" 404 88 "-" "Mozilla/5.0 (compatible; AhrefsBot/7.0; +http://ahrefs.com/robot/)" "metrocrimedaily.com"
51.222.253.7 - - [02/Feb/2023:10:07:34 -0800] "GET /instagram-stlouis/post-later/01-27-2023-1707462-Medicaid-to-start-covering-some-prison-health-car.txt HTTP/1.1" 404 88 "-" "Mozilla/5.0 (compatible; AhrefsBot/7.0; +http://ahrefs.com/robot/)" "metrocrimedaily.com"
51.222.253.11 - - [02/Feb/2023:10:07:37 -0800] "GET /instagram-stlouis/post-later/01-27-2023-1805191-KIA-Soul-stolen-from-St.-Louis-children-s-crisis-.txt HTTP/1.1" 404 88 "-" "Mozilla/5.0 (compatible; AhrefsBot/7.0; +http://ahrefs.com/robot/)" "metrocrimedaily.com"
51.222.253.16 - - [02/Feb/2023:10:07:38 -0800] "GET /instagram-stlouis/post-later/01-27-2023-1805192-Haiti-police-block-streets--force-entry-to-airpor.txt HTTP/1.1" 404 88 "-" "Mozilla/5.0 (compatible; AhrefsBot/7.0; +http://ahrefs.com/robot/)" "metrocrimedaily.com"
51.222.253.14 - - [02/Feb/2023:10:07:41 -0800] "GET /instagram-stlouis/post-later/01-27-2023-1805193-St.-Louis-County-police-looking-for-man-accused-o.txt HTTP/1.1" 404 88 "-" "Mozilla/5.0 (compatible; AhrefsBot/7.0; +http://ahrefs.com/robot/)" "metrocrimedaily.com"
51.222.253.12 - - [02/Feb/2023:10:07:43 -0800] "GET /instagram-stlouis/post-later/01-27-2023-1805194-Newly-released-video-shows-struggle-for-hammer-du.txt HTTP/1.1" 404 88 "-" "Mozilla/5.0 (compatible; AhrefsBot/7.0; +http://ahrefs.com/robot/)" "metrocrimedaily.com"
51.222.253.19 - - [02/Feb/2023:10:07:46 -0800] "GET /instagram-stlouis/post-later/01-27-2023-1805195-Jan.-6-rioter-gets-more-than-6-years-in-prison-fo.txt HTTP/1.1" 404 88 "-" "Mozilla/5.0 (compatible; AhrefsBot/7.0; +http://ahrefs.com/robot/)" "metrocrimedaily.com"
