173.252.107.2 - - [01/Feb/2023:20:15:03 -0800] "GET /instagram-houston/02-01-2023-2214421-A.jpg HTTP/1.1" 200 62483 "-" "facebookexternalhit/1.1 (+http://www.facebook.com/externalhit_uatext.php)" "www.metrocrimedaily.com"
51.222.253.13 - - [01/Feb/2023:20:15:03 -0800] "GET /instagram-dallas/post-later/01-24-2023-0852302-4-Oath-Keepers-convicted-in-Jan.-6-Capitol-riot-.txt HTTP/1.1" 404 88 "-" "Mozilla/5.0 (compatible; AhrefsBot/7.0; +http://ahrefs.com/robot/)" "www.metrocrimedaily.com"
51.222.253.5 - - [01/Feb/2023:20:15:03 -0800] "GET /instagram-dallas/post-later/01-24-2023-0852303-DWI-suspect-hits-Fort-Worth-police-SUV-.txt HTTP/1.1" 404 88 "-" "Mozilla/5.0 (compatible; AhrefsBot/7.0; +http://ahrefs.com/robot/)" "www.metrocrimedaily.com"
51.222.253.3 - - [01/Feb/2023:20:15:04 -0800] "GET /instagram-dallas/post-later/01-24-2023-1037191-Man-s-Testicle-Had-to-Be-Amputated-After-Paris-Po.txt HTTP/1.1" 404 88 "-" "Mozilla/5.0 (compatible; AhrefsBot/7.0; +http://ahrefs.com/robot/)" "www.metrocrimedaily.com"
51.222.253.9 - - [01/Feb/2023:20:15:04 -0800] "GET /instagram-dallas/post-later/01-24-2023-1037192-Mugshot-of-police-K-9-accused-of--stealing--offic.txt HTTP/1.1" 404 88 "-" "Mozilla/5.0 (compatible; AhrefsBot/7.0; +http://ahrefs.com/robot/)" "www.metrocrimedaily.com"
51.222.253.8 - - [01/Feb/2023:20:15:05 -0800] "GET /instagram-dallas/post-later/01-24-2023-1111321-Murdered-McKinney-woman-planned-to--blackmail--bo.txt HTTP/1.1" 404 88 "-" "Mozilla/5.0 (compatible; AhrefsBot/7.0; +http://ahrefs.com/robot/)" "www.metrocrimedaily.com"
51.222.253.18 - - [01/Feb/2023:20:15:05 -0800] "GET /instagram-dallas/post-later/01-24-2023-1145101-Accused-El-Paso-shooter-will-plead-guilty-to-fede.txt HTTP/1.1" 404 88 "-" "Mozilla/5.0 (compatible; AhrefsBot/7.0; +http://ahrefs.com/robot/)" "www.metrocrimedaily.com"
51.222.253.7 - - [01/Feb/2023:20:15:06 -0800] "GET /instagram-dallas/post-later/01-24-2023-1225361-Classified-Documents-Found-at-Mike-Pence-s-Indian.txt HTTP/1.1" 404 88 "-" "Mozilla/5.0 (compatible; AhrefsBot/7.0; +http://ahrefs.com/robot/)" "www.metrocrimedaily.com"
51.222.253.1 - - [01/Feb/2023:20:15:06 -0800] "GET /instagram-dallas/post-later/01-24-2023-1306412-Lewisville-coach--youth-pastor-among-46-arrested-.txt HTTP/1.1" 404 88 "-" "Mozilla/5.0 (compatible; AhrefsBot/7.0; +http://ahrefs.com/robot/)" "www.metrocrimedaily.com"
51.222.253.19 - - [01/Feb/2023:20:15:07 -0800] "GET /instagram-dallas/post-later/01-24-2023-1347381-49ers--Omenihu-arrested-after-domestic-violence-a.txt HTTP/1.1" 404 88 "-" "Mozilla/5.0 (compatible; AhrefsBot/7.0; +http://ahrefs.com/robot/)" "www.metrocrimedaily.com"
51.222.253.18 - - [01/Feb/2023:20:15:07 -0800] "GET /instagram-dallas/post-later/01-24-2023-1347382-Walmart-Shooting-Suspect-to-Plead-Guilty-to-Feder.txt HTTP/1.1" 404 88 "-" "Mozilla/5.0 (compatible; AhrefsBot/7.0; +http://ahrefs.com/robot/)" "www.metrocrimedaily.com"
51.222.253.13 - - [01/Feb/2023:20:15:08 -0800] "GET /instagram-dallas/post-later/01-25-2023-1121171-7-Killed--1-Injured-in-Crash-Near-San-Antonio-.txt HTTP/1.1" 404 88 "-" "Mozilla/5.0 (compatible; AhrefsBot/7.0; +http://ahrefs.com/robot/)" "www.metrocrimedaily.com"
51.222.253.20 - - [01/Feb/2023:20:15:08 -0800] "GET /instagram-dallas/post-later/01-25-2023-1155261-Former-Arlington-Private-School-Administrator-Arr.txt HTTP/1.1" 404 88 "-" "Mozilla/5.0 (compatible; AhrefsBot/7.0; +http://ahrefs.com/robot/)" "www.metrocrimedaily.com"
51.222.253.17 - - [01/Feb/2023:20:15:09 -0800] "GET /instagram-dallas/post-later/01-25-2023-1231091-Omicron-Booster-Shots-Provide-Some-Protection-Aga.txt HTTP/1.1" 404 88 "-" "Mozilla/5.0 (compatible; AhrefsBot/7.0; +http://ahrefs.com/robot/)" "www.metrocrimedaily.com"
51.222.253.14 - - [01/Feb/2023:20:15:09 -0800] "GET /instagram-dallas/post-later/01-25-2023-1304371-Police-found-blood-in-home-of-man-accused-of-kill.txt HTTP/1.1" 404 88 "-" "Mozilla/5.0 (compatible; AhrefsBot/7.0; +http://ahrefs.com/robot/)" "www.metrocrimedaily.com"
51.222.253.11 - - [01/Feb/2023:20:15:10 -0800] "GET /instagram-dallas/post-later/01-25-2023-1343421-US-Attorney-Promises----Thorough--Investigation-I.txt HTTP/1.1" 404 88 "-" "Mozilla/5.0 (compatible; AhrefsBot/7.0; +http://ahrefs.com/robot/)" "www.metrocrimedaily.com"
51.222.253.11 - - [01/Feb/2023:20:15:10 -0800] "GET /instagram-dallas/post-later/01-25-2023-1343422-Virginia-School-Officials-Were-Warned-Boy--6--Had.txt HTTP/1.1" 404 88 "-" "Mozilla/5.0 (compatible; AhrefsBot/7.0; +http://ahrefs.com/robot/)" "www.metrocrimedaily.com"
51.222.253.14 - - [01/Feb/2023:20:15:11 -0800] "GET /instagram-dallas/post-later/01-25-2023-1418571-Garland-police-officer-charged-with-prostitution-.txt HTTP/1.1" 404 88 "-" "Mozilla/5.0 (compatible; AhrefsBot/7.0; +http://ahrefs.com/robot/)" "www.metrocrimedaily.com"
51.222.253.20 - - [01/Feb/2023:20:15:11 -0800] "GET /instagram-dallas/post-later/01-25-2023-1828164-Dallas-police-officer--capital-murder-suspect-inj.txt HTTP/1.1" 404 88 "-" "Mozilla/5.0 (compatible; AhrefsBot/7.0; +http://ahrefs.com/robot/)" "www.metrocrimedaily.com"
51.222.253.14 - - [01/Feb/2023:20:15:12 -0800] "GET /instagram-dallas/post-later/01-25-2023-2006286-Dallas-City-Council-announces-interim-city-attorn.txt HTTP/1.1" 404 88 "-" "Mozilla/5.0 (compatible; AhrefsBot/7.0; +http://ahrefs.com/robot/)" "www.metrocrimedaily.com"
51.222.253.17 - - [01/Feb/2023:20:15:12 -0800] "GET /instagram-dallas/post-later/01-25-2023-2223345-Prosper-ISD-school-board-president-arrested-on-ch.txt HTTP/1.1" 404 88 "-" "Mozilla/5.0 (compatible; AhrefsBot/7.0; +http://ahrefs.com/robot/)" "www.metrocrimedaily.com"
51.222.253.16 - - [01/Feb/2023:20:15:13 -0800] "GET /instagram-dallas/post-later/01-26-2023-0213221-Prosecutors-Detail-Ammunition-Cartridges-and-Cell.txt HTTP/1.1" 404 88 "-" "Mozilla/5.0 (compatible; AhrefsBot/7.0; +http://ahrefs.com/robot/)" "www.metrocrimedaily.com"
51.222.253.19 - - [01/Feb/2023:20:15:13 -0800] "GET /instagram-dallas/post-later/01-26-2023-0640132-Dallas-shooting-victim-found-dead-in-SUV-.txt HTTP/1.1" 404 88 "-" "Mozilla/5.0 (compatible; AhrefsBot/7.0; +http://ahrefs.com/robot/)" "www.metrocrimedaily.com"
51.222.253.4 - - [01/Feb/2023:20:15:14 -0800] "GET /instagram-dallas/post-later/01-26-2023-1144473-FTC-warns-of-job-scams-amid-recent-layoffs-in-tec.txt HTTP/1.1" 404 88 "-" "Mozilla/5.0 (compatible; AhrefsBot/7.0; +http://ahrefs.com/robot/)" "www.metrocrimedaily.com"
51.222.253.12 - - [01/Feb/2023:20:15:14 -0800] "GET /instagram-dallas/post-later/01-26-2023-1144474-Half-Moon-Bay-shooting-victims-identified-.txt HTTP/1.1" 404 88 "-" "Mozilla/5.0 (compatible; AhrefsBot/7.0; +http://ahrefs.com/robot/)" "www.metrocrimedaily.com"
51.222.253.7 - - [01/Feb/2023:20:15:15 -0800] "GET /instagram-dallas/post-later/01-26-2023-1144476-Half-Moon-Bay-shooting-victim-s-nephew-says-uncle.txt HTTP/1.1" 404 88 "-" "Mozilla/5.0 (compatible; AhrefsBot/7.0; +http://ahrefs.com/robot/)" "www.metrocrimedaily.com"
51.222.253.6 - - [01/Feb/2023:20:15:15 -0800] "GET /instagram-dallas/post-later/01-26-2023-1324131-5-Fired-Memphis-Officers-Charged-With-Murder-in-D.txt HTTP/1.1" 404 88 "-" "Mozilla/5.0 (compatible; AhrefsBot/7.0; +http://ahrefs.com/robot/)" "www.metrocrimedaily.com"
51.222.253.14 - - [01/Feb/2023:20:15:16 -0800] "GET /instagram-memphis/?C=D;O=D HTTP/1.1" 200 1198 "-" "Mozilla/5.0 (compatible; AhrefsBot/7.0; +http://ahrefs.com/robot/)" "www.metrocrimedaily.com"
51.222.253.1 - - [01/Feb/2023:20:15:16 -0800] "GET /instagram-memphis/?C=M;O=D HTTP/1.1" 200 1202 "-" "Mozilla/5.0 (compatible; AhrefsBot/7.0; +http://ahrefs.com/robot/)" "www.metrocrimedaily.com"
51.222.253.16 - - [01/Feb/2023:20:15:17 -0800] "GET /instagram-memphis/?C=S;O=D HTTP/1.1" 200 1191 "-" "Mozilla/5.0 (compatible; AhrefsBot/7.0; +http://ahrefs.com/robot/)" "www.metrocrimedaily.com"
51.222.253.6 - - [01/Feb/2023:20:15:18 -0800] "GET /instagram-miami/01-27-2023-1049082-WATCH-LIVE--Defense-to-begin-calling-witnesses-in.txt HTTP/1.1" 404 88 "-" "Mozilla/5.0 (compatible; AhrefsBot/7.0; +http://ahrefs.com/robot/)" "metrocrimedaily.com"
51.222.253.16 - - [01/Feb/2023:20:15:18 -0800] "GET /instagram-miami/01-27-2023-1232061-Man-arrested-in-Miami-arson-fire-knew-victims-.txt HTTP/1.1" 404 88 "-" "Mozilla/5.0 (compatible; AhrefsBot/7.0; +http://ahrefs.com/robot/)" "metrocrimedaily.com"
51.222.253.9 - - [01/Feb/2023:20:15:19 -0800] "GET /instagram-miami/01-27-2023-1232062-2-Plantation-High-students-killed-after-car-plung.txt HTTP/1.1" 404 88 "-" "Mozilla/5.0 (compatible; AhrefsBot/7.0; +http://ahrefs.com/robot/)" "metrocrimedaily.com"
51.222.253.8 - - [01/Feb/2023:20:15:19 -0800] "GET /instagram-miami/01-27-2023-1232063-4-arrested-after-police-pursuit-ends-outside-Hamp.txt HTTP/1.1" 404 88 "-" "Mozilla/5.0 (compatible; AhrefsBot/7.0; +http://ahrefs.com/robot/)" "metrocrimedaily.com"
51.222.253.20 - - [01/Feb/2023:20:15:20 -0800] "GET /instagram-miami/01-27-2023-1232064-Attorney-for-ex-Hialeah-officer-asks-judge-for-hi.txt HTTP/1.1" 404 88 "-" "Mozilla/5.0 (compatible; AhrefsBot/7.0; +http://ahrefs.com/robot/)" "metrocrimedaily.com"
51.222.253.8 - - [01/Feb/2023:20:15:21 -0800] "GET /instagram-miami/01-27-2023-1412531-Memphis-anticipates-release-of-video-in-Tyre-Nich.txt HTTP/1.1" 404 88 "-" "Mozilla/5.0 (compatible; AhrefsBot/7.0; +http://ahrefs.com/robot/)" "metrocrimedaily.com"
51.222.253.8 - - [01/Feb/2023:20:15:21 -0800] "GET /instagram-miami/01-27-2023-1412532-Teen-to-be-Charged-as-Adult-in-Murder-of-Deerfiel.txt HTTP/1.1" 404 88 "-" "Mozilla/5.0 (compatible; AhrefsBot/7.0; +http://ahrefs.com/robot/)" "metrocrimedaily.com"
51.222.253.2 - - [01/Feb/2023:20:15:21 -0800] "GET /instagram-miami/01-27-2023-1519081-Police--Arsonist-arrested-after-Miami-man-set-on-.txt HTTP/1.1" 404 88 "-" "Mozilla/5.0 (compatible; AhrefsBot/7.0; +http://ahrefs.com/robot/)" "metrocrimedaily.com"
51.222.253.3 - - [01/Feb/2023:20:15:22 -0800] "GET /instagram-miami/01-27-2023-1519082-Police--Arsonist-arrested-after-Miami-man-set-on-.txt HTTP/1.1" 404 88 "-" "Mozilla/5.0 (compatible; AhrefsBot/7.0; +http://ahrefs.com/robot/)" "metrocrimedaily.com"
51.222.253.9 - - [01/Feb/2023:20:15:22 -0800] "GET /instagram-miami/01-27-2023-1630174----I-won---t-rest-----Detective-continues-search-.txt HTTP/1.1" 404 88 "-" "Mozilla/5.0 (compatible; AhrefsBot/7.0; +http://ahrefs.com/robot/)" "metrocrimedaily.com"
51.222.253.12 - - [01/Feb/2023:20:15:23 -0800] "GET /instagram-miami/01-27-2023-1808442-Israeli-rescue-service-says-5-killed-in-Jerusalem.txt HTTP/1.1" 404 88 "-" "Mozilla/5.0 (compatible; AhrefsBot/7.0; +http://ahrefs.com/robot/)" "metrocrimedaily.com"
51.222.253.4 - - [01/Feb/2023:20:15:23 -0800] "GET /instagram-miami/01-27-2023-2022251-Former-Miami-Palmetto-Senior-High-teacher-found-g.txt HTTP/1.1" 404 88 "-" "Mozilla/5.0 (compatible; AhrefsBot/7.0; +http://ahrefs.com/robot/)" "metrocrimedaily.com"
51.222.253.5 - - [01/Feb/2023:20:15:24 -0800] "GET /instagram-miami/01-27-2023-2022252-Former-Miami-Dade-Teacher-Found-Guilty-of-Having-.txt HTTP/1.1" 404 88 "-" "Mozilla/5.0 (compatible; AhrefsBot/7.0; +http://ahrefs.com/robot/)" "metrocrimedaily.com"
51.222.253.20 - - [01/Feb/2023:20:15:24 -0800] "GET /instagram-miami/01-27-2023-2131041-Woman--Two-Dogs-Injured-After-Shooting-in-Miami-B.txt HTTP/1.1" 404 88 "-" "Mozilla/5.0 (compatible; AhrefsBot/7.0; +http://ahrefs.com/robot/)" "metrocrimedaily.com"
51.222.253.2 - - [01/Feb/2023:20:15:25 -0800] "GET /instagram-miami/01-27-2023-2131042-Jury-finds-ex-Miami-Dade-teacher-guilty-of-sex-cr.txt HTTP/1.1" 404 88 "-" "Mozilla/5.0 (compatible; AhrefsBot/7.0; +http://ahrefs.com/robot/)" "metrocrimedaily.com"
51.222.253.8 - - [01/Feb/2023:20:15:25 -0800] "GET /instagram-miami/01-27-2023-2131043-Man-shoots-woman-during-dog-fight-in-South-Beach-.txt HTTP/1.1" 404 88 "-" "Mozilla/5.0 (compatible; AhrefsBot/7.0; +http://ahrefs.com/robot/)" "metrocrimedaily.com"
51.222.253.10 - - [01/Feb/2023:20:15:26 -0800] "GET /instagram-miami/01-27-2023-2252061-Police-warn-torture-suspect-is-using-dating-apps-.txt HTTP/1.1" 404 88 "-" "Mozilla/5.0 (compatible; AhrefsBot/7.0; +http://ahrefs.com/robot/)" "metrocrimedaily.com"
51.222.253.3 - - [01/Feb/2023:20:15:26 -0800] "GET /instagram-miami/01-28-2023-0427561-Miami-Man-Accused-of-Stabbing-Woman-to-Death-With.txt HTTP/1.1" 404 88 "-" "Mozilla/5.0 (compatible; AhrefsBot/7.0; +http://ahrefs.com/robot/)" "metrocrimedaily.com"
51.222.253.18 - - [01/Feb/2023:20:15:27 -0800] "GET /instagram-miami/01-28-2023-0624281-Wild-Video-Captures-Amazon-Driver-Robbed-at-Gunpo.txt HTTP/1.1" 404 88 "-" "Mozilla/5.0 (compatible; AhrefsBot/7.0; +http://ahrefs.com/robot/)" "metrocrimedaily.com"
51.222.253.7 - - [01/Feb/2023:20:15:27 -0800] "GET /instagram-miami/01-28-2023-1243401-3-dead--4-injured-in-latest-California-shooting--.txt HTTP/1.1" 404 88 "-" "Mozilla/5.0 (compatible; AhrefsBot/7.0; +http://ahrefs.com/robot/)" "metrocrimedaily.com"
51.222.253.9 - - [01/Feb/2023:20:15:28 -0800] "GET /instagram-miami/01-28-2023-1559012-Pompano-Beach-shooting-leaves-1-man-dead--deputie.txt HTTP/1.1" 404 88 "-" "Mozilla/5.0 (compatible; AhrefsBot/7.0; +http://ahrefs.com/robot/)" "metrocrimedaily.com"
51.222.253.12 - - [01/Feb/2023:20:15:28 -0800] "GET /instagram-miami/01-28-2023-2006142-Man-Dead-After-Attempted-Murder-Suicide-in-West-L.txt HTTP/1.1" 404 88 "-" "Mozilla/5.0 (compatible; AhrefsBot/7.0; +http://ahrefs.com/robot/)" "metrocrimedaily.com"
51.222.253.6 - - [01/Feb/2023:20:15:29 -0800] "GET /instagram-miami/01-28-2023-2152331-Family-and-Friends-Hold-Candlelight-Vigil-for-Tee.txt HTTP/1.1" 404 88 "-" "Mozilla/5.0 (compatible; AhrefsBot/7.0; +http://ahrefs.com/robot/)" "metrocrimedaily.com"
51.222.253.12 - - [01/Feb/2023:20:15:29 -0800] "GET /instagram-miami/01-28-2023-2239301-2-in-custody-after-pursuit-involving-car-linked-t.txt HTTP/1.1" 404 88 "-" "Mozilla/5.0 (compatible; AhrefsBot/7.0; +http://ahrefs.com/robot/)" "metrocrimedaily.com"
51.222.253.15 - - [01/Feb/2023:20:15:30 -0800] "GET /instagram-miami/01-29-2023-1130581-Man-Arrested-in-Hollywood-Gold-Chain-Robbery-a-Su.txt HTTP/1.1" 404 88 "-" "Mozilla/5.0 (compatible; AhrefsBot/7.0; +http://ahrefs.com/robot/)" "metrocrimedaily.com"
51.222.253.18 - - [01/Feb/2023:20:15:30 -0800] "GET /instagram-miami/01-29-2023-1623401-Small-plane-removed-from-Rickenbacker-Causeway-af.txt HTTP/1.1" 404 88 "-" "Mozilla/5.0 (compatible; AhrefsBot/7.0; +http://ahrefs.com/robot/)" "metrocrimedaily.com"
51.222.253.2 - - [01/Feb/2023:20:15:31 -0800] "GET /instagram-miami/01-29-2023-1737201-Man-arrested-for-allegedly-breaking-into-Miami-Be.txt HTTP/1.1" 404 88 "-" "Mozilla/5.0 (compatible; AhrefsBot/7.0; +http://ahrefs.com/robot/)" "metrocrimedaily.com"
51.222.253.20 - - [01/Feb/2023:20:15:31 -0800] "GET /instagram-miami/01-29-2023-1824341-Runners-pay-tribute-to-slain-MDPD-officer-as-Miam.txt HTTP/1.1" 404 88 "-" "Mozilla/5.0 (compatible; AhrefsBot/7.0; +http://ahrefs.com/robot/)" "metrocrimedaily.com"
51.222.253.18 - - [01/Feb/2023:20:15:32 -0800] "GET /instagram-miami/01-29-2023-2044481-Delray-Beach-man-missing-after-being-swept-away-b.txt HTTP/1.1" 404 88 "-" "Mozilla/5.0 (compatible; AhrefsBot/7.0; +http://ahrefs.com/robot/)" "metrocrimedaily.com"
51.222.253.15 - - [01/Feb/2023:20:15:33 -0800] "GET /instagram-miami/01-29-2023-2231091-Florida-Missing-Child-Alert-issued-for-14-year-ol.txt HTTP/1.1" 404 88 "-" "Mozilla/5.0 (compatible; AhrefsBot/7.0; +http://ahrefs.com/robot/)" "metrocrimedaily.com"
51.222.253.7 - - [01/Feb/2023:20:15:35 -0800] "GET /instagram-miami/01-30-2023-0315411-Dayonte-Resiles-Found-Guilty-of-Murdering-Woman-i.txt HTTP/1.1" 404 88 "-" "Mozilla/5.0 (compatible; AhrefsBot/7.0; +http://ahrefs.com/robot/)" "metrocrimedaily.com"
51.222.253.11 - - [01/Feb/2023:20:15:35 -0800] "GET /instagram-miami/01-30-2023-0315412-Mass.-Dad-Releases-Statement--Asks-People-to-Forg.txt HTTP/1.1" 404 88 "-" "Mozilla/5.0 (compatible; AhrefsBot/7.0; +http://ahrefs.com/robot/)" "metrocrimedaily.com"
51.222.253.11 - - [01/Feb/2023:20:15:36 -0800] "GET /instagram-miami/01-30-2023-0447051-Trial-for-Men-Charged-in-Murder-of-Rapper-XXXTent.txt HTTP/1.1" 404 88 "-" "Mozilla/5.0 (compatible; AhrefsBot/7.0; +http://ahrefs.com/robot/)" "metrocrimedaily.com"
51.222.253.7 - - [01/Feb/2023:20:15:36 -0800] "GET /instagram-miami/01-30-2023-0547181-Pedestrian-Struck-and-Killed-While-Walking-on-Pal.txt HTTP/1.1" 404 88 "-" "Mozilla/5.0 (compatible; AhrefsBot/7.0; +http://ahrefs.com/robot/)" "metrocrimedaily.com"
51.222.253.12 - - [01/Feb/2023:20:15:37 -0800] "GET /instagram-miami/01-30-2023-0649201-2-arrested-following-police-chase-that-ended-in-S.txt HTTP/1.1" 404 88 "-" "Mozilla/5.0 (compatible; AhrefsBot/7.0; +http://ahrefs.com/robot/)" "metrocrimedaily.com"
51.222.253.12 - - [01/Feb/2023:20:15:37 -0800] "GET /instagram-houston/01-26-2023-1908565-15-year-old-La-Marque-HS-student-arrested--charge.txt HTTP/1.1" 404 88 "-" "Mozilla/5.0 (compatible; AhrefsBot/7.0; +http://ahrefs.com/robot/)" "metrocrimedaily.com"
51.222.253.8 - - [01/Feb/2023:20:15:38 -0800] "GET /instagram-houston/01-26-2023-2219104-McHenry-County-man-charged-with-leaving-the-scene.txt HTTP/1.1" 404 88 "-" "Mozilla/5.0 (compatible; AhrefsBot/7.0; +http://ahrefs.com/robot/)" "metrocrimedaily.com"
51.222.253.5 - - [01/Feb/2023:20:15:38 -0800] "GET /instagram-losangeles/?C=D;O=A HTTP/1.1" 200 1628 "-" "Mozilla/5.0 (compatible; AhrefsBot/7.0; +http://ahrefs.com/robot/)" "metrocrimedaily.com"
51.222.253.15 - - [01/Feb/2023:20:15:39 -0800] "GET /instagram-losangeles/?C=N;O=D HTTP/1.1" 200 1607 "-" "Mozilla/5.0 (compatible; AhrefsBot/7.0; +http://ahrefs.com/robot/)" "metrocrimedaily.com"
51.222.253.17 - - [01/Feb/2023:20:15:39 -0800] "GET /instagram-losangeles/?C=S;O=A HTTP/1.1" 200 1620 "-" "Mozilla/5.0 (compatible; AhrefsBot/7.0; +http://ahrefs.com/robot/)" "metrocrimedaily.com"
51.222.253.16 - - [01/Feb/2023:20:15:40 -0800] "GET /instagram-losangeles/ig-losangeles-stories-to-post-later.txt HTTP/1.1" 200 3012 "-" "Mozilla/5.0 (compatible; AhrefsBot/7.0; +http://ahrefs.com/robot/)" "metrocrimedaily.com"
51.222.253.9 - - [01/Feb/2023:20:15:40 -0800] "GET /instagram-losangeles/post-later/ HTTP/1.1" 200 460 "-" "Mozilla/5.0 (compatible; AhrefsBot/7.0; +http://ahrefs.com/robot/)" "metrocrimedaily.com"
51.222.253.14 - - [01/Feb/2023:20:15:41 -0800] "GET /instagram-losangeles/videos/ HTTP/1.1" 200 427 "-" "Mozilla/5.0 (compatible; AhrefsBot/7.0; +http://ahrefs.com/robot/)" "metrocrimedaily.com"
51.222.253.12 - - [01/Feb/2023:20:15:41 -0800] "GET /instagram-neworleans/01-24-2023-1652291-Liquor-license-suspended-for-Baton-Rouge-nightclu.txt HTTP/1.1" 404 88 "-" "Mozilla/5.0 (compatible; AhrefsBot/7.0; +http://ahrefs.com/robot/)" "www.metrocrimedaily.com"
51.222.253.11 - - [01/Feb/2023:20:15:42 -0800] "GET /CRIME-WATCH-AMERICA/GOOD_BARBER_APP-MAKER/INSTALL-CRIME-WATCH-HOUSTON/CRIME-WATCH-HOUSTON/WIP/houston-abc13-urls-logfile.txt HTTP/1.1" 200 20 "-" "Mozilla/5.0 (compatible; AhrefsBot/7.0; +http://ahrefs.com/robot/)" "metrocrimedaily.com"
51.222.253.20 - - [01/Feb/2023:20:15:43 -0800] "GET /CRIME-WATCH-AMERICA/GOOD_BARBER_APP-MAKER/INSTALL-CRIME-WATCH-HOUSTON/CRIME-WATCH-HOUSTON/WIP/houston-click2houston-logfile.txt HTTP/1.1" 200 438 "-" "Mozilla/5.0 (compatible; AhrefsBot/7.0; +http://ahrefs.com/robot/)" "metrocrimedaily.com"
51.222.253.1 - - [01/Feb/2023:20:15:43 -0800] "GET /CRIME-WATCH-AMERICA/GOOD_BARBER_APP-MAKER/INSTALL-CRIME-WATCH-HOUSTON/CRIME-WATCH-HOUSTON/WIP/houston-click2houston-stories.txt HTTP/1.1" 200 100276 "-" "Mozilla/5.0 (compatible; AhrefsBot/7.0; +http://ahrefs.com/robot/)" "metrocrimedaily.com"
51.222.253.9 - - [01/Feb/2023:20:15:43 -0800] "GET /CRIME-WATCH-AMERICA/GOOD_BARBER_APP-MAKER/INSTALL-CRIME-WATCH-HOUSTON/CRIME-WATCH-HOUSTON/WIP/houston-click2houston-urls-logfile.txt HTTP/1.1" 200 20 "-" "Mozilla/5.0 (compatible; AhrefsBot/7.0; +http://ahrefs.com/robot/)" "metrocrimedaily.com"
51.222.253.4 - - [01/Feb/2023:20:15:44 -0800] "GET /CRIME-WATCH-AMERICA/GOOD_BARBER_APP-MAKER/INSTALL-CRIME-WATCH-HOUSTON/CRIME-WATCH-HOUSTON/WIP/houston-click2houston-urls.txt HTTP/1.1" 200 7188 "-" "Mozilla/5.0 (compatible; AhrefsBot/7.0; +http://ahrefs.com/robot/)" "metrocrimedaily.com"
51.222.253.19 - - [01/Feb/2023:20:15:44 -0800] "GET /CRIME-WATCH-AMERICA/GOOD_BARBER_APP-MAKER/INSTALL-CRIME-WATCH-HOUSTON/CRIME-WATCH-HOUSTON/WIP/houston-dailyherald-logfile.txt HTTP/1.1" 200 298 "-" "Mozilla/5.0 (compatible; AhrefsBot/7.0; +http://ahrefs.com/robot/)" "metrocrimedaily.com"
51.222.253.11 - - [01/Feb/2023:20:15:45 -0800] "GET /CRIME-WATCH-AMERICA/GOOD_BARBER_APP-MAKER/INSTALL-CRIME-WATCH-HOUSTON/CRIME-WATCH-HOUSTON/WIP/houston-dailyherald-urls-logfile.txt HTTP/1.1" 200 20 "-" "Mozilla/5.0 (compatible; AhrefsBot/7.0; +http://ahrefs.com/robot/)" "metrocrimedaily.com"
51.222.253.14 - - [01/Feb/2023:20:15:45 -0800] "GET /CRIME-WATCH-AMERICA/GOOD_BARBER_APP-MAKER/INSTALL-CRIME-WATCH-HOUSTON/CRIME-WATCH-HOUSTON/WIP/houston-dailypress-logfile.txt HTTP/1.1" 200 825 "-" "Mozilla/5.0 (compatible; AhrefsBot/7.0; +http://ahrefs.com/robot/)" "metrocrimedaily.com"
51.222.253.20 - - [01/Feb/2023:20:15:46 -0800] "GET /CRIME-WATCH-AMERICA/GOOD_BARBER_APP-MAKER/INSTALL-CRIME-WATCH-HOUSTON/CRIME-WATCH-HOUSTON/WIP/houston-dailypress-stories.txt HTTP/1.1" 200 250986 "-" "Mozilla/5.0 (compatible; AhrefsBot/7.0; +http://ahrefs.com/robot/)" "metrocrimedaily.com"
51.222.253.4 - - [01/Feb/2023:20:15:47 -0800] "GET /CRIME-WATCH-AMERICA/GOOD_BARBER_APP-MAKER/INSTALL-CRIME-WATCH-HOUSTON/CRIME-WATCH-HOUSTON/WIP/houston-dailypress-urls-logfile.txt HTTP/1.1" 200 20 "-" "Mozilla/5.0 (compatible; AhrefsBot/7.0; +http://ahrefs.com/robot/)" "metrocrimedaily.com"
51.222.253.6 - - [01/Feb/2023:20:15:47 -0800] "GET /CRIME-WATCH-AMERICA/GOOD_BARBER_APP-MAKER/INSTALL-CRIME-WATCH-HOUSTON/CRIME-WATCH-HOUSTON/WIP/houston-fox26houston-stories.txt HTTP/1.1" 200 32474 "-" "Mozilla/5.0 (compatible; AhrefsBot/7.0; +http://ahrefs.com/robot/)" "metrocrimedaily.com"
51.222.253.3 - - [01/Feb/2023:20:15:47 -0800] "GET /CRIME-WATCH-AMERICA/GOOD_BARBER_APP-MAKER/INSTALL-CRIME-WATCH-HOUSTON/CRIME-WATCH-HOUSTON/WIP/houston-fox26houston-urls-logfile.txt HTTP/1.1" 200 20 "-" "Mozilla/5.0 (compatible; AhrefsBot/7.0; +http://ahrefs.com/robot/)" "metrocrimedaily.com"
51.222.253.15 - - [01/Feb/2023:20:15:48 -0800] "GET /CRIME-WATCH-AMERICA/GOOD_BARBER_APP-MAKER/INSTALL-CRIME-WATCH-HOUSTON/CRIME-WATCH-HOUSTON/WIP/houston-houstonchronicle-stories.txt HTTP/1.1" 200 26755 "-" "Mozilla/5.0 (compatible; AhrefsBot/7.0; +http://ahrefs.com/robot/)" "metrocrimedaily.com"
51.222.253.17 - - [01/Feb/2023:20:15:48 -0800] "GET /CRIME-WATCH-AMERICA/GOOD_BARBER_APP-MAKER/INSTALL-CRIME-WATCH-HOUSTON/CRIME-WATCH-HOUSTON/WIP/houston-houstonchronicle-urls-logfile.txt HTTP/1.1" 200 20 "-" "Mozilla/5.0 (compatible; AhrefsBot/7.0; +http://ahrefs.com/robot/)" "metrocrimedaily.com"
51.222.253.4 - - [01/Feb/2023:20:15:49 -0800] "GET /CRIME-WATCH-AMERICA/GOOD_BARBER_APP-MAKER/INSTALL-CRIME-WATCH-HOUSTON/CRIME-WATCH-HOUSTON/WIP/houston-houstonchronicle-urls.txt HTTP/1.1" 200 3089 "-" "Mozilla/5.0 (compatible; AhrefsBot/7.0; +http://ahrefs.com/robot/)" "metrocrimedaily.com"
51.222.253.10 - - [01/Feb/2023:20:15:49 -0800] "GET /CRIME-WATCH-AMERICA/GOOD_BARBER_APP-MAKER/INSTALL-CRIME-WATCH-HOUSTON/CRIME-WATCH-HOUSTON/WIP/pick-houston-stories-to-post.txt HTTP/1.1" 200 11454 "-" "Mozilla/5.0 (compatible; AhrefsBot/7.0; +http://ahrefs.com/robot/)" "metrocrimedaily.com"
51.222.253.8 - - [01/Feb/2023:20:15:50 -0800] "GET /CRIME-WATCH-AMERICA/GOOD_BARBER_APP-MAKER/INSTALL-CRIME-WATCH-HOUSTON/CRIME-WATCH-HOUSTON/WIP/post-these-unique-houston-urls.txt HTTP/1.1" 200 3377 "-" "Mozilla/5.0 (compatible; AhrefsBot/7.0; +http://ahrefs.com/robot/)" "metrocrimedaily.com"
51.222.253.3 - - [01/Feb/2023:20:15:50 -0800] "GET /CRIME-WATCH-AMERICA/GOOD_BARBER_APP-MAKER/INSTALL-CRIME-WATCH-HOUSTON/CRIME-WATCH-HOUSTON/WIP/post-these-unique-random-houston-urls.txt HTTP/1.1" 200 3484 "-" "Mozilla/5.0 (compatible; AhrefsBot/7.0; +http://ahrefs.com/robot/)" "metrocrimedaily.com"
51.222.253.4 - - [01/Feb/2023:20:15:51 -0800] "GET /CRIME-WATCH-AMERICA/GOOD_BARBER_APP-MAKER/INSTALL-CRIME-WATCH-HOUSTON/CRIME-WATCH-HOUSTON/WIP/previously-posted-houston-stories.txt HTTP/1.1" 200 48 "-" "Mozilla/5.0 (compatible; AhrefsBot/7.0; +http://ahrefs.com/robot/)" "metrocrimedaily.com"
173.252.107.4 - - [01/Feb/2023:20:17:00 -0800] "GET /instagram-miami/02-01-2023-2216391-A.jpg HTTP/1.1" 200 125965 "-" "facebookexternalhit/1.1 (+http://www.facebook.com/externalhit_uatext.php)" "www.metrocrimedaily.com"
69.63.184.118 - - [01/Feb/2023:20:17:01 -0800] "GET /instagram-atlanta/02-01-2023-2201062-A.jpg HTTP/1.1" 200 225420 "-" "facebookexternalhit/1.1 (+http://www.facebook.com/externalhit_uatext.php)" "www.metrocrimedaily.com"
51.222.253.7 - - [01/Feb/2023:20:19:37 -0800] "GET /CRIME-WATCH-AMERICA/CRIME-WATCH-DETROIT/unix/?C=D;O=A HTTP/1.1" 200 395 "-" "Mozilla/5.0 (compatible; AhrefsBot/7.0; +http://ahrefs.com/robot/)" "metrocrimedaily.com"
51.222.253.11 - - [01/Feb/2023:20:23:41 -0800] "GET /CRIME-WATCH-AMERICA/CRIME-WATCH-DETROIT/unix/?C=M;O=A HTTP/1.1" 200 394 "-" "Mozilla/5.0 (compatible; AhrefsBot/7.0; +http://ahrefs.com/robot/)" "metrocrimedaily.com"
69.63.184.118 - - [01/Feb/2023:20:27:17 -0800] "GET /instagram-detroit/02-01-2023-2223401-A.jpg HTTP/1.1" 200 79790 "-" "facebookexternalhit/1.1 (+http://www.facebook.com/externalhit_uatext.php)" "www.metrocrimedaily.com"
51.222.253.13 - - [01/Feb/2023:20:27:31 -0800] "GET /CRIME-WATCH-AMERICA/CRIME-WATCH-DETROIT/unix/?C=N;O=D HTTP/1.1" 200 389 "-" "Mozilla/5.0 (compatible; AhrefsBot/7.0; +http://ahrefs.com/robot/)" "metrocrimedaily.com"
45.85.146.176 - - [01/Feb/2023:20:29:05 -0800] "GET /wp-login.php HTTP/1.1" 404 88 "" "Mozilla/5.0 (Windows NT 10.0; Win64; x64; rv:108.0) Gecko/20100101 Firefox/108.0" "metrocrimedaily.com"
173.252.107.17 - - [01/Feb/2023:20:30:33 -0800] "GET /instagram-houston/02-01-2023-2214422-A.jpg HTTP/1.1" 200 124157 "-" "facebookexternalhit/1.1 (+http://www.facebook.com/externalhit_uatext.php)" "www.metrocrimedaily.com"
51.222.253.9 - - [01/Feb/2023:20:32:06 -0800] "GET /CRIME-WATCH-AMERICA/CRIME-WATCH-DETROIT/unix/?C=S;O=A HTTP/1.1" 200 395 "-" "Mozilla/5.0 (compatible; AhrefsBot/7.0; +http://ahrefs.com/robot/)" "metrocrimedaily.com"
69.63.184.2 - - [01/Feb/2023:20:32:33 -0800] "GET /instagram-atlanta/02-01-2023-2201063-A.jpg HTTP/1.1" 200 160435 "-" "facebookexternalhit/1.1 (+http://www.facebook.com/externalhit_uatext.php)" "www.metrocrimedaily.com"
51.222.253.17 - - [01/Feb/2023:20:36:02 -0800] "GET /CRIME-WATCH-AMERICA/CRIME-WATCH-DETROIT/unix/bin/ HTTP/1.1" 200 2141 "-" "Mozilla/5.0 (compatible; AhrefsBot/7.0; +http://ahrefs.com/robot/)" "metrocrimedaily.com"
69.63.184.112 - - [01/Feb/2023:20:39:49 -0800] "GET /instagram-dallas/02-01-2023-2239281-A.jpg HTTP/1.1" 200 136404 "-" "facebookexternalhit/1.1 (+http://www.facebook.com/externalhit_uatext.php)" "www.metrocrimedaily.com"
51.222.253.11 - - [01/Feb/2023:20:40:21 -0800] "GET /CRIME-WATCH-AMERICA/CRIME-WATCH-DETROIT/unix/wbin/ HTTP/1.1" 200 1814 "-" "Mozilla/5.0 (compatible; AhrefsBot/7.0; +http://ahrefs.com/robot/)" "metrocrimedaily.com"
51.222.253.19 - - [01/Feb/2023:20:42:15 -0800] "GET /CRIME-WATCH-AMERICA/CRIME-WATCH-DETROIT/ppmcdstories.txt HTTP/1.1" 200 20 "-" "Mozilla/5.0 (compatible; AhrefsBot/7.0; +http://ahrefs.com/robot/)" "www.metrocrimedaily.com"
98.224.178.54 - - [01/Feb/2023:20:42:39 -0800] "GET / HTTP/1.1" 200 9704 "-" "Mozilla/5.0 (iPhone; CPU iPhone OS 16_1_2 like Mac OS X) AppleWebKit/605.1.15 (KHTML, like Gecko) Version/16.1 Mobile/15E148 Safari/604.1" "www.metrocrimedaily.com"
51.222.253.7 - - [01/Feb/2023:20:44:05 -0800] "GET /CRIME-WATCH-AMERICA/CRIME-WATCH-DETROIT/sendemail.bat HTTP/1.1" 200 494 "-" "Mozilla/5.0 (compatible; AhrefsBot/7.0; +http://ahrefs.com/robot/)" "www.metrocrimedaily.com"
173.252.107.4 - - [01/Feb/2023:20:46:03 -0800] "GET /instagram-houston/02-01-2023-2214423-A.jpg HTTP/1.1" 200 82181 "-" "facebookexternalhit/1.1 (+http://www.facebook.com/externalhit_uatext.php)" "www.metrocrimedaily.com"
51.222.253.7 - - [01/Feb/2023:20:46:03 -0800] "GET /CRIME-WATCH-AMERICA/CRIME-WATCH-DETROIT/videos.txt HTTP/1.1" 200 1662 "-" "Mozilla/5.0 (compatible; AhrefsBot/7.0; +http://ahrefs.com/robot/)" "www.metrocrimedaily.com"
40.77.167.212 - - [01/Feb/2023:20:46:12 -0800] "GET /index-miami.html HTTP/1.1" 200 6948 "-" "Mozilla/5.0 AppleWebKit/537.36 (KHTML, like Gecko; compatible; bingbot/2.0; +http://www.bing.com/bingbot.htm) Chrome/103.0.5060.134 Safari/537.36" "metrocrimedaily.com"
51.222.253.1 - - [01/Feb/2023:20:48:01 -0800] "GET /CRIME-WATCH-AMERICA/CRIME-WATCH-DETROIT/yt-dlp.exe HTTP/1.1" 200 106359 "-" "Mozilla/5.0 (compatible; AhrefsBot/7.0; +http://ahrefs.com/robot/)" "www.metrocrimedaily.com"
173.252.107.119 - - [01/Feb/2023:20:49:15 -0800] "GET /instagram-neworleans/02-01-2023-2248541-A.jpg HTTP/1.1" 200 192711 "-" "facebookexternalhit/1.1 (+http://www.facebook.com/externalhit_uatext.php)" "www.metrocrimedaily.com"
173.252.107.18 - - [01/Feb/2023:20:49:37 -0800] "GET /instagram-neworleans/02-01-2023-2248542-A.jpg HTTP/1.1" 200 116907 "-" "facebookexternalhit/1.1 (+http://www.facebook.com/externalhit_uatext.php)" "www.metrocrimedaily.com"
173.252.107.6 - - [01/Feb/2023:20:49:59 -0800] "GET /instagram-neworleans/02-01-2023-2248543-A.jpg HTTP/1.1" 200 81152 "-" "facebookexternalhit/1.1 (+http://www.facebook.com/externalhit_uatext.php)" "www.metrocrimedaily.com"
51.222.253.12 - - [01/Feb/2023:20:50:04 -0800] "GET /instagram-losangeles/02-01-2023-1221361-Oregon-man-wanted-for-kidnap--torture-dies-of-sel.txt HTTP/1.1" 200 987 "-" "Mozilla/5.0 (compatible; AhrefsBot/7.0; +http://ahrefs.com/robot/)" "www.metrocrimedaily.com"
173.252.107.15 - - [01/Feb/2023:20:50:22 -0800] "GET /instagram-neworleans/02-01-2023-2248544-A.jpg HTTP/1.1" 200 139694 "-" "facebookexternalhit/1.1 (+http://www.facebook.com/externalhit_uatext.php)" "www.metrocrimedaily.com"
173.252.107.24 - - [01/Feb/2023:20:50:45 -0800] "GET /instagram-neworleans/02-01-2023-2248545-A.jpg HTTP/1.1" 200 473413 "-" "facebookexternalhit/1.1 (+http://www.facebook.com/externalhit_uatext.php)" "www.metrocrimedaily.com"
51.222.253.9 - - [01/Feb/2023:20:52:24 -0800] "GET /instagram-losangeles/02-01-2023-1337291-20-attorneys-general-warn-Walgreens--CVS-over-abo.txt HTTP/1.1" 200 1101 "-" "Mozilla/5.0 (compatible; AhrefsBot/7.0; +http://ahrefs.com/robot/)" "www.metrocrimedaily.com"
51.222.253.19 - - [01/Feb/2023:20:54:17 -0800] "GET /instagram-losangeles/02-01-2023-1444191-Man-fatally-stabbed-outside-Westlake-Metro-statio.txt HTTP/1.1" 200 433 "-" "Mozilla/5.0 (compatible; AhrefsBot/7.0; +http://ahrefs.com/robot/)" "www.metrocrimedaily.com"
69.63.184.118 - - [01/Feb/2023:20:55:24 -0800] "GET /instagram-dallas/02-01-2023-2239282-A.jpg HTTP/1.1" 200 113674 "-" "facebookexternalhit/1.1 (+http://www.facebook.com/externalhit_uatext.php)" "www.metrocrimedaily.com"
51.222.253.1 - - [01/Feb/2023:20:56:26 -0800] "GET /instagram-losangeles/02-01-2023-1444193-Disgraced-former-L.A.-lawyer-Tom-Girardi-indicted.txt HTTP/1.1" 200 1133 "-" "Mozilla/5.0 (compatible; AhrefsBot/7.0; +http://ahrefs.com/robot/)" "www.metrocrimedaily.com"
157.55.39.85 - - [01/Feb/2023:20:56:53 -0800] "GET /instagram-atlanta/12-20-2022-1534561-Manager-identified-as-victim-in-deadly-road-rage-.txt HTTP/1.1" 404 88 "-" "Mozilla/5.0 AppleWebKit/537.36 (KHTML, like Gecko; compatible; bingbot/2.0; +http://www.bing.com/bingbot.htm) Chrome/103.0.5060.134 Safari/537.36" "www.metrocrimedaily.com"
51.222.253.8 - - [01/Feb/2023:20:58:53 -0800] "GET /instagram-losangeles/02-01-2023-1444194-3-family-members-found-shot-to-death-in-Ontario-.txt HTTP/1.1" 200 644 "-" "Mozilla/5.0 (compatible; AhrefsBot/7.0; +http://ahrefs.com/robot/)" "www.metrocrimedaily.com"
51.222.253.2 - - [01/Feb/2023:21:01:07 -0800] "GET /CRIME-WATCH-AMERICA/CRIME-WATCH-DETROIT/INSTAGRAM-AUTOMATION/encoded-text-file.txt HTTP/1.1" 200 221 "-" "Mozilla/5.0 (compatible; AhrefsBot/7.0; +http://ahrefs.com/robot/)" "metrocrimedaily.com"
173.252.107.6 - - [01/Feb/2023:21:01:36 -0800] "GET /instagram-houston/02-01-2023-2214424-A.jpg HTTP/1.1" 200 218375 "-" "facebookexternalhit/1.1 (+http://www.facebook.com/externalhit_uatext.php)" "www.metrocrimedaily.com"
114.119.132.112 - - [01/Feb/2023:21:02:01 -0800] "GET /instagram-neworleans/01-23-2023-1617261-Police-arrest-2-Natchez-juveniles-after-attemptin.txt HTTP/1.1" 404 88 "https://metrocrimedaily.com/instagram-neworleans/" "Mozilla/5.0 (Linux; Android 7.0;) AppleWebKit/537.36 (KHTML, like Gecko) Mobile Safari/537.36 (compatible; PetalBot;+https://webmaster.petalsearch.com/site/petalbot)" "metrocrimedaily.com"
51.222.253.1 - - [01/Feb/2023:21:03:22 -0800] "GET /CRIME-WATCH-AMERICA/CRIME-WATCH-DETROIT/INSTAGRAM-AUTOMATION/fix-imagewith-imagemagick-RevA.bat HTTP/1.1" 200 5338 "-" "Mozilla/5.0 (compatible; AhrefsBot/7.0; +http://ahrefs.com/robot/)" "metrocrimedaily.com"
69.63.184.3 - - [01/Feb/2023:21:05:02 -0800] "GET /instagram-chicago/02-01-2023-2304411-A.jpg HTTP/1.1" 200 77343 "-" "facebookexternalhit/1.1 (+http://www.facebook.com/externalhit_uatext.php)" "www.metrocrimedaily.com"
51.222.253.14 - - [01/Feb/2023:21:05:36 -0800] "GET /CRIME-WATCH-AMERICA/CRIME-WATCH-DETROIT/INSTAGRAM-AUTOMATION/post-to-instagram-RevA.bat HTTP/1.1" 200 4213 "-" "Mozilla/5.0 (compatible; AhrefsBot/7.0; +http://ahrefs.com/robot/)" "metrocrimedaily.com"
51.222.253.13 - - [01/Feb/2023:21:08:08 -0800] "GET /CRIME-WATCH-AMERICA/CRIME-WATCH-DETROIT/INSTAGRAM-AUTOMATION/post-to-instagram-RevC.bat HTTP/1.1" 200 6170 "-" "Mozilla/5.0 (compatible; AhrefsBot/7.0; +http://ahrefs.com/robot/)" "metrocrimedaily.com"
51.222.253.14 - - [01/Feb/2023:21:10:28 -0800] "GET /CRIME-WATCH-AMERICA/CRIME-WATCH-DETROIT/INSTAGRAM-AUTOMATION/post-to-instagram-RevD.bat HTTP/1.1" 200 7643 "-" "Mozilla/5.0 (compatible; AhrefsBot/7.0; +http://ahrefs.com/robot/)" "metrocrimedaily.com"
71.190.104.178 - - [01/Feb/2023:21:11:00 -0800] "GET / HTTP/1.1" 200 9704 "-" "Mozilla/5.0 (Linux; Android 12; SM-A037U) AppleWebKit/537.36 (KHTML, like Gecko) Chrome/109.0.0.0 Mobile Safari/537.36" "www.metrocrimedaily.com"
71.190.104.178 - - [01/Feb/2023:21:11:00 -0800] "GET /styles-mcd.css HTTP/1.1" 200 1159 "-" "Mozilla/5.0 (Linux; Android 12; SM-A037U) AppleWebKit/537.36 (KHTML, like Gecko) Chrome/109.0.0.0 Mobile Safari/537.36" "www.metrocrimedaily.com"
71.190.104.178 - - [01/Feb/2023:21:11:00 -0800] "GET /images/crimeinthed-logo.jpg HTTP/1.1" 200 14960 "http://www.metrocrimedaily.com/" "Mozilla/5.0 (Linux; Android 12; SM-A037U) AppleWebKit/537.36 (KHTML, like Gecko) Chrome/109.0.0.0 Mobile Safari/537.36" "www.metrocrimedaily.com"
71.190.104.178 - - [01/Feb/2023:21:11:00 -0800] "GET /images/police-tape.jpg HTTP/1.1" 200 50766 "http://www.metrocrimedaily.com/" "Mozilla/5.0 (Linux; Android 12; SM-A037U) AppleWebKit/537.36 (KHTML, like Gecko) Chrome/109.0.0.0 Mobile Safari/537.36" "metrocrimedaily.com"
71.190.104.178 - - [01/Feb/2023:21:11:01 -0800] "GET /images/facebook-logo-tiny.png HTTP/1.1" 200 1280 "http://www.metrocrimedaily.com/" "Mozilla/5.0 (Linux; Android 12; SM-A037U) AppleWebKit/537.36 (KHTML, like Gecko) Chrome/109.0.0.0 Mobile Safari/537.36" "www.metrocrimedaily.com"
71.190.104.178 - - [01/Feb/2023:21:11:01 -0800] "GET /images/youtube-logo-tiny.png HTTP/1.1" 200 689 "http://www.metrocrimedaily.com/" "Mozilla/5.0 (Linux; Android 12; SM-A037U) AppleWebKit/537.36 (KHTML, like Gecko) Chrome/109.0.0.0 Mobile Safari/537.36" "www.metrocrimedaily.com"
71.190.104.178 - - [01/Feb/2023:21:11:01 -0800] "GET /images/twitter-logo-b-tiny.png HTTP/1.1" 200 1600 "http://www.metrocrimedaily.com/" "Mozilla/5.0 (Linux; Android 12; SM-A037U) AppleWebKit/537.36 (KHTML, like Gecko) Chrome/109.0.0.0 Mobile Safari/537.36" "www.metrocrimedaily.com"
71.190.104.178 - - [01/Feb/2023:21:11:02 -0800] "GET /favicon.ico HTTP/1.1" 404 88 "http://www.metrocrimedaily.com/" "Mozilla/5.0 (Linux; Android 12; SM-A037U) AppleWebKit/537.36 (KHTML, like Gecko) Chrome/109.0.0.0 Mobile Safari/537.36" "www.metrocrimedaily.com"
51.222.253.10 - - [01/Feb/2023:21:12:54 -0800] "GET /CRIME-WATCH-AMERICA/CRIME-WATCH-DETROIT/INSTAGRAM-AUTOMATION/unencoded-RevA.bat HTTP/1.1" 200 2808 "-" "Mozilla/5.0 (compatible; AhrefsBot/7.0; +http://ahrefs.com/robot/)" "metrocrimedaily.com"
69.63.184.119 - - [01/Feb/2023:21:14:58 -0800] "GET /instagram-atlanta/02-01-2023-2314371-A.jpg HTTP/1.1" 200 126282 "-" "facebookexternalhit/1.1 (+http://www.facebook.com/externalhit_uatext.php)" "www.metrocrimedaily.com"
69.63.184.119 - - [01/Feb/2023:21:15:28 -0800] "GET /instagram-atlanta/02-01-2023-2314372-A.jpg HTTP/1.1" 200 194651 "-" "facebookexternalhit/1.1 (+http://www.facebook.com/externalhit_uatext.php)" "www.metrocrimedaily.com"
51.222.253.8 - - [01/Feb/2023:21:15:28 -0800] "GET /CRIME-WATCH-AMERICA/CRIME-WATCH-DETROIT/INSTAGRAM-AUTOMATION/unencoded-RevC.bat HTTP/1.1" 200 3415 "-" "Mozilla/5.0 (compatible; AhrefsBot/7.0; +http://ahrefs.com/robot/)" "metrocrimedaily.com"
173.252.107.7 - - [01/Feb/2023:21:17:07 -0800] "GET /instagram-houston/02-01-2023-2214425-A.jpg HTTP/1.1" 200 115728 "-" "facebookexternalhit/1.1 (+http://www.facebook.com/externalhit_uatext.php)" "www.metrocrimedaily.com"
173.252.107.17 - - [01/Feb/2023:21:17:34 -0800] "GET /instagram-houston/02-01-2023-2214426-A.jpg HTTP/1.1" 200 77039 "-" "facebookexternalhit/1.1 (+http://www.facebook.com/externalhit_uatext.php)" "www.metrocrimedaily.com"
51.222.253.6 - - [01/Feb/2023:21:17:47 -0800] "GET /CRIME-WATCH-AMERICA/CRIME-WATCH-DETROIT/INSTAGRAM-AUTOMATION/IG-Caption1.txt HTTP/1.1" 200 698 "-" "Mozilla/5.0 (compatible; AhrefsBot/7.0; +http://ahrefs.com/robot/)" "www.metrocrimedaily.com"
173.252.107.24 - - [01/Feb/2023:21:18:02 -0800] "GET /instagram-houston/02-01-2023-2214427-A.jpg HTTP/1.1" 200 233132 "-" "facebookexternalhit/1.1 (+http://www.facebook.com/externalhit_uatext.php)" "www.metrocrimedaily.com"
143.244.146.244 - - [01/Feb/2023:21:18:10 -0800] "GET / HTTP/1.1" 200 9704 "-" "python-requests/2.26.0" "metrocrimedaily.com"
173.252.107.23 - - [01/Feb/2023:21:18:30 -0800] "GET /instagram-houston/02-01-2023-2214428-A.jpg HTTP/1.1" 200 277732 "-" "facebookexternalhit/1.1 (+http://www.facebook.com/externalhit_uatext.php)" "www.metrocrimedaily.com"
69.63.184.4 - - [01/Feb/2023:21:20:37 -0800] "GET /instagram-chicago/02-01-2023-2304412-A.jpg HTTP/1.1" 200 148804 "-" "facebookexternalhit/1.1 (+http://www.facebook.com/externalhit_uatext.php)" "www.metrocrimedaily.com"
51.222.253.9 - - [01/Feb/2023:21:20:45 -0800] "GET /CRIME-WATCH-AMERICA/CRIME-WATCH-DETROIT/INSTAGRAM-AUTOMATION/encoded-text-file.txt HTTP/1.1" 200 221 "-" "Mozilla/5.0 (compatible; AhrefsBot/7.0; +http://ahrefs.com/robot/)" "www.metrocrimedaily.com"
173.252.107.119 - - [01/Feb/2023:21:20:51 -0800] "GET /instagram-losangeles/02-01-2023-2320311-A.jpg HTTP/1.1" 200 109887 "-" "facebookexternalhit/1.1 (+http://www.facebook.com/externalhit_uatext.php)" "www.metrocrimedaily.com"
40.77.167.212 - - [01/Feb/2023:21:22:19 -0800] "GET / HTTP/1.1" 200 9704 "-" "Mozilla/5.0 AppleWebKit/537.36 (KHTML, like Gecko; compatible; bingbot/2.0; +http://www.bing.com/bingbot.htm) Chrome/103.0.5060.134 Safari/537.36" "www.metrocrimedaily.com"
51.222.253.11 - - [01/Feb/2023:21:23:10 -0800] "GET /CRIME-WATCH-AMERICA/CRIME-WATCH-DETROIT/INSTAGRAM-AUTOMATION/encoded-text-file.txt HTTP/1.1" 200 221 "-" "Mozilla/5.0 (compatible; AhrefsBot/7.0; +http://ahrefs.com/robot/)" "www.metrocrimedaily.com"
52.167.144.32 - - [01/Feb/2023:21:23:27 -0800] "GET /instagram-dallas/12-22-2022-1154482-Texas-drops-fight-to-prevent-18--to-20-year-olds-.txt HTTP/1.1" 404 88 "-" "Mozilla/5.0 AppleWebKit/537.36 (KHTML, like Gecko; compatible; bingbot/2.0; +http://www.bing.com/bingbot.htm) Chrome/103.0.5060.134 Safari/537.36" "www.metrocrimedaily.com"
40.77.167.212 - - [01/Feb/2023:21:24:38 -0800] "GET /index-miami.html HTTP/1.1" 200 6948 "-" "Mozilla/5.0 AppleWebKit/537.36 (KHTML, like Gecko; compatible; bingbot/2.0; +http://www.bing.com/bingbot.htm) Chrome/103.0.5060.134 Safari/537.36" "metrocrimedaily.com"
157.55.39.85 - - [01/Feb/2023:21:24:47 -0800] "GET /instagram-atlanta/12-22-2022-1057311-Man-shot--killed-following-argument-at-Atlanta-ga.txt HTTP/1.1" 404 88 "-" "Mozilla/5.0 AppleWebKit/537.36 (KHTML, like Gecko; compatible; bingbot/2.0; +http://www.bing.com/bingbot.htm) Chrome/103.0.5060.134 Safari/537.36" "www.metrocrimedaily.com"
173.252.107.15 - - [01/Feb/2023:21:25:18 -0800] "GET /instagram-neworleans/02-01-2023-2324571-A.jpg HTTP/1.1" 200 159582 "-" "facebookexternalhit/1.1 (+http://www.facebook.com/externalhit_uatext.php)" "www.metrocrimedaily.com"
51.222.253.4 - - [01/Feb/2023:21:25:49 -0800] "GET /CRIME-WATCH-AMERICA/CRIME-WATCH-DETROIT/INSTAGRAM-AUTOMATION/find-quota-usage-RevA.bat HTTP/1.1" 200 3184 "-" "Mozilla/5.0 (compatible; AhrefsBot/7.0; +http://ahrefs.com/robot/)" "www.metrocrimedaily.com"
87.250.224.33 - - [01/Feb/2023:21:26:09 -0800] "GET /robots.txt HTTP/1.1" 404 73 "-" "Mozilla/5.0 (compatible; YandexBot/3.0; +http://yandex.com/bots)" "metrocrimedaily.com"
5.255.231.112 - - [01/Feb/2023:21:26:13 -0800] "GET /index-houston.html HTTP/1.1" 200 14945 "-" "Mozilla/5.0 (compatible; YandexBot/3.0; +http://yandex.com/bots)" "metrocrimedaily.com"
5.255.253.120 - - [01/Feb/2023:21:26:17 -0800] "GET / HTTP/1.1" 200 9704 "-" "Mozilla/5.0 (compatible; YandexBot/3.0; +http://yandex.com/bots) AppleWebKit/537.36 (KHTML, like Gecko) Chrome/81.0.4044.268" "metrocrimedaily.com"
66.249.70.131 - - [01/Feb/2023:21:28:26 -0800] "GET /robots.txt HTTP/1.1" 404 88 "-" "Mozilla/5.0 (compatible; Googlebot/2.1; +http://www.google.com/bot.html)" "metrocrimedaily.com"
51.222.253.18 - - [01/Feb/2023:21:28:27 -0800] "GET /CRIME-WATCH-AMERICA/CRIME-WATCH-DETROIT/INSTAGRAM-AUTOMATION/fix-imagewith-imagemagick-RevA.bat HTTP/1.1" 200 5338 "-" "Mozilla/5.0 (compatible; AhrefsBot/7.0; +http://ahrefs.com/robot/)" "www.metrocrimedaily.com"
87.250.224.28 - - [01/Feb/2023:21:28:47 -0800] "GET /about-us.html HTTP/1.1" 200 706 "-" "Mozilla/5.0 (compatible; YandexBot/3.0; +http://yandex.com/bots)" "metrocrimedaily.com"
5.255.231.206 - - [01/Feb/2023:21:28:51 -0800] "GET /contact-us.html HTTP/1.1" 200 765 "-" "Mozilla/5.0 (compatible; YandexBot/3.0; +http://yandex.com/bots)" "metrocrimedaily.com"
87.250.224.33 - - [01/Feb/2023:21:28:54 -0800] "GET /privacy-policy.html HTTP/1.1" 200 2353 "-" "Mozilla/5.0 (compatible; YandexBot/3.0; +http://yandex.com/bots)" "metrocrimedaily.com"
87.250.224.16 - - [01/Feb/2023:21:28:57 -0800] "GET /abc13.com.com HTTP/1.1" 404 88 "-" "Mozilla/5.0 (compatible; YandexBot/3.0; +http://yandex.com/bots)" "metrocrimedaily.com"
87.250.224.50 - - [01/Feb/2023:21:29:00 -0800] "GET /index.html HTTP/1.1" 200 9704 "-" "Mozilla/5.0 (compatible; YandexBot/3.0; +http://yandex.com/bots)" "metrocrimedaily.com"
51.222.253.4 - - [01/Feb/2023:21:30:25 -0800] "GET /CRIME-WATCH-AMERICA/CRIME-WATCH-DETROIT/INSTAGRAM-AUTOMATION/fix-imagewith-imagemagick-RevA.bat HTTP/1.1" 200 5338 "-" "Mozilla/5.0 (compatible; AhrefsBot/7.0; +http://ahrefs.com/robot/)" "www.metrocrimedaily.com"
51.222.253.17 - - [01/Feb/2023:21:32:25 -0800] "GET /CRIME-WATCH-AMERICA/CRIME-WATCH-DETROIT/INSTAGRAM-AUTOMATION/fix-imagewith-imagemagick-RevB.bat HTTP/1.1" 200 6429 "-" "Mozilla/5.0 (compatible; AhrefsBot/7.0; +http://ahrefs.com/robot/)" "www.metrocrimedaily.com"
69.63.184.3 - - [01/Feb/2023:21:33:20 -0800] "GET /instagram-detroit/02-01-2023-2332411-A.jpg HTTP/1.1" 200 140464 "-" "facebookexternalhit/1.1 (+http://www.facebook.com/externalhit_uatext.php)" "www.metrocrimedaily.com"
69.63.184.118 - - [01/Feb/2023:21:34:38 -0800] "GET /instagram-detroit/02-01-2023-2332412-A.jpg HTTP/1.1" 200 81940 "-" "facebookexternalhit/1.1 (+http://www.facebook.com/externalhit_uatext.php)" "www.metrocrimedaily.com"
51.222.253.3 - - [01/Feb/2023:21:34:56 -0800] "GET /CRIME-WATCH-AMERICA/CRIME-WATCH-DETROIT/INSTAGRAM-AUTOMATION/fix-imagewith-imagemagick.bat HTTP/1.1" 200 4165 "-" "Mozilla/5.0 (compatible; AhrefsBot/7.0; +http://ahrefs.com/robot/)" "www.metrocrimedaily.com"
69.63.184.4 - - [01/Feb/2023:21:35:13 -0800] "GET /instagram-detroit/02-01-2023-2332413-A.jpg HTTP/1.1" 200 159742 "-" "facebookexternalhit/1.1 (+http://www.facebook.com/externalhit_uatext.php)" "www.metrocrimedaily.com"
69.63.184.2 - - [01/Feb/2023:21:36:13 -0800] "GET /instagram-chicago/02-01-2023-2304413-A.jpg HTTP/1.1" 200 153523 "-" "facebookexternalhit/1.1 (+http://www.facebook.com/externalhit_uatext.php)" "www.metrocrimedaily.com"
173.252.107.2 - - [01/Feb/2023:21:36:24 -0800] "GET /instagram-losangeles/02-01-2023-2320312-A.jpg HTTP/1.1" 200 227846 "-" "facebookexternalhit/1.1 (+http://www.facebook.com/externalhit_uatext.php)" "www.metrocrimedaily.com"
51.222.253.6 - - [01/Feb/2023:21:37:24 -0800] "GET /CRIME-WATCH-AMERICA/CRIME-WATCH-DETROIT/INSTAGRAM-AUTOMATION/post-to-instagram-RevA.bat HTTP/1.1" 200 4213 "-" "Mozilla/5.0 (compatible; AhrefsBot/7.0; +http://ahrefs.com/robot/)" "www.metrocrimedaily.com"
51.222.253.6 - - [01/Feb/2023:21:39:26 -0800] "GET /CRIME-WATCH-AMERICA/CRIME-WATCH-DETROIT/INSTAGRAM-AUTOMATION/post-to-instagram-RevB.bat HTTP/1.1" 200 6010 "-" "Mozilla/5.0 (compatible; AhrefsBot/7.0; +http://ahrefs.com/robot/)" "www.metrocrimedaily.com"
51.222.253.15 - - [01/Feb/2023:21:41:50 -0800] "GET /CRIME-WATCH-AMERICA/CRIME-WATCH-DETROIT/INSTAGRAM-AUTOMATION/post-to-instagram-RevB.bat HTTP/1.1" 200 6010 "-" "Mozilla/5.0 (compatible; AhrefsBot/7.0; +http://ahrefs.com/robot/)" "www.metrocrimedaily.com"
69.63.184.119 - - [01/Feb/2023:21:44:07 -0800] "GET /instagram-dallas/02-01-2023-2343461-A.jpg HTTP/1.1" 200 197498 "-" "facebookexternalhit/1.1 (+http://www.facebook.com/externalhit_uatext.php)" "www.metrocrimedaily.com"
51.222.253.15 - - [01/Feb/2023:21:44:08 -0800] "GET /CRIME-WATCH-AMERICA/CRIME-WATCH-DETROIT/INSTAGRAM-AUTOMATION/post-to-instagram-RevD.bat HTTP/1.1" 200 7643 "-" "Mozilla/5.0 (compatible; AhrefsBot/7.0; +http://ahrefs.com/robot/)" "www.metrocrimedaily.com"
51.222.253.6 - - [01/Feb/2023:21:45:10 -0800] "GET /CRIME-WATCH-AMERICA/CRIME-WATCH-DETROIT/INSTAGRAM-AUTOMATION/post-to-instagram-RevD.bat HTTP/1.1" 200 7643 "-" "Mozilla/5.0 (compatible; AhrefsBot/7.0; +http://ahrefs.com/robot/)" "www.metrocrimedaily.com"
51.222.253.15 - - [01/Feb/2023:21:45:27 -0800] "GET /CRIME-WATCH-AMERICA/CRIME-WATCH-DETROIT/INSTAGRAM-AUTOMATION/unencoded-RevB.bat HTTP/1.1" 200 3082 "-" "Mozilla/5.0 (compatible; AhrefsBot/7.0; +http://ahrefs.com/robot/)" "www.metrocrimedaily.com"
34.87.94.148 - - [01/Feb/2023:21:45:28 -0800] "GET /wp-login.php HTTP/1.1" 404 88 "" "Mozilla/5.0 (Windows NT 10.0; Win64; x64; rv:108.0) Gecko/20100101 Firefox/108.0" "metrocrimedaily.com"
51.222.253.2 - - [01/Feb/2023:21:45:48 -0800] "GET /CRIME-WATCH-AMERICA/CRIME-WATCH-DETROIT/INSTAGRAM-AUTOMATION/unencoded-RevB.bat HTTP/1.1" 200 3082 "-" "Mozilla/5.0 (compatible; AhrefsBot/7.0; +http://ahrefs.com/robot/)" "www.metrocrimedaily.com"
51.222.253.6 - - [01/Feb/2023:21:45:55 -0800] "GET /CRIME-WATCH-AMERICA/CRIME-WATCH-DETROIT/INSTAGRAM-AUTOMATION/unencoded-text-file.txt HTTP/1.1" 200 539 "-" "Mozilla/5.0 (compatible; AhrefsBot/7.0; +http://ahrefs.com/robot/)" "www.metrocrimedaily.com"
51.222.253.8 - - [01/Feb/2023:21:46:01 -0800] "GET /CRIME-WATCH-AMERICA/CRIME-WATCH-DETROIT/INSTAGRAM-AUTOMATION/unencoded.bat HTTP/1.1" 200 810 "-" "Mozilla/5.0 (compatible; AhrefsBot/7.0; +http://ahrefs.com/robot/)" "www.metrocrimedaily.com"
174.162.27.194 - - [01/Feb/2023:21:50:48 -0800] "GET / HTTP/1.1" 200 10251 "-" "Mozilla/5.0 (Linux; Android 11; M8L 2022) AppleWebKit/537.36 (KHTML, like Gecko) Chrome/109.0.0.0 Mobile Safari/537.36" "www.metrocrimedaily.com"
174.162.27.194 - - [01/Feb/2023:21:50:48 -0800] "GET /styles-mcd.css HTTP/1.1" 200 1159 "http://www.metrocrimedaily.com/" "Mozilla/5.0 (Linux; Android 11; M8L 2022) AppleWebKit/537.36 (KHTML, like Gecko) Chrome/109.0.0.0 Mobile Safari/537.36" "www.metrocrimedaily.com"
174.162.27.194 - - [01/Feb/2023:21:50:48 -0800] "GET /images/crimeinthed-logo.jpg HTTP/1.1" 200 14960 "http://www.metrocrimedaily.com/" "Mozilla/5.0 (Linux; Android 11; M8L 2022) AppleWebKit/537.36 (KHTML, like Gecko) Chrome/109.0.0.0 Mobile Safari/537.36" "www.metrocrimedaily.com"
174.162.27.194 - - [01/Feb/2023:21:50:48 -0800] "GET /images/police-tape.jpg HTTP/1.1" 200 50766 "http://www.metrocrimedaily.com/" "Mozilla/5.0 (Linux; Android 11; M8L 2022) AppleWebKit/537.36 (KHTML, like Gecko) Chrome/109.0.0.0 Mobile Safari/537.36" "metrocrimedaily.com"
174.162.27.194 - - [01/Feb/2023:21:50:49 -0800] "GET /images/youtube-logo-tiny.png HTTP/1.1" 200 689 "http://www.metrocrimedaily.com/" "Mozilla/5.0 (Linux; Android 11; M8L 2022) AppleWebKit/537.36 (KHTML, like Gecko) Chrome/109.0.0.0 Mobile Safari/537.36" "www.metrocrimedaily.com"
174.162.27.194 - - [01/Feb/2023:21:50:49 -0800] "GET /images/facebook-logo-tiny.png HTTP/1.1" 200 1280 "http://www.metrocrimedaily.com/" "Mozilla/5.0 (Linux; Android 11; M8L 2022) AppleWebKit/537.36 (KHTML, like Gecko) Chrome/109.0.0.0 Mobile Safari/537.36" "www.metrocrimedaily.com"
174.162.27.194 - - [01/Feb/2023:21:50:49 -0800] "GET /images/twitter-logo-b-tiny.png HTTP/1.1" 200 1600 "http://www.metrocrimedaily.com/" "Mozilla/5.0 (Linux; Android 11; M8L 2022) AppleWebKit/537.36 (KHTML, like Gecko) Chrome/109.0.0.0 Mobile Safari/537.36" "www.metrocrimedaily.com"
174.162.27.194 - - [01/Feb/2023:21:50:50 -0800] "GET /favicon.ico HTTP/1.1" 404 88 "http://www.metrocrimedaily.com/" "Mozilla/5.0 (Linux; Android 11; M8L 2022) AppleWebKit/537.36 (KHTML, like Gecko) Chrome/109.0.0.0 Mobile Safari/537.36" "www.metrocrimedaily.com"
69.63.184.2 - - [01/Feb/2023:21:51:48 -0800] "GET /instagram-chicago/02-01-2023-2304414-A.jpg HTTP/1.1" 200 218022 "-" "facebookexternalhit/1.1 (+http://www.facebook.com/externalhit_uatext.php)" "www.metrocrimedaily.com"
173.252.107.2 - - [01/Feb/2023:21:51:55 -0800] "GET /instagram-losangeles/02-01-2023-2320313-A.jpg HTTP/1.1" 200 159675 "-" "facebookexternalhit/1.1 (+http://www.facebook.com/externalhit_uatext.php)" "www.metrocrimedaily.com"
