51.222.253.11 - - [02/Feb/2023:10:07:48 -0800] "GET /instagram-stlouis/post-later/01-27-2023-1805196-Man-stole-computers--other-valuables-in-Downtown-.txt HTTP/1.1" 404 88 "-" "Mozilla/5.0 (compatible; AhrefsBot/7.0; +http://ahrefs.com/robot/)" "metrocrimedaily.com"
51.222.253.9 - - [02/Feb/2023:10:07:51 -0800] "GET /instagram-stlouis/post-later/01-27-2023-1805197-Mother-gets-$10-million-after-son-fatally-shot-ou.txt HTTP/1.1" 404 88 "-" "Mozilla/5.0 (compatible; AhrefsBot/7.0; +http://ahrefs.com/robot/)" "metrocrimedaily.com"
51.222.253.4 - - [02/Feb/2023:10:07:52 -0800] "GET /instagram-stlouis/post-later/01-27-2023-1853141-Woman-struck-by-gun--robbed-in-Central-West-End-.txt HTTP/1.1" 404 88 "-" "Mozilla/5.0 (compatible; AhrefsBot/7.0; +http://ahrefs.com/robot/)" "metrocrimedaily.com"
51.222.253.4 - - [02/Feb/2023:10:07:54 -0800] "GET /instagram-stlouis/post-later/01-27-2023-1853142-Jury-awards-St.-Louis-mother-$10M-in-2010-shootin.txt HTTP/1.1" 404 88 "-" "Mozilla/5.0 (compatible; AhrefsBot/7.0; +http://ahrefs.com/robot/)" "metrocrimedaily.com"
51.222.253.18 - - [02/Feb/2023:10:07:55 -0800] "GET /instagram-stlouis/post-later/01-30-2023-19282910-St.-Louis-County-prosecutor-says-death-row-inmate.txt HTTP/1.1" 404 88 "-" "Mozilla/5.0 (compatible; AhrefsBot/7.0; +http://ahrefs.com/robot/)" "metrocrimedaily.com"
51.222.253.13 - - [02/Feb/2023:10:07:56 -0800] "GET /instagram-stlouis/post-later/01-30-2023-1928292-Trans-women-with-violent-past-barred-from-Scottis.txt HTTP/1.1" 404 88 "-" "Mozilla/5.0 (compatible; AhrefsBot/7.0; +http://ahrefs.com/robot/)" "metrocrimedaily.com"
51.222.253.6 - - [02/Feb/2023:10:07:59 -0800] "GET /instagram-stlouis/post-later/01-30-2023-1928293-Teen-who-shot-at-St.-Louis-police-headed-to-state.txt HTTP/1.1" 404 88 "-" "Mozilla/5.0 (compatible; AhrefsBot/7.0; +http://ahrefs.com/robot/)" "metrocrimedaily.com"
51.222.253.18 - - [02/Feb/2023:10:08:01 -0800] "GET /instagram-stlouis/post-later/01-30-2023-1928294-Detectives-investigate-shooting-death-of-man-in-B.txt HTTP/1.1" 404 88 "-" "Mozilla/5.0 (compatible; AhrefsBot/7.0; +http://ahrefs.com/robot/)" "metrocrimedaily.com"
51.222.253.17 - - [02/Feb/2023:10:08:03 -0800] "GET /instagram-stlouis/post-later/01-30-2023-1928295-Community-leaders-urge-gun-safety-after-5-year-ol.txt HTTP/1.1" 404 88 "-" "Mozilla/5.0 (compatible; AhrefsBot/7.0; +http://ahrefs.com/robot/)" "metrocrimedaily.com"
51.222.253.12 - - [02/Feb/2023:10:08:16 -0800] "GET /instagram-stlouis/post-later/01-30-2023-1928297-Police-seeking-answers-after-5-year-old-shot-.txt HTTP/1.1" 404 88 "-" "Mozilla/5.0 (compatible; AhrefsBot/7.0; +http://ahrefs.com/robot/)" "metrocrimedaily.com"
51.222.253.3 - - [02/Feb/2023:10:08:19 -0800] "GET /instagram-stlouis/post-later/01-30-2023-1928298-Gardner-sends-two-aides-to-defend-her-office-amid.txt HTTP/1.1" 404 88 "-" "Mozilla/5.0 (compatible; AhrefsBot/7.0; +http://ahrefs.com/robot/)" "metrocrimedaily.com"
51.222.253.5 - - [02/Feb/2023:10:08:21 -0800] "GET /instagram-stlouis/post-later/01-30-2023-1928296-Man-shot--killed-in-Bellefontaine-Neighbors-.txt HTTP/1.1" 404 88 "-" "Mozilla/5.0 (compatible; AhrefsBot/7.0; +http://ahrefs.com/robot/)" "metrocrimedaily.com"
51.222.253.5 - - [02/Feb/2023:10:08:21 -0800] "GET /instagram-stlouis/post-later/01-30-2023-1928299-East-St.-Louis-mayor-responds-to-shooting-at-chur.txt HTTP/1.1" 404 88 "-" "Mozilla/5.0 (compatible; AhrefsBot/7.0; +http://ahrefs.com/robot/)" "metrocrimedaily.com"
51.222.253.15 - - [02/Feb/2023:10:08:23 -0800] "GET /instagram-stlouis/post-later/01-30-2023-2033462-$1.5M-worth-of-food--mostly-wings--stolen-by-Illi.txt HTTP/1.1" 404 88 "-" "Mozilla/5.0 (compatible; AhrefsBot/7.0; +http://ahrefs.com/robot/)" "metrocrimedaily.com"
51.222.253.2 - - [02/Feb/2023:10:08:24 -0800] "GET /instagram-stlouis/post-later/01-30-2023-2033463--They-just-came-charging-at-me---13-year-old-arre.txt HTTP/1.1" 404 88 "-" "Mozilla/5.0 (compatible; AhrefsBot/7.0; +http://ahrefs.com/robot/)" "metrocrimedaily.com"
51.222.253.10 - - [02/Feb/2023:10:08:25 -0800] "GET /instagram-stlouis/post-later/01-31-2023-1017596-Live--Alex-Murdaugh-murder-trial-livestream---Jan.txt HTTP/1.1" 404 88 "-" "Mozilla/5.0 (compatible; AhrefsBot/7.0; +http://ahrefs.com/robot/)" "metrocrimedaily.com"
51.222.253.7 - - [02/Feb/2023:10:08:26 -0800] "GET /instagram-stlouis/post-later/01-30-2023-2130411-State-lawmakers-ask-St.-Louis-Circuit-Attorney---.txt HTTP/1.1" 404 88 "-" "Mozilla/5.0 (compatible; AhrefsBot/7.0; +http://ahrefs.com/robot/)" "metrocrimedaily.com"
51.222.253.5 - - [02/Feb/2023:10:08:28 -0800] "GET /instagram-stlouis/post-later/01-31-2023-1017597-St.-Charles-man-fatally-injured-in-I-70-crash-.txt HTTP/1.1" 404 88 "-" "Mozilla/5.0 (compatible; AhrefsBot/7.0; +http://ahrefs.com/robot/)" "metrocrimedaily.com"
51.222.253.19 - - [02/Feb/2023:10:08:28 -0800] "GET /instagram-stlouis/post-later/01-31-2023-1331214-Illinois-man-arrested-for-51-counts-of-child-porn.txt HTTP/1.1" 404 88 "-" "Mozilla/5.0 (compatible; AhrefsBot/7.0; +http://ahrefs.com/robot/)" "metrocrimedaily.com"
51.222.253.9 - - [02/Feb/2023:10:08:29 -0800] "GET /instagram-stlouis/post-later/01-31-2023-1331215-3-rappers-have-been-missing-for-10-days-since-sch.txt HTTP/1.1" 404 88 "-" "Mozilla/5.0 (compatible; AhrefsBot/7.0; +http://ahrefs.com/robot/)" "metrocrimedaily.com"
51.222.253.11 - - [02/Feb/2023:10:08:30 -0800] "GET /instagram-stlouis/post-later/01-31-2023-1331217-Pakistan-suicide-bombing--Clean-up-and-rescue-ope.txt HTTP/1.1" 404 88 "-" "Mozilla/5.0 (compatible; AhrefsBot/7.0; +http://ahrefs.com/robot/)" "metrocrimedaily.com"
51.222.253.19 - - [02/Feb/2023:10:08:31 -0800] "GET /instagram-stlouis/post-later/01-31-2023-1450483-Woman-who-aided-in-armed-robbery-on-Arch-Grounds-.txt HTTP/1.1" 404 88 "-" "Mozilla/5.0 (compatible; AhrefsBot/7.0; +http://ahrefs.com/robot/)" "metrocrimedaily.com"
51.222.253.17 - - [02/Feb/2023:10:08:32 -0800] "GET /instagram-stlouis/post-later/01-31-2023-1939343-City-of-St.-Charles-plans-to-investigate-water-co.txt HTTP/1.1" 404 88 "-" "Mozilla/5.0 (compatible; AhrefsBot/7.0; +http://ahrefs.com/robot/)" "metrocrimedaily.com"
51.222.253.8 - - [02/Feb/2023:10:08:33 -0800] "GET /instagram-stlouis/post-later/01-31-2023-1331216-Major-Case-Squad-activated-after-man-shot--killed.txt HTTP/1.1" 404 88 "-" "Mozilla/5.0 (compatible; AhrefsBot/7.0; +http://ahrefs.com/robot/)" "metrocrimedaily.com"
51.222.253.3 - - [02/Feb/2023:10:08:34 -0800] "GET /instagram-stlouis/post-later/01-31-2023-1939345-3-LGBTQ-bars-in-The-Grove-receive-threats-from-un.txt HTTP/1.1" 404 88 "-" "Mozilla/5.0 (compatible; AhrefsBot/7.0; +http://ahrefs.com/robot/)" "metrocrimedaily.com"
51.222.253.12 - - [02/Feb/2023:10:08:35 -0800] "GET /instagram-stlouis/post-later/01-31-2023-1611223-Appellate-court-upholds-temporary-restraining-ord.txt HTTP/1.1" 404 88 "-" "Mozilla/5.0 (compatible; AhrefsBot/7.0; +http://ahrefs.com/robot/)" "metrocrimedaily.com"
51.222.253.10 - - [02/Feb/2023:10:08:35 -0800] "GET /instagram-stlouis/post-later/01-31-2023-1331213-Major-Case-Squad-investigating-fatal-shooting-in-.txt HTTP/1.1" 404 88 "-" "Mozilla/5.0 (compatible; AhrefsBot/7.0; +http://ahrefs.com/robot/)" "metrocrimedaily.com"
51.222.253.5 - - [02/Feb/2023:10:08:35 -0800] "GET /instagram-stlouis/post-later/01-31-2023-1939346-College-student---s-cancer-scam-story-goes-viral-.txt HTTP/1.1" 404 88 "-" "Mozilla/5.0 (compatible; AhrefsBot/7.0; +http://ahrefs.com/robot/)" "metrocrimedaily.com"
51.222.253.9 - - [02/Feb/2023:10:08:36 -0800] "GET /instagram-stlouis/post-later/01-31-2023-2102353-Who-killed-the-monsignor--Chapter-3--Digging-deep.txt HTTP/1.1" 404 88 "-" "Mozilla/5.0 (compatible; AhrefsBot/7.0; +http://ahrefs.com/robot/)" "metrocrimedaily.com"
51.222.253.2 - - [02/Feb/2023:10:08:36 -0800] "GET /instagram-stlouis/post-later/01-31-2023-1939344-16-year-old-killed-at-East-St.-Louis-church-was-t.txt HTTP/1.1" 404 88 "-" "Mozilla/5.0 (compatible; AhrefsBot/7.0; +http://ahrefs.com/robot/)" "metrocrimedaily.com"
51.222.253.3 - - [02/Feb/2023:10:08:36 -0800] "GET /instagram-stlouis/post-later/01-31-2023-2102354-Will-Scharf-announces-GOP-bid-for-Missouri-attorn.txt HTTP/1.1" 404 88 "-" "Mozilla/5.0 (compatible; AhrefsBot/7.0; +http://ahrefs.com/robot/)" "metrocrimedaily.com"
51.222.253.9 - - [02/Feb/2023:10:08:37 -0800] "GET /instagram-stlouis/post-later/01-31-2023-2102355-79-year-old-Berkeley-man-reported-missing-.txt HTTP/1.1" 404 88 "-" "Mozilla/5.0 (compatible; AhrefsBot/7.0; +http://ahrefs.com/robot/)" "metrocrimedaily.com"
51.222.253.18 - - [02/Feb/2023:10:08:37 -0800] "GET /instagram-stlouis/post-later/02-01-2023-0605052-Oregon-torture--idnapping-suspect-dies-of-self-in.txt HTTP/1.1" 404 88 "-" "Mozilla/5.0 (compatible; AhrefsBot/7.0; +http://ahrefs.com/robot/)" "metrocrimedaily.com"
51.222.253.10 - - [02/Feb/2023:10:08:38 -0800] "GET /instagram-stlouis/post-later/02-01-2023-0605053-Berkeley-issues-Endangered-Silver-Alert-for-missi.txt HTTP/1.1" 404 88 "-" "Mozilla/5.0 (compatible; AhrefsBot/7.0; +http://ahrefs.com/robot/)" "metrocrimedaily.com"
51.222.253.6 - - [02/Feb/2023:10:08:38 -0800] "GET /instagram-stlouis/post-later/02-01-2023-0605054-Oregon-kidnapping-suspect-dies-of-self-inflicted-.txt HTTP/1.1" 404 88 "-" "Mozilla/5.0 (compatible; AhrefsBot/7.0; +http://ahrefs.com/robot/)" "metrocrimedaily.com"
51.222.253.19 - - [02/Feb/2023:10:08:39 -0800] "GET /instagram-stlouis/post-later/?C=D;O=A HTTP/1.1" 200 330 "-" "Mozilla/5.0 (compatible; AhrefsBot/7.0; +http://ahrefs.com/robot/)" "metrocrimedaily.com"
51.222.253.10 - - [02/Feb/2023:10:08:39 -0800] "GET /instagram-stlouis/post-later/01-31-2023-2102352-St.-Louis-police-looking-for-ATM-robbery-suspects.txt HTTP/1.1" 404 88 "-" "Mozilla/5.0 (compatible; AhrefsBot/7.0; +http://ahrefs.com/robot/)" "metrocrimedaily.com"
51.222.253.3 - - [02/Feb/2023:10:08:39 -0800] "GET /instagram-stlouis/post-later/?C=M;O=A HTTP/1.1" 200 329 "-" "Mozilla/5.0 (compatible; AhrefsBot/7.0; +http://ahrefs.com/robot/)" "metrocrimedaily.com"
51.222.253.1 - - [02/Feb/2023:10:08:40 -0800] "GET /instagram-stlouis/post-later/?C=N;O=D HTTP/1.1" 200 328 "-" "Mozilla/5.0 (compatible; AhrefsBot/7.0; +http://ahrefs.com/robot/)" "metrocrimedaily.com"
51.222.253.6 - - [02/Feb/2023:10:08:41 -0800] "GET /instagram-stlouis/post-later/?C=S;O=A HTTP/1.1" 200 330 "-" "Mozilla/5.0 (compatible; AhrefsBot/7.0; +http://ahrefs.com/robot/)" "metrocrimedaily.com"
51.222.253.1 - - [02/Feb/2023:10:08:41 -0800] "GET /instagram-memphis/01-29-2023-1154031-One-hurt-in---%C3%82%C2%A3targeted-shooting--%C3%82%C2%A5--Tipton-Count.txt HTTP/1.1" 404 88 "-" "Mozilla/5.0 (compatible; AhrefsBot/7.0; +http://ahrefs.com/robot/)" "metrocrimedaily.com"
51.222.253.16 - - [02/Feb/2023:10:08:42 -0800] "GET /instagram-memphis/01-29-2023-2200491-WATCH--One-hurt-in---%C3%82%C2%A3targeted-shooting--%C3%82%C2%A5--Tipto.txt HTTP/1.1" 404 88 "-" "Mozilla/5.0 (compatible; AhrefsBot/7.0; +http://ahrefs.com/robot/)" "metrocrimedaily.com"
114.119.141.93 - - [02/Feb/2023:10:11:25 -0800] "GET /instagram-atlanta/ HTTP/1.1" 200 1798 "https://metrocrimedaily.com/instagram-atlanta/post-later/?C=N%3BO%3DD" "Mozilla/5.0 (Linux; Android 7.0;) AppleWebKit/537.36 (KHTML, like Gecko) Mobile Safari/537.36 (compatible; PetalBot;+https://webmaster.petalsearch.com/site/petalbot)" "metrocrimedaily.com"
114.119.158.156 - - [02/Feb/2023:10:12:04 -0800] "GET /detroit-temp-urls.txt HTTP/1.1" 200 32332 "https://metrocrimedaily.com/?C=M%3BO%3DA" "Mozilla/5.0 (Linux; Android 7.0;) AppleWebKit/537.36 (KHTML, like Gecko) Mobile Safari/537.36 (compatible; PetalBot;+https://webmaster.petalsearch.com/site/petalbot)" "metrocrimedaily.com"
114.119.134.91 - - [02/Feb/2023:10:12:46 -0800] "GET / HTTP/1.1" 200 11922 "https://metrocrimedaily.com/instagram-dallas/?C=D%3BO%3DA" "Mozilla/5.0 (Linux; Android 7.0;) AppleWebKit/537.36 (KHTML, like Gecko) Mobile Safari/537.36 (compatible; PetalBot;+https://webmaster.petalsearch.com/site/petalbot)" "metrocrimedaily.com"
69.63.184.120 - - [02/Feb/2023:10:18:27 -0800] "GET /instagram-detroit/02-02-2023-1100314-A.jpg HTTP/1.1" 200 153301 "-" "facebookexternalhit/1.1 (+http://www.facebook.com/externalhit_uatext.php)" "www.metrocrimedaily.com"
66.249.70.132 - - [02/Feb/2023:10:20:30 -0800] "GET /robots.txt HTTP/1.1" 404 88 "-" "Mozilla/5.0 (compatible; Googlebot/2.1; +http://www.google.com/bot.html)" "metrocrimedaily.com"
173.252.95.15 - - [02/Feb/2023:10:21:10 -0800] "GET /instagram-houston/02-02-2023-09005410-A.jpg HTTP/1.1" 200 212678 "-" "facebookexternalhit/1.1 (+http://www.facebook.com/externalhit_uatext.php)" "www.metrocrimedaily.com"
114.119.147.113 - - [02/Feb/2023:10:21:22 -0800] "GET /instagram-stlouis/ig-CWUSA-stlouis-stories-to-post-later.txt HTTP/1.1" 200 17081 "https://metrocrimedaily.com/instagram-stlouis/?C=M%3BO%3DA" "Mozilla/5.0 (Linux; Android 7.0;) AppleWebKit/537.36 (KHTML, like Gecko) Mobile Safari/537.36 (compatible; PetalBot;+https://webmaster.petalsearch.com/site/petalbot)" "metrocrimedaily.com"
69.63.184.117 - - [02/Feb/2023:10:23:56 -0800] "GET /instagram-dallas/02-02-2023-1153002-A.jpg HTTP/1.1" 200 196745 "-" "facebookexternalhit/1.1 (+http://www.facebook.com/externalhit_uatext.php)" "www.metrocrimedaily.com"
51.222.253.8 - - [02/Feb/2023:10:28:38 -0800] "GET / HTTP/1.1" 200 11922 "-" "Mozilla/5.0 (compatible; AhrefsBot/7.0; +http://ahrefs.com/robot/)" "www.metrocrimedaily.com"
51.222.253.7 - - [02/Feb/2023:10:29:03 -0800] "GET /instagram-houston/02-01-2023-1326414-Mother-arrested--charged-after-allowing-her-boyfr.txt HTTP/1.1" 200 672 "-" "Mozilla/5.0 (compatible; AhrefsBot/7.0; +http://ahrefs.com/robot/)" "metrocrimedaily.com"
51.222.253.16 - - [02/Feb/2023:10:29:38 -0800] "GET /instagram-houston/02-01-2023-1936083-Father-hit--killed-feet-away-from-son---s-birthda.txt HTTP/1.1" 200 49 "-" "Mozilla/5.0 (compatible; AhrefsBot/7.0; +http://ahrefs.com/robot/)" "metrocrimedaily.com"
51.222.253.18 - - [02/Feb/2023:10:30:15 -0800] "GET /instagram-houston/02-01-2023-1936085-Houston-police-investigating-after-man-was-killed.txt HTTP/1.1" 200 570 "-" "Mozilla/5.0 (compatible; AhrefsBot/7.0; +http://ahrefs.com/robot/)" "metrocrimedaily.com"
51.222.253.2 - - [02/Feb/2023:10:31:03 -0800] "GET /instagram-houston/02-02-2023-0524181-Man-critically-injured-in-deputy-involved-shootin.txt HTTP/1.1" 200 436 "-" "Mozilla/5.0 (compatible; AhrefsBot/7.0; +http://ahrefs.com/robot/)" "metrocrimedaily.com"
51.222.253.1 - - [02/Feb/2023:10:31:38 -0800] "GET /instagram-houston/videos/?C=S;O=D HTTP/1.1" 200 436 "-" "Mozilla/5.0 (compatible; AhrefsBot/7.0; +http://ahrefs.com/robot/)" "metrocrimedaily.com"
174.210.225.215 - - [02/Feb/2023:10:32:04 -0800] "GET / HTTP/1.1" 200 11922 "https://www.google.com/" "Mozilla/5.0 (iPhone; CPU iPhone OS 14_6 like Mac OS X) AppleWebKit/605.1.15 (KHTML, like Gecko) Version/14.1.1 Mobile/15E148 Safari/604.1" "www.metrocrimedaily.com"
174.210.225.215 - - [02/Feb/2023:10:32:04 -0800] "GET /styles-mcd.css HTTP/1.1" 200 1159 "http://www.metrocrimedaily.com/" "Mozilla/5.0 (iPhone; CPU iPhone OS 14_6 like Mac OS X) AppleWebKit/605.1.15 (KHTML, like Gecko) Version/14.1.1 Mobile/15E148 Safari/604.1" "www.metrocrimedaily.com"
174.210.225.215 - - [02/Feb/2023:10:32:04 -0800] "GET /images/crimeinthed-logo.jpg HTTP/1.1" 200 14960 "http://www.metrocrimedaily.com/" "Mozilla/5.0 (iPhone; CPU iPhone OS 14_6 like Mac OS X) AppleWebKit/605.1.15 (KHTML, like Gecko) Version/14.1.1 Mobile/15E148 Safari/604.1" "www.metrocrimedaily.com"
174.210.225.215 - - [02/Feb/2023:10:32:04 -0800] "GET /images/twitter-logo-b-tiny.png HTTP/1.1" 200 1600 "http://www.metrocrimedaily.com/" "Mozilla/5.0 (iPhone; CPU iPhone OS 14_6 like Mac OS X) AppleWebKit/605.1.15 (KHTML, like Gecko) Version/14.1.1 Mobile/15E148 Safari/604.1" "www.metrocrimedaily.com"
174.210.225.215 - - [02/Feb/2023:10:32:04 -0800] "GET /images/youtube-logo-tiny.png HTTP/1.1" 200 689 "http://www.metrocrimedaily.com/" "Mozilla/5.0 (iPhone; CPU iPhone OS 14_6 like Mac OS X) AppleWebKit/605.1.15 (KHTML, like Gecko) Version/14.1.1 Mobile/15E148 Safari/604.1" "www.metrocrimedaily.com"
174.210.225.215 - - [02/Feb/2023:10:32:04 -0800] "GET /images/facebook-logo-tiny.png HTTP/1.1" 200 1280 "http://www.metrocrimedaily.com/" "Mozilla/5.0 (iPhone; CPU iPhone OS 14_6 like Mac OS X) AppleWebKit/605.1.15 (KHTML, like Gecko) Version/14.1.1 Mobile/15E148 Safari/604.1" "www.metrocrimedaily.com"
174.210.225.215 - - [02/Feb/2023:10:32:04 -0800] "GET /images/police-tape.jpg HTTP/1.1" 200 50766 "http://www.metrocrimedaily.com/" "Mozilla/5.0 (iPhone; CPU iPhone OS 14_6 like Mac OS X) AppleWebKit/605.1.15 (KHTML, like Gecko) Version/14.1.1 Mobile/15E148 Safari/604.1" "metrocrimedaily.com"
51.222.253.17 - - [02/Feb/2023:10:32:12 -0800] "GET /instagram-houston/02-02-2023-0645232-Breaking--Man-shot-by-Montgomery-County-deputies-.txt HTTP/1.1" 200 49 "-" "Mozilla/5.0 (compatible; AhrefsBot/7.0; +http://ahrefs.com/robot/)" "metrocrimedaily.com"
51.222.253.18 - - [02/Feb/2023:10:33:27 -0800] "GET /instagram-houston/02-02-2023-0900541-Syria-blasts-chemical-watchdog-report-on-2018-att.txt HTTP/1.1" 200 1069 "-" "Mozilla/5.0 (compatible; AhrefsBot/7.0; +http://ahrefs.com/robot/)" "metrocrimedaily.com"
52.167.144.32 - - [02/Feb/2023:10:33:31 -0800] "GET /instagram-dallas/12-20-2022-1457344-Death-of-Atatiana-Jefferson--Former-officer-Aaron.txt HTTP/1.1" 404 88 "-" "Mozilla/5.0 AppleWebKit/537.36 (KHTML, like Gecko; compatible; bingbot/2.0; +http://www.bing.com/bingbot.htm) Chrome/103.0.5060.134 Safari/537.36" "www.metrocrimedaily.com"
69.63.184.116 - - [02/Feb/2023:10:34:03 -0800] "GET /instagram-detroit/02-02-2023-1100315-A.jpg HTTP/1.1" 200 154912 "-" "facebookexternalhit/1.1 (+http://www.facebook.com/externalhit_uatext.php)" "www.metrocrimedaily.com"
40.77.167.212 - - [02/Feb/2023:10:34:36 -0800] "GET /index-miami.html HTTP/1.1" 200 8762 "-" "Mozilla/5.0 AppleWebKit/537.36 (KHTML, like Gecko; compatible; bingbot/2.0; +http://www.bing.com/bingbot.htm) Chrome/103.0.5060.134 Safari/537.36" "metrocrimedaily.com"
51.222.253.5 - - [02/Feb/2023:10:34:41 -0800] "GET /instagram-houston/02-02-2023-0900542-Live--Alex-Murdaugh-murder-trial-livestream---Feb.txt HTTP/1.1" 200 196 "-" "Mozilla/5.0 (compatible; AhrefsBot/7.0; +http://ahrefs.com/robot/)" "metrocrimedaily.com"
51.222.253.9 - - [02/Feb/2023:10:35:51 -0800] "GET /instagram-houston/02-02-2023-0900543-Alex-Murdaugh-trial--Prosecutors-play-video-that-.txt HTTP/1.1" 200 1082 "-" "Mozilla/5.0 (compatible; AhrefsBot/7.0; +http://ahrefs.com/robot/)" "metrocrimedaily.com"
51.222.253.3 - - [02/Feb/2023:10:37:10 -0800] "GET /instagram-houston/post-later/02-01-2023-1527055-Santa-Fe-gunman-Dimitrios-Pagourtzis-remains-inco.txt HTTP/1.1" 200 1033 "-" "Mozilla/5.0 (compatible; AhrefsBot/7.0; +http://ahrefs.com/robot/)" "metrocrimedaily.com"
51.222.253.18 - - [02/Feb/2023:10:38:45 -0800] "GET /instagram-houston/post-later/02-01-2023-1621572-Guilty--Woman-pleads-guilty-to-sex-trafficking-cr.txt HTTP/1.1" 200 957 "-" "Mozilla/5.0 (compatible; AhrefsBot/7.0; +http://ahrefs.com/robot/)" "metrocrimedaily.com"
174.247.209.32 - - [02/Feb/2023:10:39:32 -0800] "GET / HTTP/1.1" 200 11922 "-" "Mozilla/5.0 (Linux; Android 11; A509DL) AppleWebKit/537.36 (KHTML, like Gecko) Chrome/109.0.0.0 Mobile Safari/537.36" "www.metrocrimedaily.com"
174.247.209.32 - - [02/Feb/2023:10:39:32 -0800] "GET /styles-mcd.css HTTP/1.1" 200 1159 "-" "Mozilla/5.0 (Linux; Android 11; A509DL) AppleWebKit/537.36 (KHTML, like Gecko) Chrome/109.0.0.0 Mobile Safari/537.36" "www.metrocrimedaily.com"
174.247.209.32 - - [02/Feb/2023:10:39:32 -0800] "GET /images/crimeinthed-logo.jpg HTTP/1.1" 200 14960 "http://www.metrocrimedaily.com/" "Mozilla/5.0 (Linux; Android 11; A509DL) AppleWebKit/537.36 (KHTML, like Gecko) Chrome/109.0.0.0 Mobile Safari/537.36" "www.metrocrimedaily.com"
174.247.209.32 - - [02/Feb/2023:10:39:33 -0800] "GET /images/police-tape.jpg HTTP/1.1" 200 50766 "http://www.metrocrimedaily.com/" "Mozilla/5.0 (Linux; Android 11; A509DL) AppleWebKit/537.36 (KHTML, like Gecko) Chrome/109.0.0.0 Mobile Safari/537.36" "metrocrimedaily.com"
174.247.209.32 - - [02/Feb/2023:10:39:33 -0800] "GET /images/facebook-logo-tiny.png HTTP/1.1" 200 1280 "http://www.metrocrimedaily.com/" "Mozilla/5.0 (Linux; Android 11; A509DL) AppleWebKit/537.36 (KHTML, like Gecko) Chrome/109.0.0.0 Mobile Safari/537.36" "www.metrocrimedaily.com"
174.247.209.32 - - [02/Feb/2023:10:39:33 -0800] "GET /images/youtube-logo-tiny.png HTTP/1.1" 200 689 "http://www.metrocrimedaily.com/" "Mozilla/5.0 (Linux; Android 11; A509DL) AppleWebKit/537.36 (KHTML, like Gecko) Chrome/109.0.0.0 Mobile Safari/537.36" "www.metrocrimedaily.com"
174.247.209.32 - - [02/Feb/2023:10:39:34 -0800] "GET /images/twitter-logo-b-tiny.png HTTP/1.1" 200 1600 "http://www.metrocrimedaily.com/" "Mozilla/5.0 (Linux; Android 11; A509DL) AppleWebKit/537.36 (KHTML, like Gecko) Chrome/109.0.0.0 Mobile Safari/537.36" "www.metrocrimedaily.com"
51.222.253.1 - - [02/Feb/2023:10:40:01 -0800] "GET /instagram-houston/post-later/02-01-2023-1621574-Florida-woman-helps-identify-father-as-murder-vic.txt HTTP/1.1" 200 1110 "-" "Mozilla/5.0 (compatible; AhrefsBot/7.0; +http://ahrefs.com/robot/)" "metrocrimedaily.com"
69.63.184.5 - - [02/Feb/2023:10:40:02 -0800] "GET /instagram-atlanta/02-02-2023-1239111-A.jpg HTTP/1.1" 200 122394 "-" "facebookexternalhit/1.1 (+http://www.facebook.com/externalhit_uatext.php)" "www.metrocrimedaily.com"
114.119.142.28 - - [02/Feb/2023:10:40:32 -0800] "GET /instagram-detroit/post-later/?C=N%3BO%3DD HTTP/1.1" 200 330 "https://metrocrimedaily.com/instagram-detroit/post-later/" "Mozilla/5.0 (Linux; Android 7.0;) AppleWebKit/537.36 (KHTML, like Gecko) Mobile Safari/537.36 (compatible; PetalBot;+https://webmaster.petalsearch.com/site/petalbot)" "metrocrimedaily.com"
51.222.253.12 - - [02/Feb/2023:10:41:20 -0800] "GET /instagram-houston/post-later/02-01-2023-1825313-Woman-calls-for-City-of-Galveston-to-pay-for-dama.txt HTTP/1.1" 200 184 "-" "Mozilla/5.0 (compatible; AhrefsBot/7.0; +http://ahrefs.com/robot/)" "metrocrimedaily.com"
114.119.136.143 - - [02/Feb/2023:10:42:17 -0800] "GET /CRIME-WATCH-AMERICA/CRIME-WATCH-STLOUIS/unix/bin/install.log HTTP/1.1" 200 253 "https://metrocrimedaily.com/CRIME-WATCH-AMERICA/CRIME-WATCH-STLOUIS/unix/bin/" "Mozilla/5.0 (Linux; Android 7.0;) AppleWebKit/537.36 (KHTML, like Gecko) Mobile Safari/537.36 (compatible; PetalBot;+https://webmaster.petalsearch.com/site/petalbot)" "metrocrimedaily.com"
173.252.95.24 - - [02/Feb/2023:10:42:39 -0800] "GET /instagram-neworleans/02-02-2023-1242171-A.jpg HTTP/1.1" 200 277089 "-" "facebookexternalhit/1.1 (+http://www.facebook.com/externalhit_uatext.php)" "www.metrocrimedaily.com"
51.222.253.17 - - [02/Feb/2023:10:42:51 -0800] "GET /instagram-houston/post-later/02-01-2023-1825314-Former-Houston-area-assistant-police-chief-gets-2.txt HTTP/1.1" 200 928 "-" "Mozilla/5.0 (compatible; AhrefsBot/7.0; +http://ahrefs.com/robot/)" "metrocrimedaily.com"
173.252.95.120 - - [02/Feb/2023:10:43:01 -0800] "GET /instagram-neworleans/02-02-2023-1242172-A.jpg HTTP/1.1" 200 174820 "-" "facebookexternalhit/1.1 (+http://www.facebook.com/externalhit_uatext.php)" "www.metrocrimedaily.com"
51.222.253.6 - - [02/Feb/2023:10:43:54 -0800] "GET /instagram-houston/post-later/02-01-2023-2214425-Confessed-Santa-Fe-shooter-remains-incompetent-to.txt HTTP/1.1" 200 324 "-" "Mozilla/5.0 (compatible; AhrefsBot/7.0; +http://ahrefs.com/robot/)" "metrocrimedaily.com"
51.222.253.11 - - [02/Feb/2023:10:45:06 -0800] "GET /instagram-houston/post-later/02-02-2023-0015484-Man-caught-on-camera-in-Tanglewood-neighborhood-w.txt HTTP/1.1" 200 1120 "-" "Mozilla/5.0 (compatible; AhrefsBot/7.0; +http://ahrefs.com/robot/)" "metrocrimedaily.com"
51.222.253.17 - - [02/Feb/2023:10:45:50 -0800] "GET /instagram-houston/post-later/02-02-2023-0015486-4-people-reportedly-shot-at-apartment-complex-in-.txt HTTP/1.1" 200 462 "-" "Mozilla/5.0 (compatible; AhrefsBot/7.0; +http://ahrefs.com/robot/)" "metrocrimedaily.com"
51.222.253.15 - - [02/Feb/2023:10:46:21 -0800] "GET /instagram-dallas/post-later/?C=M;O=D HTTP/1.1" 200 836 "-" "Mozilla/5.0 (compatible; AhrefsBot/7.0; +http://ahrefs.com/robot/)" "metrocrimedaily.com"
69.63.184.4 - - [02/Feb/2023:10:46:31 -0800] "GET /instagram-chicago/02-02-2023-1246101-A.jpg HTTP/1.1" 200 79843 "-" "facebookexternalhit/1.1 (+http://www.facebook.com/externalhit_uatext.php)" "www.metrocrimedaily.com"
51.222.253.10 - - [02/Feb/2023:10:47:05 -0800] "GET /instagram-houston/post-later/?C=N;O=A HTTP/1.1" 200 2799 "-" "Mozilla/5.0 (compatible; AhrefsBot/7.0; +http://ahrefs.com/robot/)" "metrocrimedaily.com"
51.222.253.6 - - [02/Feb/2023:10:47:37 -0800] "GET /instagram-dallas/?C=M;O=D HTTP/1.1" 200 1872 "-" "Mozilla/5.0 (compatible; AhrefsBot/7.0; +http://ahrefs.com/robot/)" "metrocrimedaily.com"
51.222.253.12 - - [02/Feb/2023:10:48:42 -0800] "GET /instagram-dallas/02-02-2023-1013571-Robert-Kraft-Wants-Tom-Brady-to-Retire-With-the-P.txt HTTP/1.1" 200 886 "-" "Mozilla/5.0 (compatible; AhrefsBot/7.0; +http://ahrefs.com/robot/)" "metrocrimedaily.com"
51.222.253.2 - - [02/Feb/2023:10:49:30 -0800] "GET /instagram-neworleans/01-30-2023-0248531-Palestinians-say-Israeli-troops-kill-man-in-West-.txt HTTP/1.1" 404 88 "-" "Mozilla/5.0 (compatible; AhrefsBot/7.0; +http://ahrefs.com/robot/)" "metrocrimedaily.com"
69.63.184.118 - - [02/Feb/2023:10:49:55 -0800] "GET /instagram-detroit/02-02-2023-1100316-A.jpg HTTP/1.1" 200 59522 "-" "facebookexternalhit/1.1 (+http://www.facebook.com/externalhit_uatext.php)" "www.metrocrimedaily.com"
51.222.253.5 - - [02/Feb/2023:10:49:58 -0800] "GET /instagram-houston/post-later/?C=D;O=D HTTP/1.1" 200 2801 "-" "Mozilla/5.0 (compatible; AhrefsBot/7.0; +http://ahrefs.com/robot/)" "metrocrimedaily.com"
40.77.167.212 - - [02/Feb/2023:10:50:09 -0800] "GET /instagram-dallas/10-28-2022-2318495-Members-of-Congress-from-Texas-react-to-violent-a.txt HTTP/1.1" 404 88 "-" "Mozilla/5.0 AppleWebKit/537.36 (KHTML, like Gecko; compatible; bingbot/2.0; +http://www.bing.com/bingbot.htm) Chrome/103.0.5060.134 Safari/537.36" "www.metrocrimedaily.com"
51.222.253.8 - - [02/Feb/2023:10:50:35 -0800] "GET /instagram-houston/post-later/?C=M;O=D HTTP/1.1" 200 2768 "-" "Mozilla/5.0 (compatible; AhrefsBot/7.0; +http://ahrefs.com/robot/)" "metrocrimedaily.com"
51.222.253.13 - - [02/Feb/2023:10:51:09 -0800] "GET /instagram-houston/post-later/?C=S;O=D HTTP/1.1" 200 2838 "-" "Mozilla/5.0 (compatible; AhrefsBot/7.0; +http://ahrefs.com/robot/)" "metrocrimedaily.com"
51.222.253.3 - - [02/Feb/2023:10:51:49 -0800] "GET /instagram-atlanta/01-29-2023-0216391-Atlanta-Police-searching-for-suspect-in-November-.txt HTTP/1.1" 404 88 "-" "Mozilla/5.0 (compatible; AhrefsBot/7.0; +http://ahrefs.com/robot/)" "metrocrimedaily.com"
114.119.134.79 - - [02/Feb/2023:10:52:19 -0800] "GET /instagram-houston/01-25-2023-1600195-What-to-do-if-your-home-was-damaged-or-destroyed-.txt HTTP/1.1" 404 88 "https://metrocrimedaily.com/instagram-houston/?C=M%3BO%3DA" "Mozilla/5.0 (Linux; Android 7.0;) AppleWebKit/537.36 (KHTML, like Gecko) Mobile Safari/537.36 (compatible; PetalBot;+https://webmaster.petalsearch.com/site/petalbot)" "metrocrimedaily.com"
51.222.253.19 - - [02/Feb/2023:10:52:19 -0800] "GET /instagram-memphis/01-27-2023-1058521-5-former-MPD-officers-charged-with-murder-out-on-.txt HTTP/1.1" 404 88 "-" "Mozilla/5.0 (compatible; AhrefsBot/7.0; +http://ahrefs.com/robot/)" "metrocrimedaily.com"
51.222.253.5 - - [02/Feb/2023:10:53:01 -0800] "GET /instagram-memphis/01-27-2023-1159081-Paul-Pelosi-attack--Court-releases-police-video-o.txt HTTP/1.1" 404 88 "-" "Mozilla/5.0 (compatible; AhrefsBot/7.0; +http://ahrefs.com/robot/)" "metrocrimedaily.com"
40.88.21.235 - - [02/Feb/2023:10:53:40 -0800] "GET / HTTP/1.1" 200 11922 "http://metrocrimedaily.com/" "Mozilla/5.0 (compatible; DuckDuckGo-Favicons-Bot/1.0; +http://duckduckgo.com)" "metrocrimedaily.com"
40.88.21.235 - - [02/Feb/2023:10:53:40 -0800] "GET /favicon.ico HTTP/1.1" 404 88 "http://metrocrimedaily.com/favicon.ico" "Mozilla/5.0 (compatible; DuckDuckGo-Favicons-Bot/1.0; +http://duckduckgo.com)" "metrocrimedaily.com"
51.222.253.13 - - [02/Feb/2023:10:53:44 -0800] "GET /instagram-memphis/01-27-2023-1302451-Body-camera-video-shows-struggle-for-hammer-durin.txt HTTP/1.1" 404 88 "-" "Mozilla/5.0 (compatible; AhrefsBot/7.0; +http://ahrefs.com/robot/)" "metrocrimedaily.com"
51.222.253.10 - - [02/Feb/2023:10:54:16 -0800] "GET /instagram-memphis/01-27-2023-1302452-Ben-Crump-says-the-police-culture-in-America-kill.txt HTTP/1.1" 404 88 "-" "Mozilla/5.0 (compatible; AhrefsBot/7.0; +http://ahrefs.com/robot/)" "metrocrimedaily.com"
114.119.135.206 - - [02/Feb/2023:10:54:18 -0800] "GET /CRIME-WATCH-AMERICA/CRIME-WATCH-STLOUIS/unix/wbin/libfl.a HTTP/1.1" 200 4014 "https://metrocrimedaily.com/CRIME-WATCH-AMERICA/CRIME-WATCH-STLOUIS/unix/wbin/" "Mozilla/5.0 (Linux; Android 7.0;) AppleWebKit/537.36 (KHTML, like Gecko) Mobile Safari/537.36 (compatible; PetalBot;+https://webmaster.petalsearch.com/site/petalbot)" "metrocrimedaily.com"
51.222.253.2 - - [02/Feb/2023:10:54:59 -0800] "GET /instagram-memphis/01-27-2023-1504561-MFD-reviewing-footage-of-Tyre-Nichols----arrest--.txt HTTP/1.1" 404 88 "-" "Mozilla/5.0 (compatible; AhrefsBot/7.0; +http://ahrefs.com/robot/)" "metrocrimedaily.com"
69.63.184.2 - - [02/Feb/2023:10:55:36 -0800] "GET /instagram-atlanta/02-02-2023-1239112-A.jpg HTTP/1.1" 200 139212 "-" "facebookexternalhit/1.1 (+http://www.facebook.com/externalhit_uatext.php)" "www.metrocrimedaily.com"
51.222.253.3 - - [02/Feb/2023:10:55:41 -0800] "GET /instagram-memphis/01-27-2023-1720001-WATCH--City-leaders-call-for--calm--ahead-of-Tyre.txt HTTP/1.1" 404 88 "-" "Mozilla/5.0 (compatible; AhrefsBot/7.0; +http://ahrefs.com/robot/)" "metrocrimedaily.com"
173.252.95.24 - - [02/Feb/2023:10:56:13 -0800] "GET /instagram-losangeles/02-02-2023-1255511-A.jpg HTTP/1.1" 200 63150 "-" "facebookexternalhit/1.1 (+http://www.facebook.com/externalhit_uatext.php)" "www.metrocrimedaily.com"
51.222.253.6 - - [02/Feb/2023:10:56:30 -0800] "GET /instagram-memphis/01-27-2023-1840211-Tyre-Nichols--family--attorneys-call-for--Tyre-s-.txt HTTP/1.1" 404 88 "-" "Mozilla/5.0 (compatible; AhrefsBot/7.0; +http://ahrefs.com/robot/)" "metrocrimedaily.com"
51.222.253.4 - - [02/Feb/2023:10:57:17 -0800] "GET /instagram-memphis/01-27-2023-1922391-Protesters-march-to-I-55--blocking-traffic-after-.txt HTTP/1.1" 404 88 "-" "Mozilla/5.0 (compatible; AhrefsBot/7.0; +http://ahrefs.com/robot/)" "metrocrimedaily.com"
66.249.70.130 - - [02/Feb/2023:10:57:39 -0800] "GET /www.audacy.com HTTP/1.1" 404 88 "-" "Mozilla/5.0 (Linux; Android 6.0.1; Nexus 5X Build/MMB29P) AppleWebKit/537.36 (KHTML, like Gecko) Chrome/109.0.5414.101 Mobile Safari/537.36 (compatible; Googlebot/2.1; +http://www.google.com/bot.html)" "metrocrimedaily.com"
51.222.253.13 - - [02/Feb/2023:10:57:50 -0800] "GET /instagram-memphis/01-27-2023-2016261-WATCH--Protesters-march-in-Downtown-Memphis-after.txt HTTP/1.1" 404 88 "-" "Mozilla/5.0 (compatible; AhrefsBot/7.0; +http://ahrefs.com/robot/)" "metrocrimedaily.com"
51.222.253.11 - - [02/Feb/2023:10:58:31 -0800] "GET /instagram-memphis/01-27-2023-2016262-Tyre-Nichols-death--Videos-show-multiple-angles-o.txt HTTP/1.1" 404 88 "-" "Mozilla/5.0 (compatible; AhrefsBot/7.0; +http://ahrefs.com/robot/)" "metrocrimedaily.com"
51.222.253.19 - - [02/Feb/2023:10:59:07 -0800] "GET /instagram-memphis/01-27-2023-2129531----Criminal-assault-under-the-pretext-of-law-----.txt HTTP/1.1" 404 88 "-" "Mozilla/5.0 (compatible; AhrefsBot/7.0; +http://ahrefs.com/robot/)" "metrocrimedaily.com"
51.222.253.14 - - [02/Feb/2023:10:59:47 -0800] "GET /instagram-memphis/01-27-2023-2129532-Two-Shelby-County-deputies-relieved-of-duty-after.txt HTTP/1.1" 404 88 "-" "Mozilla/5.0 (compatible; AhrefsBot/7.0; +http://ahrefs.com/robot/)" "metrocrimedaily.com"
51.222.253.8 - - [02/Feb/2023:11:00:16 -0800] "GET /instagram-memphis/01-27-2023-2232591-WATCH--Two-Shelby-County-deputies-relieved-of-dut.txt HTTP/1.1" 404 88 "-" "Mozilla/5.0 (compatible; AhrefsBot/7.0; +http://ahrefs.com/robot/)" "metrocrimedaily.com"
51.222.253.12 - - [02/Feb/2023:11:00:57 -0800] "GET /instagram-memphis/01-27-2023-2232592-WATCH--Protests-continue-Friday-night-after-relea.txt HTTP/1.1" 404 88 "-" "Mozilla/5.0 (compatible; AhrefsBot/7.0; +http://ahrefs.com/robot/)" "metrocrimedaily.com"
104.167.161.238 - - [02/Feb/2023:11:01:00 -0800] "GET / HTTP/1.1" 200 11922 "-" "Mozilla/5.0 (Linux; Android 12; moto g power (2022)) AppleWebKit/537.36 (KHTML, like Gecko) Chrome/109.0.0.0 Mobile Safari/537.36" "www.metrocrimedaily.com"
104.167.161.238 - - [02/Feb/2023:11:01:01 -0800] "GET /styles-mcd.css HTTP/1.1" 200 1159 "-" "Mozilla/5.0 (Linux; Android 12; moto g power (2022)) AppleWebKit/537.36 (KHTML, like Gecko) Chrome/109.0.0.0 Mobile Safari/537.36" "www.metrocrimedaily.com"
104.167.161.238 - - [02/Feb/2023:11:01:01 -0800] "GET /images/crimeinthed-logo.jpg HTTP/1.1" 200 14960 "http://www.metrocrimedaily.com/" "Mozilla/5.0 (Linux; Android 12; moto g power (2022)) AppleWebKit/537.36 (KHTML, like Gecko) Chrome/109.0.0.0 Mobile Safari/537.36" "www.metrocrimedaily.com"
104.167.161.238 - - [02/Feb/2023:11:01:02 -0800] "GET /images/facebook-logo-tiny.png HTTP/1.1" 200 1280 "http://www.metrocrimedaily.com/" "Mozilla/5.0 (Linux; Android 12; moto g power (2022)) AppleWebKit/537.36 (KHTML, like Gecko) Chrome/109.0.0.0 Mobile Safari/537.36" "www.metrocrimedaily.com"
104.167.161.238 - - [02/Feb/2023:11:01:02 -0800] "GET /images/police-tape.jpg HTTP/1.1" 200 50766 "http://www.metrocrimedaily.com/" "Mozilla/5.0 (Linux; Android 12; moto g power (2022)) AppleWebKit/537.36 (KHTML, like Gecko) Chrome/109.0.0.0 Mobile Safari/537.36" "metrocrimedaily.com"
104.167.161.238 - - [02/Feb/2023:11:01:02 -0800] "GET /images/youtube-logo-tiny.png HTTP/1.1" 200 689 "http://www.metrocrimedaily.com/" "Mozilla/5.0 (Linux; Android 12; moto g power (2022)) AppleWebKit/537.36 (KHTML, like Gecko) Chrome/109.0.0.0 Mobile Safari/537.36" "www.metrocrimedaily.com"
104.167.161.238 - - [02/Feb/2023:11:01:02 -0800] "GET /images/twitter-logo-b-tiny.png HTTP/1.1" 200 1600 "http://www.metrocrimedaily.com/" "Mozilla/5.0 (Linux; Android 12; moto g power (2022)) AppleWebKit/537.36 (KHTML, like Gecko) Chrome/109.0.0.0 Mobile Safari/537.36" "www.metrocrimedaily.com"
104.167.161.238 - - [02/Feb/2023:11:01:04 -0800] "GET /favicon.ico HTTP/1.1" 404 88 "http://www.metrocrimedaily.com/" "Mozilla/5.0 (Linux; Android 12; moto g power (2022)) AppleWebKit/537.36 (KHTML, like Gecko) Chrome/109.0.0.0 Mobile Safari/537.36" "www.metrocrimedaily.com"
51.222.253.15 - - [02/Feb/2023:11:01:29 -0800] "GET /instagram-memphis/01-27-2023-2337061-Experts-respond-to-Tyre-Nichols--arrest-videos-.txt HTTP/1.1" 404 88 "-" "Mozilla/5.0 (compatible; AhrefsBot/7.0; +http://ahrefs.com/robot/)" "metrocrimedaily.com"
104.167.161.238 - - [02/Feb/2023:11:01:43 -0800] "GET /index.html HTTP/1.1" 200 11922 "http://www.metrocrimedaily.com/" "Mozilla/5.0 (Linux; Android 12; moto g power (2022)) AppleWebKit/537.36 (KHTML, like Gecko) Chrome/109.0.0.0 Mobile Safari/537.36" "www.metrocrimedaily.com"
51.222.253.17 - - [02/Feb/2023:11:02:14 -0800] "GET /instagram-memphis/01-27-2023-2337062-WATCH--2-deputies-relieved-of-duty-after-showing-.txt HTTP/1.1" 404 88 "-" "Mozilla/5.0 (compatible; AhrefsBot/7.0; +http://ahrefs.com/robot/)" "metrocrimedaily.com"
51.222.253.6 - - [02/Feb/2023:11:02:53 -0800] "GET /instagram-memphis/01-27-2023-2337063-Police--Oregon-torture-suspect-using-dating-apps-.txt HTTP/1.1" 404 88 "-" "Mozilla/5.0 (compatible; AhrefsBot/7.0; +http://ahrefs.com/robot/)" "metrocrimedaily.com"
51.222.253.14 - - [02/Feb/2023:11:03:32 -0800] "GET /instagram-memphis/01-28-2023-0835331-Lawyer-for-former-officer-charged-with-murder-in-.txt HTTP/1.1" 404 88 "-" "Mozilla/5.0 (compatible; AhrefsBot/7.0; +http://ahrefs.com/robot/)" "metrocrimedaily.com"
51.222.253.10 - - [02/Feb/2023:11:04:03 -0800] "GET /instagram-memphis/01-28-2023-0835332-Man-dead-following-shooting-on-Beale-Street--poli.txt HTTP/1.1" 404 88 "-" "Mozilla/5.0 (compatible; AhrefsBot/7.0; +http://ahrefs.com/robot/)" "metrocrimedaily.com"
51.222.253.16 - - [02/Feb/2023:11:04:40 -0800] "GET /instagram-memphis/01-28-2023-1010371-2-inmates-who-escaped-from-Virginia-jail-captured.txt HTTP/1.1" 404 88 "-" "Mozilla/5.0 (compatible; AhrefsBot/7.0; +http://ahrefs.com/robot/)" "metrocrimedaily.com"
51.222.253.12 - - [02/Feb/2023:11:05:33 -0800] "GET /instagram-memphis/01-28-2023-1010372-3-killed--4-critically-wounded-in-upscale-Los-Ang.txt HTTP/1.1" 404 88 "-" "Mozilla/5.0 (compatible; AhrefsBot/7.0; +http://ahrefs.com/robot/)" "metrocrimedaily.com"
51.222.253.13 - - [02/Feb/2023:11:06:04 -0800] "GET /instagram-memphis/01-28-2023-1138331-Florida-man-threatened-employees-with-gun-when-ch.txt HTTP/1.1" 404 88 "-" "Mozilla/5.0 (compatible; AhrefsBot/7.0; +http://ahrefs.com/robot/)" "metrocrimedaily.com"
51.222.253.19 - - [02/Feb/2023:11:06:36 -0800] "GET /instagram-memphis/01-28-2023-1329171-Missing-radioactive-capsule-leads-to-urgent-healt.txt HTTP/1.1" 404 88 "-" "Mozilla/5.0 (compatible; AhrefsBot/7.0; +http://ahrefs.com/robot/)" "metrocrimedaily.com"
51.222.253.5 - - [02/Feb/2023:11:07:12 -0800] "GET /instagram-memphis/01-28-2023-1622571-Man-arrested-after-breaking-into-house--taking-ba.txt HTTP/1.1" 404 88 "-" "Mozilla/5.0 (compatible; AhrefsBot/7.0; +http://ahrefs.com/robot/)" "metrocrimedaily.com"
51.222.253.20 - - [02/Feb/2023:11:07:49 -0800] "GET /instagram-memphis/01-28-2023-1712131-MPD--Suspects-wanted-in-multiple-business-burglar.txt HTTP/1.1" 404 88 "-" "Mozilla/5.0 (compatible; AhrefsBot/7.0; +http://ahrefs.com/robot/)" "metrocrimedaily.com"
51.222.253.15 - - [02/Feb/2023:11:08:21 -0800] "GET /instagram-memphis/01-28-2023-1712132-Maryland-man-convicted-in-2017-fatal-stabbings-of.txt HTTP/1.1" 404 88 "-" "Mozilla/5.0 (compatible; AhrefsBot/7.0; +http://ahrefs.com/robot/)" "metrocrimedaily.com"
51.222.253.11 - - [02/Feb/2023:11:09:03 -0800] "GET /instagram-memphis/01-28-2023-1817011-MPD--Woman-dead-after-hit-and-run-in-Whitehaven-.txt HTTP/1.1" 404 88 "-" "Mozilla/5.0 (compatible; AhrefsBot/7.0; +http://ahrefs.com/robot/)" "metrocrimedaily.com"
51.222.253.9 - - [02/Feb/2023:11:09:37 -0800] "GET /instagram-memphis/01-28-2023-1817012-Woman-pleads-guilty-for-leaving-newborn-to-die-in.txt HTTP/1.1" 404 88 "-" "Mozilla/5.0 (compatible; AhrefsBot/7.0; +http://ahrefs.com/robot/)" "metrocrimedaily.com"
51.222.253.18 - - [02/Feb/2023:11:10:27 -0800] "GET /instagram-memphis/01-28-2023-1922031-Suspect-arrested-in-Olive-Branch-hotel-shooting-t.txt HTTP/1.1" 404 88 "-" "Mozilla/5.0 (compatible; AhrefsBot/7.0; +http://ahrefs.com/robot/)" "metrocrimedaily.com"
51.222.253.5 - - [02/Feb/2023:11:10:58 -0800] "GET /instagram-memphis/01-28-2023-1922032-Officials--3-arrested-in-2022-execution-style-dou.txt HTTP/1.1" 404 88 "-" "Mozilla/5.0 (compatible; AhrefsBot/7.0; +http://ahrefs.com/robot/)" "metrocrimedaily.com"
69.63.184.120 - - [02/Feb/2023:11:11:09 -0800] "GET /instagram-atlanta/02-02-2023-1239113-A.jpg HTTP/1.1" 200 128510 "-" "facebookexternalhit/1.1 (+http://www.facebook.com/externalhit_uatext.php)" "www.metrocrimedaily.com"
51.222.253.4 - - [02/Feb/2023:11:11:43 -0800] "GET /instagram-memphis/01-28-2023-1922033-Suspect-arrested-in-Olive-Branch-hotel-shooting-t.txt HTTP/1.1" 404 88 "-" "Mozilla/5.0 (compatible; AhrefsBot/7.0; +http://ahrefs.com/robot/)" "metrocrimedaily.com"
173.252.95.15 - - [02/Feb/2023:11:11:48 -0800] "GET /instagram-losangeles/02-02-2023-1255512-A.jpg HTTP/1.1" 200 231841 "-" "facebookexternalhit/1.1 (+http://www.facebook.com/externalhit_uatext.php)" "www.metrocrimedaily.com"
51.222.253.10 - - [02/Feb/2023:11:12:35 -0800] "GET /instagram-memphis/01-28-2023-2040261-Officials--1-dead--4-injured-including-2-children.txt HTTP/1.1" 404 88 "-" "Mozilla/5.0 (compatible; AhrefsBot/7.0; +http://ahrefs.com/robot/)" "metrocrimedaily.com"
69.63.184.1 - - [02/Feb/2023:11:12:44 -0800] "GET /instagram-dallas/02-02-2023-1312221-A.jpg HTTP/1.1" 200 181498 "-" "facebookexternalhit/1.1 (+http://www.facebook.com/externalhit_uatext.php)" "www.metrocrimedaily.com"
51.222.253.10 - - [02/Feb/2023:11:13:06 -0800] "GET /instagram-memphis/01-28-2023-2040262-Police-arrest-3-in-connection-with-death-of-11-ye.txt HTTP/1.1" 404 88 "-" "Mozilla/5.0 (compatible; AhrefsBot/7.0; +http://ahrefs.com/robot/)" "metrocrimedaily.com"
52.167.144.81 - - [02/Feb/2023:11:13:07 -0800] "GET /instagram-chicago/12-27-2022-2239202-Woman-held-in-stabbing-of-a-dog-on-Northwest-Side.txt HTTP/1.1" 404 88 "-" "Mozilla/5.0 AppleWebKit/537.36 (KHTML, like Gecko; compatible; bingbot/2.0; +http://www.bing.com/bingbot.htm) Chrome/103.0.5060.134 Safari/537.36" "www.metrocrimedaily.com"
51.222.253.11 - - [02/Feb/2023:11:13:50 -0800] "GET /instagram-memphis/01-28-2023-2138011-Boyfriend-accidentally-shoots--kills-girlfriend-w.txt HTTP/1.1" 404 88 "-" "Mozilla/5.0 (compatible; AhrefsBot/7.0; +http://ahrefs.com/robot/)" "metrocrimedaily.com"
40.77.167.212 - - [02/Feb/2023:11:14:16 -0800] "GET /index-miami.html HTTP/1.1" 200 8762 "-" "Mozilla/5.0 AppleWebKit/537.36 (KHTML, like Gecko; compatible; bingbot/2.0; +http://www.bing.com/bingbot.htm) Chrome/103.0.5060.134 Safari/537.36" "metrocrimedaily.com"
51.222.253.1 - - [02/Feb/2023:11:14:22 -0800] "GET /instagram-memphis/01-28-2023-2219351-MPD--Suspects-wanted-in-Game-X-Change-robbery-.txt HTTP/1.1" 404 88 "-" "Mozilla/5.0 (compatible; AhrefsBot/7.0; +http://ahrefs.com/robot/)" "metrocrimedaily.com"
51.222.253.6 - - [02/Feb/2023:11:14:57 -0800] "GET /instagram-memphis/01-28-2023-2301251-MPD--Suspects-wanted-in-Game-X-Change-robbery-.txt HTTP/1.1" 404 88 "-" "Mozilla/5.0 (compatible; AhrefsBot/7.0; +http://ahrefs.com/robot/)" "metrocrimedaily.com"
174.236.1.138 - - [02/Feb/2023:11:15:23 -0800] "GET / HTTP/1.1" 200 13007 "https://www.google.com/" "Mozilla/5.0 (Macintosh; Intel Mac OS X 10_15_7) AppleWebKit/605.1.15 (KHTML, like Gecko) Version/16.1 Safari/605.1.15" "www.metrocrimedaily.com"
174.236.1.138 - - [02/Feb/2023:11:15:23 -0800] "GET /styles-mcd.css HTTP/1.1" 200 1159 "http://www.metrocrimedaily.com/" "Mozilla/5.0 (Macintosh; Intel Mac OS X 10_15_7) AppleWebKit/605.1.15 (KHTML, like Gecko) Version/16.1 Safari/605.1.15" "www.metrocrimedaily.com"
174.236.1.138 - - [02/Feb/2023:11:15:23 -0800] "GET /images/crimeinthed-logo.jpg HTTP/1.1" 200 14960 "http://www.metrocrimedaily.com/" "Mozilla/5.0 (Macintosh; Intel Mac OS X 10_15_7) AppleWebKit/605.1.15 (KHTML, like Gecko) Version/16.1 Safari/605.1.15" "www.metrocrimedaily.com"
174.236.1.138 - - [02/Feb/2023:11:15:23 -0800] "GET /images/facebook-logo-tiny.png HTTP/1.1" 200 1280 "http://www.metrocrimedaily.com/" "Mozilla/5.0 (Macintosh; Intel Mac OS X 10_15_7) AppleWebKit/605.1.15 (KHTML, like Gecko) Version/16.1 Safari/605.1.15" "www.metrocrimedaily.com"
174.236.1.138 - - [02/Feb/2023:11:15:23 -0800] "GET /images/police-tape.jpg HTTP/1.1" 200 50766 "http://www.metrocrimedaily.com/" "Mozilla/5.0 (Macintosh; Intel Mac OS X 10_15_7) AppleWebKit/605.1.15 (KHTML, like Gecko) Version/16.1 Safari/605.1.15" "metrocrimedaily.com"
174.236.1.138 - - [02/Feb/2023:11:15:23 -0800] "GET /images/twitter-logo-b-tiny.png HTTP/1.1" 200 1600 "http://www.metrocrimedaily.com/" "Mozilla/5.0 (Macintosh; Intel Mac OS X 10_15_7) AppleWebKit/605.1.15 (KHTML, like Gecko) Version/16.1 Safari/605.1.15" "www.metrocrimedaily.com"
174.236.1.138 - - [02/Feb/2023:11:15:23 -0800] "GET /images/youtube-logo-tiny.png HTTP/1.1" 200 689 "http://www.metrocrimedaily.com/" "Mozilla/5.0 (Macintosh; Intel Mac OS X 10_15_7) AppleWebKit/605.1.15 (KHTML, like Gecko) Version/16.1 Safari/605.1.15" "www.metrocrimedaily.com"
174.236.1.138 - - [02/Feb/2023:11:15:25 -0800] "GET /favicon.ico HTTP/1.1" 404 88 "http://www.metrocrimedaily.com/" "Mozilla/5.0 (Macintosh; Intel Mac OS X 10_15_7) AppleWebKit/605.1.15 (KHTML, like Gecko) Version/16.1 Safari/605.1.15" "www.metrocrimedaily.com"
51.222.253.12 - - [02/Feb/2023:11:15:26 -0800] "GET /instagram-memphis/01-29-2023-0709521-Woman-critical-after-shooting-in-Frayser-.txt HTTP/1.1" 404 88 "-" "Mozilla/5.0 (compatible; AhrefsBot/7.0; +http://ahrefs.com/robot/)" "metrocrimedaily.com"
114.119.133.35 - - [02/Feb/2023:11:15:31 -0800] "GET /instagram-newyork/01-23-2023-1631342-New-arrest-in-Manhattan-hotel-turned-shelter-glas.txt HTTP/1.1" 404 88 "https://metrocrimedaily.com/instagram-newyork/?C=D%3BO%3DA" "Mozilla/5.0 (Linux; Android 7.0;) AppleWebKit/537.36 (KHTML, like Gecko) Mobile Safari/537.36 (compatible; PetalBot;+https://webmaster.petalsearch.com/site/petalbot)" "metrocrimedaily.com"
51.222.253.13 - - [02/Feb/2023:11:16:10 -0800] "GET /instagram-memphis/01-29-2023-0902451-6-people-killed--3-injured-after-rental-truck--bu.txt HTTP/1.1" 404 88 "-" "Mozilla/5.0 (compatible; AhrefsBot/7.0; +http://ahrefs.com/robot/)" "metrocrimedaily.com"
114.119.144.87 - - [02/Feb/2023:11:16:47 -0800] "GET /instagram-dallas/02-01-2023-2025384-Missing-dog-reunited-with-family-8-years-later---.txt HTTP/1.1" 200 1026 "https://metrocrimedaily.com/instagram-dallas/?C=S%3BO%3DA" "Mozilla/5.0 (Linux; Android 7.0;) AppleWebKit/537.36 (KHTML, like Gecko) Mobile Safari/537.36 (compatible; PetalBot;+https://webmaster.petalsearch.com/site/petalbot)" "metrocrimedaily.com"
51.222.253.7 - - [02/Feb/2023:11:17:13 -0800] "GET /instagram-memphis/01-29-2023-0959371-Louisiana-worker-filling-potholes-killed-when-veh.txt HTTP/1.1" 404 88 "-" "Mozilla/5.0 (compatible; AhrefsBot/7.0; +http://ahrefs.com/robot/)" "metrocrimedaily.com"
51.222.253.15 - - [02/Feb/2023:11:17:54 -0800] "GET /instagram-memphis/01-29-2023-1056521-Georgia-QB-Stetson-Bennett-arrested-on-public-int.txt HTTP/1.1" 404 88 "-" "Mozilla/5.0 (compatible; AhrefsBot/7.0; +http://ahrefs.com/robot/)" "metrocrimedaily.com"
173.252.95.20 - - [02/Feb/2023:11:18:12 -0800] "GET /instagram-neworleans/02-02-2023-1317491-A.jpg HTTP/1.1" 200 141427 "-" "facebookexternalhit/1.1 (+http://www.facebook.com/externalhit_uatext.php)" "www.metrocrimedaily.com"
51.222.253.9 - - [02/Feb/2023:11:18:30 -0800] "GET /instagram-memphis/01-29-2023-1251551-Tipton-County-shooting-leaves-one-injured-.txt HTTP/1.1" 404 88 "-" "Mozilla/5.0 (compatible; AhrefsBot/7.0; +http://ahrefs.com/robot/)" "metrocrimedaily.com"
173.252.95.1 - - [02/Feb/2023:11:18:54 -0800] "GET /instagram-memphis/02-02-2023-1318331-A.jpg HTTP/1.1" 200 160535 "-" "facebookexternalhit/1.1 (+http://www.facebook.com/externalhit_uatext.php)" "www.metrocrimedaily.com"
51.222.253.11 - - [02/Feb/2023:11:19:01 -0800] "GET /instagram-memphis/01-29-2023-1339051--It-hurt----Mental-health-counselors-provide-help.txt HTTP/1.1" 404 88 "-" "Mozilla/5.0 (compatible; AhrefsBot/7.0; +http://ahrefs.com/robot/)" "metrocrimedaily.com"
114.119.152.114 - - [02/Feb/2023:11:19:37 -0800] "GET /CRIME-WATCH-AMERICA/CRIME-WATCH-STLOUIS/unix/bin/nwin2.dll HTTP/1.1" 200 477680 "https://metrocrimedaily.com/CRIME-WATCH-AMERICA/CRIME-WATCH-STLOUIS/unix/bin/" "Mozilla/5.0 (Linux; Android 7.0;) AppleWebKit/537.36 (KHTML, like Gecko) Mobile Safari/537.36 (compatible; PetalBot;+https://webmaster.petalsearch.com/site/petalbot)" "metrocrimedaily.com"
51.222.253.1 - - [02/Feb/2023:11:19:55 -0800] "GET /instagram-memphis/01-29-2023-1339052-1-dead--3-injured-in-shooting-near-Ohio-strip-clu.txt HTTP/1.1" 404 88 "-" "Mozilla/5.0 (compatible; AhrefsBot/7.0; +http://ahrefs.com/robot/)" "metrocrimedaily.com"
51.222.253.11 - - [02/Feb/2023:11:20:24 -0800] "GET /instagram-memphis/01-29-2023-1439091-Woman-shot-in-Frayser--police-say-.txt HTTP/1.1" 404 88 "-" "Mozilla/5.0 (compatible; AhrefsBot/7.0; +http://ahrefs.com/robot/)" "metrocrimedaily.com"
114.119.138.95 - - [02/Feb/2023:11:20:28 -0800] "GET /instagram-atlanta/post-later/01-30-2023-1927094-Police-identify-suspect-who-stole-squad-car--cras.txt HTTP/1.1" 404 88 "https://metrocrimedaily.com/instagram-atlanta/post-later/?C=N%3BO%3DD" "Mozilla/5.0 (Linux; Android 7.0;) AppleWebKit/537.36 (KHTML, like Gecko) Mobile Safari/537.36 (compatible; PetalBot;+https://webmaster.petalsearch.com/site/petalbot)" "metrocrimedaily.com"
51.222.253.17 - - [02/Feb/2023:11:20:58 -0800] "GET /instagram-memphis/01-29-2023-1521211-Suspect-wanted-in-Southeast-Memphis-homicide--MPD.txt HTTP/1.1" 404 88 "-" "Mozilla/5.0 (compatible; AhrefsBot/7.0; +http://ahrefs.com/robot/)" "metrocrimedaily.com"
51.222.253.15 - - [02/Feb/2023:11:21:31 -0800] "GET /instagram-memphis/01-29-2023-1632041-NAACP-holds-conference-reacting-to-Tyre-Nichols--.txt HTTP/1.1" 404 88 "-" "Mozilla/5.0 (compatible; AhrefsBot/7.0; +http://ahrefs.com/robot/)" "metrocrimedaily.com"
51.222.253.4 - - [02/Feb/2023:11:22:14 -0800] "GET /instagram-memphis/01-29-2023-1719211-WATCH--Suspects-break-into-store--steal-$70K-wort.txt HTTP/1.1" 404 88 "-" "Mozilla/5.0 (compatible; AhrefsBot/7.0; +http://ahrefs.com/robot/)" "metrocrimedaily.com"
51.222.253.9 - - [02/Feb/2023:11:22:45 -0800] "GET /instagram-memphis/01-29-2023-1719212-Suspects-break-into-store--steal-$70K-worth-of-it.txt HTTP/1.1" 404 88 "-" "Mozilla/5.0 (compatible; AhrefsBot/7.0; +http://ahrefs.com/robot/)" "metrocrimedaily.com"
51.222.253.4 - - [02/Feb/2023:11:23:35 -0800] "GET /instagram-memphis/01-29-2023-1832511-Lawmaker-calls-for-DOJ-to-investigate-Memphis-Pol.txt HTTP/1.1" 404 88 "-" "Mozilla/5.0 (compatible; AhrefsBot/7.0; +http://ahrefs.com/robot/)" "metrocrimedaily.com"
51.222.253.10 - - [02/Feb/2023:11:24:15 -0800] "GET /instagram-memphis/01-29-2023-1832512-WATCH--Memphis-NAACP-President-calls-for-feds-to-.txt HTTP/1.1" 404 88 "-" "Mozilla/5.0 (compatible; AhrefsBot/7.0; +http://ahrefs.com/robot/)" "metrocrimedaily.com"
51.222.253.2 - - [02/Feb/2023:11:24:52 -0800] "GET /instagram-memphis/01-29-2023-1832513-MPD--Suspects-wanted-for-GameStop-burglary--vanda.txt HTTP/1.1" 404 88 "-" "Mozilla/5.0 (compatible; AhrefsBot/7.0; +http://ahrefs.com/robot/)" "metrocrimedaily.com"
114.119.154.14 - - [02/Feb/2023:11:25:21 -0800] "GET /robots.txt HTTP/1.1" 404 88 "-" "Mozilla/5.0 (compatible;PetalBot;+https://webmaster.petalsearch.com/site/petalbot)" "www.metrocrimedaily.com"
