173.252.107.5 - - [01/Feb/2023:21:52:19 -0800] "GET /instagram-losangeles/02-01-2023-2320314-A.jpg HTTP/1.1" 200 172837 "-" "facebookexternalhit/1.1 (+http://www.facebook.com/externalhit_uatext.php)" "www.metrocrimedaily.com"
69.63.184.3 - - [01/Feb/2023:21:58:19 -0800] "GET /instagram-atlanta/02-01-2023-2357201-A.jpg HTTP/1.1" 200 194019 "-" "facebookexternalhit/1.1 (+http://www.facebook.com/externalhit_uatext.php)" "www.metrocrimedaily.com"
66.249.70.132 - - [01/Feb/2023:21:59:18 -0800] "GET /instagram-chicago/01-23-2023-1747171-A.jpg HTTP/1.1" 404 88 "-" "Googlebot-Image/1.0" "metrocrimedaily.com"
51.222.253.3 - - [01/Feb/2023:21:59:18 -0800] "GET /CRIME-WATCH-AMERICA/CRIME-WATCH-DETROIT/unix/?C=N;O=A HTTP/1.1" 200 395 "-" "Mozilla/5.0 (compatible; AhrefsBot/7.0; +http://ahrefs.com/robot/)" "metrocrimedaily.com"
51.222.253.17 - - [01/Feb/2023:21:59:50 -0800] "GET /instagram-neworleans/post-later/?C=D;O=A HTTP/1.1" 200 331 "-" "Mozilla/5.0 (compatible; AhrefsBot/7.0; +http://ahrefs.com/robot/)" "metrocrimedaily.com"
66.249.70.130 - - [01/Feb/2023:21:59:54 -0800] "GET /instagram-chicago/01-24-2023-20355116-A.jpg HTTP/1.1" 404 88 "-" "Googlebot-Image/1.0" "metrocrimedaily.com"
51.222.253.6 - - [01/Feb/2023:22:00:48 -0800] "GET /instagram-neworleans/post-later/?C=M;O=A HTTP/1.1" 200 332 "-" "Mozilla/5.0 (compatible; AhrefsBot/7.0; +http://ahrefs.com/robot/)" "metrocrimedaily.com"
51.222.253.19 - - [01/Feb/2023:22:01:42 -0800] "GET /instagram-neworleans/post-later/?C=N;O=D HTTP/1.1" 200 329 "-" "Mozilla/5.0 (compatible; AhrefsBot/7.0; +http://ahrefs.com/robot/)" "metrocrimedaily.com"
40.77.167.212 - - [01/Feb/2023:22:02:27 -0800] "GET /index-miami.html HTTP/1.1" 200 6948 "-" "Mozilla/5.0 AppleWebKit/537.36 (KHTML, like Gecko; compatible; bingbot/2.0; +http://www.bing.com/bingbot.htm) Chrome/103.0.5060.134 Safari/537.36" "metrocrimedaily.com"
51.222.253.7 - - [01/Feb/2023:22:02:45 -0800] "GET /instagram-neworleans/post-later/?C=S;O=A HTTP/1.1" 200 332 "-" "Mozilla/5.0 (compatible; AhrefsBot/7.0; +http://ahrefs.com/robot/)" "metrocrimedaily.com"
51.222.253.19 - - [01/Feb/2023:22:03:51 -0800] "GET /instagram-neworleans/videos/?C=D;O=A HTTP/1.1" 200 330 "-" "Mozilla/5.0 (compatible; AhrefsBot/7.0; +http://ahrefs.com/robot/)" "metrocrimedaily.com"
51.222.253.4 - - [01/Feb/2023:22:05:22 -0800] "GET /instagram-neworleans/videos/?C=M;O=A HTTP/1.1" 200 329 "-" "Mozilla/5.0 (compatible; AhrefsBot/7.0; +http://ahrefs.com/robot/)" "metrocrimedaily.com"
51.222.253.3 - - [01/Feb/2023:22:06:41 -0800] "GET /instagram-neworleans/videos/?C=N;O=D HTTP/1.1" 200 328 "-" "Mozilla/5.0 (compatible; AhrefsBot/7.0; +http://ahrefs.com/robot/)" "metrocrimedaily.com"
66.249.70.132 - - [01/Feb/2023:22:06:57 -0800] "GET /instagram-chicago/01-24-2023-20355121-A.jpg HTTP/1.1" 404 88 "-" "Googlebot-Image/1.0" "metrocrimedaily.com"
51.222.253.1 - - [01/Feb/2023:22:07:44 -0800] "GET /instagram-neworleans/videos/?C=S;O=A HTTP/1.1" 200 330 "-" "Mozilla/5.0 (compatible; AhrefsBot/7.0; +http://ahrefs.com/robot/)" "metrocrimedaily.com"
51.222.253.1 - - [01/Feb/2023:22:08:54 -0800] "GET /instagram-losangeles/videos/?C=D;O=A HTTP/1.1" 200 427 "-" "Mozilla/5.0 (compatible; AhrefsBot/7.0; +http://ahrefs.com/robot/)" "metrocrimedaily.com"
51.222.253.6 - - [01/Feb/2023:22:09:44 -0800] "GET /instagram-losangeles/videos/?C=M;O=A HTTP/1.1" 200 427 "-" "Mozilla/5.0 (compatible; AhrefsBot/7.0; +http://ahrefs.com/robot/)" "metrocrimedaily.com"
51.222.253.9 - - [01/Feb/2023:22:10:44 -0800] "GET /instagram-losangeles/videos/?C=N;O=D HTTP/1.1" 200 425 "-" "Mozilla/5.0 (compatible; AhrefsBot/7.0; +http://ahrefs.com/robot/)" "metrocrimedaily.com"
51.222.253.9 - - [01/Feb/2023:22:11:23 -0800] "GET /instagram-losangeles/videos/?C=S;O=A HTTP/1.1" 200 427 "-" "Mozilla/5.0 (compatible; AhrefsBot/7.0; +http://ahrefs.com/robot/)" "metrocrimedaily.com"
51.222.253.18 - - [01/Feb/2023:22:11:54 -0800] "GET /instagram-losangeles/post-later/02-01-2023-1444195-Gov.-Newsom--California-leaders-announce-gun-safe.txt HTTP/1.1" 200 950 "-" "Mozilla/5.0 (compatible; AhrefsBot/7.0; +http://ahrefs.com/robot/)" "metrocrimedaily.com"
52.167.144.81 - - [01/Feb/2023:22:12:05 -0800] "GET /instagram-detroit/12-19-2022-2046141-IRS--Better-Business-Bureau-issue-warning-as-holi.txt HTTP/1.1" 404 88 "-" "Mozilla/5.0 AppleWebKit/537.36 (KHTML, like Gecko; compatible; bingbot/2.0; +http://www.bing.com/bingbot.htm) Chrome/103.0.5060.134 Safari/537.36" "www.metrocrimedaily.com"
51.222.253.16 - - [01/Feb/2023:22:12:30 -0800] "GET /instagram-losangeles/post-later/?C=D;O=A HTTP/1.1" 200 460 "-" "Mozilla/5.0 (compatible; AhrefsBot/7.0; +http://ahrefs.com/robot/)" "metrocrimedaily.com"
51.222.253.3 - - [01/Feb/2023:22:13:00 -0800] "GET /instagram-losangeles/post-later/?C=M;O=A HTTP/1.1" 200 461 "-" "Mozilla/5.0 (compatible; AhrefsBot/7.0; +http://ahrefs.com/robot/)" "metrocrimedaily.com"
51.222.253.12 - - [01/Feb/2023:22:13:39 -0800] "GET /instagram-losangeles/post-later/?C=N;O=D HTTP/1.1" 200 459 "-" "Mozilla/5.0 (compatible; AhrefsBot/7.0; +http://ahrefs.com/robot/)" "metrocrimedaily.com"
69.63.184.116 - - [01/Feb/2023:22:13:52 -0800] "GET /instagram-atlanta/02-01-2023-2357202-A.jpg HTTP/1.1" 200 263956 "-" "facebookexternalhit/1.1 (+http://www.facebook.com/externalhit_uatext.php)" "www.metrocrimedaily.com"
51.222.253.5 - - [01/Feb/2023:22:14:07 -0800] "GET /instagram-losangeles/post-later/?C=S;O=A HTTP/1.1" 200 462 "-" "Mozilla/5.0 (compatible; AhrefsBot/7.0; +http://ahrefs.com/robot/)" "metrocrimedaily.com"
51.222.253.16 - - [01/Feb/2023:22:14:38 -0800] "GET /CRIME-WATCH-AMERICA/CRIME-WATCH-DETROIT/INSTAGRAM-AUTOMATION/instagram/?C=D;O=A HTTP/1.1" 200 405 "-" "Mozilla/5.0 (compatible; AhrefsBot/7.0; +http://ahrefs.com/robot/)" "metrocrimedaily.com"
51.222.253.16 - - [01/Feb/2023:22:15:06 -0800] "GET /CRIME-WATCH-AMERICA/CRIME-WATCH-DETROIT/INSTAGRAM-AUTOMATION/instagram/?C=M;O=A HTTP/1.1" 200 405 "-" "Mozilla/5.0 (compatible; AhrefsBot/7.0; +http://ahrefs.com/robot/)" "metrocrimedaily.com"
51.222.253.7 - - [01/Feb/2023:22:15:30 -0800] "GET /CRIME-WATCH-AMERICA/CRIME-WATCH-DETROIT/INSTAGRAM-AUTOMATION/instagram/?C=N;O=D HTTP/1.1" 200 403 "-" "Mozilla/5.0 (compatible; AhrefsBot/7.0; +http://ahrefs.com/robot/)" "metrocrimedaily.com"
51.222.253.16 - - [01/Feb/2023:22:16:01 -0800] "GET /CRIME-WATCH-AMERICA/CRIME-WATCH-DETROIT/INSTAGRAM-AUTOMATION/instagram/?C=S;O=A HTTP/1.1" 200 405 "-" "Mozilla/5.0 (compatible; AhrefsBot/7.0; +http://ahrefs.com/robot/)" "metrocrimedaily.com"
173.252.107.16 - - [01/Feb/2023:22:16:17 -0800] "GET /instagram-houston/02-02-2023-0015481-A.jpg HTTP/1.1" 200 108401 "-" "facebookexternalhit/1.1 (+http://www.facebook.com/externalhit_uatext.php)" "www.metrocrimedaily.com"
51.222.253.14 - - [01/Feb/2023:22:16:28 -0800] "GET /CRIME-WATCH-AMERICA/CRIME-WATCH-DETROIT/INSTAGRAM-AUTOMATION/instagram/archive/ HTTP/1.1" 200 1435 "-" "Mozilla/5.0 (compatible; AhrefsBot/7.0; +http://ahrefs.com/robot/)" "metrocrimedaily.com"
51.222.253.18 - - [01/Feb/2023:22:17:04 -0800] "GET /CRIME-WATCH-AMERICA/CRIME-WATCH-DETROIT/INSTAGRAM-AUTOMATION/instagram/?C=D;O=A HTTP/1.1" 200 405 "-" "Mozilla/5.0 (compatible; AhrefsBot/7.0; +http://ahrefs.com/robot/)" "www.metrocrimedaily.com"
51.222.253.3 - - [01/Feb/2023:22:17:27 -0800] "GET /CRIME-WATCH-AMERICA/CRIME-WATCH-DETROIT/INSTAGRAM-AUTOMATION/instagram/?C=D;O=A HTTP/1.1" 200 405 "-" "Mozilla/5.0 (compatible; AhrefsBot/7.0; +http://ahrefs.com/robot/)" "www.metrocrimedaily.com"
51.222.253.10 - - [01/Feb/2023:22:17:52 -0800] "GET /CRIME-WATCH-AMERICA/CRIME-WATCH-DETROIT/INSTAGRAM-AUTOMATION/instagram/?C=M;O=A HTTP/1.1" 200 405 "-" "Mozilla/5.0 (compatible; AhrefsBot/7.0; +http://ahrefs.com/robot/)" "www.metrocrimedaily.com"
52.167.144.81 - - [01/Feb/2023:22:18:03 -0800] "GET /instagram-dallas/12-25-2022-2015091-Christmas-Day-shooting-suspects-arrested-followin.txt HTTP/1.1" 404 88 "-" "Mozilla/5.0 AppleWebKit/537.36 (KHTML, like Gecko; compatible; bingbot/2.0; +http://www.bing.com/bingbot.htm) Chrome/103.0.5060.134 Safari/537.36" "www.metrocrimedaily.com"
51.222.253.12 - - [01/Feb/2023:22:19:05 -0800] "GET /CRIME-WATCH-AMERICA/CRIME-WATCH-DETROIT/INSTAGRAM-AUTOMATION/instagram/?C=M;O=A HTTP/1.1" 200 405 "-" "Mozilla/5.0 (compatible; AhrefsBot/7.0; +http://ahrefs.com/robot/)" "www.metrocrimedaily.com"
51.222.253.18 - - [01/Feb/2023:22:20:09 -0800] "GET /CRIME-WATCH-AMERICA/CRIME-WATCH-DETROIT/INSTAGRAM-AUTOMATION/instagram/?C=N;O=D HTTP/1.1" 200 403 "-" "Mozilla/5.0 (compatible; AhrefsBot/7.0; +http://ahrefs.com/robot/)" "www.metrocrimedaily.com"
51.222.253.18 - - [01/Feb/2023:22:22:17 -0800] "GET /CRIME-WATCH-AMERICA/CRIME-WATCH-DETROIT/INSTAGRAM-AUTOMATION/instagram/?C=N;O=D HTTP/1.1" 200 403 "-" "Mozilla/5.0 (compatible; AhrefsBot/7.0; +http://ahrefs.com/robot/)" "www.metrocrimedaily.com"
51.222.253.17 - - [01/Feb/2023:22:26:46 -0800] "GET /CRIME-WATCH-AMERICA/CRIME-WATCH-DETROIT/INSTAGRAM-AUTOMATION/instagram/?C=S;O=A HTTP/1.1" 200 405 "-" "Mozilla/5.0 (compatible; AhrefsBot/7.0; +http://ahrefs.com/robot/)" "www.metrocrimedaily.com"
76.184.252.42 - - [01/Feb/2023:22:31:15 -0800] "GET /images/police-tape.jpg HTTP/1.1" 200 50766 "-" "Wget/1.20.3 (mingw32)" "metrocrimedaily.com"
69.63.184.119 - - [01/Feb/2023:22:33:05 -0800] "GET /instagram-detroit/02-02-2023-0031041-A.jpg HTTP/1.1" 200 55025 "-" "facebookexternalhit/1.1 (+http://www.facebook.com/externalhit_uatext.php)" "www.metrocrimedaily.com"
51.222.253.16 - - [01/Feb/2023:22:35:00 -0800] "GET /CRIME-WATCH-AMERICA/CRIME-WATCH-DETROIT/INSTAGRAM-AUTOMATION/instagram/?C=S;O=A HTTP/1.1" 200 405 "-" "Mozilla/5.0 (compatible; AhrefsBot/7.0; +http://ahrefs.com/robot/)" "www.metrocrimedaily.com"
40.77.167.212 - - [01/Feb/2023:22:40:51 -0800] "GET /index-miami.html HTTP/1.1" 200 6948 "-" "Mozilla/5.0 AppleWebKit/537.36 (KHTML, like Gecko; compatible; bingbot/2.0; +http://www.bing.com/bingbot.htm) Chrome/103.0.5060.134 Safari/537.36" "metrocrimedaily.com"
173.252.107.118 - - [01/Feb/2023:22:46:46 -0800] "GET /instagram-houston/02-02-2023-0015482-A.jpg HTTP/1.1" 200 108401 "-" "facebookexternalhit/1.1 (+http://www.facebook.com/externalhit_uatext.php)" "www.metrocrimedaily.com"
173.252.107.24 - - [01/Feb/2023:22:47:14 -0800] "GET /instagram-houston/02-02-2023-0015483-A.jpg HTTP/1.1" 200 156625 "-" "facebookexternalhit/1.1 (+http://www.facebook.com/externalhit_uatext.php)" "www.metrocrimedaily.com"
173.252.107.22 - - [01/Feb/2023:22:47:43 -0800] "GET /instagram-houston/02-02-2023-0015484-A.jpg HTTP/1.1" 200 181657 "-" "facebookexternalhit/1.1 (+http://www.facebook.com/externalhit_uatext.php)" "www.metrocrimedaily.com"
173.252.107.16 - - [01/Feb/2023:22:48:11 -0800] "GET /instagram-houston/02-02-2023-0015485-A.jpg HTTP/1.1" 200 220194 "-" "facebookexternalhit/1.1 (+http://www.facebook.com/externalhit_uatext.php)" "www.metrocrimedaily.com"
173.252.107.23 - - [01/Feb/2023:22:48:38 -0800] "GET /instagram-houston/02-02-2023-0015486-A.jpg HTTP/1.1" 200 76762 "-" "facebookexternalhit/1.1 (+http://www.facebook.com/externalhit_uatext.php)" "www.metrocrimedaily.com"
40.77.167.212 - - [01/Feb/2023:22:49:44 -0800] "GET /instagram-chicago/12-20-2022-1102372-Lake-Zurich-man-identified-as-victim-in-fatal-hit.txt HTTP/1.1" 404 88 "-" "Mozilla/5.0 AppleWebKit/537.36 (KHTML, like Gecko; compatible; bingbot/2.0; +http://www.bing.com/bingbot.htm) Chrome/103.0.5060.134 Safari/537.36" "www.metrocrimedaily.com"
173.252.107.119 - - [01/Feb/2023:22:50:07 -0800] "GET /instagram-losangeles/02-02-2023-0049471-A.jpg HTTP/1.1" 200 136068 "-" "facebookexternalhit/1.1 (+http://www.facebook.com/externalhit_uatext.php)" "www.metrocrimedaily.com"
51.222.253.6 - - [01/Feb/2023:22:52:46 -0800] "GET /CRIME-WATCH-AMERICA/CRIME-WATCH-DETROIT/INSTAGRAM-AUTOMATION/instagram/archive/ HTTP/1.1" 200 1435 "-" "Mozilla/5.0 (compatible; AhrefsBot/7.0; +http://ahrefs.com/robot/)" "www.metrocrimedaily.com"
157.55.39.85 - - [01/Feb/2023:23:15:25 -0800] "GET /instagram-detroit/12-25-2022-1650231-1-dead-in-Detroit-after-Christmas-morning-shootin.txt HTTP/1.1" 404 88 "-" "Mozilla/5.0 AppleWebKit/537.36 (KHTML, like Gecko; compatible; bingbot/2.0; +http://www.bing.com/bingbot.htm) Chrome/103.0.5060.134 Safari/537.36" "www.metrocrimedaily.com"
114.119.141.67 - - [01/Feb/2023:23:16:32 -0800] "GET /instagram-houston/01-24-2023-1555232-Man-pleads-guilty-to-weapons-charge-in-Naperville.txt HTTP/1.1" 404 88 "https://metrocrimedaily.com/instagram-houston/" "Mozilla/5.0 (Linux; Android 7.0;) AppleWebKit/537.36 (KHTML, like Gecko) Mobile Safari/537.36 (compatible; PetalBot;+https://webmaster.petalsearch.com/site/petalbot)" "metrocrimedaily.com"
40.77.167.212 - - [01/Feb/2023:23:20:31 -0800] "GET /instagram-dallas/10-19-2022-1906295-Man-indicted-for-alleged-Dallas-hate-crime-shooti.txt HTTP/1.1" 404 88 "-" "Mozilla/5.0 AppleWebKit/537.36 (KHTML, like Gecko; compatible; bingbot/2.0; +http://www.bing.com/bingbot.htm) Chrome/103.0.5060.134 Safari/537.36" "www.metrocrimedaily.com"
40.77.167.212 - - [01/Feb/2023:23:21:10 -0800] "GET /index-miami.html HTTP/1.1" 200 6948 "-" "Mozilla/5.0 AppleWebKit/537.36 (KHTML, like Gecko; compatible; bingbot/2.0; +http://www.bing.com/bingbot.htm) Chrome/103.0.5060.134 Safari/537.36" "metrocrimedaily.com"
69.63.184.3 - - [01/Feb/2023:23:21:39 -0800] "GET /instagram-chicago/02-02-2023-0121171-A.jpg HTTP/1.1" 200 633826 "-" "facebookexternalhit/1.1 (+http://www.facebook.com/externalhit_uatext.php)" "www.metrocrimedaily.com"
157.55.39.24 - - [01/Feb/2023:23:28:39 -0800] "GET /www.fox26houston.com HTTP/1.1" 404 88 "-" "Mozilla/5.0 AppleWebKit/537.36 (KHTML, like Gecko; compatible; bingbot/2.0; +http://www.bing.com/bingbot.htm) Chrome/103.0.5060.134 Safari/537.36" "metrocrimedaily.com"
51.222.253.2 - - [01/Feb/2023:23:29:19 -0800] "GET /CRIME-WATCH-AMERICA/CRIME-WATCH-DETROIT/INSTAGRAM-AUTOMATION/instagram/archive/ HTTP/1.1" 200 1435 "-" "Mozilla/5.0 (compatible; AhrefsBot/7.0; +http://ahrefs.com/robot/)" "www.metrocrimedaily.com"
51.222.253.1 - - [01/Feb/2023:23:38:37 -0800] "GET /CRIME-WATCH-AMERICA/CRIME-WATCH-DETROIT/unix/?C=D;O=D HTTP/1.1" 200 389 "-" "Mozilla/5.0 (compatible; AhrefsBot/7.0; +http://ahrefs.com/robot/)" "metrocrimedaily.com"
51.222.253.5 - - [01/Feb/2023:23:39:38 -0800] "GET /CRIME-WATCH-AMERICA/CRIME-WATCH-DETROIT/unix/?C=M;O=D HTTP/1.1" 200 389 "-" "Mozilla/5.0 (compatible; AhrefsBot/7.0; +http://ahrefs.com/robot/)" "metrocrimedaily.com"
51.222.253.20 - - [01/Feb/2023:23:40:17 -0800] "GET /CRIME-WATCH-AMERICA/CRIME-WATCH-DETROIT/unix/?C=S;O=D HTTP/1.1" 200 389 "-" "Mozilla/5.0 (compatible; AhrefsBot/7.0; +http://ahrefs.com/robot/)" "metrocrimedaily.com"
69.63.184.4 - - [01/Feb/2023:23:40:18 -0800] "GET /instagram-dallas/02-02-2023-0139571-A.jpg HTTP/1.1" 200 181202 "-" "facebookexternalhit/1.1 (+http://www.facebook.com/externalhit_uatext.php)" "www.metrocrimedaily.com"
51.222.253.15 - - [01/Feb/2023:23:40:54 -0800] "GET /CRIME-WATCH-AMERICA/CRIME-WATCH-DETROIT/INSTAGRAM-AUTOMATION/?C=N;O=A HTTP/1.1" 200 1083 "-" "Mozilla/5.0 (compatible; AhrefsBot/7.0; +http://ahrefs.com/robot/)" "metrocrimedaily.com"
51.222.253.11 - - [01/Feb/2023:23:41:05 -0800] "GET /CRIME-WATCH-AMERICA/CRIME-WATCH-DETROIT/INSTAGRAM-AUTOMATION/?C=N;O=A HTTP/1.1" 200 1083 "-" "Mozilla/5.0 (compatible; AhrefsBot/7.0; +http://ahrefs.com/robot/)" "www.metrocrimedaily.com"
51.222.253.5 - - [01/Feb/2023:23:41:17 -0800] "GET /CRIME-WATCH-AMERICA/CRIME-WATCH-DETROIT/INSTAGRAM-AUTOMATION/?C=N;O=A HTTP/1.1" 200 1083 "-" "Mozilla/5.0 (compatible; AhrefsBot/7.0; +http://ahrefs.com/robot/)" "www.metrocrimedaily.com"
51.222.253.2 - - [01/Feb/2023:23:41:36 -0800] "GET /instagram-neworleans/?C=D;O=A HTTP/1.1" 200 1681 "-" "Mozilla/5.0 (compatible; AhrefsBot/7.0; +http://ahrefs.com/robot/)" "metrocrimedaily.com"
51.222.253.10 - - [01/Feb/2023:23:41:46 -0800] "GET /instagram-memphis/02-01-2023-1236031-Chrisley---s-daughter-describes----toughest-week-.txt HTTP/1.1" 200 1053 "-" "Mozilla/5.0 (compatible; AhrefsBot/7.0; +http://ahrefs.com/robot/)" "www.metrocrimedaily.com"
51.222.253.7 - - [01/Feb/2023:23:41:51 -0800] "GET /instagram-memphis/02-01-2023-1236032-Eagles-offensive-lineman-Josh-Sills-indicted-for-.txt HTTP/1.1" 200 775 "-" "Mozilla/5.0 (compatible; AhrefsBot/7.0; +http://ahrefs.com/robot/)" "www.metrocrimedaily.com"
51.222.253.14 - - [01/Feb/2023:23:41:54 -0800] "GET /instagram-memphis/02-01-2023-1236033-One-person-killed--three-injured-by-gunman-at-DC-.txt HTTP/1.1" 200 882 "-" "Mozilla/5.0 (compatible; AhrefsBot/7.0; +http://ahrefs.com/robot/)" "www.metrocrimedaily.com"
51.222.253.7 - - [01/Feb/2023:23:41:55 -0800] "GET /instagram-memphis/02-01-2023-1416381-Man-sentenced-to-120-years-for----demonic----murd.txt HTTP/1.1" 200 1096 "-" "Mozilla/5.0 (compatible; AhrefsBot/7.0; +http://ahrefs.com/robot/)" "www.metrocrimedaily.com"
51.222.253.17 - - [01/Feb/2023:23:41:57 -0800] "GET /instagram-memphis/02-01-2023-1526011-WATCH--Family-attorney-Ben-Crump-demands-justice-.txt HTTP/1.1" 200 53 "-" "Mozilla/5.0 (compatible; AhrefsBot/7.0; +http://ahrefs.com/robot/)" "www.metrocrimedaily.com"
51.222.253.8 - - [01/Feb/2023:23:41:58 -0800] "GET /instagram-memphis/02-01-2023-1637351----Dances-With-Wolves----actor-Nathan-Chasing-Hor.txt HTTP/1.1" 200 1080 "-" "Mozilla/5.0 (compatible; AhrefsBot/7.0; +http://ahrefs.com/robot/)" "www.metrocrimedaily.com"
51.222.253.4 - - [01/Feb/2023:23:41:58 -0800] "GET /instagram-memphis/02-01-2023-1749061-Oregon-torture--kidnap-suspect-killed-2-men-befor.txt HTTP/1.1" 200 1102 "-" "Mozilla/5.0 (compatible; AhrefsBot/7.0; +http://ahrefs.com/robot/)" "www.metrocrimedaily.com"
51.222.253.7 - - [01/Feb/2023:23:41:59 -0800] "GET /instagram-memphis/02-01-2023-1832141-Former-celebrity-lawyer-Tom-Girardi-accused-of-em.txt HTTP/1.1" 200 1036 "-" "Mozilla/5.0 (compatible; AhrefsBot/7.0; +http://ahrefs.com/robot/)" "www.metrocrimedaily.com"
51.222.253.6 - - [01/Feb/2023:23:41:59 -0800] "GET /instagram-memphis/02-01-2023-1915281-New-Jersey-Devils-assistant-Andrew-Brunette-arres.txt HTTP/1.1" 200 958 "-" "Mozilla/5.0 (compatible; AhrefsBot/7.0; +http://ahrefs.com/robot/)" "www.metrocrimedaily.com"
51.222.253.13 - - [01/Feb/2023:23:42:00 -0800] "GET /instagram-memphis/02-01-2023-2029071----He-was-just-opening-presents-with-his-son-----.txt HTTP/1.1" 200 1083 "-" "Mozilla/5.0 (compatible; AhrefsBot/7.0; +http://ahrefs.com/robot/)" "www.metrocrimedaily.com"
51.222.253.16 - - [01/Feb/2023:23:42:00 -0800] "GET /instagram-memphis/02-01-2023-2138161-Worker-at-New-Jersey-gas-station-injured-while-tr.txt HTTP/1.1" 200 859 "-" "Mozilla/5.0 (compatible; AhrefsBot/7.0; +http://ahrefs.com/robot/)" "www.metrocrimedaily.com"
51.222.253.10 - - [01/Feb/2023:23:42:01 -0800] "GET /instagram-losangeles/?C=M;O=A HTTP/1.1" 200 1837 "-" "Mozilla/5.0 (compatible; AhrefsBot/7.0; +http://ahrefs.com/robot/)" "metrocrimedaily.com"
51.222.253.14 - - [01/Feb/2023:23:42:01 -0800] "GET /instagram-neworleans/02-01-2023-1254331-Former-ABC-journalist-charged-in-child-porn-case-.txt HTTP/1.1" 200 830 "-" "Mozilla/5.0 (compatible; AhrefsBot/7.0; +http://ahrefs.com/robot/)" "metrocrimedaily.com"
51.222.253.14 - - [01/Feb/2023:23:42:02 -0800] "GET /instagram-neworleans/02-01-2023-1409301-Woman-wanted--accused-of-early-morning-attack-and.txt HTTP/1.1" 200 588 "-" "Mozilla/5.0 (compatible; AhrefsBot/7.0; +http://ahrefs.com/robot/)" "metrocrimedaily.com"
51.222.253.6 - - [01/Feb/2023:23:42:02 -0800] "GET /instagram-neworleans/02-01-2023-1409302-Suspects-in-custody-after-chase-on-Huey-P.-Long-b.txt HTTP/1.1" 200 193 "-" "Mozilla/5.0 (compatible; AhrefsBot/7.0; +http://ahrefs.com/robot/)" "metrocrimedaily.com"
51.222.253.16 - - [01/Feb/2023:23:42:03 -0800] "GET /instagram-neworleans/02-01-2023-1630221-Man-wanted-on-assault-charges-after-Bywater-car-a.txt HTTP/1.1" 200 653 "-" "Mozilla/5.0 (compatible; AhrefsBot/7.0; +http://ahrefs.com/robot/)" "metrocrimedaily.com"
51.222.253.4 - - [01/Feb/2023:23:42:03 -0800] "GET /instagram-neworleans/02-01-2023-1820492-Monroe-man-arrested-for-allegedly-falsely-reporti.txt HTTP/1.1" 200 623 "-" "Mozilla/5.0 (compatible; AhrefsBot/7.0; +http://ahrefs.com/robot/)" "metrocrimedaily.com"
51.222.253.20 - - [01/Feb/2023:23:42:04 -0800] "GET /instagram-neworleans/02-01-2023-1820493-Police-chase-on-Huey-P.-Long-Bridge-ends-in-crash.txt HTTP/1.1" 200 186 "-" "Mozilla/5.0 (compatible; AhrefsBot/7.0; +http://ahrefs.com/robot/)" "metrocrimedaily.com"
51.222.253.6 - - [01/Feb/2023:23:42:04 -0800] "GET /instagram-neworleans/02-01-2023-1902181-Motorcyclist-fatally-struck-in-Metairie-crash--JP.txt HTTP/1.1" 200 518 "-" "Mozilla/5.0 (compatible; AhrefsBot/7.0; +http://ahrefs.com/robot/)" "metrocrimedaily.com"
51.222.253.5 - - [01/Feb/2023:23:42:05 -0800] "GET /instagram-neworleans/02-01-2023-1902182-Live-at-6-30--Wounded-City---a-discussion-on-New-.txt HTTP/1.1" 200 368 "-" "Mozilla/5.0 (compatible; AhrefsBot/7.0; +http://ahrefs.com/robot/)" "metrocrimedaily.com"
51.222.253.20 - - [01/Feb/2023:23:42:05 -0800] "GET /instagram-neworleans/02-01-2023-2126171-State-Farm-declares-105-Kia-and-Hyundai-models---.txt HTTP/1.1" 200 972 "-" "Mozilla/5.0 (compatible; AhrefsBot/7.0; +http://ahrefs.com/robot/)" "metrocrimedaily.com"
51.222.253.16 - - [01/Feb/2023:23:42:06 -0800] "GET /instagram-neworleans/02-01-2023-2203391-Mourners-call-Australian-Cardinal-Pell-victim-of-.txt HTTP/1.1" 200 1139 "-" "Mozilla/5.0 (compatible; AhrefsBot/7.0; +http://ahrefs.com/robot/)" "metrocrimedaily.com"
51.222.253.1 - - [01/Feb/2023:23:42:06 -0800] "GET /instagram-neworleans/?C=N;O=A HTTP/1.1" 200 1681 "-" "Mozilla/5.0 (compatible; AhrefsBot/7.0; +http://ahrefs.com/robot/)" "metrocrimedaily.com"
51.222.253.12 - - [01/Feb/2023:23:42:07 -0800] "GET /instagram-losangeles/02-01-2023-1221361-Oregon-man-wanted-for-kidnap--torture-dies-of-sel.txt HTTP/1.1" 200 987 "-" "Mozilla/5.0 (compatible; AhrefsBot/7.0; +http://ahrefs.com/robot/)" "metrocrimedaily.com"
51.222.253.6 - - [01/Feb/2023:23:42:07 -0800] "GET /instagram-losangeles/02-01-2023-1337291-20-attorneys-general-warn-Walgreens--CVS-over-abo.txt HTTP/1.1" 200 1101 "-" "Mozilla/5.0 (compatible; AhrefsBot/7.0; +http://ahrefs.com/robot/)" "metrocrimedaily.com"
51.222.253.10 - - [01/Feb/2023:23:42:08 -0800] "GET /instagram-losangeles/02-01-2023-1444191-Man-fatally-stabbed-outside-Westlake-Metro-statio.txt HTTP/1.1" 200 433 "-" "Mozilla/5.0 (compatible; AhrefsBot/7.0; +http://ahrefs.com/robot/)" "metrocrimedaily.com"
51.222.253.5 - - [01/Feb/2023:23:42:08 -0800] "GET /instagram-losangeles/02-01-2023-1444192-Former-ABC-journalist-charged-in-child-porn-case-.txt HTTP/1.1" 200 772 "-" "Mozilla/5.0 (compatible; AhrefsBot/7.0; +http://ahrefs.com/robot/)" "metrocrimedaily.com"
51.222.253.14 - - [01/Feb/2023:23:42:09 -0800] "GET /instagram-losangeles/02-01-2023-1629451-Tom-Girardi--disbarred-LA-attorney-and-ex--Housew.txt HTTP/1.1" 200 1122 "-" "Mozilla/5.0 (compatible; AhrefsBot/7.0; +http://ahrefs.com/robot/)" "metrocrimedaily.com"
51.222.253.10 - - [01/Feb/2023:23:42:09 -0800] "GET /instagram-losangeles/02-01-2023-1731542-Darnell-Calhoun--Family-of-slain-Riverside-County.txt HTTP/1.1" 200 1071 "-" "Mozilla/5.0 (compatible; AhrefsBot/7.0; +http://ahrefs.com/robot/)" "metrocrimedaily.com"
51.222.253.10 - - [01/Feb/2023:23:42:10 -0800] "GET /instagram-losangeles/02-01-2023-1849371-California-anti-human-trafficking-operation-nets-.txt HTTP/1.1" 200 924 "-" "Mozilla/5.0 (compatible; AhrefsBot/7.0; +http://ahrefs.com/robot/)" "metrocrimedaily.com"
51.222.253.15 - - [01/Feb/2023:23:42:10 -0800] "GET /instagram-losangeles/02-01-2023-1849373-Police--Oregon-kidnap-suspect-killed-2-men-before.txt HTTP/1.1" 200 1120 "-" "Mozilla/5.0 (compatible; AhrefsBot/7.0; +http://ahrefs.com/robot/)" "metrocrimedaily.com"
51.222.253.4 - - [01/Feb/2023:23:42:11 -0800] "GET /instagram-losangeles/02-01-2023-2024131-Several----high-powered----weapons-seized-followi.txt HTTP/1.1" 200 589 "-" "Mozilla/5.0 (compatible; AhrefsBot/7.0; +http://ahrefs.com/robot/)" "metrocrimedaily.com"
51.222.253.13 - - [01/Feb/2023:23:42:11 -0800] "GET /instagram-losangeles/02-01-2023-2142111-Cyclist-dies-after-being-hit-by-car--then-assault.txt HTTP/1.1" 200 786 "-" "Mozilla/5.0 (compatible; AhrefsBot/7.0; +http://ahrefs.com/robot/)" "metrocrimedaily.com"
51.222.253.15 - - [01/Feb/2023:23:42:12 -0800] "GET /instagram-losangeles/02-01-2023-2142113-Puppy-Stolen--Punches-Thrown-in-Bell-Gardens-Atta.txt HTTP/1.1" 200 653 "-" "Mozilla/5.0 (compatible; AhrefsBot/7.0; +http://ahrefs.com/robot/)" "metrocrimedaily.com"
51.222.253.19 - - [01/Feb/2023:23:42:12 -0800] "GET /instagram-neworleans/?C=M;O=D HTTP/1.1" 200 1676 "-" "Mozilla/5.0 (compatible; AhrefsBot/7.0; +http://ahrefs.com/robot/)" "metrocrimedaily.com"
51.222.253.12 - - [01/Feb/2023:23:42:13 -0800] "GET /CRIME-WATCH-AMERICA/CRIME-WATCH-DETROIT/INSTAGRAM-AUTOMATION/?C=D;O=D HTTP/1.1" 200 1070 "-" "Mozilla/5.0 (compatible; AhrefsBot/7.0; +http://ahrefs.com/robot/)" "metrocrimedaily.com"
51.222.253.20 - - [01/Feb/2023:23:42:13 -0800] "GET /CRIME-WATCH-AMERICA/CRIME-WATCH-DETROIT/INSTAGRAM-AUTOMATION/?C=S;O=D HTTP/1.1" 200 1084 "-" "Mozilla/5.0 (compatible; AhrefsBot/7.0; +http://ahrefs.com/robot/)" "metrocrimedaily.com"
51.222.253.15 - - [01/Feb/2023:23:42:14 -0800] "GET /CRIME-WATCH-AMERICA/CRIME-WATCH-DETROIT/INSTAGRAM-AUTOMATION/?C=D;O=D HTTP/1.1" 200 1070 "-" "Mozilla/5.0 (compatible; AhrefsBot/7.0; +http://ahrefs.com/robot/)" "www.metrocrimedaily.com"
51.222.253.15 - - [01/Feb/2023:23:42:14 -0800] "GET /CRIME-WATCH-AMERICA/CRIME-WATCH-DETROIT/INSTAGRAM-AUTOMATION/?C=D;O=D HTTP/1.1" 200 1070 "-" "Mozilla/5.0 (compatible; AhrefsBot/7.0; +http://ahrefs.com/robot/)" "www.metrocrimedaily.com"
51.222.253.5 - - [01/Feb/2023:23:42:15 -0800] "GET /CRIME-WATCH-AMERICA/CRIME-WATCH-DETROIT/INSTAGRAM-AUTOMATION/?C=M;O=D HTTP/1.1" 200 1072 "-" "Mozilla/5.0 (compatible; AhrefsBot/7.0; +http://ahrefs.com/robot/)" "www.metrocrimedaily.com"
51.222.253.19 - - [01/Feb/2023:23:42:15 -0800] "GET /CRIME-WATCH-AMERICA/CRIME-WATCH-DETROIT/INSTAGRAM-AUTOMATION/?C=S;O=D HTTP/1.1" 200 1084 "-" "Mozilla/5.0 (compatible; AhrefsBot/7.0; +http://ahrefs.com/robot/)" "www.metrocrimedaily.com"
51.222.253.8 - - [01/Feb/2023:23:42:16 -0800] "GET /CRIME-WATCH-AMERICA/CRIME-WATCH-DETROIT/INSTAGRAM-AUTOMATION/?C=S;O=D HTTP/1.1" 200 1084 "-" "Mozilla/5.0 (compatible; AhrefsBot/7.0; +http://ahrefs.com/robot/)" "www.metrocrimedaily.com"
51.222.253.2 - - [01/Feb/2023:23:42:16 -0800] "GET /instagram-losangeles/?C=S;O=D HTTP/1.1" 200 1851 "-" "Mozilla/5.0 (compatible; AhrefsBot/7.0; +http://ahrefs.com/robot/)" "metrocrimedaily.com"
51.222.253.9 - - [01/Feb/2023:23:42:17 -0800] "GET /instagram-losangeles/01-31-2023-0801451-1-killed--2-injured-in-El-Sereno-shooting-.txt HTTP/1.1" 404 88 "-" "Mozilla/5.0 (compatible; AhrefsBot/7.0; +http://ahrefs.com/robot/)" "www.metrocrimedaily.com"
51.222.253.13 - - [01/Feb/2023:23:42:17 -0800] "GET /instagram-losangeles/01-31-2023-0918321-Artist-Honors-Victims-of-Monterey-Park-Mass-Shoot.txt HTTP/1.1" 404 88 "-" "Mozilla/5.0 (compatible; AhrefsBot/7.0; +http://ahrefs.com/robot/)" "www.metrocrimedaily.com"
51.222.253.7 - - [01/Feb/2023:23:42:18 -0800] "GET /instagram-losangeles/01-31-2023-1750512-Culver-City-attempted-rape--Woman-sexually-assaul.txt HTTP/1.1" 404 88 "-" "Mozilla/5.0 (compatible; AhrefsBot/7.0; +http://ahrefs.com/robot/)" "www.metrocrimedaily.com"
51.222.253.5 - - [01/Feb/2023:23:42:18 -0800] "GET /instagram-dallas/01-30-2023-0500211-At-Least-27-Dead-After-Suicide-Bombing-at-Mosque-.txt HTTP/1.1" 404 88 "-" "Mozilla/5.0 (compatible; AhrefsBot/7.0; +http://ahrefs.com/robot/)" "www.metrocrimedaily.com"
51.222.253.13 - - [01/Feb/2023:23:42:19 -0800] "GET /instagram-dallas/01-30-2023-1142001-Major-insurers-plan-to-drop-two-car-models--cover.txt HTTP/1.1" 404 88 "-" "Mozilla/5.0 (compatible; AhrefsBot/7.0; +http://ahrefs.com/robot/)" "www.metrocrimedaily.com"
51.222.253.13 - - [01/Feb/2023:23:42:19 -0800] "GET /instagram-dallas/01-30-2023-1142002-Will-arrest-hurt-Stetson-Bennett-s-NFL-Draft-stat.txt HTTP/1.1" 404 88 "-" "Mozilla/5.0 (compatible; AhrefsBot/7.0; +http://ahrefs.com/robot/)" "www.metrocrimedaily.com"
51.222.253.20 - - [01/Feb/2023:23:42:20 -0800] "GET /instagram-dallas/post-later/01-24-2023-1225362-Man-sentenced-to-life-in-prison-for-severely-inju.txt HTTP/1.1" 404 88 "-" "Mozilla/5.0 (compatible; AhrefsBot/7.0; +http://ahrefs.com/robot/)" "www.metrocrimedaily.com"
51.222.253.4 - - [01/Feb/2023:23:42:20 -0800] "GET /instagram-dallas/post-later/01-24-2023-1306411-Florida-man-tied-to-multiple-North-Texas-bank-rob.txt HTTP/1.1" 404 88 "-" "Mozilla/5.0 (compatible; AhrefsBot/7.0; +http://ahrefs.com/robot/)" "www.metrocrimedaily.com"
51.222.253.11 - - [01/Feb/2023:23:42:21 -0800] "GET /instagram-dallas/post-later/01-26-2023-0004462-Shootout-ensues-while-Dallas-police-officers-were.txt HTTP/1.1" 404 88 "-" "Mozilla/5.0 (compatible; AhrefsBot/7.0; +http://ahrefs.com/robot/)" "www.metrocrimedaily.com"
51.222.253.8 - - [01/Feb/2023:23:42:21 -0800] "GET /instagram-dallas/post-later/01-26-2023-1144472-Alex-Murdaugh-s-murder-trial-begins-with-cellphon.txt HTTP/1.1" 404 88 "-" "Mozilla/5.0 (compatible; AhrefsBot/7.0; +http://ahrefs.com/robot/)" "www.metrocrimedaily.com"
51.222.253.9 - - [01/Feb/2023:23:44:29 -0800] "GET / HTTP/1.1" 200 10420 "-" "Mozilla/5.0 (compatible; AhrefsBot/7.0; +http://ahrefs.com/robot/)" "metrocrimedaily.com"
51.222.253.17 - - [01/Feb/2023:23:50:03 -0800] "GET /robots.txt HTTP/1.1" 404 88 "-" "Mozilla/5.0 (compatible; AhrefsBot/7.0; +http://ahrefs.com/robot/)" "metrocrimedaily.com"
51.222.253.1 - - [01/Feb/2023:23:50:04 -0800] "GET /instagram-neworleans/post-later/?C=N;O=A HTTP/1.1" 200 331 "-" "Mozilla/5.0 (compatible; AhrefsBot/7.0; +http://ahrefs.com/robot/)" "metrocrimedaily.com"
51.222.253.4 - - [01/Feb/2023:23:55:03 -0800] "GET /instagram-neworleans/videos/?C=N;O=A HTTP/1.1" 200 330 "-" "Mozilla/5.0 (compatible; AhrefsBot/7.0; +http://ahrefs.com/robot/)" "metrocrimedaily.com"
157.55.39.18 - - [01/Feb/2023:23:56:57 -0800] "GET /instagram-atlanta/12-22-2022-1800075-22-year-old-man-killed-in-Bethlehem-house-fire-da.txt HTTP/1.1" 404 88 "-" "Mozilla/5.0 AppleWebKit/537.36 (KHTML, like Gecko; compatible; bingbot/2.0; +http://www.bing.com/bingbot.htm) Chrome/103.0.5060.134 Safari/537.36" "www.metrocrimedaily.com"
52.167.144.32 - - [01/Feb/2023:23:57:11 -0800] "GET /instagram-chicago/12-27-2022-1548103-Arrests-made-after-Lisle-house-burglarized-.txt HTTP/1.1" 404 88 "-" "Mozilla/5.0 AppleWebKit/537.36 (KHTML, like Gecko; compatible; bingbot/2.0; +http://www.bing.com/bingbot.htm) Chrome/103.0.5060.134 Safari/537.36" "www.metrocrimedaily.com"
51.222.253.15 - - [01/Feb/2023:23:59:55 -0800] "GET /instagram-losangeles/videos/?C=N;O=A HTTP/1.1" 200 427 "-" "Mozilla/5.0 (compatible; AhrefsBot/7.0; +http://ahrefs.com/robot/)" "metrocrimedaily.com"
40.77.167.212 - - [02/Feb/2023:00:00:21 -0800] "GET /index-miami.html HTTP/1.1" 200 6948 "-" "Mozilla/5.0 AppleWebKit/537.36 (KHTML, like Gecko; compatible; bingbot/2.0; +http://www.bing.com/bingbot.htm) Chrome/103.0.5060.134 Safari/537.36" "metrocrimedaily.com"
114.119.135.206 - - [02/Feb/2023:00:02:40 -0800] "GET /CRIME-WATCH-AMERICA/CRIME-WATCH-DALLAS/INSTAGRAM-AUTOMATION/unencoded-text-file.txt HTTP/1.1" 200 295 "https://metrocrimedaily.com/CRIME-WATCH-AMERICA/CRIME-WATCH-DALLAS/INSTAGRAM-AUTOMATION/" "Mozilla/5.0 (Linux; Android 7.0;) AppleWebKit/537.36 (KHTML, like Gecko) Mobile Safari/537.36 (compatible; PetalBot;+https://webmaster.petalsearch.com/site/petalbot)" "metrocrimedaily.com"
51.222.253.18 - - [02/Feb/2023:00:10:40 -0800] "GET /instagram-losangeles/post-later/?C=N;O=A HTTP/1.1" 200 542 "-" "Mozilla/5.0 (compatible; AhrefsBot/7.0; +http://ahrefs.com/robot/)" "metrocrimedaily.com"
173.252.107.11 - - [02/Feb/2023:00:12:20 -0800] "GET /instagram-losangeles/02-02-2023-0211591-A.jpg HTTP/1.1" 200 172165 "-" "facebookexternalhit/1.1 (+http://www.facebook.com/externalhit_uatext.php)" "www.metrocrimedaily.com"
185.114.245.110 - - [02/Feb/2023:00:14:06 -0800] "GET /wp-login.php HTTP/1.1" 404 88 "" "Mozilla/5.0 (Windows NT 10.0; Win64; x64; rv:108.0) Gecko/20100101 Firefox/108.0" "metrocrimedaily.com"
173.252.107.1 - - [02/Feb/2023:00:15:19 -0800] "GET /instagram-neworleans/02-02-2023-0214581-A.jpg HTTP/1.1" 200 501847 "-" "facebookexternalhit/1.1 (+http://www.facebook.com/externalhit_uatext.php)" "www.metrocrimedaily.com"
51.222.253.1 - - [02/Feb/2023:00:22:11 -0800] "GET /CRIME-WATCH-AMERICA/CRIME-WATCH-DETROIT/INSTAGRAM-AUTOMATION/instagram/?C=N;O=A HTTP/1.1" 200 405 "-" "Mozilla/5.0 (compatible; AhrefsBot/7.0; +http://ahrefs.com/robot/)" "metrocrimedaily.com"
51.222.253.6 - - [02/Feb/2023:00:27:44 -0800] "GET /instagram-neworleans/post-later/?C=D;O=D HTTP/1.1" 200 329 "-" "Mozilla/5.0 (compatible; AhrefsBot/7.0; +http://ahrefs.com/robot/)" "metrocrimedaily.com"
157.55.39.85 - - [02/Feb/2023:00:28:43 -0800] "GET /instagram-chicago/11-19-2022-1127062-Indiana-man-charged-in-Capitol-riots-allowed-to-g.txt HTTP/1.1" 404 88 "-" "Mozilla/5.0 AppleWebKit/537.36 (KHTML, like Gecko; compatible; bingbot/2.0; +http://www.bing.com/bingbot.htm) Chrome/103.0.5060.134 Safari/537.36" "metrocrimedaily.com"
51.222.253.11 - - [02/Feb/2023:00:38:44 -0800] "GET /instagram-neworleans/post-later/?C=M;O=D HTTP/1.1" 200 329 "-" "Mozilla/5.0 (compatible; AhrefsBot/7.0; +http://ahrefs.com/robot/)" "metrocrimedaily.com"
69.63.184.3 - - [02/Feb/2023:00:41:53 -0800] "GET /instagram-atlanta/02-02-2023-0241301-A.jpg HTTP/1.1" 200 101595 "-" "facebookexternalhit/1.1 (+http://www.facebook.com/externalhit_uatext.php)" "www.metrocrimedaily.com"
69.63.184.118 - - [02/Feb/2023:00:45:50 -0800] "GET /instagram-dallas/02-02-2023-0245281-A.jpg HTTP/1.1" 200 264781 "-" "facebookexternalhit/1.1 (+http://www.facebook.com/externalhit_uatext.php)" "www.metrocrimedaily.com"
66.249.70.132 - - [02/Feb/2023:00:50:18 -0800] "GET /www.deadlinedetroit.com HTTP/1.1" 404 88 "-" "Mozilla/5.0 (Linux; Android 6.0.1; Nexus 5X Build/MMB29P) AppleWebKit/537.36 (KHTML, like Gecko) Chrome/109.0.5414.101 Mobile Safari/537.36 (compatible; Googlebot/2.1; +http://www.google.com/bot.html)" "metrocrimedaily.com"
51.222.253.7 - - [02/Feb/2023:00:56:29 -0800] "GET /instagram-neworleans/post-later/?C=S;O=D HTTP/1.1" 200 329 "-" "Mozilla/5.0 (compatible; AhrefsBot/7.0; +http://ahrefs.com/robot/)" "metrocrimedaily.com"
157.55.39.85 - - [02/Feb/2023:00:59:06 -0800] "GET /instagram-atlanta/12-18-2022-2238513-Former-Bibb-teacher-appears-in-court--requests-he.txt HTTP/1.1" 404 88 "-" "Mozilla/5.0 AppleWebKit/537.36 (KHTML, like Gecko; compatible; bingbot/2.0; +http://www.bing.com/bingbot.htm) Chrome/103.0.5060.134 Safari/537.36" "www.metrocrimedaily.com"
51.222.253.11 - - [02/Feb/2023:01:01:05 -0800] "GET /instagram-neworleans/videos/?C=D;O=D HTTP/1.1" 200 328 "-" "Mozilla/5.0 (compatible; AhrefsBot/7.0; +http://ahrefs.com/robot/)" "metrocrimedaily.com"
51.222.253.5 - - [02/Feb/2023:01:01:53 -0800] "GET /instagram-neworleans/videos/?C=M;O=D HTTP/1.1" 200 328 "-" "Mozilla/5.0 (compatible; AhrefsBot/7.0; +http://ahrefs.com/robot/)" "metrocrimedaily.com"
51.222.253.6 - - [02/Feb/2023:01:02:15 -0800] "GET /instagram-neworleans/videos/?C=S;O=D HTTP/1.1" 200 328 "-" "Mozilla/5.0 (compatible; AhrefsBot/7.0; +http://ahrefs.com/robot/)" "metrocrimedaily.com"
51.222.253.15 - - [02/Feb/2023:01:02:28 -0800] "GET /instagram-losangeles/videos/?C=D;O=D HTTP/1.1" 200 425 "-" "Mozilla/5.0 (compatible; AhrefsBot/7.0; +http://ahrefs.com/robot/)" "metrocrimedaily.com"
51.222.253.3 - - [02/Feb/2023:01:03:17 -0800] "GET /instagram-losangeles/videos/?C=M;O=D HTTP/1.1" 200 425 "-" "Mozilla/5.0 (compatible; AhrefsBot/7.0; +http://ahrefs.com/robot/)" "metrocrimedaily.com"
51.222.253.8 - - [02/Feb/2023:01:03:38 -0800] "GET /instagram-losangeles/videos/?C=S;O=D HTTP/1.1" 200 425 "-" "Mozilla/5.0 (compatible; AhrefsBot/7.0; +http://ahrefs.com/robot/)" "metrocrimedaily.com"
51.222.253.14 - - [02/Feb/2023:01:04:06 -0800] "GET /instagram-losangeles/post-later/?C=D;O=D HTTP/1.1" 200 541 "-" "Mozilla/5.0 (compatible; AhrefsBot/7.0; +http://ahrefs.com/robot/)" "metrocrimedaily.com"
51.222.253.19 - - [02/Feb/2023:01:04:43 -0800] "GET /instagram-losangeles/post-later/?C=M;O=D HTTP/1.1" 200 539 "-" "Mozilla/5.0 (compatible; AhrefsBot/7.0; +http://ahrefs.com/robot/)" "metrocrimedaily.com"
51.222.253.2 - - [02/Feb/2023:01:04:51 -0800] "GET /instagram-losangeles/post-later/?C=S;O=D HTTP/1.1" 200 537 "-" "Mozilla/5.0 (compatible; AhrefsBot/7.0; +http://ahrefs.com/robot/)" "metrocrimedaily.com"
51.222.253.20 - - [02/Feb/2023:01:04:57 -0800] "GET /CRIME-WATCH-AMERICA/CRIME-WATCH-DETROIT/INSTAGRAM-AUTOMATION/instagram/?C=D;O=D HTTP/1.1" 200 403 "-" "Mozilla/5.0 (compatible; AhrefsBot/7.0; +http://ahrefs.com/robot/)" "metrocrimedaily.com"
51.222.253.3 - - [02/Feb/2023:01:05:07 -0800] "GET /CRIME-WATCH-AMERICA/CRIME-WATCH-DETROIT/INSTAGRAM-AUTOMATION/instagram/?C=M;O=D HTTP/1.1" 200 403 "-" "Mozilla/5.0 (compatible; AhrefsBot/7.0; +http://ahrefs.com/robot/)" "metrocrimedaily.com"
51.222.253.1 - - [02/Feb/2023:01:05:13 -0800] "GET /CRIME-WATCH-AMERICA/CRIME-WATCH-DETROIT/INSTAGRAM-AUTOMATION/instagram/?C=S;O=D HTTP/1.1" 200 403 "-" "Mozilla/5.0 (compatible; AhrefsBot/7.0; +http://ahrefs.com/robot/)" "metrocrimedaily.com"
51.222.253.4 - - [02/Feb/2023:01:05:15 -0800] "GET /CRIME-WATCH-AMERICA/CRIME-WATCH-DETROIT/INSTAGRAM-AUTOMATION/instagram/?C=D;O=D HTTP/1.1" 200 403 "-" "Mozilla/5.0 (compatible; AhrefsBot/7.0; +http://ahrefs.com/robot/)" "www.metrocrimedaily.com"
51.222.253.9 - - [02/Feb/2023:01:05:18 -0800] "GET /CRIME-WATCH-AMERICA/CRIME-WATCH-DETROIT/INSTAGRAM-AUTOMATION/instagram/?C=D;O=D HTTP/1.1" 200 403 "-" "Mozilla/5.0 (compatible; AhrefsBot/7.0; +http://ahrefs.com/robot/)" "www.metrocrimedaily.com"
51.222.253.20 - - [02/Feb/2023:01:05:21 -0800] "GET /CRIME-WATCH-AMERICA/CRIME-WATCH-DETROIT/INSTAGRAM-AUTOMATION/instagram/?C=N;O=A HTTP/1.1" 200 405 "-" "Mozilla/5.0 (compatible; AhrefsBot/7.0; +http://ahrefs.com/robot/)" "www.metrocrimedaily.com"
51.222.253.11 - - [02/Feb/2023:01:05:24 -0800] "GET /CRIME-WATCH-AMERICA/CRIME-WATCH-DETROIT/INSTAGRAM-AUTOMATION/instagram/?C=N;O=A HTTP/1.1" 200 405 "-" "Mozilla/5.0 (compatible; AhrefsBot/7.0; +http://ahrefs.com/robot/)" "www.metrocrimedaily.com"
51.222.253.10 - - [02/Feb/2023:01:05:27 -0800] "GET /CRIME-WATCH-AMERICA/CRIME-WATCH-DETROIT/INSTAGRAM-AUTOMATION/instagram/archive/09-18-2022-1231391-Speaker-Pelosi-Strongly-Condemns-%C3%8E%C2%93%C3%83%C2%87%C3%83%C2%BFIllegal-and-D.txt HTTP/1.1" 200 20 "-" "Mozilla/5.0 (compatible; AhrefsBot/7.0; +http://ahrefs.com/robot/)" "metrocrimedaily.com"
51.222.253.19 - - [02/Feb/2023:01:05:29 -0800] "GET /CRIME-WATCH-AMERICA/CRIME-WATCH-DETROIT/INSTAGRAM-AUTOMATION/instagram/archive/09-18-2022-1231392-Pedestrian-dies-after-crash-with-SUV--Dallas-poli.txt HTTP/1.1" 200 472 "-" "Mozilla/5.0 (compatible; AhrefsBot/7.0; +http://ahrefs.com/robot/)" "metrocrimedaily.com"
51.222.253.12 - - [02/Feb/2023:01:05:32 -0800] "GET /CRIME-WATCH-AMERICA/CRIME-WATCH-DETROIT/INSTAGRAM-AUTOMATION/instagram/archive/09-18-2022-1401231-Two-men-killed--two-arrested-in-Haltom-City-shoot.txt HTTP/1.1" 200 698 "-" "Mozilla/5.0 (compatible; AhrefsBot/7.0; +http://ahrefs.com/robot/)" "metrocrimedaily.com"
51.222.253.18 - - [02/Feb/2023:01:05:35 -0800] "GET /CRIME-WATCH-AMERICA/CRIME-WATCH-DETROIT/INSTAGRAM-AUTOMATION/instagram/archive/09-18-2022-1401232-Man-Killed-After-Struggle-With-San-Antonio-Office.txt HTTP/1.1" 200 681 "-" "Mozilla/5.0 (compatible; AhrefsBot/7.0; +http://ahrefs.com/robot/)" "metrocrimedaily.com"
51.222.253.4 - - [02/Feb/2023:01:05:38 -0800] "GET /CRIME-WATCH-AMERICA/CRIME-WATCH-DETROIT/INSTAGRAM-AUTOMATION/instagram/archive/09-19-2022-0236271-3-people-shot--1-dead-in-northwest-Atlanta--APD-s.txt HTTP/1.1" 200 533 "-" "Mozilla/5.0 (compatible; AhrefsBot/7.0; +http://ahrefs.com/robot/)" "metrocrimedaily.com"
51.222.253.13 - - [02/Feb/2023:01:05:40 -0800] "GET /CRIME-WATCH-AMERICA/CRIME-WATCH-DETROIT/INSTAGRAM-AUTOMATION/instagram/archive/09-19-2022-0708371-Lawyer-for-Ludacris'-manager-responds-to-murder-c.txt HTTP/1.1" 200 1268 "-" "Mozilla/5.0 (compatible; AhrefsBot/7.0; +http://ahrefs.com/robot/)" "metrocrimedaily.com"
51.222.253.12 - - [02/Feb/2023:01:05:41 -0800] "GET /CRIME-WATCH-AMERICA/CRIME-WATCH-DETROIT/INSTAGRAM-AUTOMATION/instagram/archive/09-19-2022-1039181-Woman-walking-on-northwest-Atlanta-street-killed-.txt HTTP/1.1" 200 371 "-" "Mozilla/5.0 (compatible; AhrefsBot/7.0; +http://ahrefs.com/robot/)" "metrocrimedaily.com"
51.222.253.3 - - [02/Feb/2023:01:05:47 -0800] "GET /CRIME-WATCH-AMERICA/CRIME-WATCH-DETROIT/INSTAGRAM-AUTOMATION/instagram/archive/09-20-2022-0305491-Two-men-shot-inside-DeKalb-County-intersection--p.txt HTTP/1.1" 200 756 "-" "Mozilla/5.0 (compatible; AhrefsBot/7.0; +http://ahrefs.com/robot/)" "metrocrimedaily.com"
51.222.253.5 - - [02/Feb/2023:01:05:48 -0800] "GET /CRIME-WATCH-AMERICA/CRIME-WATCH-DETROIT/INSTAGRAM-AUTOMATION/instagram/archive/09-26-2022-1517491-Police-looking-for-man-for-questioning-in-murder-.txt HTTP/1.1" 200 487 "-" "Mozilla/5.0 (compatible; AhrefsBot/7.0; +http://ahrefs.com/robot/)" "metrocrimedaily.com"
51.222.253.1 - - [02/Feb/2023:01:05:49 -0800] "GET /CRIME-WATCH-AMERICA/CRIME-WATCH-DETROIT/INSTAGRAM-AUTOMATION/instagram/archive/09-29-2022-1509021-Woman-Killed-in-Little-Village-Crash-With-Alleged.txt HTTP/1.1" 200 821 "-" "Mozilla/5.0 (compatible; AhrefsBot/7.0; +http://ahrefs.com/robot/)" "metrocrimedaily.com"
51.222.253.12 - - [02/Feb/2023:01:05:49 -0800] "GET /CRIME-WATCH-AMERICA/CRIME-WATCH-DETROIT/INSTAGRAM-AUTOMATION/instagram/archive/09-30-2022-1748432-Man-sentenced-to-life-in-prison-for-shooting--kil.txt HTTP/1.1" 200 783 "-" "Mozilla/5.0 (compatible; AhrefsBot/7.0; +http://ahrefs.com/robot/)" "metrocrimedaily.com"
51.222.253.1 - - [02/Feb/2023:01:05:50 -0800] "GET /CRIME-WATCH-AMERICA/CRIME-WATCH-DETROIT/INSTAGRAM-AUTOMATION/instagram/archive/09-30-2022-2057451-1-arrested-in-deadly-ambush-shooting-of-DeKalb-Co.txt HTTP/1.1" 200 800 "-" "Mozilla/5.0 (compatible; AhrefsBot/7.0; +http://ahrefs.com/robot/)" "metrocrimedaily.com"
51.222.253.7 - - [02/Feb/2023:01:05:50 -0800] "GET /CRIME-WATCH-AMERICA/CRIME-WATCH-DETROIT/INSTAGRAM-AUTOMATION/instagram/archive/?C=D;O=A HTTP/1.1" 200 1435 "-" "Mozilla/5.0 (compatible; AhrefsBot/7.0; +http://ahrefs.com/robot/)" "metrocrimedaily.com"
51.222.253.6 - - [02/Feb/2023:01:05:51 -0800] "GET /CRIME-WATCH-AMERICA/CRIME-WATCH-DETROIT/INSTAGRAM-AUTOMATION/instagram/archive/09-29-2022-1305131-Former-Crestwood-mayor-gets-early-release-from-pr.txt HTTP/1.1" 200 907 "-" "Mozilla/5.0 (compatible; AhrefsBot/7.0; +http://ahrefs.com/robot/)" "metrocrimedaily.com"
51.222.253.19 - - [02/Feb/2023:01:05:51 -0800] "GET /CRIME-WATCH-AMERICA/CRIME-WATCH-DETROIT/INSTAGRAM-AUTOMATION/instagram/archive/?C=M;O=A HTTP/1.1" 200 1446 "-" "Mozilla/5.0 (compatible; AhrefsBot/7.0; +http://ahrefs.com/robot/)" "metrocrimedaily.com"
51.222.253.12 - - [02/Feb/2023:01:05:52 -0800] "GET /instagram-miami/01-27-2023-1630171-Father-arrested-after-allegedly-leaving-unloaded-.txt HTTP/1.1" 404 88 "-" "Mozilla/5.0 (compatible; AhrefsBot/7.0; +http://ahrefs.com/robot/)" "metrocrimedaily.com"
51.222.253.10 - - [02/Feb/2023:01:05:53 -0800] "GET /instagram-miami/01-27-2023-1630172----Think-twice-----New-Doral-Police-Chief-warns-t.txt HTTP/1.1" 404 88 "-" "Mozilla/5.0 (compatible; AhrefsBot/7.0; +http://ahrefs.com/robot/)" "metrocrimedaily.com"
51.222.253.20 - - [02/Feb/2023:01:05:53 -0800] "GET /instagram-miami/01-27-2023-1808441-BSO--Couple-arrested-in-connection-with-shooting-.txt HTTP/1.1" 404 88 "-" "Mozilla/5.0 (compatible; AhrefsBot/7.0; +http://ahrefs.com/robot/)" "metrocrimedaily.com"
51.222.253.16 - - [02/Feb/2023:01:05:53 -0800] "GET /CRIME-WATCH-AMERICA/CRIME-WATCH-DETROIT/INSTAGRAM-AUTOMATION/instagram/archive/?C=S;O=A HTTP/1.1" 200 1443 "-" "Mozilla/5.0 (compatible; AhrefsBot/7.0; +http://ahrefs.com/robot/)" "metrocrimedaily.com"
51.222.253.1 - - [02/Feb/2023:01:05:54 -0800] "GET /instagram-miami/01-28-2023-2006141-Hundreds-evacuated-from-MIA-concourse-after-K-9-p.txt HTTP/1.1" 404 88 "-" "Mozilla/5.0 (compatible; AhrefsBot/7.0; +http://ahrefs.com/robot/)" "metrocrimedaily.com"
51.222.253.9 - - [02/Feb/2023:01:05:54 -0800] "GET /instagram-houston/01-26-2023-1908567-Texas-death-row-prisoners-spend-decades-in-solita.txt HTTP/1.1" 404 88 "-" "Mozilla/5.0 (compatible; AhrefsBot/7.0; +http://ahrefs.com/robot/)" "metrocrimedaily.com"
51.222.253.13 - - [02/Feb/2023:01:05:55 -0800] "GET /instagram-houston/01-26-2023-2219105-A-look-at-California-s-deadly-back-to-back-mass-s.txt HTTP/1.1" 404 88 "-" "Mozilla/5.0 (compatible; AhrefsBot/7.0; +http://ahrefs.com/robot/)" "metrocrimedaily.com"
51.222.253.2 - - [02/Feb/2023:01:05:55 -0800] "GET /CRIME-WATCH-AMERICA/CRIME-WATCH-DETROIT/INSTAGRAM-AUTOMATION/instagram/archive/09-29-2022-0933141-Man--57--fatally-stabbed-in-West-Englewood-.txt HTTP/1.1" 200 360 "-" "Mozilla/5.0 (compatible; AhrefsBot/7.0; +http://ahrefs.com/robot/)" "metrocrimedaily.com"
51.222.253.12 - - [02/Feb/2023:01:05:54 -0800] "GET /CRIME-WATCH-AMERICA/CRIME-WATCH-DETROIT/INSTAGRAM-AUTOMATION/instagram/archive/?C=N;O=D HTTP/1.1" 200 1451 "-" "Mozilla/5.0 (compatible; AhrefsBot/7.0; +http://ahrefs.com/robot/)" "metrocrimedaily.com"
51.222.253.18 - - [02/Feb/2023:01:05:55 -0800] "GET /CRIME-WATCH-AMERICA/CRIME-WATCH-DETROIT/INSTAGRAM-AUTOMATION/instagram/archive/09-29-2022-1427431-Construction-worker-robbed--shot-in-West-Englewoo.txt HTTP/1.1" 200 448 "-" "Mozilla/5.0 (compatible; AhrefsBot/7.0; +http://ahrefs.com/robot/)" "metrocrimedaily.com"
51.222.253.9 - - [02/Feb/2023:01:05:56 -0800] "GET /instagram-houston/01-27-2023-0036471-Texas-congresswoman-helps-free-jailed-Afghan-soli.txt HTTP/1.1" 404 88 "-" "Mozilla/5.0 (compatible; AhrefsBot/7.0; +http://ahrefs.com/robot/)" "metrocrimedaily.com"
51.222.253.1 - - [02/Feb/2023:01:05:56 -0800] "GET /CRIME-WATCH-AMERICA/GOOD_BARBER_APP-MAKER/INSTALL-CRIME-WATCH-HOUSTON/CRIME-WATCH-HOUSTON/WIP/?C=D;O=A HTTP/1.1" 200 1117 "-" "Mozilla/5.0 (compatible; AhrefsBot/7.0; +http://ahrefs.com/robot/)" "metrocrimedaily.com"
51.222.253.15 - - [02/Feb/2023:01:05:56 -0800] "GET /CRIME-WATCH-AMERICA/GOOD_BARBER_APP-MAKER/INSTALL-CRIME-WATCH-HOUSTON/CRIME-WATCH-HOUSTON/WIP/?C=N;O=D HTTP/1.1" 200 1126 "-" "Mozilla/5.0 (compatible; AhrefsBot/7.0; +http://ahrefs.com/robot/)" "metrocrimedaily.com"
51.222.253.14 - - [02/Feb/2023:01:05:57 -0800] "GET /CRIME-WATCH-AMERICA/GOOD_BARBER_APP-MAKER/INSTALL-CRIME-WATCH-HOUSTON/CRIME-WATCH-HOUSTON/WIP/SendeMail.ps1 HTTP/1.1" 200 1192 "-" "Mozilla/5.0 (compatible; AhrefsBot/7.0; +http://ahrefs.com/robot/)" "metrocrimedaily.com"
51.222.253.2 - - [02/Feb/2023:01:05:57 -0800] "GET /CRIME-WATCH-AMERICA/GOOD_BARBER_APP-MAKER/INSTALL-CRIME-WATCH-HOUSTON/CRIME-WATCH-HOUSTON/WIP/backup/ HTTP/1.1" 200 431 "-" "Mozilla/5.0 (compatible; AhrefsBot/7.0; +http://ahrefs.com/robot/)" "metrocrimedaily.com"
51.222.253.17 - - [02/Feb/2023:01:05:58 -0800] "GET /CRIME-WATCH-AMERICA/GOOD_BARBER_APP-MAKER/INSTALL-CRIME-WATCH-HOUSTON/CRIME-WATCH-HOUSTON/WIP/houston-abc13-logfile.txt HTTP/1.1" 200 447 "-" "Mozilla/5.0 (compatible; AhrefsBot/7.0; +http://ahrefs.com/robot/)" "metrocrimedaily.com"
51.222.253.16 - - [02/Feb/2023:01:05:58 -0800] "GET /CRIME-WATCH-AMERICA/GOOD_BARBER_APP-MAKER/INSTALL-CRIME-WATCH-HOUSTON/CRIME-WATCH-HOUSTON/WIP/houston-abc13-stories.txt HTTP/1.1" 200 35348 "-" "Mozilla/5.0 (compatible; AhrefsBot/7.0; +http://ahrefs.com/robot/)" "metrocrimedaily.com"
51.222.253.1 - - [02/Feb/2023:01:05:59 -0800] "GET /CRIME-WATCH-AMERICA/GOOD_BARBER_APP-MAKER/INSTALL-CRIME-WATCH-HOUSTON/CRIME-WATCH-HOUSTON/WIP/houston-abc13-urls.txt HTTP/1.1" 200 1858 "-" "Mozilla/5.0 (compatible; AhrefsBot/7.0; +http://ahrefs.com/robot/)" "metrocrimedaily.com"
51.222.253.12 - - [02/Feb/2023:01:05:59 -0800] "GET /CRIME-WATCH-AMERICA/GOOD_BARBER_APP-MAKER/INSTALL-CRIME-WATCH-HOUSTON/CRIME-WATCH-HOUSTON/WIP/houston-dailyherald-stories.txt HTTP/1.1" 200 25646 "-" "Mozilla/5.0 (compatible; AhrefsBot/7.0; +http://ahrefs.com/robot/)" "metrocrimedaily.com"
51.222.253.17 - - [02/Feb/2023:01:06:00 -0800] "GET /CRIME-WATCH-AMERICA/GOOD_BARBER_APP-MAKER/INSTALL-CRIME-WATCH-HOUSTON/CRIME-WATCH-HOUSTON/WIP/houston-dailyherald-urls.txt HTTP/1.1" 200 5835 "-" "Mozilla/5.0 (compatible; AhrefsBot/7.0; +http://ahrefs.com/robot/)" "metrocrimedaily.com"
51.222.253.17 - - [02/Feb/2023:01:06:01 -0800] "GET /CRIME-WATCH-AMERICA/GOOD_BARBER_APP-MAKER/INSTALL-CRIME-WATCH-HOUSTON/CRIME-WATCH-HOUSTON/WIP/houston-final-urls-list.txt HTTP/1.1" 200 9199 "-" "Mozilla/5.0 (compatible; AhrefsBot/7.0; +http://ahrefs.com/robot/)" "metrocrimedaily.com"
51.222.253.20 - - [02/Feb/2023:01:06:01 -0800] "GET /CRIME-WATCH-AMERICA/GOOD_BARBER_APP-MAKER/INSTALL-CRIME-WATCH-HOUSTON/CRIME-WATCH-HOUSTON/WIP/houston-fox26houston-logfile.txt HTTP/1.1" 200 318 "-" "Mozilla/5.0 (compatible; AhrefsBot/7.0; +http://ahrefs.com/robot/)" "metrocrimedaily.com"
51.222.253.3 - - [02/Feb/2023:01:06:01 -0800] "GET /CRIME-WATCH-AMERICA/GOOD_BARBER_APP-MAKER/INSTALL-CRIME-WATCH-HOUSTON/CRIME-WATCH-HOUSTON/WIP/houston-dailypress-urls.txt HTTP/1.1" 200 7822 "-" "Mozilla/5.0 (compatible; AhrefsBot/7.0; +http://ahrefs.com/robot/)" "metrocrimedaily.com"
51.222.253.18 - - [02/Feb/2023:01:06:02 -0800] "GET /CRIME-WATCH-AMERICA/GOOD_BARBER_APP-MAKER/INSTALL-CRIME-WATCH-HOUSTON/CRIME-WATCH-HOUSTON/WIP/houston-fox26houston-urls.txt HTTP/1.1" 200 5877 "-" "Mozilla/5.0 (compatible; AhrefsBot/7.0; +http://ahrefs.com/robot/)" "metrocrimedaily.com"
51.222.253.19 - - [02/Feb/2023:01:06:02 -0800] "GET /CRIME-WATCH-AMERICA/GOOD_BARBER_APP-MAKER/INSTALL-CRIME-WATCH-HOUSTON/CRIME-WATCH-HOUSTON/WIP/houston-khou-logfile.txt HTTP/1.1" 200 340 "-" "Mozilla/5.0 (compatible; AhrefsBot/7.0; +http://ahrefs.com/robot/)" "metrocrimedaily.com"
