114.119.137.142 - - [02/Feb/2023:05:36:15 -0800] "GET /instagram-dallas/01-24-2023-0642292-Family-mourns-death-of-Fort-Worth-teen-in-Whatabu.txt HTTP/1.1" 404 88 "https://metrocrimedaily.com/instagram-dallas/?C=D%3BO%3DA" "Mozilla/5.0 (Linux; Android 7.0;) AppleWebKit/537.36 (KHTML, like Gecko) Mobile Safari/537.36 (compatible; PetalBot;+https://webmaster.petalsearch.com/site/petalbot)" "metrocrimedaily.com"
114.119.158.143 - - [02/Feb/2023:05:39:20 -0800] "GET /images/back-drop.jpg HTTP/1.1" 200 39594 "https://metrocrimedaily.com/index-mcd-udc.html" "Mozilla/5.0 (Linux; Android 7.0;) AppleWebKit/537.36 (KHTML, like Gecko) Mobile Safari/537.36 (compatible; PetalBot;+https://webmaster.petalsearch.com/site/petalbot)" "metrocrimedaily.com"
114.119.139.167 - - [02/Feb/2023:05:40:13 -0800] "GET /instagram-losangeles/01-30-2023-1750524-Anthony-Avalos--Boy-looked-malnourished--mom-didn.txt HTTP/1.1" 404 88 "https://metrocrimedaily.com/instagram-losangeles/?C=D%3BO%3DA" "Mozilla/5.0 (Linux; Android 7.0;) AppleWebKit/537.36 (KHTML, like Gecko) Mobile Safari/537.36 (compatible; PetalBot;+https://webmaster.petalsearch.com/site/petalbot)" "metrocrimedaily.com"
194.38.20.161 - - [02/Feb/2023:05:40:57 -0800] "GET /sites/all/modules/plupload/plupload/examples/upload.php HTTP/1.1" 404 73 "-" "ALittle Client" "metrocrimedaily.com"
114.119.134.35 - - [02/Feb/2023:05:42:51 -0800] "GET /CRIME-WATCH-AMERICA/GOOD_BARBER_APP-MAKER/ReadMe HTTP/1.1" 200 445 "https://metrocrimedaily.com/CRIME-WATCH-AMERICA/GOOD_BARBER_APP-MAKER/?C=N%3BO%3DD" "Mozilla/5.0 (Linux; Android 7.0;) AppleWebKit/537.36 (KHTML, like Gecko) Mobile Safari/537.36 (compatible; PetalBot;+https://webmaster.petalsearch.com/site/petalbot)" "metrocrimedaily.com"
114.119.135.172 - - [02/Feb/2023:05:43:54 -0800] "GET /CRIME-WATCH-AMERICA/GOOD_BARBER_APP-MAKER/Crime-In-The-City-RevA.docx HTTP/1.1" 200 2483412 "https://metrocrimedaily.com/CRIME-WATCH-AMERICA/GOOD_BARBER_APP-MAKER/?C=N%3BO%3DD" "Mozilla/5.0 (Linux; Android 7.0;) AppleWebKit/537.36 (KHTML, like Gecko) Mobile Safari/537.36 (compatible; PetalBot;+https://webmaster.petalsearch.com/site/petalbot)" "metrocrimedaily.com"
51.222.253.17 - - [02/Feb/2023:05:46:16 -0800] "GET /instagram-atlanta/01-28-2023-1725461-Fatal-shooting-investigation-underway-in-Fulton-C.txt HTTP/1.1" 404 88 "-" "Mozilla/5.0 (compatible; AhrefsBot/7.0; +http://ahrefs.com/robot/)" "metrocrimedaily.com"
157.55.39.85 - - [02/Feb/2023:05:48:23 -0800] "GET /instagram-chicago/12-23-2022-2058122-Chicago-police--10-year-old-girl-finds-gun--accid.txt HTTP/1.1" 404 88 "-" "Mozilla/5.0 AppleWebKit/537.36 (KHTML, like Gecko; compatible; bingbot/2.0; +http://www.bing.com/bingbot.htm) Chrome/103.0.5060.134 Safari/537.36" "www.metrocrimedaily.com"
69.63.184.2 - - [02/Feb/2023:05:48:46 -0800] "GET /instagram-detroit/02-02-2023-0748241-A.jpg HTTP/1.1" 200 226562 "-" "facebookexternalhit/1.1 (+http://www.facebook.com/externalhit_uatext.php)" "www.metrocrimedaily.com"
69.63.184.3 - - [02/Feb/2023:05:49:14 -0800] "GET /instagram-detroit/02-02-2023-0748242-A.jpg HTTP/1.1" 200 77569 "-" "facebookexternalhit/1.1 (+http://www.facebook.com/externalhit_uatext.php)" "www.metrocrimedaily.com"
69.63.184.120 - - [02/Feb/2023:05:49:44 -0800] "GET /instagram-detroit/02-02-2023-0748243-A.jpg HTTP/1.1" 200 209247 "-" "facebookexternalhit/1.1 (+http://www.facebook.com/externalhit_uatext.php)" "www.metrocrimedaily.com"
69.63.184.119 - - [02/Feb/2023:05:50:12 -0800] "GET /instagram-detroit/02-02-2023-0748244-A.jpg HTTP/1.1" 200 72409 "-" "facebookexternalhit/1.1 (+http://www.facebook.com/externalhit_uatext.php)" "www.metrocrimedaily.com"
114.119.142.37 - - [02/Feb/2023:05:53:00 -0800] "GET /instagram-atlanta/post-later/01-30-2023-2047445-Two-men-in-critical-condition-after-shooting-at-G.txt HTTP/1.1" 404 88 "https://metrocrimedaily.com/instagram-atlanta/post-later/?C=N%3BO%3DD" "Mozilla/5.0 (Linux; Android 7.0;) AppleWebKit/537.36 (KHTML, like Gecko) Mobile Safari/537.36 (compatible; PetalBot;+https://webmaster.petalsearch.com/site/petalbot)" "metrocrimedaily.com"
40.77.167.212 - - [02/Feb/2023:05:55:47 -0800] "GET /index-miami.html HTTP/1.1" 200 7645 "-" "Mozilla/5.0 AppleWebKit/537.36 (KHTML, like Gecko; compatible; bingbot/2.0; +http://www.bing.com/bingbot.htm) Chrome/103.0.5060.134 Safari/537.36" "metrocrimedaily.com"
51.222.253.3 - - [02/Feb/2023:05:57:10 -0800] "GET /instagram-atlanta/01-29-2023-0002332-Legal-analysis-into-new-UGA-statement-on-crash-ki.txt HTTP/1.1" 404 88 "-" "Mozilla/5.0 (compatible; AhrefsBot/7.0; +http://ahrefs.com/robot/)" "metrocrimedaily.com"
114.119.136.86 - - [02/Feb/2023:06:00:45 -0800] "GET /robots.txt HTTP/1.1" 404 88 "-" "Mozilla/5.0 (compatible;PetalBot;+https://webmaster.petalsearch.com/site/petalbot)" "metrocrimedaily.com"
51.222.253.15 - - [02/Feb/2023:06:02:21 -0800] "GET /instagram-atlanta/01-29-2023-1019081-Man-shot-to-death-at-LaGrange-hotel--police-say-.txt HTTP/1.1" 404 88 "-" "Mozilla/5.0 (compatible; AhrefsBot/7.0; +http://ahrefs.com/robot/)" "metrocrimedaily.com"
114.119.133.56 - - [02/Feb/2023:06:02:39 -0800] "GET /instagram-houston/01-23-2023-1615079-Lunar-New-Year-massacre--Victims-of-the-Monterey-.txt HTTP/1.1" 404 88 "https://metrocrimedaily.com/instagram-houston/" "Mozilla/5.0 (Linux; Android 7.0;) AppleWebKit/537.36 (KHTML, like Gecko) Mobile Safari/537.36 (compatible; PetalBot;+https://webmaster.petalsearch.com/site/petalbot)" "metrocrimedaily.com"
69.63.184.4 - - [02/Feb/2023:06:06:30 -0800] "GET /instagram-atlanta/02-02-2023-0805501-A.jpg HTTP/1.1" 200 83763 "-" "facebookexternalhit/1.1 (+http://www.facebook.com/externalhit_uatext.php)" "www.metrocrimedaily.com"
51.222.253.17 - - [02/Feb/2023:06:08:12 -0800] "GET /instagram-atlanta/01-29-2023-1019083-Georgia-QB-Stetson-Bennett-arrested-in-Texas-.txt HTTP/1.1" 404 88 "-" "Mozilla/5.0 (compatible; AhrefsBot/7.0; +http://ahrefs.com/robot/)" "metrocrimedaily.com"
114.119.138.2 - - [02/Feb/2023:06:11:30 -0800] "GET /robots.txt HTTP/1.1" 404 88 "-" "Mozilla/5.0 (compatible;PetalBot;+https://webmaster.petalsearch.com/site/petalbot)" "metrocrimedaily.com"
51.222.253.15 - - [02/Feb/2023:06:13:51 -0800] "GET /instagram-atlanta/01-29-2023-1353142-Police-search-for-man-wanted-in-connection-to-fat.txt HTTP/1.1" 404 88 "-" "Mozilla/5.0 (compatible; AhrefsBot/7.0; +http://ahrefs.com/robot/)" "metrocrimedaily.com"
51.222.253.17 - - [02/Feb/2023:06:19:31 -0800] "GET /instagram-atlanta/01-29-2023-1506492-Boyfriend----playing-with-gun-----shoots--kills-g.txt HTTP/1.1" 404 88 "-" "Mozilla/5.0 (compatible; AhrefsBot/7.0; +http://ahrefs.com/robot/)" "metrocrimedaily.com"
51.222.253.19 - - [02/Feb/2023:06:27:19 -0800] "GET /instagram-detroit/01-24-2023-1724372----Yet-another-mass-shooting-----Experts-dive-int.txt HTTP/1.1" 404 88 "-" "Mozilla/5.0 (compatible; AhrefsBot/7.0; +http://ahrefs.com/robot/)" "www.metrocrimedaily.com"
114.119.145.249 - - [02/Feb/2023:06:27:48 -0800] "GET /CRIME-WATCH-AMERICA/CRIME-WATCH-STLOUIS/unix/bin/marlett.ttf HTTP/1.1" 200 17412 "https://metrocrimedaily.com/CRIME-WATCH-AMERICA/CRIME-WATCH-STLOUIS/unix/bin/" "Mozilla/5.0 (Linux; Android 7.0;) AppleWebKit/537.36 (KHTML, like Gecko) Mobile Safari/537.36 (compatible; PetalBot;+https://webmaster.petalsearch.com/site/petalbot)" "metrocrimedaily.com"
51.222.253.3 - - [02/Feb/2023:06:30:26 -0800] "GET /instagram-detroit/01-24-2023-1913481-String-of-fires-under-investigation-after-funeral.txt HTTP/1.1" 404 88 "-" "Mozilla/5.0 (compatible; AhrefsBot/7.0; +http://ahrefs.com/robot/)" "www.metrocrimedaily.com"
51.222.253.19 - - [02/Feb/2023:06:32:20 -0800] "GET /instagram-detroit/01-24-2023-1913482-25-years-later--2-Ohio-brothers-arrested-in-conne.txt HTTP/1.1" 404 88 "-" "Mozilla/5.0 (compatible; AhrefsBot/7.0; +http://ahrefs.com/robot/)" "www.metrocrimedaily.com"
52.167.144.81 - - [02/Feb/2023:06:32:50 -0800] "GET /index-stlouis.html HTTP/1.1" 200 6572 "-" "Mozilla/5.0 AppleWebKit/537.36 (KHTML, like Gecko; compatible; bingbot/2.0; +http://www.bing.com/bingbot.htm) Chrome/103.0.5060.134 Safari/537.36" "www.metrocrimedaily.com"
51.222.253.6 - - [02/Feb/2023:06:33:07 -0800] "GET /instagram-detroit/01-24-2023-2058291-Detroit-man-sentenced-to-life-in-prison-for-sexua.txt HTTP/1.1" 404 88 "-" "Mozilla/5.0 (compatible; AhrefsBot/7.0; +http://ahrefs.com/robot/)" "www.metrocrimedaily.com"
52.167.144.32 - - [02/Feb/2023:06:33:08 -0800] "GET /styles-mcd.css HTTP/1.1" 200 1159 "-" "Mozilla/5.0 AppleWebKit/537.36 (KHTML, like Gecko; compatible; bingbot/2.0; +http://www.bing.com/bingbot.htm) Chrome/103.0.5060.134 Safari/537.36" "www.metrocrimedaily.com"
51.222.253.14 - - [02/Feb/2023:06:34:01 -0800] "GET /instagram-detroit/01-24-2023-2058293-2-men-arrested-in-connection-with--97-Lenawee-Cou.txt HTTP/1.1" 404 88 "-" "Mozilla/5.0 (compatible; AhrefsBot/7.0; +http://ahrefs.com/robot/)" "www.metrocrimedaily.com"
40.77.167.212 - - [02/Feb/2023:06:34:35 -0800] "GET /index-miami.html HTTP/1.1" 200 7645 "-" "Mozilla/5.0 AppleWebKit/537.36 (KHTML, like Gecko; compatible; bingbot/2.0; +http://www.bing.com/bingbot.htm) Chrome/103.0.5060.134 Safari/537.36" "metrocrimedaily.com"
51.222.253.13 - - [02/Feb/2023:06:34:52 -0800] "GET /instagram-detroit/01-24-2023-2249491-Man-crashes-into-house-after-being-fatally-shot-o.txt HTTP/1.1" 404 88 "-" "Mozilla/5.0 (compatible; AhrefsBot/7.0; +http://ahrefs.com/robot/)" "www.metrocrimedaily.com"
69.63.184.117 - - [02/Feb/2023:06:35:13 -0800] "GET /instagram-chicago/02-02-2023-0834471-A.jpg HTTP/1.1" 200 84567 "-" "facebookexternalhit/1.1 (+http://www.facebook.com/externalhit_uatext.php)" "www.metrocrimedaily.com"
173.252.107.12 - - [02/Feb/2023:06:35:30 -0800] "GET /instagram-neworleans/02-02-2023-0835091-A.jpg HTTP/1.1" 200 233350 "-" "facebookexternalhit/1.1 (+http://www.facebook.com/externalhit_uatext.php)" "www.metrocrimedaily.com"
51.222.253.11 - - [02/Feb/2023:06:35:31 -0800] "GET /instagram-detroit/01-24-2023-2249492-Armed-suspect-killed-by-state-police-after-allege.txt HTTP/1.1" 404 88 "-" "Mozilla/5.0 (compatible; AhrefsBot/7.0; +http://ahrefs.com/robot/)" "www.metrocrimedaily.com"
138.246.253.24 - - [02/Feb/2023:06:35:49 -0800] "GET /robots.txt HTTP/1.1" 404 73 "-" "Mozilla/5.0 (Windows NT 10.0; Win64; x64) AppleWebKit/537.36 (KHTML, like Gecko) Chrome/103.0.5060.134 Safari/537.36" "metrocrimedaily.com"
51.222.253.1 - - [02/Feb/2023:06:36:22 -0800] "GET /instagram-detroit/01-24-2023-2249493-Michigan-State-Police-shoot--kill-armed-suspect-i.txt HTTP/1.1" 404 88 "-" "Mozilla/5.0 (compatible; AhrefsBot/7.0; +http://ahrefs.com/robot/)" "www.metrocrimedaily.com"
51.222.253.17 - - [02/Feb/2023:06:37:08 -0800] "GET /instagram-detroit/01-24-2023-2249494-Detroit-man-sentenced-to-life-in-prison-for-child.txt HTTP/1.1" 404 88 "-" "Mozilla/5.0 (compatible; AhrefsBot/7.0; +http://ahrefs.com/robot/)" "www.metrocrimedaily.com"
51.222.253.2 - - [02/Feb/2023:06:37:46 -0800] "GET /instagram-detroit/01-24-2023-2249495-Robert-Salonga-.txt HTTP/1.1" 404 88 "-" "Mozilla/5.0 (compatible; AhrefsBot/7.0; +http://ahrefs.com/robot/)" "www.metrocrimedaily.com"
51.222.253.18 - - [02/Feb/2023:06:38:29 -0800] "GET /instagram-detroit/01-24-2023-2249496-Troopers-shoot--kill-man-who-was-allegedly-shinin.txt HTTP/1.1" 404 88 "-" "Mozilla/5.0 (compatible; AhrefsBot/7.0; +http://ahrefs.com/robot/)" "www.metrocrimedaily.com"
51.222.253.5 - - [02/Feb/2023:06:39:08 -0800] "GET /instagram-losangeles/01-27-2023-1037312-Louisiana-man-who-used-social-media-to-lure-and-t.txt HTTP/1.1" 404 88 "-" "Mozilla/5.0 (compatible; AhrefsBot/7.0; +http://ahrefs.com/robot/)" "metrocrimedaily.com"
51.222.253.17 - - [02/Feb/2023:06:39:57 -0800] "GET /instagram-losangeles/01-27-2023-1226071-Monterey-Park-survivor-shares-harrowing-account-o.txt HTTP/1.1" 404 88 "-" "Mozilla/5.0 (compatible; AhrefsBot/7.0; +http://ahrefs.com/robot/)" "metrocrimedaily.com"
173.252.107.15 - - [02/Feb/2023:06:40:30 -0800] "GET /instagram-losangeles/02-02-2023-0840101-A.jpg HTTP/1.1" 200 170125 "-" "facebookexternalhit/1.1 (+http://www.facebook.com/externalhit_uatext.php)" "www.metrocrimedaily.com"
51.222.253.13 - - [02/Feb/2023:06:40:42 -0800] "GET /instagram-losangeles/01-27-2023-1226072-Drake---s-Los-Angeles-home-reportedly-burglarized.txt HTTP/1.1" 404 88 "-" "Mozilla/5.0 (compatible; AhrefsBot/7.0; +http://ahrefs.com/robot/)" "metrocrimedaily.com"
51.222.253.17 - - [02/Feb/2023:06:41:15 -0800] "GET /instagram-losangeles/01-27-2023-1226073-Tyre-Nichols--mother-urges-peaceful-protest---I-d.txt HTTP/1.1" 404 88 "-" "Mozilla/5.0 (compatible; AhrefsBot/7.0; +http://ahrefs.com/robot/)" "metrocrimedaily.com"
51.222.253.15 - - [02/Feb/2023:06:41:55 -0800] "GET /instagram-losangeles/01-27-2023-1406271-Man-convicted-of-kidnapping-woman-in-Vegas-wanted.txt HTTP/1.1" 404 88 "-" "Mozilla/5.0 (compatible; AhrefsBot/7.0; +http://ahrefs.com/robot/)" "metrocrimedaily.com"
114.119.143.39 - - [02/Feb/2023:06:42:33 -0800] "GET /instagram-detroit/01-29-2023-1442002-Police-looking-for-2-suspects-involved-in-Detroit.txt HTTP/1.1" 404 88 "https://metrocrimedaily.com/instagram-detroit/?C=M%3BO%3DA" "Mozilla/5.0 (Linux; Android 7.0;) AppleWebKit/537.36 (KHTML, like Gecko) Mobile Safari/537.36 (compatible; PetalBot;+https://webmaster.petalsearch.com/site/petalbot)" "metrocrimedaily.com"
51.222.253.2 - - [02/Feb/2023:06:42:41 -0800] "GET /instagram-losangeles/01-27-2023-1406272-Britney-Spears-claims-invasion-of-privacy-after-w.txt HTTP/1.1" 404 88 "-" "Mozilla/5.0 (compatible; AhrefsBot/7.0; +http://ahrefs.com/robot/)" "metrocrimedaily.com"
51.222.253.19 - - [02/Feb/2023:06:43:24 -0800] "GET /instagram-losangeles/01-27-2023-1406273-Video--Footage-of-Paul-Pelosi-attack-released-.txt HTTP/1.1" 404 88 "-" "Mozilla/5.0 (compatible; AhrefsBot/7.0; +http://ahrefs.com/robot/)" "metrocrimedaily.com"
114.119.136.188 - - [02/Feb/2023:06:43:53 -0800] "GET /instagram-chicago/01-30-2023-0937153-Palestinians-say-Israeli-troops-kill-man-in-West-.txt HTTP/1.1" 404 88 "https://metrocrimedaily.com/instagram-chicago/?C=N%3BO%3DD" "Mozilla/5.0 (Linux; Android 7.0;) AppleWebKit/537.36 (KHTML, like Gecko) Mobile Safari/537.36 (compatible; PetalBot;+https://webmaster.petalsearch.com/site/petalbot)" "metrocrimedaily.com"
51.222.253.1 - - [02/Feb/2023:06:44:22 -0800] "GET /instagram-losangeles/01-27-2023-1406274-President-Biden-Calls--Genuine-Hero--Who-Disarmed.txt HTTP/1.1" 404 88 "-" "Mozilla/5.0 (compatible; AhrefsBot/7.0; +http://ahrefs.com/robot/)" "metrocrimedaily.com"
51.222.253.8 - - [02/Feb/2023:06:45:18 -0800] "GET /instagram-losangeles/01-27-2023-1555301-Gunman-kills-6-near-Jerusalem-synagogue-.txt HTTP/1.1" 404 88 "-" "Mozilla/5.0 (compatible; AhrefsBot/7.0; +http://ahrefs.com/robot/)" "metrocrimedaily.com"
51.222.253.19 - - [02/Feb/2023:06:45:54 -0800] "GET /instagram-losangeles/01-27-2023-1555302-Man-kills-wife--himself-in-Death-Valley--Californ.txt HTTP/1.1" 404 88 "-" "Mozilla/5.0 (compatible; AhrefsBot/7.0; +http://ahrefs.com/robot/)" "metrocrimedaily.com"
51.222.253.19 - - [02/Feb/2023:06:46:43 -0800] "GET /instagram-losangeles/01-27-2023-1713451-Mountain-lion-P-81-killed-after-possibly-being-hi.txt HTTP/1.1" 404 88 "-" "Mozilla/5.0 (compatible; AhrefsBot/7.0; +http://ahrefs.com/robot/)" "metrocrimedaily.com"
51.222.253.14 - - [02/Feb/2023:06:47:01 -0800] "GET /instagram-losangeles/01-27-2023-1713452-Video-of-Memphis-officers-beating-Tyre-Nichols-as.txt HTTP/1.1" 404 88 "-" "Mozilla/5.0 (compatible; AhrefsBot/7.0; +http://ahrefs.com/robot/)" "metrocrimedaily.com"
51.222.253.15 - - [02/Feb/2023:06:47:07 -0800] "GET /instagram-losangeles/01-27-2023-1831481-Palestinian-gunman-kills-7-near-Jerusalem-synagog.txt HTTP/1.1" 404 88 "-" "Mozilla/5.0 (compatible; AhrefsBot/7.0; +http://ahrefs.com/robot/)" "metrocrimedaily.com"
51.222.253.3 - - [02/Feb/2023:06:47:12 -0800] "GET /instagram-losangeles/01-27-2023-1831482-Memphis-braces-for-release-of-video-in-Tyre-Nicho.txt HTTP/1.1" 404 88 "-" "Mozilla/5.0 (compatible; AhrefsBot/7.0; +http://ahrefs.com/robot/)" "metrocrimedaily.com"
51.222.253.16 - - [02/Feb/2023:06:47:16 -0800] "GET /instagram-losangeles/01-27-2023-1945031-Tyre-Nichols-videos-show-what-happened-in-fatal-M.txt HTTP/1.1" 404 88 "-" "Mozilla/5.0 (compatible; AhrefsBot/7.0; +http://ahrefs.com/robot/)" "metrocrimedaily.com"
51.222.253.9 - - [02/Feb/2023:06:47:21 -0800] "GET /instagram-losangeles/01-27-2023-2048371-3-arrested-in-Santa-Ana-double-shooting-.txt HTTP/1.1" 404 88 "-" "Mozilla/5.0 (compatible; AhrefsBot/7.0; +http://ahrefs.com/robot/)" "metrocrimedaily.com"
51.222.253.12 - - [02/Feb/2023:06:47:27 -0800] "GET /instagram-losangeles/01-27-2023-2048372-Man-arrested-for-attempted-kidnapping-of-12-year-.txt HTTP/1.1" 404 88 "-" "Mozilla/5.0 (compatible; AhrefsBot/7.0; +http://ahrefs.com/robot/)" "metrocrimedaily.com"
51.222.253.4 - - [02/Feb/2023:06:47:41 -0800] "GET /instagram-losangeles/01-27-2023-2212581-Idaho-murders--Bryan-Kohberger-defense-receives-h.txt HTTP/1.1" 404 88 "-" "Mozilla/5.0 (compatible; AhrefsBot/7.0; +http://ahrefs.com/robot/)" "metrocrimedaily.com"
51.222.253.12 - - [02/Feb/2023:06:47:45 -0800] "GET /instagram-losangeles/01-27-2023-2212582-Orange-County-water-polo-coach-sentenced-to-priso.txt HTTP/1.1" 404 88 "-" "Mozilla/5.0 (compatible; AhrefsBot/7.0; +http://ahrefs.com/robot/)" "metrocrimedaily.com"
51.222.253.16 - - [02/Feb/2023:06:47:48 -0800] "GET /instagram-losangeles/01-28-2023-0014111-Ex-Laker-Robert-Horry-Escorted-by-Police-From-You.txt HTTP/1.1" 404 88 "-" "Mozilla/5.0 (compatible; AhrefsBot/7.0; +http://ahrefs.com/robot/)" "metrocrimedaily.com"
51.222.253.17 - - [02/Feb/2023:06:47:51 -0800] "GET /instagram-losangeles/01-28-2023-0014112-Amy-Robach-and-T.J.-Holmes-Leaving----GMA3--Amid-.txt HTTP/1.1" 404 88 "-" "Mozilla/5.0 (compatible; AhrefsBot/7.0; +http://ahrefs.com/robot/)" "metrocrimedaily.com"
51.222.253.7 - - [02/Feb/2023:06:47:55 -0800] "GET /instagram-losangeles/01-28-2023-1012251-Shooting-Outside-Party-in-Beverly-Crest-Leaves-3-.txt HTTP/1.1" 404 88 "-" "Mozilla/5.0 (compatible; AhrefsBot/7.0; +http://ahrefs.com/robot/)" "metrocrimedaily.com"
51.222.253.2 - - [02/Feb/2023:06:48:06 -0800] "GET /instagram-losangeles/01-28-2023-1012252-3-dead--4-wounded-in-Beverly-Crest-shooting-.txt HTTP/1.1" 404 88 "-" "Mozilla/5.0 (compatible; AhrefsBot/7.0; +http://ahrefs.com/robot/)" "metrocrimedaily.com"
51.222.253.13 - - [02/Feb/2023:06:48:13 -0800] "GET /instagram-losangeles/01-28-2023-1200341-Beverly-Crest-shooting--3-killed--4-injured-durin.txt HTTP/1.1" 404 88 "-" "Mozilla/5.0 (compatible; AhrefsBot/7.0; +http://ahrefs.com/robot/)" "metrocrimedaily.com"
51.222.253.6 - - [02/Feb/2023:06:48:15 -0800] "GET /instagram-losangeles/01-28-2023-1200342-Big-Bear-Lake-man-found-with----ghost-gun-----dru.txt HTTP/1.1" 404 88 "-" "Mozilla/5.0 (compatible; AhrefsBot/7.0; +http://ahrefs.com/robot/)" "metrocrimedaily.com"
51.222.253.12 - - [02/Feb/2023:06:48:18 -0800] "GET /instagram-losangeles/01-28-2023-1313271-Man-Killed-in-Hit-And-Run-Crash-in-Laguna-Beach-.txt HTTP/1.1" 404 88 "-" "Mozilla/5.0 (compatible; AhrefsBot/7.0; +http://ahrefs.com/robot/)" "metrocrimedaily.com"
51.222.253.7 - - [02/Feb/2023:06:48:19 -0800] "GET /instagram-losangeles/01-28-2023-1415341-Mass-shootings-lead-to-widening-divide-on-state-g.txt HTTP/1.1" 404 88 "-" "Mozilla/5.0 (compatible; AhrefsBot/7.0; +http://ahrefs.com/robot/)" "metrocrimedaily.com"
51.222.253.18 - - [02/Feb/2023:06:48:21 -0800] "GET /instagram-losangeles/01-28-2023-1415342-South-Gate-man-arrested-for-sex-assault-of-Big-Be.txt HTTP/1.1" 404 88 "-" "Mozilla/5.0 (compatible; AhrefsBot/7.0; +http://ahrefs.com/robot/)" "metrocrimedaily.com"
51.222.253.10 - - [02/Feb/2023:06:48:23 -0800] "GET /instagram-losangeles/01-28-2023-1649001-Speeding-Motorcyclist-Killed-in-Crash-With-SUV-in.txt HTTP/1.1" 404 88 "-" "Mozilla/5.0 (compatible; AhrefsBot/7.0; +http://ahrefs.com/robot/)" "metrocrimedaily.com"
51.222.253.8 - - [02/Feb/2023:06:48:24 -0800] "GET /instagram-losangeles/01-28-2023-1752001-Stabbing-suspect-shot-and-killed-by-Huntington-Pa.txt HTTP/1.1" 404 88 "-" "Mozilla/5.0 (compatible; AhrefsBot/7.0; +http://ahrefs.com/robot/)" "metrocrimedaily.com"
51.222.253.9 - - [02/Feb/2023:06:48:26 -0800] "GET /instagram-losangeles/01-28-2023-1752002-Pasadena-man-accused-of-intentionally-driving-off.txt HTTP/1.1" 404 88 "-" "Mozilla/5.0 (compatible; AhrefsBot/7.0; +http://ahrefs.com/robot/)" "metrocrimedaily.com"
51.222.253.4 - - [02/Feb/2023:06:48:27 -0800] "GET /instagram-losangeles/01-28-2023-1909191-Virginia-school-principal--assistant-principal-de.txt HTTP/1.1" 404 88 "-" "Mozilla/5.0 (compatible; AhrefsBot/7.0; +http://ahrefs.com/robot/)" "metrocrimedaily.com"
51.222.253.1 - - [02/Feb/2023:06:48:29 -0800] "GET /instagram-losangeles/01-28-2023-1909192-The-Complete-Timeline-of-Events-in-the-Case-of-Ty.txt HTTP/1.1" 404 88 "-" "Mozilla/5.0 (compatible; AhrefsBot/7.0; +http://ahrefs.com/robot/)" "metrocrimedaily.com"
44.195.21.237 - - [02/Feb/2023:06:48:29 -0800] "GET /ads.txt HTTP/1.1" 404 88 "-" "AdsTxtCrawler/1.0.2" "metrocrimedaily.com"
51.222.253.4 - - [02/Feb/2023:06:48:30 -0800] "GET /instagram-losangeles/01-28-2023-2107361-Youth-activists-call-for-gun-safety-reforms-after.txt HTTP/1.1" 404 88 "-" "Mozilla/5.0 (compatible; AhrefsBot/7.0; +http://ahrefs.com/robot/)" "metrocrimedaily.com"
51.222.253.20 - - [02/Feb/2023:06:48:32 -0800] "GET /instagram-losangeles/01-28-2023-2107362-Women-arrested-for-allegedly-ransacking-Ventura-C.txt HTTP/1.1" 404 88 "-" "Mozilla/5.0 (compatible; AhrefsBot/7.0; +http://ahrefs.com/robot/)" "metrocrimedaily.com"
51.222.253.20 - - [02/Feb/2023:06:48:35 -0800] "GET /instagram-losangeles/01-29-2023-0904531-No-Charges-for-Homeowner-Who-Fatally-Shot-Intrude.txt HTTP/1.1" 404 88 "-" "Mozilla/5.0 (compatible; AhrefsBot/7.0; +http://ahrefs.com/robot/)" "metrocrimedaily.com"
51.222.253.17 - - [02/Feb/2023:06:48:37 -0800] "GET /instagram-losangeles/01-29-2023-1021501-Brandon-Tsay--who-disarmed-Monterey-Park-gunman--.txt HTTP/1.1" 404 88 "-" "Mozilla/5.0 (compatible; AhrefsBot/7.0; +http://ahrefs.com/robot/)" "metrocrimedaily.com"
69.63.184.117 - - [02/Feb/2023:06:48:44 -0800] "GET /instagram-detroit/02-02-2023-0848201-A.jpg HTTP/1.1" 200 83518 "-" "facebookexternalhit/1.1 (+http://www.facebook.com/externalhit_uatext.php)" "www.metrocrimedaily.com"
51.222.253.13 - - [02/Feb/2023:06:48:51 -0800] "GET /instagram-losangeles/01-29-2023-1021502-Lawyer-of-ex-officer-charged-in-Tyre-Nichols-case.txt HTTP/1.1" 404 88 "-" "Mozilla/5.0 (compatible; AhrefsBot/7.0; +http://ahrefs.com/robot/)" "metrocrimedaily.com"
51.222.253.19 - - [02/Feb/2023:06:48:54 -0800] "GET /instagram-losangeles/01-29-2023-1209581-Georgia-Quarterback-Stetson-Bennett-Arrested-For-.txt HTTP/1.1" 404 88 "-" "Mozilla/5.0 (compatible; AhrefsBot/7.0; +http://ahrefs.com/robot/)" "metrocrimedaily.com"
51.222.253.10 - - [02/Feb/2023:06:48:55 -0800] "GET /instagram-losangeles/01-29-2023-1209582-2-killed-in-Pomona-house-shooting-.txt HTTP/1.1" 404 88 "-" "Mozilla/5.0 (compatible; AhrefsBot/7.0; +http://ahrefs.com/robot/)" "metrocrimedaily.com"
51.222.253.11 - - [02/Feb/2023:06:48:57 -0800] "GET /instagram-losangeles/01-29-2023-1322271-Brandon-Tsay--hero-who-disarmed-Monterey-Park-gun.txt HTTP/1.1" 404 88 "-" "Mozilla/5.0 (compatible; AhrefsBot/7.0; +http://ahrefs.com/robot/)" "metrocrimedaily.com"
51.222.253.1 - - [02/Feb/2023:06:48:58 -0800] "GET /instagram-losangeles/01-29-2023-1424071-Southern-California-hospital-shows-how-to-use-a-t.txt HTTP/1.1" 404 88 "-" "Mozilla/5.0 (compatible; AhrefsBot/7.0; +http://ahrefs.com/robot/)" "metrocrimedaily.com"
51.222.253.3 - - [02/Feb/2023:06:48:59 -0800] "GET /instagram-losangeles/01-29-2023-1424072-Man-Was-Found-Shot-to-Death-Inside-Montebello-Hom.txt HTTP/1.1" 404 88 "-" "Mozilla/5.0 (compatible; AhrefsBot/7.0; +http://ahrefs.com/robot/)" "metrocrimedaily.com"
51.222.253.7 - - [02/Feb/2023:06:49:00 -0800] "GET /instagram-losangeles/01-29-2023-1424073-Teen-Boy-and-Man-Killed-in-Pomona-Shooting-.txt HTTP/1.1" 404 88 "-" "Mozilla/5.0 (compatible; AhrefsBot/7.0; +http://ahrefs.com/robot/)" "metrocrimedaily.com"
51.222.253.4 - - [02/Feb/2023:06:49:01 -0800] "GET /instagram-losangeles/01-29-2023-1648571-Mass.-Dad-Releases-Statement--Asks-People-to-Forg.txt HTTP/1.1" 404 88 "-" "Mozilla/5.0 (compatible; AhrefsBot/7.0; +http://ahrefs.com/robot/)" "metrocrimedaily.com"
51.222.253.15 - - [02/Feb/2023:06:49:03 -0800] "GET /instagram-losangeles/01-29-2023-1745491-Three-Women-Found-Dead-After-Shooting-in-Beverly-.txt HTTP/1.1" 404 88 "-" "Mozilla/5.0 (compatible; AhrefsBot/7.0; +http://ahrefs.com/robot/)" "metrocrimedaily.com"
51.222.253.7 - - [02/Feb/2023:06:49:04 -0800] "GET /instagram-losangeles/01-29-2023-1853151-Suspect-in-custody-after-police-chase-through-eas.txt HTTP/1.1" 404 88 "-" "Mozilla/5.0 (compatible; AhrefsBot/7.0; +http://ahrefs.com/robot/)" "metrocrimedaily.com"
51.222.253.5 - - [02/Feb/2023:06:49:06 -0800] "GET /instagram-losangeles/01-29-2023-1853152-Man-killed-in-Long-Beach-crash-by-apparent-wrong-.txt HTTP/1.1" 404 88 "-" "Mozilla/5.0 (compatible; AhrefsBot/7.0; +http://ahrefs.com/robot/)" "metrocrimedaily.com"
51.222.253.20 - - [02/Feb/2023:06:49:07 -0800] "GET /instagram-losangeles/01-29-2023-1853153-Pasadena-man-accused-of-driving-family-off-cliff-.txt HTTP/1.1" 404 88 "-" "Mozilla/5.0 (compatible; AhrefsBot/7.0; +http://ahrefs.com/robot/)" "metrocrimedaily.com"
51.222.253.16 - - [02/Feb/2023:06:49:08 -0800] "GET /instagram-losangeles/01-29-2023-1853154-Reported-possible-active-shooter-at-Pico-Rivera-W.txt HTTP/1.1" 404 88 "-" "Mozilla/5.0 (compatible; AhrefsBot/7.0; +http://ahrefs.com/robot/)" "metrocrimedaily.com"
51.222.253.19 - - [02/Feb/2023:06:49:10 -0800] "GET /instagram-losangeles/01-29-2023-2036551-Man-arrested-for-vandalism-during-Hollywood-Tyre-.txt HTTP/1.1" 404 88 "-" "Mozilla/5.0 (compatible; AhrefsBot/7.0; +http://ahrefs.com/robot/)" "metrocrimedaily.com"
51.222.253.15 - - [02/Feb/2023:06:49:10 -0800] "GET /instagram-losangeles/01-29-2023-2335201-Search-for-missing-diver-suspended-off-Central-Co.txt HTTP/1.1" 404 88 "-" "Mozilla/5.0 (compatible; AhrefsBot/7.0; +http://ahrefs.com/robot/)" "metrocrimedaily.com"
51.222.253.20 - - [02/Feb/2023:06:49:12 -0800] "GET /instagram-losangeles/01-30-2023-0033521-Man-That-Disarmed-Monterey-Park-Shooter-is-Honore.txt HTTP/1.1" 404 88 "-" "Mozilla/5.0 (compatible; AhrefsBot/7.0; +http://ahrefs.com/robot/)" "metrocrimedaily.com"
51.222.253.20 - - [02/Feb/2023:06:49:13 -0800] "GET /instagram-losangeles/01-30-2023-0145441-Costa-Mesa-Police-Investigate-Racial-Profiling-Al.txt HTTP/1.1" 404 88 "-" "Mozilla/5.0 (compatible; AhrefsBot/7.0; +http://ahrefs.com/robot/)" "metrocrimedaily.com"
51.222.253.9 - - [02/Feb/2023:06:49:14 -0800] "GET /instagram-losangeles/01-30-2023-0418151-Authorities-ID-3-killed-in-shooting-at-home-in-Lo.txt HTTP/1.1" 404 88 "-" "Mozilla/5.0 (compatible; AhrefsBot/7.0; +http://ahrefs.com/robot/)" "metrocrimedaily.com"
51.222.253.20 - - [02/Feb/2023:06:49:15 -0800] "GET /instagram-stlouis/?C=M;O=D HTTP/1.1" 200 912 "-" "Mozilla/5.0 (compatible; AhrefsBot/7.0; +http://ahrefs.com/robot/)" "www.metrocrimedaily.com"
51.222.253.14 - - [02/Feb/2023:06:49:16 -0800] "GET /instagram-stlouis/?C=S;O=D HTTP/1.1" 200 904 "-" "Mozilla/5.0 (compatible; AhrefsBot/7.0; +http://ahrefs.com/robot/)" "www.metrocrimedaily.com"
51.222.253.12 - - [02/Feb/2023:06:49:17 -0800] "GET /instagram-dallas/01-19-2023-0755521-New-details-released-on-case-of-Texas-father-accu.txt HTTP/1.1" 404 88 "-" "Mozilla/5.0 (compatible; AhrefsBot/7.0; +http://ahrefs.com/robot/)" "metrocrimedaily.com"
51.222.253.19 - - [02/Feb/2023:06:49:18 -0800] "GET /instagram-dallas/01-19-2023-0755522-New-details-released-on-case-of-Texas-father-accu.txt HTTP/1.1" 404 88 "-" "Mozilla/5.0 (compatible; AhrefsBot/7.0; +http://ahrefs.com/robot/)" "metrocrimedaily.com"
51.222.253.7 - - [02/Feb/2023:06:49:19 -0800] "GET /instagram-dallas/01-19-2023-0935541-Decision-on-Criminal-Charges-Over-Fatal--Rust--Sh.txt HTTP/1.1" 404 88 "-" "Mozilla/5.0 (compatible; AhrefsBot/7.0; +http://ahrefs.com/robot/)" "metrocrimedaily.com"
51.222.253.17 - - [02/Feb/2023:06:49:20 -0800] "GET /instagram-dallas/01-27-2023-1059341-Athena-Brownfield--Remains-found-in-Oklahoma-iden.txt HTTP/1.1" 404 88 "-" "Mozilla/5.0 (compatible; AhrefsBot/7.0; +http://ahrefs.com/robot/)" "metrocrimedaily.com"
51.222.253.3 - - [02/Feb/2023:06:49:21 -0800] "GET /instagram-dallas/01-27-2023-1212421-Missing-Ohio-architect-killed-in-Mexico-with-fian.txt HTTP/1.1" 404 88 "-" "Mozilla/5.0 (compatible; AhrefsBot/7.0; +http://ahrefs.com/robot/)" "metrocrimedaily.com"
51.222.253.13 - - [02/Feb/2023:06:49:22 -0800] "GET /instagram-dallas/01-27-2023-1523331-Backup-camera-issue-leads-to-recall-for-nearly-38.txt HTTP/1.1" 404 88 "-" "Mozilla/5.0 (compatible; AhrefsBot/7.0; +http://ahrefs.com/robot/)" "metrocrimedaily.com"
51.222.253.7 - - [02/Feb/2023:06:49:23 -0800] "GET /instagram-dallas/01-27-2023-1631241-Amy-Robach-and-T.J.-Holmes-Expected-to-Leave----G.txt HTTP/1.1" 404 88 "-" "Mozilla/5.0 (compatible; AhrefsBot/7.0; +http://ahrefs.com/robot/)" "metrocrimedaily.com"
51.222.253.18 - - [02/Feb/2023:06:49:25 -0800] "GET /instagram-dallas/01-27-2023-1722441-North-Texas-police-department-prepares-for-possib.txt HTTP/1.1" 404 88 "-" "Mozilla/5.0 (compatible; AhrefsBot/7.0; +http://ahrefs.com/robot/)" "metrocrimedaily.com"
51.222.253.3 - - [02/Feb/2023:06:49:27 -0800] "GET /instagram-dallas/01-27-2023-1816391-Viewer-Helps-Woman-Find-Diabetes-Medicine-as-Nort.txt HTTP/1.1" 404 88 "-" "Mozilla/5.0 (compatible; AhrefsBot/7.0; +http://ahrefs.com/robot/)" "metrocrimedaily.com"
51.222.253.4 - - [02/Feb/2023:06:49:29 -0800] "GET /instagram-dallas/01-27-2023-1816392-Lyft-driver-attacked-by-passengers-in-Frisco-says.txt HTTP/1.1" 404 88 "-" "Mozilla/5.0 (compatible; AhrefsBot/7.0; +http://ahrefs.com/robot/)" "metrocrimedaily.com"
51.222.253.16 - - [02/Feb/2023:06:49:31 -0800] "GET /instagram-dallas/01-27-2023-1932161-NJ-Man-Gets-6-Years-for-Jan.-6-Attack-on-Capitol-.txt HTTP/1.1" 404 88 "-" "Mozilla/5.0 (compatible; AhrefsBot/7.0; +http://ahrefs.com/robot/)" "metrocrimedaily.com"
51.222.253.4 - - [02/Feb/2023:06:49:34 -0800] "GET /instagram-dallas/01-27-2023-1932162-Tyre-Nichols--death--Dallas-police-preparing-for-.txt HTTP/1.1" 404 88 "-" "Mozilla/5.0 (compatible; AhrefsBot/7.0; +http://ahrefs.com/robot/)" "metrocrimedaily.com"
51.222.253.10 - - [02/Feb/2023:06:49:37 -0800] "GET /instagram-dallas/01-27-2023-1932163-Dallas-Police-Release-Video-From-Shootout-With-Ca.txt HTTP/1.1" 404 88 "-" "Mozilla/5.0 (compatible; AhrefsBot/7.0; +http://ahrefs.com/robot/)" "metrocrimedaily.com"
51.222.253.12 - - [02/Feb/2023:06:49:38 -0800] "GET /instagram-dallas/01-27-2023-1932164-Florida-woman-arrested-for-defrauding-Holocaust-s.txt HTTP/1.1" 404 88 "-" "Mozilla/5.0 (compatible; AhrefsBot/7.0; +http://ahrefs.com/robot/)" "metrocrimedaily.com"
51.222.253.7 - - [02/Feb/2023:06:49:39 -0800] "GET /instagram-dallas/01-27-2023-1932165-Sam-Bankman-Fried-Tried-to-Influence-Witness-Thro.txt HTTP/1.1" 404 88 "-" "Mozilla/5.0 (compatible; AhrefsBot/7.0; +http://ahrefs.com/robot/)" "metrocrimedaily.com"
51.222.253.1 - - [02/Feb/2023:06:49:41 -0800] "GET /instagram-dallas/01-27-2023-2130051-North-Texas-city-leaders-react-after-video-releas.txt HTTP/1.1" 404 88 "-" "Mozilla/5.0 (compatible; AhrefsBot/7.0; +http://ahrefs.com/robot/)" "metrocrimedaily.com"
51.222.253.15 - - [02/Feb/2023:06:49:43 -0800] "GET /instagram-dallas/01-27-2023-2130052-33-year-old-man-arrested-in-connection-to-traffic.txt HTTP/1.1" 404 88 "-" "Mozilla/5.0 (compatible; AhrefsBot/7.0; +http://ahrefs.com/robot/)" "metrocrimedaily.com"
51.222.253.11 - - [02/Feb/2023:06:49:44 -0800] "GET /instagram-dallas/01-27-2023-2307551-Witnesses-talk-about-SUV-crashing-through-front-o.txt HTTP/1.1" 404 88 "-" "Mozilla/5.0 (compatible; AhrefsBot/7.0; +http://ahrefs.com/robot/)" "metrocrimedaily.com"
51.222.253.10 - - [02/Feb/2023:06:49:46 -0800] "GET /instagram-dallas/01-27-2023-2356441-Man-Pleads-Guilty-to-Threatening-to-Detonate-Bomb.txt HTTP/1.1" 404 88 "-" "Mozilla/5.0 (compatible; AhrefsBot/7.0; +http://ahrefs.com/robot/)" "metrocrimedaily.com"
51.222.253.8 - - [02/Feb/2023:06:49:47 -0800] "GET /instagram-dallas/01-28-2023-0404231-Palestinian-Gunman-Injures-2-in-New-Jerusalem-Att.txt HTTP/1.1" 404 88 "-" "Mozilla/5.0 (compatible; AhrefsBot/7.0; +http://ahrefs.com/robot/)" "metrocrimedaily.com"
51.222.253.20 - - [02/Feb/2023:06:49:49 -0800] "GET /instagram-dallas/01-28-2023-0934191-Former-Dallas-police-chief-joins-WFAA-to-discuss-.txt HTTP/1.1" 404 88 "-" "Mozilla/5.0 (compatible; AhrefsBot/7.0; +http://ahrefs.com/robot/)" "metrocrimedaily.com"
51.222.253.7 - - [02/Feb/2023:06:49:51 -0800] "GET /instagram-dallas/01-28-2023-1039001-Shooting-Outside-Party-in-Calif.-Leaves-3-Dead--4.txt HTTP/1.1" 404 88 "-" "Mozilla/5.0 (compatible; AhrefsBot/7.0; +http://ahrefs.com/robot/)" "metrocrimedaily.com"
51.222.253.18 - - [02/Feb/2023:06:49:53 -0800] "GET /instagram-dallas/01-28-2023-1218481-Live-Updates--Nation-Reels-Over-Tyre-Nichols-Poli.txt HTTP/1.1" 404 88 "-" "Mozilla/5.0 (compatible; AhrefsBot/7.0; +http://ahrefs.com/robot/)" "metrocrimedaily.com"
51.222.253.17 - - [02/Feb/2023:06:49:55 -0800] "GET /instagram-dallas/01-28-2023-1308111-Missing-radioactive-capsule-prompts-urgent-public.txt HTTP/1.1" 404 88 "-" "Mozilla/5.0 (compatible; AhrefsBot/7.0; +http://ahrefs.com/robot/)" "metrocrimedaily.com"
51.222.253.14 - - [02/Feb/2023:06:50:03 -0800] "GET /instagram-dallas/01-28-2023-1359111-Road-rage-shooting-in-Fort-Worth-sends-man-to-the.txt HTTP/1.1" 404 88 "-" "Mozilla/5.0 (compatible; AhrefsBot/7.0; +http://ahrefs.com/robot/)" "metrocrimedaily.com"
51.222.253.10 - - [02/Feb/2023:06:50:04 -0800] "GET /instagram-dallas/01-28-2023-1453201-Smokey-Robinson-to-Release-New-Solo-Album---Gasms.txt HTTP/1.1" 404 88 "-" "Mozilla/5.0 (compatible; AhrefsBot/7.0; +http://ahrefs.com/robot/)" "metrocrimedaily.com"
51.222.253.10 - - [02/Feb/2023:06:50:07 -0800] "GET /instagram-dallas/01-28-2023-1453202-Son-attacks--shoots-father-after-argument--Fort-W.txt HTTP/1.1" 404 88 "-" "Mozilla/5.0 (compatible; AhrefsBot/7.0; +http://ahrefs.com/robot/)" "metrocrimedaily.com"
51.222.253.17 - - [02/Feb/2023:06:50:08 -0800] "GET /instagram-dallas/01-28-2023-1557321-Fort-Worth-police-respond-to-3-shootings-overnigh.txt HTTP/1.1" 404 88 "-" "Mozilla/5.0 (compatible; AhrefsBot/7.0; +http://ahrefs.com/robot/)" "metrocrimedaily.com"
51.222.253.11 - - [02/Feb/2023:06:50:08 -0800] "GET /instagram-dallas/01-28-2023-1836171-Man-says-he-was-shot-when-groups-exchanged-gunfir.txt HTTP/1.1" 404 88 "-" "Mozilla/5.0 (compatible; AhrefsBot/7.0; +http://ahrefs.com/robot/)" "metrocrimedaily.com"
51.222.253.9 - - [02/Feb/2023:06:50:09 -0800] "GET /instagram-dallas/01-28-2023-1836172-The-Complete-Timeline-of-Events-in-the-Case-of-Ty.txt HTTP/1.1" 404 88 "-" "Mozilla/5.0 (compatible; AhrefsBot/7.0; +http://ahrefs.com/robot/)" "metrocrimedaily.com"
51.222.253.1 - - [02/Feb/2023:06:50:10 -0800] "GET /instagram-dallas/01-28-2023-1836173-Man-Shot-Multiple-Times-in-Apparent-Fort-Worth-Sh.txt HTTP/1.1" 404 88 "-" "Mozilla/5.0 (compatible; AhrefsBot/7.0; +http://ahrefs.com/robot/)" "metrocrimedaily.com"
51.222.253.2 - - [02/Feb/2023:06:50:11 -0800] "GET /instagram-dallas/01-28-2023-2035191-Damar-Hamlin-Speaks-Publicly-for-First-Time-Since.txt HTTP/1.1" 404 88 "-" "Mozilla/5.0 (compatible; AhrefsBot/7.0; +http://ahrefs.com/robot/)" "metrocrimedaily.com"
51.222.253.5 - - [02/Feb/2023:06:50:11 -0800] "GET /instagram-dallas/01-28-2023-2035192-Man-caused-officer-s-gun-to-discharge-after-tackl.txt HTTP/1.1" 404 88 "-" "Mozilla/5.0 (compatible; AhrefsBot/7.0; +http://ahrefs.com/robot/)" "metrocrimedaily.com"
51.222.253.9 - - [02/Feb/2023:06:50:12 -0800] "GET /instagram-dallas/01-28-2023-2144281-3-killed--4-injured-in-California-s-sixth-mass-sh.txt HTTP/1.1" 404 88 "-" "Mozilla/5.0 (compatible; AhrefsBot/7.0; +http://ahrefs.com/robot/)" "metrocrimedaily.com"
51.222.253.2 - - [02/Feb/2023:06:50:12 -0800] "GET /instagram-dallas/01-28-2023-2144282-Saturday-protest-held-in-Dallas-following-video-r.txt HTTP/1.1" 404 88 "-" "Mozilla/5.0 (compatible; AhrefsBot/7.0; +http://ahrefs.com/robot/)" "metrocrimedaily.com"
51.222.253.2 - - [02/Feb/2023:06:50:13 -0800] "GET /instagram-dallas/01-28-2023-2250361-Fort-Worth-police-searching-for-missing-child-.txt HTTP/1.1" 404 88 "-" "Mozilla/5.0 (compatible; AhrefsBot/7.0; +http://ahrefs.com/robot/)" "metrocrimedaily.com"
51.222.253.18 - - [02/Feb/2023:06:50:13 -0800] "GET /instagram-dallas/01-28-2023-2339251-Saturday-protest-held-in-Dallas-following-video-r.txt HTTP/1.1" 404 88 "-" "Mozilla/5.0 (compatible; AhrefsBot/7.0; +http://ahrefs.com/robot/)" "metrocrimedaily.com"
51.222.253.10 - - [02/Feb/2023:06:50:14 -0800] "GET /instagram-dallas/01-29-2023-0206441-Fugitive-Torture-Suspect-Is-Using-Dating-Apps-to-.txt HTTP/1.1" 404 88 "-" "Mozilla/5.0 (compatible; AhrefsBot/7.0; +http://ahrefs.com/robot/)" "metrocrimedaily.com"
51.222.253.12 - - [02/Feb/2023:06:50:15 -0800] "GET /instagram-dallas/01-29-2023-0309581-40-Dead-in-Pakistan-After-Passenger-Bus-Falls-Int.txt HTTP/1.1" 404 88 "-" "Mozilla/5.0 (compatible; AhrefsBot/7.0; +http://ahrefs.com/robot/)" "metrocrimedaily.com"
51.222.253.6 - - [02/Feb/2023:06:50:16 -0800] "GET /instagram-dallas/01-29-2023-0413131-Missing-Tiny--Potentially-Deadly-Radioactive-Caps.txt HTTP/1.1" 404 88 "-" "Mozilla/5.0 (compatible; AhrefsBot/7.0; +http://ahrefs.com/robot/)" "metrocrimedaily.com"
51.222.253.16 - - [02/Feb/2023:06:50:17 -0800] "GET /instagram-dallas/01-29-2023-0905151-Man-charged-with-assault-on-Dallas-police-officer.txt HTTP/1.1" 404 88 "-" "Mozilla/5.0 (compatible; AhrefsBot/7.0; +http://ahrefs.com/robot/)" "metrocrimedaily.com"
51.222.253.2 - - [02/Feb/2023:06:50:18 -0800] "GET /instagram-dallas/01-29-2023-1013502-Mass.-Dad-Releases-Statement--Asks-People-to-Forg.txt HTTP/1.1" 404 88 "-" "Mozilla/5.0 (compatible; AhrefsBot/7.0; +http://ahrefs.com/robot/)" "metrocrimedaily.com"
51.222.253.9 - - [02/Feb/2023:06:50:19 -0800] "GET /instagram-dallas/01-29-2023-1119431-Georgia-Quarterback-Stetson-Bennett-Arrested-For-.txt HTTP/1.1" 404 88 "-" "Mozilla/5.0 (compatible; AhrefsBot/7.0; +http://ahrefs.com/robot/)" "metrocrimedaily.com"
51.222.253.2 - - [02/Feb/2023:06:50:20 -0800] "GET /instagram-dallas/01-29-2023-1228421-Man-faces-assault-charge-after-tackling-Dallas-of.txt HTTP/1.1" 404 88 "-" "Mozilla/5.0 (compatible; AhrefsBot/7.0; +http://ahrefs.com/robot/)" "metrocrimedaily.com"
51.222.253.14 - - [02/Feb/2023:06:50:21 -0800] "GET /instagram-dallas/01-29-2023-1228422-Has-America-Become-Numb-to-Gun-Violence--.txt HTTP/1.1" 404 88 "-" "Mozilla/5.0 (compatible; AhrefsBot/7.0; +http://ahrefs.com/robot/)" "metrocrimedaily.com"
51.222.253.7 - - [02/Feb/2023:06:50:22 -0800] "GET /instagram-dallas/01-29-2023-1337511-Georgia-quarterback-Stetson-Bennett-released-from.txt HTTP/1.1" 404 88 "-" "Mozilla/5.0 (compatible; AhrefsBot/7.0; +http://ahrefs.com/robot/)" "metrocrimedaily.com"
51.222.253.4 - - [02/Feb/2023:06:50:22 -0800] "GET /instagram-dallas/01-29-2023-1337512-Georgia-Bulldogs-QB-Stetson-Bennett-arrested-in-D.txt HTTP/1.1" 404 88 "-" "Mozilla/5.0 (compatible; AhrefsBot/7.0; +http://ahrefs.com/robot/)" "metrocrimedaily.com"
51.222.253.19 - - [02/Feb/2023:06:50:23 -0800] "GET /instagram-dallas/01-29-2023-1443441-Estranged-husband-arrested-in-North-Texas-woman-s.txt HTTP/1.1" 404 88 "-" "Mozilla/5.0 (compatible; AhrefsBot/7.0; +http://ahrefs.com/robot/)" "metrocrimedaily.com"
51.222.253.16 - - [02/Feb/2023:06:50:24 -0800] "GET /instagram-dallas/01-29-2023-1537371-18-year-old-killed-in-shooting-at-Carrollton-beer.txt HTTP/1.1" 404 88 "-" "Mozilla/5.0 (compatible; AhrefsBot/7.0; +http://ahrefs.com/robot/)" "metrocrimedaily.com"
51.222.253.13 - - [02/Feb/2023:06:50:25 -0800] "GET /instagram-dallas/01-29-2023-1537372-Uvalde-shooting-survivor-meets-blood-donors-who-h.txt HTTP/1.1" 404 88 "-" "Mozilla/5.0 (compatible; AhrefsBot/7.0; +http://ahrefs.com/robot/)" "metrocrimedaily.com"
51.222.253.9 - - [02/Feb/2023:06:50:25 -0800] "GET /instagram-dallas/01-29-2023-2246411-Stetson-Bennett-arrest--Georgia-QB-charged-with-p.txt HTTP/1.1" 404 88 "-" "Mozilla/5.0 (compatible; AhrefsBot/7.0; +http://ahrefs.com/robot/)" "metrocrimedaily.com"
51.222.253.5 - - [02/Feb/2023:06:50:26 -0800] "GET /instagram-dallas/01-30-2023-0324321-Palestinians-Say-Israeli-Troops-Kill-Man-in-West-.txt HTTP/1.1" 404 88 "-" "Mozilla/5.0 (compatible; AhrefsBot/7.0; +http://ahrefs.com/robot/)" "metrocrimedaily.com"
51.222.253.1 - - [02/Feb/2023:06:50:26 -0800] "GET /instagram-dallas/01-30-2023-0500211-At-Least-27-Dead-After-Suicide-Bombing-at-Mosque-.txt HTTP/1.1" 404 88 "-" "Mozilla/5.0 (compatible; AhrefsBot/7.0; +http://ahrefs.com/robot/)" "metrocrimedaily.com"
51.222.253.3 - - [02/Feb/2023:06:50:27 -0800] "GET /instagram-dallas/01-30-2023-0955451-Woman-injured-in-Dallas-drive-by-shooting-.txt HTTP/1.1" 404 88 "-" "Mozilla/5.0 (compatible; AhrefsBot/7.0; +http://ahrefs.com/robot/)" "metrocrimedaily.com"
51.222.253.4 - - [02/Feb/2023:06:50:28 -0800] "GET /instagram-dallas/01-30-2023-1142001-Major-insurers-plan-to-drop-two-car-models--cover.txt HTTP/1.1" 404 88 "-" "Mozilla/5.0 (compatible; AhrefsBot/7.0; +http://ahrefs.com/robot/)" "metrocrimedaily.com"
51.222.253.20 - - [02/Feb/2023:06:50:28 -0800] "GET /instagram-dallas/01-30-2023-1142002-Will-arrest-hurt-Stetson-Bennett-s-NFL-Draft-stat.txt HTTP/1.1" 404 88 "-" "Mozilla/5.0 (compatible; AhrefsBot/7.0; +http://ahrefs.com/robot/)" "metrocrimedaily.com"
51.222.253.9 - - [02/Feb/2023:06:50:29 -0800] "GET /instagram-dallas/01-30-2023-1256321-1-killed--three-injured-in-shooting-involving-chi.txt HTTP/1.1" 404 88 "-" "Mozilla/5.0 (compatible; AhrefsBot/7.0; +http://ahrefs.com/robot/)" "metrocrimedaily.com"
51.222.253.16 - - [02/Feb/2023:06:50:30 -0800] "GET /instagram-dallas/01-30-2023-1256322-6th-Memphis-Officer-Involved-in-Tyre-Nichols--Fat.txt HTTP/1.1" 404 88 "-" "Mozilla/5.0 (compatible; AhrefsBot/7.0; +http://ahrefs.com/robot/)" "metrocrimedaily.com"
51.222.253.5 - - [02/Feb/2023:06:50:30 -0800] "GET /instagram-dallas/01-30-2023-1256323-Man-dies-after-Sunday-night-shooting--Hurst-polic.txt HTTP/1.1" 404 88 "-" "Mozilla/5.0 (compatible; AhrefsBot/7.0; +http://ahrefs.com/robot/)" "metrocrimedaily.com"
51.222.253.17 - - [02/Feb/2023:06:50:31 -0800] "GET /instagram-dallas/01-30-2023-1428331-No--Bears-Linebacker-Jack-Sanborn-Is-Not-Dating-M.txt HTTP/1.1" 404 88 "-" "Mozilla/5.0 (compatible; AhrefsBot/7.0; +http://ahrefs.com/robot/)" "metrocrimedaily.com"
51.222.253.7 - - [02/Feb/2023:06:50:32 -0800] "GET /instagram-dallas/01-30-2023-1428332-Police--Man-who-lured-15-year-old-girl-away-from-.txt HTTP/1.1" 404 88 "-" "Mozilla/5.0 (compatible; AhrefsBot/7.0; +http://ahrefs.com/robot/)" "metrocrimedaily.com"
51.222.253.14 - - [02/Feb/2023:06:50:32 -0800] "GET /instagram-dallas/01-30-2023-1428333-Husband-of-Massachusetts-mom-accused-of-killing-3.txt HTTP/1.1" 404 88 "-" "Mozilla/5.0 (compatible; AhrefsBot/7.0; +http://ahrefs.com/robot/)" "metrocrimedaily.com"
51.222.253.15 - - [02/Feb/2023:06:50:33 -0800] "GET /instagram-dallas/01-30-2023-1428334-Virginia-school-where-boy-shot-teacher-reopens-wi.txt HTTP/1.1" 404 88 "-" "Mozilla/5.0 (compatible; AhrefsBot/7.0; +http://ahrefs.com/robot/)" "metrocrimedaily.com"
51.222.253.15 - - [02/Feb/2023:06:50:33 -0800] "GET /instagram-stlouis/post-later/01-30-2023-19282911-Suburban-Chicago-school-worker-charged-with-steal.txt HTTP/1.1" 404 88 "-" "Mozilla/5.0 (compatible; AhrefsBot/7.0; +http://ahrefs.com/robot/)" "metrocrimedaily.com"
173.252.107.19 - - [02/Feb/2023:06:51:51 -0800] "GET /instagram-memphis/02-02-2023-0851311-A.jpg HTTP/1.1" 200 134053 "-" "facebookexternalhit/1.1 (+http://www.facebook.com/externalhit_uatext.php)" "www.metrocrimedaily.com"
173.252.107.119 - - [02/Feb/2023:06:58:15 -0800] "GET /instagram-miami/02-02-2023-0857551-A.jpg HTTP/1.1" 200 180761 "-" "facebookexternalhit/1.1 (+http://www.facebook.com/externalhit_uatext.php)" "www.metrocrimedaily.com"
51.222.253.11 - - [02/Feb/2023:06:58:50 -0800] "GET / HTTP/1.1" 200 11578 "-" "Mozilla/5.0 (compatible; AhrefsBot/7.0; +http://ahrefs.com/robot/)" "metrocrimedaily.com"
51.222.253.4 - - [02/Feb/2023:06:58:53 -0800] "GET /styles-mcd.css HTTP/1.1" 200 1159 "-" "Mozilla/5.0 (compatible; AhrefsBot/7.0; +http://ahrefs.com/robot/)" "metrocrimedaily.com"
51.222.253.7 - - [02/Feb/2023:06:58:54 -0800] "GET /images/twitter-logo-b-tiny.png HTTP/1.1" 200 1600 "-" "Mozilla/5.0 (compatible; AhrefsBot/7.0; +http://ahrefs.com/robot/)" "metrocrimedaily.com"
51.222.253.1 - - [02/Feb/2023:06:58:54 -0800] "GET /images/crimeinthed-logo.jpg HTTP/1.1" 200 14960 "-" "Mozilla/5.0 (compatible; AhrefsBot/7.0; +http://ahrefs.com/robot/)" "metrocrimedaily.com"
51.222.253.18 - - [02/Feb/2023:06:58:56 -0800] "GET /images/youtube-logo-tiny.png HTTP/1.1" 200 689 "-" "Mozilla/5.0 (compatible; AhrefsBot/7.0; +http://ahrefs.com/robot/)" "metrocrimedaily.com"
51.222.253.7 - - [02/Feb/2023:06:59:18 -0800] "GET /instagram-memphis/videos/?C=N;O=A HTTP/1.1" 200 328 "-" "Mozilla/5.0 (compatible; AhrefsBot/7.0; +http://ahrefs.com/robot/)" "metrocrimedaily.com"
51.222.253.10 - - [02/Feb/2023:06:59:55 -0800] "GET /CRIME-WATCH-AMERICA/GOOD_BARBER_APP-MAKER/INSTALL-CRIME-WATCH-HOUSTON/CRIME-WATCH-HOUSTON/WIP/backup/?C=N;O=A HTTP/1.1" 200 431 "-" "Mozilla/5.0 (compatible; AhrefsBot/7.0; +http://ahrefs.com/robot/)" "metrocrimedaily.com"
51.222.253.19 - - [02/Feb/2023:07:01:05 -0800] "GET /instagram-dallas/post-later/02-02-2023-0503351-Alex-Murdaugh-trial--Prosecutors-play-video-that-.txt HTTP/1.1" 200 1080 "-" "Mozilla/5.0 (compatible; AhrefsBot/7.0; +http://ahrefs.com/robot/)" "metrocrimedaily.com"
173.252.107.119 - - [02/Feb/2023:07:01:15 -0800] "GET /instagram-houston/02-02-2023-0900541-A.jpg HTTP/1.1" 200 157785 "-" "facebookexternalhit/1.1 (+http://www.facebook.com/externalhit_uatext.php)" "www.metrocrimedaily.com"
40.77.167.212 - - [02/Feb/2023:07:02:11 -0800] "GET /instagram-chicago/11-19-2022-1924542-CPD--Suspect-connected-to-string-of-November-busi.txt HTTP/1.1" 404 88 "-" "Mozilla/5.0 AppleWebKit/537.36 (KHTML, like Gecko; compatible; bingbot/2.0; +http://www.bing.com/bingbot.htm) Chrome/103.0.5060.134 Safari/537.36" "www.metrocrimedaily.com"
51.222.253.1 - - [02/Feb/2023:07:03:33 -0800] "GET /instagram-dallas/post-later/?C=N;O=A HTTP/1.1" 200 836 "-" "Mozilla/5.0 (compatible; AhrefsBot/7.0; +http://ahrefs.com/robot/)" "metrocrimedaily.com"
69.63.184.118 - - [02/Feb/2023:07:05:47 -0800] "GET /instagram-chicago/02-02-2023-0834472-A.jpg HTTP/1.1" 200 159827 "-" "facebookexternalhit/1.1 (+http://www.facebook.com/externalhit_uatext.php)" "www.metrocrimedaily.com"
51.222.253.3 - - [02/Feb/2023:07:06:09 -0800] "GET /instagram-memphis/videos/?C=D;O=D HTTP/1.1" 200 326 "-" "Mozilla/5.0 (compatible; AhrefsBot/7.0; +http://ahrefs.com/robot/)" "metrocrimedaily.com"
69.63.184.1 - - [02/Feb/2023:07:06:15 -0800] "GET /instagram-chicago/02-02-2023-0834473-A.jpg HTTP/1.1" 200 93556 "-" "facebookexternalhit/1.1 (+http://www.facebook.com/externalhit_uatext.php)" "www.metrocrimedaily.com"
69.63.184.3 - - [02/Feb/2023:07:06:44 -0800] "GET /instagram-chicago/02-02-2023-0834474-A.jpg HTTP/1.1" 200 168440 "-" "facebookexternalhit/1.1 (+http://www.facebook.com/externalhit_uatext.php)" "www.metrocrimedaily.com"
51.222.253.18 - - [02/Feb/2023:07:08:29 -0800] "GET /instagram-memphis/videos/?C=M;O=D HTTP/1.1" 200 326 "-" "Mozilla/5.0 (compatible; AhrefsBot/7.0; +http://ahrefs.com/robot/)" "metrocrimedaily.com"
114.119.152.245 - - [02/Feb/2023:07:12:15 -0800] "GET /www.fox5ny.com HTTP/1.1" 404 88 "https://metrocrimedaily.com/index-newyork.html" "Mozilla/5.0 (Linux; Android 7.0;) AppleWebKit/537.36 (KHTML, like Gecko) Mobile Safari/537.36 (compatible; PetalBot;+https://webmaster.petalsearch.com/site/petalbot)" "metrocrimedaily.com"
51.222.253.18 - - [02/Feb/2023:07:14:10 -0800] "GET /instagram-memphis/videos/?C=S;O=D HTTP/1.1" 200 326 "-" "Mozilla/5.0 (compatible; AhrefsBot/7.0; +http://ahrefs.com/robot/)" "metrocrimedaily.com"
40.77.167.212 - - [02/Feb/2023:07:14:53 -0800] "GET /index-miami.html HTTP/1.1" 200 7645 "-" "Mozilla/5.0 AppleWebKit/537.36 (KHTML, like Gecko; compatible; bingbot/2.0; +http://www.bing.com/bingbot.htm) Chrome/103.0.5060.134 Safari/537.36" "metrocrimedaily.com"
69.63.184.2 - - [02/Feb/2023:07:19:17 -0800] "GET /instagram-detroit/02-02-2023-0848202-A.jpg HTTP/1.1" 200 62741 "-" "facebookexternalhit/1.1 (+http://www.facebook.com/externalhit_uatext.php)" "www.metrocrimedaily.com"
52.167.144.32 - - [02/Feb/2023:07:19:33 -0800] "GET /instagram-detroit/12-27-2022-0956081-Whitmer-kidnap-plot-ringleader-to-be-sentenced-in.txt HTTP/1.1" 404 88 "-" "Mozilla/5.0 AppleWebKit/537.36 (KHTML, like Gecko; compatible; bingbot/2.0; +http://www.bing.com/bingbot.htm) Chrome/103.0.5060.134 Safari/537.36" "www.metrocrimedaily.com"
173.252.95.6 - - [02/Feb/2023:07:22:23 -0800] "GET /instagram-memphis/02-02-2023-0851312-A.jpg HTTP/1.1" 200 69757 "-" "facebookexternalhit/1.1 (+http://www.facebook.com/externalhit_uatext.php)" "www.metrocrimedaily.com"
114.119.128.59 - - [02/Feb/2023:07:23:21 -0800] "GET /index-houston.html HTTP/1.1" 200 16272 "https://metrocrimedaily.com/?C=M%3BO%3DA" "Mozilla/5.0 (Linux; Android 7.0;) AppleWebKit/537.36 (KHTML, like Gecko) Mobile Safari/537.36 (compatible; PetalBot;+https://webmaster.petalsearch.com/site/petalbot)" "metrocrimedaily.com"
51.222.253.14 - - [02/Feb/2023:07:23:53 -0800] "GET /instagram-houston/videos/?C=D;O=A HTTP/1.1" 200 438 "-" "Mozilla/5.0 (compatible; AhrefsBot/7.0; +http://ahrefs.com/robot/)" "metrocrimedaily.com"
173.252.95.20 - - [02/Feb/2023:07:27:20 -0800] "GET /instagram-losangeles/02-02-2023-0927001-A.jpg HTTP/1.1" 200 122211 "-" "facebookexternalhit/1.1 (+http://www.facebook.com/externalhit_uatext.php)" "www.metrocrimedaily.com"
