69.63.184.119 - - [02/Feb/2023:13:20:54 -0800] "GET /instagram-chicago/02-02-2023-1520331-A.jpg HTTP/1.1" 200 162321 "-" "facebookexternalhit/1.1 (+http://www.facebook.com/externalhit_uatext.php)" "www.metrocrimedaily.com"
51.222.253.11 - - [02/Feb/2023:13:21:30 -0800] "GET /instagram-houston/01-28-2023-0907543-Suspected-drunk-driver-seriously-hurt-after-crash.txt HTTP/1.1" 404 88 "-" "Mozilla/5.0 (compatible; AhrefsBot/7.0; +http://ahrefs.com/robot/)" "metrocrimedaily.com"
51.222.253.18 - - [02/Feb/2023:13:22:16 -0800] "GET /instagram-houston/01-28-2023-1526201-3-killed--4-injured-in-California-s-sixth-mass-sh.txt HTTP/1.1" 404 88 "-" "Mozilla/5.0 (compatible; AhrefsBot/7.0; +http://ahrefs.com/robot/)" "metrocrimedaily.com"
40.77.167.212 - - [02/Feb/2023:13:22:35 -0800] "GET /index-miami.html HTTP/1.1" 200 9363 "-" "Mozilla/5.0 AppleWebKit/537.36 (KHTML, like Gecko; compatible; bingbot/2.0; +http://www.bing.com/bingbot.htm) Chrome/103.0.5060.134 Safari/537.36" "metrocrimedaily.com"
51.222.253.14 - - [02/Feb/2023:13:23:08 -0800] "GET /instagram-houston/01-28-2023-1634031-Police-warn-that-Oregon-torture-suspect-is-using-.txt HTTP/1.1" 404 88 "-" "Mozilla/5.0 (compatible; AhrefsBot/7.0; +http://ahrefs.com/robot/)" "metrocrimedaily.com"
51.222.253.8 - - [02/Feb/2023:13:23:51 -0800] "GET /instagram-houston/01-28-2023-1901452-Sheriff--Man-found-dead-in-Brazoria-County-after-.txt HTTP/1.1" 404 88 "-" "Mozilla/5.0 (compatible; AhrefsBot/7.0; +http://ahrefs.com/robot/)" "metrocrimedaily.com"
51.222.253.3 - - [02/Feb/2023:13:24:32 -0800] "GET /instagram-houston/01-28-2023-1901453-Coroner--Remains-found-in-Libertyville-identified.txt HTTP/1.1" 404 88 "-" "Mozilla/5.0 (compatible; AhrefsBot/7.0; +http://ahrefs.com/robot/)" "metrocrimedaily.com"
51.222.253.1 - - [02/Feb/2023:13:24:50 -0800] "GET /instagram-houston/01-28-2023-1901454-Man--45--dead-after-possible-home-invasion-in-Bra.txt HTTP/1.1" 404 88 "-" "Mozilla/5.0 (compatible; AhrefsBot/7.0; +http://ahrefs.com/robot/)" "metrocrimedaily.com"
51.222.253.16 - - [02/Feb/2023:13:25:04 -0800] "GET /instagram-houston/01-28-2023-2103251-Prosecutor--$100-repair-bill-sparked-Half-Moon-Ba.txt HTTP/1.1" 404 88 "-" "Mozilla/5.0 (compatible; AhrefsBot/7.0; +http://ahrefs.com/robot/)" "metrocrimedaily.com"
51.222.253.11 - - [02/Feb/2023:13:25:27 -0800] "GET /instagram-houston/01-28-2023-2103252-Missing-radioactive-capsule-prompts-urgent-public.txt HTTP/1.1" 404 88 "-" "Mozilla/5.0 (compatible; AhrefsBot/7.0; +http://ahrefs.com/robot/)" "metrocrimedaily.com"
51.222.253.11 - - [02/Feb/2023:13:25:47 -0800] "GET /instagram-houston/01-28-2023-2103254-Silver-Alert-issued-for-missing-Harris-County-man.txt HTTP/1.1" 404 88 "-" "Mozilla/5.0 (compatible; AhrefsBot/7.0; +http://ahrefs.com/robot/)" "metrocrimedaily.com"
51.222.253.12 - - [02/Feb/2023:13:26:05 -0800] "GET /instagram-houston/01-28-2023-2103255-Have-you-seen-him--HCSO-searching-for-missing-70-.txt HTTP/1.1" 404 88 "-" "Mozilla/5.0 (compatible; AhrefsBot/7.0; +http://ahrefs.com/robot/)" "metrocrimedaily.com"
51.222.253.17 - - [02/Feb/2023:13:26:19 -0800] "GET /instagram-houston/01-28-2023-2313151-Have-you-seen-him--HCSO-searching-for-missing-70-.txt HTTP/1.1" 404 88 "-" "Mozilla/5.0 (compatible; AhrefsBot/7.0; +http://ahrefs.com/robot/)" "metrocrimedaily.com"
51.222.253.19 - - [02/Feb/2023:13:26:49 -0800] "GET /instagram-houston/01-28-2023-2313152-Alief-woman-reunited-with-stolen-14-year-old-dog-.txt HTTP/1.1" 404 88 "-" "Mozilla/5.0 (compatible; AhrefsBot/7.0; +http://ahrefs.com/robot/)" "metrocrimedaily.com"
173.252.95.15 - - [02/Feb/2023:13:26:51 -0800] "GET /instagram-newyork/02-02-2023-1455203-A.jpg HTTP/1.1" 200 99336 "-" "facebookexternalhit/1.1 (+http://www.facebook.com/externalhit_uatext.php)" "www.metrocrimedaily.com"
51.222.253.19 - - [02/Feb/2023:13:27:13 -0800] "GET /instagram-houston/01-29-2023-0801191-HPD--Man-shot-to-death-in-north-Houston-after-alt.txt HTTP/1.1" 404 88 "-" "Mozilla/5.0 (compatible; AhrefsBot/7.0; +http://ahrefs.com/robot/)" "metrocrimedaily.com"
51.222.253.14 - - [02/Feb/2023:13:27:14 -0800] "GET /instagram-houston/01-29-2023-0801193-Protesters---Cop-City--activist-s-killing-doesn-t.txt HTTP/1.1" 404 88 "-" "Mozilla/5.0 (compatible; AhrefsBot/7.0; +http://ahrefs.com/robot/)" "metrocrimedaily.com"
51.222.253.20 - - [02/Feb/2023:13:27:17 -0800] "GET /instagram-houston/01-29-2023-1024561-Argument-over-woman-leads-to-man-fatally-shot-in-.txt HTTP/1.1" 404 88 "-" "Mozilla/5.0 (compatible; AhrefsBot/7.0; +http://ahrefs.com/robot/)" "metrocrimedaily.com"
51.222.253.7 - - [02/Feb/2023:13:27:18 -0800] "GET /instagram-houston/01-29-2023-0638381-California-shooting--3-dead--4-hurt-in-ritzy-LA-n.txt HTTP/1.1" 404 88 "-" "Mozilla/5.0 (compatible; AhrefsBot/7.0; +http://ahrefs.com/robot/)" "metrocrimedaily.com"
51.222.253.9 - - [02/Feb/2023:13:27:18 -0800] "GET /instagram-houston/01-29-2023-0801192-HPD--Man-shot-to-death-in-north-Houston-after-alt.txt HTTP/1.1" 404 88 "-" "Mozilla/5.0 (compatible; AhrefsBot/7.0; +http://ahrefs.com/robot/)" "metrocrimedaily.com"
51.222.253.7 - - [02/Feb/2023:13:27:21 -0800] "GET /instagram-houston/01-29-2023-1024563-Man-found-fatally-shot-inside-SW-Houston-apartmen.txt HTTP/1.1" 404 88 "-" "Mozilla/5.0 (compatible; AhrefsBot/7.0; +http://ahrefs.com/robot/)" "metrocrimedaily.com"
51.222.253.7 - - [02/Feb/2023:13:27:25 -0800] "GET /instagram-houston/01-29-2023-1249541-Bomb-threat-forces-West-End-Church-to-evacuate--p.txt HTTP/1.1" 404 88 "-" "Mozilla/5.0 (compatible; AhrefsBot/7.0; +http://ahrefs.com/robot/)" "metrocrimedaily.com"
51.222.253.14 - - [02/Feb/2023:13:27:27 -0800] "GET /instagram-houston/01-29-2023-1249542-HPD--Trail-of-blood-leads-police-to-scene-where-m.txt HTTP/1.1" 404 88 "-" "Mozilla/5.0 (compatible; AhrefsBot/7.0; +http://ahrefs.com/robot/)" "metrocrimedaily.com"
51.222.253.1 - - [02/Feb/2023:13:27:27 -0800] "GET /instagram-houston/01-29-2023-1024562-Juvenile-seriously-injured-in-early-morning-shoot.txt HTTP/1.1" 404 88 "-" "Mozilla/5.0 (compatible; AhrefsBot/7.0; +http://ahrefs.com/robot/)" "metrocrimedaily.com"
51.222.253.11 - - [02/Feb/2023:13:27:34 -0800] "GET /instagram-houston/01-29-2023-1750021-Galveston-police-chief-placed-on-leave-in-wake-of.txt HTTP/1.1" 404 88 "-" "Mozilla/5.0 (compatible; AhrefsBot/7.0; +http://ahrefs.com/robot/)" "metrocrimedaily.com"
51.222.253.19 - - [02/Feb/2023:13:27:36 -0800] "GET /instagram-houston/01-29-2023-1249543-HPD--Trail-of-blood-leads-police-to-scene-where-m.txt HTTP/1.1" 404 88 "-" "Mozilla/5.0 (compatible; AhrefsBot/7.0; +http://ahrefs.com/robot/)" "metrocrimedaily.com"
51.222.253.19 - - [02/Feb/2023:13:27:47 -0800] "GET /instagram-houston/01-29-2023-1750022-Naperville-attorney-appointed-judge-in-DuPage-Cou.txt HTTP/1.1" 404 88 "-" "Mozilla/5.0 (compatible; AhrefsBot/7.0; +http://ahrefs.com/robot/)" "metrocrimedaily.com"
51.222.253.18 - - [02/Feb/2023:13:27:48 -0800] "GET /instagram-houston/01-29-2023-1750024-Family-talks-about-police-raid-at-their-Galveston.txt HTTP/1.1" 404 88 "-" "Mozilla/5.0 (compatible; AhrefsBot/7.0; +http://ahrefs.com/robot/)" "metrocrimedaily.com"
51.222.253.10 - - [02/Feb/2023:13:27:50 -0800] "GET /instagram-houston/01-29-2023-1944391-Hampton-man-found-with-fatal-gunshot-wound-in-his.txt HTTP/1.1" 404 88 "-" "Mozilla/5.0 (compatible; AhrefsBot/7.0; +http://ahrefs.com/robot/)" "metrocrimedaily.com"
51.222.253.18 - - [02/Feb/2023:13:27:53 -0800] "GET /instagram-houston/01-29-2023-1944392-Galveston-Police-Chief-on-leave-after-SWAT-raid-t.txt HTTP/1.1" 404 88 "-" "Mozilla/5.0 (compatible; AhrefsBot/7.0; +http://ahrefs.com/robot/)" "metrocrimedaily.com"
51.222.253.2 - - [02/Feb/2023:13:27:55 -0800] "GET /instagram-houston/01-29-2023-1944393-Lisle-police-arrest-men-accused-of-holding-guns-o.txt HTTP/1.1" 404 88 "-" "Mozilla/5.0 (compatible; AhrefsBot/7.0; +http://ahrefs.com/robot/)" "metrocrimedaily.com"
51.222.253.11 - - [02/Feb/2023:13:27:57 -0800] "GET /instagram-houston/01-29-2023-2124021-T.C.-Jester-Shooting--Houston-police-searching-fo.txt HTTP/1.1" 404 88 "-" "Mozilla/5.0 (compatible; AhrefsBot/7.0; +http://ahrefs.com/robot/)" "metrocrimedaily.com"
51.222.253.15 - - [02/Feb/2023:13:27:58 -0800] "GET /instagram-houston/01-29-2023-2124022-Man--stolen-truck-sought-after-man-found-dead-at-.txt HTTP/1.1" 404 88 "-" "Mozilla/5.0 (compatible; AhrefsBot/7.0; +http://ahrefs.com/robot/)" "metrocrimedaily.com"
51.222.253.9 - - [02/Feb/2023:13:28:01 -0800] "GET /instagram-houston/01-29-2023-2124023-HAVE-YOU-SEEN-DEWEY--76-year-old-reported-missing.txt HTTP/1.1" 404 88 "-" "Mozilla/5.0 (compatible; AhrefsBot/7.0; +http://ahrefs.com/robot/)" "metrocrimedaily.com"
51.222.253.2 - - [02/Feb/2023:13:28:02 -0800] "GET /instagram-houston/01-29-2023-2309421-HPD--Man-snatched-$3-000-bracelet-from-Willowbroo.txt HTTP/1.1" 404 88 "-" "Mozilla/5.0 (compatible; AhrefsBot/7.0; +http://ahrefs.com/robot/)" "metrocrimedaily.com"
51.222.253.20 - - [02/Feb/2023:13:28:03 -0800] "GET /instagram-houston/01-29-2023-2309422-Authorities-ID-3-killed-in-shooting-at-home-in-Lo.txt HTTP/1.1" 404 88 "-" "Mozilla/5.0 (compatible; AhrefsBot/7.0; +http://ahrefs.com/robot/)" "metrocrimedaily.com"
51.222.253.17 - - [02/Feb/2023:13:28:05 -0800] "GET /instagram-houston/01-29-2023-2309423-Man-dead-in-a-shooting-apparently-over-a-woman--p.txt HTTP/1.1" 404 88 "-" "Mozilla/5.0 (compatible; AhrefsBot/7.0; +http://ahrefs.com/robot/)" "metrocrimedaily.com"
51.222.253.4 - - [02/Feb/2023:13:28:07 -0800] "GET /instagram-houston/01-29-2023-2309424-Raw-video--Man-caught-on-camera-stealing-$3-000-f.txt HTTP/1.1" 404 88 "-" "Mozilla/5.0 (compatible; AhrefsBot/7.0; +http://ahrefs.com/robot/)" "metrocrimedaily.com"
51.222.253.8 - - [02/Feb/2023:13:28:08 -0800] "GET /instagram-houston/01-30-2023-0105031-HPD--Active-search-for-homeowner--stolen-truck-af.txt HTTP/1.1" 404 88 "-" "Mozilla/5.0 (compatible; AhrefsBot/7.0; +http://ahrefs.com/robot/)" "metrocrimedaily.com"
51.222.253.9 - - [02/Feb/2023:13:28:10 -0800] "GET /instagram-houston/01-30-2023-0658321-School-where-6-year-old-shot-his-teacher-set-to-r.txt HTTP/1.1" 404 88 "-" "Mozilla/5.0 (compatible; AhrefsBot/7.0; +http://ahrefs.com/robot/)" "metrocrimedaily.com"
51.222.253.17 - - [02/Feb/2023:13:28:14 -0800] "GET /instagram-houston/01-30-2023-0823111-Trump-investigations--Georgia-prosecutor-ups-anti.txt HTTP/1.1" 404 88 "-" "Mozilla/5.0 (compatible; AhrefsBot/7.0; +http://ahrefs.com/robot/)" "metrocrimedaily.com"
51.222.253.5 - - [02/Feb/2023:13:28:16 -0800] "GET /instagram-houston/01-30-2023-0823112-Driver-killed-in-head-on-collision-in-Spring--dep.txt HTTP/1.1" 404 88 "-" "Mozilla/5.0 (compatible; AhrefsBot/7.0; +http://ahrefs.com/robot/)" "metrocrimedaily.com"
51.222.253.9 - - [02/Feb/2023:13:28:17 -0800] "GET /instagram-houston/01-30-2023-0823113-Suicide-bomber-kills-34--wounds-150-at-mosque-in-.txt HTTP/1.1" 404 88 "-" "Mozilla/5.0 (compatible; AhrefsBot/7.0; +http://ahrefs.com/robot/)" "metrocrimedaily.com"
51.222.253.20 - - [02/Feb/2023:13:28:18 -0800] "GET /instagram-houston/01-30-2023-1109241-Teen-taken-to-Houston-fire-station-after-shooting.txt HTTP/1.1" 404 88 "-" "Mozilla/5.0 (compatible; AhrefsBot/7.0; +http://ahrefs.com/robot/)" "metrocrimedaily.com"
51.222.253.8 - - [02/Feb/2023:13:28:19 -0800] "GET /instagram-houston/01-30-2023-1109242-Elon-Musk-apologizes-for-raising-doubts-about-Pau.txt HTTP/1.1" 404 88 "-" "Mozilla/5.0 (compatible; AhrefsBot/7.0; +http://ahrefs.com/robot/)" "metrocrimedaily.com"
51.222.253.1 - - [02/Feb/2023:13:28:20 -0800] "GET /instagram-houston/01-30-2023-1109243-Suicide-bomber-kills-47--wounds-over-150-at-Pakis.txt HTTP/1.1" 404 88 "-" "Mozilla/5.0 (compatible; AhrefsBot/7.0; +http://ahrefs.com/robot/)" "metrocrimedaily.com"
51.222.253.3 - - [02/Feb/2023:13:28:21 -0800] "GET /instagram-houston/01-30-2023-1331321-Major-insurers-plan-to-drop-two-car-models--cover.txt HTTP/1.1" 404 88 "-" "Mozilla/5.0 (compatible; AhrefsBot/7.0; +http://ahrefs.com/robot/)" "metrocrimedaily.com"
51.222.253.13 - - [02/Feb/2023:13:28:21 -0800] "GET /instagram-houston/01-30-2023-1331322-5-Ukrainian-civilians-killed-as-warring-sides-mul.txt HTTP/1.1" 404 88 "-" "Mozilla/5.0 (compatible; AhrefsBot/7.0; +http://ahrefs.com/robot/)" "metrocrimedaily.com"
51.222.253.8 - - [02/Feb/2023:13:28:22 -0800] "GET /instagram-houston/01-30-2023-1331323-Eagle-Scout-saves-grandfather-during-sudden-heart.txt HTTP/1.1" 404 88 "-" "Mozilla/5.0 (compatible; AhrefsBot/7.0; +http://ahrefs.com/robot/)" "metrocrimedaily.com"
51.222.253.13 - - [02/Feb/2023:13:28:23 -0800] "GET /instagram-houston/post-later/01-23-2023-19370412-Idaho-murders-victim-Kaylee-Goncalves-had-reporte.txt HTTP/1.1" 404 88 "-" "Mozilla/5.0 (compatible; AhrefsBot/7.0; +http://ahrefs.com/robot/)" "www.metrocrimedaily.com"
51.222.253.14 - - [02/Feb/2023:13:28:24 -0800] "GET /instagram-houston/post-later/01-23-2023-19370413-2-men-killed--another-injured-in-ambush-style-att.txt HTTP/1.1" 404 88 "-" "Mozilla/5.0 (compatible; AhrefsBot/7.0; +http://ahrefs.com/robot/)" "www.metrocrimedaily.com"
51.222.253.7 - - [02/Feb/2023:13:28:25 -0800] "GET /instagram-houston/post-later/01-23-2023-19370414-Virginia-Beach-teens-wanted-to-buy-pot-before-a-v.txt HTTP/1.1" 404 88 "-" "Mozilla/5.0 (compatible; AhrefsBot/7.0; +http://ahrefs.com/robot/)" "www.metrocrimedaily.com"
51.222.253.16 - - [02/Feb/2023:13:28:26 -0800] "GET /instagram-houston/post-later/01-23-2023-19370415-HOUSTON-SYNAGOGUE-DAMAGED--Woman-charged-in-conne.txt HTTP/1.1" 404 88 "-" "Mozilla/5.0 (compatible; AhrefsBot/7.0; +http://ahrefs.com/robot/)" "www.metrocrimedaily.com"
51.222.253.9 - - [02/Feb/2023:13:28:26 -0800] "GET /instagram-houston/post-later/01-23-2023-19370416-Sheriff--At-least-50-shots-fired-when-2-men--ambu.txt HTTP/1.1" 404 88 "-" "Mozilla/5.0 (compatible; AhrefsBot/7.0; +http://ahrefs.com/robot/)" "www.metrocrimedaily.com"
51.222.253.16 - - [02/Feb/2023:13:28:27 -0800] "GET /instagram-houston/post-later/01-23-2023-19370417-Mariano-s-worker-charged-in-Glenview-store-shooti.txt HTTP/1.1" 404 88 "-" "Mozilla/5.0 (compatible; AhrefsBot/7.0; +http://ahrefs.com/robot/)" "www.metrocrimedaily.com"
51.222.253.13 - - [02/Feb/2023:13:28:28 -0800] "GET /instagram-houston/post-later/01-23-2023-19370418-Jersey-Village-man-sentenced-to-30-years-in-priso.txt HTTP/1.1" 404 88 "-" "Mozilla/5.0 (compatible; AhrefsBot/7.0; +http://ahrefs.com/robot/)" "www.metrocrimedaily.com"
51.222.253.5 - - [02/Feb/2023:13:28:29 -0800] "GET /instagram-houston/post-later/01-23-2023-19370419-North-Texas-youth-pastor--high-school-coach-and-v.txt HTTP/1.1" 404 88 "-" "Mozilla/5.0 (compatible; AhrefsBot/7.0; +http://ahrefs.com/robot/)" "www.metrocrimedaily.com"
51.222.253.5 - - [02/Feb/2023:13:28:30 -0800] "GET /instagram-houston/post-later/01-23-2023-23565910-Family-attorneys-likens-Tyre-Nichols--arrest-to-R.txt HTTP/1.1" 404 88 "-" "Mozilla/5.0 (compatible; AhrefsBot/7.0; +http://ahrefs.com/robot/)" "www.metrocrimedaily.com"
51.222.253.20 - - [02/Feb/2023:13:28:30 -0800] "GET /instagram-houston/post-later/01-23-2023-23565911-Activists-demand-arrests-after-grandmother-who-fo.txt HTTP/1.1" 404 88 "-" "Mozilla/5.0 (compatible; AhrefsBot/7.0; +http://ahrefs.com/robot/)" "www.metrocrimedaily.com"
51.222.253.16 - - [02/Feb/2023:13:28:31 -0800] "GET /instagram-houston/post-later/01-23-2023-23565912-Police--Five-injured-in-crashes-as-car-thieves-fl.txt HTTP/1.1" 404 88 "-" "Mozilla/5.0 (compatible; AhrefsBot/7.0; +http://ahrefs.com/robot/)" "www.metrocrimedaily.com"
51.222.253.10 - - [02/Feb/2023:13:28:31 -0800] "GET /instagram-houston/post-later/01-23-2023-23565913-Four-years-later--investigators--family-members-s.txt HTTP/1.1" 404 88 "-" "Mozilla/5.0 (compatible; AhrefsBot/7.0; +http://ahrefs.com/robot/)" "www.metrocrimedaily.com"
51.222.253.13 - - [02/Feb/2023:13:28:32 -0800] "GET /instagram-houston/post-later/01-23-2023-23565914-California-mass-shooting--Seven-dead-in-Half-Moon.txt HTTP/1.1" 404 88 "-" "Mozilla/5.0 (compatible; AhrefsBot/7.0; +http://ahrefs.com/robot/)" "www.metrocrimedaily.com"
51.222.253.16 - - [02/Feb/2023:13:28:33 -0800] "GET /instagram-houston/post-later/01-23-2023-23565915----We-were-terrified-----Houston-area-Lunar-New-Y.txt HTTP/1.1" 404 88 "-" "Mozilla/5.0 (compatible; AhrefsBot/7.0; +http://ahrefs.com/robot/)" "www.metrocrimedaily.com"
51.222.253.14 - - [02/Feb/2023:13:28:33 -0800] "GET /instagram-houston/post-later/01-23-2023-23565916-Petition-seeks-to-free-Hawaiian-man-convicted-of-.txt HTTP/1.1" 404 88 "-" "Mozilla/5.0 (compatible; AhrefsBot/7.0; +http://ahrefs.com/robot/)" "www.metrocrimedaily.com"
51.222.253.18 - - [02/Feb/2023:13:28:34 -0800] "GET /instagram-houston/post-later/01-23-2023-23565917-Official--7-killed-in-two-shootings-in-California.txt HTTP/1.1" 404 88 "-" "Mozilla/5.0 (compatible; AhrefsBot/7.0; +http://ahrefs.com/robot/)" "www.metrocrimedaily.com"
51.222.253.13 - - [02/Feb/2023:13:28:36 -0800] "GET /instagram-houston/post-later/01-23-2023-2356594-Half-Moon-Bay-shootings-leave-7-dead%3B-suspect-in-.txt HTTP/1.1" 404 88 "-" "Mozilla/5.0 (compatible; AhrefsBot/7.0; +http://ahrefs.com/robot/)" "www.metrocrimedaily.com"
51.222.253.17 - - [02/Feb/2023:13:28:37 -0800] "GET /instagram-houston/post-later/01-24-2023-1906514-War-on-drugs-locked-him-up%3B-now-he-s-a-cannabis-e.txt HTTP/1.1" 404 88 "-" "Mozilla/5.0 (compatible; AhrefsBot/7.0; +http://ahrefs.com/robot/)" "www.metrocrimedaily.com"
205.169.39.63 - - [02/Feb/2023:13:28:38 -0800] "GET /images/police-tape.jpg HTTP/1.1" 200 50766 "-" "Mozilla/5.0 (Windows NT 10.0) AppleWebKit/537.36 (KHTML, like Gecko) Chrome/106.0.0.0 Safari/537.36" "metrocrimedaily.com"
51.222.253.4 - - [02/Feb/2023:13:28:39 -0800] "GET /CRIME-WATCH-AMERICA/GOOD_BARBER_APP-MAKER/unix/bin/readme_winsu.txt HTTP/1.1" 200 485 "-" "Mozilla/5.0 (compatible; AhrefsBot/7.0; +http://ahrefs.com/robot/)" "metrocrimedaily.com"
65.154.226.166 - - [02/Feb/2023:13:28:40 -0800] "GET /images/crimeinthed-logo.jpg HTTP/1.1" 200 14960 "-" "Mozilla/5.0 (Windows NT 10.0) AppleWebKit/537.36 (KHTML, like Gecko) Chrome/106.0.0.0 Safari/537.36" "www.metrocrimedaily.com"
205.169.39.63 - - [02/Feb/2023:13:28:40 -0800] "GET /images/twitter-logo-b-tiny.png HTTP/1.1" 200 1600 "-" "Mozilla/5.0 (Windows NT 10.0) AppleWebKit/537.36 (KHTML, like Gecko) Chrome/106.0.0.0 Safari/537.36" "www.metrocrimedaily.com"
51.222.253.17 - - [02/Feb/2023:13:28:41 -0800] "GET /instagram-dallas/01-19-2023-2112412---%C3%82%C2%A3There-Is-a-Line-You-Cannot-Cross--%C3%82%C2%A5--Kansas-Ma.txt HTTP/1.1" 404 88 "-" "Mozilla/5.0 (compatible; AhrefsBot/7.0; +http://ahrefs.com/robot/)" "metrocrimedaily.com"
51.222.253.6 - - [02/Feb/2023:13:28:42 -0800] "GET /CRIME-WATCH-AMERICA/CRIME-WATCH-DETROIT/unix/bin/youtube-dl-01-24-2020.exe HTTP/1.1" 200 8031644 "-" "Mozilla/5.0 (compatible; AhrefsBot/7.0; +http://ahrefs.com/robot/)" "www.metrocrimedaily.com"
205.169.39.63 - - [02/Feb/2023:13:28:42 -0800] "GET /images/facebook-logo-tiny.png HTTP/1.1" 200 1280 "-" "Mozilla/5.0 (Windows NT 10.0) AppleWebKit/537.36 (KHTML, like Gecko) Chrome/106.0.0.0 Safari/537.36" "www.metrocrimedaily.com"
51.222.253.14 - - [02/Feb/2023:13:28:43 -0800] "GET /CRIME-WATCH-AMERICA/CRIME-WATCH-STLOUIS/unix/bin/youtube-dl-01-24-2020.exe HTTP/1.1" 200 8031644 "-" "Mozilla/5.0 (compatible; AhrefsBot/7.0; +http://ahrefs.com/robot/)" "www.metrocrimedaily.com"
205.169.39.63 - - [02/Feb/2023:13:28:46 -0800] "GET /images/youtube-logo-tiny.png HTTP/1.1" 200 689 "-" "Mozilla/5.0 (Windows NT 10.0) AppleWebKit/537.36 (KHTML, like Gecko) Chrome/106.0.0.0 Safari/537.36" "www.metrocrimedaily.com"
173.252.95.24 - - [02/Feb/2023:13:29:40 -0800] "GET /instagram-memphis/02-02-2023-1458123-A.jpg HTTP/1.1" 200 186217 "-" "facebookexternalhit/1.1 (+http://www.facebook.com/externalhit_uatext.php)" "www.metrocrimedaily.com"
114.119.134.195 - - [02/Feb/2023:13:32:16 -0800] "GET /instagram-houston/01-25-2023-1434242-Scammer-sentenced-to-28-years-in-prison-for-takin.txt HTTP/1.1" 404 88 "https://metrocrimedaily.com/instagram-houston/" "Mozilla/5.0 (Linux; Android 7.0;) AppleWebKit/537.36 (KHTML, like Gecko) Mobile Safari/537.36 (compatible; PetalBot;+https://webmaster.petalsearch.com/site/petalbot)" "metrocrimedaily.com"
69.63.184.120 - - [02/Feb/2023:13:35:43 -0800] "GET /instagram-atlanta/02-02-2023-1519472-A.jpg HTTP/1.1" 200 175967 "-" "facebookexternalhit/1.1 (+http://www.facebook.com/externalhit_uatext.php)" "www.metrocrimedaily.com"
69.63.184.112 - - [02/Feb/2023:13:36:20 -0800] "GET /instagram-atlanta/02-02-2023-1519473-A.jpg HTTP/1.1" 200 180611 "-" "facebookexternalhit/1.1 (+http://www.facebook.com/externalhit_uatext.php)" "www.metrocrimedaily.com"
69.63.184.3 - - [02/Feb/2023:13:36:51 -0800] "GET /instagram-atlanta/02-02-2023-1519474-A.jpg HTTP/1.1" 200 96671 "-" "facebookexternalhit/1.1 (+http://www.facebook.com/externalhit_uatext.php)" "www.metrocrimedaily.com"
69.63.184.1 - - [02/Feb/2023:13:39:34 -0800] "GET /instagram-detroit/02-02-2023-1420367-A.jpg HTTP/1.1" 200 179990 "-" "facebookexternalhit/1.1 (+http://www.facebook.com/externalhit_uatext.php)" "www.metrocrimedaily.com"
173.252.95.12 - - [02/Feb/2023:13:40:34 -0800] "GET /instagram-neworleans/02-02-2023-1540141-A.jpg HTTP/1.1" 200 161883 "-" "facebookexternalhit/1.1 (+http://www.facebook.com/externalhit_uatext.php)" "www.metrocrimedaily.com"
114.119.148.165 - - [02/Feb/2023:13:42:44 -0800] "GET /instagram-losangeles/01-31-2023-1617592-Woman-sexually-assaulted-at-park-in-Culver-City;-.txt HTTP/1.1" 404 88 "https://metrocrimedaily.com/instagram-losangeles/?C=N%3BO%3DD" "Mozilla/5.0 (Linux; Android 7.0;) AppleWebKit/537.36 (KHTML, like Gecko) Mobile Safari/537.36 (compatible; PetalBot;+https://webmaster.petalsearch.com/site/petalbot)" "metrocrimedaily.com"
173.252.95.117 - - [02/Feb/2023:13:44:08 -0800] "GET /instagram-newyork/02-02-2023-1455204-A.jpg HTTP/1.1" 200 81483 "-" "facebookexternalhit/1.1 (+http://www.facebook.com/externalhit_uatext.php)" "www.metrocrimedaily.com"
166.137.125.124 - - [02/Feb/2023:13:44:34 -0800] "GET / HTTP/1.1" 200 14015 "-" "Mozilla/5.0 (Linux; Android 10; SM-N960U) AppleWebKit/537.36 (KHTML, like Gecko) Chrome/109.0.0.0 Mobile Safari/537.36" "www.metrocrimedaily.com"
166.137.125.124 - - [02/Feb/2023:13:44:34 -0800] "GET /styles-mcd.css HTTP/1.1" 200 1159 "-" "Mozilla/5.0 (Linux; Android 10; SM-N960U) AppleWebKit/537.36 (KHTML, like Gecko) Chrome/109.0.0.0 Mobile Safari/537.36" "www.metrocrimedaily.com"
166.137.125.124 - - [02/Feb/2023:13:44:34 -0800] "GET /images/crimeinthed-logo.jpg HTTP/1.1" 200 14960 "http://www.metrocrimedaily.com/" "Mozilla/5.0 (Linux; Android 10; SM-N960U) AppleWebKit/537.36 (KHTML, like Gecko) Chrome/109.0.0.0 Mobile Safari/537.36" "www.metrocrimedaily.com"
166.137.125.124 - - [02/Feb/2023:13:44:36 -0800] "GET /images/police-tape.jpg HTTP/1.1" 200 50766 "http://www.metrocrimedaily.com/" "Mozilla/5.0 (Linux; Android 10; SM-N960U) AppleWebKit/537.36 (KHTML, like Gecko) Chrome/109.0.0.0 Mobile Safari/537.36" "metrocrimedaily.com"
166.137.125.124 - - [02/Feb/2023:13:44:38 -0800] "GET /images/facebook-logo-tiny.png HTTP/1.1" 200 1280 "http://www.metrocrimedaily.com/" "Mozilla/5.0 (Linux; Android 10; SM-N960U) AppleWebKit/537.36 (KHTML, like Gecko) Chrome/109.0.0.0 Mobile Safari/537.36" "www.metrocrimedaily.com"
166.137.125.124 - - [02/Feb/2023:13:44:38 -0800] "GET /images/youtube-logo-tiny.png HTTP/1.1" 200 689 "http://www.metrocrimedaily.com/" "Mozilla/5.0 (Linux; Android 10; SM-N960U) AppleWebKit/537.36 (KHTML, like Gecko) Chrome/109.0.0.0 Mobile Safari/537.36" "www.metrocrimedaily.com"
166.137.125.124 - - [02/Feb/2023:13:44:38 -0800] "GET /images/twitter-logo-b-tiny.png HTTP/1.1" 200 1600 "http://www.metrocrimedaily.com/" "Mozilla/5.0 (Linux; Android 10; SM-N960U) AppleWebKit/537.36 (KHTML, like Gecko) Chrome/109.0.0.0 Mobile Safari/537.36" "www.metrocrimedaily.com"
173.252.95.15 - - [02/Feb/2023:13:45:13 -0800] "GET /instagram-memphis/02-02-2023-1458124-A.jpg HTTP/1.1" 200 167398 "-" "facebookexternalhit/1.1 (+http://www.facebook.com/externalhit_uatext.php)" "www.metrocrimedaily.com"
173.252.95.118 - - [02/Feb/2023:13:47:45 -0800] "GET /instagram-miami/02-02-2023-1547241-A.jpg HTTP/1.1" 200 170349 "-" "facebookexternalhit/1.1 (+http://www.facebook.com/externalhit_uatext.php)" "www.metrocrimedaily.com"
51.222.253.10 - - [02/Feb/2023:13:49:41 -0800] "GET / HTTP/1.1" 200 14015 "-" "Mozilla/5.0 (compatible; AhrefsBot/7.0; +http://ahrefs.com/robot/)" "metrocrimedaily.com"
51.222.253.11 - - [02/Feb/2023:13:50:19 -0800] "GET /instagram-dallas/videos/?C=N;O=D HTTP/1.1" 200 325 "-" "Mozilla/5.0 (compatible; AhrefsBot/7.0; +http://ahrefs.com/robot/)" "www.metrocrimedaily.com"
51.222.253.18 - - [02/Feb/2023:13:50:50 -0800] "GET /instagram-houston/01-28-2023-2103253--.txt HTTP/1.1" 404 88 "-" "Mozilla/5.0 (compatible; AhrefsBot/7.0; +http://ahrefs.com/robot/)" "metrocrimedaily.com"
114.119.131.205 - - [02/Feb/2023:13:51:23 -0800] "GET /index-post-mcd-stories.html HTTP/1.1" 200 648 "https://metrocrimedaily.com/?C=M%3BO%3DA" "Mozilla/5.0 (Linux; Android 7.0;) AppleWebKit/537.36 (KHTML, like Gecko) Mobile Safari/537.36 (compatible; PetalBot;+https://webmaster.petalsearch.com/site/petalbot)" "metrocrimedaily.com"
51.222.253.14 - - [02/Feb/2023:13:51:34 -0800] "GET /instagram-houston/01-29-2023-1750023-Gurnee-police-warn-of-scam-involving-fake-cops-.txt HTTP/1.1" 404 88 "-" "Mozilla/5.0 (compatible; AhrefsBot/7.0; +http://ahrefs.com/robot/)" "metrocrimedaily.com"
51.222.253.20 - - [02/Feb/2023:13:52:02 -0800] "GET /instagram-houston/post-later/01-23-2023-2356591-Surveillance-video--Gunman-ambush-victims-in-dead.txt HTTP/1.1" 404 88 "-" "Mozilla/5.0 (compatible; AhrefsBot/7.0; +http://ahrefs.com/robot/)" "www.metrocrimedaily.com"
51.222.253.14 - - [02/Feb/2023:13:52:47 -0800] "GET /instagram-houston/post-later/01-23-2023-23565918-Theranos-founder-Elizabeth-Holmes-tried----to-fle.txt HTTP/1.1" 404 88 "-" "Mozilla/5.0 (compatible; AhrefsBot/7.0; +http://ahrefs.com/robot/)" "www.metrocrimedaily.com"
51.222.253.13 - - [02/Feb/2023:13:53:19 -0800] "GET /instagram-houston/post-later/01-23-2023-2356592-4-years-later--investigators--family-members-stil.txt HTTP/1.1" 404 88 "-" "Mozilla/5.0 (compatible; AhrefsBot/7.0; +http://ahrefs.com/robot/)" "www.metrocrimedaily.com"
51.222.253.19 - - [02/Feb/2023:13:54:06 -0800] "GET /instagram-houston/post-later/01-23-2023-2356593-Elgin-man-pleads-not-guilty-in-Huntley-shooting-c.txt HTTP/1.1" 404 88 "-" "Mozilla/5.0 (compatible; AhrefsBot/7.0; +http://ahrefs.com/robot/)" "www.metrocrimedaily.com"
173.252.95.117 - - [02/Feb/2023:13:54:14 -0800] "GET /instagram-houston/02-02-2023-1553511-A.jpg HTTP/1.1" 200 127526 "-" "facebookexternalhit/1.1 (+http://www.facebook.com/externalhit_uatext.php)" "www.metrocrimedaily.com"
173.252.95.20 - - [02/Feb/2023:13:54:44 -0800] "GET /instagram-houston/02-02-2023-1553512-A.jpg HTTP/1.1" 200 212757 "-" "facebookexternalhit/1.1 (+http://www.facebook.com/externalhit_uatext.php)" "www.metrocrimedaily.com"
51.222.253.3 - - [02/Feb/2023:13:55:03 -0800] "GET /instagram-houston/post-later/01-23-2023-2356595-7-dead-as-California-mourns-3rd-mass-killing-in-8.txt HTTP/1.1" 404 88 "-" "Mozilla/5.0 (compatible; AhrefsBot/7.0; +http://ahrefs.com/robot/)" "www.metrocrimedaily.com"
173.252.95.120 - - [02/Feb/2023:13:55:31 -0800] "GET /instagram-houston/02-02-2023-1553513-A.jpg HTTP/1.1" 200 188848 "-" "facebookexternalhit/1.1 (+http://www.facebook.com/externalhit_uatext.php)" "www.metrocrimedaily.com"
51.222.253.11 - - [02/Feb/2023:13:56:00 -0800] "GET /instagram-houston/post-later/01-23-2023-2356596-Lunar-New-Year-shooting--How-authorities-found-th.txt HTTP/1.1" 404 88 "-" "Mozilla/5.0 (compatible; AhrefsBot/7.0; +http://ahrefs.com/robot/)" "www.metrocrimedaily.com"
173.252.95.11 - - [02/Feb/2023:13:56:09 -0800] "GET /instagram-houston/02-02-2023-1553514-A.jpg HTTP/1.1" 200 186447 "-" "facebookexternalhit/1.1 (+http://www.facebook.com/externalhit_uatext.php)" "www.metrocrimedaily.com"
51.222.253.13 - - [02/Feb/2023:13:56:34 -0800] "GET /instagram-houston/post-later/01-23-2023-2356597-California-mass-shooting--Seven-dead-in-Half-Moon.txt HTTP/1.1" 404 88 "-" "Mozilla/5.0 (compatible; AhrefsBot/7.0; +http://ahrefs.com/robot/)" "www.metrocrimedaily.com"
173.252.95.2 - - [02/Feb/2023:13:56:45 -0800] "GET /instagram-houston/02-02-2023-1553515-A.jpg HTTP/1.1" 200 154415 "-" "facebookexternalhit/1.1 (+http://www.facebook.com/externalhit_uatext.php)" "www.metrocrimedaily.com"
51.222.253.9 - - [02/Feb/2023:13:57:13 -0800] "GET /instagram-houston/post-later/01-23-2023-2356598-Landscaper-turned----trading-expert----accused-of.txt HTTP/1.1" 404 88 "-" "Mozilla/5.0 (compatible; AhrefsBot/7.0; +http://ahrefs.com/robot/)" "www.metrocrimedaily.com"
173.252.95.9 - - [02/Feb/2023:13:57:16 -0800] "GET /instagram-houston/02-02-2023-1553516-A.jpg HTTP/1.1" 200 237941 "-" "facebookexternalhit/1.1 (+http://www.facebook.com/externalhit_uatext.php)" "www.metrocrimedaily.com"
69.63.184.120 - - [02/Feb/2023:13:57:24 -0800] "GET /instagram-dallas/02-02-2023-1556471-A.jpg HTTP/1.1" 200 137881 "-" "facebookexternalhit/1.1 (+http://www.facebook.com/externalhit_uatext.php)" "www.metrocrimedaily.com"
173.252.95.22 - - [02/Feb/2023:13:57:44 -0800] "GET /instagram-houston/02-02-2023-1553517-A.jpg HTTP/1.1" 200 110223 "-" "facebookexternalhit/1.1 (+http://www.facebook.com/externalhit_uatext.php)" "www.metrocrimedaily.com"
51.222.253.7 - - [02/Feb/2023:13:57:54 -0800] "GET /instagram-houston/post-later/01-23-2023-2356599-New-video-shows-gunmen-ambush-men-at-north-Harris.txt HTTP/1.1" 404 88 "-" "Mozilla/5.0 (compatible; AhrefsBot/7.0; +http://ahrefs.com/robot/)" "www.metrocrimedaily.com"
173.252.95.11 - - [02/Feb/2023:13:58:15 -0800] "GET /instagram-houston/02-02-2023-1553518-A.jpg HTTP/1.1" 200 117501 "-" "facebookexternalhit/1.1 (+http://www.facebook.com/externalhit_uatext.php)" "www.metrocrimedaily.com"
51.222.253.14 - - [02/Feb/2023:13:58:36 -0800] "GET /instagram-houston/post-later/01-24-2023-0121331-7-dead-as-California-mourns-third-mass-killing-in.txt HTTP/1.1" 404 88 "-" "Mozilla/5.0 (compatible; AhrefsBot/7.0; +http://ahrefs.com/robot/)" "www.metrocrimedaily.com"
173.252.95.120 - - [02/Feb/2023:13:58:43 -0800] "GET /instagram-houston/02-02-2023-1553519-A.jpg HTTP/1.1" 200 109335 "-" "facebookexternalhit/1.1 (+http://www.facebook.com/externalhit_uatext.php)" "www.metrocrimedaily.com"
51.222.253.14 - - [02/Feb/2023:13:59:47 -0800] "GET /instagram-houston/post-later/01-24-2023-0159381-Newport-News-man-sentenced-to-63-years-in-prison-.txt HTTP/1.1" 404 88 "-" "Mozilla/5.0 (compatible; AhrefsBot/7.0; +http://ahrefs.com/robot/)" "www.metrocrimedaily.com"
173.252.95.12 - - [02/Feb/2023:14:00:02 -0800] "GET /instagram-newyork/02-02-2023-1455205-A.jpg HTTP/1.1" 200 96846 "-" "facebookexternalhit/1.1 (+http://www.facebook.com/externalhit_uatext.php)" "www.metrocrimedaily.com"
51.222.253.18 - - [02/Feb/2023:14:00:22 -0800] "GET /instagram-houston/post-later/01-24-2023-0354551-Chesapeake-police-looking-for-man-who-was-last-se.txt HTTP/1.1" 404 88 "-" "Mozilla/5.0 (compatible; AhrefsBot/7.0; +http://ahrefs.com/robot/)" "www.metrocrimedaily.com"
173.252.95.13 - - [02/Feb/2023:14:00:36 -0800] "GET /instagram-losangeles/02-02-2023-1600161-A.jpg HTTP/1.1" 200 131469 "-" "facebookexternalhit/1.1 (+http://www.facebook.com/externalhit_uatext.php)" "www.metrocrimedaily.com"
173.252.95.5 - - [02/Feb/2023:14:00:47 -0800] "GET /instagram-memphis/02-02-2023-1458125-A.jpg HTTP/1.1" 200 141169 "-" "facebookexternalhit/1.1 (+http://www.facebook.com/externalhit_uatext.php)" "www.metrocrimedaily.com"
40.77.167.212 - - [02/Feb/2023:14:00:56 -0800] "GET /index-miami.html HTTP/1.1" 200 9363 "-" "Mozilla/5.0 AppleWebKit/537.36 (KHTML, like Gecko; compatible; bingbot/2.0; +http://www.bing.com/bingbot.htm) Chrome/103.0.5060.134 Safari/537.36" "metrocrimedaily.com"
51.222.253.4 - - [02/Feb/2023:14:01:10 -0800] "GET /instagram-houston/post-later/01-24-2023-0510531-Mother-killed--adult-daughter-injured-in-shooting.txt HTTP/1.1" 404 88 "-" "Mozilla/5.0 (compatible; AhrefsBot/7.0; +http://ahrefs.com/robot/)" "www.metrocrimedaily.com"
51.222.253.1 - - [02/Feb/2023:14:02:02 -0800] "GET /instagram-houston/post-later/01-24-2023-0631501-HPD--Man-assaulted-uncle-with-hammer--set-his-hom.txt HTTP/1.1" 404 88 "-" "Mozilla/5.0 (compatible; AhrefsBot/7.0; +http://ahrefs.com/robot/)" "www.metrocrimedaily.com"
51.222.253.7 - - [02/Feb/2023:14:02:40 -0800] "GET /instagram-houston/post-later/01-24-2023-0631502-HPD--Man-assaulted-uncle-with-hammer--set-his-hom.txt HTTP/1.1" 404 88 "-" "Mozilla/5.0 (compatible; AhrefsBot/7.0; +http://ahrefs.com/robot/)" "www.metrocrimedaily.com"
51.222.253.2 - - [02/Feb/2023:14:03:23 -0800] "GET /instagram-houston/post-later/01-24-2023-0720541-Man-in-critical-condition-after-being-attacked-by.txt HTTP/1.1" 404 88 "-" "Mozilla/5.0 (compatible; AhrefsBot/7.0; +http://ahrefs.com/robot/)" "www.metrocrimedaily.com"
51.222.253.1 - - [02/Feb/2023:14:03:56 -0800] "GET /instagram-houston/post-later/01-24-2023-0720542-Police-searching-for-gunman-after-mother-killed--.txt HTTP/1.1" 404 88 "-" "Mozilla/5.0 (compatible; AhrefsBot/7.0; +http://ahrefs.com/robot/)" "www.metrocrimedaily.com"
157.55.39.85 - - [02/Feb/2023:14:04:09 -0800] "GET /?C=N;O=D HTTP/1.1" 200 14015 "-" "Mozilla/5.0 AppleWebKit/537.36 (KHTML, like Gecko; compatible; bingbot/2.0; +http://www.bing.com/bingbot.htm) Chrome/103.0.5060.134 Safari/537.36" "www.metrocrimedaily.com"
157.55.39.85 - - [02/Feb/2023:14:04:09 -0800] "GET /instagram-atlanta/ HTTP/1.1" 200 861 "-" "Mozilla/5.0 AppleWebKit/537.36 (KHTML, like Gecko; compatible; bingbot/2.0; +http://www.bing.com/bingbot.htm) Chrome/103.0.5060.134 Safari/537.36" "www.metrocrimedaily.com"
157.55.39.24 - - [02/Feb/2023:14:04:13 -0800] "GET /instagram-chicago/ HTTP/1.1" 200 550 "-" "Mozilla/5.0 AppleWebKit/537.36 (KHTML, like Gecko; compatible; bingbot/2.0; +http://www.bing.com/bingbot.htm) Chrome/103.0.5060.134 Safari/537.36" "www.metrocrimedaily.com"
52.167.144.81 - - [02/Feb/2023:14:04:14 -0800] "GET /instagram-detroit/ HTTP/1.1" 200 754 "-" "Mozilla/5.0 AppleWebKit/537.36 (KHTML, like Gecko; compatible; bingbot/2.0; +http://www.bing.com/bingbot.htm) Chrome/103.0.5060.134 Safari/537.36" "www.metrocrimedaily.com"
52.167.144.32 - - [02/Feb/2023:14:04:31 -0800] "GET /instagram-atlanta/02-02-2023-1239115-Scholarships-application-open-for-descendants-of-.txt HTTP/1.1" 200 1061 "-" "Mozilla/5.0 AppleWebKit/537.36 (KHTML, like Gecko; compatible; bingbot/2.0; +http://www.bing.com/bingbot.htm) Chrome/103.0.5060.134 Safari/537.36" "www.metrocrimedaily.com"
51.222.253.18 - - [02/Feb/2023:14:04:44 -0800] "GET /instagram-houston/post-later/01-24-2023-0720543-Parkway-Murders--Victims-and-their-families-.txt HTTP/1.1" 404 88 "-" "Mozilla/5.0 (compatible; AhrefsBot/7.0; +http://ahrefs.com/robot/)" "www.metrocrimedaily.com"
51.222.253.7 - - [02/Feb/2023:14:05:23 -0800] "GET /instagram-houston/post-later/01-24-2023-0720544-HPD--Mother-killed--daughter-shot-at-SE-Houston-m.txt HTTP/1.1" 404 88 "-" "Mozilla/5.0 (compatible; AhrefsBot/7.0; +http://ahrefs.com/robot/)" "www.metrocrimedaily.com"
51.222.253.17 - - [02/Feb/2023:14:06:09 -0800] "GET /instagram-houston/post-later/01-24-2023-0720545-Man-killed-after-being-short-$3-on-drug-debt--jur.txt HTTP/1.1" 404 88 "-" "Mozilla/5.0 (compatible; AhrefsBot/7.0; +http://ahrefs.com/robot/)" "www.metrocrimedaily.com"
51.222.253.19 - - [02/Feb/2023:14:06:58 -0800] "GET /instagram-houston/post-later/01-24-2023-0811111-Police--Shooting-that-killed-2-at-youth-program-w.txt HTTP/1.1" 404 88 "-" "Mozilla/5.0 (compatible; AhrefsBot/7.0; +http://ahrefs.com/robot/)" "www.metrocrimedaily.com"
51.222.253.10 - - [02/Feb/2023:14:07:43 -0800] "GET /instagram-houston/post-later/01-24-2023-0811112-Judge-to-consider-freedom-for-Hawaiian-man-in----.txt HTTP/1.1" 404 88 "-" "Mozilla/5.0 (compatible; AhrefsBot/7.0; +http://ahrefs.com/robot/)" "www.metrocrimedaily.com"
51.222.253.13 - - [02/Feb/2023:14:08:26 -0800] "GET /instagram-houston/post-later/01-24-2023-0811113-Searchers-seek-2nd-hiker-in-area-where-Julian-San.txt HTTP/1.1" 404 88 "-" "Mozilla/5.0 (compatible; AhrefsBot/7.0; +http://ahrefs.com/robot/)" "www.metrocrimedaily.com"
51.222.253.3 - - [02/Feb/2023:14:09:12 -0800] "GET /instagram-houston/post-later/01-24-2023-0811114-Shootout-at-Oakland-gas-station-kills-1--wounds-8.txt HTTP/1.1" 404 88 "-" "Mozilla/5.0 (compatible; AhrefsBot/7.0; +http://ahrefs.com/robot/)" "www.metrocrimedaily.com"
51.222.253.1 - - [02/Feb/2023:14:09:43 -0800] "GET /instagram-houston/post-later/01-24-2023-0905051-Police-searching-for-gunman-after-mother-killed--.txt HTTP/1.1" 404 88 "-" "Mozilla/5.0 (compatible; AhrefsBot/7.0; +http://ahrefs.com/robot/)" "www.metrocrimedaily.com"
51.222.253.20 - - [02/Feb/2023:14:10:26 -0800] "GET /instagram-houston/post-later/01-24-2023-0905052-Teenagers-arrested-in-Uber--Lyft-carjackings-in-H.txt HTTP/1.1" 404 88 "-" "Mozilla/5.0 (compatible; AhrefsBot/7.0; +http://ahrefs.com/robot/)" "www.metrocrimedaily.com"
51.222.253.18 - - [02/Feb/2023:14:11:01 -0800] "GET /instagram-houston/post-later/01-24-2023-0905053-President-Biden-pushes-assault-weapons-ban-follow.txt HTTP/1.1" 404 88 "-" "Mozilla/5.0 (compatible; AhrefsBot/7.0; +http://ahrefs.com/robot/)" "www.metrocrimedaily.com"
51.222.253.17 - - [02/Feb/2023:14:11:45 -0800] "GET /instagram-houston/post-later/01-24-2023-0905054-WalMart-shooting-suspect-to-plead-guilty-to-feder.txt HTTP/1.1" 404 88 "-" "Mozilla/5.0 (compatible; AhrefsBot/7.0; +http://ahrefs.com/robot/)" "www.metrocrimedaily.com"
51.222.253.6 - - [02/Feb/2023:14:12:29 -0800] "GET /instagram-houston/post-later/01-24-2023-0905055-7-dead-as-California-mourns-3rd-mass-killing-in-8.txt HTTP/1.1" 404 88 "-" "Mozilla/5.0 (compatible; AhrefsBot/7.0; +http://ahrefs.com/robot/)" "www.metrocrimedaily.com"
51.222.253.20 - - [02/Feb/2023:14:13:15 -0800] "GET /instagram-houston/post-later/01-24-2023-0949331-7-people-killed-in-crash-in-Comal-County--DPS-con.txt HTTP/1.1" 404 88 "-" "Mozilla/5.0 (compatible; AhrefsBot/7.0; +http://ahrefs.com/robot/)" "www.metrocrimedaily.com"
51.222.253.14 - - [02/Feb/2023:14:13:58 -0800] "GET /instagram-houston/post-later/01-24-2023-0949332-Woman-shot-to-death--daughter-injured-in-shooting.txt HTTP/1.1" 404 88 "-" "Mozilla/5.0 (compatible; AhrefsBot/7.0; +http://ahrefs.com/robot/)" "www.metrocrimedaily.com"
51.222.253.13 - - [02/Feb/2023:14:14:29 -0800] "GET /instagram-houston/post-later/01-24-2023-0949333-Newport-News-man-ID---d-in-Hampton-shooting-.txt HTTP/1.1" 404 88 "-" "Mozilla/5.0 (compatible; AhrefsBot/7.0; +http://ahrefs.com/robot/)" "www.metrocrimedaily.com"
51.222.253.8 - - [02/Feb/2023:14:15:13 -0800] "GET /instagram-houston/post-later/01-24-2023-1035581-Man-rescued-from-burning-Houston-home-after-being.txt HTTP/1.1" 404 88 "-" "Mozilla/5.0 (compatible; AhrefsBot/7.0; +http://ahrefs.com/robot/)" "www.metrocrimedaily.com"
173.252.95.20 - - [02/Feb/2023:14:15:38 -0800] "GET /instagram-newyork/02-02-2023-1455206-A.jpg HTTP/1.1" 200 127979 "-" "facebookexternalhit/1.1 (+http://www.facebook.com/externalhit_uatext.php)" "www.metrocrimedaily.com"
51.222.253.11 - - [02/Feb/2023:14:15:57 -0800] "GET /instagram-houston/post-later/01-24-2023-1035582-Mugshot-of-police-K-9-accused-of--stealing--offic.txt HTTP/1.1" 404 88 "-" "Mozilla/5.0 (compatible; AhrefsBot/7.0; +http://ahrefs.com/robot/)" "www.metrocrimedaily.com"
173.252.95.7 - - [02/Feb/2023:14:16:10 -0800] "GET /instagram-losangeles/02-02-2023-1600162-A.jpg HTTP/1.1" 200 224932 "-" "facebookexternalhit/1.1 (+http://www.facebook.com/externalhit_uatext.php)" "www.metrocrimedaily.com"
173.252.95.118 - - [02/Feb/2023:14:16:34 -0800] "GET /instagram-losangeles/02-02-2023-1600163-A.jpg HTTP/1.1" 200 203736 "-" "facebookexternalhit/1.1 (+http://www.facebook.com/externalhit_uatext.php)" "www.metrocrimedaily.com"
51.222.253.13 - - [02/Feb/2023:14:16:44 -0800] "GET /instagram-houston/post-later/01-24-2023-1116271-Family-of-Central-Texas-man-shot--killed-by-polic.txt HTTP/1.1" 404 88 "-" "Mozilla/5.0 (compatible; AhrefsBot/7.0; +http://ahrefs.com/robot/)" "www.metrocrimedaily.com"
51.222.253.7 - - [02/Feb/2023:14:17:21 -0800] "GET /instagram-houston/post-later/01-24-2023-1254421----I-was-a-bully-----Embattled-prosecutor-who-pos.txt HTTP/1.1" 404 88 "-" "Mozilla/5.0 (compatible; AhrefsBot/7.0; +http://ahrefs.com/robot/)" "www.metrocrimedaily.com"
51.222.253.18 - - [02/Feb/2023:14:17:49 -0800] "GET /instagram-houston/post-later/01-24-2023-1254422-Classified-documents-found-at-Mike-Pence-s-home--.txt HTTP/1.1" 404 88 "-" "Mozilla/5.0 (compatible; AhrefsBot/7.0; +http://ahrefs.com/robot/)" "www.metrocrimedaily.com"
114.119.151.233 - - [02/Feb/2023:14:18:14 -0800] "GET /instagram-stlouis/videos/ HTTP/1.1" 200 329 "https://metrocrimedaily.com/instagram-stlouis/?C=M%3BO%3DA" "Mozilla/5.0 (Linux; Android 7.0;) AppleWebKit/537.36 (KHTML, like Gecko) Mobile Safari/537.36 (compatible; PetalBot;+https://webmaster.petalsearch.com/site/petalbot)" "metrocrimedaily.com"
51.222.253.15 - - [02/Feb/2023:14:18:36 -0800] "GET /instagram-houston/post-later/01-24-2023-1254423-Suspect-in-shootings-at-Northern-California-farms.txt HTTP/1.1" 404 88 "-" "Mozilla/5.0 (compatible; AhrefsBot/7.0; +http://ahrefs.com/robot/)" "www.metrocrimedaily.com"
51.222.253.10 - - [02/Feb/2023:14:19:13 -0800] "GET /instagram-houston/post-later/01-24-2023-1254424-Ukraine-corruption-scandal-ousts-top-officials-du.txt HTTP/1.1" 404 88 "-" "Mozilla/5.0 (compatible; AhrefsBot/7.0; +http://ahrefs.com/robot/)" "www.metrocrimedaily.com"
114.119.152.11 - - [02/Feb/2023:14:19:19 -0800] "GET /CRIME-WATCH-AMERICA/CRIME-WATCH-DALLAS/INSTAGRAM-AUTOMATION/encoded-text-file.txt HTTP/1.1" 200 221 "https://metrocrimedaily.com/CRIME-WATCH-AMERICA/CRIME-WATCH-DALLAS/INSTAGRAM-AUTOMATION/?C=N%3BO%3DD" "Mozilla/5.0 (Linux; Android 7.0;) AppleWebKit/537.36 (KHTML, like Gecko) Mobile Safari/537.36 (compatible; PetalBot;+https://webmaster.petalsearch.com/site/petalbot)" "metrocrimedaily.com"
51.222.253.1 - - [02/Feb/2023:14:20:29 -0800] "GET /instagram-houston/post-later/01-24-2023-1254425-New-year-brings-a-grim-wave-of-mass-killings-acro.txt HTTP/1.1" 404 88 "-" "Mozilla/5.0 (compatible; AhrefsBot/7.0; +http://ahrefs.com/robot/)" "www.metrocrimedaily.com"
51.222.253.2 - - [02/Feb/2023:14:21:10 -0800] "GET /instagram-houston/post-later/01-24-2023-1254426-Don-t-release-Georgia-grand-jury-report-now--pros.txt HTTP/1.1" 404 88 "-" "Mozilla/5.0 (compatible; AhrefsBot/7.0; +http://ahrefs.com/robot/)" "www.metrocrimedaily.com"
51.222.253.9 - - [02/Feb/2023:14:21:43 -0800] "GET /instagram-houston/post-later/01-24-2023-1254427-Gun-ban-debate-draws-hundreds-to-DuPage-County-co.txt HTTP/1.1" 404 88 "-" "Mozilla/5.0 (compatible; AhrefsBot/7.0; +http://ahrefs.com/robot/)" "www.metrocrimedaily.com"
51.222.253.5 - - [02/Feb/2023:14:22:29 -0800] "GET /instagram-houston/post-later/01-24-2023-1336031-Suspect-in-Half-Moon-Bay-shooting-that-killed-7--.txt HTTP/1.1" 404 88 "-" "Mozilla/5.0 (compatible; AhrefsBot/7.0; +http://ahrefs.com/robot/)" "www.metrocrimedaily.com"
51.222.253.9 - - [02/Feb/2023:14:23:22 -0800] "GET /instagram-houston/post-later/01-24-2023-1555236-Nurse-charged-in-Navy-officer---s-death-last-summ.txt HTTP/1.1" 404 88 "-" "Mozilla/5.0 (compatible; AhrefsBot/7.0; +http://ahrefs.com/robot/)" "www.metrocrimedaily.com"
51.222.253.8 - - [02/Feb/2023:14:23:56 -0800] "GET /instagram-houston/post-later/01-24-2023-1555237-Trump-drops-appeal--ending-legal-fight-over-New-Y.txt HTTP/1.1" 404 88 "-" "Mozilla/5.0 (compatible; AhrefsBot/7.0; +http://ahrefs.com/robot/)" "www.metrocrimedaily.com"
51.222.253.4 - - [02/Feb/2023:14:24:34 -0800] "GET /instagram-houston/post-later/01-24-2023-1555238-Coroner-releases-names-of-11-Monterey-Park-shooti.txt HTTP/1.1" 404 88 "-" "Mozilla/5.0 (compatible; AhrefsBot/7.0; +http://ahrefs.com/robot/)" "www.metrocrimedaily.com"
51.222.253.10 - - [02/Feb/2023:14:25:06 -0800] "GET /instagram-houston/post-later/01-24-2023-1555239-Large-Indiana-county-for-jury-selection-in-slain-.txt HTTP/1.1" 404 88 "-" "Mozilla/5.0 (compatible; AhrefsBot/7.0; +http://ahrefs.com/robot/)" "www.metrocrimedaily.com"
69.63.184.5 - - [02/Feb/2023:14:25:08 -0800] "GET /instagram-atlanta/02-02-2023-1624321-A.jpg HTTP/1.1" 200 147838 "-" "facebookexternalhit/1.1 (+http://www.facebook.com/externalhit_uatext.php)" "www.metrocrimedaily.com"
51.222.253.12 - - [02/Feb/2023:14:25:56 -0800] "GET /instagram-houston/post-later/01-24-2023-1906513-Lunar-New-Year-shooting--Cops-took-5-hours-to-war.txt HTTP/1.1" 404 88 "-" "Mozilla/5.0 (compatible; AhrefsBot/7.0; +http://ahrefs.com/robot/)" "www.metrocrimedaily.com"
51.222.253.4 - - [02/Feb/2023:14:26:34 -0800] "GET /instagram-houston/post-later/?C=D;O=A HTTP/1.1" 200 3743 "-" "Mozilla/5.0 (compatible; AhrefsBot/7.0; +http://ahrefs.com/robot/)" "www.metrocrimedaily.com"
51.222.253.9 - - [02/Feb/2023:14:27:15 -0800] "GET /instagram-houston/post-later/?C=M;O=A HTTP/1.1" 200 3756 "-" "Mozilla/5.0 (compatible; AhrefsBot/7.0; +http://ahrefs.com/robot/)" "www.metrocrimedaily.com"
51.222.253.9 - - [02/Feb/2023:14:28:00 -0800] "GET /instagram-houston/post-later/?C=N;O=D HTTP/1.1" 200 3746 "-" "Mozilla/5.0 (compatible; AhrefsBot/7.0; +http://ahrefs.com/robot/)" "www.metrocrimedaily.com"
51.222.253.6 - - [02/Feb/2023:14:28:38 -0800] "GET /instagram-houston/post-later/?C=S;O=A HTTP/1.1" 200 3822 "-" "Mozilla/5.0 (compatible; AhrefsBot/7.0; +http://ahrefs.com/robot/)" "www.metrocrimedaily.com"
51.222.253.7 - - [02/Feb/2023:14:29:23 -0800] "GET /CRIME-WATCH-AMERICA/GOOD_BARBER_APP-MAKER/unix/bin/?C=D;O=A HTTP/1.1" 200 1973 "-" "Mozilla/5.0 (compatible; AhrefsBot/7.0; +http://ahrefs.com/robot/)" "metrocrimedaily.com"
51.222.253.19 - - [02/Feb/2023:14:30:02 -0800] "GET /CRIME-WATCH-AMERICA/GOOD_BARBER_APP-MAKER/unix/bin/?C=M;O=A HTTP/1.1" 200 1945 "-" "Mozilla/5.0 (compatible; AhrefsBot/7.0; +http://ahrefs.com/robot/)" "metrocrimedaily.com"
51.222.253.8 - - [02/Feb/2023:14:30:42 -0800] "GET /CRIME-WATCH-AMERICA/GOOD_BARBER_APP-MAKER/unix/bin/?C=N;O=D HTTP/1.1" 200 1995 "-" "Mozilla/5.0 (compatible; AhrefsBot/7.0; +http://ahrefs.com/robot/)" "metrocrimedaily.com"
114.119.140.70 - - [02/Feb/2023:14:30:47 -0800] "GET /metrocrime-chicago.html HTTP/1.1" 200 1276 "https://metrocrimedaily.com/index-mcd-master.html" "Mozilla/5.0 (Linux; Android 7.0;) AppleWebKit/537.36 (KHTML, like Gecko) Mobile Safari/537.36 (compatible; PetalBot;+https://webmaster.petalsearch.com/site/petalbot)" "metrocrimedaily.com"
51.222.253.19 - - [02/Feb/2023:14:31:12 -0800] "GET /CRIME-WATCH-AMERICA/GOOD_BARBER_APP-MAKER/unix/bin/?C=S;O=A HTTP/1.1" 200 1962 "-" "Mozilla/5.0 (compatible; AhrefsBot/7.0; +http://ahrefs.com/robot/)" "metrocrimedaily.com"
173.252.95.2 - - [02/Feb/2023:14:31:15 -0800] "GET /instagram-newyork/02-02-2023-1455207-A.jpg HTTP/1.1" 200 108592 "-" "facebookexternalhit/1.1 (+http://www.facebook.com/externalhit_uatext.php)" "www.metrocrimedaily.com"
114.119.134.91 - - [02/Feb/2023:14:31:41 -0800] "GET /instagram-stlouis/01-31-2023-2102351-Florissant-man-arrested--confessed-to-multiple-th.txt HTTP/1.1" 404 88 "https://metrocrimedaily.com/instagram-stlouis/?C=M%3BO%3DA" "Mozilla/5.0 (Linux; Android 7.0;) AppleWebKit/537.36 (KHTML, like Gecko) Mobile Safari/537.36 (compatible; PetalBot;+https://webmaster.petalsearch.com/site/petalbot)" "metrocrimedaily.com"
51.222.253.5 - - [02/Feb/2023:14:31:59 -0800] "GET /CRIME-WATCH-AMERICA/GOOD_BARBER_APP-MAKER/unix/bin/basename.exe HTTP/1.1" 200 8704 "-" "Mozilla/5.0 (compatible; AhrefsBot/7.0; +http://ahrefs.com/robot/)" "metrocrimedaily.com"
51.222.253.15 - - [02/Feb/2023:14:32:44 -0800] "GET /CRIME-WATCH-AMERICA/GOOD_BARBER_APP-MAKER/unix/bin/bison.exe HTTP/1.1" 200 67072 "-" "Mozilla/5.0 (compatible; AhrefsBot/7.0; +http://ahrefs.com/robot/)" "metrocrimedaily.com"
114.119.155.153 - - [02/Feb/2023:14:32:52 -0800] "GET /instagram-stlouis/01-31-2023-0722124-Teen-killed-in-shooting-outside-East-St.-Louis-ch.txt HTTP/1.1" 404 88 "https://metrocrimedaily.com/instagram-stlouis/?C=M%3BO%3DA" "Mozilla/5.0 (Linux; Android 7.0;) AppleWebKit/537.36 (KHTML, like Gecko) Mobile Safari/537.36 (compatible; PetalBot;+https://webmaster.petalsearch.com/site/petalbot)" "metrocrimedaily.com"
51.222.253.5 - - [02/Feb/2023:14:33:19 -0800] "GET /CRIME-WATCH-AMERICA/GOOD_BARBER_APP-MAKER/unix/bin/chmod.exe HTTP/1.1" 200 14336 "-" "Mozilla/5.0 (compatible; AhrefsBot/7.0; +http://ahrefs.com/robot/)" "metrocrimedaily.com"
114.119.142.7 - - [02/Feb/2023:14:34:22 -0800] "GET /instagram-stlouis/01-30-2023-1316152-Teen-killed-in-triple-shooting-at-East-St.-Louis-.txt HTTP/1.1" 404 88 "https://metrocrimedaily.com/instagram-stlouis/?C=M%3BO%3DA" "Mozilla/5.0 (Linux; Android 7.0;) AppleWebKit/537.36 (KHTML, like Gecko) Mobile Safari/537.36 (compatible; PetalBot;+https://webmaster.petalsearch.com/site/petalbot)" "metrocrimedaily.com"
51.222.253.12 - - [02/Feb/2023:14:34:37 -0800] "GET /CRIME-WATCH-AMERICA/GOOD_BARBER_APP-MAKER/unix/bin/cksum.exe HTTP/1.1" 200 32768 "-" "Mozilla/5.0 (compatible; AhrefsBot/7.0; +http://ahrefs.com/robot/)" "metrocrimedaily.com"
51.222.253.7 - - [02/Feb/2023:14:35:08 -0800] "GET /CRIME-WATCH-AMERICA/GOOD_BARBER_APP-MAKER/unix/bin/clear.bat HTTP/1.1" 200 21 "-" "Mozilla/5.0 (compatible; AhrefsBot/7.0; +http://ahrefs.com/robot/)" "metrocrimedaily.com"
114.119.136.224 - - [02/Feb/2023:14:35:21 -0800] "GET /instagram-houston/01-24-2023-1555231-New-staff-city-attorney-hired-in-Wheaton-.txt HTTP/1.1" 404 88 "https://metrocrimedaily.com/instagram-houston/" "Mozilla/5.0 (Linux; Android 7.0;) AppleWebKit/537.36 (KHTML, like Gecko) Mobile Safari/537.36 (compatible; PetalBot;+https://webmaster.petalsearch.com/site/petalbot)" "metrocrimedaily.com"
51.222.253.7 - - [02/Feb/2023:14:35:46 -0800] "GET /CRIME-WATCH-AMERICA/GOOD_BARBER_APP-MAKER/unix/bin/compress.exe HTTP/1.1" 200 15872 "-" "Mozilla/5.0 (compatible; AhrefsBot/7.0; +http://ahrefs.com/robot/)" "metrocrimedaily.com"
