51.222.253.2 - - [02/Feb/2023:14:36:18 -0800] "GET /CRIME-WATCH-AMERICA/GOOD_BARBER_APP-MAKER/unix/bin/cpio.exe HTTP/1.1" 200 38400 "-" "Mozilla/5.0 (compatible; AhrefsBot/7.0; +http://ahrefs.com/robot/)" "metrocrimedaily.com"
51.222.253.5 - - [02/Feb/2023:14:36:54 -0800] "GET /CRIME-WATCH-AMERICA/GOOD_BARBER_APP-MAKER/unix/bin/csplit.exe HTTP/1.1" 200 44032 "-" "Mozilla/5.0 (compatible; AhrefsBot/7.0; +http://ahrefs.com/robot/)" "metrocrimedaily.com"
51.222.253.2 - - [02/Feb/2023:14:37:45 -0800] "GET /CRIME-WATCH-AMERICA/GOOD_BARBER_APP-MAKER/unix/bin/date.exe HTTP/1.1" 200 14336 "-" "Mozilla/5.0 (compatible; AhrefsBot/7.0; +http://ahrefs.com/robot/)" "metrocrimedaily.com"
114.119.159.15 - - [02/Feb/2023:14:37:54 -0800] "GET /index-prototype.html HTTP/1.1" 200 156 "https://metrocrimedaily.com/?C=M%3BO%3DA" "Mozilla/5.0 (Linux; Android 7.0;) AppleWebKit/537.36 (KHTML, like Gecko) Mobile Safari/537.36 (compatible; PetalBot;+https://webmaster.petalsearch.com/site/petalbot)" "metrocrimedaily.com"
51.222.253.6 - - [02/Feb/2023:14:38:20 -0800] "GET /CRIME-WATCH-AMERICA/GOOD_BARBER_APP-MAKER/unix/bin/diff.exe HTTP/1.1" 200 38912 "-" "Mozilla/5.0 (compatible; AhrefsBot/7.0; +http://ahrefs.com/robot/)" "metrocrimedaily.com"
69.63.184.117 - - [02/Feb/2023:14:38:26 -0800] "GET /instagram-chicago/02-02-2023-1638031-A.jpg HTTP/1.1" 200 143793 "-" "facebookexternalhit/1.1 (+http://www.facebook.com/externalhit_uatext.php)" "www.metrocrimedaily.com"
51.222.253.16 - - [02/Feb/2023:14:39:08 -0800] "GET /CRIME-WATCH-AMERICA/GOOD_BARBER_APP-MAKER/unix/bin/diff3.exe HTTP/1.1" 200 19456 "-" "Mozilla/5.0 (compatible; AhrefsBot/7.0; +http://ahrefs.com/robot/)" "metrocrimedaily.com"
51.222.253.6 - - [02/Feb/2023:14:39:42 -0800] "GET /CRIME-WATCH-AMERICA/GOOD_BARBER_APP-MAKER/unix/bin/dir.EXE.BAK HTTP/1.1" 200 23552 "-" "Mozilla/5.0 (compatible; AhrefsBot/7.0; +http://ahrefs.com/robot/)" "metrocrimedaily.com"
40.77.167.212 - - [02/Feb/2023:14:40:01 -0800] "GET /index-miami.html HTTP/1.1" 200 9579 "-" "Mozilla/5.0 AppleWebKit/537.36 (KHTML, like Gecko; compatible; bingbot/2.0; +http://www.bing.com/bingbot.htm) Chrome/103.0.5060.134 Safari/537.36" "metrocrimedaily.com"
51.222.253.19 - - [02/Feb/2023:14:40:29 -0800] "GET /CRIME-WATCH-AMERICA/GOOD_BARBER_APP-MAKER/unix/bin/dirname.exe HTTP/1.1" 200 8704 "-" "Mozilla/5.0 (compatible; AhrefsBot/7.0; +http://ahrefs.com/robot/)" "metrocrimedaily.com"
69.63.184.4 - - [02/Feb/2023:14:40:42 -0800] "GET /instagram-atlanta/02-02-2023-1624322-A.jpg HTTP/1.1" 200 108879 "-" "facebookexternalhit/1.1 (+http://www.facebook.com/externalhit_uatext.php)" "www.metrocrimedaily.com"
173.252.95.3 - - [02/Feb/2023:14:40:43 -0800] "GET /instagram-stlouis/02-02-2023-1640221-A.jpg HTTP/1.1" 200 232341 "-" "facebookexternalhit/1.1 (+http://www.facebook.com/externalhit_uatext.php)" "www.metrocrimedaily.com"
52.167.144.81 - - [02/Feb/2023:14:40:45 -0800] "GET /instagram-atlanta/12-24-2022-1245292-Georgia-man-sentenced-for-murdering-ex-girlfriend.txt HTTP/1.1" 404 88 "-" "Mozilla/5.0 AppleWebKit/537.36 (KHTML, like Gecko; compatible; bingbot/2.0; +http://www.bing.com/bingbot.htm) Chrome/103.0.5060.134 Safari/537.36" "www.metrocrimedaily.com"
51.222.253.1 - - [02/Feb/2023:14:41:19 -0800] "GET /CRIME-WATCH-AMERICA/GOOD_BARBER_APP-MAKER/unix/bin/echo.exe HTTP/1.1" 200 9216 "-" "Mozilla/5.0 (compatible; AhrefsBot/7.0; +http://ahrefs.com/robot/)" "metrocrimedaily.com"
51.222.253.2 - - [02/Feb/2023:14:41:52 -0800] "GET /CRIME-WATCH-AMERICA/GOOD_BARBER_APP-MAKER/unix/bin/egrep.exe HTTP/1.1" 200 17408 "-" "Mozilla/5.0 (compatible; AhrefsBot/7.0; +http://ahrefs.com/robot/)" "metrocrimedaily.com"
51.222.253.12 - - [02/Feb/2023:14:42:37 -0800] "GET /CRIME-WATCH-AMERICA/GOOD_BARBER_APP-MAKER/unix/bin/elvis.exe HTTP/1.1" 200 127488 "-" "Mozilla/5.0 (compatible; AhrefsBot/7.0; +http://ahrefs.com/robot/)" "metrocrimedaily.com"
114.119.136.160 - - [02/Feb/2023:14:42:44 -0800] "GET /instagram-dallas/01-23-2023-1833052-Three-suspects-arrested-in-connection-to-deadly-s.txt HTTP/1.1" 404 88 "https://metrocrimedaily.com/instagram-dallas/?C=D%3BO%3DA" "Mozilla/5.0 (Linux; Android 7.0;) AppleWebKit/537.36 (KHTML, like Gecko) Mobile Safari/537.36 (compatible; PetalBot;+https://webmaster.petalsearch.com/site/petalbot)" "metrocrimedaily.com"
51.222.253.4 - - [02/Feb/2023:14:43:12 -0800] "GET /CRIME-WATCH-AMERICA/GOOD_BARBER_APP-MAKER/unix/bin/expand.exe HTTP/1.1" 200 14336 "-" "Mozilla/5.0 (compatible; AhrefsBot/7.0; +http://ahrefs.com/robot/)" "metrocrimedaily.com"
51.222.253.3 - - [02/Feb/2023:14:43:53 -0800] "GET /CRIME-WATCH-AMERICA/GOOD_BARBER_APP-MAKER/unix/bin/expr.exe HTTP/1.1" 200 13312 "-" "Mozilla/5.0 (compatible; AhrefsBot/7.0; +http://ahrefs.com/robot/)" "metrocrimedaily.com"
51.222.253.10 - - [02/Feb/2023:14:44:32 -0800] "GET /CRIME-WATCH-AMERICA/GOOD_BARBER_APP-MAKER/unix/bin/fgrep.exe HTTP/1.1" 200 18432 "-" "Mozilla/5.0 (compatible; AhrefsBot/7.0; +http://ahrefs.com/robot/)" "metrocrimedaily.com"
51.222.253.10 - - [02/Feb/2023:14:45:57 -0800] "GET /CRIME-WATCH-AMERICA/GOOD_BARBER_APP-MAKER/unix/bin/flex.exe HTTP/1.1" 200 80896 "-" "Mozilla/5.0 (compatible; AhrefsBot/7.0; +http://ahrefs.com/robot/)" "metrocrimedaily.com"
51.222.253.3 - - [02/Feb/2023:14:46:36 -0800] "GET /CRIME-WATCH-AMERICA/GOOD_BARBER_APP-MAKER/unix/bin/fold.exe HTTP/1.1" 200 14336 "-" "Mozilla/5.0 (compatible; AhrefsBot/7.0; +http://ahrefs.com/robot/)" "metrocrimedaily.com"
173.252.95.22 - - [02/Feb/2023:14:46:54 -0800] "GET /instagram-newyork/02-02-2023-1455208-A.jpg HTTP/1.1" 200 93049 "-" "facebookexternalhit/1.1 (+http://www.facebook.com/externalhit_uatext.php)" "www.metrocrimedaily.com"
51.222.253.8 - - [02/Feb/2023:14:47:15 -0800] "GET /CRIME-WATCH-AMERICA/GOOD_BARBER_APP-MAKER/unix/bin/gawk.exe HTTP/1.1" 200 98816 "-" "Mozilla/5.0 (compatible; AhrefsBot/7.0; +http://ahrefs.com/robot/)" "metrocrimedaily.com"
51.222.253.2 - - [02/Feb/2023:14:47:47 -0800] "GET /CRIME-WATCH-AMERICA/GOOD_BARBER_APP-MAKER/unix/bin/gmake.exe HTTP/1.1" 200 207360 "-" "Mozilla/5.0 (compatible; AhrefsBot/7.0; +http://ahrefs.com/robot/)" "metrocrimedaily.com"
35.129.5.72 - - [02/Feb/2023:14:48:06 -0800] "GET / HTTP/1.1" 200 14015 "https://www.google.com/" "Mozilla/5.0 (iPhone; CPU iPhone OS 16_2 like Mac OS X) AppleWebKit/605.1.15 (KHTML, like Gecko) Version/16.2 Mobile/15E148 Safari/604.1" "www.metrocrimedaily.com"
35.129.5.72 - - [02/Feb/2023:14:48:06 -0800] "GET /styles-mcd.css HTTP/1.1" 200 1159 "http://www.metrocrimedaily.com/" "Mozilla/5.0 (iPhone; CPU iPhone OS 16_2 like Mac OS X) AppleWebKit/605.1.15 (KHTML, like Gecko) Version/16.2 Mobile/15E148 Safari/604.1" "www.metrocrimedaily.com"
35.129.5.72 - - [02/Feb/2023:14:48:06 -0800] "GET /images/crimeinthed-logo.jpg HTTP/1.1" 200 14960 "http://www.metrocrimedaily.com/" "Mozilla/5.0 (iPhone; CPU iPhone OS 16_2 like Mac OS X) AppleWebKit/605.1.15 (KHTML, like Gecko) Version/16.2 Mobile/15E148 Safari/604.1" "www.metrocrimedaily.com"
35.129.5.72 - - [02/Feb/2023:14:48:06 -0800] "GET /images/facebook-logo-tiny.png HTTP/1.1" 200 1280 "http://www.metrocrimedaily.com/" "Mozilla/5.0 (iPhone; CPU iPhone OS 16_2 like Mac OS X) AppleWebKit/605.1.15 (KHTML, like Gecko) Version/16.2 Mobile/15E148 Safari/604.1" "www.metrocrimedaily.com"
35.129.5.72 - - [02/Feb/2023:14:48:06 -0800] "GET /images/youtube-logo-tiny.png HTTP/1.1" 200 689 "http://www.metrocrimedaily.com/" "Mozilla/5.0 (iPhone; CPU iPhone OS 16_2 like Mac OS X) AppleWebKit/605.1.15 (KHTML, like Gecko) Version/16.2 Mobile/15E148 Safari/604.1" "www.metrocrimedaily.com"
35.129.5.72 - - [02/Feb/2023:14:48:06 -0800] "GET /images/twitter-logo-b-tiny.png HTTP/1.1" 200 1600 "http://www.metrocrimedaily.com/" "Mozilla/5.0 (iPhone; CPU iPhone OS 16_2 like Mac OS X) AppleWebKit/605.1.15 (KHTML, like Gecko) Version/16.2 Mobile/15E148 Safari/604.1" "www.metrocrimedaily.com"
35.129.5.72 - - [02/Feb/2023:14:48:06 -0800] "GET /images/police-tape.jpg HTTP/1.1" 200 50766 "http://www.metrocrimedaily.com/" "Mozilla/5.0 (iPhone; CPU iPhone OS 16_2 like Mac OS X) AppleWebKit/605.1.15 (KHTML, like Gecko) Version/16.2 Mobile/15E148 Safari/604.1" "metrocrimedaily.com"
51.222.253.4 - - [02/Feb/2023:14:48:33 -0800] "GET /CRIME-WATCH-AMERICA/GOOD_BARBER_APP-MAKER/unix/bin/grep.exe HTTP/1.1" 200 17408 "-" "Mozilla/5.0 (compatible; AhrefsBot/7.0; +http://ahrefs.com/robot/)" "metrocrimedaily.com"
173.252.95.15 - - [02/Feb/2023:14:48:42 -0800] "GET /instagram-memphis/02-02-2023-1648211-A.jpg HTTP/1.1" 200 284504 "-" "facebookexternalhit/1.1 (+http://www.facebook.com/externalhit_uatext.php)" "www.metrocrimedaily.com"
51.222.253.17 - - [02/Feb/2023:14:49:06 -0800] "GET /CRIME-WATCH-AMERICA/GOOD_BARBER_APP-MAKER/unix/bin/gunzip.exe HTTP/1.1" 200 53760 "-" "Mozilla/5.0 (compatible; AhrefsBot/7.0; +http://ahrefs.com/robot/)" "metrocrimedaily.com"
51.222.253.2 - - [02/Feb/2023:14:50:07 -0800] "GET /CRIME-WATCH-AMERICA/GOOD_BARBER_APP-MAKER/unix/bin/gzcat.exe HTTP/1.1" 200 53760 "-" "Mozilla/5.0 (compatible; AhrefsBot/7.0; +http://ahrefs.com/robot/)" "metrocrimedaily.com"
173.252.95.1 - - [02/Feb/2023:14:50:37 -0800] "GET /instagram-neworleans/02-02-2023-1650151-A.jpg HTTP/1.1" 200 367418 "-" "facebookexternalhit/1.1 (+http://www.facebook.com/externalhit_uatext.php)" "www.metrocrimedaily.com"
51.222.253.8 - - [02/Feb/2023:14:51:04 -0800] "GET /CRIME-WATCH-AMERICA/GOOD_BARBER_APP-MAKER/unix/bin/gzip.exe HTTP/1.1" 200 53760 "-" "Mozilla/5.0 (compatible; AhrefsBot/7.0; +http://ahrefs.com/robot/)" "metrocrimedaily.com"
51.222.253.14 - - [02/Feb/2023:14:51:58 -0800] "GET /CRIME-WATCH-AMERICA/GOOD_BARBER_APP-MAKER/unix/bin/head.exe HTTP/1.1" 200 14848 "-" "Mozilla/5.0 (compatible; AhrefsBot/7.0; +http://ahrefs.com/robot/)" "metrocrimedaily.com"
51.222.253.8 - - [02/Feb/2023:14:52:33 -0800] "GET /CRIME-WATCH-AMERICA/GOOD_BARBER_APP-MAKER/unix/bin/ident.exe HTTP/1.1" 200 10240 "-" "Mozilla/5.0 (compatible; AhrefsBot/7.0; +http://ahrefs.com/robot/)" "metrocrimedaily.com"
69.63.184.119 - - [02/Feb/2023:14:53:14 -0800] "GET /instagram-dallas/02-02-2023-1652531-A.jpg HTTP/1.1" 200 68312 "-" "facebookexternalhit/1.1 (+http://www.facebook.com/externalhit_uatext.php)" "www.metrocrimedaily.com"
51.222.253.7 - - [02/Feb/2023:14:53:20 -0800] "GET /CRIME-WATCH-AMERICA/GOOD_BARBER_APP-MAKER/unix/bin/indent.exe HTTP/1.1" 200 52736 "-" "Mozilla/5.0 (compatible; AhrefsBot/7.0; +http://ahrefs.com/robot/)" "metrocrimedaily.com"
51.222.253.18 - - [02/Feb/2023:14:53:56 -0800] "GET /CRIME-WATCH-AMERICA/GOOD_BARBER_APP-MAKER/unix/bin/install.log HTTP/1.1" 200 253 "-" "Mozilla/5.0 (compatible; AhrefsBot/7.0; +http://ahrefs.com/robot/)" "metrocrimedaily.com"
51.222.253.3 - - [02/Feb/2023:14:54:52 -0800] "GET /CRIME-WATCH-AMERICA/GOOD_BARBER_APP-MAKER/unix/bin/join.exe HTTP/1.1" 200 17408 "-" "Mozilla/5.0 (compatible; AhrefsBot/7.0; +http://ahrefs.com/robot/)" "metrocrimedaily.com"
51.222.253.17 - - [02/Feb/2023:14:56:02 -0800] "GET /CRIME-WATCH-AMERICA/GOOD_BARBER_APP-MAKER/unix/bin/kill.exe HTTP/1.1" 200 27136 "-" "Mozilla/5.0 (compatible; AhrefsBot/7.0; +http://ahrefs.com/robot/)" "metrocrimedaily.com"
69.63.184.3 - - [02/Feb/2023:14:56:18 -0800] "GET /instagram-atlanta/02-02-2023-1624323-A.jpg HTTP/1.1" 200 226524 "-" "facebookexternalhit/1.1 (+http://www.facebook.com/externalhit_uatext.php)" "www.metrocrimedaily.com"
173.252.95.22 - - [02/Feb/2023:14:56:20 -0800] "GET /instagram-houston/02-02-2023-1655581-A.jpg HTTP/1.1" 200 95894 "-" "facebookexternalhit/1.1 (+http://www.facebook.com/externalhit_uatext.php)" "www.metrocrimedaily.com"
173.252.95.118 - - [02/Feb/2023:14:56:20 -0800] "GET /instagram-stlouis/02-02-2023-1640222-A.jpg HTTP/1.1" 200 226934 "-" "facebookexternalhit/1.1 (+http://www.facebook.com/externalhit_uatext.php)" "www.metrocrimedaily.com"
173.252.95.119 - - [02/Feb/2023:14:56:49 -0800] "GET /instagram-houston/02-02-2023-1655582-A.jpg HTTP/1.1" 200 150859 "-" "facebookexternalhit/1.1 (+http://www.facebook.com/externalhit_uatext.php)" "www.metrocrimedaily.com"
51.222.253.14 - - [02/Feb/2023:14:56:50 -0800] "GET /CRIME-WATCH-AMERICA/GOOD_BARBER_APP-MAKER/unix/bin/lem11_32.exe HTTP/1.1" 200 504101 "-" "Mozilla/5.0 (compatible; AhrefsBot/7.0; +http://ahrefs.com/robot/)" "metrocrimedaily.com"
173.252.95.10 - - [02/Feb/2023:14:57:18 -0800] "GET /instagram-houston/02-02-2023-1655583-A.jpg HTTP/1.1" 200 201980 "-" "facebookexternalhit/1.1 (+http://www.facebook.com/externalhit_uatext.php)" "www.metrocrimedaily.com"
51.222.253.17 - - [02/Feb/2023:14:57:27 -0800] "GET /CRIME-WATCH-AMERICA/GOOD_BARBER_APP-MAKER/unix/bin/lemmy.cnt HTTP/1.1" 200 849 "-" "Mozilla/5.0 (compatible; AhrefsBot/7.0; +http://ahrefs.com/robot/)" "metrocrimedaily.com"
173.252.95.20 - - [02/Feb/2023:14:57:49 -0800] "GET /instagram-houston/02-02-2023-1655584-A.jpg HTTP/1.1" 200 103873 "-" "facebookexternalhit/1.1 (+http://www.facebook.com/externalhit_uatext.php)" "www.metrocrimedaily.com"
51.222.253.10 - - [02/Feb/2023:14:58:17 -0800] "GET /CRIME-WATCH-AMERICA/GOOD_BARBER_APP-MAKER/unix/bin/lemmy.exe HTTP/1.1" 200 413184 "-" "Mozilla/5.0 (compatible; AhrefsBot/7.0; +http://ahrefs.com/robot/)" "metrocrimedaily.com"
173.252.95.12 - - [02/Feb/2023:14:58:19 -0800] "GET /instagram-houston/02-02-2023-1655585-A.jpg HTTP/1.1" 200 170324 "-" "facebookexternalhit/1.1 (+http://www.facebook.com/externalhit_uatext.php)" "www.metrocrimedaily.com"
51.222.253.7 - - [02/Feb/2023:14:59:02 -0800] "GET /CRIME-WATCH-AMERICA/GOOD_BARBER_APP-MAKER/unix/bin/lemmy.gid HTTP/1.1" 200 10837 "-" "Mozilla/5.0 (compatible; AhrefsBot/7.0; +http://ahrefs.com/robot/)" "metrocrimedaily.com"
51.222.253.4 - - [02/Feb/2023:14:59:45 -0800] "GET /CRIME-WATCH-AMERICA/GOOD_BARBER_APP-MAKER/unix/bin/lemmy.hlp HTTP/1.1" 200 697730 "-" "Mozilla/5.0 (compatible; AhrefsBot/7.0; +http://ahrefs.com/robot/)" "metrocrimedaily.com"
51.222.253.14 - - [02/Feb/2023:15:00:33 -0800] "GET /CRIME-WATCH-AMERICA/GOOD_BARBER_APP-MAKER/unix/bin/lemreg.exe HTTP/1.1" 200 141312 "-" "Mozilla/5.0 (compatible; AhrefsBot/7.0; +http://ahrefs.com/robot/)" "metrocrimedaily.com"
51.222.253.11 - - [02/Feb/2023:15:01:23 -0800] "GET /CRIME-WATCH-AMERICA/GOOD_BARBER_APP-MAKER/unix/bin/less.exe HTTP/1.1" 200 48640 "-" "Mozilla/5.0 (compatible; AhrefsBot/7.0; +http://ahrefs.com/robot/)" "metrocrimedaily.com"
51.222.253.7 - - [02/Feb/2023:15:02:00 -0800] "GET /CRIME-WATCH-AMERICA/GOOD_BARBER_APP-MAKER/unix/bin/make.exe HTTP/1.1" 200 207360 "-" "Mozilla/5.0 (compatible; AhrefsBot/7.0; +http://ahrefs.com/robot/)" "metrocrimedaily.com"
173.252.95.11 - - [02/Feb/2023:15:02:33 -0800] "GET /instagram-newyork/02-02-2023-1455209-A.jpg HTTP/1.1" 200 149731 "-" "facebookexternalhit/1.1 (+http://www.facebook.com/externalhit_uatext.php)" "www.metrocrimedaily.com"
51.222.253.6 - - [02/Feb/2023:15:02:43 -0800] "GET /CRIME-WATCH-AMERICA/GOOD_BARBER_APP-MAKER/unix/bin/marlett.ttf HTTP/1.1" 200 17412 "-" "Mozilla/5.0 (compatible; AhrefsBot/7.0; +http://ahrefs.com/robot/)" "metrocrimedaily.com"
51.222.253.3 - - [02/Feb/2023:15:03:22 -0800] "GET /CRIME-WATCH-AMERICA/GOOD_BARBER_APP-MAKER/unix/bin/merge.exe HTTP/1.1" 200 36864 "-" "Mozilla/5.0 (compatible; AhrefsBot/7.0; +http://ahrefs.com/robot/)" "metrocrimedaily.com"
69.63.184.116 - - [02/Feb/2023:15:04:04 -0800] "GET /instagram-detroit/02-02-2023-1703431-A.jpg HTTP/1.1" 200 159454 "-" "facebookexternalhit/1.1 (+http://www.facebook.com/externalhit_uatext.php)" "www.metrocrimedaily.com"
51.222.253.19 - - [02/Feb/2023:15:04:15 -0800] "GET /CRIME-WATCH-AMERICA/GOOD_BARBER_APP-MAKER/unix/bin/mkdir.exe HTTP/1.1" 200 13312 "-" "Mozilla/5.0 (compatible; AhrefsBot/7.0; +http://ahrefs.com/robot/)" "metrocrimedaily.com"
173.252.95.17 - - [02/Feb/2023:15:04:18 -0800] "GET /instagram-memphis/02-02-2023-1648212-A.jpg HTTP/1.1" 200 205738 "-" "facebookexternalhit/1.1 (+http://www.facebook.com/externalhit_uatext.php)" "www.metrocrimedaily.com"
107.5.214.198 - - [02/Feb/2023:15:04:20 -0800] "GET / HTTP/1.1" 200 14015 "https://www.google.com/" "Mozilla/5.0 (iPhone; CPU iPhone OS 15_6_1 like Mac OS X) AppleWebKit/605.1.15 (KHTML, like Gecko) Version/15.6.1 Mobile/15E148 Safari/604.1" "www.metrocrimedaily.com"
107.5.214.198 - - [02/Feb/2023:15:04:20 -0800] "GET /styles-mcd.css HTTP/1.1" 200 1159 "http://www.metrocrimedaily.com/" "Mozilla/5.0 (iPhone; CPU iPhone OS 15_6_1 like Mac OS X) AppleWebKit/605.1.15 (KHTML, like Gecko) Version/15.6.1 Mobile/15E148 Safari/604.1" "www.metrocrimedaily.com"
107.5.214.198 - - [02/Feb/2023:15:04:20 -0800] "GET /images/crimeinthed-logo.jpg HTTP/1.1" 200 14960 "http://www.metrocrimedaily.com/" "Mozilla/5.0 (iPhone; CPU iPhone OS 15_6_1 like Mac OS X) AppleWebKit/605.1.15 (KHTML, like Gecko) Version/15.6.1 Mobile/15E148 Safari/604.1" "www.metrocrimedaily.com"
107.5.214.198 - - [02/Feb/2023:15:04:20 -0800] "GET /images/facebook-logo-tiny.png HTTP/1.1" 200 1280 "http://www.metrocrimedaily.com/" "Mozilla/5.0 (iPhone; CPU iPhone OS 15_6_1 like Mac OS X) AppleWebKit/605.1.15 (KHTML, like Gecko) Version/15.6.1 Mobile/15E148 Safari/604.1" "www.metrocrimedaily.com"
107.5.214.198 - - [02/Feb/2023:15:04:20 -0800] "GET /images/youtube-logo-tiny.png HTTP/1.1" 200 689 "http://www.metrocrimedaily.com/" "Mozilla/5.0 (iPhone; CPU iPhone OS 15_6_1 like Mac OS X) AppleWebKit/605.1.15 (KHTML, like Gecko) Version/15.6.1 Mobile/15E148 Safari/604.1" "www.metrocrimedaily.com"
107.5.214.198 - - [02/Feb/2023:15:04:20 -0800] "GET /images/twitter-logo-b-tiny.png HTTP/1.1" 200 1600 "http://www.metrocrimedaily.com/" "Mozilla/5.0 (iPhone; CPU iPhone OS 15_6_1 like Mac OS X) AppleWebKit/605.1.15 (KHTML, like Gecko) Version/15.6.1 Mobile/15E148 Safari/604.1" "www.metrocrimedaily.com"
107.5.214.198 - - [02/Feb/2023:15:04:20 -0800] "GET /images/police-tape.jpg HTTP/1.1" 200 50766 "http://www.metrocrimedaily.com/" "Mozilla/5.0 (iPhone; CPU iPhone OS 15_6_1 like Mac OS X) AppleWebKit/605.1.15 (KHTML, like Gecko) Version/15.6.1 Mobile/15E148 Safari/604.1" "metrocrimedaily.com"
107.5.214.198 - - [02/Feb/2023:15:04:21 -0800] "GET /favicon.ico HTTP/1.1" 404 88 "http://www.metrocrimedaily.com/" "Mozilla/5.0 (iPhone; CPU iPhone OS 15_6_1 like Mac OS X) AppleWebKit/605.1.15 (KHTML, like Gecko) Version/15.6.1 Mobile/15E148 Safari/604.1" "www.metrocrimedaily.com"
172.58.123.190 - - [02/Feb/2023:15:04:38 -0800] "GET / HTTP/1.1" 200 14015 "https://www.google.com/" "Mozilla/5.0 (Linux; Android 12; DE2118) AppleWebKit/537.36 (KHTML, like Gecko) Chrome/101.0.0.0 Mobile Safari/537.36" "www.metrocrimedaily.com"
172.58.123.190 - - [02/Feb/2023:15:04:38 -0800] "GET /styles-mcd.css HTTP/1.1" 200 1159 "http://www.metrocrimedaily.com/" "Mozilla/5.0 (Linux; Android 12; DE2118) AppleWebKit/537.36 (KHTML, like Gecko) Chrome/101.0.0.0 Mobile Safari/537.36" "www.metrocrimedaily.com"
172.58.123.190 - - [02/Feb/2023:15:04:38 -0800] "GET /images/crimeinthed-logo.jpg HTTP/1.1" 200 14960 "http://www.metrocrimedaily.com/" "Mozilla/5.0 (Linux; Android 12; DE2118) AppleWebKit/537.36 (KHTML, like Gecko) Chrome/101.0.0.0 Mobile Safari/537.36" "www.metrocrimedaily.com"
172.58.123.190 - - [02/Feb/2023:15:04:39 -0800] "GET /images/facebook-logo-tiny.png HTTP/1.1" 200 1280 "http://www.metrocrimedaily.com/" "Mozilla/5.0 (Linux; Android 12; DE2118) AppleWebKit/537.36 (KHTML, like Gecko) Chrome/101.0.0.0 Mobile Safari/537.36" "www.metrocrimedaily.com"
172.58.123.190 - - [02/Feb/2023:15:04:39 -0800] "GET /images/youtube-logo-tiny.png HTTP/1.1" 200 689 "http://www.metrocrimedaily.com/" "Mozilla/5.0 (Linux; Android 12; DE2118) AppleWebKit/537.36 (KHTML, like Gecko) Chrome/101.0.0.0 Mobile Safari/537.36" "www.metrocrimedaily.com"
172.58.123.190 - - [02/Feb/2023:15:04:39 -0800] "GET /images/twitter-logo-b-tiny.png HTTP/1.1" 200 1600 "http://www.metrocrimedaily.com/" "Mozilla/5.0 (Linux; Android 12; DE2118) AppleWebKit/537.36 (KHTML, like Gecko) Chrome/101.0.0.0 Mobile Safari/537.36" "www.metrocrimedaily.com"
172.58.123.190 - - [02/Feb/2023:15:04:40 -0800] "GET /images/police-tape.jpg HTTP/1.1" 200 50766 "http://www.metrocrimedaily.com/" "Mozilla/5.0 (Linux; Android 12; DE2118) AppleWebKit/537.36 (KHTML, like Gecko) Chrome/101.0.0.0 Mobile Safari/537.36" "metrocrimedaily.com"
172.58.123.190 - - [02/Feb/2023:15:04:47 -0800] "GET /favicon.ico HTTP/1.1" 404 88 "http://www.metrocrimedaily.com/" "Mozilla/5.0 (Linux; Android 12; DE2118) AppleWebKit/537.36 (KHTML, like Gecko) Chrome/101.0.0.0 Mobile Safari/537.36" "www.metrocrimedaily.com"
51.222.253.20 - - [02/Feb/2023:15:05:03 -0800] "GET /CRIME-WATCH-AMERICA/GOOD_BARBER_APP-MAKER/unix/bin/mkmodules.exe HTTP/1.1" 200 19456 "-" "Mozilla/5.0 (compatible; AhrefsBot/7.0; +http://ahrefs.com/robot/)" "metrocrimedaily.com"
51.222.253.18 - - [02/Feb/2023:15:05:38 -0800] "GET /CRIME-WATCH-AMERICA/GOOD_BARBER_APP-MAKER/unix/bin/mtail.exe HTTP/1.1" 200 589824 "-" "Mozilla/5.0 (compatible; AhrefsBot/7.0; +http://ahrefs.com/robot/)" "metrocrimedaily.com"
51.222.253.17 - - [02/Feb/2023:15:06:18 -0800] "GET /CRIME-WATCH-AMERICA/GOOD_BARBER_APP-MAKER/unix/bin/ntemacs.exe HTTP/1.1" 200 634880 "-" "Mozilla/5.0 (compatible; AhrefsBot/7.0; +http://ahrefs.com/robot/)" "metrocrimedaily.com"
51.222.253.18 - - [02/Feb/2023:15:06:51 -0800] "GET /CRIME-WATCH-AMERICA/GOOD_BARBER_APP-MAKER/unix/bin/nutgmake.exe HTTP/1.1" 200 398612 "-" "Mozilla/5.0 (compatible; AhrefsBot/7.0; +http://ahrefs.com/robot/)" "metrocrimedaily.com"
51.222.253.6 - - [02/Feb/2023:15:07:50 -0800] "GET /CRIME-WATCH-AMERICA/GOOD_BARBER_APP-MAKER/unix/bin/nwin2.dll HTTP/1.1" 200 477680 "-" "Mozilla/5.0 (compatible; AhrefsBot/7.0; +http://ahrefs.com/robot/)" "metrocrimedaily.com"
107.5.214.198 - - [02/Feb/2023:15:08:17 -0800] "GET /gov-svc-detroit.html HTTP/1.1" 200 2125 "https://www.google.com/" "Mozilla/5.0 (iPhone; CPU iPhone OS 15_6_1 like Mac OS X) AppleWebKit/605.1.15 (KHTML, like Gecko) Version/15.6.1 Mobile/15E148 Safari/604.1" "metrocrimedaily.com"
107.5.214.198 - - [02/Feb/2023:15:08:17 -0800] "GET /images/downtown-detroit.jpg HTTP/1.1" 200 10971 "http://metrocrimedaily.com/gov-svc-detroit.html" "Mozilla/5.0 (iPhone; CPU iPhone OS 15_6_1 like Mac OS X) AppleWebKit/605.1.15 (KHTML, like Gecko) Version/15.6.1 Mobile/15E148 Safari/604.1" "metrocrimedaily.com"
107.5.214.198 - - [02/Feb/2023:15:08:17 -0800] "GET /main-menu.html HTTP/1.1" 200 897 "http://metrocrimedaily.com/gov-svc-detroit.html" "Mozilla/5.0 (iPhone; CPU iPhone OS 15_6_1 like Mac OS X) AppleWebKit/605.1.15 (KHTML, like Gecko) Version/15.6.1 Mobile/15E148 Safari/604.1" "metrocrimedaily.com"
107.5.214.198 - - [02/Feb/2023:15:08:17 -0800] "GET /styles-mcd.css HTTP/1.1" 200 1159 "http://metrocrimedaily.com/main-menu.html" "Mozilla/5.0 (iPhone; CPU iPhone OS 15_6_1 like Mac OS X) AppleWebKit/605.1.15 (KHTML, like Gecko) Version/15.6.1 Mobile/15E148 Safari/604.1" "metrocrimedaily.com"
107.5.214.198 - - [02/Feb/2023:15:08:17 -0800] "GET /images/crimeinthed-logo.jpg HTTP/1.1" 200 14960 "http://metrocrimedaily.com/main-menu.html" "Mozilla/5.0 (iPhone; CPU iPhone OS 15_6_1 like Mac OS X) AppleWebKit/605.1.15 (KHTML, like Gecko) Version/15.6.1 Mobile/15E148 Safari/604.1" "metrocrimedaily.com"
107.5.214.198 - - [02/Feb/2023:15:08:18 -0800] "GET /favicon.ico HTTP/1.1" 404 88 "http://metrocrimedaily.com/gov-svc-detroit.html" "Mozilla/5.0 (iPhone; CPU iPhone OS 15_6_1 like Mac OS X) AppleWebKit/605.1.15 (KHTML, like Gecko) Version/15.6.1 Mobile/15E148 Safari/604.1" "metrocrimedaily.com"
51.222.253.7 - - [02/Feb/2023:15:08:42 -0800] "GET /CRIME-WATCH-AMERICA/GOOD_BARBER_APP-MAKER/unix/bin/objdump.exe HTTP/1.1" 200 100864 "-" "Mozilla/5.0 (compatible; AhrefsBot/7.0; +http://ahrefs.com/robot/)" "metrocrimedaily.com"
69.63.184.118 - - [02/Feb/2023:15:08:51 -0800] "GET /instagram-dallas/02-02-2023-1652532-A.jpg HTTP/1.1" 200 653753 "-" "facebookexternalhit/1.1 (+http://www.facebook.com/externalhit_uatext.php)" "www.metrocrimedaily.com"
51.222.253.14 - - [02/Feb/2023:15:09:20 -0800] "GET /CRIME-WATCH-AMERICA/GOOD_BARBER_APP-MAKER/unix/bin/paste.exe HTTP/1.1" 200 14848 "-" "Mozilla/5.0 (compatible; AhrefsBot/7.0; +http://ahrefs.com/robot/)" "metrocrimedaily.com"
107.5.214.198 - - [02/Feb/2023:15:09:28 -0800] "GET / HTTP/1.1" 200 14015 "-" "Mozilla/5.0 (iPhone; CPU iPhone OS 15_6 like Mac OS X) AppleWebKit/605.1.15 (KHTML, like Gecko) CriOS/96.0.4664.36 Mobile/15E148 Safari/604.1" "www.metrocrimedaily.com"
107.5.214.198 - - [02/Feb/2023:15:09:29 -0800] "GET /styles-mcd.css HTTP/1.1" 200 1159 "http://www.metrocrimedaily.com/" "Mozilla/5.0 (iPhone; CPU iPhone OS 15_6 like Mac OS X) AppleWebKit/605.1.15 (KHTML, like Gecko) CriOS/96.0.4664.36 Mobile/15E148 Safari/604.1" "www.metrocrimedaily.com"
107.5.214.198 - - [02/Feb/2023:15:09:29 -0800] "GET /images/crimeinthed-logo.jpg HTTP/1.1" 200 14960 "http://www.metrocrimedaily.com/" "Mozilla/5.0 (iPhone; CPU iPhone OS 15_6 like Mac OS X) AppleWebKit/605.1.15 (KHTML, like Gecko) CriOS/96.0.4664.36 Mobile/15E148 Safari/604.1" "www.metrocrimedaily.com"
107.5.214.198 - - [02/Feb/2023:15:09:29 -0800] "GET /images/facebook-logo-tiny.png HTTP/1.1" 200 1280 "http://www.metrocrimedaily.com/" "Mozilla/5.0 (iPhone; CPU iPhone OS 15_6 like Mac OS X) AppleWebKit/605.1.15 (KHTML, like Gecko) CriOS/96.0.4664.36 Mobile/15E148 Safari/604.1" "www.metrocrimedaily.com"
107.5.214.198 - - [02/Feb/2023:15:09:29 -0800] "GET /images/police-tape.jpg HTTP/1.1" 200 50766 "http://www.metrocrimedaily.com/" "Mozilla/5.0 (iPhone; CPU iPhone OS 15_6 like Mac OS X) AppleWebKit/605.1.15 (KHTML, like Gecko) CriOS/96.0.4664.36 Mobile/15E148 Safari/604.1" "metrocrimedaily.com"
107.5.214.198 - - [02/Feb/2023:15:09:29 -0800] "GET /images/youtube-logo-tiny.png HTTP/1.1" 200 689 "http://www.metrocrimedaily.com/" "Mozilla/5.0 (iPhone; CPU iPhone OS 15_6 like Mac OS X) AppleWebKit/605.1.15 (KHTML, like Gecko) CriOS/96.0.4664.36 Mobile/15E148 Safari/604.1" "www.metrocrimedaily.com"
107.5.214.198 - - [02/Feb/2023:15:09:29 -0800] "GET /images/twitter-logo-b-tiny.png HTTP/1.1" 200 1600 "http://www.metrocrimedaily.com/" "Mozilla/5.0 (iPhone; CPU iPhone OS 15_6 like Mac OS X) AppleWebKit/605.1.15 (KHTML, like Gecko) CriOS/96.0.4664.36 Mobile/15E148 Safari/604.1" "www.metrocrimedaily.com"
107.5.214.198 - - [02/Feb/2023:15:09:42 -0800] "GET / HTTP/1.1" 200 14015 "-" "Mozilla/5.0 (iPhone; CPU iPhone OS 15_6 like Mac OS X) AppleWebKit/605.1.15 (KHTML, like Gecko) CriOS/96.0.4664.36 Mobile/15E148 Safari/604.1" "www.metrocrimedaily.com"
51.222.253.10 - - [02/Feb/2023:15:10:03 -0800] "GET /CRIME-WATCH-AMERICA/GOOD_BARBER_APP-MAKER/unix/bin/patch.exe HTTP/1.1" 200 45056 "-" "Mozilla/5.0 (compatible; AhrefsBot/7.0; +http://ahrefs.com/robot/)" "metrocrimedaily.com"
51.222.253.1 - - [02/Feb/2023:15:10:35 -0800] "GET /CRIME-WATCH-AMERICA/GOOD_BARBER_APP-MAKER/unix/bin/pathchk.exe HTTP/1.1" 200 11264 "-" "Mozilla/5.0 (compatible; AhrefsBot/7.0; +http://ahrefs.com/robot/)" "metrocrimedaily.com"
51.222.253.4 - - [02/Feb/2023:15:11:22 -0800] "GET /CRIME-WATCH-AMERICA/GOOD_BARBER_APP-MAKER/unix/bin/perl.exe HTTP/1.1" 200 320512 "-" "Mozilla/5.0 (compatible; AhrefsBot/7.0; +http://ahrefs.com/robot/)" "metrocrimedaily.com"
114.119.158.253 - - [02/Feb/2023:15:11:36 -0800] "GET /instagram-stlouis/01-30-2023-0929542-Live--Alex-Murdaugh-murder-trial-livestream---Jan.txt HTTP/1.1" 404 88 "https://metrocrimedaily.com/instagram-stlouis/?C=M%3BO%3DA" "Mozilla/5.0 (Linux; Android 7.0;) AppleWebKit/537.36 (KHTML, like Gecko) Mobile Safari/537.36 (compatible; PetalBot;+https://webmaster.petalsearch.com/site/petalbot)" "metrocrimedaily.com"
173.252.95.17 - - [02/Feb/2023:15:11:52 -0800] "GET /instagram-stlouis/02-02-2023-1640223-A.jpg HTTP/1.1" 200 133311 "-" "facebookexternalhit/1.1 (+http://www.facebook.com/externalhit_uatext.php)" "www.metrocrimedaily.com"
69.63.184.120 - - [02/Feb/2023:15:11:54 -0800] "GET /instagram-atlanta/02-02-2023-1624324-A.jpg HTTP/1.1" 200 98099 "-" "facebookexternalhit/1.1 (+http://www.facebook.com/externalhit_uatext.php)" "www.metrocrimedaily.com"
51.222.253.11 - - [02/Feb/2023:15:12:18 -0800] "GET /CRIME-WATCH-AMERICA/GOOD_BARBER_APP-MAKER/unix/bin/readme.txt HTTP/1.1" 200 826 "-" "Mozilla/5.0 (compatible; AhrefsBot/7.0; +http://ahrefs.com/robot/)" "metrocrimedaily.com"
114.119.152.245 - - [02/Feb/2023:15:12:44 -0800] "GET /instagram-neworleans/01-23-2023-1844185-Deputies-searching-for-Union-Parish-man-who-is-wa.txt HTTP/1.1" 404 88 "https://metrocrimedaily.com/instagram-neworleans/" "Mozilla/5.0 (Linux; Android 7.0;) AppleWebKit/537.36 (KHTML, like Gecko) Mobile Safari/537.36 (compatible; PetalBot;+https://webmaster.petalsearch.com/site/petalbot)" "metrocrimedaily.com"
51.222.253.17 - - [02/Feb/2023:15:12:49 -0800] "GET /CRIME-WATCH-AMERICA/GOOD_BARBER_APP-MAKER/unix/bin/register.exe HTTP/1.1" 200 125399 "-" "Mozilla/5.0 (compatible; AhrefsBot/7.0; +http://ahrefs.com/robot/)" "metrocrimedaily.com"
51.222.253.18 - - [02/Feb/2023:15:13:31 -0800] "GET /CRIME-WATCH-AMERICA/GOOD_BARBER_APP-MAKER/unix/bin/register.hlp HTTP/1.1" 200 16454 "-" "Mozilla/5.0 (compatible; AhrefsBot/7.0; +http://ahrefs.com/robot/)" "metrocrimedaily.com"
114.119.157.250 - - [02/Feb/2023:15:13:53 -0800] "GET /instagram-miami/ig-miami-stories-to-post-later.txt HTTP/1.1" 200 1312 "https://metrocrimedaily.com/instagram-miami/" "Mozilla/5.0 (Linux; Android 7.0;) AppleWebKit/537.36 (KHTML, like Gecko) Mobile Safari/537.36 (compatible; PetalBot;+https://webmaster.petalsearch.com/site/petalbot)" "metrocrimedaily.com"
51.222.253.3 - - [02/Feb/2023:15:14:26 -0800] "GET /CRIME-WATCH-AMERICA/GOOD_BARBER_APP-MAKER/unix/bin/runonce.exe HTTP/1.1" 200 58640 "-" "Mozilla/5.0 (compatible; AhrefsBot/7.0; +http://ahrefs.com/robot/)" "metrocrimedaily.com"
66.249.64.82 - - [02/Feb/2023:15:15:08 -0800] "GET /robots.txt HTTP/1.1" 404 88 "-" "Mozilla/5.0 (compatible; Googlebot/2.1; +http://www.google.com/bot.html)" "www.metrocrimedaily.com"
51.222.253.11 - - [02/Feb/2023:15:15:15 -0800] "GET /CRIME-WATCH-AMERICA/GOOD_BARBER_APP-MAKER/unix/bin/sysinfo.exe HTTP/1.1" 200 18432 "-" "Mozilla/5.0 (compatible; AhrefsBot/7.0; +http://ahrefs.com/robot/)" "metrocrimedaily.com"
114.119.135.83 - - [02/Feb/2023:15:15:34 -0800] "GET /instagram-detroit/?C=D%3BO%3DA HTTP/1.1" 200 822 "https://metrocrimedaily.com/instagram-detroit/?C=M%3BO%3DA" "Mozilla/5.0 (Linux; Android 7.0;) AppleWebKit/537.36 (KHTML, like Gecko) Mobile Safari/537.36 (compatible; PetalBot;+https://webmaster.petalsearch.com/site/petalbot)" "metrocrimedaily.com"
51.222.253.13 - - [02/Feb/2023:15:16:15 -0800] "GET /CRIME-WATCH-AMERICA/GOOD_BARBER_APP-MAKER/unix/bin/sysinfo.txt HTTP/1.1" 200 144 "-" "Mozilla/5.0 (compatible; AhrefsBot/7.0; +http://ahrefs.com/robot/)" "metrocrimedaily.com"
51.222.253.18 - - [02/Feb/2023:15:16:58 -0800] "GET /CRIME-WATCH-AMERICA/GOOD_BARBER_APP-MAKER/unix/bin/unwise.exe HTTP/1.1" 200 34864 "-" "Mozilla/5.0 (compatible; AhrefsBot/7.0; +http://ahrefs.com/robot/)" "metrocrimedaily.com"
114.119.167.129 - - [02/Feb/2023:15:16:58 -0800] "GET /instagram-atlanta/post-later/?C=M%3BO%3DA HTTP/1.1" 200 865 "https://metrocrimedaily.com/instagram-atlanta/post-later/?C=S%3BO%3DA" "Mozilla/5.0 (Linux; Android 7.0;) AppleWebKit/537.36 (KHTML, like Gecko) Mobile Safari/537.36 (compatible; PetalBot;+https://webmaster.petalsearch.com/site/petalbot)" "metrocrimedaily.com"
51.222.253.20 - - [02/Feb/2023:15:17:36 -0800] "GET /CRIME-WATCH-AMERICA/GOOD_BARBER_APP-MAKER/unix/bin/wget.exe HTTP/1.1" 200 4923280 "-" "Mozilla/5.0 (compatible; AhrefsBot/7.0; +http://ahrefs.com/robot/)" "metrocrimedaily.com"
173.252.95.14 - - [02/Feb/2023:15:18:11 -0800] "GET /instagram-newyork/02-02-2023-14552010-A.jpg HTTP/1.1" 200 97103 "-" "facebookexternalhit/1.1 (+http://www.facebook.com/externalhit_uatext.php)" "www.metrocrimedaily.com"
51.222.253.6 - - [02/Feb/2023:15:18:20 -0800] "GET /CRIME-WATCH-AMERICA/GOOD_BARBER_APP-MAKER/unix/bin/win32gnu.dll HTTP/1.1" 200 104448 "-" "Mozilla/5.0 (compatible; AhrefsBot/7.0; +http://ahrefs.com/robot/)" "metrocrimedaily.com"
40.77.167.212 - - [02/Feb/2023:15:18:27 -0800] "GET /index-miami.html HTTP/1.1" 200 9579 "-" "Mozilla/5.0 AppleWebKit/537.36 (KHTML, like Gecko; compatible; bingbot/2.0; +http://www.bing.com/bingbot.htm) Chrome/103.0.5060.134 Safari/537.36" "metrocrimedaily.com"
114.119.131.182 - - [02/Feb/2023:15:18:53 -0800] "GET /CRIME-WATCH-AMERICA/CRIME-WATCH-STLOUIS/unix/bin/lemmy.hlp HTTP/1.1" 200 697730 "https://metrocrimedaily.com/CRIME-WATCH-AMERICA/CRIME-WATCH-STLOUIS/unix/bin/" "Mozilla/5.0 (Linux; Android 7.0;) AppleWebKit/537.36 (KHTML, like Gecko) Mobile Safari/537.36 (compatible; PetalBot;+https://webmaster.petalsearch.com/site/petalbot)" "metrocrimedaily.com"
173.252.95.3 - - [02/Feb/2023:15:19:04 -0800] "GET /instagram-losangeles/02-02-2023-1718431-A.jpg HTTP/1.1" 200 122888 "-" "facebookexternalhit/1.1 (+http://www.facebook.com/externalhit_uatext.php)" "www.metrocrimedaily.com"
51.222.253.17 - - [02/Feb/2023:15:19:09 -0800] "GET /CRIME-WATCH-AMERICA/GOOD_BARBER_APP-MAKER/unix/bin/winsu.exe HTTP/1.1" 200 21504 "-" "Mozilla/5.0 (compatible; AhrefsBot/7.0; +http://ahrefs.com/robot/)" "metrocrimedaily.com"
54.162.142.232 - - [02/Feb/2023:15:19:18 -0800] "GET / HTTP/1.1" 200 14015 "-" "Mozilla/5.0 (compatible; proximic; +https://www.comscore.com/Web-Crawler)" "www.metrocrimedaily.com"
173.252.95.2 - - [02/Feb/2023:15:19:27 -0800] "GET /instagram-losangeles/02-02-2023-1718432-A.jpg HTTP/1.1" 200 201926 "-" "facebookexternalhit/1.1 (+http://www.facebook.com/externalhit_uatext.php)" "www.metrocrimedaily.com"
76.184.252.42 - - [02/Feb/2023:15:19:27 -0800] "GET /images/police-tape.jpg HTTP/1.1" 200 50766 "-" "Wget/1.20.3 (mingw32)" "metrocrimedaily.com"
69.63.184.119 - - [02/Feb/2023:15:19:37 -0800] "GET /instagram-detroit/02-02-2023-1703432-A.jpg HTTP/1.1" 200 54596 "-" "facebookexternalhit/1.1 (+http://www.facebook.com/externalhit_uatext.php)" "www.metrocrimedaily.com"
51.222.253.12 - - [02/Feb/2023:15:19:45 -0800] "GET /instagram-dallas/01-19-2023-1438401-Lawyer--Gun-used-by-6-year-old-who-shot-teacher-w.txt HTTP/1.1" 404 88 "-" "Mozilla/5.0 (compatible; AhrefsBot/7.0; +http://ahrefs.com/robot/)" "metrocrimedaily.com"
173.252.95.8 - - [02/Feb/2023:15:19:52 -0800] "GET /instagram-memphis/02-02-2023-1648213-A.jpg HTTP/1.1" 200 222252 "-" "facebookexternalhit/1.1 (+http://www.facebook.com/externalhit_uatext.php)" "www.metrocrimedaily.com"
51.222.253.6 - - [02/Feb/2023:15:20:30 -0800] "GET /CRIME-WATCH-AMERICA/CRIME-WATCH-DETROIT/unix/bin/find-quota-usage-RevA.bat HTTP/1.1" 200 2781 "-" "Mozilla/5.0 (compatible; AhrefsBot/7.0; +http://ahrefs.com/robot/)" "www.metrocrimedaily.com"
68.32.40.89 - - [02/Feb/2023:15:20:53 -0800] "GET / HTTP/1.1" 200 14015 "-" "Mozilla/5.0 (Linux; Android 12; SM-A037U) AppleWebKit/537.36 (KHTML, like Gecko) Chrome/109.0.0.0 Mobile Safari/537.36" "www.metrocrimedaily.com"
68.32.40.89 - - [02/Feb/2023:15:20:53 -0800] "GET /styles-mcd.css HTTP/1.1" 200 1159 "http://www.metrocrimedaily.com/" "Mozilla/5.0 (Linux; Android 12; SM-A037U) AppleWebKit/537.36 (KHTML, like Gecko) Chrome/109.0.0.0 Mobile Safari/537.36" "www.metrocrimedaily.com"
68.32.40.89 - - [02/Feb/2023:15:20:54 -0800] "GET /images/crimeinthed-logo.jpg HTTP/1.1" 200 14960 "http://www.metrocrimedaily.com/" "Mozilla/5.0 (Linux; Android 12; SM-A037U) AppleWebKit/537.36 (KHTML, like Gecko) Chrome/109.0.0.0 Mobile Safari/537.36" "www.metrocrimedaily.com"
68.32.40.89 - - [02/Feb/2023:15:20:55 -0800] "GET /images/police-tape.jpg HTTP/1.1" 200 50766 "http://www.metrocrimedaily.com/" "Mozilla/5.0 (Linux; Android 12; SM-A037U) AppleWebKit/537.36 (KHTML, like Gecko) Chrome/109.0.0.0 Mobile Safari/537.36" "metrocrimedaily.com"
68.32.40.89 - - [02/Feb/2023:15:20:55 -0800] "GET /images/facebook-logo-tiny.png HTTP/1.1" 200 1280 "http://www.metrocrimedaily.com/" "Mozilla/5.0 (Linux; Android 12; SM-A037U) AppleWebKit/537.36 (KHTML, like Gecko) Chrome/109.0.0.0 Mobile Safari/537.36" "www.metrocrimedaily.com"
68.32.40.89 - - [02/Feb/2023:15:20:55 -0800] "GET /images/youtube-logo-tiny.png HTTP/1.1" 200 689 "http://www.metrocrimedaily.com/" "Mozilla/5.0 (Linux; Android 12; SM-A037U) AppleWebKit/537.36 (KHTML, like Gecko) Chrome/109.0.0.0 Mobile Safari/537.36" "www.metrocrimedaily.com"
68.32.40.89 - - [02/Feb/2023:15:20:56 -0800] "GET /images/twitter-logo-b-tiny.png HTTP/1.1" 200 1600 "http://www.metrocrimedaily.com/" "Mozilla/5.0 (Linux; Android 12; SM-A037U) AppleWebKit/537.36 (KHTML, like Gecko) Chrome/109.0.0.0 Mobile Safari/537.36" "www.metrocrimedaily.com"
51.222.253.19 - - [02/Feb/2023:15:21:07 -0800] "GET /CRIME-WATCH-AMERICA/CRIME-WATCH-STLOUIS/unix/bin/find-quota-usage-RevA.bat HTTP/1.1" 200 3184 "-" "Mozilla/5.0 (compatible; AhrefsBot/7.0; +http://ahrefs.com/robot/)" "www.metrocrimedaily.com"
157.55.39.18 - - [02/Feb/2023:15:21:44 -0800] "GET /instagram-detroit/12-28-2022-0811102-Man-just-out-of-prison-posts-Instagram-photos-of-.txt HTTP/1.1" 404 88 "-" "Mozilla/5.0 AppleWebKit/537.36 (KHTML, like Gecko; compatible; bingbot/2.0; +http://www.bing.com/bingbot.htm) Chrome/103.0.5060.134 Safari/537.36" "www.metrocrimedaily.com"
114.119.130.26 - - [02/Feb/2023:15:23:58 -0800] "GET /instagram-houston/01-25-2023-1600193-2023-tax-season-guide--Deadlines--tips-and-resour.txt HTTP/1.1" 404 88 "https://metrocrimedaily.com/instagram-houston/" "Mozilla/5.0 (Linux; Android 7.0;) AppleWebKit/537.36 (KHTML, like Gecko) Mobile Safari/537.36 (compatible; PetalBot;+https://webmaster.petalsearch.com/site/petalbot)" "metrocrimedaily.com"
69.63.184.117 - - [02/Feb/2023:15:24:25 -0800] "GET /instagram-dallas/02-02-2023-1652533-A.jpg HTTP/1.1" 200 137840 "-" "facebookexternalhit/1.1 (+http://www.facebook.com/externalhit_uatext.php)" "www.metrocrimedaily.com"
173.252.95.17 - - [02/Feb/2023:15:27:27 -0800] "GET /instagram-stlouis/02-02-2023-1640224-A.jpg HTTP/1.1" 200 313618 "-" "facebookexternalhit/1.1 (+http://www.facebook.com/externalhit_uatext.php)" "www.metrocrimedaily.com"
69.63.184.3 - - [02/Feb/2023:15:31:37 -0800] "GET /instagram-chicago/02-02-2023-1731161-A.jpg HTTP/1.1" 200 105491 "-" "facebookexternalhit/1.1 (+http://www.facebook.com/externalhit_uatext.php)" "www.metrocrimedaily.com"
51.222.253.7 - - [02/Feb/2023:15:33:31 -0800] "GET / HTTP/1.1" 200 14015 "-" "Mozilla/5.0 (compatible; AhrefsBot/7.0; +http://ahrefs.com/robot/)" "metrocrimedaily.com"
173.252.95.118 - - [02/Feb/2023:15:33:48 -0800] "GET /instagram-newyork/02-02-2023-14552011-A.jpg HTTP/1.1" 200 110022 "-" "facebookexternalhit/1.1 (+http://www.facebook.com/externalhit_uatext.php)" "www.metrocrimedaily.com"
51.222.253.1 - - [02/Feb/2023:15:33:52 -0800] "GET /styles-mcd.css HTTP/1.1" 200 1159 "-" "Mozilla/5.0 (compatible; AhrefsBot/7.0; +http://ahrefs.com/robot/)" "metrocrimedaily.com"
51.222.253.5 - - [02/Feb/2023:15:33:59 -0800] "GET / HTTP/1.1" 200 14015 "-" "Mozilla/5.0 (compatible; AhrefsBot/7.0; +http://ahrefs.com/robot/)" "www.metrocrimedaily.com"
51.222.253.15 - - [02/Feb/2023:15:34:02 -0800] "GET /images/facebook-logo-tiny.png HTTP/1.1" 200 1280 "-" "Mozilla/5.0 (compatible; AhrefsBot/7.0; +http://ahrefs.com/robot/)" "www.metrocrimedaily.com"
51.222.253.2 - - [02/Feb/2023:15:34:03 -0800] "GET /styles-mcd.css HTTP/1.1" 200 1159 "-" "Mozilla/5.0 (compatible; AhrefsBot/7.0; +http://ahrefs.com/robot/)" "www.metrocrimedaily.com"
51.222.253.14 - - [02/Feb/2023:15:34:04 -0800] "GET /images/twitter-logo-b-tiny.png HTTP/1.1" 200 1600 "-" "Mozilla/5.0 (compatible; AhrefsBot/7.0; +http://ahrefs.com/robot/)" "www.metrocrimedaily.com"
51.222.253.2 - - [02/Feb/2023:15:34:05 -0800] "GET /images/youtube-logo-tiny.png HTTP/1.1" 200 689 "-" "Mozilla/5.0 (compatible; AhrefsBot/7.0; +http://ahrefs.com/robot/)" "www.metrocrimedaily.com"
51.222.253.2 - - [02/Feb/2023:15:34:06 -0800] "GET /images/crimeinthed-logo.jpg HTTP/1.1" 200 14960 "-" "Mozilla/5.0 (compatible; AhrefsBot/7.0; +http://ahrefs.com/robot/)" "www.metrocrimedaily.com"
51.222.253.20 - - [02/Feb/2023:15:34:35 -0800] "GET /images/?C=S;O=A HTTP/1.1" 200 952 "-" "Mozilla/5.0 (compatible; AhrefsBot/7.0; +http://ahrefs.com/robot/)" "metrocrimedaily.com"
51.222.253.3 - - [02/Feb/2023:15:35:08 -0800] "GET /CRIME-WATCH-AMERICA/GOOD_BARBER_APP-MAKER/unix/bin/cat.exe HTTP/1.1" 200 15360 "-" "Mozilla/5.0 (compatible; AhrefsBot/7.0; +http://ahrefs.com/robot/)" "metrocrimedaily.com"
69.63.184.117 - - [02/Feb/2023:15:35:10 -0800] "GET /instagram-detroit/02-02-2023-1703433-A.jpg HTTP/1.1" 200 49932 "-" "facebookexternalhit/1.1 (+http://www.facebook.com/externalhit_uatext.php)" "www.metrocrimedaily.com"
51.222.253.11 - - [02/Feb/2023:15:35:37 -0800] "GET /CRIME-WATCH-AMERICA/GOOD_BARBER_APP-MAKER/unix/bin/ci.exe HTTP/1.1" 200 60928 "-" "Mozilla/5.0 (compatible; AhrefsBot/7.0; +http://ahrefs.com/robot/)" "metrocrimedaily.com"
51.222.253.16 - - [02/Feb/2023:15:36:05 -0800] "GET /CRIME-WATCH-AMERICA/GOOD_BARBER_APP-MAKER/unix/bin/cmp.exe HTTP/1.1" 200 13312 "-" "Mozilla/5.0 (compatible; AhrefsBot/7.0; +http://ahrefs.com/robot/)" "metrocrimedaily.com"
51.222.253.14 - - [02/Feb/2023:15:36:36 -0800] "GET /CRIME-WATCH-AMERICA/GOOD_BARBER_APP-MAKER/unix/bin/co.exe HTTP/1.1" 200 57344 "-" "Mozilla/5.0 (compatible; AhrefsBot/7.0; +http://ahrefs.com/robot/)" "metrocrimedaily.com"
51.222.253.6 - - [02/Feb/2023:15:37:14 -0800] "GET /CRIME-WATCH-AMERICA/GOOD_BARBER_APP-MAKER/unix/bin/comm.exe HTTP/1.1" 200 14336 "-" "Mozilla/5.0 (compatible; AhrefsBot/7.0; +http://ahrefs.com/robot/)" "metrocrimedaily.com"
51.222.253.16 - - [02/Feb/2023:15:37:40 -0800] "GET /CRIME-WATCH-AMERICA/GOOD_BARBER_APP-MAKER/unix/bin/cp.exe HTTP/1.1" 200 20992 "-" "Mozilla/5.0 (compatible; AhrefsBot/7.0; +http://ahrefs.com/robot/)" "metrocrimedaily.com"
51.222.253.16 - - [02/Feb/2023:15:38:16 -0800] "GET /CRIME-WATCH-AMERICA/GOOD_BARBER_APP-MAKER/unix/bin/cut.exe HTTP/1.1" 200 15872 "-" "Mozilla/5.0 (compatible; AhrefsBot/7.0; +http://ahrefs.com/robot/)" "metrocrimedaily.com"
51.222.253.15 - - [02/Feb/2023:15:38:48 -0800] "GET /CRIME-WATCH-AMERICA/GOOD_BARBER_APP-MAKER/unix/bin/cvs.exe HTTP/1.1" 200 893440 "-" "Mozilla/5.0 (compatible; AhrefsBot/7.0; +http://ahrefs.com/robot/)" "metrocrimedaily.com"
166.137.90.123 - - [02/Feb/2023:15:39:13 -0800] "GET / HTTP/1.1" 200 14015 "https://www.google.com/" "Mozilla/5.0 (iPhone; CPU iPhone OS 15_1 like Mac OS X) AppleWebKit/605.1.15 (KHTML, like Gecko) Version/15.1 Mobile/15E148 Safari/604.1" "www.metrocrimedaily.com"
166.137.90.123 - - [02/Feb/2023:15:39:14 -0800] "GET /styles-mcd.css HTTP/1.1" 200 1159 "http://www.metrocrimedaily.com/" "Mozilla/5.0 (iPhone; CPU iPhone OS 15_1 like Mac OS X) AppleWebKit/605.1.15 (KHTML, like Gecko) Version/15.1 Mobile/15E148 Safari/604.1" "www.metrocrimedaily.com"
166.137.90.123 - - [02/Feb/2023:15:39:14 -0800] "GET /images/crimeinthed-logo.jpg HTTP/1.1" 200 14960 "http://www.metrocrimedaily.com/" "Mozilla/5.0 (iPhone; CPU iPhone OS 15_1 like Mac OS X) AppleWebKit/605.1.15 (KHTML, like Gecko) Version/15.1 Mobile/15E148 Safari/604.1" "www.metrocrimedaily.com"
166.137.90.123 - - [02/Feb/2023:15:39:14 -0800] "GET /images/police-tape.jpg HTTP/1.1" 200 50766 "http://www.metrocrimedaily.com/" "Mozilla/5.0 (iPhone; CPU iPhone OS 15_1 like Mac OS X) AppleWebKit/605.1.15 (KHTML, like Gecko) Version/15.1 Mobile/15E148 Safari/604.1" "metrocrimedaily.com"
166.137.90.123 - - [02/Feb/2023:15:39:14 -0800] "GET /images/facebook-logo-tiny.png HTTP/1.1" 200 1280 "http://www.metrocrimedaily.com/" "Mozilla/5.0 (iPhone; CPU iPhone OS 15_1 like Mac OS X) AppleWebKit/605.1.15 (KHTML, like Gecko) Version/15.1 Mobile/15E148 Safari/604.1" "www.metrocrimedaily.com"
166.137.90.123 - - [02/Feb/2023:15:39:14 -0800] "GET /images/twitter-logo-b-tiny.png HTTP/1.1" 200 1600 "http://www.metrocrimedaily.com/" "Mozilla/5.0 (iPhone; CPU iPhone OS 15_1 like Mac OS X) AppleWebKit/605.1.15 (KHTML, like Gecko) Version/15.1 Mobile/15E148 Safari/604.1" "www.metrocrimedaily.com"
166.137.90.123 - - [02/Feb/2023:15:39:14 -0800] "GET /images/youtube-logo-tiny.png HTTP/1.1" 200 689 "http://www.metrocrimedaily.com/" "Mozilla/5.0 (iPhone; CPU iPhone OS 15_1 like Mac OS X) AppleWebKit/605.1.15 (KHTML, like Gecko) Version/15.1 Mobile/15E148 Safari/604.1" "www.metrocrimedaily.com"
166.137.90.123 - - [02/Feb/2023:15:39:20 -0800] "GET /favicon.ico HTTP/1.1" 404 88 "http://www.metrocrimedaily.com/" "Mozilla/5.0 (iPhone; CPU iPhone OS 15_1 like Mac OS X) AppleWebKit/605.1.15 (KHTML, like Gecko) Version/15.1 Mobile/15E148 Safari/604.1" "www.metrocrimedaily.com"
51.222.253.5 - - [02/Feb/2023:15:39:27 -0800] "GET /CRIME-WATCH-AMERICA/GOOD_BARBER_APP-MAKER/unix/bin/dd.exe HTTP/1.1" 200 16896 "-" "Mozilla/5.0 (compatible; AhrefsBot/7.0; +http://ahrefs.com/robot/)" "metrocrimedaily.com"
51.222.253.14 - - [02/Feb/2023:15:39:57 -0800] "GET /CRIME-WATCH-AMERICA/GOOD_BARBER_APP-MAKER/unix/bin/df.exe HTTP/1.1" 200 13824 "-" "Mozilla/5.0 (compatible; AhrefsBot/7.0; +http://ahrefs.com/robot/)" "metrocrimedaily.com"
166.137.90.123 - - [02/Feb/2023:15:40:26 -0800] "GET /index.html HTTP/1.1" 200 14015 "http://www.metrocrimedaily.com/" "Mozilla/5.0 (iPhone; CPU iPhone OS 15_1 like Mac OS X) AppleWebKit/605.1.15 (KHTML, like Gecko) Version/15.1 Mobile/15E148 Safari/604.1" "www.metrocrimedaily.com"
51.222.253.2 - - [02/Feb/2023:15:40:43 -0800] "GET /CRIME-WATCH-AMERICA/GOOD_BARBER_APP-MAKER/unix/bin/dir.EXE HTTP/1.1" 200 67584 "-" "Mozilla/5.0 (compatible; AhrefsBot/7.0; +http://ahrefs.com/robot/)" "metrocrimedaily.com"
51.222.253.1 - - [02/Feb/2023:15:41:22 -0800] "GET /CRIME-WATCH-AMERICA/GOOD_BARBER_APP-MAKER/unix/bin/du.exe HTTP/1.1" 200 14848 "-" "Mozilla/5.0 (compatible; AhrefsBot/7.0; +http://ahrefs.com/robot/)" "metrocrimedaily.com"
51.222.253.17 - - [02/Feb/2023:15:42:18 -0800] "GET /CRIME-WATCH-AMERICA/GOOD_BARBER_APP-MAKER/unix/bin/env.exe HTTP/1.1" 200 10752 "-" "Mozilla/5.0 (compatible; AhrefsBot/7.0; +http://ahrefs.com/robot/)" "metrocrimedaily.com"
173.252.95.9 - - [02/Feb/2023:15:43:01 -0800] "GET /instagram-stlouis/02-02-2023-1640225-A.jpg HTTP/1.1" 200 199685 "-" "facebookexternalhit/1.1 (+http://www.facebook.com/externalhit_uatext.php)" "www.metrocrimedaily.com"
51.222.253.7 - - [02/Feb/2023:15:43:05 -0800] "GET /CRIME-WATCH-AMERICA/GOOD_BARBER_APP-MAKER/unix/bin/exrc HTTP/1.1" 200 21 "-" "Mozilla/5.0 (compatible; AhrefsBot/7.0; +http://ahrefs.com/robot/)" "metrocrimedaily.com"
51.222.253.2 - - [02/Feb/2023:15:44:18 -0800] "GET /CRIME-WATCH-AMERICA/GOOD_BARBER_APP-MAKER/unix/bin/gcc.exe HTTP/1.1" 200 45056 "-" "Mozilla/5.0 (compatible; AhrefsBot/7.0; +http://ahrefs.com/robot/)" "metrocrimedaily.com"
51.222.253.7 - - [02/Feb/2023:15:45:06 -0800] "GET /CRIME-WATCH-AMERICA/GOOD_BARBER_APP-MAKER/unix/bin/id.exe HTTP/1.1" 200 11776 "-" "Mozilla/5.0 (compatible; AhrefsBot/7.0; +http://ahrefs.com/robot/)" "metrocrimedaily.com"
51.222.253.13 - - [02/Feb/2023:15:45:29 -0800] "GET /CRIME-WATCH-AMERICA/GOOD_BARBER_APP-MAKER/unix/bin/ls.exe HTTP/1.1" 200 23552 "-" "Mozilla/5.0 (compatible; AhrefsBot/7.0; +http://ahrefs.com/robot/)" "metrocrimedaily.com"
51.222.253.5 - - [02/Feb/2023:15:46:19 -0800] "GET /CRIME-WATCH-AMERICA/GOOD_BARBER_APP-MAKER/unix/bin/m4.exe HTTP/1.1" 200 46080 "-" "Mozilla/5.0 (compatible; AhrefsBot/7.0; +http://ahrefs.com/robot/)" "metrocrimedaily.com"
173.252.95.10 - - [02/Feb/2023:15:46:38 -0800] "GET /instagram-neworleans/02-02-2023-1746161-A.jpg HTTP/1.1" 200 215772 "-" "facebookexternalhit/1.1 (+http://www.facebook.com/externalhit_uatext.php)" "www.metrocrimedaily.com"
173.252.95.1 - - [02/Feb/2023:15:47:02 -0800] "GET /instagram-neworleans/02-02-2023-1746162-A.jpg HTTP/1.1" 200 164777 "-" "facebookexternalhit/1.1 (+http://www.facebook.com/externalhit_uatext.php)" "www.metrocrimedaily.com"
51.222.253.5 - - [02/Feb/2023:15:47:04 -0800] "GET /CRIME-WATCH-AMERICA/GOOD_BARBER_APP-MAKER/unix/bin/man.exe HTTP/1.1" 200 23040 "-" "Mozilla/5.0 (compatible; AhrefsBot/7.0; +http://ahrefs.com/robot/)" "metrocrimedaily.com"
69.63.184.1 - - [02/Feb/2023:15:47:07 -0800] "GET /instagram-chicago/02-02-2023-1731162-A.jpg HTTP/1.1" 200 152560 "-" "facebookexternalhit/1.1 (+http://www.facebook.com/externalhit_uatext.php)" "www.metrocrimedaily.com"
51.222.253.3 - - [02/Feb/2023:15:47:53 -0800] "GET /CRIME-WATCH-AMERICA/GOOD_BARBER_APP-MAKER/unix/bin/mv.exe HTTP/1.1" 200 16384 "-" "Mozilla/5.0 (compatible; AhrefsBot/7.0; +http://ahrefs.com/robot/)" "metrocrimedaily.com"
68.42.106.126 - - [02/Feb/2023:15:48:00 -0800] "GET / HTTP/1.1" 200 14015 "https://www.bing.com/" "Mozilla/5.0 (Windows NT 10.0; Win64; x64) AppleWebKit/537.36 (KHTML, like Gecko) Chrome/109.0.0.0 Safari/537.36 Edg/109.0.1518.70" "metrocrimedaily.com"
68.42.106.126 - - [02/Feb/2023:15:48:00 -0800] "GET /styles-mcd.css HTTP/1.1" 200 1159 "http://metrocrimedaily.com/" "Mozilla/5.0 (Windows NT 10.0; Win64; x64) AppleWebKit/537.36 (KHTML, like Gecko) Chrome/109.0.0.0 Safari/537.36 Edg/109.0.1518.70" "metrocrimedaily.com"
68.42.106.126 - - [02/Feb/2023:15:48:00 -0800] "GET /images/crimeinthed-logo.jpg HTTP/1.1" 200 14960 "http://metrocrimedaily.com/" "Mozilla/5.0 (Windows NT 10.0; Win64; x64) AppleWebKit/537.36 (KHTML, like Gecko) Chrome/109.0.0.0 Safari/537.36 Edg/109.0.1518.70" "metrocrimedaily.com"
68.42.106.126 - - [02/Feb/2023:15:48:00 -0800] "GET /images/youtube-logo-tiny.png HTTP/1.1" 200 689 "http://metrocrimedaily.com/" "Mozilla/5.0 (Windows NT 10.0; Win64; x64) AppleWebKit/537.36 (KHTML, like Gecko) Chrome/109.0.0.0 Safari/537.36 Edg/109.0.1518.70" "metrocrimedaily.com"
68.42.106.126 - - [02/Feb/2023:15:48:00 -0800] "GET /images/police-tape.jpg HTTP/1.1" 200 50766 "http://metrocrimedaily.com/" "Mozilla/5.0 (Windows NT 10.0; Win64; x64) AppleWebKit/537.36 (KHTML, like Gecko) Chrome/109.0.0.0 Safari/537.36 Edg/109.0.1518.70" "metrocrimedaily.com"
68.42.106.126 - - [02/Feb/2023:15:48:00 -0800] "GET /images/facebook-logo-tiny.png HTTP/1.1" 200 1280 "http://metrocrimedaily.com/" "Mozilla/5.0 (Windows NT 10.0; Win64; x64) AppleWebKit/537.36 (KHTML, like Gecko) Chrome/109.0.0.0 Safari/537.36 Edg/109.0.1518.70" "metrocrimedaily.com"
