51.222.253.6 - - [01/Feb/2023:06:48:22 -0800] "GET /instagram-houston/01-27-2023-0036472-Nearly-4-years-after-deadly-botched-raid-on-Hardi.txt HTTP/1.1" 404 88 "-" "Mozilla/5.0 (compatible; AhrefsBot/7.0; +http://ahrefs.com/robot/)" "metrocrimedaily.com"
51.222.253.5 - - [01/Feb/2023:06:48:34 -0800] "GET /instagram-neworleans/01-24-2023-1430221-Bar-suspended-after-LSU-student-allegedly-raped--.txt HTTP/1.1" 404 88 "-" "Mozilla/5.0 (compatible; AhrefsBot/7.0; +http://ahrefs.com/robot/)" "www.metrocrimedaily.com"
51.222.253.19 - - [01/Feb/2023:06:48:47 -0800] "GET /instagram-neworleans/01-24-2023-1430222-Woman-arrested-in-connection-with-Warehouse-Distr.txt HTTP/1.1" 404 88 "-" "Mozilla/5.0 (compatible; AhrefsBot/7.0; +http://ahrefs.com/robot/)" "www.metrocrimedaily.com"
51.222.253.14 - - [01/Feb/2023:06:49:03 -0800] "GET /instagram-neworleans/01-24-2023-1536062-NOPD-on-scene-of-Filmore-area-shooting--1-wounded.txt HTTP/1.1" 404 88 "-" "Mozilla/5.0 (compatible; AhrefsBot/7.0; +http://ahrefs.com/robot/)" "www.metrocrimedaily.com"
51.222.253.2 - - [01/Feb/2023:06:49:16 -0800] "GET /instagram-losangeles/?C=D;O=D HTTP/1.1" 200 2834 "-" "Mozilla/5.0 (compatible; AhrefsBot/7.0; +http://ahrefs.com/robot/)" "www.metrocrimedaily.com"
51.222.253.14 - - [01/Feb/2023:06:49:27 -0800] "GET /instagram-losangeles/?C=S;O=D HTTP/1.1" 200 2916 "-" "Mozilla/5.0 (compatible; AhrefsBot/7.0; +http://ahrefs.com/robot/)" "www.metrocrimedaily.com"
51.222.253.2 - - [01/Feb/2023:06:49:42 -0800] "GET /instagram-chicago/01-26-2023-0743482-Man-fatally-stabbed-in-Washington-Heights-.txt HTTP/1.1" 404 88 "-" "Mozilla/5.0 (compatible; AhrefsBot/7.0; +http://ahrefs.com/robot/)" "metrocrimedaily.com"
51.222.253.15 - - [01/Feb/2023:06:49:53 -0800] "GET /instagram-houston/?C=D;O=D HTTP/1.1" 200 1054 "-" "Mozilla/5.0 (compatible; AhrefsBot/7.0; +http://ahrefs.com/robot/)" "www.metrocrimedaily.com"
173.252.95.116 - - [01/Feb/2023:06:50:07 -0800] "GET /instagram-houston/02-01-2023-0819122-A.jpg HTTP/1.1" 200 120474 "-" "facebookexternalhit/1.1 (+http://www.facebook.com/externalhit_uatext.php)" "www.metrocrimedaily.com"
51.222.253.1 - - [01/Feb/2023:06:50:10 -0800] "GET /instagram-houston/?C=M;O=D HTTP/1.1" 200 1129 "-" "Mozilla/5.0 (compatible; AhrefsBot/7.0; +http://ahrefs.com/robot/)" "www.metrocrimedaily.com"
51.222.253.18 - - [01/Feb/2023:06:50:22 -0800] "GET /instagram-dallas/01-26-2023-1144471-Woman-found-fatally-shot-in-SUV-at-Dallas-park--p.txt HTTP/1.1" 404 88 "-" "Mozilla/5.0 (compatible; AhrefsBot/7.0; +http://ahrefs.com/robot/)" "www.metrocrimedaily.com"
51.222.253.5 - - [01/Feb/2023:06:50:28 -0800] "GET /instagram-atlanta/01-19-2023-17304210-9-year-old-boy-killed-in-hit-and-run--New-image-m.txt HTTP/1.1" 404 88 "-" "Mozilla/5.0 (compatible; AhrefsBot/7.0; +http://ahrefs.com/robot/)" "metrocrimedaily.com"
51.222.253.14 - - [01/Feb/2023:06:51:27 -0800] "GET / HTTP/1.1" 200 198167 "-" "Mozilla/5.0 (compatible; AhrefsBot/7.0; +http://ahrefs.com/robot/)" "metrocrimedaily.com"
51.222.253.5 - - [01/Feb/2023:06:51:40 -0800] "GET /styles-mcd.css HTTP/1.1" 200 1159 "-" "Mozilla/5.0 (compatible; AhrefsBot/7.0; +http://ahrefs.com/robot/)" "metrocrimedaily.com"
51.222.253.7 - - [01/Feb/2023:06:51:41 -0800] "GET /images/twitter-logo-b-tiny.png HTTP/1.1" 200 1600 "-" "Mozilla/5.0 (compatible; AhrefsBot/7.0; +http://ahrefs.com/robot/)" "metrocrimedaily.com"
51.222.253.5 - - [01/Feb/2023:06:51:41 -0800] "GET /images/crimeinthed-logo.jpg HTTP/1.1" 200 14960 "-" "Mozilla/5.0 (compatible; AhrefsBot/7.0; +http://ahrefs.com/robot/)" "metrocrimedaily.com"
51.222.253.6 - - [01/Feb/2023:06:51:42 -0800] "GET / HTTP/1.1" 200 198167 "-" "Mozilla/5.0 (compatible; AhrefsBot/7.0; +http://ahrefs.com/robot/)" "metrocrimedaily.com"
51.222.253.12 - - [01/Feb/2023:06:51:45 -0800] "GET /images/youtube-logo-tiny.png HTTP/1.1" 200 689 "-" "Mozilla/5.0 (compatible; AhrefsBot/7.0; +http://ahrefs.com/robot/)" "metrocrimedaily.com"
51.222.253.12 - - [01/Feb/2023:06:51:56 -0800] "GET /instagram-stlouis/videos/?C=D;O=A HTTP/1.1" 200 464 "-" "Mozilla/5.0 (compatible; AhrefsBot/7.0; +http://ahrefs.com/robot/)" "metrocrimedaily.com"
51.222.253.13 - - [01/Feb/2023:06:52:27 -0800] "GET /instagram-stlouis/videos/?C=M;O=A HTTP/1.1" 200 464 "-" "Mozilla/5.0 (compatible; AhrefsBot/7.0; +http://ahrefs.com/robot/)" "metrocrimedaily.com"
51.222.253.2 - - [01/Feb/2023:06:53:00 -0800] "GET /instagram-stlouis/videos/?C=N;O=D HTTP/1.1" 200 462 "-" "Mozilla/5.0 (compatible; AhrefsBot/7.0; +http://ahrefs.com/robot/)" "metrocrimedaily.com"
51.222.253.6 - - [01/Feb/2023:06:53:22 -0800] "GET /instagram-stlouis/videos/?C=S;O=A HTTP/1.1" 200 464 "-" "Mozilla/5.0 (compatible; AhrefsBot/7.0; +http://ahrefs.com/robot/)" "metrocrimedaily.com"
51.222.253.17 - - [01/Feb/2023:06:53:50 -0800] "GET /CRIME-WATCH-AMERICA/GOOD_BARBER_APP-MAKER/INSTALL-CRIME-WATCH-ATLANTA/CRIME-WATCH-ATLANTA/about-us.html HTTP/1.1" 404 88 "-" "Mozilla/5.0 (compatible; AhrefsBot/7.0; +http://ahrefs.com/robot/)" "metrocrimedaily.com"
51.222.253.16 - - [01/Feb/2023:06:54:11 -0800] "GET /CRIME-WATCH-AMERICA/GOOD_BARBER_APP-MAKER/INSTALL-CRIME-WATCH-ATLANTA/CRIME-WATCH-ATLANTA/contact-us.html HTTP/1.1" 404 88 "-" "Mozilla/5.0 (compatible; AhrefsBot/7.0; +http://ahrefs.com/robot/)" "metrocrimedaily.com"
114.119.144.165 - - [01/Feb/2023:06:54:25 -0800] "GET /CRIME-WATCH-AMERICA/GOOD_BARBER_APP-MAKER/youtube-upload-master/youtube_upload/?C=D%3BO%3DA HTTP/1.1" 200 555 "https://metrocrimedaily.com/CRIME-WATCH-AMERICA/GOOD_BARBER_APP-MAKER/youtube-upload-master/youtube_upload/?C=S%3BO%3DA" "Mozilla/5.0 (Linux; Android 7.0;) AppleWebKit/537.36 (KHTML, like Gecko) Mobile Safari/537.36 (compatible; PetalBot;+https://webmaster.petalsearch.com/site/petalbot)" "metrocrimedaily.com"
51.222.253.10 - - [01/Feb/2023:06:54:32 -0800] "GET /CRIME-WATCH-AMERICA/GOOD_BARBER_APP-MAKER/INSTALL-CRIME-WATCH-ATLANTA/CRIME-WATCH-ATLANTA/gov-svc-detroit.html HTTP/1.1" 404 88 "-" "Mozilla/5.0 (compatible; AhrefsBot/7.0; +http://ahrefs.com/robot/)" "metrocrimedaily.com"
51.222.253.19 - - [01/Feb/2023:06:55:12 -0800] "GET /CRIME-WATCH-AMERICA/GOOD_BARBER_APP-MAKER/INSTALL-CRIME-WATCH-ATLANTA/CRIME-WATCH-ATLANTA/index-atlanta.html HTTP/1.1" 404 88 "-" "Mozilla/5.0 (compatible; AhrefsBot/7.0; +http://ahrefs.com/robot/)" "metrocrimedaily.com"
51.222.253.19 - - [01/Feb/2023:06:55:39 -0800] "GET /CRIME-WATCH-AMERICA/GOOD_BARBER_APP-MAKER/INSTALL-CRIME-WATCH-ATLANTA/CRIME-WATCH-ATLANTA/privacy-policy.html HTTP/1.1" 404 88 "-" "Mozilla/5.0 (compatible; AhrefsBot/7.0; +http://ahrefs.com/robot/)" "metrocrimedaily.com"
51.222.253.1 - - [01/Feb/2023:06:56:11 -0800] "GET /CRIME-WATCH-AMERICA/GOOD_BARBER_APP-MAKER/INSTALL-CRIME-WATCH-ATLANTA/CRIME-WATCH-ATLANTA/WIP/?C=D;O=A HTTP/1.1" 200 368 "-" "Mozilla/5.0 (compatible; AhrefsBot/7.0; +http://ahrefs.com/robot/)" "metrocrimedaily.com"
51.222.253.6 - - [01/Feb/2023:06:56:36 -0800] "GET /CRIME-WATCH-AMERICA/GOOD_BARBER_APP-MAKER/INSTALL-CRIME-WATCH-ATLANTA/CRIME-WATCH-ATLANTA/WIP/?C=M;O=A HTTP/1.1" 200 368 "-" "Mozilla/5.0 (compatible; AhrefsBot/7.0; +http://ahrefs.com/robot/)" "metrocrimedaily.com"
51.222.253.10 - - [01/Feb/2023:06:57:11 -0800] "GET /CRIME-WATCH-AMERICA/GOOD_BARBER_APP-MAKER/INSTALL-CRIME-WATCH-ATLANTA/CRIME-WATCH-ATLANTA/WIP/?C=N;O=D HTTP/1.1" 200 366 "-" "Mozilla/5.0 (compatible; AhrefsBot/7.0; +http://ahrefs.com/robot/)" "metrocrimedaily.com"
51.222.253.17 - - [01/Feb/2023:06:57:35 -0800] "GET /CRIME-WATCH-AMERICA/GOOD_BARBER_APP-MAKER/INSTALL-CRIME-WATCH-ATLANTA/CRIME-WATCH-ATLANTA/WIP/?C=S;O=A HTTP/1.1" 200 368 "-" "Mozilla/5.0 (compatible; AhrefsBot/7.0; +http://ahrefs.com/robot/)" "metrocrimedaily.com"
51.222.253.10 - - [01/Feb/2023:06:58:33 -0800] "GET /CRIME-WATCH-AMERICA/GOOD_BARBER_APP-MAKER/INSTALL-CRIME-WATCH-ATLANTA/CRIME-WATCH-ATLANTA/unix/?C=D;O=A HTTP/1.1" 200 409 "-" "Mozilla/5.0 (compatible; AhrefsBot/7.0; +http://ahrefs.com/robot/)" "metrocrimedaily.com"
51.222.253.6 - - [01/Feb/2023:06:59:00 -0800] "GET /CRIME-WATCH-AMERICA/GOOD_BARBER_APP-MAKER/INSTALL-CRIME-WATCH-ATLANTA/CRIME-WATCH-ATLANTA/unix/?C=M;O=A HTTP/1.1" 200 409 "-" "Mozilla/5.0 (compatible; AhrefsBot/7.0; +http://ahrefs.com/robot/)" "metrocrimedaily.com"
173.252.95.3 - - [01/Feb/2023:06:59:13 -0800] "GET /instagram-memphis/02-01-2023-0858551-A.jpg HTTP/1.1" 200 96579 "-" "facebookexternalhit/1.1 (+http://www.facebook.com/externalhit_uatext.php)" "www.metrocrimedaily.com"
51.222.253.7 - - [01/Feb/2023:06:59:32 -0800] "GET /CRIME-WATCH-AMERICA/GOOD_BARBER_APP-MAKER/INSTALL-CRIME-WATCH-ATLANTA/CRIME-WATCH-ATLANTA/unix/?C=N;O=D HTTP/1.1" 200 407 "-" "Mozilla/5.0 (compatible; AhrefsBot/7.0; +http://ahrefs.com/robot/)" "metrocrimedaily.com"
51.222.253.2 - - [01/Feb/2023:07:00:04 -0800] "GET /CRIME-WATCH-AMERICA/GOOD_BARBER_APP-MAKER/INSTALL-CRIME-WATCH-ATLANTA/CRIME-WATCH-ATLANTA/unix/?C=S;O=A HTTP/1.1" 200 409 "-" "Mozilla/5.0 (compatible; AhrefsBot/7.0; +http://ahrefs.com/robot/)" "metrocrimedaily.com"
51.222.253.18 - - [01/Feb/2023:07:00:43 -0800] "GET /CRIME-WATCH-AMERICA/GOOD_BARBER_APP-MAKER/INSTALL-CRIME-WATCH-ATLANTA/CRIME-WATCH-ATLANTA/unix/bin/ HTTP/1.1" 200 2051 "-" "Mozilla/5.0 (compatible; AhrefsBot/7.0; +http://ahrefs.com/robot/)" "metrocrimedaily.com"
51.222.253.9 - - [01/Feb/2023:07:01:15 -0800] "GET /CRIME-WATCH-AMERICA/GOOD_BARBER_APP-MAKER/INSTALL-CRIME-WATCH-ATLANTA/CRIME-WATCH-ATLANTA/archive/?C=D;O=A HTTP/1.1" 200 464 "-" "Mozilla/5.0 (compatible; AhrefsBot/7.0; +http://ahrefs.com/robot/)" "metrocrimedaily.com"
51.222.253.20 - - [01/Feb/2023:07:01:50 -0800] "GET /CRIME-WATCH-AMERICA/GOOD_BARBER_APP-MAKER/INSTALL-CRIME-WATCH-ATLANTA/CRIME-WATCH-ATLANTA/archive/?C=M;O=A HTTP/1.1" 200 464 "-" "Mozilla/5.0 (compatible; AhrefsBot/7.0; +http://ahrefs.com/robot/)" "metrocrimedaily.com"
52.167.144.81 - - [01/Feb/2023:07:02:12 -0800] "GET /instagram-atlanta/12-27-2022-1612032-Ossoff-s--Prison-Camera-Reform-Act--signed-into-l.txt HTTP/1.1" 404 88 "-" "Mozilla/5.0 AppleWebKit/537.36 (KHTML, like Gecko; compatible; bingbot/2.0; +http://www.bing.com/bingbot.htm) Chrome/103.0.5060.134 Safari/537.36" "www.metrocrimedaily.com"
51.222.253.15 - - [01/Feb/2023:07:02:23 -0800] "GET /CRIME-WATCH-AMERICA/GOOD_BARBER_APP-MAKER/INSTALL-CRIME-WATCH-ATLANTA/CRIME-WATCH-ATLANTA/archive/?C=N;O=D HTTP/1.1" 200 461 "-" "Mozilla/5.0 (compatible; AhrefsBot/7.0; +http://ahrefs.com/robot/)" "metrocrimedaily.com"
51.222.253.13 - - [01/Feb/2023:07:03:03 -0800] "GET /CRIME-WATCH-AMERICA/GOOD_BARBER_APP-MAKER/INSTALL-CRIME-WATCH-ATLANTA/CRIME-WATCH-ATLANTA/archive/?C=S;O=A HTTP/1.1" 200 464 "-" "Mozilla/5.0 (compatible; AhrefsBot/7.0; +http://ahrefs.com/robot/)" "metrocrimedaily.com"
51.222.253.16 - - [01/Feb/2023:07:04:33 -0800] "GET /CRIME-WATCH-AMERICA/GOOD_BARBER_APP-MAKER/INSTALL-CRIME-WATCH-ATLANTA/CRIME-WATCH-ATLANTA/?C=N;O=A HTTP/1.1" 200 1312 "-" "Mozilla/5.0 (compatible; AhrefsBot/7.0; +http://ahrefs.com/robot/)" "metrocrimedaily.com"
51.222.253.5 - - [01/Feb/2023:07:04:59 -0800] "GET /CRIME-WATCH-AMERICA/GOOD_BARBER_APP-MAKER/INSTALL-CRIME-WATCH-ATLANTA/CRIME-WATCH-ATLANTA/support/?C=D;O=A HTTP/1.1" 200 709 "-" "Mozilla/5.0 (compatible; AhrefsBot/7.0; +http://ahrefs.com/robot/)" "metrocrimedaily.com"
51.222.253.1 - - [01/Feb/2023:07:06:03 -0800] "GET /CRIME-WATCH-AMERICA/GOOD_BARBER_APP-MAKER/INSTALL-CRIME-WATCH-ATLANTA/CRIME-WATCH-ATLANTA/support/?C=M;O=A HTTP/1.1" 200 711 "-" "Mozilla/5.0 (compatible; AhrefsBot/7.0; +http://ahrefs.com/robot/)" "metrocrimedaily.com"
114.119.134.156 - - [01/Feb/2023:07:06:04 -0800] "GET /instagram-chicago/ HTTP/1.1" 200 761 "https://metrocrimedaily.com/instagram-chicago/videos/?C=D%3BO%3DA" "Mozilla/5.0 (Linux; Android 7.0;) AppleWebKit/537.36 (KHTML, like Gecko) Mobile Safari/537.36 (compatible; PetalBot;+https://webmaster.petalsearch.com/site/petalbot)" "metrocrimedaily.com"
51.222.253.20 - - [01/Feb/2023:07:07:14 -0800] "GET /CRIME-WATCH-AMERICA/GOOD_BARBER_APP-MAKER/INSTALL-CRIME-WATCH-ATLANTA/CRIME-WATCH-ATLANTA/support/?C=N;O=D HTTP/1.1" 200 708 "-" "Mozilla/5.0 (compatible; AhrefsBot/7.0; +http://ahrefs.com/robot/)" "metrocrimedaily.com"
51.222.253.14 - - [01/Feb/2023:07:08:13 -0800] "GET /CRIME-WATCH-AMERICA/GOOD_BARBER_APP-MAKER/INSTALL-CRIME-WATCH-ATLANTA/CRIME-WATCH-ATLANTA/support/?C=S;O=A HTTP/1.1" 200 709 "-" "Mozilla/5.0 (compatible; AhrefsBot/7.0; +http://ahrefs.com/robot/)" "metrocrimedaily.com"
173.252.95.6 - - [01/Feb/2023:07:09:11 -0800] "GET /instagram-miami/02-01-2023-0908301-A.jpg HTTP/1.1" 200 168764 "-" "facebookexternalhit/1.1 (+http://www.facebook.com/externalhit_uatext.php)" "www.metrocrimedaily.com"
51.222.253.13 - - [01/Feb/2023:07:09:32 -0800] "GET /CRIME-WATCH-AMERICA/GOOD_BARBER_APP-MAKER/INSTALL-CRIME-WATCH-ATLANTA/CRIME-WATCH-ATLANTA/support/ImageMagick-7.0.11-13-Q16-HDRI-x64-dll.exe HTTP/1.1" 200 37558512 "-" "Mozilla/5.0 (compatible; AhrefsBot/7.0; +http://ahrefs.com/robot/)" "metrocrimedaily.com"
51.222.253.8 - - [01/Feb/2023:07:10:35 -0800] "GET /CRIME-WATCH-AMERICA/GOOD_BARBER_APP-MAKER/INSTALL-CRIME-WATCH-ATLANTA/CRIME-WATCH-ATLANTA/support/atlanta-news-stations.txt HTTP/1.1" 200 96 "-" "Mozilla/5.0 (compatible; AhrefsBot/7.0; +http://ahrefs.com/robot/)" "metrocrimedaily.com"
51.222.253.18 - - [01/Feb/2023:07:11:43 -0800] "GET /CRIME-WATCH-AMERICA/GOOD_BARBER_APP-MAKER/INSTALL-CRIME-WATCH-ATLANTA/CRIME-WATCH-ATLANTA/support/find-quota-usage-RevA.bat HTTP/1.1" 200 3184 "-" "Mozilla/5.0 (compatible; AhrefsBot/7.0; +http://ahrefs.com/robot/)" "metrocrimedaily.com"
51.222.253.16 - - [01/Feb/2023:07:13:01 -0800] "GET /CRIME-WATCH-AMERICA/GOOD_BARBER_APP-MAKER/INSTALL-CRIME-WATCH-ATLANTA/CRIME-WATCH-ATLANTA/support/instagram-app-verification-details.txt HTTP/1.1" 200 4670 "-" "Mozilla/5.0 (compatible; AhrefsBot/7.0; +http://ahrefs.com/robot/)" "metrocrimedaily.com"
51.222.253.14 - - [01/Feb/2023:07:14:10 -0800] "GET /CRIME-WATCH-AMERICA/GOOD_BARBER_APP-MAKER/INSTALL-CRIME-WATCH-ATLANTA/CRIME-WATCH-ATLANTA/INSTAGRAM-AUTOMATION/09-18-2022-1401231-Two-men-killed--two-arrested-in-Haltom-City-shoot.txt HTTP/1.1" 200 698 "-" "Mozilla/5.0 (compatible; AhrefsBot/7.0; +http://ahrefs.com/robot/)" "metrocrimedaily.com"
51.222.253.11 - - [01/Feb/2023:07:15:21 -0800] "GET /CRIME-WATCH-AMERICA/GOOD_BARBER_APP-MAKER/INSTALL-CRIME-WATCH-ATLANTA/CRIME-WATCH-ATLANTA/INSTAGRAM-AUTOMATION/?C=D;O=A HTTP/1.1" 200 1057 "-" "Mozilla/5.0 (compatible; AhrefsBot/7.0; +http://ahrefs.com/robot/)" "metrocrimedaily.com"
99.182.103.96 - - [01/Feb/2023:07:15:26 -0800] "GET /styles-mcd.css HTTP/1.1" 200 1159 "http://www.metrocrimedaily.com/" "Mozilla/5.0 (Linux; Android 12; moto g pure) AppleWebKit/537.36 (KHTML, like Gecko) Chrome/109.0.0.0 Mobile Safari/537.36" "www.metrocrimedaily.com"
99.182.103.96 - - [01/Feb/2023:07:15:25 -0800] "GET / HTTP/1.1" 200 198597 "https://www.google.com/" "Mozilla/5.0 (Linux; Android 12; moto g pure) AppleWebKit/537.36 (KHTML, like Gecko) Chrome/109.0.0.0 Mobile Safari/537.36" "www.metrocrimedaily.com"
51.222.253.20 - - [01/Feb/2023:07:16:19 -0800] "GET /CRIME-WATCH-AMERICA/GOOD_BARBER_APP-MAKER/INSTALL-CRIME-WATCH-ATLANTA/CRIME-WATCH-ATLANTA/INSTAGRAM-AUTOMATION/?C=M;O=A HTTP/1.1" 200 1052 "-" "Mozilla/5.0 (compatible; AhrefsBot/7.0; +http://ahrefs.com/robot/)" "metrocrimedaily.com"
5.188.31.216 - - [01/Feb/2023:07:16:25 -0800] "GET /wp-login.php HTTP/1.1" 404 88 "" "Mozilla/5.0 (Windows NT 10.0; Win64; x64; rv:108.0) Gecko/20100101 Firefox/108.0" "metrocrimedaily.com"
69.63.184.1 - - [01/Feb/2023:07:16:41 -0800] "GET /instagram-atlanta/02-01-2023-0845402-A.jpg HTTP/1.1" 200 188717 "-" "facebookexternalhit/1.1 (+http://www.facebook.com/externalhit_uatext.php)" "www.metrocrimedaily.com"
51.222.253.7 - - [01/Feb/2023:07:16:48 -0800] "GET /CRIME-WATCH-AMERICA/GOOD_BARBER_APP-MAKER/INSTALL-CRIME-WATCH-ATLANTA/CRIME-WATCH-ATLANTA/INSTAGRAM-AUTOMATION/?C=N;O=D HTTP/1.1" 200 1048 "-" "Mozilla/5.0 (compatible; AhrefsBot/7.0; +http://ahrefs.com/robot/)" "metrocrimedaily.com"
51.222.253.6 - - [01/Feb/2023:07:17:25 -0800] "GET /CRIME-WATCH-AMERICA/GOOD_BARBER_APP-MAKER/INSTALL-CRIME-WATCH-ATLANTA/CRIME-WATCH-ATLANTA/INSTAGRAM-AUTOMATION/?C=S;O=A HTTP/1.1" 200 1045 "-" "Mozilla/5.0 (compatible; AhrefsBot/7.0; +http://ahrefs.com/robot/)" "metrocrimedaily.com"
173.252.95.20 - - [01/Feb/2023:07:17:30 -0800] "GET /instagram-newyork/02-01-2023-0917131-A.jpg HTTP/1.1" 200 99610 "-" "facebookexternalhit/1.1 (+http://www.facebook.com/externalhit_uatext.php)" "www.metrocrimedaily.com"
51.222.253.7 - - [01/Feb/2023:07:17:54 -0800] "GET /CRIME-WATCH-AMERICA/GOOD_BARBER_APP-MAKER/INSTALL-CRIME-WATCH-ATLANTA/CRIME-WATCH-ATLANTA/INSTAGRAM-AUTOMATION/IG-Caption1.txt HTTP/1.1" 200 698 "-" "Mozilla/5.0 (compatible; AhrefsBot/7.0; +http://ahrefs.com/robot/)" "metrocrimedaily.com"
51.222.253.14 - - [01/Feb/2023:07:18:42 -0800] "GET /CRIME-WATCH-AMERICA/GOOD_BARBER_APP-MAKER/INSTALL-CRIME-WATCH-ATLANTA/CRIME-WATCH-ATLANTA/INSTAGRAM-AUTOMATION/encoded-text-file.txt HTTP/1.1" 200 221 "-" "Mozilla/5.0 (compatible; AhrefsBot/7.0; +http://ahrefs.com/robot/)" "metrocrimedaily.com"
51.222.253.15 - - [01/Feb/2023:07:19:14 -0800] "GET /CRIME-WATCH-AMERICA/GOOD_BARBER_APP-MAKER/INSTALL-CRIME-WATCH-ATLANTA/CRIME-WATCH-ATLANTA/INSTAGRAM-AUTOMATION/find-quota-usage-RevA.bat HTTP/1.1" 200 3184 "-" "Mozilla/5.0 (compatible; AhrefsBot/7.0; +http://ahrefs.com/robot/)" "metrocrimedaily.com"
51.222.253.6 - - [01/Feb/2023:07:19:48 -0800] "GET /CRIME-WATCH-AMERICA/GOOD_BARBER_APP-MAKER/INSTALL-CRIME-WATCH-ATLANTA/CRIME-WATCH-ATLANTA/INSTAGRAM-AUTOMATION/fix-imagewith-imagemagick-RevA.bat HTTP/1.1" 200 5338 "-" "Mozilla/5.0 (compatible; AhrefsBot/7.0; +http://ahrefs.com/robot/)" "metrocrimedaily.com"
51.222.253.6 - - [01/Feb/2023:07:20:24 -0800] "GET /CRIME-WATCH-AMERICA/GOOD_BARBER_APP-MAKER/INSTALL-CRIME-WATCH-ATLANTA/CRIME-WATCH-ATLANTA/INSTAGRAM-AUTOMATION/fix-imagewith-imagemagick-RevB.bat HTTP/1.1" 200 5377 "-" "Mozilla/5.0 (compatible; AhrefsBot/7.0; +http://ahrefs.com/robot/)" "metrocrimedaily.com"
173.252.95.3 - - [01/Feb/2023:07:20:44 -0800] "GET /instagram-houston/02-01-2023-0819123-A.jpg HTTP/1.1" 200 78863 "-" "facebookexternalhit/1.1 (+http://www.facebook.com/externalhit_uatext.php)" "www.metrocrimedaily.com"
51.222.253.20 - - [01/Feb/2023:07:21:24 -0800] "GET /CRIME-WATCH-AMERICA/GOOD_BARBER_APP-MAKER/INSTALL-CRIME-WATCH-ATLANTA/CRIME-WATCH-ATLANTA/INSTAGRAM-AUTOMATION/instagram-app-verification-details.txt HTTP/1.1" 200 4670 "-" "Mozilla/5.0 (compatible; AhrefsBot/7.0; +http://ahrefs.com/robot/)" "metrocrimedaily.com"
51.222.253.11 - - [01/Feb/2023:07:21:56 -0800] "GET /CRIME-WATCH-AMERICA/GOOD_BARBER_APP-MAKER/INSTALL-CRIME-WATCH-ATLANTA/CRIME-WATCH-ATLANTA/INSTAGRAM-AUTOMATION/mcd-citd-lnkpreview-RevC.bat HTTP/1.1" 200 13195 "-" "Mozilla/5.0 (compatible; AhrefsBot/7.0; +http://ahrefs.com/robot/)" "metrocrimedaily.com"
51.222.253.10 - - [01/Feb/2023:07:23:08 -0800] "GET /CRIME-WATCH-AMERICA/GOOD_BARBER_APP-MAKER/INSTALL-CRIME-WATCH-ATLANTA/CRIME-WATCH-ATLANTA/INSTAGRAM-AUTOMATION/post-to-instagram-RevA.bat HTTP/1.1" 200 4213 "-" "Mozilla/5.0 (compatible; AhrefsBot/7.0; +http://ahrefs.com/robot/)" "metrocrimedaily.com"
51.222.253.1 - - [01/Feb/2023:07:23:30 -0800] "GET /CRIME-WATCH-AMERICA/GOOD_BARBER_APP-MAKER/INSTALL-CRIME-WATCH-ATLANTA/CRIME-WATCH-ATLANTA/INSTAGRAM-AUTOMATION/post-to-instagram-RevB.bat HTTP/1.1" 200 6010 "-" "Mozilla/5.0 (compatible; AhrefsBot/7.0; +http://ahrefs.com/robot/)" "metrocrimedaily.com"
51.222.253.7 - - [01/Feb/2023:07:24:14 -0800] "GET /CRIME-WATCH-AMERICA/GOOD_BARBER_APP-MAKER/INSTALL-CRIME-WATCH-ATLANTA/CRIME-WATCH-ATLANTA/INSTAGRAM-AUTOMATION/post-to-instagram-RevC.bat HTTP/1.1" 200 6408 "-" "Mozilla/5.0 (compatible; AhrefsBot/7.0; +http://ahrefs.com/robot/)" "metrocrimedaily.com"
51.222.253.8 - - [01/Feb/2023:07:24:49 -0800] "GET /CRIME-WATCH-AMERICA/GOOD_BARBER_APP-MAKER/INSTALL-CRIME-WATCH-ATLANTA/CRIME-WATCH-ATLANTA/INSTAGRAM-AUTOMATION/post-to-instagram-RevD.bat HTTP/1.1" 200 7643 "-" "Mozilla/5.0 (compatible; AhrefsBot/7.0; +http://ahrefs.com/robot/)" "metrocrimedaily.com"
51.222.253.1 - - [01/Feb/2023:07:25:36 -0800] "GET /CRIME-WATCH-AMERICA/GOOD_BARBER_APP-MAKER/INSTALL-CRIME-WATCH-ATLANTA/CRIME-WATCH-ATLANTA/INSTAGRAM-AUTOMATION/unencoded-RevA.bat HTTP/1.1" 200 2808 "-" "Mozilla/5.0 (compatible; AhrefsBot/7.0; +http://ahrefs.com/robot/)" "metrocrimedaily.com"
51.222.253.6 - - [01/Feb/2023:07:26:16 -0800] "GET /CRIME-WATCH-AMERICA/GOOD_BARBER_APP-MAKER/INSTALL-CRIME-WATCH-ATLANTA/CRIME-WATCH-ATLANTA/INSTAGRAM-AUTOMATION/unencoded-RevB.bat HTTP/1.1" 200 3082 "-" "Mozilla/5.0 (compatible; AhrefsBot/7.0; +http://ahrefs.com/robot/)" "metrocrimedaily.com"
51.222.253.13 - - [01/Feb/2023:07:26:52 -0800] "GET /CRIME-WATCH-AMERICA/GOOD_BARBER_APP-MAKER/INSTALL-CRIME-WATCH-ATLANTA/CRIME-WATCH-ATLANTA/INSTAGRAM-AUTOMATION/unencoded-RevC.bat HTTP/1.1" 200 3415 "-" "Mozilla/5.0 (compatible; AhrefsBot/7.0; +http://ahrefs.com/robot/)" "metrocrimedaily.com"
69.63.184.113 - - [01/Feb/2023:07:27:08 -0800] "GET /instagram-chicago/02-01-2023-0926471-A.jpg HTTP/1.1" 200 112721 "-" "facebookexternalhit/1.1 (+http://www.facebook.com/externalhit_uatext.php)" "www.metrocrimedaily.com"
51.222.253.15 - - [01/Feb/2023:07:28:03 -0800] "GET /CRIME-WATCH-AMERICA/GOOD_BARBER_APP-MAKER/INSTALL-CRIME-WATCH-ATLANTA/CRIME-WATCH-ATLANTA/INSTAGRAM-AUTOMATION/unencoded-text-file.txt HTTP/1.1" 200 295 "-" "Mozilla/5.0 (compatible; AhrefsBot/7.0; +http://ahrefs.com/robot/)" "metrocrimedaily.com"
51.222.253.1 - - [01/Feb/2023:07:28:37 -0800] "GET /CRIME-WATCH-AMERICA/GOOD_BARBER_APP-MAKER/INSTALL-CRIME-WATCH-ATLANTA/CRIME-WATCH-ATLANTA/INSTAGRAM-AUTOMATION/unencoded.bat HTTP/1.1" 200 810 "-" "Mozilla/5.0 (compatible; AhrefsBot/7.0; +http://ahrefs.com/robot/)" "metrocrimedaily.com"
51.222.253.13 - - [01/Feb/2023:07:29:09 -0800] "GET /instagram-stlouis/01-30-2023-0557151-Trump-investigations--Georgia-prosecutor-ups-anti.txt HTTP/1.1" 200 1093 "-" "Mozilla/5.0 (compatible; AhrefsBot/7.0; +http://ahrefs.com/robot/)" "metrocrimedaily.com"
51.222.253.19 - - [01/Feb/2023:07:29:54 -0800] "GET /instagram-stlouis/01-30-2023-0714141-Super-Bowl-57-matchup-is-set%3B-suicide-bomber-kill.txt HTTP/1.1" 200 471 "-" "Mozilla/5.0 (compatible; AhrefsBot/7.0; +http://ahrefs.com/robot/)" "metrocrimedaily.com"
69.63.184.117 - - [01/Feb/2023:07:30:24 -0800] "GET /instagram-dallas/02-01-2023-0930031-A.jpg HTTP/1.1" 200 84084 "-" "facebookexternalhit/1.1 (+http://www.facebook.com/externalhit_uatext.php)" "www.metrocrimedaily.com"
51.222.253.15 - - [01/Feb/2023:07:30:32 -0800] "GET /instagram-stlouis/01-30-2023-0714142-5-year-old-boy-shot-in-the-head-Sunday-night-in-L.txt HTTP/1.1" 200 181 "-" "Mozilla/5.0 (compatible; AhrefsBot/7.0; +http://ahrefs.com/robot/)" "metrocrimedaily.com"
51.222.253.14 - - [01/Feb/2023:07:31:10 -0800] "GET /instagram-stlouis/01-30-2023-0714143-Suicide-bomber-kills-28--wounds-150-at-mosque-in-.txt HTTP/1.1" 200 1091 "-" "Mozilla/5.0 (compatible; AhrefsBot/7.0; +http://ahrefs.com/robot/)" "metrocrimedaily.com"
51.222.253.18 - - [01/Feb/2023:07:31:40 -0800] "GET /instagram-stlouis/01-30-2023-0929541-When-gun-violence-ends-young-lives--these-men-pre.txt HTTP/1.1" 200 1170 "-" "Mozilla/5.0 (compatible; AhrefsBot/7.0; +http://ahrefs.com/robot/)" "metrocrimedaily.com"
66.249.70.132 - - [01/Feb/2023:07:32:03 -0800] "GET /robots.txt HTTP/1.1" 404 88 "-" "Mozilla/5.0 (compatible; Googlebot/2.1; +http://www.google.com/bot.html)" "metrocrimedaily.com"
51.222.253.14 - - [01/Feb/2023:07:32:18 -0800] "GET /instagram-stlouis/01-30-2023-0929542-Live--Alex-Murdaugh-murder-trial-livestream---Jan.txt HTTP/1.1" 200 205 "-" "Mozilla/5.0 (compatible; AhrefsBot/7.0; +http://ahrefs.com/robot/)" "metrocrimedaily.com"
51.222.253.7 - - [01/Feb/2023:07:32:49 -0800] "GET /instagram-stlouis/01-30-2023-0929543-Suicide-bomber-kills-44--wounds-over-150-at-Pakis.txt HTTP/1.1" 200 1025 "-" "Mozilla/5.0 (compatible; AhrefsBot/7.0; +http://ahrefs.com/robot/)" "metrocrimedaily.com"
51.222.253.3 - - [01/Feb/2023:07:33:25 -0800] "GET /instagram-stlouis/01-30-2023-1145381-Blast-at-mosque-in-Pakistan---s-Peshawar-kills-at.txt HTTP/1.1" 200 153 "-" "Mozilla/5.0 (compatible; AhrefsBot/7.0; +http://ahrefs.com/robot/)" "metrocrimedaily.com"
51.222.253.8 - - [01/Feb/2023:07:33:54 -0800] "GET /instagram-stlouis/01-30-2023-1145382-Barrett-Strong--Motown-artist-known-for----Money-.txt HTTP/1.1" 200 1150 "-" "Mozilla/5.0 (compatible; AhrefsBot/7.0; +http://ahrefs.com/robot/)" "metrocrimedaily.com"
114.119.132.6 - - [01/Feb/2023:07:34:21 -0800] "GET /instagram-atlanta/post-later/01-27-2023-1438135-Body-camera-video-shows-struggle-for-hammer-durin.txt HTTP/1.1" 404 88 "https://metrocrimedaily.com/instagram-atlanta/post-later/" "Mozilla/5.0 (Linux; Android 7.0;) AppleWebKit/537.36 (KHTML, like Gecko) Mobile Safari/537.36 (compatible; PetalBot;+https://webmaster.petalsearch.com/site/petalbot)" "metrocrimedaily.com"
51.222.253.8 - - [01/Feb/2023:07:34:49 -0800] "GET /instagram-stlouis/01-30-2023-1316151-5-year-old-boy-shot-in-head--critically-injured-i.txt HTTP/1.1" 200 489 "-" "Mozilla/5.0 (compatible; AhrefsBot/7.0; +http://ahrefs.com/robot/)" "metrocrimedaily.com"
51.222.253.10 - - [01/Feb/2023:07:35:25 -0800] "GET /instagram-stlouis/01-30-2023-1316152-Teen-killed-in-triple-shooting-at-East-St.-Louis-.txt HTTP/1.1" 200 492 "-" "Mozilla/5.0 (compatible; AhrefsBot/7.0; +http://ahrefs.com/robot/)" "metrocrimedaily.com"
51.222.253.10 - - [01/Feb/2023:07:35:57 -0800] "GET /instagram-stlouis/01-30-2023-1430341-St.-Louis-agrees-to-pay-$5.2M-to-settle-claims-of.txt HTTP/1.1" 200 1109 "-" "Mozilla/5.0 (compatible; AhrefsBot/7.0; +http://ahrefs.com/robot/)" "metrocrimedaily.com"
51.222.253.3 - - [01/Feb/2023:07:36:40 -0800] "GET /instagram-stlouis/01-30-2023-1430342-Half-Moon-Bay-mass-shooting-sparked-by-$100-repai.txt HTTP/1.1" 200 1101 "-" "Mozilla/5.0 (compatible; AhrefsBot/7.0; +http://ahrefs.com/robot/)" "metrocrimedaily.com"
114.119.135.225 - - [01/Feb/2023:07:37:05 -0800] "GET /instagram-atlanta/post-later/01-27-2023-1438132-Big-tax-season-scam-arrives-as-a-text-.txt HTTP/1.1" 404 88 "https://metrocrimedaily.com/instagram-atlanta/post-later/" "Mozilla/5.0 (Linux; Android 7.0;) AppleWebKit/537.36 (KHTML, like Gecko) Mobile Safari/537.36 (compatible; PetalBot;+https://webmaster.petalsearch.com/site/petalbot)" "metrocrimedaily.com"
51.222.253.19 - - [01/Feb/2023:07:37:16 -0800] "GET /instagram-stlouis/01-30-2023-1545431-Massive-boulder-smashes-through-Hawaii-home--bare.txt HTTP/1.1" 200 1104 "-" "Mozilla/5.0 (compatible; AhrefsBot/7.0; +http://ahrefs.com/robot/)" "metrocrimedaily.com"
51.222.253.18 - - [01/Feb/2023:07:38:02 -0800] "GET /instagram-stlouis/01-30-2023-1545432-Teen-in-custody-for-carjacking-outside-St.-Louis-.txt HTTP/1.1" 200 643 "-" "Mozilla/5.0 (compatible; AhrefsBot/7.0; +http://ahrefs.com/robot/)" "metrocrimedaily.com"
51.222.253.13 - - [01/Feb/2023:07:38:43 -0800] "GET /instagram-stlouis/01-30-2023-1705341-GRAPHIC-WARNING--Memphis-PD-releases-Tyre-Nichols.txt HTTP/1.1" 200 50 "-" "Mozilla/5.0 (compatible; AhrefsBot/7.0; +http://ahrefs.com/robot/)" "metrocrimedaily.com"
51.222.253.14 - - [01/Feb/2023:07:39:16 -0800] "GET /instagram-stlouis/01-30-2023-1705342-13-year-old-boy-accused-of-carjacking-in-south-St.txt HTTP/1.1" 200 474 "-" "Mozilla/5.0 (compatible; AhrefsBot/7.0; +http://ahrefs.com/robot/)" "metrocrimedaily.com"
114.119.143.214 - - [01/Feb/2023:07:39:17 -0800] "GET /CRIME-WATCH-AMERICA/CRIME-WATCH-NEW-YORK-CITY/?C=D%3BO%3DA HTTP/1.1" 200 381 "https://metrocrimedaily.com/CRIME-WATCH-AMERICA/CRIME-WATCH-NEW-YORK-CITY/" "Mozilla/5.0 (Linux; Android 7.0;) AppleWebKit/537.36 (KHTML, like Gecko) Mobile Safari/537.36 (compatible; PetalBot;+https://webmaster.petalsearch.com/site/petalbot)" "metrocrimedaily.com"
173.252.95.24 - - [01/Feb/2023:07:39:45 -0800] "GET /instagram-miami/02-01-2023-0908302-A.jpg HTTP/1.1" 200 137593 "-" "facebookexternalhit/1.1 (+http://www.facebook.com/externalhit_uatext.php)" "www.metrocrimedaily.com"
51.222.253.13 - - [01/Feb/2023:07:39:56 -0800] "GET /instagram-stlouis/01-30-2023-1705343-St.-Louis-man-charged-in-shooting-death-of-14-yea.txt HTTP/1.1" 200 408 "-" "Mozilla/5.0 (compatible; AhrefsBot/7.0; +http://ahrefs.com/robot/)" "metrocrimedaily.com"
173.252.95.14 - - [01/Feb/2023:07:40:20 -0800] "GET /instagram-stlouis/02-01-2023-0940001-A.jpg HTTP/1.1" 200 380626 "-" "facebookexternalhit/1.1 (+http://www.facebook.com/externalhit_uatext.php)" "www.metrocrimedaily.com"
51.222.253.3 - - [01/Feb/2023:07:40:26 -0800] "GET /instagram-stlouis/01-30-2023-1705344-Chicago-prosecutor-dropping-R.-Kelly-sex-abuse-ch.txt HTTP/1.1" 200 1074 "-" "Mozilla/5.0 (compatible; AhrefsBot/7.0; +http://ahrefs.com/robot/)" "metrocrimedaily.com"
51.222.253.13 - - [01/Feb/2023:07:41:13 -0800] "GET /instagram-stlouis/01-30-2023-1705345-Man-charged-in-murder-of-14-year-old-.txt HTTP/1.1" 200 502 "-" "Mozilla/5.0 (compatible; AhrefsBot/7.0; +http://ahrefs.com/robot/)" "metrocrimedaily.com"
51.222.253.5 - - [01/Feb/2023:07:41:46 -0800] "GET /instagram-stlouis/01-30-2023-1928291-Pastor-gets-carjacked-at-his-church-in-south-St.-.txt HTTP/1.1" 200 50 "-" "Mozilla/5.0 (compatible; AhrefsBot/7.0; +http://ahrefs.com/robot/)" "metrocrimedaily.com"
51.222.253.14 - - [01/Feb/2023:07:42:21 -0800] "GET /instagram-stlouis/01-30-2023-2033461-Florida-mass-shooting-leaves-10-injured-.txt HTTP/1.1" 200 795 "-" "Mozilla/5.0 (compatible; AhrefsBot/7.0; +http://ahrefs.com/robot/)" "metrocrimedaily.com"
51.222.253.4 - - [01/Feb/2023:07:42:56 -0800] "GET /instagram-stlouis/01-30-2023-2251551-Several-squirrel-monkeys-stolen-from-Louisiana-zo.txt HTTP/1.1" 200 1111 "-" "Mozilla/5.0 (compatible; AhrefsBot/7.0; +http://ahrefs.com/robot/)" "metrocrimedaily.com"
51.222.253.2 - - [01/Feb/2023:07:43:36 -0800] "GET /instagram-stlouis/01-30-2023-2251552-Teens-involved-in-series-of-carjacking-crimes--St.txt HTTP/1.1" 200 184 "-" "Mozilla/5.0 (compatible; AhrefsBot/7.0; +http://ahrefs.com/robot/)" "metrocrimedaily.com"
51.222.253.4 - - [01/Feb/2023:07:44:08 -0800] "GET /instagram-stlouis/01-31-2023-0603431-Chicago-prosecutor-dropping-R.-Kelly-sex-abuse-ch.txt HTTP/1.1" 200 1108 "-" "Mozilla/5.0 (compatible; AhrefsBot/7.0; +http://ahrefs.com/robot/)" "metrocrimedaily.com"
51.222.253.18 - - [01/Feb/2023:07:44:45 -0800] "GET /instagram-stlouis/01-31-2023-0722121-Steven-Johnson-murder-trial-happening-today-.txt HTTP/1.1" 200 261 "-" "Mozilla/5.0 (compatible; AhrefsBot/7.0; +http://ahrefs.com/robot/)" "metrocrimedaily.com"
51.222.253.14 - - [01/Feb/2023:07:45:13 -0800] "GET /instagram-stlouis/01-31-2023-0722122-Police--50-year-old-man-missing-since-Jan.-13-.txt HTTP/1.1" 200 387 "-" "Mozilla/5.0 (compatible; AhrefsBot/7.0; +http://ahrefs.com/robot/)" "metrocrimedaily.com"
52.167.144.32 - - [01/Feb/2023:07:45:19 -0800] "GET /instagram-chicago/12-18-2022-2031311-Community-mourns-students-killed-outside-Benito-J.txt HTTP/1.1" 404 88 "-" "Mozilla/5.0 AppleWebKit/537.36 (KHTML, like Gecko; compatible; bingbot/2.0; +http://www.bing.com/bingbot.htm) Chrome/103.0.5060.134 Safari/537.36" "www.metrocrimedaily.com"
51.222.253.15 - - [01/Feb/2023:07:46:05 -0800] "GET /instagram-stlouis/01-31-2023-0722123-Alec-Baldwin-expected-to-be-charged-with-manslaug.txt HTTP/1.1" 200 1066 "-" "Mozilla/5.0 (compatible; AhrefsBot/7.0; +http://ahrefs.com/robot/)" "metrocrimedaily.com"
51.222.253.6 - - [01/Feb/2023:07:46:54 -0800] "GET /instagram-stlouis/01-31-2023-0722124-Teen-killed-in-shooting-outside-East-St.-Louis-ch.txt HTTP/1.1" 200 285 "-" "Mozilla/5.0 (compatible; AhrefsBot/7.0; +http://ahrefs.com/robot/)" "metrocrimedaily.com"
69.63.184.118 - - [01/Feb/2023:07:47:14 -0800] "GET /instagram-atlanta/02-01-2023-0845403-A.jpg HTTP/1.1" 200 103331 "-" "facebookexternalhit/1.1 (+http://www.facebook.com/externalhit_uatext.php)" "www.metrocrimedaily.com"
51.222.253.8 - - [01/Feb/2023:07:47:23 -0800] "GET /instagram-stlouis/01-31-2023-1017591-Florida-sheriff-sued-for--Wheel-of-Fugitive--defa.txt HTTP/1.1" 200 1062 "-" "Mozilla/5.0 (compatible; AhrefsBot/7.0; +http://ahrefs.com/robot/)" "metrocrimedaily.com"
51.222.253.14 - - [01/Feb/2023:07:48:10 -0800] "GET /instagram-stlouis/01-31-2023-1017592-Defense-to-cross-examine-SLED-agent-in-Murdaugh-t.txt HTTP/1.1" 200 1170 "-" "Mozilla/5.0 (compatible; AhrefsBot/7.0; +http://ahrefs.com/robot/)" "metrocrimedaily.com"
51.222.253.7 - - [01/Feb/2023:07:48:42 -0800] "GET /instagram-stlouis/01-31-2023-1017593-Mass-shootings-lead-to-widening-divide-on-state-g.txt HTTP/1.1" 200 1133 "-" "Mozilla/5.0 (compatible; AhrefsBot/7.0; +http://ahrefs.com/robot/)" "metrocrimedaily.com"
51.222.253.16 - - [01/Feb/2023:07:49:27 -0800] "GET /instagram-stlouis/01-31-2023-1017594----I-got-a-baby-on-the-way-----Video-shows-police.txt HTTP/1.1" 200 990 "-" "Mozilla/5.0 (compatible; AhrefsBot/7.0; +http://ahrefs.com/robot/)" "metrocrimedaily.com"
51.222.253.15 - - [01/Feb/2023:07:49:54 -0800] "GET /instagram-stlouis/01-31-2023-1017595-St.-Charles-man-dies-after-car-strikes-I-70-media.txt HTTP/1.1" 200 435 "-" "Mozilla/5.0 (compatible; AhrefsBot/7.0; +http://ahrefs.com/robot/)" "metrocrimedaily.com"
51.222.253.8 - - [01/Feb/2023:07:50:38 -0800] "GET /instagram-stlouis/01-31-2023-1331211-Hazelwood-police-searching-for-driver-who-left-sc.txt HTTP/1.1" 200 678 "-" "Mozilla/5.0 (compatible; AhrefsBot/7.0; +http://ahrefs.com/robot/)" "metrocrimedaily.com"
173.252.95.9 - - [01/Feb/2023:07:51:18 -0800] "GET /instagram-houston/02-01-2023-0819124-A.jpg HTTP/1.1" 200 138791 "-" "facebookexternalhit/1.1 (+http://www.facebook.com/externalhit_uatext.php)" "www.metrocrimedaily.com"
51.222.253.9 - - [01/Feb/2023:07:51:24 -0800] "GET /instagram-stlouis/01-31-2023-1331212-Berkeley-turns-to-Major-Case-Squad-to-investigate.txt HTTP/1.1" 200 430 "-" "Mozilla/5.0 (compatible; AhrefsBot/7.0; +http://ahrefs.com/robot/)" "metrocrimedaily.com"
51.222.253.16 - - [01/Feb/2023:07:51:55 -0800] "GET /instagram-stlouis/01-31-2023-1450481-Berkeley-turns-to-Major-Case-Squad-to-investigate.txt HTTP/1.1" 200 430 "-" "Mozilla/5.0 (compatible; AhrefsBot/7.0; +http://ahrefs.com/robot/)" "metrocrimedaily.com"
173.252.95.17 - - [01/Feb/2023:07:52:32 -0800] "GET /instagram-losangeles/02-01-2023-0952151-A.jpg HTTP/1.1" 200 194768 "-" "facebookexternalhit/1.1 (+http://www.facebook.com/externalhit_uatext.php)" "www.metrocrimedaily.com"
51.222.253.11 - - [01/Feb/2023:07:52:39 -0800] "GET /instagram-stlouis/01-31-2023-1450482-Move-to-restrict-minors-with-guns-gains-traction-.txt HTTP/1.1" 200 1116 "-" "Mozilla/5.0 (compatible; AhrefsBot/7.0; +http://ahrefs.com/robot/)" "metrocrimedaily.com"
51.222.253.19 - - [01/Feb/2023:07:53:10 -0800] "GET /instagram-stlouis/01-31-2023-1611221-Omaha-police-fatally-shoot-armed-man-in-Target-st.txt HTTP/1.1" 200 1105 "-" "Mozilla/5.0 (compatible; AhrefsBot/7.0; +http://ahrefs.com/robot/)" "metrocrimedaily.com"
51.222.253.12 - - [01/Feb/2023:07:53:52 -0800] "GET /instagram-stlouis/01-31-2023-1611222-Alec-Baldwin--armorer-formally-charged-in----Rust.txt HTTP/1.1" 200 1087 "-" "Mozilla/5.0 (compatible; AhrefsBot/7.0; +http://ahrefs.com/robot/)" "metrocrimedaily.com"
51.222.253.9 - - [01/Feb/2023:07:54:22 -0800] "GET /instagram-stlouis/01-31-2023-1611224-Police-ID-man-shot--killed-in-Bellefontaine-Neigh.txt HTTP/1.1" 200 169 "-" "Mozilla/5.0 (compatible; AhrefsBot/7.0; +http://ahrefs.com/robot/)" "metrocrimedaily.com"
114.119.154.59 - - [01/Feb/2023:07:54:24 -0800] "GET /instagram-stlouis/?C=M%3BO%3DA HTTP/1.1" 200 5564 "https://metrocrimedaily.com/instagram-stlouis/" "Mozilla/5.0 (Linux; Android 7.0;) AppleWebKit/537.36 (KHTML, like Gecko) Mobile Safari/537.36 (compatible; PetalBot;+https://webmaster.petalsearch.com/site/petalbot)" "metrocrimedaily.com"
51.222.253.7 - - [01/Feb/2023:07:55:06 -0800] "GET /instagram-stlouis/01-31-2023-1733441-Hazelwood-man-gunned-down-in-Bellefontaine-Neighb.txt HTTP/1.1" 200 456 "-" "Mozilla/5.0 (compatible; AhrefsBot/7.0; +http://ahrefs.com/robot/)" "metrocrimedaily.com"
51.222.253.18 - - [01/Feb/2023:07:55:36 -0800] "GET /instagram-stlouis/01-31-2023-1733442-St.-Charles-man-sentenced-for-trying-to-smuggle-1.txt HTTP/1.1" 200 809 "-" "Mozilla/5.0 (compatible; AhrefsBot/7.0; +http://ahrefs.com/robot/)" "metrocrimedaily.com"
114.119.141.127 - - [01/Feb/2023:07:56:35 -0800] "GET /instagram-chicago/01-28-2023-1827261-New-Citizen-Board-for-Chicago-Police-Oversight-Ge.txt HTTP/1.1" 404 88 "https://metrocrimedaily.com/instagram-chicago/?C=N%3BO%3DD" "Mozilla/5.0 (Linux; Android 7.0;) AppleWebKit/537.36 (KHTML, like Gecko) Mobile Safari/537.36 (compatible; PetalBot;+https://webmaster.petalsearch.com/site/petalbot)" "metrocrimedaily.com"
51.222.253.20 - - [01/Feb/2023:07:57:23 -0800] "GET /instagram-stlouis/01-31-2023-1733444-RussianattacksaroundtheUkrainiantownofVuhledar-.txt HTTP/1.1" 200 153 "-" "Mozilla/5.0 (compatible; AhrefsBot/7.0; +http://ahrefs.com/robot/)" "metrocrimedaily.com"
51.222.253.17 - - [01/Feb/2023:07:57:54 -0800] "GET /instagram-stlouis/01-31-2023-1939341-Omaha-police-fatally-shoot-armed-man%3B-new-classif.txt HTTP/1.1" 200 1209 "-" "Mozilla/5.0 (compatible; AhrefsBot/7.0; +http://ahrefs.com/robot/)" "metrocrimedaily.com"
69.63.184.5 - - [01/Feb/2023:07:58:14 -0800] "GET /instagram-chicago/02-01-2023-0926473-A.jpg HTTP/1.1" 200 535605 "-" "facebookexternalhit/1.1 (+http://www.facebook.com/externalhit_uatext.php)" "www.metrocrimedaily.com"
51.222.253.11 - - [01/Feb/2023:07:58:40 -0800] "GET /instagram-stlouis/01-31-2023-1939342-Illinois-appellate-court-upholds-restraining-orde.txt HTTP/1.1" 200 1094 "-" "Mozilla/5.0 (compatible; AhrefsBot/7.0; +http://ahrefs.com/robot/)" "metrocrimedaily.com"
51.222.253.1 - - [01/Feb/2023:07:59:13 -0800] "GET /instagram-stlouis/01-31-2023-2102351-Florissant-man-arrested--confessed-to-multiple-th.txt HTTP/1.1" 200 804 "-" "Mozilla/5.0 (compatible; AhrefsBot/7.0; +http://ahrefs.com/robot/)" "metrocrimedaily.com"
51.222.253.2 - - [01/Feb/2023:08:00:02 -0800] "GET /instagram-stlouis/01-31-2023-2246421----Dances-With-Wolves----actor-arrested-in-Nevada.txt HTTP/1.1" 200 1101 "-" "Mozilla/5.0 (compatible; AhrefsBot/7.0; +http://ahrefs.com/robot/)" "metrocrimedaily.com"
51.222.253.20 - - [01/Feb/2023:08:00:46 -0800] "GET /instagram-stlouis/01-31-2023-2246422-Call-to-halt-execution-of-man-convicted-of-killin.txt HTTP/1.1" 200 1088 "-" "Mozilla/5.0 (compatible; AhrefsBot/7.0; +http://ahrefs.com/robot/)" "metrocrimedaily.com"
51.222.253.5 - - [01/Feb/2023:08:01:23 -0800] "GET /instagram-stlouis/01-31-2023-2328281-Caught-on-camera--24-catalytic-converters-stolen-.txt HTTP/1.1" 200 1035 "-" "Mozilla/5.0 (compatible; AhrefsBot/7.0; +http://ahrefs.com/robot/)" "metrocrimedaily.com"
51.222.253.18 - - [01/Feb/2023:08:02:13 -0800] "GET /instagram-stlouis/02-01-2023-0216291-1874--The-Jesse-James-gang-robs-a-train-in-Gad-s-.txt HTTP/1.1" 200 56 "-" "Mozilla/5.0 (compatible; AhrefsBot/7.0; +http://ahrefs.com/robot/)" "metrocrimedaily.com"
51.222.253.3 - - [01/Feb/2023:08:02:41 -0800] "GET /instagram-stlouis/02-01-2023-0605051-Government-probes-complaints-of-parts-flying-off-.txt HTTP/1.1" 200 545 "-" "Mozilla/5.0 (compatible; AhrefsBot/7.0; +http://ahrefs.com/robot/)" "metrocrimedaily.com"
51.222.253.18 - - [01/Feb/2023:08:03:30 -0800] "GET /instagram-stlouis/02-01-2023-0724141-Appellate-court-upholds-temporary-restraining-ord.txt HTTP/1.1" 200 197 "-" "Mozilla/5.0 (compatible; AhrefsBot/7.0; +http://ahrefs.com/robot/)" "metrocrimedaily.com"
51.222.253.9 - - [01/Feb/2023:08:03:59 -0800] "GET /instagram-stlouis/?C=N;O=A HTTP/1.1" 200 5564 "-" "Mozilla/5.0 (compatible; AhrefsBot/7.0; +http://ahrefs.com/robot/)" "metrocrimedaily.com"
51.222.253.7 - - [01/Feb/2023:08:04:40 -0800] "GET /CRIME-WATCH-AMERICA/GOOD_BARBER_APP-MAKER/INSTALL-CRIME-WATCH-ATLANTA/CRIME-WATCH-ATLANTA/?C=D;O=D HTTP/1.1" 200 1319 "-" "Mozilla/5.0 (compatible; AhrefsBot/7.0; +http://ahrefs.com/robot/)" "metrocrimedaily.com"
114.119.146.16 - - [01/Feb/2023:08:04:56 -0800] "GET /styles-mcd-dot-css HTTP/1.1" 200 3658 "https://metrocrimedaily.com/?C=M%3BO%3DA" "Mozilla/5.0 (Linux; Android 7.0;) AppleWebKit/537.36 (KHTML, like Gecko) Mobile Safari/537.36 (compatible; PetalBot;+https://webmaster.petalsearch.com/site/petalbot)" "metrocrimedaily.com"
51.222.253.2 - - [01/Feb/2023:08:05:10 -0800] "GET /CRIME-WATCH-AMERICA/GOOD_BARBER_APP-MAKER/INSTALL-CRIME-WATCH-ATLANTA/CRIME-WATCH-ATLANTA/?C=M;O=D HTTP/1.1" 200 1315 "-" "Mozilla/5.0 (compatible; AhrefsBot/7.0; +http://ahrefs.com/robot/)" "metrocrimedaily.com"
51.222.253.8 - - [01/Feb/2023:08:06:15 -0800] "GET /CRIME-WATCH-AMERICA/GOOD_BARBER_APP-MAKER/INSTALL-CRIME-WATCH-ATLANTA/CRIME-WATCH-ATLANTA/?C=S;O=D HTTP/1.1" 200 1308 "-" "Mozilla/5.0 (compatible; AhrefsBot/7.0; +http://ahrefs.com/robot/)" "metrocrimedaily.com"
114.119.156.124 - - [01/Feb/2023:08:07:15 -0800] "GET /instagram-stlouis/01-29-2023-2303071-5-year-old-boy-shot-in-the-head-Sunday-night-in-L.txt HTTP/1.1" 200 50 "https://metrocrimedaily.com/instagram-stlouis/" "Mozilla/5.0 (Linux; Android 7.0;) AppleWebKit/537.36 (KHTML, like Gecko) Mobile Safari/537.36 (compatible; PetalBot;+https://webmaster.petalsearch.com/site/petalbot)" "metrocrimedaily.com"
51.222.253.14 - - [01/Feb/2023:08:07:25 -0800] "GET /CRIME-WATCH-AMERICA/CRIME-WATCH-DETROIT/download-detroit-videos-RevC.bat HTTP/1.1" 200 8228 "-" "Mozilla/5.0 (compatible; AhrefsBot/7.0; +http://ahrefs.com/robot/)" "metrocrimedaily.com"
51.222.253.19 - - [01/Feb/2023:08:08:44 -0800] "GET /CRIME-WATCH-AMERICA/CRIME-WATCH-DETROIT/instagram-citd-lnkpreview-RevA.bat HTTP/1.1" 200 8725 "-" "Mozilla/5.0 (compatible; AhrefsBot/7.0; +http://ahrefs.com/robot/)" "metrocrimedaily.com"
114.119.135.166 - - [01/Feb/2023:08:09:02 -0800] "GET /instagram-memphis/01-28-2023-1922033-Suspect-arrested-in-Olive-Branch-hotel-shooting-t.txt HTTP/1.1" 200 491 "https://metrocrimedaily.com/instagram-memphis/" "Mozilla/5.0 (Linux; Android 7.0;) AppleWebKit/537.36 (KHTML, like Gecko) Mobile Safari/537.36 (compatible; PetalBot;+https://webmaster.petalsearch.com/site/petalbot)" "metrocrimedaily.com"
51.222.253.17 - - [01/Feb/2023:08:09:39 -0800] "GET /CRIME-WATCH-AMERICA/CRIME-WATCH-DETROIT/mcd-calculate-how-long-ago.html HTTP/1.1" 200 650 "-" "Mozilla/5.0 (compatible; AhrefsBot/7.0; +http://ahrefs.com/robot/)" "metrocrimedaily.com"
114.119.135.224 - - [01/Feb/2023:08:10:41 -0800] "GET /instagram-memphis/01-28-2023-1817012-Woman-pleads-guilty-for-leaving-newborn-to-die-in.txt HTTP/1.1" 200 860 "https://metrocrimedaily.com/instagram-memphis/" "Mozilla/5.0 (Linux; Android 7.0;) AppleWebKit/537.36 (KHTML, like Gecko) Mobile Safari/537.36 (compatible; PetalBot;+https://webmaster.petalsearch.com/site/petalbot)" "metrocrimedaily.com"
51.222.253.7 - - [01/Feb/2023:08:10:46 -0800] "GET /CRIME-WATCH-AMERICA/CRIME-WATCH-DETROIT/mcd-citd-lnkpreview-RevB.bat HTTP/1.1" 200 9432 "-" "Mozilla/5.0 (compatible; AhrefsBot/7.0; +http://ahrefs.com/robot/)" "metrocrimedaily.com"
173.252.95.1 - - [01/Feb/2023:08:10:55 -0800] "GET /instagram-stlouis/02-01-2023-0940002-A.jpg HTTP/1.1" 200 107930 "-" "facebookexternalhit/1.1 (+http://www.facebook.com/externalhit_uatext.php)" "www.metrocrimedaily.com"
173.252.95.119 - - [01/Feb/2023:08:11:23 -0800] "GET /instagram-stlouis/02-01-2023-0940003-A.jpg HTTP/1.1" 200 205008 "-" "facebookexternalhit/1.1 (+http://www.facebook.com/externalhit_uatext.php)" "www.metrocrimedaily.com"
114.119.139.246 - - [01/Feb/2023:08:11:51 -0800] "GET /instagram-losangeles/01-31-2023-0051071-Ventura-County-thieves-steal-credit-cards-from-wo.txt HTTP/1.1" 200 1048 "https://metrocrimedaily.com/instagram-losangeles/?C=N%3BO%3DD" "Mozilla/5.0 (Linux; Android 7.0;) AppleWebKit/537.36 (KHTML, like Gecko) Mobile Safari/537.36 (compatible; PetalBot;+https://webmaster.petalsearch.com/site/petalbot)" "metrocrimedaily.com"
69.63.184.4 - - [01/Feb/2023:08:12:25 -0800] "GET /instagram-detroit/02-01-2023-1012021-A.jpg HTTP/1.1" 200 94773 "-" "facebookexternalhit/1.1 (+http://www.facebook.com/externalhit_uatext.php)" "www.metrocrimedaily.com"
51.222.253.15 - - [01/Feb/2023:08:14:13 -0800] "GET /CRIME-WATCH-AMERICA/CRIME-WATCH-DETROIT/post-to-instagram-RevC.bat HTTP/1.1" 200 6398 "-" "Mozilla/5.0 (compatible; AhrefsBot/7.0; +http://ahrefs.com/robot/)" "metrocrimedaily.com"
114.119.142.183 - - [01/Feb/2023:08:14:58 -0800] "GET /instagram-detroit/videos/ HTTP/1.1" 200 450 "https://metrocrimedaily.com/instagram-detroit/?C=M%3BO%3DA" "Mozilla/5.0 (Linux; Android 7.0;) AppleWebKit/537.36 (KHTML, like Gecko) Mobile Safari/537.36 (compatible; PetalBot;+https://webmaster.petalsearch.com/site/petalbot)" "metrocrimedaily.com"
51.222.253.4 - - [01/Feb/2023:08:15:37 -0800] "GET /CRIME-WATCH-AMERICA/CRIME-WATCH-DETROIT/post-to-instagram-RevD.bat HTTP/1.1" 200 7643 "-" "Mozilla/5.0 (compatible; AhrefsBot/7.0; +http://ahrefs.com/robot/)" "metrocrimedaily.com"
51.222.253.14 - - [01/Feb/2023:08:16:53 -0800] "GET /CRIME-WATCH-AMERICA/CRIME-WATCH-DETROIT/post-to-instagram-detroit-RevE.bat HTTP/1.1" 200 16745 "-" "Mozilla/5.0 (compatible; AhrefsBot/7.0; +http://ahrefs.com/robot/)" "metrocrimedaily.com"
157.55.39.85 - - [01/Feb/2023:08:17:23 -0800] "GET /instagram-detroit/12-26-2022-1603002-Missouri-woman-tracks-down--kills-alleged-carjack.txt HTTP/1.1" 404 88 "-" "Mozilla/5.0 AppleWebKit/537.36 (KHTML, like Gecko; compatible; bingbot/2.0; +http://www.bing.com/bingbot.htm) Chrome/103.0.5060.134 Safari/537.36" "www.metrocrimedaily.com"
114.119.156.152 - - [01/Feb/2023:08:17:38 -0800] "GET /instagram-dallas/01-31-2023-0022311-California-Man-Gets-90-Days-in-Jail-After-Chihuah.txt HTTP/1.1" 404 88 "https://metrocrimedaily.com/instagram-dallas/" "Mozilla/5.0 (Linux; Android 7.0;) AppleWebKit/537.36 (KHTML, like Gecko) Mobile Safari/537.36 (compatible; PetalBot;+https://webmaster.petalsearch.com/site/petalbot)" "metrocrimedaily.com"
114.119.159.101 - - [01/Feb/2023:08:17:55 -0800] "GET /CRIME-WATCH-AMERICA/GOOD_BARBER_APP-MAKER/unix/bin/?C=M%3BO%3DA HTTP/1.1" 200 1973 "https://metrocrimedaily.com/CRIME-WATCH-AMERICA/GOOD_BARBER_APP-MAKER/unix/bin/?C=D%3BO%3DA" "Mozilla/5.0 (Linux; Android 7.0;) AppleWebKit/537.36 (KHTML, like Gecko) Mobile Safari/537.36 (compatible; PetalBot;+https://webmaster.petalsearch.com/site/petalbot)" "metrocrimedaily.com"
51.222.253.19 - - [01/Feb/2023:08:18:02 -0800] "GET /CRIME-WATCH-AMERICA/CRIME-WATCH-DETROIT/reverse-post-mcd-story-out.txt HTTP/1.1" 200 277 "-" "Mozilla/5.0 (compatible; AhrefsBot/7.0; +http://ahrefs.com/robot/)" "metrocrimedaily.com"
51.222.253.20 - - [01/Feb/2023:08:18:22 -0800] "GET /CRIME-WATCH-AMERICA/CRIME-WATCH-DETROIT/send-email-to-kim-iPhone.bat HTTP/1.1" 200 4033 "-" "Mozilla/5.0 (compatible; AhrefsBot/7.0; +http://ahrefs.com/robot/)" "metrocrimedaily.com"
51.222.253.9 - - [01/Feb/2023:08:19:02 -0800] "GET /CRIME-WATCH-AMERICA/CRIME-WATCH-DETROIT/start-powershell-ftp-scipt.txt HTTP/1.1" 200 114 "-" "Mozilla/5.0 (compatible; AhrefsBot/7.0; +http://ahrefs.com/robot/)" "metrocrimedaily.com"
51.222.253.4 - - [01/Feb/2023:08:19:35 -0800] "GET /CRIME-WATCH-AMERICA/CRIME-WATCH-DETROIT/test-send-kim-text-message.bat HTTP/1.1" 200 849 "-" "Mozilla/5.0 (compatible; AhrefsBot/7.0; +http://ahrefs.com/robot/)" "metrocrimedaily.com"
114.119.132.116 - - [01/Feb/2023:08:20:25 -0800] "GET /instagram-atlanta/01-29-2023-1353142-Police-search-for-man-wanted-in-connection-to-fat.txt HTTP/1.1" 404 88 "https://metrocrimedaily.com/instagram-atlanta/?C=N%3BO%3DD" "Mozilla/5.0 (Linux; Android 7.0;) AppleWebKit/537.36 (KHTML, like Gecko) Mobile Safari/537.36 (compatible; PetalBot;+https://webmaster.petalsearch.com/site/petalbot)" "metrocrimedaily.com"
51.222.253.17 - - [01/Feb/2023:08:20:47 -0800] "GET /CRIME-WATCH-AMERICA/CRIME-WATCH-DETROIT/youtube-dl-12-08-2020-BAD.exe HTTP/1.1" 200 - "-" "Mozilla/5.0 (compatible; AhrefsBot/7.0; +http://ahrefs.com/robot/)" "metrocrimedaily.com"
51.222.253.12 - - [01/Feb/2023:08:21:26 -0800] "GET /CRIME-WATCH-AMERICA/CRIME-WATCH-DETROIT/download-detroit-videos-RevC.bat HTTP/1.1" 200 8228 "-" "Mozilla/5.0 (compatible; AhrefsBot/7.0; +http://ahrefs.com/robot/)" "www.metrocrimedaily.com"
51.222.253.3 - - [01/Feb/2023:08:21:59 -0800] "GET /CRIME-WATCH-AMERICA/CRIME-WATCH-DETROIT/mcd-calculate-how-long-ago.html HTTP/1.1" 200 650 "-" "Mozilla/5.0 (compatible; AhrefsBot/7.0; +http://ahrefs.com/robot/)" "www.metrocrimedaily.com"
114.119.148.120 - - [01/Feb/2023:08:22:33 -0800] "GET /index-atlanta.html HTTP/1.1" 200 85901 "https://metrocrimedaily.com/?C=M%3BO%3DA" "Mozilla/5.0 (Linux; Android 7.0;) AppleWebKit/537.36 (KHTML, like Gecko) Mobile Safari/537.36 (compatible; PetalBot;+https://webmaster.petalsearch.com/site/petalbot)" "metrocrimedaily.com"
51.222.253.4 - - [01/Feb/2023:08:22:47 -0800] "GET /CRIME-WATCH-AMERICA/CRIME-WATCH-DETROIT/mcd-calculate-how-long-ago.html HTTP/1.1" 200 650 "-" "Mozilla/5.0 (compatible; AhrefsBot/7.0; +http://ahrefs.com/robot/)" "www.metrocrimedaily.com"
114.119.131.211 - - [01/Feb/2023:08:23:48 -0800] "GET /instagram-dallas/01-23-2023-2334123-North-Texas-family-says-California-mass-shooting-.txt HTTP/1.1" 404 88 "https://metrocrimedaily.com/instagram-dallas/?C=D%3BO%3DA" "Mozilla/5.0 (Linux; Android 7.0;) AppleWebKit/537.36 (KHTML, like Gecko) Mobile Safari/537.36 (compatible; PetalBot;+https://webmaster.petalsearch.com/site/petalbot)" "metrocrimedaily.com"
51.222.253.7 - - [01/Feb/2023:08:24:30 -0800] "GET /CRIME-WATCH-AMERICA/CRIME-WATCH-DETROIT/mcd-citd-lnkpreview-RevB.bat HTTP/1.1" 200 9432 "-" "Mozilla/5.0 (compatible; AhrefsBot/7.0; +http://ahrefs.com/robot/)" "www.metrocrimedaily.com"
51.222.253.17 - - [01/Feb/2023:08:26:11 -0800] "GET /CRIME-WATCH-AMERICA/CRIME-WATCH-DETROIT/mcd-citd-lnkpreview-RevB.bat HTTP/1.1" 200 9432 "-" "Mozilla/5.0 (compatible; AhrefsBot/7.0; +http://ahrefs.com/robot/)" "www.metrocrimedaily.com"
