35.91.152.206 - - [27/Jan/2023:19:20:22 -0800] "GET /favicon.ico HTTP/1.1" 404 88 "-" "Mozilla/5.0 (X11; Linux x86_64) AppleWebKit/537.36 (KHTML, like Gecko) Chrome/83.0.4103.97 Safari/537.36" "metrocrimedaily.com"
35.91.152.206 - - [27/Jan/2023:19:20:26 -0800] "GET / HTTP/1.1" 200 177868 "-" "Mozilla/5.0 (X11; Linux x86_64) AppleWebKit/537.36 (KHTML, like Gecko) Chrome/83.0.4103.97 Safari/537.36" "metrocrimedaily.com"
51.222.253.2 - - [27/Jan/2023:19:20:34 -0800] "GET /instagram-dallas/post-later/01-27-2023-1416111-Attack-Near-Synagogue-in-Jerusalem-Leaves-5-Dead-.txt HTTP/1.1" 200 1108 "-" "Mozilla/5.0 (compatible; AhrefsBot/7.0; +http://ahrefs.com/robot/)" "www.metrocrimedaily.com"
51.222.253.7 - - [27/Jan/2023:19:21:16 -0800] "GET /instagram-dallas/post-later/01-27-2023-1449401-Dallas-police-release-body-camera-footage-of-shoo.txt HTTP/1.1" 200 49 "-" "Mozilla/5.0 (compatible; AhrefsBot/7.0; +http://ahrefs.com/robot/)" "www.metrocrimedaily.com"
51.222.253.6 - - [27/Jan/2023:19:22:01 -0800] "GET /instagram-dallas/post-later/?C=D;O=A HTTP/1.1" 200 1415 "-" "Mozilla/5.0 (compatible; AhrefsBot/7.0; +http://ahrefs.com/robot/)" "www.metrocrimedaily.com"
51.222.253.15 - - [27/Jan/2023:19:23:08 -0800] "GET /instagram-dallas/post-later/?C=M;O=A HTTP/1.1" 200 1431 "-" "Mozilla/5.0 (compatible; AhrefsBot/7.0; +http://ahrefs.com/robot/)" "www.metrocrimedaily.com"
51.222.253.1 - - [27/Jan/2023:19:24:49 -0800] "GET /instagram-dallas/post-later/?C=N;O=D HTTP/1.1" 200 1428 "-" "Mozilla/5.0 (compatible; AhrefsBot/7.0; +http://ahrefs.com/robot/)" "www.metrocrimedaily.com"
51.222.253.7 - - [27/Jan/2023:19:28:07 -0800] "GET /instagram-dallas/post-later/?C=S;O=A HTTP/1.1" 200 1441 "-" "Mozilla/5.0 (compatible; AhrefsBot/7.0; +http://ahrefs.com/robot/)" "www.metrocrimedaily.com"
114.119.137.195 - - [27/Jan/2023:19:28:54 -0800] "GET /instagram-memphis/01-24-2023-2222592-Former-DeSoto-County-Schools-employee-arrested-fo.txt HTTP/1.1" 404 88 "https://metrocrimedaily.com/instagram-memphis/?C=S%3BO%3DA" "Mozilla/5.0 (Linux; Android 7.0;) AppleWebKit/537.36 (KHTML, like Gecko) Mobile Safari/537.36 (compatible; PetalBot;+https://webmaster.petalsearch.com/site/petalbot)" "metrocrimedaily.com"
173.252.107.22 - - [27/Jan/2023:19:30:17 -0800] "GET /instagram-memphis/01-27-2023-2129531-A.jpg HTTP/1.1" 200 134214 "-" "facebookexternalhit/1.1 (+http://www.facebook.com/externalhit_uatext.php)" "www.metrocrimedaily.com"
69.63.184.6 - - [27/Jan/2023:19:30:26 -0800] "GET /instagram-dallas/01-27-2023-2130051-A.jpg HTTP/1.1" 200 161636 "-" "facebookexternalhit/1.1 (+http://www.facebook.com/externalhit_uatext.php)" "www.metrocrimedaily.com"
51.222.253.16 - - [27/Jan/2023:19:30:43 -0800] "GET /instagram-atlanta/post-later/01-17-2023-1935012-Bloomington-Minn.-police-chief-gives-update-on-Ma.txt HTTP/1.1" 404 88 "-" "Mozilla/5.0 (compatible; AhrefsBot/7.0; +http://ahrefs.com/robot/)" "metrocrimedaily.com"
173.252.107.6 - - [27/Jan/2023:19:31:27 -0800] "GET /instagram-miami/01-27-2023-2131041-A.jpg HTTP/1.1" 200 96280 "-" "facebookexternalhit/1.1 (+http://www.facebook.com/externalhit_uatext.php)" "www.metrocrimedaily.com"
107.161.23.203 - - [27/Jan/2023:19:32:57 -0800] "GET /wp-login.php HTTP/1.1" 404 88 "" "Mozilla/5.0 (Windows NT 10.0; Win64; x64; rv:108.0) Gecko/20100101 Firefox/108.0" "metrocrimedaily.com"
51.222.253.5 - - [27/Jan/2023:19:33:37 -0800] "GET /instagram-atlanta/post-later/01-17-2023-1935014-El-Paso-Walmart-shooting-suspect-won---t-face-dea.txt HTTP/1.1" 404 88 "-" "Mozilla/5.0 (compatible; AhrefsBot/7.0; +http://ahrefs.com/robot/)" "metrocrimedaily.com"
69.63.184.6 - - [27/Jan/2023:19:34:37 -0800] "GET /instagram-detroit/01-27-2023-2133441-A.jpg HTTP/1.1" 404 88 "-" "facebookexternalhit/1.1 (+http://www.facebook.com/externalhit_uatext.php)" "www.metrocrimedaily.com"
51.222.253.2 - - [27/Jan/2023:19:36:04 -0800] "GET /instagram-atlanta/post-later/01-17-2023-1935015-10-year-old-boy-last-seen-leaving-SE-Atlanta-hosp.txt HTTP/1.1" 404 88 "-" "Mozilla/5.0 (compatible; AhrefsBot/7.0; +http://ahrefs.com/robot/)" "metrocrimedaily.com"
69.63.184.5 - - [27/Jan/2023:19:36:11 -0800] "GET /instagram-atlanta/01-27-2023-2135501-A.jpg HTTP/1.1" 200 145111 "-" "facebookexternalhit/1.1 (+http://www.facebook.com/externalhit_uatext.php)" "www.metrocrimedaily.com"
51.222.253.18 - - [27/Jan/2023:19:38:42 -0800] "GET /instagram-atlanta/post-later/01-17-2023-1935016-Who-is-Brian-Walshe--husband-of-missing-DC-realto.txt HTTP/1.1" 404 88 "-" "Mozilla/5.0 (compatible; AhrefsBot/7.0; +http://ahrefs.com/robot/)" "metrocrimedaily.com"
51.222.253.2 - - [27/Jan/2023:19:40:57 -0800] "GET /instagram-atlanta/post-later/01-17-2023-1935017-December-Mall-of-America-shooting-suspect-arreste.txt HTTP/1.1" 404 88 "-" "Mozilla/5.0 (compatible; AhrefsBot/7.0; +http://ahrefs.com/robot/)" "metrocrimedaily.com"
114.119.138.59 - - [27/Jan/2023:19:41:12 -0800] "GET /www.localmemphis.com HTTP/1.1" 404 88 "https://metrocrimedaily.com/index-memphis.html" "Mozilla/5.0 (Linux; Android 7.0;) AppleWebKit/537.36 (KHTML, like Gecko) Mobile Safari/537.36 (compatible; PetalBot;+https://webmaster.petalsearch.com/site/petalbot)" "metrocrimedaily.com"
51.222.253.16 - - [27/Jan/2023:19:43:24 -0800] "GET /instagram-atlanta/post-later/01-17-2023-1935018-Man-arrested-for-2-robberies-at-Stockbridge-busin.txt HTTP/1.1" 404 88 "-" "Mozilla/5.0 (compatible; AhrefsBot/7.0; +http://ahrefs.com/robot/)" "metrocrimedaily.com"
173.252.107.2 - - [27/Jan/2023:19:44:32 -0800] "GET /instagram-neworleans/01-27-2023-2143591-A.jpg HTTP/1.1" 200 101116 "-" "facebookexternalhit/1.1 (+http://www.facebook.com/externalhit_uatext.php)" "www.metrocrimedaily.com"
51.222.253.13 - - [27/Jan/2023:19:45:45 -0800] "GET /instagram-atlanta/post-later/01-17-2023-2055581-17-year-old-arrested-in-Decatur-weeks-after-deadl.txt HTTP/1.1" 404 88 "-" "Mozilla/5.0 (compatible; AhrefsBot/7.0; +http://ahrefs.com/robot/)" "metrocrimedaily.com"
173.252.107.9 - - [27/Jan/2023:19:45:54 -0800] "GET /instagram-memphis/01-27-2023-2129532-A.jpg HTTP/1.1" 200 134961 "-" "facebookexternalhit/1.1 (+http://www.facebook.com/externalhit_uatext.php)" "www.metrocrimedaily.com"
69.63.184.7 - - [27/Jan/2023:19:46:03 -0800] "GET /instagram-dallas/01-27-2023-2130052-A.jpg HTTP/1.1" 200 150389 "-" "facebookexternalhit/1.1 (+http://www.facebook.com/externalhit_uatext.php)" "www.metrocrimedaily.com"
173.252.107.117 - - [27/Jan/2023:19:47:02 -0800] "GET /instagram-miami/01-27-2023-2131042-A.jpg HTTP/1.1" 200 177367 "-" "facebookexternalhit/1.1 (+http://www.facebook.com/externalhit_uatext.php)" "www.metrocrimedaily.com"
51.222.253.18 - - [27/Jan/2023:19:48:17 -0800] "GET /instagram-atlanta/post-later/01-17-2023-2055584-Teen-facing-murder-charge-in-Minnesota-mall-shoot.txt HTTP/1.1" 404 88 "-" "Mozilla/5.0 (compatible; AhrefsBot/7.0; +http://ahrefs.com/robot/)" "metrocrimedaily.com"
51.222.253.20 - - [27/Jan/2023:19:49:20 -0800] "GET /instagram-atlanta/post-later/01-17-2023-2055586-Man-dead--another-injured-following-shooting-in-C.txt HTTP/1.1" 404 88 "-" "Mozilla/5.0 (compatible; AhrefsBot/7.0; +http://ahrefs.com/robot/)" "metrocrimedaily.com"
173.252.107.9 - - [27/Jan/2023:19:49:32 -0800] "GET /instagram-houston/01-27-2023-2149101-A.jpg HTTP/1.1" 200 209149 "-" "facebookexternalhit/1.1 (+http://www.facebook.com/externalhit_uatext.php)" "www.metrocrimedaily.com"
51.222.253.1 - - [27/Jan/2023:19:50:01 -0800] "GET /instagram-atlanta/post-later/01-17-2023-2055588-Incident-report-released-for-crash-that-killed-UG.txt HTTP/1.1" 404 88 "-" "Mozilla/5.0 (compatible; AhrefsBot/7.0; +http://ahrefs.com/robot/)" "metrocrimedaily.com"
51.222.253.15 - - [27/Jan/2023:19:50:34 -0800] "GET /instagram-atlanta/post-later/01-17-2023-2055589-25-year-old-Pickens-County-man-arrested-for-sexua.txt HTTP/1.1" 404 88 "-" "Mozilla/5.0 (compatible; AhrefsBot/7.0; +http://ahrefs.com/robot/)" "metrocrimedaily.com"
114.119.150.239 - - [27/Jan/2023:19:50:45 -0800] "GET /main-menu.html HTTP/1.1" 200 897 "https://metrocrimedaily.com/?C=M%3BO%3DA" "Mozilla/5.0 (Linux; Android 7.0;) AppleWebKit/537.36 (KHTML, like Gecko) Mobile Safari/537.36 (compatible; PetalBot;+https://webmaster.petalsearch.com/site/petalbot)" "metrocrimedaily.com"
51.222.253.16 - - [27/Jan/2023:19:50:49 -0800] "GET /instagram-atlanta/post-later/01-17-2023-2234472-Porn-actor-Ron-Jeremy-mentally-incompetent-to-sta.txt HTTP/1.1" 404 88 "-" "Mozilla/5.0 (compatible; AhrefsBot/7.0; +http://ahrefs.com/robot/)" "metrocrimedaily.com"
51.222.253.18 - - [27/Jan/2023:19:51:09 -0800] "GET /instagram-atlanta/post-later/01-17-2023-2234473-Woman-charged-with-attempted-murder-of-boyfriend-.txt HTTP/1.1" 404 88 "-" "Mozilla/5.0 (compatible; AhrefsBot/7.0; +http://ahrefs.com/robot/)" "metrocrimedaily.com"
51.222.253.13 - - [27/Jan/2023:19:51:26 -0800] "GET /instagram-atlanta/post-later/01-17-2023-2234474-Caught-on-camera--Auburn-police-arrest-man-after-.txt HTTP/1.1" 404 88 "-" "Mozilla/5.0 (compatible; AhrefsBot/7.0; +http://ahrefs.com/robot/)" "metrocrimedaily.com"
51.222.253.10 - - [27/Jan/2023:19:51:36 -0800] "GET /instagram-atlanta/post-later/01-17-2023-2327502-Speed-a-factor-in-crash-that-killed-UGA-football-.txt HTTP/1.1" 404 88 "-" "Mozilla/5.0 (compatible; AhrefsBot/7.0; +http://ahrefs.com/robot/)" "metrocrimedaily.com"
51.222.253.14 - - [27/Jan/2023:19:51:41 -0800] "GET /instagram-atlanta/post-later/01-17-2023-2327506--God-s-Pit-Crew---Virginia-teams-helps-hard-hit-G.txt HTTP/1.1" 404 88 "-" "Mozilla/5.0 (compatible; AhrefsBot/7.0; +http://ahrefs.com/robot/)" "metrocrimedaily.com"
51.222.253.4 - - [27/Jan/2023:19:51:47 -0800] "GET /instagram-atlanta/post-later/01-18-2023-0151271-Student-attacked-during-lunch-at-Cobb-middle-scho.txt HTTP/1.1" 404 88 "-" "Mozilla/5.0 (compatible; AhrefsBot/7.0; +http://ahrefs.com/robot/)" "metrocrimedaily.com"
51.222.253.16 - - [27/Jan/2023:19:51:53 -0800] "GET /instagram-atlanta/post-later/01-18-2023-0231371-Suspect-smiles-during-arrest-after-beating-man-wi.txt HTTP/1.1" 404 88 "-" "Mozilla/5.0 (compatible; AhrefsBot/7.0; +http://ahrefs.com/robot/)" "metrocrimedaily.com"
51.222.253.19 - - [27/Jan/2023:19:51:57 -0800] "GET /instagram-atlanta/post-later/01-18-2023-0231372-Someone-shoots-gun-inside-South-Fulton-Bojangles-.txt HTTP/1.1" 404 88 "-" "Mozilla/5.0 (compatible; AhrefsBot/7.0; +http://ahrefs.com/robot/)" "metrocrimedaily.com"
51.222.253.6 - - [27/Jan/2023:19:52:02 -0800] "GET /instagram-atlanta/post-later/01-18-2023-0416461-Hall-County-man-arrested-after-slamming-into-conc.txt HTTP/1.1" 404 88 "-" "Mozilla/5.0 (compatible; AhrefsBot/7.0; +http://ahrefs.com/robot/)" "metrocrimedaily.com"
51.222.253.13 - - [27/Jan/2023:19:52:17 -0800] "GET / HTTP/1.1" 200 178105 "-" "Mozilla/5.0 (compatible; AhrefsBot/7.0; +http://ahrefs.com/robot/)" "metrocrimedaily.com"
51.222.253.6 - - [27/Jan/2023:19:52:50 -0800] "GET /instagram-chicago/videos/?C=M;O=D HTTP/1.1" 200 621 "-" "Mozilla/5.0 (compatible; AhrefsBot/7.0; +http://ahrefs.com/robot/)" "metrocrimedaily.com"
51.222.253.20 - - [27/Jan/2023:19:53:27 -0800] "GET /backup-05-31-20/?C=D;O=A HTTP/1.1" 200 544 "-" "Mozilla/5.0 (compatible; AhrefsBot/7.0; +http://ahrefs.com/robot/)" "metrocrimedaily.com"
51.222.253.2 - - [27/Jan/2023:19:54:03 -0800] "GET /backup-05-31-20/?C=M;O=A HTTP/1.1" 200 545 "-" "Mozilla/5.0 (compatible; AhrefsBot/7.0; +http://ahrefs.com/robot/)" "metrocrimedaily.com"
51.222.253.17 - - [27/Jan/2023:19:54:53 -0800] "GET /instagram-dallas/videos/?C=N;O=A HTTP/1.1" 200 448 "-" "Mozilla/5.0 (compatible; AhrefsBot/7.0; +http://ahrefs.com/robot/)" "www.metrocrimedaily.com"
51.222.253.20 - - [27/Jan/2023:19:55:33 -0800] "GET /instagram-dallas/01-27-2023-1932161-NJ-Man-Gets-6-Years-for-Jan.-6-Attack-on-Capitol-.txt HTTP/1.1" 200 1119 "-" "Mozilla/5.0 (compatible; AhrefsBot/7.0; +http://ahrefs.com/robot/)" "www.metrocrimedaily.com"
51.222.253.18 - - [27/Jan/2023:19:57:01 -0800] "GET /instagram-dallas/01-27-2023-1932162-Tyre-Nichols--death--Dallas-police-preparing-for-.txt HTTP/1.1" 200 49 "-" "Mozilla/5.0 (compatible; AhrefsBot/7.0; +http://ahrefs.com/robot/)" "www.metrocrimedaily.com"
51.222.253.1 - - [27/Jan/2023:19:58:36 -0800] "GET /instagram-dallas/01-27-2023-1932163-Dallas-Police-Release-Video-From-Shootout-With-Ca.txt HTTP/1.1" 200 1089 "-" "Mozilla/5.0 (compatible; AhrefsBot/7.0; +http://ahrefs.com/robot/)" "www.metrocrimedaily.com"
51.158.66.83 - - [27/Jan/2023:20:00:25 -0800] "GET / HTTP/1.1" 200 1551747 "-" "-" "metrocrimedaily.com"
51.222.253.19 - - [27/Jan/2023:20:00:26 -0800] "GET /instagram-dallas/01-27-2023-1932164-Florida-woman-arrested-for-defrauding-Holocaust-s.txt HTTP/1.1" 200 979 "-" "Mozilla/5.0 (compatible; AhrefsBot/7.0; +http://ahrefs.com/robot/)" "www.metrocrimedaily.com"
86.48.26.198 - - [27/Jan/2023:20:01:35 -0800] "GET /wp-login.php HTTP/1.1" 404 88 "" "Mozilla/5.0 (Windows NT 10.0; Win64; x64; rv:108.0) Gecko/20100101 Firefox/108.0" "metrocrimedaily.com"
51.222.253.1 - - [27/Jan/2023:20:01:57 -0800] "GET /instagram-stlouis/post-later/01-27-2023-1245326-Analysis--Stakes-rise-as-Iran-can-fuel--several--.txt HTTP/1.1" 200 1131 "-" "Mozilla/5.0 (compatible; AhrefsBot/7.0; +http://ahrefs.com/robot/)" "www.metrocrimedaily.com"
173.252.107.120 - - [27/Jan/2023:20:02:40 -0800] "GET /instagram-miami/01-27-2023-2131043-A.jpg HTTP/1.1" 200 165098 "-" "facebookexternalhit/1.1 (+http://www.facebook.com/externalhit_uatext.php)" "www.metrocrimedaily.com"
51.222.253.3 - - [27/Jan/2023:20:03:25 -0800] "GET /instagram-stlouis/post-later/01-27-2023-1245327-Two-arrested-in-Rolla-after-police-seize-fentanyl.txt HTTP/1.1" 200 693 "-" "Mozilla/5.0 (compatible; AhrefsBot/7.0; +http://ahrefs.com/robot/)" "www.metrocrimedaily.com"
114.119.135.207 - - [27/Jan/2023:20:03:57 -0800] "GET /robots.txt HTTP/1.1" 404 88 "-" "Mozilla/5.0 (compatible;PetalBot;+https://webmaster.petalsearch.com/site/petalbot)" "www.metrocrimedaily.com"
114.119.137.252 - - [27/Jan/2023:20:04:56 -0800] "GET /instagram-stlouis/post-later/01-26-2023-1534283-2-juveniles-arrested-in-St.-Louis-crash--linked-t.txt HTTP/1.1" 404 88 "https://metrocrimedaily.com/instagram-stlouis/post-later/" "Mozilla/5.0 (Linux; Android 7.0;) AppleWebKit/537.36 (KHTML, like Gecko) Mobile Safari/537.36 (compatible; PetalBot;+https://webmaster.petalsearch.com/site/petalbot)" "metrocrimedaily.com"
173.252.107.8 - - [27/Jan/2023:20:05:05 -0800] "GET /instagram-houston/01-27-2023-2149102-A.jpg HTTP/1.1" 200 80746 "-" "facebookexternalhit/1.1 (+http://www.facebook.com/externalhit_uatext.php)" "www.metrocrimedaily.com"
51.222.253.7 - - [27/Jan/2023:20:05:13 -0800] "GET /instagram-stlouis/post-later/01-27-2023-1245328-Woman--29--arrested-after-enrolling-at-N.J.-high-.txt HTTP/1.1" 200 1085 "-" "Mozilla/5.0 (compatible; AhrefsBot/7.0; +http://ahrefs.com/robot/)" "www.metrocrimedaily.com"
173.252.107.23 - - [27/Jan/2023:20:05:35 -0800] "GET /instagram-houston/01-27-2023-2149103-A.jpg HTTP/1.1" 200 141838 "-" "facebookexternalhit/1.1 (+http://www.facebook.com/externalhit_uatext.php)" "www.metrocrimedaily.com"
173.252.107.117 - - [27/Jan/2023:20:06:05 -0800] "GET /instagram-houston/01-27-2023-2149104-A.jpg HTTP/1.1" 200 138780 "-" "facebookexternalhit/1.1 (+http://www.facebook.com/externalhit_uatext.php)" "www.metrocrimedaily.com"
173.252.107.15 - - [27/Jan/2023:20:06:37 -0800] "GET /instagram-houston/01-27-2023-2149105-A.jpg HTTP/1.1" 200 87201 "-" "facebookexternalhit/1.1 (+http://www.facebook.com/externalhit_uatext.php)" "www.metrocrimedaily.com"
51.222.253.4 - - [27/Jan/2023:20:06:52 -0800] "GET /instagram-stlouis/post-later/01-27-2023-1453451-Man-convicted-in-2019-fatal-shooting-outside-down.txt HTTP/1.1" 200 585 "-" "Mozilla/5.0 (compatible; AhrefsBot/7.0; +http://ahrefs.com/robot/)" "www.metrocrimedaily.com"
173.252.107.24 - - [27/Jan/2023:20:07:07 -0800] "GET /instagram-houston/01-27-2023-2149106-A.jpg HTTP/1.1" 200 256662 "-" "facebookexternalhit/1.1 (+http://www.facebook.com/externalhit_uatext.php)" "www.metrocrimedaily.com"
173.252.107.16 - - [27/Jan/2023:20:07:37 -0800] "GET /instagram-houston/01-27-2023-2149107-A.jpg HTTP/1.1" 200 75541 "-" "facebookexternalhit/1.1 (+http://www.facebook.com/externalhit_uatext.php)" "www.metrocrimedaily.com"
51.222.253.11 - - [27/Jan/2023:20:08:34 -0800] "GET /instagram-stlouis/post-later/01-27-2023-1453452-Illinois-AG-files-Supreme-Court-appeal-for-elimin.txt HTTP/1.1" 200 569 "-" "Mozilla/5.0 (compatible; AhrefsBot/7.0; +http://ahrefs.com/robot/)" "www.metrocrimedaily.com"
69.63.184.3 - - [27/Jan/2023:20:10:02 -0800] "GET /instagram-chicago/01-27-2023-2209401-A.jpg HTTP/1.1" 200 107331 "-" "facebookexternalhit/1.1 (+http://www.facebook.com/externalhit_uatext.php)" "www.metrocrimedaily.com"
51.222.253.9 - - [27/Jan/2023:20:10:18 -0800] "GET /instagram-stlouis/post-later/01-27-2023-1453453-Three-men-arrested-in-woman---s-St.-Louis-murder-.txt HTTP/1.1" 200 466 "-" "Mozilla/5.0 (compatible; AhrefsBot/7.0; +http://ahrefs.com/robot/)" "www.metrocrimedaily.com"
51.222.253.16 - - [27/Jan/2023:20:11:54 -0800] "GET /instagram-stlouis/post-later/01-27-2023-1539521-Body-camera-video-shows-struggle-for-hammer-durin.txt HTTP/1.1" 200 1134 "-" "Mozilla/5.0 (compatible; AhrefsBot/7.0; +http://ahrefs.com/robot/)" "www.metrocrimedaily.com"
51.222.253.12 - - [27/Jan/2023:20:12:37 -0800] "GET /instagram-stlouis/post-later/01-27-2023-1539522-Video--Footage-of-Paul-Pelosi-attack-released-.txt HTTP/1.1" 200 1054 "-" "Mozilla/5.0 (compatible; AhrefsBot/7.0; +http://ahrefs.com/robot/)" "www.metrocrimedaily.com"
173.252.107.22 - - [27/Jan/2023:20:13:22 -0800] "GET /instagram-losangeles/01-27-2023-2212581-A.jpg HTTP/1.1" 200 255365 "-" "facebookexternalhit/1.1 (+http://www.facebook.com/externalhit_uatext.php)" "www.metrocrimedaily.com"
51.222.253.17 - - [27/Jan/2023:20:13:27 -0800] "GET /instagram-stlouis/post-later/01-27-2023-1539523-Backup-camera-issue-leads-to-recall-for-nearly-38.txt HTTP/1.1" 200 1049 "-" "Mozilla/5.0 (compatible; AhrefsBot/7.0; +http://ahrefs.com/robot/)" "www.metrocrimedaily.com"
51.222.253.2 - - [27/Jan/2023:20:14:24 -0800] "GET /instagram-stlouis/post-later/01-27-2023-1707461-Video-shows-struggle-for-hammer-during-Pelosi-att.txt HTTP/1.1" 200 1150 "-" "Mozilla/5.0 (compatible; AhrefsBot/7.0; +http://ahrefs.com/robot/)" "www.metrocrimedaily.com"
51.222.253.3 - - [27/Jan/2023:20:15:05 -0800] "GET /instagram-stlouis/post-later/01-27-2023-1707462-Medicaid-to-start-covering-some-prison-health-car.txt HTTP/1.1" 200 1074 "-" "Mozilla/5.0 (compatible; AhrefsBot/7.0; +http://ahrefs.com/robot/)" "www.metrocrimedaily.com"
51.222.253.8 - - [27/Jan/2023:20:15:56 -0800] "GET /instagram-stlouis/post-later/01-27-2023-1805191-KIA-Soul-stolen-from-St.-Louis-children-s-crisis-.txt HTTP/1.1" 200 734 "-" "Mozilla/5.0 (compatible; AhrefsBot/7.0; +http://ahrefs.com/robot/)" "www.metrocrimedaily.com"
51.222.253.20 - - [27/Jan/2023:20:16:56 -0800] "GET /instagram-stlouis/post-later/01-27-2023-1805192-Haiti-police-block-streets--force-entry-to-airpor.txt HTTP/1.1" 200 187 "-" "Mozilla/5.0 (compatible; AhrefsBot/7.0; +http://ahrefs.com/robot/)" "www.metrocrimedaily.com"
51.222.253.18 - - [27/Jan/2023:20:17:36 -0800] "GET /instagram-stlouis/post-later/01-27-2023-1805193-St.-Louis-County-police-looking-for-man-accused-o.txt HTTP/1.1" 200 507 "-" "Mozilla/5.0 (compatible; AhrefsBot/7.0; +http://ahrefs.com/robot/)" "www.metrocrimedaily.com"
51.222.253.8 - - [27/Jan/2023:20:18:16 -0800] "GET /instagram-stlouis/post-later/01-27-2023-1805194-Newly-released-video-shows-struggle-for-hammer-du.txt HTTP/1.1" 200 1166 "-" "Mozilla/5.0 (compatible; AhrefsBot/7.0; +http://ahrefs.com/robot/)" "www.metrocrimedaily.com"
51.222.253.18 - - [27/Jan/2023:20:19:05 -0800] "GET /instagram-stlouis/post-later/01-27-2023-1805195-Jan.-6-rioter-gets-more-than-6-years-in-prison-fo.txt HTTP/1.1" 200 966 "-" "Mozilla/5.0 (compatible; AhrefsBot/7.0; +http://ahrefs.com/robot/)" "www.metrocrimedaily.com"
51.222.253.13 - - [27/Jan/2023:20:19:44 -0800] "GET /instagram-stlouis/post-later/01-27-2023-1805196-Man-stole-computers--other-valuables-in-Downtown-.txt HTTP/1.1" 200 938 "-" "Mozilla/5.0 (compatible; AhrefsBot/7.0; +http://ahrefs.com/robot/)" "www.metrocrimedaily.com"
5.101.156.210 - - [27/Jan/2023:20:20:12 -0800] "GET /wp-login.php HTTP/1.1" 404 88 "" "Mozilla/5.0 (Windows NT 10.0; Win64; x64; rv:108.0) Gecko/20100101 Firefox/108.0" "metrocrimedaily.com"
51.222.253.9 - - [27/Jan/2023:20:20:31 -0800] "GET /instagram-stlouis/post-later/01-27-2023-1805197-Mother-gets-$10-million-after-son-fatally-shot-ou.txt HTTP/1.1" 200 772 "-" "Mozilla/5.0 (compatible; AhrefsBot/7.0; +http://ahrefs.com/robot/)" "www.metrocrimedaily.com"
173.252.107.19 - - [27/Jan/2023:20:21:02 -0800] "GET /instagram-neworleans/01-27-2023-2220391-A.jpg HTTP/1.1" 200 209896 "-" "facebookexternalhit/1.1 (+http://www.facebook.com/externalhit_uatext.php)" "www.metrocrimedaily.com"
51.222.253.10 - - [27/Jan/2023:20:21:22 -0800] "GET /instagram-stlouis/post-later/01-27-2023-1853141-Woman-struck-by-gun--robbed-in-Central-West-End-.txt HTTP/1.1" 200 935 "-" "Mozilla/5.0 (compatible; AhrefsBot/7.0; +http://ahrefs.com/robot/)" "www.metrocrimedaily.com"
114.119.130.30 - - [27/Jan/2023:20:21:34 -0800] "GET /instagram-stlouis/post-later/01-25-2023-1649523-St.-Louis-police-respond-to-crash-involving-2-car.txt HTTP/1.1" 404 88 "https://metrocrimedaily.com/instagram-stlouis/post-later/" "Mozilla/5.0 (Linux; Android 7.0;) AppleWebKit/537.36 (KHTML, like Gecko) Mobile Safari/537.36 (compatible; PetalBot;+https://webmaster.petalsearch.com/site/petalbot)" "metrocrimedaily.com"
51.222.253.16 - - [27/Jan/2023:20:22:00 -0800] "GET /instagram-stlouis/post-later/01-27-2023-1853142-Jury-awards-St.-Louis-mother-$10M-in-2010-shootin.txt HTTP/1.1" 200 775 "-" "Mozilla/5.0 (compatible; AhrefsBot/7.0; +http://ahrefs.com/robot/)" "www.metrocrimedaily.com"
51.222.253.17 - - [27/Jan/2023:20:22:49 -0800] "GET /instagram-dallas/01-27-2023-1932165-Sam-Bankman-Fried-Tried-to-Influence-Witness-Thro.txt HTTP/1.1" 200 1006 "-" "Mozilla/5.0 (compatible; AhrefsBot/7.0; +http://ahrefs.com/robot/)" "www.metrocrimedaily.com"
66.249.70.120 - - [27/Jan/2023:20:23:33 -0800] "GET /robots.txt HTTP/1.1" 404 88 "-" "Mozilla/5.0 (compatible; Googlebot/2.1; +http://www.google.com/bot.html)" "www.metrocrimedaily.com"
51.222.253.11 - - [27/Jan/2023:20:23:39 -0800] "GET /instagram-atlanta/post-later/01-17-2023-2055587-43-year-old-Clayton-County-man-arrested-for-sexua.txt HTTP/1.1" 404 88 "-" "Mozilla/5.0 (compatible; AhrefsBot/7.0; +http://ahrefs.com/robot/)" "metrocrimedaily.com"
51.222.253.9 - - [27/Jan/2023:20:24:18 -0800] "GET /instagram-atlanta/post-later/01-18-2023-0601341-Funeral-today-for-5-year-old-Georgia-boy-killed-i.txt HTTP/1.1" 404 88 "-" "Mozilla/5.0 (compatible; AhrefsBot/7.0; +http://ahrefs.com/robot/)" "metrocrimedaily.com"
51.222.253.15 - - [27/Jan/2023:20:25:14 -0800] "GET /instagram-atlanta/post-later/01-18-2023-0644192-Funeral-to-be-held-for-boy-killed-during-Butts-Co.txt HTTP/1.1" 404 88 "-" "Mozilla/5.0 (compatible; AhrefsBot/7.0; +http://ahrefs.com/robot/)" "metrocrimedaily.com"
51.222.253.20 - - [27/Jan/2023:20:26:04 -0800] "GET /instagram-atlanta/post-later/01-18-2023-0725462-Husband-of-missing-Massachusetts-woman-charged-wi.txt HTTP/1.1" 404 88 "-" "Mozilla/5.0 (compatible; AhrefsBot/7.0; +http://ahrefs.com/robot/)" "metrocrimedaily.com"
51.222.253.19 - - [27/Jan/2023:20:26:44 -0800] "GET /instagram-atlanta/post-later/01-18-2023-0806381-Man-found-shot-in-car-at-South-Fulton-condominium.txt HTTP/1.1" 404 88 "-" "Mozilla/5.0 (compatible; AhrefsBot/7.0; +http://ahrefs.com/robot/)" "metrocrimedaily.com"
51.222.253.9 - - [27/Jan/2023:20:27:47 -0800] "GET /instagram-atlanta/post-later/01-18-2023-0806382-Hostage-situation-at-Atlanta-apartment-complex-en.txt HTTP/1.1" 404 88 "-" "Mozilla/5.0 (compatible; AhrefsBot/7.0; +http://ahrefs.com/robot/)" "metrocrimedaily.com"
51.222.253.17 - - [27/Jan/2023:20:28:30 -0800] "GET /instagram-atlanta/post-later/01-18-2023-0917321-Brian-Walshe--charged-with-murder-of-wife-Ana-Wal.txt HTTP/1.1" 404 88 "-" "Mozilla/5.0 (compatible; AhrefsBot/7.0; +http://ahrefs.com/robot/)" "metrocrimedaily.com"
173.252.107.118 - - [27/Jan/2023:20:28:58 -0800] "GET /instagram-losangeles/01-27-2023-2212582-A.jpg HTTP/1.1" 200 261192 "-" "facebookexternalhit/1.1 (+http://www.facebook.com/externalhit_uatext.php)" "www.metrocrimedaily.com"
51.222.253.18 - - [27/Jan/2023:20:29:15 -0800] "GET /instagram-atlanta/post-later/01-18-2023-1004251----I-still-can---t-believe-it-happened-----Parent.txt HTTP/1.1" 404 88 "-" "Mozilla/5.0 (compatible; AhrefsBot/7.0; +http://ahrefs.com/robot/)" "metrocrimedaily.com"
51.222.253.8 - - [27/Jan/2023:20:30:11 -0800] "GET /instagram-atlanta/post-later/01-18-2023-1004252-Georgia-trooper-shot-near-Atlanta-police-training.txt HTTP/1.1" 404 88 "-" "Mozilla/5.0 (compatible; AhrefsBot/7.0; +http://ahrefs.com/robot/)" "metrocrimedaily.com"
51.222.253.12 - - [27/Jan/2023:20:31:00 -0800] "GET /instagram-atlanta/post-later/01-18-2023-1049511-The-US-is-expected-to-reach-its-debt-limit-tomorr.txt HTTP/1.1" 404 88 "-" "Mozilla/5.0 (compatible; AhrefsBot/7.0; +http://ahrefs.com/robot/)" "metrocrimedaily.com"
51.222.253.8 - - [27/Jan/2023:20:31:39 -0800] "GET /instagram-atlanta/post-later/01-18-2023-1049512-Family-demands-charges-brought-against-officer-wh.txt HTTP/1.1" 404 88 "-" "Mozilla/5.0 (compatible; AhrefsBot/7.0; +http://ahrefs.com/robot/)" "metrocrimedaily.com"
69.63.184.9 - - [27/Jan/2023:20:31:41 -0800] "GET /instagram-detroit/01-27-2023-2230461-A.jpg HTTP/1.1" 200 79157 "-" "facebookexternalhit/1.1 (+http://www.facebook.com/externalhit_uatext.php)" "www.metrocrimedaily.com"
51.222.253.17 - - [27/Jan/2023:20:32:33 -0800] "GET /instagram-atlanta/post-later/01-18-2023-1129061-Gainesville-man-charged-with-wife---s-murder--Hal.txt HTTP/1.1" 404 88 "-" "Mozilla/5.0 (compatible; AhrefsBot/7.0; +http://ahrefs.com/robot/)" "metrocrimedaily.com"
114.119.154.203 - - [27/Jan/2023:20:32:50 -0800] "GET /instagram-stlouis/post-later/01-25-2023-1403272-It---s-tax-season.-Here-are-some-tips-for-avoidin.txt HTTP/1.1" 404 88 "https://metrocrimedaily.com/instagram-stlouis/post-later/" "Mozilla/5.0 (Linux; Android 7.0;) AppleWebKit/537.36 (KHTML, like Gecko) Mobile Safari/537.36 (compatible; PetalBot;+https://webmaster.petalsearch.com/site/petalbot)" "metrocrimedaily.com"
51.222.253.20 - - [27/Jan/2023:20:33:20 -0800] "GET /instagram-atlanta/post-later/01-18-2023-2256161-Devin-Willock-s-family--attorneys-to-discuss-dead.txt HTTP/1.1" 404 88 "-" "Mozilla/5.0 (compatible; AhrefsBot/7.0; +http://ahrefs.com/robot/)" "metrocrimedaily.com"
173.252.107.23 - - [27/Jan/2023:20:33:22 -0800] "GET /instagram-memphis/01-27-2023-2232591-A.jpg HTTP/1.1" 200 114134 "-" "facebookexternalhit/1.1 (+http://www.facebook.com/externalhit_uatext.php)" "www.metrocrimedaily.com"
51.222.253.17 - - [27/Jan/2023:20:34:18 -0800] "GET /instagram-atlanta/post-later/01-18-2023-2256162-Issue-with-Zelle-impacting-some-Bank-of-America-u.txt HTTP/1.1" 404 88 "-" "Mozilla/5.0 (compatible; AhrefsBot/7.0; +http://ahrefs.com/robot/)" "metrocrimedaily.com"
51.222.253.1 - - [27/Jan/2023:20:34:59 -0800] "GET /instagram-atlanta/post-later/01-18-2023-2256163-Jasper-County-lineman-third-Georgia-fatality-from.txt HTTP/1.1" 404 88 "-" "Mozilla/5.0 (compatible; AhrefsBot/7.0; +http://ahrefs.com/robot/)" "metrocrimedaily.com"
51.222.253.16 - - [27/Jan/2023:20:35:42 -0800] "GET /instagram-atlanta/post-later/01-18-2023-2256164-Trooper-in-ICU-after-shooting-at-Atlanta-Police-T.txt HTTP/1.1" 404 88 "-" "Mozilla/5.0 (compatible; AhrefsBot/7.0; +http://ahrefs.com/robot/)" "metrocrimedaily.com"
51.222.253.9 - - [27/Jan/2023:20:36:32 -0800] "GET /instagram-atlanta/post-later/01-18-2023-2256167-Bloody-clues--Cops-reveal-what-was-found-in-Idaho.txt HTTP/1.1" 404 88 "-" "Mozilla/5.0 (compatible; AhrefsBot/7.0; +http://ahrefs.com/robot/)" "metrocrimedaily.com"
51.222.253.20 - - [27/Jan/2023:20:37:24 -0800] "GET /instagram-atlanta/post-later/01-18-2023-2256168-Apparent-drawing-of-gun--threatening-message-foun.txt HTTP/1.1" 404 88 "-" "Mozilla/5.0 (compatible; AhrefsBot/7.0; +http://ahrefs.com/robot/)" "metrocrimedaily.com"
51.222.253.16 - - [27/Jan/2023:20:38:21 -0800] "GET /instagram-atlanta/post-later/01-18-2023-2256169-One-arrested--two-at-large-after-car-break-ins-on.txt HTTP/1.1" 404 88 "-" "Mozilla/5.0 (compatible; AhrefsBot/7.0; +http://ahrefs.com/robot/)" "metrocrimedaily.com"
51.222.253.17 - - [27/Jan/2023:20:39:13 -0800] "GET /instagram-atlanta/post-later/01-18-2023-2353061--This-is-not-over----Activists-against--Cop-City-.txt HTTP/1.1" 404 88 "-" "Mozilla/5.0 (compatible; AhrefsBot/7.0; +http://ahrefs.com/robot/)" "metrocrimedaily.com"
51.222.253.6 - - [27/Jan/2023:20:39:48 -0800] "GET /instagram-atlanta/post-later/01-18-2023-2353062-Husband-of-missing-woman-looked-up-ways-to-dispos.txt HTTP/1.1" 404 88 "-" "Mozilla/5.0 (compatible; AhrefsBot/7.0; +http://ahrefs.com/robot/)" "metrocrimedaily.com"
51.222.253.13 - - [27/Jan/2023:20:40:44 -0800] "GET /instagram-atlanta/post-later/01-18-2023-2353064-Mother--1-year-old-son-killed-in-Alaska-polar-bea.txt HTTP/1.1" 404 88 "-" "Mozilla/5.0 (compatible; AhrefsBot/7.0; +http://ahrefs.com/robot/)" "metrocrimedaily.com"
51.222.253.16 - - [27/Jan/2023:20:41:37 -0800] "GET /instagram-atlanta/post-later/01-19-2023-0111041-Protestor-killed--trooper-hospitalized-in-shootin.txt HTTP/1.1" 404 88 "-" "Mozilla/5.0 (compatible; AhrefsBot/7.0; +http://ahrefs.com/robot/)" "metrocrimedaily.com"
51.222.253.9 - - [27/Jan/2023:20:42:31 -0800] "GET /instagram-atlanta/post-later/01-19-2023-0331541-Gwinnett-County-19-year-old-accused-of-killing-ma.txt HTTP/1.1" 404 88 "-" "Mozilla/5.0 (compatible; AhrefsBot/7.0; +http://ahrefs.com/robot/)" "metrocrimedaily.com"
114.119.138.111 - - [27/Jan/2023:20:42:33 -0800] "GET /instagram-stlouis/post-later/01-25-2023-1112212-Virginia-teacher-shot-by-6-year-old-student-to-su.txt HTTP/1.1" 404 88 "https://metrocrimedaily.com/instagram-stlouis/post-later/" "Mozilla/5.0 (Linux; Android 7.0;) AppleWebKit/537.36 (KHTML, like Gecko) Mobile Safari/537.36 (compatible; PetalBot;+https://webmaster.petalsearch.com/site/petalbot)" "metrocrimedaily.com"
51.222.253.13 - - [27/Jan/2023:20:43:13 -0800] "GET /instagram-atlanta/post-later/01-19-2023-0407081-Mom-of-rapper-charged-in-YSL-case-arrested-trying.txt HTTP/1.1" 404 88 "-" "Mozilla/5.0 (compatible; AhrefsBot/7.0; +http://ahrefs.com/robot/)" "metrocrimedaily.com"
51.222.253.17 - - [27/Jan/2023:20:43:57 -0800] "GET /instagram-atlanta/post-later/01-19-2023-0441581-1-dead--1-injured-in-overnight-shooting-in-DeKalb.txt HTTP/1.1" 404 88 "-" "Mozilla/5.0 (compatible; AhrefsBot/7.0; +http://ahrefs.com/robot/)" "metrocrimedaily.com"
51.222.253.2 - - [27/Jan/2023:20:44:36 -0800] "GET /instagram-atlanta/post-later/01-19-2023-0522171-Man-dead--teen-hospitalized-after-shooting-in-DeK.txt HTTP/1.1" 404 88 "-" "Mozilla/5.0 (compatible; AhrefsBot/7.0; +http://ahrefs.com/robot/)" "metrocrimedaily.com"
173.252.107.119 - - [27/Jan/2023:20:44:36 -0800] "GET /instagram-losangeles/01-27-2023-2212583-A.jpg HTTP/1.1" 200 71733 "-" "facebookexternalhit/1.1 (+http://www.facebook.com/externalhit_uatext.php)" "www.metrocrimedaily.com"
173.252.107.120 - - [27/Jan/2023:20:45:08 -0800] "GET /instagram-losangeles/01-27-2023-2212584-A.jpg HTTP/1.1" 200 406416 "-" "facebookexternalhit/1.1 (+http://www.facebook.com/externalhit_uatext.php)" "www.metrocrimedaily.com"
51.222.253.14 - - [27/Jan/2023:20:45:22 -0800] "GET /instagram-atlanta/post-later/01-19-2023-0522172-Man-dead--teen-hospitalized-after-shooting-in-DeK.txt HTTP/1.1" 404 88 "-" "Mozilla/5.0 (compatible; AhrefsBot/7.0; +http://ahrefs.com/robot/)" "metrocrimedaily.com"
51.222.253.10 - - [27/Jan/2023:20:46:05 -0800] "GET /instagram-atlanta/post-later/01-19-2023-0641421-Police-investigating-bomb-threat-to-Newnan-High-S.txt HTTP/1.1" 404 88 "-" "Mozilla/5.0 (compatible; AhrefsBot/7.0; +http://ahrefs.com/robot/)" "metrocrimedaily.com"
51.222.253.7 - - [27/Jan/2023:20:46:45 -0800] "GET /instagram-atlanta/post-later/01-19-2023-0720361-Newnan-High-School-adding-extra-security-after-bo.txt HTTP/1.1" 404 88 "-" "Mozilla/5.0 (compatible; AhrefsBot/7.0; +http://ahrefs.com/robot/)" "metrocrimedaily.com"
51.222.253.18 - - [27/Jan/2023:20:47:36 -0800] "GET /instagram-atlanta/post-later/01-19-2023-0832021-Georgia-college-leaders-warn-falling-enrollment-c.txt HTTP/1.1" 404 88 "-" "Mozilla/5.0 (compatible; AhrefsBot/7.0; +http://ahrefs.com/robot/)" "metrocrimedaily.com"
69.63.184.118 - - [27/Jan/2023:20:48:25 -0800] "GET /instagram-chicago/01-27-2023-2240431-A.jpg HTTP/1.1" 200 400225 "-" "facebookexternalhit/1.1 (+http://www.facebook.com/externalhit_uatext.php)" "www.metrocrimedaily.com"
51.222.253.1 - - [27/Jan/2023:20:48:31 -0800] "GET /instagram-atlanta/post-later/01-19-2023-0919201-Missing-California-hiker-identified-as-film-actor.txt HTTP/1.1" 404 88 "-" "Mozilla/5.0 (compatible; AhrefsBot/7.0; +http://ahrefs.com/robot/)" "metrocrimedaily.com"
173.252.107.15 - - [27/Jan/2023:20:48:54 -0800] "GET /instagram-memphis/01-27-2023-2232592-A.jpg HTTP/1.1" 200 90903 "-" "facebookexternalhit/1.1 (+http://www.facebook.com/externalhit_uatext.php)" "www.metrocrimedaily.com"
51.222.253.12 - - [27/Jan/2023:20:49:12 -0800] "GET /instagram-atlanta/post-later/01-19-2023-0919202-Six-people-arrested-in-metro-Atlanta-for-domestic.txt HTTP/1.1" 404 88 "-" "Mozilla/5.0 (compatible; AhrefsBot/7.0; +http://ahrefs.com/robot/)" "metrocrimedaily.com"
51.222.253.5 - - [27/Jan/2023:20:49:57 -0800] "GET /instagram-atlanta/post-later/01-19-2023-0919204-Body-found-in-Clayton-County-ID-d-as-missing-man-.txt HTTP/1.1" 404 88 "-" "Mozilla/5.0 (compatible; AhrefsBot/7.0; +http://ahrefs.com/robot/)" "metrocrimedaily.com"
51.222.253.15 - - [27/Jan/2023:20:50:41 -0800] "GET /instagram-atlanta/post-later/01-19-2023-1004292-Prosecutors-to-announce-if-they-will-charge-Alec-.txt HTTP/1.1" 404 88 "-" "Mozilla/5.0 (compatible; AhrefsBot/7.0; +http://ahrefs.com/robot/)" "metrocrimedaily.com"
51.222.253.5 - - [27/Jan/2023:20:51:20 -0800] "GET /instagram-atlanta/post-later/01-19-2023-1113432-Alec-Baldwin-to-be-charged-with-manslaughter-in-s.txt HTTP/1.1" 404 88 "-" "Mozilla/5.0 (compatible; AhrefsBot/7.0; +http://ahrefs.com/robot/)" "metrocrimedaily.com"
173.252.107.11 - - [27/Jan/2023:20:52:27 -0800] "GET /instagram-miami/01-27-2023-2252061-A.jpg HTTP/1.1" 200 121197 "-" "facebookexternalhit/1.1 (+http://www.facebook.com/externalhit_uatext.php)" "www.metrocrimedaily.com"
51.222.253.13 - - [27/Jan/2023:20:52:41 -0800] "GET /instagram-atlanta/post-later/01-19-2023-1113433--Rust--shooting--Alec-Baldwin-charged-with-involu.txt HTTP/1.1" 404 88 "-" "Mozilla/5.0 (compatible; AhrefsBot/7.0; +http://ahrefs.com/robot/)" "metrocrimedaily.com"
51.222.253.1 - - [27/Jan/2023:20:53:24 -0800] "GET /instagram-atlanta/post-later/01-19-2023-1209361-GSP-trooper-still-recovering-after-being-shot-nea.txt HTTP/1.1" 404 88 "-" "Mozilla/5.0 (compatible; AhrefsBot/7.0; +http://ahrefs.com/robot/)" "metrocrimedaily.com"
51.222.253.18 - - [27/Jan/2023:20:54:21 -0800] "GET /instagram-atlanta/post-later/01-19-2023-1209363-Vigil-held-for-protester-shot--killed-at-proposed.txt HTTP/1.1" 404 88 "-" "Mozilla/5.0 (compatible; AhrefsBot/7.0; +http://ahrefs.com/robot/)" "metrocrimedaily.com"
51.222.253.14 - - [27/Jan/2023:20:55:10 -0800] "GET /instagram-atlanta/post-later/01-19-2023-1209365-Coweta-County-woman-accused-of-shooting-husband--.txt HTTP/1.1" 404 88 "-" "Mozilla/5.0 (compatible; AhrefsBot/7.0; +http://ahrefs.com/robot/)" "metrocrimedaily.com"
114.119.138.127 - - [27/Jan/2023:20:55:18 -0800] "GET /instagram-stlouis/post-later/01-24-2023-0626231-Major-insurance-companies-halt-new-policies-for-K.txt HTTP/1.1" 404 88 "https://metrocrimedaily.com/instagram-stlouis/post-later/" "Mozilla/5.0 (Linux; Android 7.0;) AppleWebKit/537.36 (KHTML, like Gecko) Mobile Safari/537.36 (compatible; PetalBot;+https://webmaster.petalsearch.com/site/petalbot)" "metrocrimedaily.com"
69.63.184.119 - - [27/Jan/2023:20:55:39 -0800] "GET /instagram-atlanta/01-27-2023-2255191-A.jpg HTTP/1.1" 200 220617 "-" "facebookexternalhit/1.1 (+http://www.facebook.com/externalhit_uatext.php)" "www.metrocrimedaily.com"
51.222.253.12 - - [27/Jan/2023:20:56:14 -0800] "GET /instagram-atlanta/post-later/01-19-2023-1209367----I-forgive-him-----Georgia-pastor-reacts-after-.txt HTTP/1.1" 404 88 "-" "Mozilla/5.0 (compatible; AhrefsBot/7.0; +http://ahrefs.com/robot/)" "metrocrimedaily.com"
51.222.253.13 - - [27/Jan/2023:20:57:07 -0800] "GET /instagram-stlouis/post-later/?C=M;O=D HTTP/1.1" 200 1487 "-" "Mozilla/5.0 (compatible; AhrefsBot/7.0; +http://ahrefs.com/robot/)" "www.metrocrimedaily.com"
51.222.253.3 - - [27/Jan/2023:20:58:07 -0800] "GET /instagram-stlouis/01-23-2023-2233281-Interactive--Find-out-more-about-mass-killings-in.txt HTTP/1.1" 404 88 "-" "Mozilla/5.0 (compatible; AhrefsBot/7.0; +http://ahrefs.com/robot/)" "www.metrocrimedaily.com"
51.222.253.20 - - [27/Jan/2023:20:58:56 -0800] "GET /CRIME-WATCH-AMERICA/CRIME-WATCH-ATLANTA/?C=M;O=D HTTP/1.1" 200 1362 "-" "Mozilla/5.0 (compatible; AhrefsBot/7.0; +http://ahrefs.com/robot/)" "www.metrocrimedaily.com"
51.222.253.9 - - [27/Jan/2023:20:59:36 -0800] "GET /instagram-losangeles/01-23-2023-2322462-Survivors-of-Monterey-Park-Shooting-Return-to-Sce.txt HTTP/1.1" 404 88 "-" "Mozilla/5.0 (compatible; AhrefsBot/7.0; +http://ahrefs.com/robot/)" "www.metrocrimedaily.com"
51.222.253.3 - - [27/Jan/2023:21:00:36 -0800] "GET /instagram-detroit/post-later/01-24-2023-1328244-Seven-people-killed-in-Half-Moon-Bay-shootings%3B-s.txt HTTP/1.1" 404 88 "-" "Mozilla/5.0 (compatible; AhrefsBot/7.0; +http://ahrefs.com/robot/)" "www.metrocrimedaily.com"
51.222.253.6 - - [27/Jan/2023:21:01:29 -0800] "GET /CRIME-WATCH-AMERICA/GOOD_BARBER_APP-MAKER/find-and-post-chicago-stories-RevA.bat HTTP/1.1" 200 16525 "-" "Mozilla/5.0 (compatible; AhrefsBot/7.0; +http://ahrefs.com/robot/)" "www.metrocrimedaily.com"
173.252.107.116 - - [27/Jan/2023:21:02:16 -0800] "GET /instagram-houston/01-27-2023-2301531-A.jpg HTTP/1.1" 200 87201 "-" "facebookexternalhit/1.1 (+http://www.facebook.com/externalhit_uatext.php)" "www.metrocrimedaily.com"
51.222.253.13 - - [27/Jan/2023:21:02:24 -0800] "GET /instagram-houston/01-24-2023-2218291-Newport-News-man-spent-decades-trying-to-clear-hi.txt HTTP/1.1" 404 88 "-" "Mozilla/5.0 (compatible; AhrefsBot/7.0; +http://ahrefs.com/robot/)" "www.metrocrimedaily.com"
51.222.253.7 - - [27/Jan/2023:21:03:04 -0800] "GET /instagram-houston/01-24-2023-2218292-Bail-set-at-$100K-for-man-accused-of-robbing-Nape.txt HTTP/1.1" 404 88 "-" "Mozilla/5.0 (compatible; AhrefsBot/7.0; +http://ahrefs.com/robot/)" "www.metrocrimedaily.com"
51.222.253.3 - - [27/Jan/2023:21:04:10 -0800] "GET /instagram-houston/01-24-2023-2332121-Woman-accused-of-kidnapping--killing-Austin-mothe.txt HTTP/1.1" 404 88 "-" "Mozilla/5.0 (compatible; AhrefsBot/7.0; +http://ahrefs.com/robot/)" "www.metrocrimedaily.com"
114.119.130.61 - - [27/Jan/2023:21:04:43 -0800] "GET /instagram-stlouis/01-27-2023-0046292-Man-convicted-in-ice-rink-parking-lot-shooting-al.txt HTTP/1.1" 404 88 "https://metrocrimedaily.com/instagram-stlouis/?C=M%3BO%3DA" "Mozilla/5.0 (Linux; Android 7.0;) AppleWebKit/537.36 (KHTML, like Gecko) Mobile Safari/537.36 (compatible; PetalBot;+https://webmaster.petalsearch.com/site/petalbot)" "metrocrimedaily.com"
51.222.253.7 - - [27/Jan/2023:21:05:06 -0800] "GET /instagram-houston/post-later/01-26-2023-0916367-Russian-attacks-on-Ukraine-reported%3B-tank-trainin.txt HTTP/1.1" 404 88 "-" "Mozilla/5.0 (compatible; AhrefsBot/7.0; +http://ahrefs.com/robot/)" "metrocrimedaily.com"
51.222.253.8 - - [27/Jan/2023:21:05:56 -0800] "GET /instagram-neworleans/?C=D;O=D HTTP/1.1" 200 1508 "-" "Mozilla/5.0 (compatible; AhrefsBot/7.0; +http://ahrefs.com/robot/)" "www.metrocrimedaily.com"
51.222.253.8 - - [27/Jan/2023:21:06:41 -0800] "GET /instagram-neworleans/?C=M;O=D HTTP/1.1" 200 1518 "-" "Mozilla/5.0 (compatible; AhrefsBot/7.0; +http://ahrefs.com/robot/)" "www.metrocrimedaily.com"
51.222.253.7 - - [27/Jan/2023:21:07:49 -0800] "GET /instagram-neworleans/?C=S;O=D HTTP/1.1" 200 1508 "-" "Mozilla/5.0 (compatible; AhrefsBot/7.0; +http://ahrefs.com/robot/)" "www.metrocrimedaily.com"
173.252.107.117 - - [27/Jan/2023:21:08:02 -0800] "GET /instagram-miami/01-27-2023-2252062-A.jpg HTTP/1.1" 200 165002 "-" "facebookexternalhit/1.1 (+http://www.facebook.com/externalhit_uatext.php)" "www.metrocrimedaily.com"
69.63.184.6 - - [27/Jan/2023:21:08:16 -0800] "GET /instagram-dallas/01-27-2023-2307551-A.jpg HTTP/1.1" 200 211338 "-" "facebookexternalhit/1.1 (+http://www.facebook.com/externalhit_uatext.php)" "www.metrocrimedaily.com"
51.222.253.20 - - [27/Jan/2023:21:08:50 -0800] "GET /instagram-chicago/01-23-2023-2237414-Official--7-killed-in-California-community%3B-suspe.txt HTTP/1.1" 404 88 "-" "Mozilla/5.0 (compatible; AhrefsBot/7.0; +http://ahrefs.com/robot/)" "metrocrimedaily.com"
147.78.47.24 - - [27/Jan/2023:21:09:01 -0800] "GET /wp-load.php HTTP/1.1" 404 88 "www.bing.com" "wp_is_mobile" "www.metrocrimedaily.com"
147.78.47.24 - - [27/Jan/2023:21:09:03 -0800] "GET /style.php HTTP/1.1" 404 88 "www.bing.com" "wp_is_mobile" "www.metrocrimedaily.com"
147.78.47.24 - - [27/Jan/2023:21:09:05 -0800] "GET /wp-admin/style.php HTTP/1.1" 404 88 "www.bing.com" "wp_is_mobile" "www.metrocrimedaily.com"
147.78.47.24 - - [27/Jan/2023:21:09:10 -0800] "GET /s_e.php HTTP/1.1" 404 88 "www.bing.com" "wp_is_mobile" "www.metrocrimedaily.com"
147.78.47.24 - - [27/Jan/2023:21:09:12 -0800] "GET /s_ne.php HTTP/1.1" 404 88 "www.bing.com" "wp_is_mobile" "www.metrocrimedaily.com"
147.78.47.24 - - [27/Jan/2023:21:09:15 -0800] "GET /1index.php HTTP/1.1" 404 88 "www.bing.com" "Mozilla/5.0 (Windows NT 10.0; Win64; x64) AppleWebKit/537.36 (KHTML, like Gecko) Chrome/90.0.4430.85 Safari/537.36" "www.metrocrimedaily.com"
147.78.47.24 - - [27/Jan/2023:21:09:18 -0800] "GET /3index.php?f=/NmRtJOUjAdutReQj/scRjKUhleBpzmTyO.txt HTTP/1.1" 404 88 "www.bing.com" "Mozilla/5.0 (Windows NT 10.0; Win64; x64) AppleWebKit/537.36 (KHTML, like Gecko) Chrome/90.0.4430.85 Safari/537.36" "www.metrocrimedaily.com"
147.78.47.24 - - [27/Jan/2023:21:09:21 -0800] "GET /wikindex.php?f=/NmRtJOUjAdutReQj/scRjKUhleBpzmTyO.txt HTTP/1.1" 404 88 "www.bing.com" "Mozilla/5.0 (Windows NT 10.0; Win64; x64) AppleWebKit/537.36 (KHTML, like Gecko) Chrome/90.0.4430.85 Safari/537.36" "www.metrocrimedaily.com"
51.222.253.9 - - [27/Jan/2023:21:09:35 -0800] "GET /instagram-houston/01-26-2023-1500142-How-Alex-Murdaugh-came-to-face-trial-for-murder-o.txt HTTP/1.1" 404 88 "-" "Mozilla/5.0 (compatible; AhrefsBot/7.0; +http://ahrefs.com/robot/)" "metrocrimedaily.com"
147.78.47.24 - - [27/Jan/2023:21:10:09 -0800] "GET /wp-content/mu-plugins-old/index.php?f=/NmRtJOUjAdutReQj/scRjKUhleBpzmTyO.txt HTTP/1.1" 404 88 "www.bing.com" "Mozilla/5.0 (Windows NT 10.0; Win64; x64) AppleWebKit/537.36 (KHTML, like Gecko) Chrome/90.0.4430.85 Safari/537.36" "www.metrocrimedaily.com"
147.78.47.24 - - [27/Jan/2023:21:10:12 -0800] "GET /radio.php HTTP/1.1" 404 88 "www.bing.com" "wp_is_mobile" "www.metrocrimedaily.com"
147.78.47.24 - - [27/Jan/2023:21:10:15 -0800] "GET /lock360.php?daksldlkdsadas=1 HTTP/1.1" 404 88 "www.bing.com" "wp_is_mobile" "www.metrocrimedaily.com"
147.78.47.24 - - [27/Jan/2023:21:10:17 -0800] "GET /wp-load.php?daksldlkdsadas=1 HTTP/1.1" 404 88 "www.bing.com" "wp_is_mobile" "www.metrocrimedaily.com"
51.222.253.9 - - [27/Jan/2023:21:10:19 -0800] "GET /instagram-houston/01-26-2023-1626312-Montgomery-County-deputies-searching-for-more-pos.txt HTTP/1.1" 404 88 "-" "Mozilla/5.0 (compatible; AhrefsBot/7.0; +http://ahrefs.com/robot/)" "metrocrimedaily.com"
147.78.47.24 - - [27/Jan/2023:21:10:20 -0800] "GET /old-index.php?daksldlkdsadas=1 HTTP/1.1" 404 88 "www.bing.com" "wp_is_mobile" "www.metrocrimedaily.com"
147.78.47.24 - - [27/Jan/2023:21:10:22 -0800] "GET /xmrlpc.php?daksldlkdsadas=1 HTTP/1.1" 404 88 "www.bing.com" "wp_is_mobile" "www.metrocrimedaily.com"
147.78.47.24 - - [27/Jan/2023:21:10:25 -0800] "GET /xmlrpcs.php?daksldlkdsadas=1 HTTP/1.1" 404 88 "www.bing.com" "wp_is_mobile" "www.metrocrimedaily.com"
147.78.47.24 - - [27/Jan/2023:21:10:27 -0800] "GET /wp-admin.php?daksldlkdsadas=1 HTTP/1.1" 404 88 "www.bing.com" "wp_is_mobile" "www.metrocrimedaily.com"
147.78.47.24 - - [27/Jan/2023:21:10:30 -0800] "GET /qindex.php?daksldlkdsadas=1 HTTP/1.1" 404 88 "www.bing.com" "wp_is_mobile" "www.metrocrimedaily.com"
147.78.47.24 - - [27/Jan/2023:21:10:32 -0800] "GET /doc.php HTTP/1.1" 404 88 "www.bing.com" "wp_is_mobile" "www.metrocrimedaily.com"
147.78.47.24 - - [27/Jan/2023:21:10:36 -0800] "GET /wp_wrong_datlib.php HTTP/1.1" 404 88 "www.bing.com" "Mozilla/5.0 (Windows NT 10.0; Win64; x64) AppleWebKit/537.36 (KHTML, like Gecko) Chrome/90.0.4430.85 Safari/537.36" "www.metrocrimedaily.com"
147.78.47.24 - - [27/Jan/2023:21:10:39 -0800] "GET /beence.php HTTP/1.1" 404 88 "www.bing.com" "Mozilla/5.0 (Windows NT 10.0; Win64; x64) AppleWebKit/537.36 (KHTML, like Gecko) Chrome/90.0.4430.85 Safari/537.36" "www.metrocrimedaily.com"
147.78.47.24 - - [27/Jan/2023:21:10:41 -0800] "GET /ups.php HTTP/1.1" 404 88 "www.bing.com" "wp_is_mobile" "www.metrocrimedaily.com"
147.78.47.24 - - [27/Jan/2023:21:10:44 -0800] "GET /wp-signin.php?dizo&ping HTTP/1.1" 404 88 "www.bing.com" "wp_is_mobile" "www.metrocrimedaily.com"
147.78.47.24 - - [27/Jan/2023:21:10:46 -0800] "GET /media-admin.php HTTP/1.1" 404 88 "www.bing.com" "wp_is_mobile" "www.metrocrimedaily.com"
147.78.47.24 - - [27/Jan/2023:21:10:50 -0800] "GET /export.php HTTP/1.1" 404 88 "www.bing.com" "Mozilla/5.0 (Windows NT 10.0; Win64; x64) AppleWebKit/537.36 (KHTML, like Gecko) Chrome/90.0.4430.85 Safari/537.36" "www.metrocrimedaily.com"
147.78.47.24 - - [27/Jan/2023:21:10:51 -0800] "GET /wp-content/export.php HTTP/1.1" 404 88 "www.bing.com" "Mozilla/5.0 (Windows NT 10.0; Win64; x64) AppleWebKit/537.36 (KHTML, like Gecko) Chrome/90.0.4430.85 Safari/537.36" "www.metrocrimedaily.com"
147.78.47.24 - - [27/Jan/2023:21:10:54 -0800] "GET /wp-includes/wp-class.php HTTP/1.1" 404 88 "www.bing.com" "wp_is_mobile" "www.metrocrimedaily.com"
147.78.47.24 - - [27/Jan/2023:21:10:57 -0800] "GET /wp-includes/wp-atom.php HTTP/1.1" 404 88 "www.bing.com" "Mozilla/5.0 (Windows NT 10.0; Win64; x64) AppleWebKit/537.36 (KHTML, like Gecko) Chrome/90.0.4430.85 Safari/537.36" "www.metrocrimedaily.com"
147.78.47.24 - - [27/Jan/2023:21:11:00 -0800] "GET /wp-includes/images/css.php HTTP/1.1" 404 88 "www.bing.com" "Mozilla/5.0 (Windows NT 10.0; Win64; x64) AppleWebKit/537.36 (KHTML, like Gecko) Chrome/90.0.4430.85 Safari/537.36" "www.metrocrimedaily.com"
147.78.47.24 - - [27/Jan/2023:21:11:02 -0800] "GET /wp-includes/css/css.php HTTP/1.1" 404 88 "www.bing.com" "Mozilla/5.0 (Windows NT 10.0; Win64; x64) AppleWebKit/537.36 (KHTML, like Gecko) Chrome/90.0.4430.85 Safari/537.36" "www.metrocrimedaily.com"
147.78.47.24 - - [27/Jan/2023:21:11:05 -0800] "GET /defau1t.php HTTP/1.1" 404 88 "www.bing.com" "Mozilla/5.0 (Windows NT 10.0; Win64; x64) AppleWebKit/537.36 (KHTML, like Gecko) Chrome/90.0.4430.85 Safari/537.36" "www.metrocrimedaily.com"
147.78.47.24 - - [27/Jan/2023:21:11:07 -0800] "GET /css.php HTTP/1.1" 404 88 "www.bing.com" "wp_is_mobile" "www.metrocrimedaily.com"
147.78.47.24 - - [27/Jan/2023:21:11:10 -0800] "GET /moduless.php HTTP/1.1" 404 88 "www.bing.com" "Mozilla/5.0 (Windows NT 10.0; Win64; x64) AppleWebKit/537.36 (KHTML, like Gecko) Chrome/90.0.4430.85 Safari/537.36" "www.metrocrimedaily.com"
69.63.184.6 - - [27/Jan/2023:21:11:12 -0800] "GET /instagram-atlanta/01-27-2023-2255192-A.jpg HTTP/1.1" 200 173010 "-" "facebookexternalhit/1.1 (+http://www.facebook.com/externalhit_uatext.php)" "www.metrocrimedaily.com"
147.78.47.24 - - [27/Jan/2023:21:11:13 -0800] "GET /wp-booking.php HTTP/1.1" 404 88 "www.bing.com" "wp_is_mobile" "www.metrocrimedaily.com"
147.78.47.24 - - [27/Jan/2023:21:11:16 -0800] "GET /wp-content/plugins/backup_index.php HTTP/1.1" 404 88 "www.bing.com" "wp_is_mobile" "www.metrocrimedaily.com"
147.78.47.24 - - [27/Jan/2023:21:11:18 -0800] "GET /wp-content/mu-plugins/db-safe-mode.php HTTP/1.1" 404 88 "www.bing.com" "wp_is_mobile" "www.metrocrimedaily.com"
147.78.47.24 - - [27/Jan/2023:21:11:21 -0800] "GET /wp-includes/css/wp-config.php HTTP/1.1" 404 88 "www.bing.com" "wp_is_mobile" "www.metrocrimedaily.com"
51.222.253.14 - - [27/Jan/2023:21:11:24 -0800] "GET /instagram-houston/01-26-2023-1908562-Assistance-available-for-storm--tornado-victims-i.txt HTTP/1.1" 404 88 "-" "Mozilla/5.0 (compatible; AhrefsBot/7.0; +http://ahrefs.com/robot/)" "metrocrimedaily.com"
147.78.47.24 - - [27/Jan/2023:21:11:25 -0800] "GET /config.bak.php HTTP/1.1" 404 88 "www.bing.com" "wp_is_mobile" "www.metrocrimedaily.com"
147.78.47.24 - - [27/Jan/2023:21:11:26 -0800] "GET /wp-content/themes/config.bak.php HTTP/1.1" 404 88 "www.bing.com" "wp_is_mobile" "www.metrocrimedaily.com"
147.78.47.24 - - [27/Jan/2023:21:11:28 -0800] "GET /legion.php HTTP/1.1" 404 88 "www.bing.com" "wp_is_mobile" "www.metrocrimedaily.com"
147.78.47.24 - - [27/Jan/2023:21:11:31 -0800] "GET /wp-content/plugins/wpconfig.bak.php?act=sf HTTP/1.1" 404 88 "www.bing.com" "Mozilla/5.0 (Windows NT 10.0; Win64; x64) AppleWebKit/537.36 (KHTML, like Gecko) Chrome/90.0.4430.85 Safari/537.36" "www.metrocrimedaily.com"
147.78.47.24 - - [27/Jan/2023:21:11:34 -0800] "GET /wp-plugins.php HTTP/1.1" 404 88 "www.bing.com" "wp_is_mobile" "www.metrocrimedaily.com"
147.78.47.24 - - [27/Jan/2023:21:11:36 -0800] "GET /gank.php.PhP HTTP/1.1" 404 88 "www.bing.com" "wp_is_mobile" "www.metrocrimedaily.com"
147.78.47.24 - - [27/Jan/2023:21:11:39 -0800] "GET /wp-content/db-cache.php HTTP/1.1" 404 88 "www.bing.com" "wp_is_mobile" "www.metrocrimedaily.com"
69.63.184.6 - - [27/Jan/2023:21:11:40 -0800] "GET /instagram-atlanta/01-27-2023-2255193-A.jpg HTTP/1.1" 200 115444 "-" "facebookexternalhit/1.1 (+http://www.facebook.com/externalhit_uatext.php)" "www.metrocrimedaily.com"
