69.63.184.118 - - [25/Jan/2023:16:03:32 -0800] "GET /instagram-houston/01-25-2023-1803121-A.jpg HTTP/1.1" 200 222959 "-" "facebookexternalhit/1.1 (+http://www.facebook.com/externalhit_uatext.php)" "www.metrocrimedaily.com"
69.63.184.117 - - [25/Jan/2023:16:04:21 -0800] "GET /instagram-memphis/01-25-2023-1804011-A.jpg HTTP/1.1" 200 227038 "-" "facebookexternalhit/1.1 (+http://www.facebook.com/externalhit_uatext.php)" "www.metrocrimedaily.com"
69.63.184.3 - - [25/Jan/2023:16:04:45 -0800] "GET /instagram-neworleans/01-25-2023-1804251-A.jpg HTTP/1.1" 200 142159 "-" "facebookexternalhit/1.1 (+http://www.facebook.com/externalhit_uatext.php)" "www.metrocrimedaily.com"
69.63.184.119 - - [25/Jan/2023:16:07:56 -0800] "GET /instagram-miami/01-25-2023-11402826-A.jpg HTTP/1.1" 200 167819 "-" "facebookexternalhit/1.1 (+http://www.facebook.com/externalhit_uatext.php)" "www.metrocrimedaily.com"
69.63.184.116 - - [25/Jan/2023:16:08:23 -0800] "GET /instagram-miami/01-25-2023-11402827-A.jpg HTTP/1.1" 200 80671 "-" "facebookexternalhit/1.1 (+http://www.facebook.com/externalhit_uatext.php)" "www.metrocrimedaily.com"
69.63.184.119 - - [25/Jan/2023:16:08:50 -0800] "GET /instagram-miami/01-25-2023-11402828-A.jpg HTTP/1.1" 200 76779 "-" "facebookexternalhit/1.1 (+http://www.facebook.com/externalhit_uatext.php)" "www.metrocrimedaily.com"
207.46.13.85 - - [25/Jan/2023:16:09:11 -0800] "GET /index-dallas.html HTTP/1.1" 200 17808 "-" "Mozilla/5.0 AppleWebKit/537.36 (KHTML, like Gecko; compatible; bingbot/2.0; +http://www.bing.com/bingbot.htm) Chrome/103.0.5060.134 Safari/537.36" "metrocrimedaily.com"
69.63.184.119 - - [25/Jan/2023:16:09:17 -0800] "GET /instagram-miami/01-25-2023-11402829-A.jpg HTTP/1.1" 200 171554 "-" "facebookexternalhit/1.1 (+http://www.facebook.com/externalhit_uatext.php)" "www.metrocrimedaily.com"
69.63.184.117 - - [25/Jan/2023:16:09:45 -0800] "GET /instagram-miami/01-25-2023-11402830-A.jpg HTTP/1.1" 200 267369 "-" "facebookexternalhit/1.1 (+http://www.facebook.com/externalhit_uatext.php)" "www.metrocrimedaily.com"
69.63.184.1 - - [25/Jan/2023:16:10:11 -0800] "GET /instagram-miami/01-25-2023-11402831-A.jpg HTTP/1.1" 200 68410 "-" "facebookexternalhit/1.1 (+http://www.facebook.com/externalhit_uatext.php)" "www.metrocrimedaily.com"
69.63.184.116 - - [25/Jan/2023:16:10:38 -0800] "GET /instagram-miami/01-25-2023-11402832-A.jpg HTTP/1.1" 200 76390 "-" "facebookexternalhit/1.1 (+http://www.facebook.com/externalhit_uatext.php)" "www.metrocrimedaily.com"
69.63.184.117 - - [25/Jan/2023:16:11:06 -0800] "GET /instagram-miami/01-25-2023-11402833-A.jpg HTTP/1.1" 200 72441 "-" "facebookexternalhit/1.1 (+http://www.facebook.com/externalhit_uatext.php)" "www.metrocrimedaily.com"
69.63.184.119 - - [25/Jan/2023:16:11:30 -0800] "GET /instagram-miami/01-25-2023-11402834-A.jpg HTTP/1.1" 200 88509 "-" "facebookexternalhit/1.1 (+http://www.facebook.com/externalhit_uatext.php)" "www.metrocrimedaily.com"
69.63.184.2 - - [25/Jan/2023:16:11:56 -0800] "GET /instagram-chicago/01-25-2023-1811311-A.jpg HTTP/1.1" 200 222225 "-" "facebookexternalhit/1.1 (+http://www.facebook.com/externalhit_uatext.php)" "www.metrocrimedaily.com"
69.63.184.116 - - [25/Jan/2023:16:11:57 -0800] "GET /instagram-miami/01-25-2023-11402835-A.jpg HTTP/1.1" 200 79072 "-" "facebookexternalhit/1.1 (+http://www.facebook.com/externalhit_uatext.php)" "www.metrocrimedaily.com"
51.222.253.15 - - [25/Jan/2023:16:12:04 -0800] "GET /CRIME-WATCH-AMERICA/CRIME-WATCH-ATLANTA/find-and-post-atlanta-stories-RevB.bat HTTP/1.1" 200 17333 "-" "Mozilla/5.0 (compatible; AhrefsBot/7.0; +http://ahrefs.com/robot/)" "www.metrocrimedaily.com"
69.63.184.1 - - [25/Jan/2023:16:12:24 -0800] "GET /instagram-miami/01-25-2023-11402836-A.jpg HTTP/1.1" 200 79136 "-" "facebookexternalhit/1.1 (+http://www.facebook.com/externalhit_uatext.php)" "www.metrocrimedaily.com"
69.63.184.5 - - [25/Jan/2023:16:12:52 -0800] "GET /instagram-miami/01-25-2023-11402837-A.jpg HTTP/1.1" 200 79941 "-" "facebookexternalhit/1.1 (+http://www.facebook.com/externalhit_uatext.php)" "www.metrocrimedaily.com"
40.77.167.54 - - [25/Jan/2023:16:13:00 -0800] "GET /instagram-atlanta/12-21-2022-0236221-Man-accused-of-shooting-ex-girlfriend-in-front-of.txt HTTP/1.1" 404 88 "-" "Mozilla/5.0 AppleWebKit/537.36 (KHTML, like Gecko; compatible; bingbot/2.0; +http://www.bing.com/bingbot.htm) Chrome/103.0.5060.134 Safari/537.36" "www.metrocrimedaily.com"
69.63.184.119 - - [25/Jan/2023:16:13:17 -0800] "GET /instagram-miami/01-25-2023-11402838-A.jpg HTTP/1.1" 200 183222 "-" "facebookexternalhit/1.1 (+http://www.facebook.com/externalhit_uatext.php)" "www.metrocrimedaily.com"
69.63.184.113 - - [25/Jan/2023:16:13:44 -0800] "GET /instagram-miami/01-25-2023-11402839-A.jpg HTTP/1.1" 200 193219 "-" "facebookexternalhit/1.1 (+http://www.facebook.com/externalhit_uatext.php)" "www.metrocrimedaily.com"
69.63.184.119 - - [25/Jan/2023:16:14:11 -0800] "GET /instagram-miami/01-25-2023-11402840-A.jpg HTTP/1.1" 200 482949 "-" "facebookexternalhit/1.1 (+http://www.facebook.com/externalhit_uatext.php)" "www.metrocrimedaily.com"
69.63.184.116 - - [25/Jan/2023:16:14:41 -0800] "GET /instagram-miami/01-25-2023-11402841-A.jpg HTTP/1.1" 200 86473 "-" "facebookexternalhit/1.1 (+http://www.facebook.com/externalhit_uatext.php)" "www.metrocrimedaily.com"
69.63.184.120 - - [25/Jan/2023:16:15:08 -0800] "GET /instagram-miami/01-25-2023-11402842-A.jpg HTTP/1.1" 200 81550 "-" "facebookexternalhit/1.1 (+http://www.facebook.com/externalhit_uatext.php)" "www.metrocrimedaily.com"
69.63.184.120 - - [25/Jan/2023:16:15:35 -0800] "GET /instagram-miami/01-25-2023-11402843-A.jpg HTTP/1.1" 200 82171 "-" "facebookexternalhit/1.1 (+http://www.facebook.com/externalhit_uatext.php)" "www.metrocrimedaily.com"
69.63.184.5 - - [25/Jan/2023:16:16:01 -0800] "GET /instagram-miami/01-25-2023-11402844-A.jpg HTTP/1.1" 200 155337 "-" "facebookexternalhit/1.1 (+http://www.facebook.com/externalhit_uatext.php)" "www.metrocrimedaily.com"
69.63.184.119 - - [25/Jan/2023:16:16:27 -0800] "GET /instagram-miami/01-25-2023-11402845-A.jpg HTTP/1.1" 200 141368 "-" "facebookexternalhit/1.1 (+http://www.facebook.com/externalhit_uatext.php)" "www.metrocrimedaily.com"
69.63.184.116 - - [25/Jan/2023:16:16:52 -0800] "GET /instagram-miami/01-25-2023-11402846-A.jpg HTTP/1.1" 200 188108 "-" "facebookexternalhit/1.1 (+http://www.facebook.com/externalhit_uatext.php)" "www.metrocrimedaily.com"
69.63.184.119 - - [25/Jan/2023:16:17:20 -0800] "GET /instagram-miami/01-25-2023-11402847-A.jpg HTTP/1.1" 200 156854 "-" "facebookexternalhit/1.1 (+http://www.facebook.com/externalhit_uatext.php)" "www.metrocrimedaily.com"
69.63.184.117 - - [25/Jan/2023:16:17:47 -0800] "GET /instagram-miami/01-25-2023-11402848-A.jpg HTTP/1.1" 200 230623 "-" "facebookexternalhit/1.1 (+http://www.facebook.com/externalhit_uatext.php)" "www.metrocrimedaily.com"
69.63.184.119 - - [25/Jan/2023:16:18:14 -0800] "GET /instagram-miami/01-25-2023-11402849-A.jpg HTTP/1.1" 200 185284 "-" "facebookexternalhit/1.1 (+http://www.facebook.com/externalhit_uatext.php)" "www.metrocrimedaily.com"
69.63.184.120 - - [25/Jan/2023:16:18:40 -0800] "GET /instagram-miami/01-25-2023-11402850-A.jpg HTTP/1.1" 200 110350 "-" "facebookexternalhit/1.1 (+http://www.facebook.com/externalhit_uatext.php)" "www.metrocrimedaily.com"
69.63.184.4 - - [25/Jan/2023:16:19:03 -0800] "GET /instagram-houston/01-25-2023-1803122-A.jpg HTTP/1.1" 200 224078 "-" "facebookexternalhit/1.1 (+http://www.facebook.com/externalhit_uatext.php)" "www.metrocrimedaily.com"
69.63.184.119 - - [25/Jan/2023:16:19:09 -0800] "GET /instagram-miami/01-25-2023-11402851-A.jpg HTTP/1.1" 200 137042 "-" "facebookexternalhit/1.1 (+http://www.facebook.com/externalhit_uatext.php)" "www.metrocrimedaily.com"
69.63.184.118 - - [25/Jan/2023:16:19:54 -0800] "GET /instagram-memphis/01-25-2023-1804012-A.jpg HTTP/1.1" 200 87701 "-" "facebookexternalhit/1.1 (+http://www.facebook.com/externalhit_uatext.php)" "www.metrocrimedaily.com"
69.63.184.117 - - [25/Jan/2023:16:19:58 -0800] "GET /instagram-losangeles/01-25-2023-1819381-A.jpg HTTP/1.1" 200 380163 "-" "facebookexternalhit/1.1 (+http://www.facebook.com/externalhit_uatext.php)" "www.metrocrimedaily.com"
69.63.184.120 - - [25/Jan/2023:16:20:16 -0800] "GET /instagram-neworleans/01-25-2023-1804252-A.jpg HTTP/1.1" 200 117670 "-" "facebookexternalhit/1.1 (+http://www.facebook.com/externalhit_uatext.php)" "www.metrocrimedaily.com"
69.63.184.2 - - [25/Jan/2023:16:28:38 -0800] "GET /instagram-dallas/01-25-2023-1828161-A.jpg HTTP/1.1" 200 217085 "-" "facebookexternalhit/1.1 (+http://www.facebook.com/externalhit_uatext.php)" "www.metrocrimedaily.com"
69.63.184.119 - - [25/Jan/2023:16:31:14 -0800] "GET /instagram-stlouis/01-25-2023-1830541-A.jpg HTTP/1.1" 200 171571 "-" "facebookexternalhit/1.1 (+http://www.facebook.com/externalhit_uatext.php)" "www.metrocrimedaily.com"
66.249.70.131 - - [25/Jan/2023:16:32:38 -0800] "GET /ads.txt HTTP/1.1" 404 88 "-" "Mozilla/5.0 (compatible; Googlebot/2.1; +http://www.google.com/bot.html)" "metrocrimedaily.com"
69.63.184.2 - - [25/Jan/2023:16:35:26 -0800] "GET /instagram-memphis/01-25-2023-1804013-A.jpg HTTP/1.1" 200 165877 "-" "facebookexternalhit/1.1 (+http://www.facebook.com/externalhit_uatext.php)" "www.metrocrimedaily.com"
69.63.184.4 - - [25/Jan/2023:16:35:30 -0800] "GET /instagram-losangeles/01-25-2023-1819382-A.jpg HTTP/1.1" 200 114546 "-" "facebookexternalhit/1.1 (+http://www.facebook.com/externalhit_uatext.php)" "www.metrocrimedaily.com"
69.63.184.116 - - [25/Jan/2023:16:36:57 -0800] "GET /instagram-atlanta/01-25-2023-1834531-A.jpg HTTP/1.1" 200 119544 "-" "facebookexternalhit/1.1 (+http://www.facebook.com/externalhit_uatext.php)" "www.metrocrimedaily.com"
69.63.184.4 - - [25/Jan/2023:16:37:26 -0800] "GET /instagram-atlanta/01-25-2023-1834532-A.jpg HTTP/1.1" 200 136234 "-" "facebookexternalhit/1.1 (+http://www.facebook.com/externalhit_uatext.php)" "www.metrocrimedaily.com"
69.63.184.120 - - [25/Jan/2023:16:37:54 -0800] "GET /instagram-atlanta/01-25-2023-1834533-A.jpg HTTP/1.1" 200 212914 "-" "facebookexternalhit/1.1 (+http://www.facebook.com/externalhit_uatext.php)" "www.metrocrimedaily.com"
69.63.184.116 - - [25/Jan/2023:16:39:09 -0800] "GET /instagram-detroit/01-25-2023-1822043-A.jpg HTTP/1.1" 200 221051 "-" "facebookexternalhit/1.1 (+http://www.facebook.com/externalhit_uatext.php)" "www.metrocrimedaily.com"
99.103.214.234 - - [25/Jan/2023:16:39:28 -0800] "GET / HTTP/1.1" 200 165206 "-" "Mozilla/5.0 (iPhone; CPU iPhone OS 15_6_1 like Mac OS X) AppleWebKit/605.1.15 (KHTML, like Gecko) Version/15.6.1 Mobile/15E148 Safari/604.1" "www.metrocrimedaily.com"
99.103.214.234 - - [25/Jan/2023:16:39:28 -0800] "GET /styles-mcd.css HTTP/1.1" 200 1159 "http://www.metrocrimedaily.com/" "Mozilla/5.0 (iPhone; CPU iPhone OS 15_6_1 like Mac OS X) AppleWebKit/605.1.15 (KHTML, like Gecko) Version/15.6.1 Mobile/15E148 Safari/604.1" "www.metrocrimedaily.com"
99.103.214.234 - - [25/Jan/2023:16:39:28 -0800] "GET /images/crimeinthed-logo.jpg HTTP/1.1" 200 14960 "http://www.metrocrimedaily.com/" "Mozilla/5.0 (iPhone; CPU iPhone OS 15_6_1 like Mac OS X) AppleWebKit/605.1.15 (KHTML, like Gecko) Version/15.6.1 Mobile/15E148 Safari/604.1" "www.metrocrimedaily.com"
99.103.214.234 - - [25/Jan/2023:16:39:28 -0800] "GET /images/police-tape.jpg HTTP/1.1" 200 50766 "http://www.metrocrimedaily.com/" "Mozilla/5.0 (iPhone; CPU iPhone OS 15_6_1 like Mac OS X) AppleWebKit/605.1.15 (KHTML, like Gecko) Version/15.6.1 Mobile/15E148 Safari/604.1" "metrocrimedaily.com"
99.103.214.234 - - [25/Jan/2023:16:39:29 -0800] "GET /images/youtube-logo-tiny.png HTTP/1.1" 200 689 "http://www.metrocrimedaily.com/" "Mozilla/5.0 (iPhone; CPU iPhone OS 15_6_1 like Mac OS X) AppleWebKit/605.1.15 (KHTML, like Gecko) Version/15.6.1 Mobile/15E148 Safari/604.1" "www.metrocrimedaily.com"
99.103.214.234 - - [25/Jan/2023:16:39:29 -0800] "GET /images/facebook-logo-tiny.png HTTP/1.1" 200 1280 "http://www.metrocrimedaily.com/" "Mozilla/5.0 (iPhone; CPU iPhone OS 15_6_1 like Mac OS X) AppleWebKit/605.1.15 (KHTML, like Gecko) Version/15.6.1 Mobile/15E148 Safari/604.1" "www.metrocrimedaily.com"
99.103.214.234 - - [25/Jan/2023:16:39:29 -0800] "GET /images/twitter-logo-b-tiny.png HTTP/1.1" 200 1600 "http://www.metrocrimedaily.com/" "Mozilla/5.0 (iPhone; CPU iPhone OS 15_6_1 like Mac OS X) AppleWebKit/605.1.15 (KHTML, like Gecko) Version/15.6.1 Mobile/15E148 Safari/604.1" "www.metrocrimedaily.com"
207.46.13.85 - - [25/Jan/2023:16:41:14 -0800] "GET /instagram-chicago/12-19-2022-1219161-16-year-old-girl-dies-after-shooting-on-West-Side.txt HTTP/1.1" 404 88 "-" "Mozilla/5.0 AppleWebKit/537.36 (KHTML, like Gecko; compatible; bingbot/2.0; +http://www.bing.com/bingbot.htm) Chrome/103.0.5060.134 Safari/537.36" "www.metrocrimedaily.com"
196.206.225.246 - - [25/Jan/2023:16:41:46 -0800] "GET /AboutUs/license.txt HTTP/1.1" 404 88 "-" "Mozilla/5.0 (X11; Ubuntu; Linux x86_64; rv:62.0) Gecko/20100101 Firefox/62.0" "metrocrimedaily.com"
69.63.184.119 - - [25/Jan/2023:16:44:12 -0800] "GET /instagram-dallas/01-25-2023-1828162-A.jpg HTTP/1.1" 200 133561 "-" "facebookexternalhit/1.1 (+http://www.facebook.com/externalhit_uatext.php)" "www.metrocrimedaily.com"
51.222.253.12 - - [25/Jan/2023:16:49:24 -0800] "GET / HTTP/1.1" 200 165206 "-" "Mozilla/5.0 (compatible; AhrefsBot/7.0; +http://ahrefs.com/robot/)" "metrocrimedaily.com"
69.63.184.119 - - [25/Jan/2023:16:50:57 -0800] "GET /instagram-memphis/01-25-2023-1804014-A.jpg HTTP/1.1" 200 244665 "-" "facebookexternalhit/1.1 (+http://www.facebook.com/externalhit_uatext.php)" "www.metrocrimedaily.com"
69.63.184.5 - - [25/Jan/2023:16:51:01 -0800] "GET /instagram-losangeles/01-25-2023-1819383-A.jpg HTTP/1.1" 200 165572 "-" "facebookexternalhit/1.1 (+http://www.facebook.com/externalhit_uatext.php)" "www.metrocrimedaily.com"
69.63.184.118 - - [25/Jan/2023:16:51:24 -0800] "GET /instagram-losangeles/01-25-2023-1819384-A.jpg HTTP/1.1" 200 210426 "-" "facebookexternalhit/1.1 (+http://www.facebook.com/externalhit_uatext.php)" "www.metrocrimedaily.com"
207.46.13.23 - - [25/Jan/2023:16:54:10 -0800] "GET /index-miami.html HTTP/1.1" 200 11229 "-" "Mozilla/5.0 AppleWebKit/537.36 (KHTML, like Gecko; compatible; bingbot/2.0; +http://www.bing.com/bingbot.htm) Chrome/103.0.5060.134 Safari/537.36" "metrocrimedaily.com"
69.63.184.117 - - [25/Jan/2023:16:54:56 -0800] "GET /instagram-detroit/01-25-2023-1822044-A.jpg HTTP/1.1" 200 63555 "-" "facebookexternalhit/1.1 (+http://www.facebook.com/externalhit_uatext.php)" "www.metrocrimedaily.com"
69.63.184.2 - - [25/Jan/2023:16:59:44 -0800] "GET /instagram-dallas/01-25-2023-1828163-A.jpg HTTP/1.1" 200 155344 "-" "facebookexternalhit/1.1 (+http://www.facebook.com/externalhit_uatext.php)" "www.metrocrimedaily.com"
51.222.253.2 - - [25/Jan/2023:17:05:24 -0800] "GET /robots.txt HTTP/1.1" 404 88 "-" "Mozilla/5.0 (compatible; AhrefsBot/7.0; +http://ahrefs.com/robot/)" "metrocrimedaily.com"
69.63.184.116 - - [25/Jan/2023:17:06:28 -0800] "GET /instagram-memphis/01-25-2023-1804015-A.jpg HTTP/1.1" 200 144419 "-" "facebookexternalhit/1.1 (+http://www.facebook.com/externalhit_uatext.php)" "www.metrocrimedaily.com"
69.63.184.116 - - [25/Jan/2023:17:07:00 -0800] "GET /instagram-neworleans/01-25-2023-1906401-A.jpg HTTP/1.1" 200 123897 "-" "facebookexternalhit/1.1 (+http://www.facebook.com/externalhit_uatext.php)" "www.metrocrimedaily.com"
69.63.184.3 - - [25/Jan/2023:17:10:31 -0800] "GET /instagram-detroit/01-25-2023-1822045-A.jpg HTTP/1.1" 200 70796 "-" "facebookexternalhit/1.1 (+http://www.facebook.com/externalhit_uatext.php)" "www.metrocrimedaily.com"
51.222.253.3 - - [25/Jan/2023:17:11:46 -0800] "GET /CRIME-WATCH-AMERICA/CRIME-WATCH-ATLANTA/INSTAGRAM-AUTOMATION/unencoded-text-file.txt HTTP/1.1" 200 295 "-" "Mozilla/5.0 (compatible; AhrefsBot/7.0; +http://ahrefs.com/robot/)" "metrocrimedaily.com"
207.46.13.23 - - [25/Jan/2023:17:12:12 -0800] "GET /instagram-detroit/12-19-2022-1837473-Detroit-police-seek-suspects-linked-to-larcenies-.txt HTTP/1.1" 404 88 "-" "Mozilla/5.0 AppleWebKit/537.36 (KHTML, like Gecko; compatible; bingbot/2.0; +http://www.bing.com/bingbot.htm) Chrome/103.0.5060.134 Safari/537.36" "www.metrocrimedaily.com"
69.63.184.120 - - [25/Jan/2023:17:12:13 -0800] "GET /instagram-chicago/01-25-2023-1911531-A.jpg HTTP/1.1" 200 96348 "-" "facebookexternalhit/1.1 (+http://www.facebook.com/externalhit_uatext.php)" "www.metrocrimedaily.com"
207.46.13.23 - - [25/Jan/2023:17:12:20 -0800] "GET /www.11alive.com HTTP/1.1" 404 88 "-" "Mozilla/5.0 AppleWebKit/537.36 (KHTML, like Gecko; compatible; bingbot/2.0; +http://www.bing.com/bingbot.htm) Chrome/103.0.5060.134 Safari/537.36" "metrocrimedaily.com"
69.63.184.1 - - [25/Jan/2023:17:15:17 -0800] "GET /instagram-dallas/01-25-2023-1828164-A.jpg HTTP/1.1" 200 113957 "-" "facebookexternalhit/1.1 (+http://www.facebook.com/externalhit_uatext.php)" "www.metrocrimedaily.com"
51.222.253.1 - - [25/Jan/2023:17:18:05 -0800] "GET /CRIME-WATCH-AMERICA/CRIME-WATCH-DALLAS/INSTAGRAM-AUTOMATION/09-18-2022-1401231-Two-men-killed--two-arrested-in-Haltom-City-shoot.txt HTTP/1.1" 200 698 "-" "Mozilla/5.0 (compatible; AhrefsBot/7.0; +http://ahrefs.com/robot/)" "metrocrimedaily.com"
69.63.184.113 - - [25/Jan/2023:17:22:31 -0800] "GET /instagram-neworleans/01-25-2023-1906402-A.jpg HTTP/1.1" 200 174248 "-" "facebookexternalhit/1.1 (+http://www.facebook.com/externalhit_uatext.php)" "www.metrocrimedaily.com"
51.222.253.20 - - [25/Jan/2023:17:23:54 -0800] "GET /CRIME-WATCH-AMERICA/CRIME-WATCH-DALLAS/INSTAGRAM-AUTOMATION/find-quota-usage-RevA.bat HTTP/1.1" 200 3184 "-" "Mozilla/5.0 (compatible; AhrefsBot/7.0; +http://ahrefs.com/robot/)" "metrocrimedaily.com"
69.63.184.1 - - [25/Jan/2023:17:26:04 -0800] "GET /instagram-detroit/01-25-2023-1822046-A.jpg HTTP/1.1" 200 181369 "-" "facebookexternalhit/1.1 (+http://www.facebook.com/externalhit_uatext.php)" "www.metrocrimedaily.com"
69.63.184.2 - - [25/Jan/2023:17:26:43 -0800] "GET /instagram-stlouis/01-25-2023-1926231-A.jpg HTTP/1.1" 200 322795 "-" "facebookexternalhit/1.1 (+http://www.facebook.com/externalhit_uatext.php)" "www.metrocrimedaily.com"
51.222.253.7 - - [25/Jan/2023:17:29:52 -0800] "GET /CRIME-WATCH-AMERICA/CRIME-WATCH-DALLAS/INSTAGRAM-AUTOMATION/instagram-app-verification-details.txt HTTP/1.1" 200 4670 "-" "Mozilla/5.0 (compatible; AhrefsBot/7.0; +http://ahrefs.com/robot/)" "metrocrimedaily.com"
69.63.184.120 - - [25/Jan/2023:17:30:25 -0800] "GET /instagram-houston/01-25-2023-1929491-A.jpg HTTP/1.1" 200 94652 "-" "facebookexternalhit/1.1 (+http://www.facebook.com/externalhit_uatext.php)" "www.metrocrimedaily.com"
69.63.184.3 - - [25/Jan/2023:17:33:07 -0800] "GET /instagram-losangeles/01-25-2023-1932091-A.jpg HTTP/1.1" 200 416866 "-" "facebookexternalhit/1.1 (+http://www.facebook.com/externalhit_uatext.php)" "www.metrocrimedaily.com"
69.63.184.119 - - [25/Jan/2023:17:38:04 -0800] "GET /instagram-neworleans/01-25-2023-1906403-A.jpg HTTP/1.1" 200 154774 "-" "facebookexternalhit/1.1 (+http://www.facebook.com/externalhit_uatext.php)" "www.metrocrimedaily.com"
51.222.253.20 - - [25/Jan/2023:17:40:46 -0800] "GET /CRIME-WATCH-AMERICA/CRIME-WATCH-DALLAS/INSTAGRAM-AUTOMATION/unencoded.bat HTTP/1.1" 200 810 "-" "Mozilla/5.0 (compatible; AhrefsBot/7.0; +http://ahrefs.com/robot/)" "metrocrimedaily.com"
69.63.184.1 - - [25/Jan/2023:17:40:59 -0800] "GET /instagram-newyork/01-25-2023-1940391-A.jpg HTTP/1.1" 200 110745 "-" "facebookexternalhit/1.1 (+http://www.facebook.com/externalhit_uatext.php)" "www.metrocrimedaily.com"
69.63.184.120 - - [25/Jan/2023:17:41:35 -0800] "GET /instagram-miami/01-25-2023-1941151-A.jpg HTTP/1.1" 200 75192 "-" "facebookexternalhit/1.1 (+http://www.facebook.com/externalhit_uatext.php)" "www.metrocrimedaily.com"
69.63.184.117 - - [25/Jan/2023:17:42:02 -0800] "GET /instagram-miami/01-25-2023-1941152-A.jpg HTTP/1.1" 200 171554 "-" "facebookexternalhit/1.1 (+http://www.facebook.com/externalhit_uatext.php)" "www.metrocrimedaily.com"
69.63.184.2 - - [25/Jan/2023:17:42:14 -0800] "GET /instagram-stlouis/01-25-2023-1926232-A.jpg HTTP/1.1" 200 220150 "-" "facebookexternalhit/1.1 (+http://www.facebook.com/externalhit_uatext.php)" "www.metrocrimedaily.com"
69.63.184.116 - - [25/Jan/2023:17:42:29 -0800] "GET /instagram-miami/01-25-2023-1941153-A.jpg HTTP/1.1" 200 152854 "-" "facebookexternalhit/1.1 (+http://www.facebook.com/externalhit_uatext.php)" "www.metrocrimedaily.com"
69.63.184.2 - - [25/Jan/2023:17:42:55 -0800] "GET /instagram-miami/01-25-2023-1941154-A.jpg HTTP/1.1" 200 76122 "-" "facebookexternalhit/1.1 (+http://www.facebook.com/externalhit_uatext.php)" "www.metrocrimedaily.com"
69.63.184.3 - - [25/Jan/2023:17:43:23 -0800] "GET /instagram-miami/01-25-2023-1941155-A.jpg HTTP/1.1" 200 324802 "-" "facebookexternalhit/1.1 (+http://www.facebook.com/externalhit_uatext.php)" "www.metrocrimedaily.com"
69.63.184.5 - - [25/Jan/2023:17:43:51 -0800] "GET /instagram-miami/01-25-2023-1941156-A.jpg HTTP/1.1" 200 243799 "-" "facebookexternalhit/1.1 (+http://www.facebook.com/externalhit_uatext.php)" "www.metrocrimedaily.com"
69.63.184.5 - - [25/Jan/2023:17:44:18 -0800] "GET /instagram-miami/01-25-2023-1941157-A.jpg HTTP/1.1" 200 250289 "-" "facebookexternalhit/1.1 (+http://www.facebook.com/externalhit_uatext.php)" "www.metrocrimedaily.com"
69.63.184.120 - - [25/Jan/2023:17:44:24 -0800] "GET /instagram-chicago/01-25-2023-1944021-A.jpg HTTP/1.1" 200 144759 "-" "facebookexternalhit/1.1 (+http://www.facebook.com/externalhit_uatext.php)" "www.metrocrimedaily.com"
69.63.184.116 - - [25/Jan/2023:17:44:44 -0800] "GET /instagram-miami/01-25-2023-1941158-A.jpg HTTP/1.1" 200 76412 "-" "facebookexternalhit/1.1 (+http://www.facebook.com/externalhit_uatext.php)" "www.metrocrimedaily.com"
69.63.184.117 - - [25/Jan/2023:17:45:10 -0800] "GET /instagram-miami/01-25-2023-1941159-A.jpg HTTP/1.1" 200 83452 "-" "facebookexternalhit/1.1 (+http://www.facebook.com/externalhit_uatext.php)" "www.metrocrimedaily.com"
69.63.184.119 - - [25/Jan/2023:17:45:36 -0800] "GET /instagram-miami/01-25-2023-19411510-A.jpg HTTP/1.1" 200 84505 "-" "facebookexternalhit/1.1 (+http://www.facebook.com/externalhit_uatext.php)" "www.metrocrimedaily.com"
69.63.184.3 - - [25/Jan/2023:17:45:57 -0800] "GET /instagram-houston/01-25-2023-1929492-A.jpg HTTP/1.1" 200 204546 "-" "facebookexternalhit/1.1 (+http://www.facebook.com/externalhit_uatext.php)" "www.metrocrimedaily.com"
69.63.184.119 - - [25/Jan/2023:17:46:04 -0800] "GET /instagram-miami/01-25-2023-19411511-A.jpg HTTP/1.1" 200 414400 "-" "facebookexternalhit/1.1 (+http://www.facebook.com/externalhit_uatext.php)" "www.metrocrimedaily.com"
69.63.184.120 - - [25/Jan/2023:17:46:31 -0800] "GET /instagram-miami/01-25-2023-19411512-A.jpg HTTP/1.1" 200 243156 "-" "facebookexternalhit/1.1 (+http://www.facebook.com/externalhit_uatext.php)" "www.metrocrimedaily.com"
69.63.184.4 - - [25/Jan/2023:17:46:42 -0800] "GET /instagram-atlanta/01-25-2023-1946221-A.jpg HTTP/1.1" 200 218023 "-" "facebookexternalhit/1.1 (+http://www.facebook.com/externalhit_uatext.php)" "www.metrocrimedaily.com"
69.63.184.1 - - [25/Jan/2023:17:46:58 -0800] "GET /instagram-miami/01-25-2023-19411513-A.jpg HTTP/1.1" 200 341141 "-" "facebookexternalhit/1.1 (+http://www.facebook.com/externalhit_uatext.php)" "www.metrocrimedaily.com"
69.63.184.3 - - [25/Jan/2023:17:47:26 -0800] "GET /instagram-miami/01-25-2023-19411514-A.jpg HTTP/1.1" 200 347912 "-" "facebookexternalhit/1.1 (+http://www.facebook.com/externalhit_uatext.php)" "www.metrocrimedaily.com"
69.63.184.113 - - [25/Jan/2023:17:47:51 -0800] "GET /instagram-miami/01-25-2023-19411515-A.jpg HTTP/1.1" 200 187360 "-" "facebookexternalhit/1.1 (+http://www.facebook.com/externalhit_uatext.php)" "www.metrocrimedaily.com"
69.63.184.5 - - [25/Jan/2023:17:48:19 -0800] "GET /instagram-miami/01-25-2023-19411516-A.jpg HTTP/1.1" 200 345117 "-" "facebookexternalhit/1.1 (+http://www.facebook.com/externalhit_uatext.php)" "www.metrocrimedaily.com"
69.63.184.118 - - [25/Jan/2023:17:48:39 -0800] "GET /instagram-losangeles/01-25-2023-1932092-A.jpg HTTP/1.1" 200 265107 "-" "facebookexternalhit/1.1 (+http://www.facebook.com/externalhit_uatext.php)" "www.metrocrimedaily.com"
69.63.184.3 - - [25/Jan/2023:17:48:47 -0800] "GET /instagram-miami/01-25-2023-19411517-A.jpg HTTP/1.1" 200 70628 "-" "facebookexternalhit/1.1 (+http://www.facebook.com/externalhit_uatext.php)" "www.metrocrimedaily.com"
157.55.39.187 - - [25/Jan/2023:17:49:00 -0800] "GET /instagram-dallas/12-27-2022-1236481-Lost-Luggage--Here-s-What-to-Do-If-Your-Bag-is-Mi.txt HTTP/1.1" 404 88 "-" "Mozilla/5.0 AppleWebKit/537.36 (KHTML, like Gecko; compatible; bingbot/2.0; +http://www.bing.com/bingbot.htm) Chrome/103.0.5060.134 Safari/537.36" "www.metrocrimedaily.com"
69.63.184.3 - - [25/Jan/2023:17:49:13 -0800] "GET /instagram-miami/01-25-2023-19411518-A.jpg HTTP/1.1" 200 206862 "-" "facebookexternalhit/1.1 (+http://www.facebook.com/externalhit_uatext.php)" "www.metrocrimedaily.com"
114.119.133.158 - - [25/Jan/2023:17:51:06 -0800] "GET /robots.txt HTTP/1.1" 404 88 "-" "Mozilla/5.0 (compatible;PetalBot;+https://webmaster.petalsearch.com/site/petalbot)" "www.metrocrimedaily.com"
51.222.253.19 - - [25/Jan/2023:17:51:26 -0800] "GET /CRIME-WATCH-AMERICA/CRIME-WATCH-DALLAS/INSTAGRAM-AUTOMATION/?C=S;O=D HTTP/1.1" 200 931 "-" "Mozilla/5.0 (compatible; AhrefsBot/7.0; +http://ahrefs.com/robot/)" "metrocrimedaily.com"
207.46.13.155 - - [25/Jan/2023:17:55:59 -0800] "GET /instagram-dallas/12-21-2022-2217221-Milwaukee-4-year-old-dead-after--longstanding-abu.txt HTTP/1.1" 404 88 "-" "Mozilla/5.0 AppleWebKit/537.36 (KHTML, like Gecko; compatible; bingbot/2.0; +http://www.bing.com/bingbot.htm) Chrome/103.0.5060.134 Safari/537.36" "www.metrocrimedaily.com"
69.63.184.120 - - [25/Jan/2023:17:57:44 -0800] "GET /instagram-stlouis/01-25-2023-1926233-A.jpg HTTP/1.1" 200 144593 "-" "facebookexternalhit/1.1 (+http://www.facebook.com/externalhit_uatext.php)" "www.metrocrimedaily.com"
207.46.13.23 - - [25/Jan/2023:17:59:25 -0800] "GET /index-miami.html HTTP/1.1" 200 14662 "-" "Mozilla/5.0 AppleWebKit/537.36 (KHTML, like Gecko; compatible; bingbot/2.0; +http://www.bing.com/bingbot.htm) Chrome/103.0.5060.134 Safari/537.36" "metrocrimedaily.com"
69.63.184.2 - - [25/Jan/2023:18:01:33 -0800] "GET /instagram-houston/01-25-2023-1929493-A.jpg HTTP/1.1" 200 155660 "-" "facebookexternalhit/1.1 (+http://www.facebook.com/externalhit_uatext.php)" "www.metrocrimedaily.com"
51.222.253.12 - - [25/Jan/2023:18:01:46 -0800] "GET /CRIME-WATCH-AMERICA/CRIME-WATCH-ATLANTA/mcd-citd-lnkpreview-RevB.bat HTTP/1.1" 200 9466 "-" "Mozilla/5.0 (compatible; AhrefsBot/7.0; +http://ahrefs.com/robot/)" "www.metrocrimedaily.com"
207.46.13.155 - - [25/Jan/2023:18:02:31 -0800] "GET /contact-us.html HTTP/1.1" 200 765 "-" "Mozilla/5.0 AppleWebKit/537.36 (KHTML, like Gecko; compatible; bingbot/2.0; +http://www.bing.com/bingbot.htm) Chrome/103.0.5060.134 Safari/537.36" "metrocrimedaily.com"
40.77.167.54 - - [25/Jan/2023:18:02:46 -0800] "GET /styles-mcd.css HTTP/1.1" 200 1159 "-" "Mozilla/5.0 AppleWebKit/537.36 (KHTML, like Gecko; compatible; bingbot/2.0; +http://www.bing.com/bingbot.htm) Chrome/103.0.5060.134 Safari/537.36" "metrocrimedaily.com"
40.77.167.54 - - [25/Jan/2023:18:02:46 -0800] "GET /styles-mcd.css HTTP/1.1" 200 1159 "-" "Mozilla/5.0 AppleWebKit/537.36 (KHTML, like Gecko; compatible; bingbot/2.0; +http://www.bing.com/bingbot.htm) Chrome/103.0.5060.134 Safari/537.36" "metrocrimedaily.com"
207.46.13.85 - - [25/Jan/2023:18:02:51 -0800] "GET /social-media-menu.html HTTP/1.1" 200 554 "-" "Mozilla/5.0 AppleWebKit/537.36 (KHTML, like Gecko; compatible; bingbot/2.0; +http://www.bing.com/bingbot.htm) Chrome/103.0.5060.134 Safari/537.36" "metrocrimedaily.com"
207.46.13.85 - - [25/Jan/2023:18:02:51 -0800] "GET /social-media-menu.html HTTP/1.1" 200 554 "-" "Mozilla/5.0 AppleWebKit/537.36 (KHTML, like Gecko; compatible; bingbot/2.0; +http://www.bing.com/bingbot.htm) Chrome/103.0.5060.134 Safari/537.36" "metrocrimedaily.com"
69.63.184.4 - - [25/Jan/2023:18:04:12 -0800] "GET /instagram-losangeles/01-25-2023-1932093-A.jpg HTTP/1.1" 200 217542 "-" "facebookexternalhit/1.1 (+http://www.facebook.com/externalhit_uatext.php)" "www.metrocrimedaily.com"
207.46.13.160 - - [25/Jan/2023:18:04:15 -0800] "GET /robots.txt HTTP/1.1" 404 88 "-" "Mozilla/5.0 AppleWebKit/537.36 (KHTML, like Gecko; compatible; bingbot/2.0; +http://www.bing.com/bingbot.htm) Chrome/103.0.5060.134 Safari/537.36" "metrocrimedaily.com"
207.46.13.160 - - [25/Jan/2023:18:04:15 -0800] "GET /robots.txt HTTP/1.1" 404 88 "-" "Mozilla/5.0 AppleWebKit/537.36 (KHTML, like Gecko; compatible; bingbot/2.0; +http://www.bing.com/bingbot.htm) Chrome/103.0.5060.134 Safari/537.36" "metrocrimedaily.com"
69.63.184.116 - - [25/Jan/2023:18:06:49 -0800] "GET /instagram-dallas/01-25-2023-2006281-A.jpg HTTP/1.1" 200 173466 "-" "facebookexternalhit/1.1 (+http://www.facebook.com/externalhit_uatext.php)" "www.metrocrimedaily.com"
51.222.253.19 - - [25/Jan/2023:18:06:52 -0800] "GET /CRIME-WATCH-AMERICA/CRIME-WATCH-ATLANTA/mcd-citd-lnkpreview-RevC.bat HTTP/1.1" 200 13195 "-" "Mozilla/5.0 (compatible; AhrefsBot/7.0; +http://ahrefs.com/robot/)" "www.metrocrimedaily.com"
69.63.184.117 - - [25/Jan/2023:18:06:53 -0800] "GET /instagram-memphis/01-25-2023-2006331-A.jpg HTTP/1.1" 200 168010 "-" "facebookexternalhit/1.1 (+http://www.facebook.com/externalhit_uatext.php)" "www.metrocrimedaily.com"
51.222.253.4 - - [25/Jan/2023:18:09:42 -0800] "GET /CRIME-WATCH-AMERICA/CRIME-WATCH-ATLANTA/mcd-epilog.html HTTP/1.1" 200 439 "-" "Mozilla/5.0 (compatible; AhrefsBot/7.0; +http://ahrefs.com/robot/)" "www.metrocrimedaily.com"
51.222.253.17 - - [25/Jan/2023:18:10:18 -0800] "GET /CRIME-WATCH-AMERICA/CRIME-WATCH-ATLANTA/images/youtube-logo-tiny.png HTTP/1.1" 404 88 "-" "Mozilla/5.0 (compatible; AhrefsBot/7.0; +http://ahrefs.com/robot/)" "www.metrocrimedaily.com"
51.222.253.17 - - [25/Jan/2023:18:10:49 -0800] "GET /CRIME-WATCH-AMERICA/CRIME-WATCH-ATLANTA/images/twitter-logo-b-tiny.png HTTP/1.1" 404 88 "-" "Mozilla/5.0 (compatible; AhrefsBot/7.0; +http://ahrefs.com/robot/)" "www.metrocrimedaily.com"
51.222.253.7 - - [25/Jan/2023:18:11:19 -0800] "GET /CRIME-WATCH-AMERICA/CRIME-WATCH-ATLANTA/images/facebook-logo-tiny.png HTTP/1.1" 404 88 "-" "Mozilla/5.0 (compatible; AhrefsBot/7.0; +http://ahrefs.com/robot/)" "www.metrocrimedaily.com"
51.222.253.16 - - [25/Jan/2023:18:12:22 -0800] "GET /CRIME-WATCH-AMERICA/CRIME-WATCH-ATLANTA/mcd-prolog.html HTTP/1.1" 200 861 "-" "Mozilla/5.0 (compatible; AhrefsBot/7.0; +http://ahrefs.com/robot/)" "www.metrocrimedaily.com"
51.222.253.9 - - [25/Jan/2023:18:12:59 -0800] "GET /CRIME-WATCH-AMERICA/CRIME-WATCH-ATLANTA/images/crime-scene-banner-atlanta.jpg HTTP/1.1" 404 88 "-" "Mozilla/5.0 (compatible; AhrefsBot/7.0; +http://ahrefs.com/robot/)" "www.metrocrimedaily.com"
51.222.253.16 - - [25/Jan/2023:18:13:00 -0800] "GET /CRIME-WATCH-AMERICA/CRIME-WATCH-ATLANTA/styles-mcd.css HTTP/1.1" 404 88 "-" "Mozilla/5.0 (compatible; AhrefsBot/7.0; +http://ahrefs.com/robot/)" "www.metrocrimedaily.com"
69.63.184.3 - - [25/Jan/2023:18:13:17 -0800] "GET /instagram-stlouis/01-25-2023-1926234-A.jpg HTTP/1.1" 200 265684 "-" "facebookexternalhit/1.1 (+http://www.facebook.com/externalhit_uatext.php)" "www.metrocrimedaily.com"
51.222.253.20 - - [25/Jan/2023:18:13:46 -0800] "GET /CRIME-WATCH-AMERICA/CRIME-WATCH-ATLANTA/mcd-prolog.html HTTP/1.1" 200 861 "-" "Mozilla/5.0 (compatible; AhrefsBot/7.0; +http://ahrefs.com/robot/)" "www.metrocrimedaily.com"
69.63.184.118 - - [25/Jan/2023:18:17:05 -0800] "GET /instagram-houston/01-25-2023-1929494-A.jpg HTTP/1.1" 200 210528 "-" "facebookexternalhit/1.1 (+http://www.facebook.com/externalhit_uatext.php)" "www.metrocrimedaily.com"
40.77.202.1 - - [25/Jan/2023:18:18:40 -0800] "GET /styles.css HTTP/1.1" 404 73 "-" "Mozilla/5.0 (Windows NT 6.1; WOW64) AppleWebKit/534+ (KHTML, like Gecko) BingPreview/1.0b" "metrocrimedaily.com"
40.77.202.65 - - [25/Jan/2023:18:18:40 -0800] "GET /main-menu.html HTTP/1.1" 200 1695 "-" "Mozilla/5.0 (Windows NT 6.1; WOW64) AppleWebKit/534+ (KHTML, like Gecko) BingPreview/1.0b" "metrocrimedaily.com"
40.77.202.97 - - [25/Jan/2023:18:18:40 -0800] "GET /styles-links.css HTTP/1.1" 200 1105 "-" "Mozilla/5.0 (Windows NT 6.1; WOW64) AppleWebKit/534+ (KHTML, like Gecko) BingPreview/1.0b" "metrocrimedaily.com"
40.77.202.23 - - [25/Jan/2023:18:18:41 -0800] "GET /styles-links.css HTTP/1.1" 200 1105 "-" "Mozilla/5.0 (Windows NT 6.1; WOW64) AppleWebKit/534+ (KHTML, like Gecko) BingPreview/1.0b" "metrocrimedaily.com"
40.77.202.114 - - [25/Jan/2023:18:18:41 -0800] "GET /main-menu.html HTTP/1.1" 200 1695 "-" "Mozilla/5.0 (Windows NT 6.1; WOW64) AppleWebKit/534+ (KHTML, like Gecko) BingPreview/1.0b" "metrocrimedaily.com"
69.63.184.117 - - [25/Jan/2023:18:21:43 -0800] "GET /instagram-chicago/01-25-2023-2021221-A.jpg HTTP/1.1" 200 76292 "-" "facebookexternalhit/1.1 (+http://www.facebook.com/externalhit_uatext.php)" "www.metrocrimedaily.com"
69.63.184.5 - - [25/Jan/2023:18:22:12 -0800] "GET /instagram-chicago/01-25-2023-2021222-A.jpg HTTP/1.1" 200 161142 "-" "facebookexternalhit/1.1 (+http://www.facebook.com/externalhit_uatext.php)" "www.metrocrimedaily.com"
69.63.184.119 - - [25/Jan/2023:18:22:22 -0800] "GET /instagram-dallas/01-25-2023-2006282-A.jpg HTTP/1.1" 200 150320 "-" "facebookexternalhit/1.1 (+http://www.facebook.com/externalhit_uatext.php)" "www.metrocrimedaily.com"
69.63.184.4 - - [25/Jan/2023:18:22:25 -0800] "GET /instagram-memphis/01-25-2023-2006332-A.jpg HTTP/1.1" 200 107198 "-" "facebookexternalhit/1.1 (+http://www.facebook.com/externalhit_uatext.php)" "www.metrocrimedaily.com"
51.222.253.7 - - [25/Jan/2023:18:25:03 -0800] "GET / HTTP/1.1" 200 165883 "-" "Mozilla/5.0 (compatible; AhrefsBot/7.0; +http://ahrefs.com/robot/)" "www.metrocrimedaily.com"
69.63.184.2 - - [25/Jan/2023:18:26:28 -0800] "GET /instagram-neworleans/01-25-2023-2026081-A.jpg HTTP/1.1" 200 254474 "-" "facebookexternalhit/1.1 (+http://www.facebook.com/externalhit_uatext.php)" "www.metrocrimedaily.com"
51.222.253.15 - - [25/Jan/2023:18:27:47 -0800] "GET /CRIME-WATCH-AMERICA/CRIME-WATCH-ATLANTA/INSTAGRAM-AUTOMATION/fix-imagewith-imagemagick-RevB.bat HTTP/1.1" 200 6429 "-" "Mozilla/5.0 (compatible; AhrefsBot/7.0; +http://ahrefs.com/robot/)" "metrocrimedaily.com"
69.63.184.118 - - [25/Jan/2023:18:28:49 -0800] "GET /instagram-stlouis/01-25-2023-1926235-A.jpg HTTP/1.1" 200 302333 "-" "facebookexternalhit/1.1 (+http://www.facebook.com/externalhit_uatext.php)" "www.metrocrimedaily.com"
51.222.253.9 - - [25/Jan/2023:18:30:21 -0800] "GET /CRIME-WATCH-AMERICA/CRIME-WATCH-ATLANTA/find-quota-usage-RevA.bat HTTP/1.1" 200 3028 "-" "Mozilla/5.0 (compatible; AhrefsBot/7.0; +http://ahrefs.com/robot/)" "metrocrimedaily.com"
69.63.184.3 - - [25/Jan/2023:18:31:03 -0800] "GET /instagram-miami/01-25-2023-2030431-A.jpg HTTP/1.1" 200 243799 "-" "facebookexternalhit/1.1 (+http://www.facebook.com/externalhit_uatext.php)" "www.metrocrimedaily.com"
69.63.184.117 - - [25/Jan/2023:18:31:30 -0800] "GET /instagram-miami/01-25-2023-2030432-A.jpg HTTP/1.1" 200 231246 "-" "facebookexternalhit/1.1 (+http://www.facebook.com/externalhit_uatext.php)" "www.metrocrimedaily.com"
69.63.184.1 - - [25/Jan/2023:18:32:36 -0800] "GET /instagram-houston/01-25-2023-1929495-A.jpg HTTP/1.1" 200 130274 "-" "facebookexternalhit/1.1 (+http://www.facebook.com/externalhit_uatext.php)" "www.metrocrimedaily.com"
51.222.253.7 - - [25/Jan/2023:18:35:38 -0800] "GET /CRIME-WATCH-AMERICA/CRIME-WATCH-DALLAS/mcd-citd-lnkpreview-RevB.bat HTTP/1.1" 200 9463 "-" "Mozilla/5.0 (compatible; AhrefsBot/7.0; +http://ahrefs.com/robot/)" "metrocrimedaily.com"
69.63.184.3 - - [25/Jan/2023:18:37:56 -0800] "GET /instagram-memphis/01-25-2023-2006333-A.jpg HTTP/1.1" 200 91712 "-" "facebookexternalhit/1.1 (+http://www.facebook.com/externalhit_uatext.php)" "www.metrocrimedaily.com"
69.63.184.116 - - [25/Jan/2023:18:37:57 -0800] "GET /instagram-dallas/01-25-2023-2006283-A.jpg HTTP/1.1" 200 144605 "-" "facebookexternalhit/1.1 (+http://www.facebook.com/externalhit_uatext.php)" "www.metrocrimedaily.com"
69.63.184.2 - - [25/Jan/2023:18:42:00 -0800] "GET /instagram-neworleans/01-25-2023-2026082-A.jpg HTTP/1.1" 200 409263 "-" "facebookexternalhit/1.1 (+http://www.facebook.com/externalhit_uatext.php)" "www.metrocrimedaily.com"
51.222.253.19 - - [25/Jan/2023:18:43:45 -0800] "GET /CRIME-WATCH-AMERICA/CRIME-WATCH-ATLANTA/find-and-post-atlanta-stories-RevD.bat HTTP/1.1" 200 17891 "-" "Mozilla/5.0 (compatible; AhrefsBot/7.0; +http://ahrefs.com/robot/)" "www.metrocrimedaily.com"
114.119.141.69 - - [25/Jan/2023:18:44:13 -0800] "GET /instagram-memphis/01-23-2023-1805234-WATCH--Woman-robbed-in-front-of-security-guard-at.txt HTTP/1.1" 200 117 "https://metrocrimedaily.com/instagram-memphis/" "Mozilla/5.0 (Linux; Android 7.0;) AppleWebKit/537.36 (KHTML, like Gecko) Mobile Safari/537.36 (compatible; PetalBot;+https://webmaster.petalsearch.com/site/petalbot)" "metrocrimedaily.com"
69.63.184.116 - - [25/Jan/2023:18:44:17 -0800] "GET /instagram-losangeles/01-25-2023-2043571-A.jpg HTTP/1.1" 200 190477 "-" "facebookexternalhit/1.1 (+http://www.facebook.com/externalhit_uatext.php)" "www.metrocrimedaily.com"
69.63.184.117 - - [25/Jan/2023:18:44:40 -0800] "GET /instagram-losangeles/01-25-2023-2043572-A.jpg HTTP/1.1" 200 90448 "-" "facebookexternalhit/1.1 (+http://www.facebook.com/externalhit_uatext.php)" "www.metrocrimedaily.com"
69.63.184.116 - - [25/Jan/2023:18:48:06 -0800] "GET /instagram-houston/01-25-2023-1929496-A.jpg HTTP/1.1" 200 242846 "-" "facebookexternalhit/1.1 (+http://www.facebook.com/externalhit_uatext.php)" "www.metrocrimedaily.com"
69.63.184.116 - - [25/Jan/2023:18:48:34 -0800] "GET /instagram-houston/01-25-2023-1929497-A.jpg HTTP/1.1" 200 243961 "-" "facebookexternalhit/1.1 (+http://www.facebook.com/externalhit_uatext.php)" "www.metrocrimedaily.com"
207.46.13.23 - - [25/Jan/2023:18:48:41 -0800] "GET /index-miami.html HTTP/1.1" 200 14916 "-" "Mozilla/5.0 AppleWebKit/537.36 (KHTML, like Gecko; compatible; bingbot/2.0; +http://www.bing.com/bingbot.htm) Chrome/103.0.5060.134 Safari/537.36" "metrocrimedaily.com"
51.222.253.19 - - [25/Jan/2023:18:48:57 -0800] "GET /CRIME-WATCH-AMERICA/CRIME-WATCH-ATLANTA/post-to-instagram-RevB.bat HTTP/1.1" 200 6010 "-" "Mozilla/5.0 (compatible; AhrefsBot/7.0; +http://ahrefs.com/robot/)" "www.metrocrimedaily.com"
207.46.13.23 - - [25/Jan/2023:18:52:51 -0800] "GET /index-miami.html HTTP/1.1" 200 14916 "-" "Mozilla/5.0 AppleWebKit/537.36 (KHTML, like Gecko; compatible; bingbot/2.0; +http://www.bing.com/bingbot.htm) Chrome/103.0.5060.134 Safari/537.36" "metrocrimedaily.com"
69.63.184.3 - - [25/Jan/2023:18:53:27 -0800] "GET /instagram-memphis/01-25-2023-2006334-A.jpg HTTP/1.1" 200 102029 "-" "facebookexternalhit/1.1 (+http://www.facebook.com/externalhit_uatext.php)" "www.metrocrimedaily.com"
69.63.184.117 - - [25/Jan/2023:18:53:29 -0800] "GET /instagram-dallas/01-25-2023-2006284-A.jpg HTTP/1.1" 200 182217 "-" "facebookexternalhit/1.1 (+http://www.facebook.com/externalhit_uatext.php)" "www.metrocrimedaily.com"
114.119.134.123 - - [25/Jan/2023:18:54:19 -0800] "GET /instagram-newyork/?C=N%3BO%3DD HTTP/1.1" 200 2057 "https://metrocrimedaily.com/instagram-newyork/" "Mozilla/5.0 (Linux; Android 7.0;) AppleWebKit/537.36 (KHTML, like Gecko) Mobile Safari/537.36 (compatible; PetalBot;+https://webmaster.petalsearch.com/site/petalbot)" "metrocrimedaily.com"
114.119.141.152 - - [25/Jan/2023:18:55:57 -0800] "GET /instagram-detroit/01-17-2023-0736411-6-suspects-arrested-trying-to-steal-trucks-from-S.txt HTTP/1.1" 404 88 "https://metrocrimedaily.com/instagram-detroit/" "Mozilla/5.0 (Linux; Android 7.0;) AppleWebKit/537.36 (KHTML, like Gecko) Mobile Safari/537.36 (compatible; PetalBot;+https://webmaster.petalsearch.com/site/petalbot)" "metrocrimedaily.com"
66.249.70.122 - - [25/Jan/2023:18:56:53 -0800] "GET /robots.txt HTTP/1.1" 404 88 "-" "Mozilla/5.0 (compatible; Googlebot/2.1; +http://www.google.com/bot.html)" "www.metrocrimedaily.com"
69.63.184.118 - - [25/Jan/2023:18:57:34 -0800] "GET /instagram-neworleans/01-25-2023-2026083-A.jpg HTTP/1.1" 200 230740 "-" "facebookexternalhit/1.1 (+http://www.facebook.com/externalhit_uatext.php)" "www.metrocrimedaily.com"
114.119.130.221 - - [25/Jan/2023:18:57:54 -0800] "GET /instagram-detroit/01-16-2023-1604161-1-person-shot-by-Detroit-police-on-city---s-west-.txt HTTP/1.1" 404 88 "https://metrocrimedaily.com/instagram-detroit/" "Mozilla/5.0 (Linux; Android 7.0;) AppleWebKit/537.36 (KHTML, like Gecko) Mobile Safari/537.36 (compatible; PetalBot;+https://webmaster.petalsearch.com/site/petalbot)" "metrocrimedaily.com"
69.63.184.117 - - [25/Jan/2023:18:58:16 -0800] "GET /instagram-atlanta/01-25-2023-2057561-A.jpg HTTP/1.1" 200 143057 "-" "facebookexternalhit/1.1 (+http://www.facebook.com/externalhit_uatext.php)" "www.metrocrimedaily.com"
69.63.184.4 - - [25/Jan/2023:18:58:45 -0800] "GET /instagram-atlanta/01-25-2023-2057562-A.jpg HTTP/1.1" 200 287079 "-" "facebookexternalhit/1.1 (+http://www.facebook.com/externalhit_uatext.php)" "www.metrocrimedaily.com"
69.63.184.2 - - [25/Jan/2023:18:59:15 -0800] "GET /instagram-atlanta/01-25-2023-2057563-A.jpg HTTP/1.1" 200 216571 "-" "facebookexternalhit/1.1 (+http://www.facebook.com/externalhit_uatext.php)" "www.metrocrimedaily.com"
114.119.141.18 - - [25/Jan/2023:18:59:21 -0800] "GET /instagram-detroit/01-15-2023-1927042-Man-convicted-of-murder--other-counts-in-boy---s-.txt HTTP/1.1" 404 88 "https://metrocrimedaily.com/instagram-detroit/" "Mozilla/5.0 (Linux; Android 7.0;) AppleWebKit/537.36 (KHTML, like Gecko) Mobile Safari/537.36 (compatible; PetalBot;+https://webmaster.petalsearch.com/site/petalbot)" "metrocrimedaily.com"
69.63.184.120 - - [25/Jan/2023:18:59:43 -0800] "GET /instagram-atlanta/01-25-2023-2057564-A.jpg HTTP/1.1" 200 139168 "-" "facebookexternalhit/1.1 (+http://www.facebook.com/externalhit_uatext.php)" "www.metrocrimedaily.com"
69.63.184.1 - - [25/Jan/2023:19:00:12 -0800] "GET /instagram-atlanta/01-25-2023-2057565-A.jpg HTTP/1.1" 200 151501 "-" "facebookexternalhit/1.1 (+http://www.facebook.com/externalhit_uatext.php)" "www.metrocrimedaily.com"
69.63.184.118 - - [25/Jan/2023:19:00:41 -0800] "GET /instagram-atlanta/01-25-2023-2057566-A.jpg HTTP/1.1" 200 114769 "-" "facebookexternalhit/1.1 (+http://www.facebook.com/externalhit_uatext.php)" "www.metrocrimedaily.com"
69.63.184.116 - - [25/Jan/2023:19:01:10 -0800] "GET /instagram-atlanta/01-25-2023-2057567-A.jpg HTTP/1.1" 200 163834 "-" "facebookexternalhit/1.1 (+http://www.facebook.com/externalhit_uatext.php)" "www.metrocrimedaily.com"
114.119.135.7 - - [25/Jan/2023:19:01:25 -0800] "GET /instagram-detroit/01-12-2023-16335810-Michigan-State-Police-looking-for-suspect-who-bro.txt HTTP/1.1" 404 88 "https://metrocrimedaily.com/instagram-detroit/" "Mozilla/5.0 (Linux; Android 7.0;) AppleWebKit/537.36 (KHTML, like Gecko) Mobile Safari/537.36 (compatible; PetalBot;+https://webmaster.petalsearch.com/site/petalbot)" "metrocrimedaily.com"
69.63.184.3 - - [25/Jan/2023:19:01:39 -0800] "GET /instagram-atlanta/01-25-2023-2057568-A.jpg HTTP/1.1" 200 171230 "-" "facebookexternalhit/1.1 (+http://www.facebook.com/externalhit_uatext.php)" "www.metrocrimedaily.com"
51.222.253.19 - - [25/Jan/2023:19:01:59 -0800] "GET /CRIME-WATCH-AMERICA/CRIME-WATCH-ATLANTA/post-to-instagram-atlanta-RevE.bat HTTP/1.1" 200 16358 "-" "Mozilla/5.0 (compatible; AhrefsBot/7.0; +http://ahrefs.com/robot/)" "www.metrocrimedaily.com"
114.119.166.212 - - [25/Jan/2023:19:02:57 -0800] "GET /instagram-newyork/01-23-2023-1631341-Thief-steals-$250G-in-jewelry-from-Queens-Zales-s.txt HTTP/1.1" 200 1095 "https://metrocrimedaily.com/instagram-newyork/" "Mozilla/5.0 (Linux; Android 7.0;) AppleWebKit/537.36 (KHTML, like Gecko) Mobile Safari/537.36 (compatible; PetalBot;+https://webmaster.petalsearch.com/site/petalbot)" "metrocrimedaily.com"
114.119.144.233 - - [25/Jan/2023:19:04:59 -0800] "GET /instagram-detroit/01-18-2023-0949107-New-Baltimore-Police-searching-for-potential-arme.txt HTTP/1.1" 404 88 "https://metrocrimedaily.com/instagram-detroit/" "Mozilla/5.0 (Linux; Android 7.0;) AppleWebKit/537.36 (KHTML, like Gecko) Mobile Safari/537.36 (compatible; PetalBot;+https://webmaster.petalsearch.com/site/petalbot)" "metrocrimedaily.com"
51.222.253.17 - - [25/Jan/2023:19:06:48 -0800] "GET /CRIME-WATCH-AMERICA/CRIME-WATCH-ATLANTA/sendemail-RevC.bat HTTP/1.1" 200 505 "-" "Mozilla/5.0 (compatible; AhrefsBot/7.0; +http://ahrefs.com/robot/)" "www.metrocrimedaily.com"
114.119.136.8 - - [25/Jan/2023:19:07:01 -0800] "GET /instagram-detroit/01-18-2023-0734522-4-years-ago--Missing-man---s-car-found-in-state-p.txt HTTP/1.1" 404 88 "https://metrocrimedaily.com/instagram-detroit/" "Mozilla/5.0 (Linux; Android 7.0;) AppleWebKit/537.36 (KHTML, like Gecko) Mobile Safari/537.36 (compatible; PetalBot;+https://webmaster.petalsearch.com/site/petalbot)" "metrocrimedaily.com"
69.63.184.120 - - [25/Jan/2023:19:07:31 -0800] "GET /instagram-miami/01-25-2023-2107111-A.jpg HTTP/1.1" 200 77042 "-" "facebookexternalhit/1.1 (+http://www.facebook.com/externalhit_uatext.php)" "www.metrocrimedaily.com"
51.222.253.17 - - [25/Jan/2023:19:08:03 -0800] "GET /CRIME-WATCH-AMERICA/CRIME-WATCH-ATLANTA/sendemail-RevC.bat HTTP/1.1" 200 505 "-" "Mozilla/5.0 (compatible; AhrefsBot/7.0; +http://ahrefs.com/robot/)" "www.metrocrimedaily.com"
114.119.138.37 - - [25/Jan/2023:19:08:34 -0800] "GET /instagram-detroit/01-16-2023-1313093-Detroit-man-arrested-after-allegedly-driving-stol.txt HTTP/1.1" 404 88 "https://metrocrimedaily.com/instagram-detroit/" "Mozilla/5.0 (Linux; Android 7.0;) AppleWebKit/537.36 (KHTML, like Gecko) Mobile Safari/537.36 (compatible; PetalBot;+https://webmaster.petalsearch.com/site/petalbot)" "metrocrimedaily.com"
76.184.252.42 - - [25/Jan/2023:19:08:47 -0800] "GET /images/police-tape.jpg HTTP/1.1" 200 50766 "-" "Wget/1.20.3 (mingw32)" "metrocrimedaily.com"
69.63.184.1 - - [25/Jan/2023:19:09:03 -0800] "GET /instagram-dallas/01-25-2023-2006285-A.jpg HTTP/1.1" 200 149885 "-" "facebookexternalhit/1.1 (+http://www.facebook.com/externalhit_uatext.php)" "www.metrocrimedaily.com"
51.222.253.12 - - [25/Jan/2023:19:09:26 -0800] "GET /CRIME-WATCH-AMERICA/CRIME-WATCH-ATLANTA/youtube-dl.exe HTTP/1.1" 200 8031644 "-" "Mozilla/5.0 (compatible; AhrefsBot/7.0; +http://ahrefs.com/robot/)" "www.metrocrimedaily.com"
69.63.184.2 - - [25/Jan/2023:19:10:28 -0800] "GET /instagram-detroit/01-25-2023-2108351-A.jpg HTTP/1.1" 200 64388 "-" "facebookexternalhit/1.1 (+http://www.facebook.com/externalhit_uatext.php)" "www.metrocrimedaily.com"
51.222.253.10 - - [25/Jan/2023:19:10:40 -0800] "GET /CRIME-WATCH-AMERICA/CRIME-WATCH-DALLAS/INSTAGRAM-AUTOMATION/ HTTP/1.1" 200 938 "-" "Mozilla/5.0 (compatible; AhrefsBot/7.0; +http://ahrefs.com/robot/)" "www.metrocrimedaily.com"
114.119.146.126 - - [25/Jan/2023:19:11:16 -0800] "GET /post-mcd-stories.html HTTP/1.1" 200 6538 "https://metrocrimedaily.com/?C=M%3BO%3DA" "Mozilla/5.0 (Linux; Android 7.0;) AppleWebKit/537.36 (KHTML, like Gecko) Mobile Safari/537.36 (compatible; PetalBot;+https://webmaster.petalsearch.com/site/petalbot)" "metrocrimedaily.com"
69.63.184.120 - - [25/Jan/2023:19:12:31 -0800] "GET /instagram-stlouis/01-25-2023-2112081-A.jpg HTTP/1.1" 200 330513 "-" "facebookexternalhit/1.1 (+http://www.facebook.com/externalhit_uatext.php)" "www.metrocrimedaily.com"
114.119.146.206 - - [25/Jan/2023:19:13:21 -0800] "GET /instagram-detroit/01-23-2023-1816468-Detroit-Police-Chief-says-5-year-old-who-shot-him.txt HTTP/1.1" 200 908 "https://metrocrimedaily.com/instagram-detroit/?C=M%3BO%3DA" "Mozilla/5.0 (Linux; Android 7.0;) AppleWebKit/537.36 (KHTML, like Gecko) Mobile Safari/537.36 (compatible; PetalBot;+https://webmaster.petalsearch.com/site/petalbot)" "metrocrimedaily.com"
114.119.145.174 - - [25/Jan/2023:19:14:12 -0800] "GET /metrocrime-detroit.html HTTP/1.1" 200 1356 "https://metrocrimedaily.com/?C=M%3BO%3DA" "Mozilla/5.0 (Linux; Android 7.0;) AppleWebKit/537.36 (KHTML, like Gecko) Mobile Safari/537.36 (compatible; PetalBot;+https://webmaster.petalsearch.com/site/petalbot)" "metrocrimedaily.com"
51.222.253.20 - - [25/Jan/2023:19:14:37 -0800] "GET /CRIME-WATCH-AMERICA/CRIME-WATCH-DALLAS/download-dallas-videos-RevC.bat HTTP/1.1" 200 8297 "-" "Mozilla/5.0 (compatible; AhrefsBot/7.0; +http://ahrefs.com/robot/)" "www.metrocrimedaily.com"
114.119.134.245 - - [25/Jan/2023:19:16:21 -0800] "GET /instagram-detroit/ig-detroit-stories-to-post-later.txt HTTP/1.1" 200 8352 "https://metrocrimedaily.com/instagram-detroit/?C=M%3BO%3DA" "Mozilla/5.0 (Linux; Android 7.0;) AppleWebKit/537.36 (KHTML, like Gecko) Mobile Safari/537.36 (compatible; PetalBot;+https://webmaster.petalsearch.com/site/petalbot)" "metrocrimedaily.com"
51.222.253.7 - - [25/Jan/2023:19:17:09 -0800] "GET /CRIME-WATCH-AMERICA/CRIME-WATCH-DALLAS/download-dallas-videos-RevC.bat HTTP/1.1" 200 8297 "-" "Mozilla/5.0 (compatible; AhrefsBot/7.0; +http://ahrefs.com/robot/)" "www.metrocrimedaily.com"
114.119.148.78 - - [25/Jan/2023:19:18:56 -0800] "GET /instagram-detroit/01-12-2023-1633586-Cheer-coach-uses-CPR--AED-to-save-student-athlete.txt HTTP/1.1" 404 88 "https://metrocrimedaily.com/instagram-detroit/" "Mozilla/5.0 (Linux; Android 7.0;) AppleWebKit/537.36 (KHTML, like Gecko) Mobile Safari/537.36 (compatible; PetalBot;+https://webmaster.petalsearch.com/site/petalbot)" "metrocrimedaily.com"
114.119.137.103 - - [25/Jan/2023:19:19:44 -0800] "GET /instagram-dallas/?C=S%3BO%3DA HTTP/1.1" 200 4098 "https://metrocrimedaily.com/instagram-dallas/" "Mozilla/5.0 (Linux; Android 7.0;) AppleWebKit/537.36 (KHTML, like Gecko) Mobile Safari/537.36 (compatible; PetalBot;+https://webmaster.petalsearch.com/site/petalbot)" "metrocrimedaily.com"
81.177.165.24 - - [25/Jan/2023:19:20:59 -0800] "GET /wp-login.php HTTP/1.1" 404 88 "" "Mozilla/5.0 (Windows NT 10.0; Win64; x64; rv:108.0) Gecko/20100101 Firefox/108.0" "metrocrimedaily.com"
