51.222.253.19 - - [26/Jan/2023:06:54:00 -0800] "GET /instagram-houston/01-24-2023-1906512-Roselle-man-identified-as-person-who-died-in-Elgi.txt HTTP/1.1" 200 542 "-" "Mozilla/5.0 (compatible; AhrefsBot/7.0; +http://ahrefs.com/robot/)" "metrocrimedaily.com"
69.63.184.119 - - [26/Jan/2023:06:54:26 -0800] "GET /instagram-memphis/01-26-2023-0854041-A.jpg HTTP/1.1" 200 178304 "-" "facebookexternalhit/1.1 (+http://www.facebook.com/externalhit_uatext.php)" "www.metrocrimedaily.com"
51.222.253.8 - - [26/Jan/2023:06:56:17 -0800] "GET /instagram-houston/01-25-2023-1434241-Video-shows-driver-punch-man-in-northwest-Houston.txt HTTP/1.1" 200 625 "-" "Mozilla/5.0 (compatible; AhrefsBot/7.0; +http://ahrefs.com/robot/)" "metrocrimedaily.com"
51.222.253.15 - - [26/Jan/2023:06:58:25 -0800] "GET /instagram-houston/01-25-2023-1434242-Scammer-sentenced-to-28-years-in-prison-for-takin.txt HTTP/1.1" 200 1041 "-" "Mozilla/5.0 (compatible; AhrefsBot/7.0; +http://ahrefs.com/robot/)" "metrocrimedaily.com"
114.119.139.172 - - [26/Jan/2023:07:01:48 -0800] "GET /instagram-detroit/01-23-2023-1544491-Former-Bay-City-Public-Service-Director-charged-w.txt HTTP/1.1" 404 88 "https://metrocrimedaily.com/instagram-detroit/?C=M%3BO%3DA" "Mozilla/5.0 (Linux; Android 7.0;) AppleWebKit/537.36 (KHTML, like Gecko) Mobile Safari/537.36 (compatible; PetalBot;+https://webmaster.petalsearch.com/site/petalbot)" "metrocrimedaily.com"
51.222.253.17 - - [26/Jan/2023:07:02:29 -0800] "GET /instagram-houston/01-25-2023-1600193-2023-tax-season-guide--Deadlines--tips-and-resour.txt HTTP/1.1" 200 1140 "-" "Mozilla/5.0 (compatible; AhrefsBot/7.0; +http://ahrefs.com/robot/)" "metrocrimedaily.com"
207.46.13.23 - - [26/Jan/2023:07:03:00 -0800] "GET /index-miami.html HTTP/1.1" 200 15901 "-" "Mozilla/5.0 AppleWebKit/537.36 (KHTML, like Gecko; compatible; bingbot/2.0; +http://www.bing.com/bingbot.htm) Chrome/103.0.5060.134 Safari/537.36" "metrocrimedaily.com"
12.228.224.226 - - [26/Jan/2023:07:06:09 -0800] "GET / HTTP/1.1" 200 168180 "-" "Mozilla/5.0 (Windows NT 10.0; Win64; x64) AppleWebKit/537.36 (KHTML, like Gecko) Chrome/109.0.0.0 Safari/537.36" "www.metrocrimedaily.com"
12.228.224.226 - - [26/Jan/2023:07:06:09 -0800] "GET /styles-mcd.css HTTP/1.1" 200 1159 "http://www.metrocrimedaily.com/" "Mozilla/5.0 (Windows NT 10.0; Win64; x64) AppleWebKit/537.36 (KHTML, like Gecko) Chrome/109.0.0.0 Safari/537.36" "www.metrocrimedaily.com"
12.228.224.226 - - [26/Jan/2023:07:06:09 -0800] "GET /images/crimeinthed-logo.jpg HTTP/1.1" 200 14960 "http://www.metrocrimedaily.com/" "Mozilla/5.0 (Windows NT 10.0; Win64; x64) AppleWebKit/537.36 (KHTML, like Gecko) Chrome/109.0.0.0 Safari/537.36" "www.metrocrimedaily.com"
12.228.224.226 - - [26/Jan/2023:07:06:10 -0800] "GET /images/police-tape.jpg HTTP/1.1" 200 50766 "http://www.metrocrimedaily.com/" "Mozilla/5.0 (Windows NT 10.0; Win64; x64) AppleWebKit/537.36 (KHTML, like Gecko) Chrome/109.0.0.0 Safari/537.36" "metrocrimedaily.com"
12.228.224.226 - - [26/Jan/2023:07:06:13 -0800] "GET /images/facebook-logo-tiny.png HTTP/1.1" 200 1280 "http://www.metrocrimedaily.com/" "Mozilla/5.0 (Windows NT 10.0; Win64; x64) AppleWebKit/537.36 (KHTML, like Gecko) Chrome/109.0.0.0 Safari/537.36" "www.metrocrimedaily.com"
12.228.224.226 - - [26/Jan/2023:07:06:13 -0800] "GET /images/youtube-logo-tiny.png HTTP/1.1" 200 689 "http://www.metrocrimedaily.com/" "Mozilla/5.0 (Windows NT 10.0; Win64; x64) AppleWebKit/537.36 (KHTML, like Gecko) Chrome/109.0.0.0 Safari/537.36" "www.metrocrimedaily.com"
12.228.224.226 - - [26/Jan/2023:07:06:13 -0800] "GET /images/twitter-logo-b-tiny.png HTTP/1.1" 200 1600 "http://www.metrocrimedaily.com/" "Mozilla/5.0 (Windows NT 10.0; Win64; x64) AppleWebKit/537.36 (KHTML, like Gecko) Chrome/109.0.0.0 Safari/537.36" "www.metrocrimedaily.com"
51.222.253.2 - - [26/Jan/2023:07:06:40 -0800] "GET /instagram-houston/01-25-2023-1600195-What-to-do-if-your-home-was-damaged-or-destroyed-.txt HTTP/1.1" 200 1049 "-" "Mozilla/5.0 (compatible; AhrefsBot/7.0; +http://ahrefs.com/robot/)" "metrocrimedaily.com"
12.228.224.226 - - [26/Jan/2023:07:06:41 -0800] "GET /favicon.ico HTTP/1.1" 404 88 "http://www.metrocrimedaily.com/" "Mozilla/5.0 (Windows NT 10.0; Win64; x64) AppleWebKit/537.36 (KHTML, like Gecko) Chrome/109.0.0.0 Safari/537.36" "www.metrocrimedaily.com"
66.249.70.118 - - [26/Jan/2023:07:08:03 -0800] "GET /robots.txt HTTP/1.1" 404 88 "-" "Mozilla/5.0 (compatible; Googlebot/2.1; +http://www.google.com/bot.html)" "www.metrocrimedaily.com"
51.222.253.19 - - [26/Jan/2023:07:08:49 -0800] "GET /instagram-houston/01-25-2023-1803121-Chicago-man-charged-after-Naperville-police-track.txt HTTP/1.1" 200 697 "-" "Mozilla/5.0 (compatible; AhrefsBot/7.0; +http://ahrefs.com/robot/)" "metrocrimedaily.com"
40.77.167.55 - - [26/Jan/2023:07:10:00 -0800] "GET /index-post-mcd-stories.html HTTP/1.1" 200 648 "-" "Mozilla/5.0 AppleWebKit/537.36 (KHTML, like Gecko; compatible; bingbot/2.0; +http://www.bing.com/bingbot.htm) Chrome/103.0.5060.134 Safari/537.36" "metrocrimedaily.com"
51.222.253.6 - - [26/Jan/2023:07:10:53 -0800] "GET /instagram-houston/01-25-2023-1803122-List--Resources-for-Houston-area-tornado-victims-.txt HTTP/1.1" 200 1113 "-" "Mozilla/5.0 (compatible; AhrefsBot/7.0; +http://ahrefs.com/robot/)" "metrocrimedaily.com"
51.222.253.16 - - [26/Jan/2023:07:12:57 -0800] "GET /instagram-houston/01-25-2023-1929491-I-88-traffic-stop-leads-to-gun--drug-charges-.txt HTTP/1.1" 200 387 "-" "Mozilla/5.0 (compatible; AhrefsBot/7.0; +http://ahrefs.com/robot/)" "metrocrimedaily.com"
66.249.70.130 - - [26/Jan/2023:07:13:45 -0800] "GET /d2nyfqh3g1stw3.cloudfront.net HTTP/1.1" 404 88 "-" "Mozilla/5.0 (Linux; Android 6.0.1; Nexus 5X Build/MMB29P) AppleWebKit/537.36 (KHTML, like Gecko) Chrome/109.0.5414.101 Mobile Safari/537.36 (compatible; Googlebot/2.1; +http://www.google.com/bot.html)" "metrocrimedaily.com"
114.119.156.238 - - [26/Jan/2023:07:13:57 -0800] "GET /instagram-detroit/01-17-2023-2244381-Juror-who-skipped-celebrity-trial-for-island-vaca.txt HTTP/1.1" 404 88 "https://metrocrimedaily.com/instagram-detroit/" "Mozilla/5.0 (Linux; Android 7.0;) AppleWebKit/537.36 (KHTML, like Gecko) Mobile Safari/537.36 (compatible; PetalBot;+https://webmaster.petalsearch.com/site/petalbot)" "metrocrimedaily.com"
66.249.70.114 - - [26/Jan/2023:07:14:51 -0800] "GET /www.local10.com HTTP/1.1" 404 88 "-" "Mozilla/5.0 (Linux; Android 6.0.1; Nexus 5X Build/MMB29P) AppleWebKit/537.36 (KHTML, like Gecko) Chrome/109.0.5414.101 Mobile Safari/537.36 (compatible; Googlebot/2.1; +http://www.google.com/bot.html)" "www.metrocrimedaily.com"
51.222.253.5 - - [26/Jan/2023:07:15:05 -0800] "GET /instagram-houston/01-25-2023-1929492-Chief-defends-delay-telling-public-of-mass-shoote.txt HTTP/1.1" 200 1127 "-" "Mozilla/5.0 (compatible; AhrefsBot/7.0; +http://ahrefs.com/robot/)" "metrocrimedaily.com"
69.63.184.2 - - [26/Jan/2023:07:16:56 -0800] "GET /instagram-houston/01-26-2023-0916361-A.jpg HTTP/1.1" 200 98534 "-" "facebookexternalhit/1.1 (+http://www.facebook.com/externalhit_uatext.php)" "www.metrocrimedaily.com"
51.222.253.2 - - [26/Jan/2023:07:16:57 -0800] "GET /instagram-houston/01-25-2023-1929493-Passion-for-dance-drew-many-of-those-slain-to-bal.txt HTTP/1.1" 200 1151 "-" "Mozilla/5.0 (compatible; AhrefsBot/7.0; +http://ahrefs.com/robot/)" "metrocrimedaily.com"
69.63.184.5 - - [26/Jan/2023:07:17:25 -0800] "GET /instagram-houston/01-26-2023-0916362-A.jpg HTTP/1.1" 200 83912 "-" "facebookexternalhit/1.1 (+http://www.facebook.com/externalhit_uatext.php)" "www.metrocrimedaily.com"
69.63.184.3 - - [26/Jan/2023:07:17:49 -0800] "GET /instagram-houston/01-26-2023-0916363-A.jpg HTTP/1.1" 200 60454 "-" "facebookexternalhit/1.1 (+http://www.facebook.com/externalhit_uatext.php)" "www.metrocrimedaily.com"
69.63.184.3 - - [26/Jan/2023:07:18:14 -0800] "GET /instagram-houston/01-26-2023-0916364-A.jpg HTTP/1.1" 200 71776 "-" "facebookexternalhit/1.1 (+http://www.facebook.com/externalhit_uatext.php)" "www.metrocrimedaily.com"
69.63.184.2 - - [26/Jan/2023:07:18:41 -0800] "GET /instagram-houston/01-26-2023-0916365-A.jpg HTTP/1.1" 200 71531 "-" "facebookexternalhit/1.1 (+http://www.facebook.com/externalhit_uatext.php)" "www.metrocrimedaily.com"
51.222.253.1 - - [26/Jan/2023:07:18:51 -0800] "GET /instagram-houston/01-25-2023-1929494-Beware--Roof-damage-often-lures-scammers-.txt HTTP/1.1" 200 49 "-" "Mozilla/5.0 (compatible; AhrefsBot/7.0; +http://ahrefs.com/robot/)" "metrocrimedaily.com"
69.63.184.116 - - [26/Jan/2023:07:19:08 -0800] "GET /instagram-houston/01-26-2023-0916366-A.jpg HTTP/1.1" 200 202841 "-" "facebookexternalhit/1.1 (+http://www.facebook.com/externalhit_uatext.php)" "www.metrocrimedaily.com"
69.63.184.118 - - [26/Jan/2023:07:19:23 -0800] "GET /instagram-neworleans/01-26-2023-0919041-A.jpg HTTP/1.1" 200 305591 "-" "facebookexternalhit/1.1 (+http://www.facebook.com/externalhit_uatext.php)" "www.metrocrimedaily.com"
69.63.184.118 - - [26/Jan/2023:07:19:35 -0800] "GET /instagram-houston/01-26-2023-0916367-A.jpg HTTP/1.1" 200 92354 "-" "facebookexternalhit/1.1 (+http://www.facebook.com/externalhit_uatext.php)" "www.metrocrimedaily.com"
69.63.184.111 - - [26/Jan/2023:07:20:02 -0800] "GET /instagram-houston/01-26-2023-0916368-A.jpg HTTP/1.1" 200 117949 "-" "facebookexternalhit/1.1 (+http://www.facebook.com/externalhit_uatext.php)" "www.metrocrimedaily.com"
69.63.184.3 - - [26/Jan/2023:07:20:28 -0800] "GET /instagram-houston/01-26-2023-0916369-A.jpg HTTP/1.1" 200 93165 "-" "facebookexternalhit/1.1 (+http://www.facebook.com/externalhit_uatext.php)" "www.metrocrimedaily.com"
69.63.184.117 - - [26/Jan/2023:07:20:28 -0800] "GET /instagram-dallas/01-26-2023-0920051-A.jpg HTTP/1.1" 200 146887 "-" "facebookexternalhit/1.1 (+http://www.facebook.com/externalhit_uatext.php)" "www.metrocrimedaily.com"
51.222.253.12 - - [26/Jan/2023:07:20:31 -0800] "GET /instagram-houston/01-25-2023-1929495-Body-found-in-woods-identified-as-missing-mother-.txt HTTP/1.1" 200 49 "-" "Mozilla/5.0 (compatible; AhrefsBot/7.0; +http://ahrefs.com/robot/)" "metrocrimedaily.com"
69.63.184.119 - - [26/Jan/2023:07:20:55 -0800] "GET /instagram-houston/01-26-2023-09163610-A.jpg HTTP/1.1" 200 114939 "-" "facebookexternalhit/1.1 (+http://www.facebook.com/externalhit_uatext.php)" "www.metrocrimedaily.com"
69.63.184.112 - - [26/Jan/2023:07:22:07 -0800] "GET /instagram-detroit/01-26-2023-0921451-A.jpg HTTP/1.1" 200 93418 "-" "facebookexternalhit/1.1 (+http://www.facebook.com/externalhit_uatext.php)" "www.metrocrimedaily.com"
51.222.253.15 - - [26/Jan/2023:07:22:26 -0800] "GET /instagram-houston/01-25-2023-2142431-California-judge-orders-release-of-footage-of-Pel.txt HTTP/1.1" 200 1075 "-" "Mozilla/5.0 (compatible; AhrefsBot/7.0; +http://ahrefs.com/robot/)" "metrocrimedaily.com"
69.63.184.116 - - [26/Jan/2023:07:22:38 -0800] "GET /instagram-miami/01-26-2023-0922191-A.jpg HTTP/1.1" 200 72581 "-" "facebookexternalhit/1.1 (+http://www.facebook.com/externalhit_uatext.php)" "www.metrocrimedaily.com"
69.63.184.1 - - [26/Jan/2023:07:23:05 -0800] "GET /instagram-miami/01-26-2023-0922192-A.jpg HTTP/1.1" 200 169143 "-" "facebookexternalhit/1.1 (+http://www.facebook.com/externalhit_uatext.php)" "www.metrocrimedaily.com"
69.63.184.5 - - [26/Jan/2023:07:23:32 -0800] "GET /instagram-miami/01-26-2023-0922193-A.jpg HTTP/1.1" 200 230673 "-" "facebookexternalhit/1.1 (+http://www.facebook.com/externalhit_uatext.php)" "www.metrocrimedaily.com"
69.63.184.118 - - [26/Jan/2023:07:24:00 -0800] "GET /instagram-miami/01-26-2023-0922194-A.jpg HTTP/1.1" 200 271015 "-" "facebookexternalhit/1.1 (+http://www.facebook.com/externalhit_uatext.php)" "www.metrocrimedaily.com"
51.222.253.15 - - [26/Jan/2023:07:24:35 -0800] "GET /instagram-houston/01-25-2023-2142432-Uncle-sentenced-after-9-year-old-allegedly-used-h.txt HTTP/1.1" 200 842 "-" "Mozilla/5.0 (compatible; AhrefsBot/7.0; +http://ahrefs.com/robot/)" "metrocrimedaily.com"
51.222.253.11 - - [26/Jan/2023:07:26:16 -0800] "GET /instagram-houston/01-25-2023-2142433-Deer-Park-community-comes-together-to-help-victim.txt HTTP/1.1" 200 714 "-" "Mozilla/5.0 (compatible; AhrefsBot/7.0; +http://ahrefs.com/robot/)" "metrocrimedaily.com"
51.222.253.18 - - [26/Jan/2023:07:30:04 -0800] "GET /instagram-houston/01-25-2023-2142435-Texas-man-who-beat-pregnant-girlfriend-sentenced-.txt HTTP/1.1" 200 1056 "-" "Mozilla/5.0 (compatible; AhrefsBot/7.0; +http://ahrefs.com/robot/)" "metrocrimedaily.com"
69.63.184.118 - - [26/Jan/2023:07:33:27 -0800] "GET /instagram-stlouis/01-26-2023-0933011-A.jpg HTTP/1.1" 200 107143 "-" "facebookexternalhit/1.1 (+http://www.facebook.com/externalhit_uatext.php)" "www.metrocrimedaily.com"
51.222.253.14 - - [26/Jan/2023:07:35:06 -0800] "GET /CRIME-WATCH-AMERICA/CRIME-WATCH-DALLAS/ppmcdstories.txt HTTP/1.1" 200 20 "-" "Mozilla/5.0 (compatible; AhrefsBot/7.0; +http://ahrefs.com/robot/)" "metrocrimedaily.com"
69.63.184.1 - - [26/Jan/2023:07:39:06 -0800] "GET /instagram-newyork/01-26-2023-0938461-A.jpg HTTP/1.1" 200 75241 "-" "facebookexternalhit/1.1 (+http://www.facebook.com/externalhit_uatext.php)" "www.metrocrimedaily.com"
51.222.253.2 - - [26/Jan/2023:07:39:48 -0800] "GET /instagram-chicago/?C=D;O=D HTTP/1.1" 200 3437 "-" "Mozilla/5.0 (compatible; AhrefsBot/7.0; +http://ahrefs.com/robot/)" "metrocrimedaily.com"
207.46.13.208 - - [26/Jan/2023:07:41:42 -0800] "GET /index-atlanta.html HTTP/1.1" 200 31376 "-" "Mozilla/5.0 AppleWebKit/537.36 (KHTML, like Gecko; compatible; bingbot/2.0; +http://www.bing.com/bingbot.htm) Chrome/103.0.5060.134 Safari/537.36" "metrocrimedaily.com"
69.63.184.117 - - [26/Jan/2023:07:42:09 -0800] "GET /instagram-chicago/01-26-2023-0941391-A.jpg HTTP/1.1" 200 100312 "-" "facebookexternalhit/1.1 (+http://www.facebook.com/externalhit_uatext.php)" "www.metrocrimedaily.com"
79.247.255.241 - - [26/Jan/2023:07:46:46 -0800] "GET /Archive/license.txt HTTP/1.1" 404 88 "-" "Mozilla/5.0 (X11; Ubuntu; Linux x86_64; rv:62.0) Gecko/20100101 Firefox/62.0" "metrocrimedaily.com"
51.222.253.13 - - [26/Jan/2023:07:46:58 -0800] "GET /CRIME-WATCH-AMERICA/CRIME-WATCH-ATLANTA/?C=N;O=A HTTP/1.1" 200 1338 "-" "Mozilla/5.0 (compatible; AhrefsBot/7.0; +http://ahrefs.com/robot/)" "www.metrocrimedaily.com"
69.63.184.1 - - [26/Jan/2023:07:48:42 -0800] "GET /instagram-memphis/01-26-2023-0948231-A.jpg HTTP/1.1" 200 157322 "-" "facebookexternalhit/1.1 (+http://www.facebook.com/externalhit_uatext.php)" "www.metrocrimedaily.com"
66.249.70.130 - - [26/Jan/2023:07:50:45 -0800] "GET /www.nola.com HTTP/1.1" 404 88 "-" "Mozilla/5.0 (Linux; Android 6.0.1; Nexus 5X Build/MMB29P) AppleWebKit/537.36 (KHTML, like Gecko) Chrome/109.0.5414.101 Mobile Safari/537.36 (compatible; Googlebot/2.1; +http://www.google.com/bot.html)" "metrocrimedaily.com"
114.119.142.179 - - [26/Jan/2023:07:52:20 -0800] "GET /instagram-detroit/01-17-2023-2021283-Detroit-police-and-fire-pension-board-sues-WWE--V.txt HTTP/1.1" 404 88 "https://metrocrimedaily.com/instagram-detroit/" "Mozilla/5.0 (Linux; Android 7.0;) AppleWebKit/537.36 (KHTML, like Gecko) Mobile Safari/537.36 (compatible; PetalBot;+https://webmaster.petalsearch.com/site/petalbot)" "metrocrimedaily.com"
51.222.253.14 - - [26/Jan/2023:07:52:22 -0800] "GET /instagram-houston/01-24-2023-1555233-Wife--husband-planned-fatal-shooting-in-hospital-.txt HTTP/1.1" 200 1095 "-" "Mozilla/5.0 (compatible; AhrefsBot/7.0; +http://ahrefs.com/robot/)" "metrocrimedaily.com"
69.63.184.3 - - [26/Jan/2023:07:52:22 -0800] "GET /instagram-atlanta/01-26-2023-0951461-A.jpg HTTP/1.1" 200 127646 "-" "facebookexternalhit/1.1 (+http://www.facebook.com/externalhit_uatext.php)" "www.metrocrimedaily.com"
51.222.253.2 - - [26/Jan/2023:07:56:08 -0800] "GET /instagram-houston/01-24-2023-2048101-Bail-set-for-2-suspects-in-thefts-at-Motor-Werks-.txt HTTP/1.1" 200 1051 "-" "Mozilla/5.0 (compatible; AhrefsBot/7.0; +http://ahrefs.com/robot/)" "metrocrimedaily.com"
69.63.184.3 - - [26/Jan/2023:07:56:44 -0800] "GET /instagram-houston/01-26-2023-0956241-A.jpg HTTP/1.1" 200 202841 "-" "facebookexternalhit/1.1 (+http://www.facebook.com/externalhit_uatext.php)" "www.metrocrimedaily.com"
51.222.253.18 - - [26/Jan/2023:07:59:28 -0800] "GET /instagram-houston/01-24-2023-2048103-Highland-Park-leaders-say-they-ll-take-their-time.txt HTTP/1.1" 200 1037 "-" "Mozilla/5.0 (compatible; AhrefsBot/7.0; +http://ahrefs.com/robot/)" "metrocrimedaily.com"
69.63.184.3 - - [26/Jan/2023:07:59:44 -0800] "GET /instagram-miami/01-26-2023-0959241-A.jpg HTTP/1.1" 200 156132 "-" "facebookexternalhit/1.1 (+http://www.facebook.com/externalhit_uatext.php)" "www.metrocrimedaily.com"
51.222.253.17 - - [26/Jan/2023:08:03:12 -0800] "GET /instagram-houston/01-24-2023-2218291-Newport-News-man-spent-decades-trying-to-clear-hi.txt HTTP/1.1" 200 1118 "-" "Mozilla/5.0 (compatible; AhrefsBot/7.0; +http://ahrefs.com/robot/)" "metrocrimedaily.com"
69.63.184.120 - - [26/Jan/2023:08:03:57 -0800] "GET /instagram-stlouis/01-26-2023-0933012-A.jpg HTTP/1.1" 200 215515 "-" "facebookexternalhit/1.1 (+http://www.facebook.com/externalhit_uatext.php)" "www.metrocrimedaily.com"
66.249.70.122 - - [26/Jan/2023:08:05:33 -0800] "GET /news.yahoo.com HTTP/1.1" 404 88 "-" "Mozilla/5.0 (Linux; Android 6.0.1; Nexus 5X Build/MMB29P) AppleWebKit/537.36 (KHTML, like Gecko) Chrome/109.0.5414.101 Mobile Safari/537.36 (compatible; Googlebot/2.1; +http://www.google.com/bot.html)" "www.metrocrimedaily.com"
66.249.70.120 - - [26/Jan/2023:08:09:03 -0800] "GET /www.nbcmiami.com HTTP/1.1" 404 88 "-" "Mozilla/5.0 (Linux; Android 6.0.1; Nexus 5X Build/MMB29P) AppleWebKit/537.36 (KHTML, like Gecko) Chrome/109.0.5414.101 Mobile Safari/537.36 (compatible; Googlebot/2.1; +http://www.google.com/bot.html)" "www.metrocrimedaily.com"
51.222.253.6 - - [26/Jan/2023:08:10:15 -0800] "GET /instagram-houston/01-25-2023-0502531-KPRC-2-Investigates--Customer-service-runaround-f.txt HTTP/1.1" 200 803 "-" "Mozilla/5.0 (compatible; AhrefsBot/7.0; +http://ahrefs.com/robot/)" "metrocrimedaily.com"
66.249.70.114 - - [26/Jan/2023:08:10:32 -0800] "GET /www.fox5ny.com HTTP/1.1" 404 88 "-" "Mozilla/5.0 (Linux; Android 6.0.1; Nexus 5X Build/MMB29P) AppleWebKit/537.36 (KHTML, like Gecko) Chrome/109.0.5414.101 Mobile Safari/537.36 (compatible; Googlebot/2.1; +http://www.google.com/bot.html)" "www.metrocrimedaily.com"
69.63.184.119 - - [26/Jan/2023:08:12:41 -0800] "GET /instagram-chicago/01-26-2023-0941392-A.jpg HTTP/1.1" 200 93807 "-" "facebookexternalhit/1.1 (+http://www.facebook.com/externalhit_uatext.php)" "www.metrocrimedaily.com"
51.222.253.2 - - [26/Jan/2023:08:13:52 -0800] "GET /instagram-houston/01-25-2023-0502532--Happening-way-too-often---Report-delves-into-mas.txt HTTP/1.1" 200 1116 "-" "Mozilla/5.0 (compatible; AhrefsBot/7.0; +http://ahrefs.com/robot/)" "metrocrimedaily.com"
207.46.13.155 - - [26/Jan/2023:08:14:35 -0800] "GET /instagram-atlanta/12-20-2022-2120563-Georgia-Supreme-Court-orders-hearing-on-new-trial.txt HTTP/1.1" 404 88 "-" "Mozilla/5.0 AppleWebKit/537.36 (KHTML, like Gecko; compatible; bingbot/2.0; +http://www.bing.com/bingbot.htm) Chrome/103.0.5060.134 Safari/537.36" "www.metrocrimedaily.com"
69.63.184.117 - - [26/Jan/2023:08:15:42 -0800] "GET /instagram-neworleans/01-26-2023-1015221-A.jpg HTTP/1.1" 200 305591 "-" "facebookexternalhit/1.1 (+http://www.facebook.com/externalhit_uatext.php)" "www.metrocrimedaily.com"
69.63.184.3 - - [26/Jan/2023:08:16:09 -0800] "GET /instagram-neworleans/01-26-2023-1015222-A.jpg HTTP/1.1" 200 119789 "-" "facebookexternalhit/1.1 (+http://www.facebook.com/externalhit_uatext.php)" "www.metrocrimedaily.com"
51.222.253.12 - - [26/Jan/2023:08:17:42 -0800] "GET /CRIME-WATCH-AMERICA/CRIME-WATCH-DALLAS/previous.txt HTTP/1.1" 200 20 "-" "Mozilla/5.0 (compatible; AhrefsBot/7.0; +http://ahrefs.com/robot/)" "metrocrimedaily.com"
114.119.147.2 - - [26/Jan/2023:08:18:48 -0800] "GET /instagram-detroit/01-17-2023-1359312-Morning-4--Drunk-driver-lies-about-Detroit-freewa.txt HTTP/1.1" 404 88 "https://metrocrimedaily.com/instagram-detroit/" "Mozilla/5.0 (Linux; Android 7.0;) AppleWebKit/537.36 (KHTML, like Gecko) Mobile Safari/537.36 (compatible; PetalBot;+https://webmaster.petalsearch.com/site/petalbot)" "metrocrimedaily.com"
68.55.84.17 - - [26/Jan/2023:08:19:25 -0800] "GET / HTTP/1.1" 200 168386 "-" "Mozilla/5.0 (iPhone; CPU iPhone OS 16_1_2 like Mac OS X) AppleWebKit/605.1.15 (KHTML, like Gecko) Version/16.1 Mobile/15E148 Safari/604.1" "www.metrocrimedaily.com"
66.249.70.139 - - [26/Jan/2023:08:20:12 -0800] "GET /robots.txt HTTP/1.1" 404 88 "-" "Mozilla/5.0 (compatible; Googlebot/2.1; +http://www.google.com/bot.html)" "metrocrimedaily.com"
69.63.184.119 - - [26/Jan/2023:08:22:54 -0800] "GET /instagram-atlanta/01-26-2023-0951462-A.jpg HTTP/1.1" 200 94367 "-" "facebookexternalhit/1.1 (+http://www.facebook.com/externalhit_uatext.php)" "www.metrocrimedaily.com"
69.63.184.119 - - [26/Jan/2023:08:23:52 -0800] "GET /instagram-dallas/01-26-2023-1023291-A.jpg HTTP/1.1" 200 147705 "-" "facebookexternalhit/1.1 (+http://www.facebook.com/externalhit_uatext.php)" "www.metrocrimedaily.com"
51.222.253.2 - - [26/Jan/2023:08:24:01 -0800] "GET /robots.txt HTTP/1.1" 404 88 "-" "Mozilla/5.0 (compatible; AhrefsBot/7.0; +http://ahrefs.com/robot/)" "www.metrocrimedaily.com"
51.222.253.11 - - [26/Jan/2023:08:24:02 -0800] "GET /CRIME-WATCH-AMERICA/CRIME-WATCH-ATLANTA/?C=D;O=A HTTP/1.1" 200 1338 "-" "Mozilla/5.0 (compatible; AhrefsBot/7.0; +http://ahrefs.com/robot/)" "www.metrocrimedaily.com"
51.222.253.19 - - [26/Jan/2023:08:27:30 -0800] "GET /CRIME-WATCH-AMERICA/CRIME-WATCH-ATLANTA/?C=M;O=A HTTP/1.1" 200 1362 "-" "Mozilla/5.0 (compatible; AhrefsBot/7.0; +http://ahrefs.com/robot/)" "www.metrocrimedaily.com"
69.63.184.5 - - [26/Jan/2023:08:28:06 -0800] "GET /instagram-detroit/01-26-2023-1027451-A.jpg HTTP/1.1" 200 133251 "-" "facebookexternalhit/1.1 (+http://www.facebook.com/externalhit_uatext.php)" "www.metrocrimedaily.com"
66.249.70.118 - - [26/Jan/2023:08:30:01 -0800] "GET /images/crimeinthed-logo.jpg HTTP/1.1" 200 14960 "-" "Googlebot-Image/1.0" "www.metrocrimedaily.com"
69.63.184.5 - - [26/Jan/2023:08:34:30 -0800] "GET /instagram-stlouis/01-26-2023-0933013-A.jpg HTTP/1.1" 200 113200 "-" "facebookexternalhit/1.1 (+http://www.facebook.com/externalhit_uatext.php)" "www.metrocrimedaily.com"
69.63.184.120 - - [26/Jan/2023:08:34:53 -0800] "GET /instagram-stlouis/01-26-2023-0933014-A.jpg HTTP/1.1" 200 188981 "-" "facebookexternalhit/1.1 (+http://www.facebook.com/externalhit_uatext.php)" "www.metrocrimedaily.com"
51.222.253.2 - - [26/Jan/2023:08:34:53 -0800] "GET /CRIME-WATCH-AMERICA/CRIME-WATCH-ATLANTA/?C=M;O=A HTTP/1.1" 200 1362 "-" "Mozilla/5.0 (compatible; AhrefsBot/7.0; +http://ahrefs.com/robot/)" "www.metrocrimedaily.com"
69.63.184.116 - - [26/Jan/2023:08:35:33 -0800] "GET /instagram-miami/01-26-2023-1035121-A.jpg HTTP/1.1" 200 213971 "-" "facebookexternalhit/1.1 (+http://www.facebook.com/externalhit_uatext.php)" "www.metrocrimedaily.com"
114.119.141.18 - - [26/Jan/2023:08:41:19 -0800] "GET /instagram-detroit/01-16-2023-2322011-Deadly-carjacking-could-be-linked-to-robbery-in-D.txt HTTP/1.1" 404 88 "https://metrocrimedaily.com/instagram-detroit/" "Mozilla/5.0 (Linux; Android 7.0;) AppleWebKit/537.36 (KHTML, like Gecko) Mobile Safari/537.36 (compatible; PetalBot;+https://webmaster.petalsearch.com/site/petalbot)" "metrocrimedaily.com"
51.222.253.15 - - [26/Jan/2023:08:41:44 -0800] "GET /CRIME-WATCH-AMERICA/CRIME-WATCH-ATLANTA/?C=N;O=D HTTP/1.1" 200 1351 "-" "Mozilla/5.0 (compatible; AhrefsBot/7.0; +http://ahrefs.com/robot/)" "www.metrocrimedaily.com"
69.63.184.1 - - [26/Jan/2023:08:42:11 -0800] "GET /instagram-houston/01-26-2023-1041481-A.jpg HTTP/1.1" 200 125560 "-" "facebookexternalhit/1.1 (+http://www.facebook.com/externalhit_uatext.php)" "www.metrocrimedaily.com"
69.63.184.5 - - [26/Jan/2023:08:42:43 -0800] "GET /instagram-houston/01-26-2023-1041482-A.jpg HTTP/1.1" 200 183121 "-" "facebookexternalhit/1.1 (+http://www.facebook.com/externalhit_uatext.php)" "www.metrocrimedaily.com"
69.63.184.119 - - [26/Jan/2023:08:43:13 -0800] "GET /instagram-houston/01-26-2023-1041483-A.jpg HTTP/1.1" 200 167881 "-" "facebookexternalhit/1.1 (+http://www.facebook.com/externalhit_uatext.php)" "www.metrocrimedaily.com"
69.63.184.116 - - [26/Jan/2023:08:43:15 -0800] "GET /instagram-chicago/01-26-2023-0941393-A.jpg HTTP/1.1" 200 269813 "-" "facebookexternalhit/1.1 (+http://www.facebook.com/externalhit_uatext.php)" "www.metrocrimedaily.com"
157.55.39.187 - - [26/Jan/2023:08:47:02 -0800] "GET /instagram-atlanta/12-26-2022-2110511-Police-investigating-3-people-shot-on-Northside-D.txt HTTP/1.1" 404 88 "-" "Mozilla/5.0 AppleWebKit/537.36 (KHTML, like Gecko; compatible; bingbot/2.0; +http://www.bing.com/bingbot.htm) Chrome/103.0.5060.134 Safari/537.36" "www.metrocrimedaily.com"
51.222.253.1 - - [26/Jan/2023:08:48:52 -0800] "GET /CRIME-WATCH-AMERICA/CRIME-WATCH-ATLANTA/?C=N;O=D HTTP/1.1" 200 1351 "-" "Mozilla/5.0 (compatible; AhrefsBot/7.0; +http://ahrefs.com/robot/)" "www.metrocrimedaily.com"
69.63.184.4 - - [26/Jan/2023:08:53:26 -0800] "GET /instagram-atlanta/01-26-2023-0951463-A.jpg HTTP/1.1" 200 204700 "-" "facebookexternalhit/1.1 (+http://www.facebook.com/externalhit_uatext.php)" "www.metrocrimedaily.com"
69.63.184.119 - - [26/Jan/2023:08:58:37 -0800] "GET /instagram-losangeles/01-26-2023-1058141-A.jpg HTTP/1.1" 200 175632 "-" "facebookexternalhit/1.1 (+http://www.facebook.com/externalhit_uatext.php)" "www.metrocrimedaily.com"
114.119.152.204 - - [26/Jan/2023:09:01:52 -0800] "GET /instagram-detroit/01-16-2023-1913012-Police--Pontiac-mother-who-froze-to-death-had-men.txt HTTP/1.1" 404 88 "https://metrocrimedaily.com/instagram-detroit/" "Mozilla/5.0 (Linux; Android 7.0;) AppleWebKit/537.36 (KHTML, like Gecko) Mobile Safari/537.36 (compatible; PetalBot;+https://webmaster.petalsearch.com/site/petalbot)" "metrocrimedaily.com"
51.222.253.18 - - [26/Jan/2023:09:02:16 -0800] "GET /CRIME-WATCH-AMERICA/CRIME-WATCH-ATLANTA/post-to-instagram-RevD.bat HTTP/1.1" 200 7643 "-" "Mozilla/5.0 (compatible; AhrefsBot/7.0; +http://ahrefs.com/robot/)" "www.metrocrimedaily.com"
69.63.184.120 - - [26/Jan/2023:09:05:24 -0800] "GET /instagram-stlouis/01-26-2023-0933015-A.jpg HTTP/1.1" 200 162627 "-" "facebookexternalhit/1.1 (+http://www.facebook.com/externalhit_uatext.php)" "www.metrocrimedaily.com"
207.46.13.23 - - [26/Jan/2023:09:05:32 -0800] "GET /index-miami.html HTTP/1.1" 200 17003 "-" "Mozilla/5.0 AppleWebKit/537.36 (KHTML, like Gecko; compatible; bingbot/2.0; +http://www.bing.com/bingbot.htm) Chrome/103.0.5060.134 Safari/537.36" "metrocrimedaily.com"
69.63.184.1 - - [26/Jan/2023:09:05:49 -0800] "GET /instagram-stlouis/01-26-2023-0933016-A.jpg HTTP/1.1" 200 171843 "-" "facebookexternalhit/1.1 (+http://www.facebook.com/externalhit_uatext.php)" "www.metrocrimedaily.com"
69.63.184.111 - - [26/Jan/2023:09:06:17 -0800] "GET /instagram-stlouis/01-26-2023-0933017-A.jpg HTTP/1.1" 200 243933 "-" "facebookexternalhit/1.1 (+http://www.facebook.com/externalhit_uatext.php)" "www.metrocrimedaily.com"
69.63.184.4 - - [26/Jan/2023:09:11:49 -0800] "GET /instagram-neworleans/01-26-2023-1111281-A.jpg HTTP/1.1" 200 213524 "-" "facebookexternalhit/1.1 (+http://www.facebook.com/externalhit_uatext.php)" "www.metrocrimedaily.com"
69.63.184.119 - - [26/Jan/2023:09:12:15 -0800] "GET /instagram-neworleans/01-26-2023-1111282-A.jpg HTTP/1.1" 200 233014 "-" "facebookexternalhit/1.1 (+http://www.facebook.com/externalhit_uatext.php)" "www.metrocrimedaily.com"
69.63.184.3 - - [26/Jan/2023:09:13:49 -0800] "GET /instagram-chicago/01-26-2023-0941394-A.jpg HTTP/1.1" 200 95080 "-" "facebookexternalhit/1.1 (+http://www.facebook.com/externalhit_uatext.php)" "www.metrocrimedaily.com"
51.222.253.1 - - [26/Jan/2023:09:14:48 -0800] "GET / HTTP/1.1" 200 168638 "-" "Mozilla/5.0 (compatible; AhrefsBot/7.0; +http://ahrefs.com/robot/)" "www.metrocrimedaily.com"
51.222.253.1 - - [26/Jan/2023:09:15:29 -0800] "GET /images/facebook-logo-tiny.png HTTP/1.1" 200 1280 "-" "Mozilla/5.0 (compatible; AhrefsBot/7.0; +http://ahrefs.com/robot/)" "www.metrocrimedaily.com"
51.222.253.2 - - [26/Jan/2023:09:15:29 -0800] "GET / HTTP/1.1" 200 168638 "-" "Mozilla/5.0 (compatible; AhrefsBot/7.0; +http://ahrefs.com/robot/)" "www.metrocrimedaily.com"
51.222.253.8 - - [26/Jan/2023:09:15:30 -0800] "GET /images/twitter-logo-b-tiny.png HTTP/1.1" 200 1600 "-" "Mozilla/5.0 (compatible; AhrefsBot/7.0; +http://ahrefs.com/robot/)" "www.metrocrimedaily.com"
51.222.253.2 - - [26/Jan/2023:09:16:01 -0800] "GET /images/youtube-logo-tiny.png HTTP/1.1" 200 689 "-" "Mozilla/5.0 (compatible; AhrefsBot/7.0; +http://ahrefs.com/robot/)" "www.metrocrimedaily.com"
51.222.253.8 - - [26/Jan/2023:09:16:01 -0800] "GET /images/crimeinthed-logo.jpg HTTP/1.1" 200 14960 "-" "Mozilla/5.0 (compatible; AhrefsBot/7.0; +http://ahrefs.com/robot/)" "www.metrocrimedaily.com"
114.119.133.247 - - [26/Jan/2023:09:17:20 -0800] "GET /instagram-detroit/01-15-2023-1602043-Monroe-County-sheriff--Jail-inmate-hung-himself-i.txt HTTP/1.1" 404 88 "https://metrocrimedaily.com/instagram-detroit/" "Mozilla/5.0 (Linux; Android 7.0;) AppleWebKit/537.36 (KHTML, like Gecko) Mobile Safari/537.36 (compatible; PetalBot;+https://webmaster.petalsearch.com/site/petalbot)" "metrocrimedaily.com"
51.222.253.6 - - [26/Jan/2023:09:20:01 -0800] "GET /instagram-chicago/videos/ HTTP/1.1" 200 558 "-" "Mozilla/5.0 (compatible; AhrefsBot/7.0; +http://ahrefs.com/robot/)" "metrocrimedaily.com"
69.63.184.120 - - [26/Jan/2023:09:24:03 -0800] "GET /instagram-atlanta/01-26-2023-0951464-A.jpg HTTP/1.1" 200 181412 "-" "facebookexternalhit/1.1 (+http://www.facebook.com/externalhit_uatext.php)" "www.metrocrimedaily.com"
51.222.253.18 - - [26/Jan/2023:09:25:51 -0800] "GET /instagram-houston/post-later/?C=D;O=A HTTP/1.1" 200 6288 "-" "Mozilla/5.0 (compatible; AhrefsBot/7.0; +http://ahrefs.com/robot/)" "metrocrimedaily.com"
114.119.148.120 - - [26/Jan/2023:09:30:37 -0800] "GET /instagram-detroit/01-24-2023-2058291-Detroit-man-sentenced-to-life-in-prison-for-sexua.txt HTTP/1.1" 404 88 "https://metrocrimedaily.com/instagram-detroit/?C=S%3BO%3DA" "Mozilla/5.0 (Linux; Android 7.0;) AppleWebKit/537.36 (KHTML, like Gecko) Mobile Safari/537.36 (compatible; PetalBot;+https://webmaster.petalsearch.com/site/petalbot)" "metrocrimedaily.com"
51.222.253.2 - - [26/Jan/2023:09:31:16 -0800] "GET /instagram-houston/post-later/?C=S;O=A HTTP/1.1" 200 6604 "-" "Mozilla/5.0 (compatible; AhrefsBot/7.0; +http://ahrefs.com/robot/)" "metrocrimedaily.com"
93.158.161.39 - - [26/Jan/2023:09:32:00 -0800] "GET /robots.txt HTTP/1.1" 404 73 "-" "Mozilla/5.0 (compatible; YandexBot/3.0; +http://yandex.com/bots)" "metrocrimedaily.com"
77.88.5.23 - - [26/Jan/2023:09:32:02 -0800] "GET /robots.txt HTTP/1.1" 404 73 "-" "Mozilla/5.0 (compatible; YandexBot/3.0; +http://yandex.com/bots)" "www.metrocrimedaily.com"
77.88.5.217 - - [26/Jan/2023:09:32:02 -0800] "GET /robots.txt HTTP/1.1" 404 73 "-" "Mozilla/5.0 (compatible; YandexBot/3.0; +http://yandex.com/bots)" "metrocrimedaily.com"
77.88.5.40 - - [26/Jan/2023:09:32:05 -0800] "GET / HTTP/1.1" 200 168638 "-" "Mozilla/5.0 (compatible; YandexBot/3.0; +http://yandex.com/bots)" "metrocrimedaily.com"
77.88.5.40 - - [26/Jan/2023:09:32:06 -0800] "GET / HTTP/1.1" 200 168638 "-" "Mozilla/5.0 (compatible; YandexBot/3.0; +http://yandex.com/bots)" "www.metrocrimedaily.com"
77.88.5.23 - - [26/Jan/2023:09:32:07 -0800] "GET / HTTP/1.1" 200 168638 "-" "Mozilla/5.0 (compatible; YandexBot/3.0; +http://yandex.com/bots)" "metrocrimedaily.com"
51.222.253.8 - - [26/Jan/2023:09:36:38 -0800] "GET /instagram-houston/post-later/?C=N;O=A HTTP/1.1" 200 6288 "-" "Mozilla/5.0 (compatible; AhrefsBot/7.0; +http://ahrefs.com/robot/)" "metrocrimedaily.com"
69.63.184.119 - - [26/Jan/2023:09:37:48 -0800] "GET /instagram-memphis/01-26-2023-1137261-A.jpg HTTP/1.1" 200 246559 "-" "facebookexternalhit/1.1 (+http://www.facebook.com/externalhit_uatext.php)" "www.metrocrimedaily.com"
207.46.13.208 - - [26/Jan/2023:09:39:23 -0800] "GET /index-atlanta.html HTTP/1.1" 200 31376 "-" "Mozilla/5.0 AppleWebKit/537.36 (KHTML, like Gecko; compatible; bingbot/2.0; +http://www.bing.com/bingbot.htm) Chrome/103.0.5060.134 Safari/537.36" "metrocrimedaily.com"
69.63.184.2 - - [26/Jan/2023:09:40:01 -0800] "GET /instagram-newyork/01-26-2023-1139391-A.jpg HTTP/1.1" 200 99451 "-" "facebookexternalhit/1.1 (+http://www.facebook.com/externalhit_uatext.php)" "www.metrocrimedaily.com"
51.222.253.15 - - [26/Jan/2023:09:42:12 -0800] "GET /instagram-dallas/?C=D;O=A HTTP/1.1" 200 4596 "-" "Mozilla/5.0 (compatible; AhrefsBot/7.0; +http://ahrefs.com/robot/)" "www.metrocrimedaily.com"
114.119.152.161 - - [26/Jan/2023:09:43:16 -0800] "GET /instagram-detroit/01-15-2023-1327396-Detroit-police-looking-for-suspect-of-an-armed-ro.txt HTTP/1.1" 404 88 "https://metrocrimedaily.com/instagram-detroit/" "Mozilla/5.0 (Linux; Android 7.0;) AppleWebKit/537.36 (KHTML, like Gecko) Mobile Safari/537.36 (compatible; PetalBot;+https://webmaster.petalsearch.com/site/petalbot)" "metrocrimedaily.com"
69.63.184.117 - - [26/Jan/2023:09:44:22 -0800] "GET /instagram-chicago/01-26-2023-0941395-A.jpg HTTP/1.1" 200 475833 "-" "facebookexternalhit/1.1 (+http://www.facebook.com/externalhit_uatext.php)" "www.metrocrimedaily.com"
51.222.253.18 - - [26/Jan/2023:09:44:51 -0800] "GET /instagram-dallas/?C=M;O=A HTTP/1.1" 200 4595 "-" "Mozilla/5.0 (compatible; AhrefsBot/7.0; +http://ahrefs.com/robot/)" "www.metrocrimedaily.com"
69.63.184.119 - - [26/Jan/2023:09:45:07 -0800] "GET /instagram-dallas/01-26-2023-1144471-A.jpg HTTP/1.1" 200 179837 "-" "facebookexternalhit/1.1 (+http://www.facebook.com/externalhit_uatext.php)" "www.metrocrimedaily.com"
69.63.184.117 - - [26/Jan/2023:09:46:02 -0800] "GET /instagram-miami/01-26-2023-1145431-A.jpg HTTP/1.1" 200 72540 "-" "facebookexternalhit/1.1 (+http://www.facebook.com/externalhit_uatext.php)" "www.metrocrimedaily.com"
51.222.253.1 - - [26/Jan/2023:09:47:47 -0800] "GET /instagram-dallas/?C=S;O=A HTTP/1.1" 200 4766 "-" "Mozilla/5.0 (compatible; AhrefsBot/7.0; +http://ahrefs.com/robot/)" "www.metrocrimedaily.com"
51.222.253.9 - - [26/Jan/2023:09:49:32 -0800] "GET /CRIME-WATCH-AMERICA/CRIME-WATCH-DALLAS/gov-svc-detroit.html HTTP/1.1" 404 88 "-" "Mozilla/5.0 (compatible; AhrefsBot/7.0; +http://ahrefs.com/robot/)" "metrocrimedaily.com"
51.222.253.2 - - [26/Jan/2023:09:50:53 -0800] "GET /CRIME-WATCH-AMERICA/CRIME-WATCH-ATLANTA/?C=N;O=A HTTP/1.1" 200 1338 "-" "Mozilla/5.0 (compatible; AhrefsBot/7.0; +http://ahrefs.com/robot/)" "www.metrocrimedaily.com"
51.222.253.13 - - [26/Jan/2023:09:52:26 -0800] "GET /instagram-houston/01-23-2023-1615074-Man-sentenced-to-28-years-in-prison-after-swindli.txt HTTP/1.1" 200 568 "-" "Mozilla/5.0 (compatible; AhrefsBot/7.0; +http://ahrefs.com/robot/)" "metrocrimedaily.com"
69.63.184.3 - - [26/Jan/2023:09:54:36 -0800] "GET /instagram-atlanta/01-26-2023-0951465-A.jpg HTTP/1.1" 200 143253 "-" "facebookexternalhit/1.1 (+http://www.facebook.com/externalhit_uatext.php)" "www.metrocrimedaily.com"
69.63.184.120 - - [26/Jan/2023:09:55:19 -0800] "GET /instagram-stlouis/01-26-2023-1154371-A.jpg HTTP/1.1" 200 213600 "-" "facebookexternalhit/1.1 (+http://www.facebook.com/externalhit_uatext.php)" "www.metrocrimedaily.com"
51.222.253.17 - - [26/Jan/2023:09:55:47 -0800] "GET /instagram-houston/01-24-2023-1726094-Board-voting-on-superintendent-departure-after-te.txt HTTP/1.1" 200 20 "-" "Mozilla/5.0 (compatible; AhrefsBot/7.0; +http://ahrefs.com/robot/)" "metrocrimedaily.com"
69.63.184.117 - - [26/Jan/2023:09:55:48 -0800] "GET /instagram-stlouis/01-26-2023-1154372-A.jpg HTTP/1.1" 200 312965 "-" "facebookexternalhit/1.1 (+http://www.facebook.com/externalhit_uatext.php)" "www.metrocrimedaily.com"
69.63.184.117 - - [26/Jan/2023:09:56:17 -0800] "GET /instagram-stlouis/01-26-2023-1154373-A.jpg HTTP/1.1" 200 259278 "-" "facebookexternalhit/1.1 (+http://www.facebook.com/externalhit_uatext.php)" "www.metrocrimedaily.com"
69.63.184.1 - - [26/Jan/2023:09:56:45 -0800] "GET /instagram-stlouis/01-26-2023-1154374-A.jpg HTTP/1.1" 200 135200 "-" "facebookexternalhit/1.1 (+http://www.facebook.com/externalhit_uatext.php)" "www.metrocrimedaily.com"
69.63.184.5 - - [26/Jan/2023:09:57:14 -0800] "GET /instagram-stlouis/01-26-2023-1154375-A.jpg HTTP/1.1" 200 174585 "-" "facebookexternalhit/1.1 (+http://www.facebook.com/externalhit_uatext.php)" "www.metrocrimedaily.com"
69.63.184.2 - - [26/Jan/2023:09:57:41 -0800] "GET /instagram-stlouis/01-26-2023-1154376-A.jpg HTTP/1.1" 200 607159 "-" "facebookexternalhit/1.1 (+http://www.facebook.com/externalhit_uatext.php)" "www.metrocrimedaily.com"
114.119.159.79 - - [26/Jan/2023:09:58:52 -0800] "GET /instagram-dallas/ig-dallas-stories-to-post-later.txt HTTP/1.1" 200 4690 "https://metrocrimedaily.com/instagram-dallas/" "Mozilla/5.0 (Linux; Android 7.0;) AppleWebKit/537.36 (KHTML, like Gecko) Mobile Safari/537.36 (compatible; PetalBot;+https://webmaster.petalsearch.com/site/petalbot)" "metrocrimedaily.com"
51.222.253.16 - - [26/Jan/2023:10:02:07 -0800] "GET /instagram-houston/01-25-2023-1600192-Woman-s-body-found-in-wooded-area-in-Sunnyside-id.txt HTTP/1.1" 200 791 "-" "Mozilla/5.0 (compatible; AhrefsBot/7.0; +http://ahrefs.com/robot/)" "metrocrimedaily.com"
69.63.184.5 - - [26/Jan/2023:10:04:27 -0800] "GET /instagram-detroit/01-26-2023-1204031-A.jpg HTTP/1.1" 200 85297 "-" "facebookexternalhit/1.1 (+http://www.facebook.com/externalhit_uatext.php)" "www.metrocrimedaily.com"
51.222.253.19 - - [26/Jan/2023:10:05:15 -0800] "GET /instagram-houston/01-25-2023-1600194-Plea-agreement-reached-for-Houston-woman-accused-.txt HTTP/1.1" 200 811 "-" "Mozilla/5.0 (compatible; AhrefsBot/7.0; +http://ahrefs.com/robot/)" "metrocrimedaily.com"
69.63.184.2 - - [26/Jan/2023:10:08:20 -0800] "GET /instagram-memphis/01-26-2023-1137262-A.jpg HTTP/1.1" 200 223548 "-" "facebookexternalhit/1.1 (+http://www.facebook.com/externalhit_uatext.php)" "www.metrocrimedaily.com"
51.222.253.19 - - [26/Jan/2023:10:08:41 -0800] "GET /instagram-houston/01-25-2023-2142434-Naperville-police-chief-added-to-lawsuit-to-preve.txt HTTP/1.1" 200 1002 "-" "Mozilla/5.0 (compatible; AhrefsBot/7.0; +http://ahrefs.com/robot/)" "metrocrimedaily.com"
69.63.184.118 - - [26/Jan/2023:10:08:47 -0800] "GET /instagram-losangeles/01-26-2023-1208281-A.jpg HTTP/1.1" 200 124453 "-" "facebookexternalhit/1.1 (+http://www.facebook.com/externalhit_uatext.php)" "www.metrocrimedaily.com"
114.119.156.238 - - [26/Jan/2023:10:10:10 -0800] "GET /instagram-dallas/01-24-2023-2249461----I-Killed-Those-People-----Man-Called-Mom-to-Co.txt HTTP/1.1" 200 1112 "https://metrocrimedaily.com/instagram-dallas/" "Mozilla/5.0 (Linux; Android 7.0;) AppleWebKit/537.36 (KHTML, like Gecko) Mobile Safari/537.36 (compatible; PetalBot;+https://webmaster.petalsearch.com/site/petalbot)" "metrocrimedaily.com"
51.222.253.17 - - [26/Jan/2023:10:11:53 -0800] "GET /instagram-houston/01-25-2023-2352171-Raw-video--Man--woman-dead-in-apparent-murder-sui.txt HTTP/1.1" 200 49 "-" "Mozilla/5.0 (compatible; AhrefsBot/7.0; +http://ahrefs.com/robot/)" "metrocrimedaily.com"
69.63.184.1 - - [26/Jan/2023:10:14:59 -0800] "GET /instagram-chicago/01-26-2023-0941396-A.jpg HTTP/1.1" 200 119555 "-" "facebookexternalhit/1.1 (+http://www.facebook.com/externalhit_uatext.php)" "www.metrocrimedaily.com"
207.46.13.23 - - [26/Jan/2023:10:15:08 -0800] "GET /index-miami.html HTTP/1.1" 200 17003 "-" "Mozilla/5.0 AppleWebKit/537.36 (KHTML, like Gecko; compatible; bingbot/2.0; +http://www.bing.com/bingbot.htm) Chrome/103.0.5060.134 Safari/537.36" "metrocrimedaily.com"
51.222.253.11 - - [26/Jan/2023:10:15:14 -0800] "GET /instagram-houston/01-25-2023-2352172-Harris-County-prosecutor--TikTok-influencer----Ch.txt HTTP/1.1" 200 1140 "-" "Mozilla/5.0 (compatible; AhrefsBot/7.0; +http://ahrefs.com/robot/)" "metrocrimedaily.com"
69.63.184.118 - - [26/Jan/2023:10:15:45 -0800] "GET /instagram-dallas/01-26-2023-1144472-A.jpg HTTP/1.1" 200 71351 "-" "facebookexternalhit/1.1 (+http://www.facebook.com/externalhit_uatext.php)" "www.metrocrimedaily.com"
69.63.184.4 - - [26/Jan/2023:10:16:15 -0800] "GET /instagram-dallas/01-26-2023-1144473-A.jpg HTTP/1.1" 200 87106 "-" "facebookexternalhit/1.1 (+http://www.facebook.com/externalhit_uatext.php)" "www.metrocrimedaily.com"
69.63.184.4 - - [26/Jan/2023:10:16:46 -0800] "GET /instagram-dallas/01-26-2023-1144474-A.jpg HTTP/1.1" 200 66896 "-" "facebookexternalhit/1.1 (+http://www.facebook.com/externalhit_uatext.php)" "www.metrocrimedaily.com"
69.63.184.120 - - [26/Jan/2023:10:17:14 -0800] "GET /instagram-dallas/01-26-2023-1144475-A.jpg HTTP/1.1" 200 183522 "-" "facebookexternalhit/1.1 (+http://www.facebook.com/externalhit_uatext.php)" "www.metrocrimedaily.com"
69.63.184.1 - - [26/Jan/2023:10:17:43 -0800] "GET /instagram-dallas/01-26-2023-1144476-A.jpg HTTP/1.1" 200 167452 "-" "facebookexternalhit/1.1 (+http://www.facebook.com/externalhit_uatext.php)" "www.metrocrimedaily.com"
114.119.148.191 - - [26/Jan/2023:10:18:26 -0800] "GET /instagram-houston/01-24-2023-2332122-20-year-old-man-accused-of-killing-young-woman--h.txt HTTP/1.1" 200 1028 "https://metrocrimedaily.com/instagram-houston/" "Mozilla/5.0 (Linux; Android 7.0;) AppleWebKit/537.36 (KHTML, like Gecko) Mobile Safari/537.36 (compatible; PetalBot;+https://webmaster.petalsearch.com/site/petalbot)" "metrocrimedaily.com"
69.63.184.117 - - [26/Jan/2023:10:20:22 -0800] "GET /instagram-detroit/01-26-2023-1204032-A.jpg HTTP/1.1" 200 86938 "-" "facebookexternalhit/1.1 (+http://www.facebook.com/externalhit_uatext.php)" "www.metrocrimedaily.com"
51.222.253.11 - - [26/Jan/2023:10:21:25 -0800] "GET /CRIME-WATCH-AMERICA/CRIME-WATCH-ATLANTA/?C=M;O=A HTTP/1.1" 200 1362 "-" "Mozilla/5.0 (compatible; AhrefsBot/7.0; +http://ahrefs.com/robot/)" "metrocrimedaily.com"
69.63.184.1 - - [26/Jan/2023:10:24:18 -0800] "GET /instagram-losangeles/01-26-2023-1208282-A.jpg HTTP/1.1" 200 114107 "-" "facebookexternalhit/1.1 (+http://www.facebook.com/externalhit_uatext.php)" "www.metrocrimedaily.com"
51.222.253.17 - - [26/Jan/2023:10:24:36 -0800] "GET /CRIME-WATCH-AMERICA/CRIME-WATCH-ATLANTA/?C=N;O=D HTTP/1.1" 200 1351 "-" "Mozilla/5.0 (compatible; AhrefsBot/7.0; +http://ahrefs.com/robot/)" "metrocrimedaily.com"
69.63.184.118 - - [26/Jan/2023:10:25:10 -0800] "GET /instagram-atlanta/01-26-2023-0951466-A.jpg HTTP/1.1" 200 123758 "-" "facebookexternalhit/1.1 (+http://www.facebook.com/externalhit_uatext.php)" "www.metrocrimedaily.com"
76.184.252.42 - - [26/Jan/2023:10:25:12 -0800] "GET /images/police-tape.jpg HTTP/1.1" 200 50766 "-" "Wget/1.20.3 (mingw32)" "metrocrimedaily.com"
69.63.184.119 - - [26/Jan/2023:10:25:24 -0800] "GET /instagram-detroit/01-26-2023-1204033-A.jpg HTTP/1.1" 200 54929 "-" "facebookexternalhit/1.1 (+http://www.facebook.com/externalhit_uatext.php)" "www.metrocrimedaily.com"
114.119.143.123 - - [26/Jan/2023:10:26:50 -0800] "GET /instagram-dallas/01-24-2023-2124273--Bring-Nancy-Pelosi-Out---Judge-Convicts-Capitol-.txt HTTP/1.1" 200 1128 "https://metrocrimedaily.com/instagram-dallas/" "Mozilla/5.0 (Linux; Android 7.0;) AppleWebKit/537.36 (KHTML, like Gecko) Mobile Safari/537.36 (compatible; PetalBot;+https://webmaster.petalsearch.com/site/petalbot)" "metrocrimedaily.com"
51.222.253.13 - - [26/Jan/2023:10:27:57 -0800] "GET /CRIME-WATCH-AMERICA/CRIME-WATCH-ATLANTA/yt-dlp.exe HTTP/1.1" 200 106359 "-" "Mozilla/5.0 (compatible; AhrefsBot/7.0; +http://ahrefs.com/robot/)" "metrocrimedaily.com"
69.63.184.117 - - [26/Jan/2023:10:30:35 -0800] "GET /instagram-chicago/01-26-2023-0941397-A.jpg HTTP/1.1" 200 459272 "-" "facebookexternalhit/1.1 (+http://www.facebook.com/externalhit_uatext.php)" "www.metrocrimedaily.com"
69.63.184.2 - - [26/Jan/2023:10:33:36 -0800] "GET /instagram-neworleans/01-26-2023-1233161-A.jpg HTTP/1.1" 200 235776 "-" "facebookexternalhit/1.1 (+http://www.facebook.com/externalhit_uatext.php)" "www.metrocrimedaily.com"
114.119.154.5 - - [26/Jan/2023:10:33:49 -0800] "GET /instagram-dallas/01-24-2023-1927523-Fort-Worth-Initiative-Aims-to-Curb-Teen-Gun-Viole.txt HTTP/1.1" 200 1044 "https://metrocrimedaily.com/instagram-dallas/" "Mozilla/5.0 (Linux; Android 7.0;) AppleWebKit/537.36 (KHTML, like Gecko) Mobile Safari/537.36 (compatible; PetalBot;+https://webmaster.petalsearch.com/site/petalbot)" "metrocrimedaily.com"
51.222.253.11 - - [26/Jan/2023:10:34:16 -0800] "GET /CRIME-WATCH-AMERICA/CRIME-WATCH-DALLAS/yt-dlp.exe HTTP/1.1" 200 106359 "-" "Mozilla/5.0 (compatible; AhrefsBot/7.0; +http://ahrefs.com/robot/)" "metrocrimedaily.com"
51.222.253.16 - - [26/Jan/2023:10:37:28 -0800] "GET /CRIME-WATCH-AMERICA/CRIME-WATCH-ATLANTA/support/ HTTP/1.1" 200 964 "-" "Mozilla/5.0 (compatible; AhrefsBot/7.0; +http://ahrefs.com/robot/)" "www.metrocrimedaily.com"
69.63.184.4 - - [26/Jan/2023:10:38:09 -0800] "GET /instagram-stlouis/01-26-2023-1237431-A.jpg HTTP/1.1" 200 237025 "-" "facebookexternalhit/1.1 (+http://www.facebook.com/externalhit_uatext.php)" "www.metrocrimedaily.com"
69.63.184.120 - - [26/Jan/2023:10:38:37 -0800] "GET /instagram-stlouis/01-26-2023-1237432-A.jpg HTTP/1.1" 200 434580 "-" "facebookexternalhit/1.1 (+http://www.facebook.com/externalhit_uatext.php)" "www.metrocrimedaily.com"
69.63.184.4 - - [26/Jan/2023:10:39:05 -0800] "GET /instagram-stlouis/01-26-2023-1237433-A.jpg HTTP/1.1" 200 652455 "-" "facebookexternalhit/1.1 (+http://www.facebook.com/externalhit_uatext.php)" "www.metrocrimedaily.com"
51.222.253.2 - - [26/Jan/2023:10:39:06 -0800] "GET /CRIME-WATCH-AMERICA/CRIME-WATCH-ATLANTA/support/ HTTP/1.1" 200 964 "-" "Mozilla/5.0 (compatible; AhrefsBot/7.0; +http://ahrefs.com/robot/)" "www.metrocrimedaily.com"
69.63.184.1 - - [26/Jan/2023:10:39:10 -0800] "GET /instagram-memphis/01-26-2023-1238511-A.jpg HTTP/1.1" 200 165708 "-" "facebookexternalhit/1.1 (+http://www.facebook.com/externalhit_uatext.php)" "www.metrocrimedaily.com"
69.63.184.2 - - [26/Jan/2023:10:39:33 -0800] "GET /instagram-stlouis/01-26-2023-1237434-A.jpg HTTP/1.1" 200 131909 "-" "facebookexternalhit/1.1 (+http://www.facebook.com/externalhit_uatext.php)" "www.metrocrimedaily.com"
69.63.184.117 - - [26/Jan/2023:10:39:38 -0800] "GET /instagram-memphis/01-26-2023-1238512-A.jpg HTTP/1.1" 200 130030 "-" "facebookexternalhit/1.1 (+http://www.facebook.com/externalhit_uatext.php)" "www.metrocrimedaily.com"
69.63.184.2 - - [26/Jan/2023:10:41:04 -0800] "GET /instagram-detroit/01-26-2023-1204034-A.jpg HTTP/1.1" 200 650163 "-" "facebookexternalhit/1.1 (+http://www.facebook.com/externalhit_uatext.php)" "www.metrocrimedaily.com"
114.119.147.15 - - [26/Jan/2023:10:43:19 -0800] "GET /instagram-newyork/01-25-2023-0915381-Second-suspect--who-once-did-time-for-murder--nab.txt HTTP/1.1" 200 1095 "https://metrocrimedaily.com/instagram-newyork/?C=N%3BO%3DD" "Mozilla/5.0 (Linux; Android 7.0;) AppleWebKit/537.36 (KHTML, like Gecko) Mobile Safari/537.36 (compatible; PetalBot;+https://webmaster.petalsearch.com/site/petalbot)" "metrocrimedaily.com"
69.63.184.116 - - [26/Jan/2023:10:43:21 -0800] "GET /instagram-houston/01-26-2023-1243021-A.jpg HTTP/1.1" 200 91929 "-" "facebookexternalhit/1.1 (+http://www.facebook.com/externalhit_uatext.php)" "www.metrocrimedaily.com"
69.63.184.120 - - [26/Jan/2023:10:43:48 -0800] "GET /instagram-houston/01-26-2023-1243022-A.jpg HTTP/1.1" 200 155919 "-" "facebookexternalhit/1.1 (+http://www.facebook.com/externalhit_uatext.php)" "www.metrocrimedaily.com"
69.63.184.119 - - [26/Jan/2023:10:46:09 -0800] "GET /instagram-chicago/01-26-2023-0941398-A.jpg HTTP/1.1" 200 302923 "-" "facebookexternalhit/1.1 (+http://www.facebook.com/externalhit_uatext.php)" "www.metrocrimedaily.com"
207.46.13.208 - - [26/Jan/2023:10:46:10 -0800] "GET /instagram-dallas/12-23-2022-2147571-Michigan-Mom-is-Arrested-and-Accused-of-Sending-H.txt HTTP/1.1" 404 88 "-" "Mozilla/5.0 AppleWebKit/537.36 (KHTML, like Gecko; compatible; bingbot/2.0; +http://www.bing.com/bingbot.htm) Chrome/103.0.5060.134 Safari/537.36" "www.metrocrimedaily.com"
157.55.39.187 - - [26/Jan/2023:10:46:43 -0800] "GET /instagram-dallas/12-21-2022-2217222-Associates-of-FTX-founder-plead-guilty-to-crimina.txt HTTP/1.1" 404 88 "-" "Mozilla/5.0 AppleWebKit/537.36 (KHTML, like Gecko; compatible; bingbot/2.0; +http://www.bing.com/bingbot.htm) Chrome/103.0.5060.134 Safari/537.36" "www.metrocrimedaily.com"
51.222.253.12 - - [26/Jan/2023:10:47:17 -0800] "GET /CRIME-WATCH-AMERICA/CRIME-WATCH-ATLANTA/wput.exe HTTP/1.1" 200 118784 "-" "Mozilla/5.0 (compatible; AhrefsBot/7.0; +http://ahrefs.com/robot/)" "www.metrocrimedaily.com"
69.63.184.119 - - [26/Jan/2023:10:49:08 -0800] "GET /instagram-neworleans/01-26-2023-1233162-A.jpg HTTP/1.1" 200 662995 "-" "facebookexternalhit/1.1 (+http://www.facebook.com/externalhit_uatext.php)" "www.metrocrimedaily.com"
51.222.253.15 - - [26/Jan/2023:10:50:40 -0800] "GET /CRIME-WATCH-AMERICA/CRIME-WATCH-ATLANTA/wput.exe HTTP/1.1" 200 118784 "-" "Mozilla/5.0 (compatible; AhrefsBot/7.0; +http://ahrefs.com/robot/)" "www.metrocrimedaily.com"
69.63.184.5 - - [26/Jan/2023:10:51:09 -0800] "GET /instagram-dallas/01-26-2023-1250481-A.jpg HTTP/1.1" 200 170273 "-" "facebookexternalhit/1.1 (+http://www.facebook.com/externalhit_uatext.php)" "www.metrocrimedaily.com"
114.119.153.171 - - [26/Jan/2023:10:53:02 -0800] "GET /instagram-houston/01-24-2023-1726092--Always-smiling---Man-who-managed-ballroom-among-.txt HTTP/1.1" 200 1134 "https://metrocrimedaily.com/instagram-houston/" "Mozilla/5.0 (Linux; Android 7.0;) AppleWebKit/537.36 (KHTML, like Gecko) Mobile Safari/537.36 (compatible; PetalBot;+https://webmaster.petalsearch.com/site/petalbot)" "metrocrimedaily.com"
51.222.253.19 - - [26/Jan/2023:10:53:50 -0800] "GET /CRIME-WATCH-AMERICA/CRIME-WATCH-ATLANTA/youtube-dl.exe HTTP/1.1" 200 8031644 "-" "Mozilla/5.0 (compatible; AhrefsBot/7.0; +http://ahrefs.com/robot/)" "www.metrocrimedaily.com"
51.222.253.3 - - [26/Jan/2023:10:57:13 -0800] "GET /CRIME-WATCH-AMERICA/CRIME-WATCH-ATLANTA/yt-dlp.exe HTTP/1.1" 200 106359 "-" "Mozilla/5.0 (compatible; AhrefsBot/7.0; +http://ahrefs.com/robot/)" "www.metrocrimedaily.com"
51.222.253.8 - - [26/Jan/2023:11:00:30 -0800] "GET / HTTP/1.1" 200 169510 "-" "Mozilla/5.0 (compatible; AhrefsBot/7.0; +http://ahrefs.com/robot/)" "metrocrimedaily.com"
