114.119.159.135 - - [25/Jan/2023:19:21:28 -0800] "GET /instagram-dallas/01-23-2023-1833052-Three-suspects-arrested-in-connection-to-deadly-s.txt HTTP/1.1" 200 49 "https://metrocrimedaily.com/instagram-dallas/" "Mozilla/5.0 (Linux; Android 7.0;) AppleWebKit/537.36 (KHTML, like Gecko) Mobile Safari/537.36 (compatible; PetalBot;+https://webmaster.petalsearch.com/site/petalbot)" "metrocrimedaily.com"
114.119.154.200 - - [25/Jan/2023:19:23:41 -0800] "GET /instagram-detroit/01-18-2023-0949105-Manhunt-underway-for-Macomb-County-bank-robber;-s.txt HTTP/1.1" 404 88 "https://metrocrimedaily.com/instagram-detroit/" "Mozilla/5.0 (Linux; Android 7.0;) AppleWebKit/537.36 (KHTML, like Gecko) Mobile Safari/537.36 (compatible; PetalBot;+https://webmaster.petalsearch.com/site/petalbot)" "metrocrimedaily.com"
69.63.184.118 - - [25/Jan/2023:19:24:34 -0800] "GET /instagram-dallas/01-25-2023-2006286-A.jpg HTTP/1.1" 200 91476 "-" "facebookexternalhit/1.1 (+http://www.facebook.com/externalhit_uatext.php)" "www.metrocrimedaily.com"
69.63.184.3 - - [25/Jan/2023:19:25:01 -0800] "GET /instagram-dallas/01-25-2023-2006287-A.jpg HTTP/1.1" 200 149340 "-" "facebookexternalhit/1.1 (+http://www.facebook.com/externalhit_uatext.php)" "www.metrocrimedaily.com"
114.119.146.126 - - [25/Jan/2023:19:25:41 -0800] "GET /instagram-memphis/01-23-2023-1444172-Suspect-in-dance-club-shooting-killed-self-after-.txt HTTP/1.1" 200 1130 "https://metrocrimedaily.com/instagram-memphis/" "Mozilla/5.0 (Linux; Android 7.0;) AppleWebKit/537.36 (KHTML, like Gecko) Mobile Safari/537.36 (compatible; PetalBot;+https://webmaster.petalsearch.com/site/petalbot)" "metrocrimedaily.com"
69.63.184.5 - - [25/Jan/2023:19:26:09 -0800] "GET /instagram-detroit/01-25-2023-2108352-A.jpg HTTP/1.1" 200 218258 "-" "facebookexternalhit/1.1 (+http://www.facebook.com/externalhit_uatext.php)" "www.metrocrimedaily.com"
114.119.158.0 - - [25/Jan/2023:19:27:23 -0800] "GET /instagram-houston/ HTTP/1.1" 200 4046 "https://metrocrimedaily.com/?C=M%3BO%3DA" "Mozilla/5.0 (Linux; Android 7.0;) AppleWebKit/537.36 (KHTML, like Gecko) Mobile Safari/537.36 (compatible; PetalBot;+https://webmaster.petalsearch.com/site/petalbot)" "metrocrimedaily.com"
51.222.253.12 - - [25/Jan/2023:19:27:36 -0800] "GET /CRIME-WATCH-AMERICA/CRIME-WATCH-DALLAS/find-and-post-dallas-stories-RevV.bat HTTP/1.1" 200 16430 "-" "Mozilla/5.0 (compatible; AhrefsBot/7.0; +http://ahrefs.com/robot/)" "www.metrocrimedaily.com"
114.119.132.135 - - [25/Jan/2023:19:29:54 -0800] "GET /instagram-detroit/01-17-2023-0944037-Drunk-driver-lies-to-Michigan-police-about-I-94-s.txt HTTP/1.1" 404 88 "https://metrocrimedaily.com/instagram-detroit/" "Mozilla/5.0 (Linux; Android 7.0;) AppleWebKit/537.36 (KHTML, like Gecko) Mobile Safari/537.36 (compatible; PetalBot;+https://webmaster.petalsearch.com/site/petalbot)" "metrocrimedaily.com"
51.222.253.1 - - [25/Jan/2023:19:30:27 -0800] "GET /CRIME-WATCH-AMERICA/CRIME-WATCH-DALLAS/find-and-post-dallas-stories-RevW.bat HTTP/1.1" 200 16890 "-" "Mozilla/5.0 (compatible; AhrefsBot/7.0; +http://ahrefs.com/robot/)" "www.metrocrimedaily.com"
114.119.151.208 - - [25/Jan/2023:19:31:36 -0800] "GET /instagram-detroit/01-15-2023-1104182-Kalamazoo-Public-Safety-officer-arrested-on-fraud.txt HTTP/1.1" 404 88 "https://metrocrimedaily.com/instagram-detroit/" "Mozilla/5.0 (Linux; Android 7.0;) AppleWebKit/537.36 (KHTML, like Gecko) Mobile Safari/537.36 (compatible; PetalBot;+https://webmaster.petalsearch.com/site/petalbot)" "metrocrimedaily.com"
207.46.13.124 - - [25/Jan/2023:19:32:05 -0800] "GET /index-atlanta.html HTTP/1.1" 200 27816 "-" "Mozilla/5.0 AppleWebKit/537.36 (KHTML, like Gecko; compatible; bingbot/2.0; +http://www.bing.com/bingbot.htm) Chrome/103.0.5060.134 Safari/537.36" "metrocrimedaily.com"
51.222.253.20 - - [25/Jan/2023:19:32:48 -0800] "GET /CRIME-WATCH-AMERICA/CRIME-WATCH-DALLAS/find-and-post-dallas-stories-RevW.bat HTTP/1.1" 200 16890 "-" "Mozilla/5.0 (compatible; AhrefsBot/7.0; +http://ahrefs.com/robot/)" "www.metrocrimedaily.com"
114.119.156.142 - - [25/Jan/2023:19:34:00 -0800] "GET /instagram-dallas/?C=M%3BO%3DA HTTP/1.1" 200 4145 "https://metrocrimedaily.com/instagram-dallas/" "Mozilla/5.0 (Linux; Android 7.0;) AppleWebKit/537.36 (KHTML, like Gecko) Mobile Safari/537.36 (compatible; PetalBot;+https://webmaster.petalsearch.com/site/petalbot)" "metrocrimedaily.com"
51.222.253.19 - - [25/Jan/2023:19:35:03 -0800] "GET /CRIME-WATCH-AMERICA/CRIME-WATCH-DALLAS/ftp-out----.txt HTTP/1.1" 200 2640 "-" "Mozilla/5.0 (compatible; AhrefsBot/7.0; +http://ahrefs.com/robot/)" "www.metrocrimedaily.com"
114.119.138.25 - - [25/Jan/2023:19:36:32 -0800] "GET /instagram-dallas/01-23-2023-1411462-US-Proposes-Once-a-Year-COVID-Vaccine-for-Most-Am.txt HTTP/1.1" 200 1095 "https://metrocrimedaily.com/instagram-dallas/" "Mozilla/5.0 (Linux; Android 7.0;) AppleWebKit/537.36 (KHTML, like Gecko) Mobile Safari/537.36 (compatible; PetalBot;+https://webmaster.petalsearch.com/site/petalbot)" "metrocrimedaily.com"
51.222.253.3 - - [25/Jan/2023:19:37:36 -0800] "GET /CRIME-WATCH-AMERICA/CRIME-WATCH-DALLAS/index-dallas.html HTTP/1.1" 200 46 "-" "Mozilla/5.0 (compatible; AhrefsBot/7.0; +http://ahrefs.com/robot/)" "www.metrocrimedaily.com"
114.119.166.88 - - [25/Jan/2023:19:38:08 -0800] "GET /instagram-detroit/?C=S%3BO%3DA HTTP/1.1" 200 3395 "https://metrocrimedaily.com/instagram-detroit/?C=M%3BO%3DA" "Mozilla/5.0 (Linux; Android 7.0;) AppleWebKit/537.36 (KHTML, like Gecko) Mobile Safari/537.36 (compatible; PetalBot;+https://webmaster.petalsearch.com/site/petalbot)" "metrocrimedaily.com"
51.222.253.20 - - [25/Jan/2023:19:40:12 -0800] "GET /CRIME-WATCH-AMERICA/CRIME-WATCH-DALLAS/index-dallas.html HTTP/1.1" 200 46 "-" "Mozilla/5.0 (compatible; AhrefsBot/7.0; +http://ahrefs.com/robot/)" "www.metrocrimedaily.com"
114.119.146.38 - - [25/Jan/2023:19:40:17 -0800] "GET /index-stlouis.html HTTP/1.1" 200 25498 "https://metrocrimedaily.com/?C=M%3BO%3DA" "Mozilla/5.0 (Linux; Android 7.0;) AppleWebKit/537.36 (KHTML, like Gecko) Mobile Safari/537.36 (compatible; PetalBot;+https://webmaster.petalsearch.com/site/petalbot)" "metrocrimedaily.com"
20.228.95.56 - - [25/Jan/2023:19:40:47 -0800] "GET /maintenances HTTP/1.1" 404 73 "-" "-" "metrocrimedaily.com"
69.63.184.116 - - [25/Jan/2023:19:41:45 -0800] "GET /instagram-detroit/01-25-2023-2108353-A.jpg HTTP/1.1" 200 153484 "-" "facebookexternalhit/1.1 (+http://www.facebook.com/externalhit_uatext.php)" "www.metrocrimedaily.com"
34.219.132.245 - - [25/Jan/2023:19:42:04 -0800] "GET / HTTP/1.1" 200 165883 "-" "Mozilla/5.0 (X11; Linux x86_64) AppleWebKit/537.36 (KHTML, like Gecko) Chrome/83.0.4103.97 Safari/537.36" "metrocrimedaily.com"
52.88.71.214 - - [25/Jan/2023:19:42:04 -0800] "GET / HTTP/1.1" 200 165883 "-" "Mozilla/5.0 (X11; Linux x86_64) AppleWebKit/537.36 (KHTML, like Gecko) Chrome/83.0.4103.97 Safari/537.36" "metrocrimedaily.com"
114.119.129.33 - - [25/Jan/2023:19:42:33 -0800] "GET /index-houston.html HTTP/1.1" 200 33085 "https://metrocrimedaily.com/?C=M%3BO%3DA" "Mozilla/5.0 (Linux; Android 7.0;) AppleWebKit/537.36 (KHTML, like Gecko) Mobile Safari/537.36 (compatible; PetalBot;+https://webmaster.petalsearch.com/site/petalbot)" "metrocrimedaily.com"
54.149.233.226 - - [25/Jan/2023:19:42:36 -0800] "GET /favicon.ico HTTP/1.1" 404 88 "-" "Mozilla/5.0 (X11; Linux x86_64) AppleWebKit/537.36 (KHTML, like Gecko) Chrome/83.0.4103.97 Safari/537.36" "metrocrimedaily.com"
54.149.233.226 - - [25/Jan/2023:19:42:37 -0800] "GET / HTTP/1.1" 200 165883 "-" "Mozilla/5.0 (X11; Linux x86_64) AppleWebKit/537.36 (KHTML, like Gecko) Chrome/83.0.4103.97 Safari/537.36" "metrocrimedaily.com"
69.63.184.1 - - [25/Jan/2023:19:43:19 -0800] "GET /instagram-houston/01-25-2023-2142431-A.jpg HTTP/1.1" 200 73982 "-" "facebookexternalhit/1.1 (+http://www.facebook.com/externalhit_uatext.php)" "www.metrocrimedaily.com"
69.63.184.117 - - [25/Jan/2023:19:43:33 -0800] "GET /instagram-atlanta/01-25-2023-2143111-A.jpg HTTP/1.1" 200 120060 "-" "facebookexternalhit/1.1 (+http://www.facebook.com/externalhit_uatext.php)" "www.metrocrimedaily.com"
69.63.184.3 - - [25/Jan/2023:19:44:00 -0800] "GET /instagram-neworleans/01-25-2023-2143381-A.jpg HTTP/1.1" 200 206445 "-" "facebookexternalhit/1.1 (+http://www.facebook.com/externalhit_uatext.php)" "www.metrocrimedaily.com"
114.119.146.29 - - [25/Jan/2023:19:44:44 -0800] "GET /CRIME-WATCH-AMERICA/CRIME-WATCH-HOUSTON/ HTTP/1.1" 200 1194 "https://metrocrimedaily.com/CRIME-WATCH-AMERICA/?C=D%3BO%3DA" "Mozilla/5.0 (Linux; Android 7.0;) AppleWebKit/537.36 (KHTML, like Gecko) Mobile Safari/537.36 (compatible; PetalBot;+https://webmaster.petalsearch.com/site/petalbot)" "metrocrimedaily.com"
114.119.137.64 - - [25/Jan/2023:19:46:48 -0800] "GET /instagram-detroit/01-13-2023-1501446-Iowa-man-chased-down-by-deputies--jailed-for-stea.txt HTTP/1.1" 404 88 "https://metrocrimedaily.com/instagram-detroit/" "Mozilla/5.0 (Linux; Android 7.0;) AppleWebKit/537.36 (KHTML, like Gecko) Mobile Safari/537.36 (compatible; PetalBot;+https://webmaster.petalsearch.com/site/petalbot)" "metrocrimedaily.com"
69.63.184.119 - - [25/Jan/2023:19:48:26 -0800] "GET /instagram-memphis/01-25-2023-2148051-A.jpg HTTP/1.1" 200 201483 "-" "facebookexternalhit/1.1 (+http://www.facebook.com/externalhit_uatext.php)" "www.metrocrimedaily.com"
69.63.184.5 - - [25/Jan/2023:19:56:27 -0800] "GET /instagram-stlouis/01-25-2023-2156061-A.jpg HTTP/1.1" 200 120682 "-" "facebookexternalhit/1.1 (+http://www.facebook.com/externalhit_uatext.php)" "www.metrocrimedaily.com"
103.146.203.15 - - [25/Jan/2023:19:56:51 -0800] "GET /wp-login.php HTTP/1.1" 404 88 "" "Mozilla/5.0 (Windows NT 10.0; Win64; x64; rv:108.0) Gecko/20100101 Firefox/108.0" "metrocrimedaily.com"
69.63.184.3 - - [25/Jan/2023:19:57:22 -0800] "GET /instagram-detroit/01-25-2023-2108354-A.jpg HTTP/1.1" 200 51143 "-" "facebookexternalhit/1.1 (+http://www.facebook.com/externalhit_uatext.php)" "www.metrocrimedaily.com"
69.63.184.120 - - [25/Jan/2023:19:58:52 -0800] "GET /instagram-houston/01-25-2023-2142432-A.jpg HTTP/1.1" 200 78258 "-" "facebookexternalhit/1.1 (+http://www.facebook.com/externalhit_uatext.php)" "www.metrocrimedaily.com"
69.63.184.118 - - [25/Jan/2023:19:59:09 -0800] "GET /instagram-atlanta/01-25-2023-2143112-A.jpg HTTP/1.1" 200 115655 "-" "facebookexternalhit/1.1 (+http://www.facebook.com/externalhit_uatext.php)" "www.metrocrimedaily.com"
69.63.184.119 - - [25/Jan/2023:19:59:33 -0800] "GET /instagram-neworleans/01-25-2023-2143382-A.jpg HTTP/1.1" 200 205545 "-" "facebookexternalhit/1.1 (+http://www.facebook.com/externalhit_uatext.php)" "www.metrocrimedaily.com"
69.63.184.118 - - [25/Jan/2023:20:03:58 -0800] "GET /instagram-memphis/01-25-2023-2148052-A.jpg HTTP/1.1" 200 91292 "-" "facebookexternalhit/1.1 (+http://www.facebook.com/externalhit_uatext.php)" "www.metrocrimedaily.com"
51.222.253.17 - - [25/Jan/2023:20:06:27 -0800] "GET /CRIME-WATCH-AMERICA/CRIME-WATCH-ATLANTA/gov-svc-detroit.html HTTP/1.1" 404 88 "-" "Mozilla/5.0 (compatible; AhrefsBot/7.0; +http://ahrefs.com/robot/)" "www.metrocrimedaily.com"
54.36.148.112 - - [25/Jan/2023:20:12:53 -0800] "GET /robots.txt HTTP/1.1" 404 88 "-" "Mozilla/5.0 (compatible; AhrefsBot/7.0; +http://ahrefs.com/robot/)" "www.metrocrimedaily.com"
51.222.253.8 - - [25/Jan/2023:20:12:54 -0800] "GET /CRIME-WATCH-AMERICA/CRIME-WATCH-ATLANTA/index-atlanta.html HTTP/1.1" 404 88 "-" "Mozilla/5.0 (compatible; AhrefsBot/7.0; +http://ahrefs.com/robot/)" "www.metrocrimedaily.com"
69.63.189.2 - - [25/Jan/2023:20:12:54 -0800] "GET /instagram-detroit/01-25-2023-2108355-A.jpg HTTP/1.1" 200 99431 "-" "facebookexternalhit/1.1 (+http://www.facebook.com/externalhit_uatext.php)" "www.metrocrimedaily.com"
69.63.189.4 - - [25/Jan/2023:20:13:25 -0800] "GET /instagram-detroit/01-25-2023-2108356-A.jpg HTTP/1.1" 200 75418 "-" "facebookexternalhit/1.1 (+http://www.facebook.com/externalhit_uatext.php)" "www.metrocrimedaily.com"
69.63.189.4 - - [25/Jan/2023:20:14:24 -0800] "GET /instagram-houston/01-25-2023-2142433-A.jpg HTTP/1.1" 200 74091 "-" "facebookexternalhit/1.1 (+http://www.facebook.com/externalhit_uatext.php)" "www.metrocrimedaily.com"
77.75.77.119 - - [25/Jan/2023:20:17:00 -0800] "GET /robots.txt HTTP/1.1" 404 88 "-" "Mozilla/5.0 (compatible; SeznamBot/4.0-RC1; +http://napoveda.seznam.cz/seznambot-intro/)" "metrocrimedaily.com"
77.75.77.119 - - [25/Jan/2023:20:17:00 -0800] "GET /index.html HTTP/1.1" 200 166959 "-" "Mozilla/5.0 (compatible; SeznamBot/4.0-RC1; +http://napoveda.seznam.cz/seznambot-intro/)" "metrocrimedaily.com"
69.63.189.5 - - [25/Jan/2023:20:19:30 -0800] "GET /instagram-memphis/01-25-2023-2148053-A.jpg HTTP/1.1" 200 178670 "-" "facebookexternalhit/1.1 (+http://www.facebook.com/externalhit_uatext.php)" "www.metrocrimedaily.com"
66.249.70.131 - - [25/Jan/2023:20:19:48 -0800] "GET /robots.txt HTTP/1.1" 404 88 "-" "Mozilla/5.0 (compatible; Googlebot/2.1; +http://www.google.com/bot.html)" "metrocrimedaily.com"
51.222.253.9 - - [25/Jan/2023:20:19:52 -0800] "GET /CRIME-WATCH-AMERICA/CRIME-WATCH-ATLANTA/privacy-policy.html HTTP/1.1" 404 88 "-" "Mozilla/5.0 (compatible; AhrefsBot/7.0; +http://ahrefs.com/robot/)" "www.metrocrimedaily.com"
69.63.189.116 - - [25/Jan/2023:20:19:57 -0800] "GET /instagram-memphis/01-25-2023-2148054-A.jpg HTTP/1.1" 200 230528 "-" "facebookexternalhit/1.1 (+http://www.facebook.com/externalhit_uatext.php)" "www.metrocrimedaily.com"
69.63.189.4 - - [25/Jan/2023:20:20:25 -0800] "GET /instagram-memphis/01-25-2023-2148055-A.jpg HTTP/1.1" 200 175617 "-" "facebookexternalhit/1.1 (+http://www.facebook.com/externalhit_uatext.php)" "www.metrocrimedaily.com"
69.63.189.4 - - [25/Jan/2023:20:20:53 -0800] "GET /instagram-memphis/01-25-2023-2148056-A.jpg HTTP/1.1" 200 114436 "-" "facebookexternalhit/1.1 (+http://www.facebook.com/externalhit_uatext.php)" "www.metrocrimedaily.com"
51.222.253.16 - - [25/Jan/2023:20:23:10 -0800] "GET /CRIME-WATCH-AMERICA/CRIME-WATCH-DALLAS/INSTAGRAM-AUTOMATION/post-to-instagram-RevA.bat HTTP/1.1" 200 4213 "-" "Mozilla/5.0 (compatible; AhrefsBot/7.0; +http://ahrefs.com/robot/)" "metrocrimedaily.com"
69.63.189.1 - - [25/Jan/2023:20:23:50 -0800] "GET /instagram-stlouis/01-25-2023-2223301-A.jpg HTTP/1.1" 200 453470 "-" "facebookexternalhit/1.1 (+http://www.facebook.com/externalhit_uatext.php)" "www.metrocrimedaily.com"
69.63.189.4 - - [25/Jan/2023:20:23:55 -0800] "GET /instagram-dallas/01-25-2023-2223341-A.jpg HTTP/1.1" 200 126792 "-" "facebookexternalhit/1.1 (+http://www.facebook.com/externalhit_uatext.php)" "www.metrocrimedaily.com"
51.222.253.20 - - [25/Jan/2023:20:26:35 -0800] "GET /CRIME-WATCH-AMERICA/CRIME-WATCH-DALLAS/INSTAGRAM-AUTOMATION/?C=N;O=A HTTP/1.1" 200 938 "-" "Mozilla/5.0 (compatible; AhrefsBot/7.0; +http://ahrefs.com/robot/)" "metrocrimedaily.com"
69.63.189.4 - - [25/Jan/2023:20:29:54 -0800] "GET /instagram-houston/01-25-2023-2142434-A.jpg HTTP/1.1" 200 159293 "-" "facebookexternalhit/1.1 (+http://www.facebook.com/externalhit_uatext.php)" "www.metrocrimedaily.com"
69.63.189.4 - - [25/Jan/2023:20:39:29 -0800] "GET /instagram-dallas/01-25-2023-2223342-A.jpg HTTP/1.1" 200 122500 "-" "facebookexternalhit/1.1 (+http://www.facebook.com/externalhit_uatext.php)" "www.metrocrimedaily.com"
37.187.55.231 - - [25/Jan/2023:20:40:06 -0800] "GET /wp-login.php HTTP/1.1" 404 88 "" "Mozilla/5.0 (Windows NT 10.0; Win64; x64; rv:108.0) Gecko/20100101 Firefox/108.0" "metrocrimedaily.com"
69.63.184.1 - - [25/Jan/2023:20:42:37 -0800] "GET /instagram-losangeles/01-25-2023-2242171-A.jpg HTTP/1.1" 200 171668 "-" "facebookexternalhit/1.1 (+http://www.facebook.com/externalhit_uatext.php)" "www.metrocrimedaily.com"
114.119.134.123 - - [25/Jan/2023:20:42:37 -0800] "GET /instagram-detroit/post-later/ HTTP/1.1" 200 995 "https://metrocrimedaily.com/instagram-detroit/?C=M%3BO%3DA" "Mozilla/5.0 (Linux; Android 7.0;) AppleWebKit/537.36 (KHTML, like Gecko) Mobile Safari/537.36 (compatible; PetalBot;+https://webmaster.petalsearch.com/site/petalbot)" "metrocrimedaily.com"
69.63.184.5 - - [25/Jan/2023:20:45:27 -0800] "GET /instagram-houston/01-25-2023-2142435-A.jpg HTTP/1.1" 200 107063 "-" "facebookexternalhit/1.1 (+http://www.facebook.com/externalhit_uatext.php)" "www.metrocrimedaily.com"
69.63.184.120 - - [25/Jan/2023:20:46:00 -0800] "GET /instagram-neworleans/01-25-2023-2245401-A.jpg HTTP/1.1" 200 165823 "-" "facebookexternalhit/1.1 (+http://www.facebook.com/externalhit_uatext.php)" "www.metrocrimedaily.com"
193.169.253.80 - - [25/Jan/2023:20:49:42 -0800] "GET / HTTP/1.1" 200 1451380 "-" "Mozilla/5.0 (Windows NT 10.0; Win64; x64) AppleWebKit/537.36 (KHTML, like Gecko) Chrome/79.0 Safari/537.36" "metrocrimedaily.com"
193.169.253.80 - - [25/Jan/2023:20:49:50 -0800] "GET /wp-includes/wlwmanifest.xml HTTP/1.1" 404 73 "-" "Mozilla/5.0 (Windows NT 10.0; Win64; x64) AppleWebKit/537.36 (KHTML, like Gecko) Chrome/79.0 Safari/537.36" "metrocrimedaily.com"
193.169.253.80 - - [25/Jan/2023:20:49:50 -0800] "GET /xmlrpc.php?rsd HTTP/1.1" 500 4955 "-" "Mozilla/5.0 (Windows NT 10.0; Win64; x64) AppleWebKit/537.36 (KHTML, like Gecko) Chrome/79.0 Safari/537.36" "metrocrimedaily.com"
193.169.253.80 - - [25/Jan/2023:20:49:50 -0800] "GET /blog/wp-includes/wlwmanifest.xml HTTP/1.1" 404 73 "-" "Mozilla/5.0 (Windows NT 10.0; Win64; x64) AppleWebKit/537.36 (KHTML, like Gecko) Chrome/79.0 Safari/537.36" "metrocrimedaily.com"
193.169.253.80 - - [25/Jan/2023:20:49:51 -0800] "GET /web/wp-includes/wlwmanifest.xml HTTP/1.1" 404 73 "-" "Mozilla/5.0 (Windows NT 10.0; Win64; x64) AppleWebKit/537.36 (KHTML, like Gecko) Chrome/79.0 Safari/537.36" "metrocrimedaily.com"
193.169.253.80 - - [25/Jan/2023:20:49:51 -0800] "GET /wordpress/wp-includes/wlwmanifest.xml HTTP/1.1" 404 73 "-" "Mozilla/5.0 (Windows NT 10.0; Win64; x64) AppleWebKit/537.36 (KHTML, like Gecko) Chrome/79.0 Safari/537.36" "metrocrimedaily.com"
193.169.253.80 - - [25/Jan/2023:20:49:51 -0800] "GET /website/wp-includes/wlwmanifest.xml HTTP/1.1" 404 73 "-" "Mozilla/5.0 (Windows NT 10.0; Win64; x64) AppleWebKit/537.36 (KHTML, like Gecko) Chrome/79.0 Safari/537.36" "metrocrimedaily.com"
193.169.253.80 - - [25/Jan/2023:20:49:51 -0800] "GET /wp/wp-includes/wlwmanifest.xml HTTP/1.1" 404 73 "-" "Mozilla/5.0 (Windows NT 10.0; Win64; x64) AppleWebKit/537.36 (KHTML, like Gecko) Chrome/79.0 Safari/537.36" "metrocrimedaily.com"
193.169.253.80 - - [25/Jan/2023:20:49:52 -0800] "GET /news/wp-includes/wlwmanifest.xml HTTP/1.1" 404 73 "-" "Mozilla/5.0 (Windows NT 10.0; Win64; x64) AppleWebKit/537.36 (KHTML, like Gecko) Chrome/79.0 Safari/537.36" "metrocrimedaily.com"
193.169.253.80 - - [25/Jan/2023:20:49:52 -0800] "GET /wp1/wp-includes/wlwmanifest.xml HTTP/1.1" 404 73 "-" "Mozilla/5.0 (Windows NT 10.0; Win64; x64) AppleWebKit/537.36 (KHTML, like Gecko) Chrome/79.0 Safari/537.36" "metrocrimedaily.com"
193.169.253.80 - - [25/Jan/2023:20:49:52 -0800] "GET /test/wp-includes/wlwmanifest.xml HTTP/1.1" 404 73 "-" "Mozilla/5.0 (Windows NT 10.0; Win64; x64) AppleWebKit/537.36 (KHTML, like Gecko) Chrome/79.0 Safari/537.36" "metrocrimedaily.com"
193.169.253.80 - - [25/Jan/2023:20:49:53 -0800] "GET /wp2/wp-includes/wlwmanifest.xml HTTP/1.1" 404 73 "-" "Mozilla/5.0 (Windows NT 10.0; Win64; x64) AppleWebKit/537.36 (KHTML, like Gecko) Chrome/79.0 Safari/537.36" "metrocrimedaily.com"
193.169.253.80 - - [25/Jan/2023:20:49:53 -0800] "GET /site/wp-includes/wlwmanifest.xml HTTP/1.1" 404 73 "-" "Mozilla/5.0 (Windows NT 10.0; Win64; x64) AppleWebKit/537.36 (KHTML, like Gecko) Chrome/79.0 Safari/537.36" "metrocrimedaily.com"
193.169.253.80 - - [25/Jan/2023:20:49:53 -0800] "GET /cms/wp-includes/wlwmanifest.xml HTTP/1.1" 404 73 "-" "Mozilla/5.0 (Windows NT 10.0; Win64; x64) AppleWebKit/537.36 (KHTML, like Gecko) Chrome/79.0 Safari/537.36" "metrocrimedaily.com"
193.169.253.80 - - [25/Jan/2023:20:49:54 -0800] "GET /sito/wp-includes/wlwmanifest.xml HTTP/1.1" 404 73 "-" "Mozilla/5.0 (Windows NT 10.0; Win64; x64) AppleWebKit/537.36 (KHTML, like Gecko) Chrome/79.0 Safari/537.36" "metrocrimedaily.com"
207.46.13.23 - - [25/Jan/2023:20:55:03 -0800] "GET /index-miami.html HTTP/1.1" 200 14983 "-" "Mozilla/5.0 AppleWebKit/537.36 (KHTML, like Gecko; compatible; bingbot/2.0; +http://www.bing.com/bingbot.htm) Chrome/103.0.5060.134 Safari/537.36" "metrocrimedaily.com"
69.63.184.118 - - [25/Jan/2023:20:55:03 -0800] "GET /instagram-dallas/01-25-2023-2223343-A.jpg HTTP/1.1" 200 216336 "-" "facebookexternalhit/1.1 (+http://www.facebook.com/externalhit_uatext.php)" "www.metrocrimedaily.com"
69.63.184.118 - - [25/Jan/2023:20:56:31 -0800] "GET /instagram-miami/01-25-2023-2256111-A.jpg HTTP/1.1" 200 114152 "-" "facebookexternalhit/1.1 (+http://www.facebook.com/externalhit_uatext.php)" "www.metrocrimedaily.com"
51.222.253.9 - - [25/Jan/2023:20:57:32 -0800] "GET /CRIME-WATCH-AMERICA/CRIME-WATCH-ATLANTA/youtube-dl.exe HTTP/1.1" 200 8031644 "-" "Mozilla/5.0 (compatible; AhrefsBot/7.0; +http://ahrefs.com/robot/)" "metrocrimedaily.com"
69.63.184.117 - - [25/Jan/2023:21:00:59 -0800] "GET /instagram-houston/01-25-2023-2142436-A.jpg HTTP/1.1" 200 108370 "-" "facebookexternalhit/1.1 (+http://www.facebook.com/externalhit_uatext.php)" "www.metrocrimedaily.com"
69.63.184.1 - - [25/Jan/2023:21:01:25 -0800] "GET /instagram-houston/01-25-2023-2142437-A.jpg HTTP/1.1" 200 127496 "-" "facebookexternalhit/1.1 (+http://www.facebook.com/externalhit_uatext.php)" "www.metrocrimedaily.com"
69.63.184.120 - - [25/Jan/2023:21:01:31 -0800] "GET /instagram-neworleans/01-25-2023-2245402-A.jpg HTTP/1.1" 200 209654 "-" "facebookexternalhit/1.1 (+http://www.facebook.com/externalhit_uatext.php)" "www.metrocrimedaily.com"
51.222.253.1 - - [25/Jan/2023:21:04:43 -0800] "GET /CRIME-WATCH-AMERICA/CRIME-WATCH-DALLAS/fgrep-input.txt HTTP/1.1" 200 435 "-" "Mozilla/5.0 (compatible; AhrefsBot/7.0; +http://ahrefs.com/robot/)" "metrocrimedaily.com"
69.63.184.5 - - [25/Jan/2023:21:10:22 -0800] "GET /instagram-atlanta/01-25-2023-2309171-A.jpg HTTP/1.1" 200 98024 "-" "facebookexternalhit/1.1 (+http://www.facebook.com/externalhit_uatext.php)" "www.metrocrimedaily.com"
69.63.184.119 - - [25/Jan/2023:21:10:37 -0800] "GET /instagram-dallas/01-25-2023-2223344-A.jpg HTTP/1.1" 200 177694 "-" "facebookexternalhit/1.1 (+http://www.facebook.com/externalhit_uatext.php)" "www.metrocrimedaily.com"
66.249.70.131 - - [25/Jan/2023:21:13:27 -0800] "GET /instagram-chicago/01-23-2023-1519481-A.jpg HTTP/1.1" 200 605916 "-" "Googlebot-Image/1.0" "metrocrimedaily.com"
66.249.70.131 - - [25/Jan/2023:21:13:31 -0800] "GET /instagram-chicago/01-23-2023-2109411-A.jpg HTTP/1.1" 200 62087 "-" "Googlebot-Image/1.0" "metrocrimedaily.com"
66.249.70.132 - - [25/Jan/2023:21:14:03 -0800] "GET /instagram-chicago/01-24-2023-2035513-A.jpg HTTP/1.1" 200 77607 "-" "Googlebot-Image/1.0" "metrocrimedaily.com"
66.249.70.130 - - [25/Jan/2023:21:14:25 -0800] "GET /instagram-chicago/01-24-2023-20355123-A.jpg HTTP/1.1" 200 100176 "-" "Googlebot-Image/1.0" "metrocrimedaily.com"
66.249.70.130 - - [25/Jan/2023:21:16:08 -0800] "GET /instagram-chicago/01-24-2023-0027001-A.jpg HTTP/1.1" 200 184422 "-" "Googlebot-Image/1.0" "metrocrimedaily.com"
69.63.184.120 - - [25/Jan/2023:21:16:18 -0800] "GET /instagram-memphis/01-25-2023-2315581-A.jpg HTTP/1.1" 200 92467 "-" "facebookexternalhit/1.1 (+http://www.facebook.com/externalhit_uatext.php)" "www.metrocrimedaily.com"
69.63.184.116 - - [25/Jan/2023:21:17:01 -0800] "GET /instagram-neworleans/01-25-2023-2245403-A.jpg HTTP/1.1" 200 209654 "-" "facebookexternalhit/1.1 (+http://www.facebook.com/externalhit_uatext.php)" "www.metrocrimedaily.com"
66.249.70.131 - - [25/Jan/2023:21:17:12 -0800] "GET /instagram-chicago/01-24-2023-2035518-A.jpg HTTP/1.1" 200 503262 "-" "Googlebot-Image/1.0" "metrocrimedaily.com"
66.249.70.131 - - [25/Jan/2023:21:17:14 -0800] "GET /instagram-chicago/01-24-2023-20355110-A.jpg HTTP/1.1" 200 377183 "-" "Googlebot-Image/1.0" "metrocrimedaily.com"
51.222.253.8 - - [25/Jan/2023:21:17:19 -0800] "GET /CRIME-WATCH-AMERICA/CRIME-WATCH-DALLAS/index-dallas.html HTTP/1.1" 200 46 "-" "Mozilla/5.0 (compatible; AhrefsBot/7.0; +http://ahrefs.com/robot/)" "metrocrimedaily.com"
66.249.70.131 - - [25/Jan/2023:21:20:57 -0800] "GET /instagram-chicago/01-24-2023-2035515-A.jpg HTTP/1.1" 200 87964 "-" "Googlebot-Image/1.0" "metrocrimedaily.com"
51.222.253.8 - - [25/Jan/2023:21:24:17 -0800] "GET /CRIME-WATCH-AMERICA/CRIME-WATCH-DALLAS/mcd-epilog.html HTTP/1.1" 200 439 "-" "Mozilla/5.0 (compatible; AhrefsBot/7.0; +http://ahrefs.com/robot/)" "metrocrimedaily.com"
69.63.184.120 - - [25/Jan/2023:21:24:56 -0800] "GET /instagram-stlouis/01-25-2023-2324361-A.jpg HTTP/1.1" 200 240955 "-" "facebookexternalhit/1.1 (+http://www.facebook.com/externalhit_uatext.php)" "www.metrocrimedaily.com"
51.222.253.11 - - [25/Jan/2023:21:25:31 -0800] "GET /CRIME-WATCH-AMERICA/CRIME-WATCH-DALLAS/images/facebook-logo-tiny.png HTTP/1.1" 404 88 "-" "Mozilla/5.0 (compatible; AhrefsBot/7.0; +http://ahrefs.com/robot/)" "metrocrimedaily.com"
51.222.253.8 - - [25/Jan/2023:21:25:31 -0800] "GET /CRIME-WATCH-AMERICA/CRIME-WATCH-DALLAS/images/youtube-logo-tiny.png HTTP/1.1" 404 88 "-" "Mozilla/5.0 (compatible; AhrefsBot/7.0; +http://ahrefs.com/robot/)" "metrocrimedaily.com"
69.63.184.117 - - [25/Jan/2023:21:25:54 -0800] "GET /instagram-atlanta/01-25-2023-2309172-A.jpg HTTP/1.1" 200 85319 "-" "facebookexternalhit/1.1 (+http://www.facebook.com/externalhit_uatext.php)" "www.metrocrimedaily.com"
69.63.184.2 - - [25/Jan/2023:21:26:12 -0800] "GET /instagram-dallas/01-25-2023-2223345-A.jpg HTTP/1.1" 200 124359 "-" "facebookexternalhit/1.1 (+http://www.facebook.com/externalhit_uatext.php)" "www.metrocrimedaily.com"
66.249.70.130 - - [25/Jan/2023:21:26:21 -0800] "GET /instagram-chicago/01-24-2023-20355113-A.jpg HTTP/1.1" 200 123987 "-" "Googlebot-Image/1.0" "metrocrimedaily.com"
66.249.70.130 - - [25/Jan/2023:21:26:28 -0800] "GET /instagram-chicago/01-23-2023-2017501-A.jpg HTTP/1.1" 200 72460 "-" "Googlebot-Image/1.0" "metrocrimedaily.com"
51.222.253.12 - - [25/Jan/2023:21:26:32 -0800] "GET /CRIME-WATCH-AMERICA/CRIME-WATCH-DALLAS/images/twitter-logo-b-tiny.png HTTP/1.1" 404 88 "-" "Mozilla/5.0 (compatible; AhrefsBot/7.0; +http://ahrefs.com/robot/)" "metrocrimedaily.com"
66.249.70.130 - - [25/Jan/2023:21:27:28 -0800] "GET /instagram-chicago/01-24-2023-2035514-A.jpg HTTP/1.1" 200 132011 "-" "Googlebot-Image/1.0" "metrocrimedaily.com"
66.249.70.131 - - [25/Jan/2023:21:28:18 -0800] "GET /ewscripps.brightspotcdn.com HTTP/1.1" 404 88 "-" "Mozilla/5.0 (Linux; Android 6.0.1; Nexus 5X Build/MMB29P) AppleWebKit/537.36 (KHTML, like Gecko) Chrome/109.0.5414.101 Mobile Safari/537.36 (compatible; Googlebot/2.1; +http://www.google.com/bot.html)" "metrocrimedaily.com"
66.249.70.130 - - [25/Jan/2023:21:28:24 -0800] "GET /instagram-chicago/01-24-2023-20355119-A.jpg HTTP/1.1" 200 104038 "-" "Googlebot-Image/1.0" "metrocrimedaily.com"
69.63.184.1 - - [25/Jan/2023:21:31:50 -0800] "GET /instagram-memphis/01-25-2023-2315582-A.jpg HTTP/1.1" 200 95135 "-" "facebookexternalhit/1.1 (+http://www.facebook.com/externalhit_uatext.php)" "www.metrocrimedaily.com"
66.249.70.132 - - [25/Jan/2023:21:32:13 -0800] "GET /instagram-chicago/01-25-2023-0524402-A.jpg HTTP/1.1" 200 81141 "-" "Googlebot-Image/1.0" "metrocrimedaily.com"
69.63.184.118 - - [25/Jan/2023:21:32:50 -0800] "GET /instagram-losangeles/01-25-2023-2332291-A.jpg HTTP/1.1" 200 173301 "-" "facebookexternalhit/1.1 (+http://www.facebook.com/externalhit_uatext.php)" "www.metrocrimedaily.com"
66.249.70.131 - - [25/Jan/2023:21:33:48 -0800] "GET /instagram-chicago/01-23-2023-2237413-A.jpg HTTP/1.1" 200 128543 "-" "Googlebot-Image/1.0" "metrocrimedaily.com"
66.249.70.131 - - [25/Jan/2023:21:33:50 -0800] "GET /instagram-chicago/01-24-2023-20355122-A.jpg HTTP/1.1" 200 259833 "-" "Googlebot-Image/1.0" "metrocrimedaily.com"
66.249.70.131 - - [25/Jan/2023:21:34:00 -0800] "GET /instagram-chicago/01-24-2023-20355114-A.jpg HTTP/1.1" 200 194838 "-" "Googlebot-Image/1.0" "metrocrimedaily.com"
66.249.70.131 - - [25/Jan/2023:21:34:03 -0800] "GET /instagram-chicago/01-24-2023-20355111-A.jpg HTTP/1.1" 200 209568 "-" "Googlebot-Image/1.0" "metrocrimedaily.com"
66.249.70.130 - - [25/Jan/2023:21:34:06 -0800] "GET /instagram-chicago/01-23-2023-1844511-A.jpg HTTP/1.1" 200 172206 "-" "Googlebot-Image/1.0" "metrocrimedaily.com"
66.249.70.131 - - [25/Jan/2023:21:34:08 -0800] "GET /instagram-chicago/01-23-2023-1844512-A.jpg HTTP/1.1" 200 111722 "-" "Googlebot-Image/1.0" "metrocrimedaily.com"
66.249.70.130 - - [25/Jan/2023:21:34:19 -0800] "GET /instagram-chicago/01-24-2023-20355112-A.jpg HTTP/1.1" 200 60920 "-" "Googlebot-Image/1.0" "metrocrimedaily.com"
207.46.13.23 - - [25/Jan/2023:21:35:06 -0800] "GET / HTTP/1.1" 200 166959 "-" "Mozilla/5.0 AppleWebKit/537.36 (KHTML, like Gecko; compatible; bingbot/2.0; +http://www.bing.com/bingbot.htm) Chrome/103.0.5060.134 Safari/537.36" "metrocrimedaily.com"
157.55.39.187 - - [25/Jan/2023:21:35:10 -0800] "GET /index-houston.html HTTP/1.1" 200 34591 "-" "Mozilla/5.0 AppleWebKit/537.36 (KHTML, like Gecko; compatible; bingbot/2.0; +http://www.bing.com/bingbot.htm) Chrome/103.0.5060.134 Safari/537.36" "metrocrimedaily.com"
85.218.200.104 - - [25/Jan/2023:21:35:33 -0800] "GET /Admin/license.txt HTTP/1.1" 404 88 "-" "Mozilla/5.0 (X11; Ubuntu; Linux x86_64; rv:62.0) Gecko/20100101 Firefox/62.0" "metrocrimedaily.com"
66.249.70.131 - - [25/Jan/2023:21:36:15 -0800] "GET /instagram-chicago/01-24-2023-20355118-A.jpg HTTP/1.1" 200 128652 "-" "Googlebot-Image/1.0" "metrocrimedaily.com"
66.249.70.131 - - [25/Jan/2023:21:36:25 -0800] "GET /instagram-chicago/01-23-2023-2237412-A.jpg HTTP/1.1" 200 196001 "-" "Googlebot-Image/1.0" "metrocrimedaily.com"
66.249.70.131 - - [25/Jan/2023:21:38:05 -0800] "GET /instagram-chicago/01-23-2023-1519483-A.jpg HTTP/1.1" 200 161748 "-" "Googlebot-Image/1.0" "metrocrimedaily.com"
66.249.70.131 - - [25/Jan/2023:21:39:02 -0800] "GET /instagram-chicago/01-23-2023-2109413-A.jpg HTTP/1.1" 200 801468 "-" "Googlebot-Image/1.0" "metrocrimedaily.com"
66.249.70.131 - - [25/Jan/2023:21:40:03 -0800] "GET /instagram-chicago/01-23-2023-2109412-A.jpg HTTP/1.1" 200 136263 "-" "Googlebot-Image/1.0" "metrocrimedaily.com"
69.63.184.118 - - [25/Jan/2023:21:40:28 -0800] "GET /instagram-stlouis/01-25-2023-2324362-A.jpg HTTP/1.1" 200 156281 "-" "facebookexternalhit/1.1 (+http://www.facebook.com/externalhit_uatext.php)" "www.metrocrimedaily.com"
69.63.184.116 - - [25/Jan/2023:21:41:28 -0800] "GET /instagram-atlanta/01-25-2023-2309173-A.jpg HTTP/1.1" 200 100776 "-" "facebookexternalhit/1.1 (+http://www.facebook.com/externalhit_uatext.php)" "www.metrocrimedaily.com"
66.249.70.131 - - [25/Jan/2023:21:41:54 -0800] "GET /instagram-chicago/01-24-2023-20355120-A.jpg HTTP/1.1" 200 80177 "-" "Googlebot-Image/1.0" "metrocrimedaily.com"
66.249.70.130 - - [25/Jan/2023:21:41:58 -0800] "GET /instagram-chicago/01-24-2023-2035516-A.jpg HTTP/1.1" 200 101090 "-" "Googlebot-Image/1.0" "metrocrimedaily.com"
66.249.70.130 - - [25/Jan/2023:21:42:07 -0800] "GET /instagram-chicago/01-23-2023-1644501-A.jpg HTTP/1.1" 200 94542 "-" "Googlebot-Image/1.0" "metrocrimedaily.com"
66.249.70.130 - - [25/Jan/2023:21:42:10 -0800] "GET /instagram-chicago/01-23-2023-1844514-A.jpg HTTP/1.1" 200 160777 "-" "Googlebot-Image/1.0" "metrocrimedaily.com"
66.249.70.131 - - [25/Jan/2023:21:47:14 -0800] "GET /instagram-chicago/01-23-2023-2237414-A.jpg HTTP/1.1" 200 112264 "-" "Googlebot-Image/1.0" "metrocrimedaily.com"
69.63.184.120 - - [25/Jan/2023:21:47:29 -0800] "GET /instagram-memphis/01-25-2023-2315583-A.jpg HTTP/1.1" 200 95135 "-" "facebookexternalhit/1.1 (+http://www.facebook.com/externalhit_uatext.php)" "www.metrocrimedaily.com"
66.249.70.131 - - [25/Jan/2023:21:47:40 -0800] "GET /instagram-chicago/01-23-2023-1428531-A.jpg HTTP/1.1" 200 121162 "-" "Googlebot-Image/1.0" "metrocrimedaily.com"
66.249.70.130 - - [25/Jan/2023:21:47:47 -0800] "GET /instagram-chicago/01-23-2023-1844513-A.jpg HTTP/1.1" 200 80980 "-" "Googlebot-Image/1.0" "metrocrimedaily.com"
66.249.70.132 - - [25/Jan/2023:21:50:35 -0800] "GET /instagram-chicago/01-23-2023-2237411-A.jpg HTTP/1.1" 200 87681 "-" "Googlebot-Image/1.0" "metrocrimedaily.com"
69.63.184.4 - - [25/Jan/2023:21:52:46 -0800] "GET /instagram-houston/01-25-2023-2352171-A.jpg HTTP/1.1" 200 140308 "-" "facebookexternalhit/1.1 (+http://www.facebook.com/externalhit_uatext.php)" "www.metrocrimedaily.com"
51.222.253.20 - - [25/Jan/2023:21:54:01 -0800] "GET /CRIME-WATCH-AMERICA/CRIME-WATCH-ATLANTA/about-us.html HTTP/1.1" 404 88 "-" "Mozilla/5.0 (compatible; AhrefsBot/7.0; +http://ahrefs.com/robot/)" "www.metrocrimedaily.com"
69.63.184.119 - - [25/Jan/2023:21:56:01 -0800] "GET /instagram-stlouis/01-25-2023-2324363-A.jpg HTTP/1.1" 200 278580 "-" "facebookexternalhit/1.1 (+http://www.facebook.com/externalhit_uatext.php)" "www.metrocrimedaily.com"
66.249.70.130 - - [25/Jan/2023:21:56:51 -0800] "GET /instagram-chicago/01-23-2023-1519482-A.jpg HTTP/1.1" 200 201555 "-" "Googlebot-Image/1.0" "metrocrimedaily.com"
69.63.184.3 - - [25/Jan/2023:21:57:00 -0800] "GET /instagram-atlanta/01-25-2023-2309174-A.jpg HTTP/1.1" 200 161250 "-" "facebookexternalhit/1.1 (+http://www.facebook.com/externalhit_uatext.php)" "www.metrocrimedaily.com"
66.249.70.132 - - [25/Jan/2023:21:57:07 -0800] "GET /instagram-chicago/01-24-2023-20355117-A.jpg HTTP/1.1" 200 114886 "-" "Googlebot-Image/1.0" "metrocrimedaily.com"
66.249.70.131 - - [25/Jan/2023:21:57:24 -0800] "GET /instagram-chicago/01-24-2023-2035519-A.jpg HTTP/1.1" 200 83583 "-" "Googlebot-Image/1.0" "metrocrimedaily.com"
69.63.184.117 - - [25/Jan/2023:22:03:01 -0800] "GET /instagram-memphis/01-25-2023-2315584-A.jpg HTTP/1.1" 200 97854 "-" "facebookexternalhit/1.1 (+http://www.facebook.com/externalhit_uatext.php)" "www.metrocrimedaily.com"
69.63.184.2 - - [25/Jan/2023:22:05:07 -0800] "GET /instagram-dallas/01-26-2023-0004461-A.jpg HTTP/1.1" 200 105816 "-" "facebookexternalhit/1.1 (+http://www.facebook.com/externalhit_uatext.php)" "www.metrocrimedaily.com"
40.77.167.55 - - [25/Jan/2023:22:05:56 -0800] "GET /chicago.suntimes.com HTTP/1.1" 404 88 "-" "Mozilla/5.0 AppleWebKit/537.36 (KHTML, like Gecko; compatible; bingbot/2.0; +http://www.bing.com/bingbot.htm) Chrome/103.0.5060.134 Safari/537.36" "metrocrimedaily.com"
69.63.184.117 - - [25/Jan/2023:22:08:02 -0800] "GET /instagram-neworleans/01-26-2023-0007421-A.jpg HTTP/1.1" 200 159332 "-" "facebookexternalhit/1.1 (+http://www.facebook.com/externalhit_uatext.php)" "www.metrocrimedaily.com"
69.63.184.116 - - [25/Jan/2023:22:08:19 -0800] "GET /instagram-houston/01-25-2023-2352172-A.jpg HTTP/1.1" 200 244511 "-" "facebookexternalhit/1.1 (+http://www.facebook.com/externalhit_uatext.php)" "www.metrocrimedaily.com"
207.46.13.85 - - [25/Jan/2023:22:11:24 -0800] "GET /index-dallas.html HTTP/1.1" 200 21535 "-" "Mozilla/5.0 AppleWebKit/537.36 (KHTML, like Gecko; compatible; bingbot/2.0; +http://www.bing.com/bingbot.htm) Chrome/103.0.5060.134 Safari/537.36" "metrocrimedaily.com"
69.63.184.1 - - [25/Jan/2023:22:11:31 -0800] "GET /instagram-stlouis/01-25-2023-2324364-A.jpg HTTP/1.1" 200 193556 "-" "facebookexternalhit/1.1 (+http://www.facebook.com/externalhit_uatext.php)" "www.metrocrimedaily.com"
69.63.184.4 - - [25/Jan/2023:22:12:34 -0800] "GET /instagram-atlanta/01-25-2023-2309175-A.jpg HTTP/1.1" 200 172718 "-" "facebookexternalhit/1.1 (+http://www.facebook.com/externalhit_uatext.php)" "www.metrocrimedaily.com"
51.222.253.12 - - [25/Jan/2023:22:13:09 -0800] "GET /CRIME-WATCH-AMERICA/CRIME-WATCH-DALLAS/mcd-prolog.html HTTP/1.1" 200 859 "-" "Mozilla/5.0 (compatible; AhrefsBot/7.0; +http://ahrefs.com/robot/)" "metrocrimedaily.com"
51.222.253.20 - - [25/Jan/2023:22:16:52 -0800] "GET /CRIME-WATCH-AMERICA/CRIME-WATCH-DALLAS/post-mcd-story.html HTTP/1.1" 200 46 "-" "Mozilla/5.0 (compatible; AhrefsBot/7.0; +http://ahrefs.com/robot/)" "metrocrimedaily.com"
69.63.184.3 - - [25/Jan/2023:22:18:40 -0800] "GET /instagram-detroit/01-26-2023-0010591-A.jpg HTTP/1.1" 200 76259 "-" "facebookexternalhit/1.1 (+http://www.facebook.com/externalhit_uatext.php)" "www.metrocrimedaily.com"
66.249.70.132 - - [25/Jan/2023:22:26:48 -0800] "GET /instagram-chicago/01-24-2023-2035512-A.jpg HTTP/1.1" 200 151479 "-" "Googlebot-Image/1.0" "metrocrimedaily.com"
51.222.253.4 - - [25/Jan/2023:22:28:58 -0800] "GET /CRIME-WATCH-AMERICA/CRIME-WATCH-ATLANTA/fgrep-input.txt HTTP/1.1" 200 443 "-" "Mozilla/5.0 (compatible; AhrefsBot/7.0; +http://ahrefs.com/robot/)" "www.metrocrimedaily.com"
51.222.253.11 - - [25/Jan/2023:22:32:18 -0800] "GET /CRIME-WATCH-AMERICA/CRIME-WATCH-ATLANTA/fgrep-input.txt HTTP/1.1" 200 443 "-" "Mozilla/5.0 (compatible; AhrefsBot/7.0; +http://ahrefs.com/robot/)" "www.metrocrimedaily.com"
69.63.184.116 - - [25/Jan/2023:22:33:33 -0800] "GET /instagram-memphis/01-25-2023-2315585-A.jpg HTTP/1.1" 200 118284 "-" "facebookexternalhit/1.1 (+http://www.facebook.com/externalhit_uatext.php)" "www.metrocrimedaily.com"
157.55.39.187 - - [25/Jan/2023:22:33:36 -0800] "GET /www.fox2detroit.com HTTP/1.1" 404 88 "-" "Mozilla/5.0 AppleWebKit/537.36 (KHTML, like Gecko; compatible; bingbot/2.0; +http://www.bing.com/bingbot.htm) Chrome/103.0.5060.134 Safari/537.36" "metrocrimedaily.com"
69.63.184.5 - - [25/Jan/2023:22:35:39 -0800] "GET /instagram-dallas/01-26-2023-0004462-A.jpg HTTP/1.1" 200 199392 "-" "facebookexternalhit/1.1 (+http://www.facebook.com/externalhit_uatext.php)" "www.metrocrimedaily.com"
69.63.184.4 - - [25/Jan/2023:22:38:33 -0800] "GET /instagram-neworleans/01-26-2023-0007422-A.jpg HTTP/1.1" 200 106344 "-" "facebookexternalhit/1.1 (+http://www.facebook.com/externalhit_uatext.php)" "www.metrocrimedaily.com"
69.63.184.3 - - [25/Jan/2023:22:38:50 -0800] "GET /instagram-houston/01-25-2023-2352173-A.jpg HTTP/1.1" 200 147729 "-" "facebookexternalhit/1.1 (+http://www.facebook.com/externalhit_uatext.php)" "www.metrocrimedaily.com"
69.63.184.118 - - [25/Jan/2023:22:39:16 -0800] "GET /instagram-houston/01-25-2023-2352174-A.jpg HTTP/1.1" 200 179589 "-" "facebookexternalhit/1.1 (+http://www.facebook.com/externalhit_uatext.php)" "www.metrocrimedaily.com"
69.63.184.2 - - [25/Jan/2023:22:39:44 -0800] "GET /instagram-houston/01-25-2023-2352175-A.jpg HTTP/1.1" 200 149321 "-" "facebookexternalhit/1.1 (+http://www.facebook.com/externalhit_uatext.php)" "www.metrocrimedaily.com"
69.63.184.5 - - [25/Jan/2023:22:42:03 -0800] "GET /instagram-stlouis/01-25-2023-2324365-A.jpg HTTP/1.1" 200 210006 "-" "facebookexternalhit/1.1 (+http://www.facebook.com/externalhit_uatext.php)" "www.metrocrimedaily.com"
66.249.70.130 - - [25/Jan/2023:22:42:31 -0800] "GET /instagram-chicago/01-25-2023-0524403-A.jpg HTTP/1.1" 200 340060 "-" "Googlebot-Image/1.0" "metrocrimedaily.com"
69.63.184.4 - - [25/Jan/2023:22:43:07 -0800] "GET /instagram-atlanta/01-25-2023-2309176-A.jpg HTTP/1.1" 200 130504 "-" "facebookexternalhit/1.1 (+http://www.facebook.com/externalhit_uatext.php)" "www.metrocrimedaily.com"
51.222.253.15 - - [25/Jan/2023:22:48:37 -0800] "GET /CRIME-WATCH-AMERICA/CRIME-WATCH-ATLANTA/post-to-instagram-RevB.bat HTTP/1.1" 200 6010 "-" "Mozilla/5.0 (compatible; AhrefsBot/7.0; +http://ahrefs.com/robot/)" "www.metrocrimedaily.com"
51.222.253.2 - - [25/Jan/2023:22:52:37 -0800] "GET /CRIME-WATCH-AMERICA/CRIME-WATCH-ATLANTA/post-to-instagram-RevC.bat HTTP/1.1" 200 6398 "-" "Mozilla/5.0 (compatible; AhrefsBot/7.0; +http://ahrefs.com/robot/)" "www.metrocrimedaily.com"
51.222.253.11 - - [25/Jan/2023:22:54:39 -0800] "GET /CRIME-WATCH-AMERICA/CRIME-WATCH-ATLANTA/post-to-instagram-RevC.bat HTTP/1.1" 200 6398 "-" "Mozilla/5.0 (compatible; AhrefsBot/7.0; +http://ahrefs.com/robot/)" "www.metrocrimedaily.com"
207.46.13.23 - - [25/Jan/2023:22:56:44 -0800] "GET /index-miami.html HTTP/1.1" 200 15163 "-" "Mozilla/5.0 AppleWebKit/537.36 (KHTML, like Gecko; compatible; bingbot/2.0; +http://www.bing.com/bingbot.htm) Chrome/103.0.5060.134 Safari/537.36" "metrocrimedaily.com"
51.222.253.11 - - [25/Jan/2023:22:58:38 -0800] "GET /CRIME-WATCH-AMERICA/CRIME-WATCH-ATLANTA/post-to-instagram-RevD.bat HTTP/1.1" 200 7643 "-" "Mozilla/5.0 (compatible; AhrefsBot/7.0; +http://ahrefs.com/robot/)" "www.metrocrimedaily.com"
40.77.167.55 - - [25/Jan/2023:22:58:43 -0800] "GET /instagram-atlanta/12-20-2022-2355564-Atlanta-Police-hold-active-shooter-training-tailo.txt HTTP/1.1" 404 88 "-" "Mozilla/5.0 AppleWebKit/537.36 (KHTML, like Gecko; compatible; bingbot/2.0; +http://www.bing.com/bingbot.htm) Chrome/103.0.5060.134 Safari/537.36" "www.metrocrimedaily.com"
51.222.253.1 - - [25/Jan/2023:23:00:34 -0800] "GET /CRIME-WATCH-AMERICA/CRIME-WATCH-ATLANTA/send-email-to-kim-iPhone.bat HTTP/1.1" 200 3997 "-" "Mozilla/5.0 (compatible; AhrefsBot/7.0; +http://ahrefs.com/robot/)" "www.metrocrimedaily.com"
69.63.184.119 - - [25/Jan/2023:23:01:44 -0800] "GET /instagram-losangeles/01-26-2023-0101241-A.jpg HTTP/1.1" 200 202347 "-" "facebookexternalhit/1.1 (+http://www.facebook.com/externalhit_uatext.php)" "www.metrocrimedaily.com"
69.63.184.3 - - [25/Jan/2023:23:04:06 -0800] "GET /instagram-memphis/01-25-2023-2315586-A.jpg HTTP/1.1" 200 181670 "-" "facebookexternalhit/1.1 (+http://www.facebook.com/externalhit_uatext.php)" "www.metrocrimedaily.com"
51.222.253.4 - - [25/Jan/2023:23:06:33 -0800] "GET /CRIME-WATCH-AMERICA/CRIME-WATCH-ATLANTA/sendemail.bat HTTP/1.1" 200 505 "-" "Mozilla/5.0 (compatible; AhrefsBot/7.0; +http://ahrefs.com/robot/)" "www.metrocrimedaily.com"
69.63.184.118 - - [25/Jan/2023:23:09:05 -0800] "GET /instagram-neworleans/01-26-2023-0007423-A.jpg HTTP/1.1" 200 146558 "-" "facebookexternalhit/1.1 (+http://www.facebook.com/externalhit_uatext.php)" "www.metrocrimedaily.com"
69.63.184.117 - - [25/Jan/2023:23:09:34 -0800] "GET /instagram-neworleans/01-26-2023-0007424-A.jpg HTTP/1.1" 200 347129 "-" "facebookexternalhit/1.1 (+http://www.facebook.com/externalhit_uatext.php)" "www.metrocrimedaily.com"
51.222.253.1 - - [25/Jan/2023:23:10:16 -0800] "GET /CRIME-WATCH-AMERICA/CRIME-WATCH-ATLANTA/yt-dlp.exe HTTP/1.1" 200 106359 "-" "Mozilla/5.0 (compatible; AhrefsBot/7.0; +http://ahrefs.com/robot/)" "www.metrocrimedaily.com"
51.222.253.4 - - [25/Jan/2023:23:12:16 -0800] "GET /CRIME-WATCH-AMERICA/CRIME-WATCH-DALLAS/INSTAGRAM-AUTOMATION/ HTTP/1.1" 200 938 "-" "Mozilla/5.0 (compatible; AhrefsBot/7.0; +http://ahrefs.com/robot/)" "www.metrocrimedaily.com"
69.63.184.1 - - [25/Jan/2023:23:12:34 -0800] "GET /instagram-stlouis/01-25-2023-2324366-A.jpg HTTP/1.1" 200 213007 "-" "facebookexternalhit/1.1 (+http://www.facebook.com/externalhit_uatext.php)" "www.metrocrimedaily.com"
69.63.184.120 - - [25/Jan/2023:23:13:40 -0800] "GET /instagram-atlanta/01-25-2023-2309177-A.jpg HTTP/1.1" 404 88 "-" "facebookexternalhit/1.1 (+http://www.facebook.com/externalhit_uatext.php)" "www.metrocrimedaily.com"
51.222.253.1 - - [25/Jan/2023:23:17:56 -0800] "GET / HTTP/1.1" 200 167244 "-" "Mozilla/5.0 (compatible; AhrefsBot/7.0; +http://ahrefs.com/robot/)" "metrocrimedaily.com"
51.222.253.11 - - [25/Jan/2023:23:21:50 -0800] "GET /videos/?C=D;O=A HTTP/1.1" 200 312 "-" "Mozilla/5.0 (compatible; AhrefsBot/7.0; +http://ahrefs.com/robot/)" "metrocrimedaily.com"
69.63.184.5 - - [25/Jan/2023:23:23:19 -0800] "GET /instagram-houston/01-26-2023-0122591-A.jpg HTTP/1.1" 200 246453 "-" "facebookexternalhit/1.1 (+http://www.facebook.com/externalhit_uatext.php)" "www.metrocrimedaily.com"
69.63.184.120 - - [25/Jan/2023:23:23:47 -0800] "GET /instagram-houston/01-26-2023-0122592-A.jpg HTTP/1.1" 200 209880 "-" "facebookexternalhit/1.1 (+http://www.facebook.com/externalhit_uatext.php)" "www.metrocrimedaily.com"
114.119.149.90 - - [25/Jan/2023:23:25:41 -0800] "GET /index.html HTTP/1.1" 200 167244 "-" "Mozilla/5.0 (Linux; Android 7.0;) AppleWebKit/537.36 (KHTML, like Gecko) Mobile Safari/537.36 (compatible; PetalBot;+https://webmaster.petalsearch.com/site/petalbot)" "www.metrocrimedaily.com"
51.222.253.16 - - [25/Jan/2023:23:29:57 -0800] "GET /instagram-houston/?C=M;O=A HTTP/1.1" 200 4439 "-" "Mozilla/5.0 (compatible; AhrefsBot/7.0; +http://ahrefs.com/robot/)" "metrocrimedaily.com"
69.63.184.4 - - [25/Jan/2023:23:32:15 -0800] "GET /instagram-losangeles/01-26-2023-0101242-A.jpg HTTP/1.1" 200 216954 "-" "facebookexternalhit/1.1 (+http://www.facebook.com/externalhit_uatext.php)" "www.metrocrimedaily.com"
51.222.253.17 - - [25/Jan/2023:23:34:17 -0800] "GET /instagram-houston/?C=S;O=A HTTP/1.1" 200 4576 "-" "Mozilla/5.0 (compatible; AhrefsBot/7.0; +http://ahrefs.com/robot/)" "metrocrimedaily.com"
69.63.184.120 - - [25/Jan/2023:23:34:36 -0800] "GET /instagram-memphis/01-25-2023-2315587-A.jpg HTTP/1.1" 200 101717 "-" "facebookexternalhit/1.1 (+http://www.facebook.com/externalhit_uatext.php)" "www.metrocrimedaily.com"
69.63.184.4 - - [25/Jan/2023:23:35:05 -0800] "GET /instagram-memphis/01-25-2023-2315588-A.jpg HTTP/1.1" 200 148548 "-" "facebookexternalhit/1.1 (+http://www.facebook.com/externalhit_uatext.php)" "www.metrocrimedaily.com"
69.63.184.116 - - [25/Jan/2023:23:35:31 -0800] "GET /instagram-memphis/01-25-2023-2315589-A.jpg HTTP/1.1" 200 183632 "-" "facebookexternalhit/1.1 (+http://www.facebook.com/externalhit_uatext.php)" "www.metrocrimedaily.com"
69.63.184.4 - - [25/Jan/2023:23:35:55 -0800] "GET /instagram-memphis/01-25-2023-23155810-A.jpg HTTP/1.1" 200 178374 "-" "facebookexternalhit/1.1 (+http://www.facebook.com/externalhit_uatext.php)" "www.metrocrimedaily.com"
207.46.13.208 - - [25/Jan/2023:23:36:07 -0800] "GET /index-atlanta.html HTTP/1.1" 200 29375 "-" "Mozilla/5.0 AppleWebKit/537.36 (KHTML, like Gecko; compatible; bingbot/2.0; +http://www.bing.com/bingbot.htm) Chrome/103.0.5060.134 Safari/537.36" "metrocrimedaily.com"
69.63.184.116 - - [25/Jan/2023:23:36:22 -0800] "GET /instagram-memphis/01-25-2023-23155811-A.jpg HTTP/1.1" 200 114888 "-" "facebookexternalhit/1.1 (+http://www.facebook.com/externalhit_uatext.php)" "www.metrocrimedaily.com"
69.63.184.112 - - [25/Jan/2023:23:36:48 -0800] "GET /instagram-memphis/01-25-2023-23155812-A.jpg HTTP/1.1" 200 181696 "-" "facebookexternalhit/1.1 (+http://www.facebook.com/externalhit_uatext.php)" "www.metrocrimedaily.com"
51.222.253.4 - - [25/Jan/2023:23:38:28 -0800] "GET /CRIME-WATCH-AMERICA/CRIME-WATCH-DALLAS/about-us.html HTTP/1.1" 404 88 "-" "Mozilla/5.0 (compatible; AhrefsBot/7.0; +http://ahrefs.com/robot/)" "metrocrimedaily.com"
69.63.184.4 - - [25/Jan/2023:23:43:07 -0800] "GET /instagram-stlouis/01-25-2023-2324367-A.jpg HTTP/1.1" 200 210467 "-" "facebookexternalhit/1.1 (+http://www.facebook.com/externalhit_uatext.php)" "www.metrocrimedaily.com"
114.119.148.93 - - [25/Jan/2023:23:43:21 -0800] "GET /robots.txt HTTP/1.1" 404 88 "-" "Mozilla/5.0 (compatible;PetalBot;+https://webmaster.petalsearch.com/site/petalbot)" "metrocrimedaily.com"
69.63.184.119 - - [25/Jan/2023:23:48:18 -0800] "GET /instagram-detroit/01-26-2023-0147571-A.jpg HTTP/1.1" 200 106585 "-" "facebookexternalhit/1.1 (+http://www.facebook.com/externalhit_uatext.php)" "www.metrocrimedaily.com"
207.46.13.160 - - [25/Jan/2023:23:49:25 -0800] "GET /robots.txt HTTP/1.1" 404 88 "-" "Mozilla/5.0 AppleWebKit/537.36 (KHTML, like Gecko; compatible; bingbot/2.0; +http://www.bing.com/bingbot.htm) Chrome/103.0.5060.134 Safari/537.36" "www.metrocrimedaily.com"
207.46.13.160 - - [25/Jan/2023:23:49:25 -0800] "GET /robots.txt HTTP/1.1" 404 88 "-" "Mozilla/5.0 AppleWebKit/537.36 (KHTML, like Gecko; compatible; bingbot/2.0; +http://www.bing.com/bingbot.htm) Chrome/103.0.5060.134 Safari/537.36" "www.metrocrimedaily.com"
207.46.13.23 - - [25/Jan/2023:23:49:29 -0800] "GET / HTTP/1.1" 200 167244 "-" "Mozilla/5.0 AppleWebKit/537.36 (KHTML, like Gecko; compatible; bingbot/2.0; +http://www.bing.com/bingbot.htm) Chrome/103.0.5060.134 Safari/537.36" "www.metrocrimedaily.com"
51.222.253.20 - - [25/Jan/2023:23:52:18 -0800] "GET /CRIME-WATCH-AMERICA/CRIME-WATCH-DALLAS/index.html HTTP/1.1" 404 88 "-" "Mozilla/5.0 (compatible; AhrefsBot/7.0; +http://ahrefs.com/robot/)" "metrocrimedaily.com"
69.63.184.119 - - [25/Jan/2023:23:55:18 -0800] "GET /instagram-atlanta/01-26-2023-0154401-A.jpg HTTP/1.1" 200 115362 "-" "facebookexternalhit/1.1 (+http://www.facebook.com/externalhit_uatext.php)" "www.metrocrimedaily.com"
51.222.253.16 - - [25/Jan/2023:23:57:12 -0800] "GET /CRIME-WATCH-AMERICA/CRIME-WATCH-DALLAS/privacy-policy.html HTTP/1.1" 404 88 "-" "Mozilla/5.0 (compatible; AhrefsBot/7.0; +http://ahrefs.com/robot/)" "metrocrimedaily.com"
51.222.253.15 - - [26/Jan/2023:00:01:25 -0800] "GET /CRIME-WATCH-AMERICA/CRIME-WATCH-ATLANTA/contact-us.html HTTP/1.1" 404 88 "-" "Mozilla/5.0 (compatible; AhrefsBot/7.0; +http://ahrefs.com/robot/)" "www.metrocrimedaily.com"
207.46.13.23 - - [26/Jan/2023:00:04:21 -0800] "GET /index-chicago.html HTTP/1.1" 200 18638 "-" "Mozilla/5.0 AppleWebKit/537.36 (KHTML, like Gecko; compatible; bingbot/2.0; +http://www.bing.com/bingbot.htm) Chrome/103.0.5060.134 Safari/537.36" "metrocrimedaily.com"
51.222.253.12 - - [26/Jan/2023:00:06:16 -0800] "GET /CRIME-WATCH-AMERICA/CRIME-WATCH-ATLANTA/INSTAGRAM-AUTOMATION/?C=D;O=D HTTP/1.1" 200 997 "-" "Mozilla/5.0 (compatible; AhrefsBot/7.0; +http://ahrefs.com/robot/)" "metrocrimedaily.com"
69.63.184.118 - - [26/Jan/2023:00:06:25 -0800] "GET /instagram-memphis/01-26-2023-0206051-A.jpg HTTP/1.1" 200 87409 "-" "facebookexternalhit/1.1 (+http://www.facebook.com/externalhit_uatext.php)" "www.metrocrimedaily.com"
69.63.184.118 - - [26/Jan/2023:00:06:51 -0800] "GET /instagram-memphis/01-26-2023-0206052-A.jpg HTTP/1.1" 200 119083 "-" "facebookexternalhit/1.1 (+http://www.facebook.com/externalhit_uatext.php)" "www.metrocrimedaily.com"
69.63.184.116 - - [26/Jan/2023:00:07:18 -0800] "GET /instagram-memphis/01-26-2023-0206053-A.jpg HTTP/1.1" 200 95434 "-" "facebookexternalhit/1.1 (+http://www.facebook.com/externalhit_uatext.php)" "www.metrocrimedaily.com"
51.222.253.9 - - [26/Jan/2023:00:10:31 -0800] "GET /CRIME-WATCH-AMERICA/CRIME-WATCH-ATLANTA/fgrep-input.txt HTTP/1.1" 200 443 "-" "Mozilla/5.0 (compatible; AhrefsBot/7.0; +http://ahrefs.com/robot/)" "metrocrimedaily.com"
69.63.184.117 - - [26/Jan/2023:00:13:42 -0800] "GET /instagram-dallas/01-26-2023-0213221-A.jpg HTTP/1.1" 200 164979 "-" "facebookexternalhit/1.1 (+http://www.facebook.com/externalhit_uatext.php)" "www.metrocrimedaily.com"
