51.222.253.10 - - [24/Jan/2023:16:00:26 -0800] "GET /CRIME-WATCH-AMERICA/DELETE-ME-IM-JUNK/JUNK3/unix/bin/?C=S;O=A HTTP/1.1" 200 352 "-" "Mozilla/5.0 (compatible; AhrefsBot/7.0; +http://ahrefs.com/robot/)" "metrocrimedaily.com"
69.63.184.119 - - [24/Jan/2023:16:00:34 -0800] "GET /instagram-memphis/01-24-2023-1800131-A.jpg HTTP/1.1" 200 105862 "-" "facebookexternalhit/1.1 (+http://www.facebook.com/externalhit_uatext.php)" "www.metrocrimedaily.com"
69.63.184.116 - - [24/Jan/2023:16:02:25 -0800] "GET /instagram-houston/01-24-2023-1726094-A.jpg HTTP/1.1" 200 193731 "-" "facebookexternalhit/1.1 (+http://www.facebook.com/externalhit_uatext.php)" "www.metrocrimedaily.com"
51.222.253.10 - - [24/Jan/2023:16:02:35 -0800] "GET /CRIME-WATCH-AMERICA/CRIME-WATCH-STLOUIS/unix/?C=S;O=D HTTP/1.1" 200 390 "-" "Mozilla/5.0 (compatible; AhrefsBot/7.0; +http://ahrefs.com/robot/)" "www.metrocrimedaily.com"
51.222.253.20 - - [24/Jan/2023:16:04:51 -0800] "GET /instagram-memphis/01-23-2023-1444171-Monterey-Park-shooting--Man-who-disarmed-suspecte.txt HTTP/1.1" 200 1100 "-" "Mozilla/5.0 (compatible; AhrefsBot/7.0; +http://ahrefs.com/robot/)" "www.metrocrimedaily.com"
69.63.184.2 - - [24/Jan/2023:16:05:55 -0800] "GET /instagram-losangeles/01-24-2023-1750012-A.jpg HTTP/1.1" 200 302919 "-" "facebookexternalhit/1.1 (+http://www.facebook.com/externalhit_uatext.php)" "www.metrocrimedaily.com"
69.63.184.1 - - [24/Jan/2023:16:08:52 -0800] "GET /instagram-stlouis/01-24-2023-1807141-A.jpg HTTP/1.1" 200 226434 "-" "facebookexternalhit/1.1 (+http://www.facebook.com/externalhit_uatext.php)" "www.metrocrimedaily.com"
51.222.253.8 - - [24/Jan/2023:16:09:14 -0800] "GET /instagram-memphis/01-23-2023-1444172-Suspect-in-dance-club-shooting-killed-self-after-.txt HTTP/1.1" 200 1130 "-" "Mozilla/5.0 (compatible; AhrefsBot/7.0; +http://ahrefs.com/robot/)" "www.metrocrimedaily.com"
69.63.184.117 - - [24/Jan/2023:16:09:15 -0800] "GET /instagram-houston/01-24-2023-1726095-A.jpg HTTP/1.1" 200 164373 "-" "facebookexternalhit/1.1 (+http://www.facebook.com/externalhit_uatext.php)" "www.metrocrimedaily.com"
69.63.184.117 - - [24/Jan/2023:16:10:15 -0800] "GET /instagram-stlouis/01-24-2023-1807142-A.jpg HTTP/1.1" 200 132712 "-" "facebookexternalhit/1.1 (+http://www.facebook.com/externalhit_uatext.php)" "www.metrocrimedaily.com"
69.63.184.4 - - [24/Jan/2023:16:11:10 -0800] "GET /instagram-dallas/01-24-2023-1810491-A.jpg HTTP/1.1" 200 224249 "-" "facebookexternalhit/1.1 (+http://www.facebook.com/externalhit_uatext.php)" "www.metrocrimedaily.com"
66.249.70.130 - - [24/Jan/2023:16:11:12 -0800] "GET /ads.txt HTTP/1.1" 404 88 "-" "Mozilla/5.0 (compatible; Googlebot/2.1; +http://www.google.com/bot.html)" "metrocrimedaily.com"
51.222.253.5 - - [24/Jan/2023:16:13:41 -0800] "GET /instagram-memphis/01-23-2023-1556352-2-students-dead--teacher-injured-in-shooting-at-I.txt HTTP/1.1" 200 562 "-" "Mozilla/5.0 (compatible; AhrefsBot/7.0; +http://ahrefs.com/robot/)" "www.metrocrimedaily.com"
69.63.184.4 - - [24/Jan/2023:16:16:13 -0800] "GET /instagram-memphis/01-24-2023-1800132-A.jpg HTTP/1.1" 200 98818 "-" "facebookexternalhit/1.1 (+http://www.facebook.com/externalhit_uatext.php)" "www.metrocrimedaily.com"
51.222.253.3 - - [24/Jan/2023:16:18:14 -0800] "GET /instagram-memphis/01-23-2023-1556353--What-did-I-do-----Ben-Crump-recalls-what-Tyre-Ni.txt HTTP/1.1" 200 53 "-" "Mozilla/5.0 (compatible; AhrefsBot/7.0; +http://ahrefs.com/robot/)" "www.metrocrimedaily.com"
103.74.121.5 - - [24/Jan/2023:16:20:24 -0800] "GET /wp-login.php HTTP/1.1" 404 88 "" "Mozilla/5.0 (Windows NT 10.0; Win64; x64; rv:108.0) Gecko/20100101 Firefox/108.0" "metrocrimedaily.com"
207.46.13.106 - - [24/Jan/2023:16:21:55 -0800] "GET /mcd-prolog.html HTTP/1.1" 200 829 "-" "Mozilla/5.0 AppleWebKit/537.36 (KHTML, like Gecko; compatible; bingbot/2.0; +http://www.bing.com/bingbot.htm) Chrome/103.0.5060.134 Safari/537.36" "metrocrimedaily.com"
51.222.253.17 - - [24/Jan/2023:16:22:42 -0800] "GET /instagram-memphis/01-23-2023-1556355-Ben-Crump--Memphis-Police-Chief-C.J.-Davis--not-p.txt HTTP/1.1" 200 53 "-" "Mozilla/5.0 (compatible; AhrefsBot/7.0; +http://ahrefs.com/robot/)" "www.metrocrimedaily.com"
69.63.184.119 - - [24/Jan/2023:16:23:24 -0800] "GET /instagram-memphis/01-24-2023-1800133-A.jpg HTTP/1.1" 200 108615 "-" "facebookexternalhit/1.1 (+http://www.facebook.com/externalhit_uatext.php)" "www.metrocrimedaily.com"
69.63.184.117 - - [24/Jan/2023:16:23:41 -0800] "GET /instagram-stlouis/01-24-2023-1807143-A.jpg HTTP/1.1" 200 133746 "-" "facebookexternalhit/1.1 (+http://www.facebook.com/externalhit_uatext.php)" "www.metrocrimedaily.com"
69.63.184.1 - - [24/Jan/2023:16:26:42 -0800] "GET /instagram-dallas/01-24-2023-1810492-A.jpg HTTP/1.1" 200 152796 "-" "facebookexternalhit/1.1 (+http://www.facebook.com/externalhit_uatext.php)" "www.metrocrimedaily.com"
51.222.253.7 - - [24/Jan/2023:16:27:17 -0800] "GET /instagram-memphis/01-23-2023-1556356-Ben-Crump-calls-video-of-Tyre-Nichols-arrest-by-M.txt HTTP/1.1" 200 208 "-" "Mozilla/5.0 (compatible; AhrefsBot/7.0; +http://ahrefs.com/robot/)" "www.metrocrimedaily.com"
69.63.184.5 - - [24/Jan/2023:16:29:03 -0800] "GET /instagram-neworleans/01-24-2023-1828431-A.jpg HTTP/1.1" 200 72910 "-" "facebookexternalhit/1.1 (+http://www.facebook.com/externalhit_uatext.php)" "www.metrocrimedaily.com"
66.249.70.131 - - [24/Jan/2023:16:29:09 -0800] "GET /index.html HTTP/1.1" 404 88 "-" "Mozilla/5.0 (Linux; Android 6.0.1; Nexus 5X Build/MMB29P) AppleWebKit/537.36 (KHTML, like Gecko) Chrome/109.0.5414.101 Mobile Safari/537.36 (compatible; Googlebot/2.1; +http://www.google.com/bot.html)" "metrocrimedaily.com"
66.249.70.130 - - [24/Jan/2023:16:29:09 -0800] "GET /index.html HTTP/1.1" 404 88 "-" "Mozilla/5.0 (Linux; Android 6.0.1; Nexus 5X Build/MMB29P) AppleWebKit/537.36 (KHTML, like Gecko) Chrome/109.0.5414.101 Mobile Safari/537.36 (compatible; Googlebot/2.1; +http://www.google.com/bot.html)" "metrocrimedaily.com"
51.222.253.1 - - [24/Jan/2023:16:31:50 -0800] "GET /instagram-memphis/01-23-2023-1805231-Body-identified-as-missing-Haywood-County-woman-B.txt HTTP/1.1" 200 53 "-" "Mozilla/5.0 (compatible; AhrefsBot/7.0; +http://ahrefs.com/robot/)" "www.metrocrimedaily.com"
51.222.253.18 - - [24/Jan/2023:16:36:53 -0800] "GET /instagram-memphis/01-23-2023-1805232-Tyre-Nichols-was-kicked--tased-and-pepper-sprayed.txt HTTP/1.1" 200 53 "-" "Mozilla/5.0 (compatible; AhrefsBot/7.0; +http://ahrefs.com/robot/)" "www.metrocrimedaily.com"
69.63.184.116 - - [24/Jan/2023:16:39:14 -0800] "GET /instagram-stlouis/01-24-2023-1807144-A.jpg HTTP/1.1" 200 657753 "-" "facebookexternalhit/1.1 (+http://www.facebook.com/externalhit_uatext.php)" "www.metrocrimedaily.com"
51.222.253.9 - - [24/Jan/2023:16:41:17 -0800] "GET /instagram-memphis/01-23-2023-1805233-Four-Oath-Keepers-convicted-of-Jan.-6-seditious-c.txt HTTP/1.1" 200 1096 "-" "Mozilla/5.0 (compatible; AhrefsBot/7.0; +http://ahrefs.com/robot/)" "www.metrocrimedaily.com"
207.46.13.178 - - [24/Jan/2023:16:41:27 -0800] "GET /index-memphis.html HTTP/1.1" 200 11084 "-" "Mozilla/5.0 AppleWebKit/537.36 (KHTML, like Gecko; compatible; bingbot/2.0; +http://www.bing.com/bingbot.htm) Chrome/103.0.5060.134 Safari/537.36" "metrocrimedaily.com"
69.63.184.111 - - [24/Jan/2023:16:44:36 -0800] "GET /instagram-neworleans/01-24-2023-1828432-A.jpg HTTP/1.1" 200 234885 "-" "facebookexternalhit/1.1 (+http://www.facebook.com/externalhit_uatext.php)" "www.metrocrimedaily.com"
51.222.253.5 - - [24/Jan/2023:16:45:50 -0800] "GET /instagram-memphis/01-23-2023-1805234-WATCH--Woman-robbed-in-front-of-security-guard-at.txt HTTP/1.1" 200 117 "-" "Mozilla/5.0 (compatible; AhrefsBot/7.0; +http://ahrefs.com/robot/)" "www.metrocrimedaily.com"
207.46.13.62 - - [24/Jan/2023:16:47:04 -0800] "GET /instagram-atlanta/12-18-2022-2012084-Tree-in-Atlanta-represents-child-victims-of-gun-v.txt HTTP/1.1" 404 88 "-" "Mozilla/5.0 AppleWebKit/537.36 (KHTML, like Gecko; compatible; bingbot/2.0; +http://www.bing.com/bingbot.htm) Chrome/103.0.5060.134 Safari/537.36" "www.metrocrimedaily.com"
51.222.253.17 - - [24/Jan/2023:16:50:32 -0800] "GET /instagram-memphis/?C=D;O=A HTTP/1.1" 200 2335 "-" "Mozilla/5.0 (compatible; AhrefsBot/7.0; +http://ahrefs.com/robot/)" "www.metrocrimedaily.com"
51.222.253.6 - - [24/Jan/2023:16:52:40 -0800] "GET /instagram-memphis/?C=M;O=A HTTP/1.1" 200 2348 "-" "Mozilla/5.0 (compatible; AhrefsBot/7.0; +http://ahrefs.com/robot/)" "www.metrocrimedaily.com"
69.63.184.119 - - [24/Jan/2023:16:54:48 -0800] "GET /instagram-stlouis/01-24-2023-1807145-A.jpg HTTP/1.1" 200 255386 "-" "facebookexternalhit/1.1 (+http://www.facebook.com/externalhit_uatext.php)" "www.metrocrimedaily.com"
51.222.253.9 - - [24/Jan/2023:16:54:58 -0800] "GET /instagram-memphis/?C=N;O=D HTTP/1.1" 200 2340 "-" "Mozilla/5.0 (compatible; AhrefsBot/7.0; +http://ahrefs.com/robot/)" "www.metrocrimedaily.com"
51.222.253.13 - - [24/Jan/2023:16:57:21 -0800] "GET /instagram-memphis/?C=S;O=A HTTP/1.1" 200 2368 "-" "Mozilla/5.0 (compatible; AhrefsBot/7.0; +http://ahrefs.com/robot/)" "www.metrocrimedaily.com"
51.222.253.11 - - [24/Jan/2023:16:59:36 -0800] "GET /instagram-memphis/ig-CWUSA-memphis-stories-to-post-later.txt HTTP/1.1" 200 12357 "-" "Mozilla/5.0 (compatible; AhrefsBot/7.0; +http://ahrefs.com/robot/)" "www.metrocrimedaily.com"
51.222.253.17 - - [24/Jan/2023:17:02:05 -0800] "GET /instagram-memphis/ig-memphis-stories-to-post-later.txt HTTP/1.1" 200 5654 "-" "Mozilla/5.0 (compatible; AhrefsBot/7.0; +http://ahrefs.com/robot/)" "www.metrocrimedaily.com"
69.63.184.3 - - [24/Jan/2023:17:02:48 -0800] "GET /instagram-losangeles/01-24-2023-1902281-A.jpg HTTP/1.1" 200 209680 "-" "facebookexternalhit/1.1 (+http://www.facebook.com/externalhit_uatext.php)" "www.metrocrimedaily.com"
69.63.184.1 - - [24/Jan/2023:17:03:53 -0800] "GET /instagram-stlouis/01-24-2023-1807146-A.jpg HTTP/1.1" 200 131518 "-" "facebookexternalhit/1.1 (+http://www.facebook.com/externalhit_uatext.php)" "www.metrocrimedaily.com"
51.222.253.12 - - [24/Jan/2023:17:04:31 -0800] "GET /instagram-memphis/post-later/ HTTP/1.1" 200 715 "-" "Mozilla/5.0 (compatible; AhrefsBot/7.0; +http://ahrefs.com/robot/)" "www.metrocrimedaily.com"
51.222.253.13 - - [24/Jan/2023:17:06:59 -0800] "GET /instagram-memphis/videos/ HTTP/1.1" 200 437 "-" "Mozilla/5.0 (compatible; AhrefsBot/7.0; +http://ahrefs.com/robot/)" "www.metrocrimedaily.com"
69.63.184.3 - - [24/Jan/2023:17:07:11 -0800] "GET /instagram-houston/01-24-2023-1906511-A.jpg HTTP/1.1" 200 105081 "-" "facebookexternalhit/1.1 (+http://www.facebook.com/externalhit_uatext.php)" "www.metrocrimedaily.com"
69.63.184.113 - - [24/Jan/2023:17:08:40 -0800] "GET /instagram-memphis/01-24-2023-1908191-A.jpg HTTP/1.1" 200 130216 "-" "facebookexternalhit/1.1 (+http://www.facebook.com/externalhit_uatext.php)" "www.metrocrimedaily.com"
51.222.253.5 - - [24/Jan/2023:17:09:30 -0800] "GET /CRIME-WATCH-AMERICA/CRIME-WATCH-STLOUIS/?C=M;O=D HTTP/1.1" 200 965 "-" "Mozilla/5.0 (compatible; AhrefsBot/7.0; +http://ahrefs.com/robot/)" "metrocrimedaily.com"
207.46.13.62 - - [24/Jan/2023:17:09:47 -0800] "GET /index-miami.html HTTP/1.1" 200 21388 "-" "Mozilla/5.0 AppleWebKit/537.36 (KHTML, like Gecko; compatible; bingbot/2.0; +http://www.bing.com/bingbot.htm) Chrome/103.0.5060.134 Safari/537.36" "metrocrimedaily.com"
51.222.253.7 - - [24/Jan/2023:17:11:03 -0800] "GET /CRIME-WATCH-AMERICA/CRIME-WATCH-STLOUIS/?C=D;O=D HTTP/1.1" 200 961 "-" "Mozilla/5.0 (compatible; AhrefsBot/7.0; +http://ahrefs.com/robot/)" "www.metrocrimedaily.com"
51.222.253.2 - - [24/Jan/2023:17:11:36 -0800] "GET /CRIME-WATCH-AMERICA/CRIME-WATCH-STLOUIS/?C=D;O=D HTTP/1.1" 200 961 "-" "Mozilla/5.0 (compatible; AhrefsBot/7.0; +http://ahrefs.com/robot/)" "www.metrocrimedaily.com"
51.222.253.8 - - [24/Jan/2023:17:12:43 -0800] "GET /CRIME-WATCH-AMERICA/CRIME-WATCH-STLOUIS/?C=M;O=D HTTP/1.1" 200 965 "-" "Mozilla/5.0 (compatible; AhrefsBot/7.0; +http://ahrefs.com/robot/)" "www.metrocrimedaily.com"
51.222.253.4 - - [24/Jan/2023:17:14:16 -0800] "GET /CRIME-WATCH-AMERICA/CRIME-WATCH-STLOUIS/?C=S;O=D HTTP/1.1" 200 961 "-" "Mozilla/5.0 (compatible; AhrefsBot/7.0; +http://ahrefs.com/robot/)" "www.metrocrimedaily.com"
69.63.184.120 - - [24/Jan/2023:17:14:37 -0800] "GET /instagram-detroit/01-24-2023-1913481-A.jpg HTTP/1.1" 200 181516 "-" "facebookexternalhit/1.1 (+http://www.facebook.com/externalhit_uatext.php)" "www.metrocrimedaily.com"
51.222.253.12 - - [24/Jan/2023:17:16:30 -0800] "GET /?C=N;O=A HTTP/1.1" 200 1678 "-" "Mozilla/5.0 (compatible; AhrefsBot/7.0; +http://ahrefs.com/robot/)" "www.metrocrimedaily.com"
51.222.253.12 - - [24/Jan/2023:17:17:17 -0800] "GET /instagram-losangeles/01-23-2023-1413571-The-Monterey-Park-mass-shooting-revamp-talks-of-g.txt HTTP/1.1" 200 1000 "-" "Mozilla/5.0 (compatible; AhrefsBot/7.0; +http://ahrefs.com/robot/)" "www.metrocrimedaily.com"
51.222.253.4 - - [24/Jan/2023:17:18:03 -0800] "GET /instagram-losangeles/01-23-2023-1516201-Hospitalized-Victim-in-Monterey-Park-Mass-Shootin.txt HTTP/1.1" 200 1015 "-" "Mozilla/5.0 (compatible; AhrefsBot/7.0; +http://ahrefs.com/robot/)" "www.metrocrimedaily.com"
69.63.184.1 - - [24/Jan/2023:17:18:19 -0800] "GET /instagram-losangeles/01-24-2023-1902282-A.jpg HTTP/1.1" 200 311722 "-" "facebookexternalhit/1.1 (+http://www.facebook.com/externalhit_uatext.php)" "www.metrocrimedaily.com"
51.222.253.15 - - [24/Jan/2023:17:18:37 -0800] "GET /instagram-losangeles/01-23-2023-1516202-New-pill-treats-diabetic-cats-without-daily-insul.txt HTTP/1.1" 200 1136 "-" "Mozilla/5.0 (compatible; AhrefsBot/7.0; +http://ahrefs.com/robot/)" "www.metrocrimedaily.com"
51.222.253.8 - - [24/Jan/2023:17:18:56 -0800] "GET /instagram-losangeles/01-23-2023-1516203-Sheriff---s-deputies-shoot--kill-armed-man-in-Alt.txt HTTP/1.1" 200 1026 "-" "Mozilla/5.0 (compatible; AhrefsBot/7.0; +http://ahrefs.com/robot/)" "www.metrocrimedaily.com"
69.63.184.117 - - [24/Jan/2023:17:19:24 -0800] "GET /instagram-stlouis/01-24-2023-1807147-A.jpg HTTP/1.1" 200 194045 "-" "facebookexternalhit/1.1 (+http://www.facebook.com/externalhit_uatext.php)" "www.metrocrimedaily.com"
51.222.253.20 - - [24/Jan/2023:17:19:31 -0800] "GET /instagram-losangeles/01-23-2023-1516204-Flags-ordered-to-be-flown-at-half-staff-after-Mon.txt HTTP/1.1" 200 965 "-" "Mozilla/5.0 (compatible; AhrefsBot/7.0; +http://ahrefs.com/robot/)" "www.metrocrimedaily.com"
51.222.253.16 - - [24/Jan/2023:17:20:06 -0800] "GET /instagram-losangeles/01-23-2023-1644541-Lunar-New-Year-Mass-Shooter-Disarmed-in-Heroic-Ac.txt HTTP/1.1" 200 1120 "-" "Mozilla/5.0 (compatible; AhrefsBot/7.0; +http://ahrefs.com/robot/)" "www.metrocrimedaily.com"
207.46.13.124 - - [24/Jan/2023:17:20:10 -0800] "GET /instagram-atlanta/12-20-2022-2120565-Atlanta-police-chief-sits-down-with-Channel-2-to-.txt HTTP/1.1" 404 88 "-" "Mozilla/5.0 AppleWebKit/537.36 (KHTML, like Gecko; compatible; bingbot/2.0; +http://www.bing.com/bingbot.htm) Chrome/103.0.5060.134 Safari/537.36" "www.metrocrimedaily.com"
51.222.253.3 - - [24/Jan/2023:17:20:33 -0800] "GET /instagram-losangeles/01-23-2023-1644542-Here-s-what-we-know-about-Monterey-Park-gunman-Hu.txt HTTP/1.1" 200 1105 "-" "Mozilla/5.0 (compatible; AhrefsBot/7.0; +http://ahrefs.com/robot/)" "www.metrocrimedaily.com"
51.222.253.3 - - [24/Jan/2023:17:20:49 -0800] "GET /instagram-losangeles/01-23-2023-1644543-Victims-of-Monterey-Park-Mass-Shooting-May-Be-Eli.txt HTTP/1.1" 200 1123 "-" "Mozilla/5.0 (compatible; AhrefsBot/7.0; +http://ahrefs.com/robot/)" "www.metrocrimedaily.com"
51.222.253.15 - - [24/Jan/2023:17:20:54 -0800] "GET /instagram-losangeles/01-23-2023-1757551-Keenan-Anderson-death--LAPD-releases-extended-bod.txt HTTP/1.1" 200 1096 "-" "Mozilla/5.0 (compatible; AhrefsBot/7.0; +http://ahrefs.com/robot/)" "www.metrocrimedaily.com"
51.222.253.8 - - [24/Jan/2023:17:21:00 -0800] "GET /instagram-losangeles/01-23-2023-1757552----It-s-What-She-Loved---Family-Says-Victim-Was-a.txt HTTP/1.1" 200 1122 "-" "Mozilla/5.0 (compatible; AhrefsBot/7.0; +http://ahrefs.com/robot/)" "www.metrocrimedaily.com"
51.222.253.5 - - [24/Jan/2023:17:21:06 -0800] "GET /instagram-losangeles/01-23-2023-1854441-Lunar-New-Year-massacre--Brandon-Tsay---Hero--civ.txt HTTP/1.1" 200 1138 "-" "Mozilla/5.0 (compatible; AhrefsBot/7.0; +http://ahrefs.com/robot/)" "www.metrocrimedaily.com"
51.222.253.19 - - [24/Jan/2023:17:21:09 -0800] "GET /instagram-losangeles/01-23-2023-1854442-Des-Moines-school-shooting--2-students-dead--1-ad.txt HTTP/1.1" 200 1002 "-" "Mozilla/5.0 (compatible; AhrefsBot/7.0; +http://ahrefs.com/robot/)" "www.metrocrimedaily.com"
51.222.253.4 - - [24/Jan/2023:17:21:11 -0800] "GET /instagram-losangeles/01-23-2023-2006511-Seven-people-dead--suspect-identified-in-Half-Moo.txt HTTP/1.1" 200 1073 "-" "Mozilla/5.0 (compatible; AhrefsBot/7.0; +http://ahrefs.com/robot/)" "www.metrocrimedaily.com"
51.222.253.20 - - [24/Jan/2023:17:21:13 -0800] "GET /instagram-losangeles/ig-CWUSA-losangeles-stories-to-post-later.txt HTTP/1.1" 200 11927 "-" "Mozilla/5.0 (compatible; AhrefsBot/7.0; +http://ahrefs.com/robot/)" "www.metrocrimedaily.com"
51.222.253.18 - - [24/Jan/2023:17:21:16 -0800] "GET /instagram-losangeles/ig-losangeles-stories-to-post-later.txt HTTP/1.1" 200 2485 "-" "Mozilla/5.0 (compatible; AhrefsBot/7.0; +http://ahrefs.com/robot/)" "www.metrocrimedaily.com"
69.63.184.5 - - [24/Jan/2023:17:22:42 -0800] "GET /instagram-houston/01-24-2023-1906512-A.jpg HTTP/1.1" 200 113504 "-" "facebookexternalhit/1.1 (+http://www.facebook.com/externalhit_uatext.php)" "www.metrocrimedaily.com"
51.222.253.2 - - [24/Jan/2023:17:22:49 -0800] "GET /instagram-houston/ HTTP/1.1" 200 2660 "-" "Mozilla/5.0 (compatible; AhrefsBot/7.0; +http://ahrefs.com/robot/)" "metrocrimedaily.com"
51.222.253.9 - - [24/Jan/2023:17:23:16 -0800] "GET /robots.txt HTTP/1.1" 404 88 "-" "Mozilla/5.0 (compatible; AhrefsBot/7.0; +http://ahrefs.com/robot/)" "metrocrimedaily.com"
51.222.253.13 - - [24/Jan/2023:17:23:17 -0800] "GET /index.html HTTP/1.1" 404 88 "-" "Mozilla/5.0 (compatible; AhrefsBot/7.0; +http://ahrefs.com/robot/)" "metrocrimedaily.com"
51.222.253.8 - - [24/Jan/2023:17:23:46 -0800] "GET /CRIME-WATCH-AMERICA/DELETE-ME-IM-JUNK/JUNK3/unix/bin/?C=N;O=A HTTP/1.1" 200 352 "-" "Mozilla/5.0 (compatible; AhrefsBot/7.0; +http://ahrefs.com/robot/)" "metrocrimedaily.com"
69.63.184.1 - - [24/Jan/2023:17:24:10 -0800] "GET /instagram-memphis/01-24-2023-1908192-A.jpg HTTP/1.1" 200 129766 "-" "facebookexternalhit/1.1 (+http://www.facebook.com/externalhit_uatext.php)" "www.metrocrimedaily.com"
51.222.253.18 - - [24/Jan/2023:17:24:17 -0800] "GET /CRIME-WATCH-AMERICA/CRIME-WATCH-STLOUIS/unix/?C=N;O=A HTTP/1.1" 200 396 "-" "Mozilla/5.0 (compatible; AhrefsBot/7.0; +http://ahrefs.com/robot/)" "metrocrimedaily.com"
51.222.253.1 - - [24/Jan/2023:17:25:16 -0800] "GET /CRIME-WATCH-AMERICA/DELETE-ME-IM-JUNK/JUNK1/unix/?C=N;O=A HTTP/1.1" 200 388 "-" "Mozilla/5.0 (compatible; AhrefsBot/7.0; +http://ahrefs.com/robot/)" "metrocrimedaily.com"
40.77.167.54 - - [24/Jan/2023:17:26:37 -0800] "GET /instagram-detroit/12-21-2022-2024143-15-year-old-John-Glenn-high-student-now-able-to-t.txt HTTP/1.1" 404 88 "-" "Mozilla/5.0 (compatible; bingbot/2.0; +http://www.bing.com/bingbot.htm)" "www.metrocrimedaily.com"
51.222.253.15 - - [24/Jan/2023:17:27:31 -0800] "GET /CRIME-WATCH-AMERICA/DELETE-ME-IM-JUNK/JUNK2/unix/?C=N;O=A HTTP/1.1" 200 389 "-" "Mozilla/5.0 (compatible; AhrefsBot/7.0; +http://ahrefs.com/robot/)" "metrocrimedaily.com"
69.63.184.2 - - [24/Jan/2023:17:28:31 -0800] "GET /instagram-dallas/01-24-2023-1927521-A.jpg HTTP/1.1" 200 704799 "-" "facebookexternalhit/1.1 (+http://www.facebook.com/externalhit_uatext.php)" "www.metrocrimedaily.com"
112.217.190.170 - - [24/Jan/2023:17:28:51 -0800] "GET /30/license.txt HTTP/1.1" 404 88 "-" "Mozilla/5.0 (X11; Ubuntu; Linux x86_64; rv:62.0) Gecko/20100101 Firefox/62.0" "metrocrimedaily.com"
69.63.184.4 - - [24/Jan/2023:17:30:11 -0800] "GET /instagram-detroit/01-24-2023-1913482-A.jpg HTTP/1.1" 200 86481 "-" "facebookexternalhit/1.1 (+http://www.facebook.com/externalhit_uatext.php)" "www.metrocrimedaily.com"
51.222.253.20 - - [24/Jan/2023:17:31:46 -0800] "GET /CRIME-WATCH-AMERICA/CRIME-WATCH-STLOUIS/support/?C=N;O=A HTTP/1.1" 200 709 "-" "Mozilla/5.0 (compatible; AhrefsBot/7.0; +http://ahrefs.com/robot/)" "metrocrimedaily.com"
99.103.214.234 - - [24/Jan/2023:17:31:53 -0800] "GET / HTTP/1.1" 200 1684 "-" "Mozilla/5.0 (iPhone; CPU iPhone OS 15_6_1 like Mac OS X) AppleWebKit/605.1.15 (KHTML, like Gecko) Version/15.6.1 Mobile/15E148 Safari/604.1" "www.metrocrimedaily.com"
69.63.184.1 - - [24/Jan/2023:17:33:50 -0800] "GET /instagram-losangeles/01-24-2023-1902283-A.jpg HTTP/1.1" 200 361407 "-" "facebookexternalhit/1.1 (+http://www.facebook.com/externalhit_uatext.php)" "www.metrocrimedaily.com"
69.63.184.117 - - [24/Jan/2023:17:34:18 -0800] "GET /instagram-houston/01-24-2023-1906513-A.jpg HTTP/1.1" 200 142362 "-" "facebookexternalhit/1.1 (+http://www.facebook.com/externalhit_uatext.php)" "www.metrocrimedaily.com"
69.63.184.117 - - [24/Jan/2023:17:34:24 -0800] "GET /instagram-memphis/01-24-2023-1908193-A.jpg HTTP/1.1" 200 298158 "-" "facebookexternalhit/1.1 (+http://www.facebook.com/externalhit_uatext.php)" "www.metrocrimedaily.com"
69.63.184.1 - - [24/Jan/2023:17:34:33 -0800] "GET /instagram-stlouis/01-24-2023-1807148-A.jpg HTTP/1.1" 200 155541 "-" "facebookexternalhit/1.1 (+http://www.facebook.com/externalhit_uatext.php)" "www.metrocrimedaily.com"
69.63.184.116 - - [24/Jan/2023:17:34:46 -0800] "GET /instagram-houston/01-24-2023-1906514-A.jpg HTTP/1.1" 200 214083 "-" "facebookexternalhit/1.1 (+http://www.facebook.com/externalhit_uatext.php)" "www.metrocrimedaily.com"
69.63.184.3 - - [24/Jan/2023:17:35:01 -0800] "GET /instagram-stlouis/01-24-2023-1807149-A.jpg HTTP/1.1" 200 123744 "-" "facebookexternalhit/1.1 (+http://www.facebook.com/externalhit_uatext.php)" "www.metrocrimedaily.com"
15.181.199.195 - - [24/Jan/2023:17:39:09 -0800] "GET / HTTP/1.1" 200 1676 "-" "Mozilla/5.0 (Windows NT 10.0; Win64; x64) AppleWebKit/537.36 (KHTML, like Gecko) Chrome/97.0.4692.20 Safari/537.36" "metrocrimedaily.com"
51.222.253.11 - - [24/Jan/2023:17:40:52 -0800] "GET /instagram-detroit/videos/?C=D;O=A HTTP/1.1" 200 516 "-" "Mozilla/5.0 (compatible; AhrefsBot/7.0; +http://ahrefs.com/robot/)" "www.metrocrimedaily.com"
157.55.39.64 - - [24/Jan/2023:17:43:54 -0800] "GET /robots.txt HTTP/1.1" 404 88 "-" "Mozilla/5.0 AppleWebKit/537.36 (KHTML, like Gecko; compatible; bingbot/2.0; +http://www.bing.com/bingbot.htm) Chrome/103.0.5060.134 Safari/537.36" "metrocrimedaily.com"
40.77.167.54 - - [24/Jan/2023:17:44:00 -0800] "GET /index-losangeles.html HTTP/1.1" 200 10902 "-" "Mozilla/5.0 (compatible; bingbot/2.0; +http://www.bing.com/bingbot.htm)" "metrocrimedaily.com"
69.63.184.119 - - [24/Jan/2023:17:44:07 -0800] "GET /instagram-dallas/01-24-2023-1927522-A.jpg HTTP/1.1" 200 137295 "-" "facebookexternalhit/1.1 (+http://www.facebook.com/externalhit_uatext.php)" "www.metrocrimedaily.com"
69.63.184.5 - - [24/Jan/2023:17:45:37 -0800] "GET /instagram-memphis/01-24-2023-1908194-A.jpg HTTP/1.1" 200 94291 "-" "facebookexternalhit/1.1 (+http://www.facebook.com/externalhit_uatext.php)" "www.metrocrimedaily.com"
69.63.184.120 - - [24/Jan/2023:17:45:49 -0800] "GET /instagram-stlouis/01-24-2023-18071410-A.jpg HTTP/1.1" 200 165676 "-" "facebookexternalhit/1.1 (+http://www.facebook.com/externalhit_uatext.php)" "www.metrocrimedaily.com"
69.63.184.3 - - [24/Jan/2023:17:47:54 -0800] "GET /instagram-stlouis/01-24-2023-18071411-A.jpg HTTP/1.1" 200 377695 "-" "facebookexternalhit/1.1 (+http://www.facebook.com/externalhit_uatext.php)" "www.metrocrimedaily.com"
69.63.184.112 - - [24/Jan/2023:17:49:58 -0800] "GET /instagram-stlouis/01-24-2023-18071412-A.jpg HTTP/1.1" 200 198780 "-" "facebookexternalhit/1.1 (+http://www.facebook.com/externalhit_uatext.php)" "www.metrocrimedaily.com"
207.46.13.62 - - [24/Jan/2023:17:50:19 -0800] "GET /abc7.com.com HTTP/1.1" 404 88 "-" "Mozilla/5.0 AppleWebKit/537.36 (KHTML, like Gecko; compatible; bingbot/2.0; +http://www.bing.com/bingbot.htm) Chrome/103.0.5060.134 Safari/537.36" "metrocrimedaily.com"
157.55.39.152 - - [24/Jan/2023:17:50:26 -0800] "GET /ktla.com.= HTTP/1.1" 404 88 "-" "Mozilla/5.0 AppleWebKit/537.36 (KHTML, like Gecko; compatible; bingbot/2.0; +http://www.bing.com/bingbot.htm) Chrome/103.0.5060.134 Safari/537.36" "metrocrimedaily.com"
207.46.13.62 - - [24/Jan/2023:17:50:39 -0800] "GET /abc7.com.com HTTP/1.1" 404 88 "-" "Mozilla/5.0 AppleWebKit/537.36 (KHTML, like Gecko; compatible; bingbot/2.0; +http://www.bing.com/bingbot.htm) Chrome/103.0.5060.134 Safari/537.36" "metrocrimedaily.com"
69.63.184.5 - - [24/Jan/2023:17:50:44 -0800] "GET /instagram-stlouis/01-24-2023-18071413-A.jpg HTTP/1.1" 200 317664 "-" "facebookexternalhit/1.1 (+http://www.facebook.com/externalhit_uatext.php)" "www.metrocrimedaily.com"
157.55.39.152 - - [24/Jan/2023:17:50:46 -0800] "GET /ktla.com.= HTTP/1.1" 404 88 "-" "Mozilla/5.0 AppleWebKit/537.36 (KHTML, like Gecko; compatible; bingbot/2.0; +http://www.bing.com/bingbot.htm) Chrome/103.0.5060.134 Safari/537.36" "metrocrimedaily.com"
69.63.184.118 - - [24/Jan/2023:17:51:51 -0800] "GET /instagram-stlouis/01-24-2023-18071414-A.jpg HTTP/1.1" 200 126766 "-" "facebookexternalhit/1.1 (+http://www.facebook.com/externalhit_uatext.php)" "www.metrocrimedaily.com"
66.249.70.120 - - [24/Jan/2023:17:52:11 -0800] "GET /wgno.com.= HTTP/1.1" 404 88 "-" "Mozilla/5.0 (Linux; Android 6.0.1; Nexus 5X Build/MMB29P) AppleWebKit/537.36 (KHTML, like Gecko) Chrome/109.0.5414.101 Mobile Safari/537.36 (compatible; Googlebot/2.1; +http://www.google.com/bot.html)" "www.metrocrimedaily.com"
69.63.184.116 - - [24/Jan/2023:17:53:20 -0800] "GET /instagram-stlouis/01-24-2023-18071415-A.jpg HTTP/1.1" 200 100144 "-" "facebookexternalhit/1.1 (+http://www.facebook.com/externalhit_uatext.php)" "www.metrocrimedaily.com"
51.222.253.1 - - [24/Jan/2023:17:58:52 -0800] "GET /instagram-detroit/videos/?C=M;O=A HTTP/1.1" 200 516 "-" "Mozilla/5.0 (compatible; AhrefsBot/7.0; +http://ahrefs.com/robot/)" "www.metrocrimedaily.com"
69.63.184.119 - - [24/Jan/2023:17:59:40 -0800] "GET /instagram-dallas/01-24-2023-1927523-A.jpg HTTP/1.1" 200 103422 "-" "facebookexternalhit/1.1 (+http://www.facebook.com/externalhit_uatext.php)" "www.metrocrimedaily.com"
76.184.252.42 - - [24/Jan/2023:18:02:19 -0800] "GET /?C=N;O=A HTTP/1.1" 200 1665 "-" "Mozilla/5.0 (Windows NT 10.0; Win64; x64) AppleWebKit/537.36 (KHTML, like Gecko) Chrome/108.0.0.0 Safari/537.36 Edg/108.0.1462.76" "www.metrocrimedaily.com"
35.245.188.175 - - [24/Jan/2023:18:02:21 -0800] "GET / HTTP/1.1" 200 10505 "-" "Mozilla/5.0 (Windows NT 6.1; WOW64; Trident/7.0; rv:11.0) like Gecko" "www.metrocrimedaily.com"
76.184.252.42 - - [24/Jan/2023:18:03:48 -0800] "GET /?C=N;O=A HTTP/1.1" 200 157758 "-" "Mozilla/5.0 (Windows NT 10.0; Win64; x64) AppleWebKit/537.36 (KHTML, like Gecko) Chrome/108.0.0.0 Safari/537.36 Edg/108.0.1462.76" "www.metrocrimedaily.com"
76.184.252.42 - - [24/Jan/2023:18:03:49 -0800] "GET /images/crimeinthed-logo.jpg HTTP/1.1" 304 - "http://www.metrocrimedaily.com/?C=N;O=A" "Mozilla/5.0 (Windows NT 10.0; Win64; x64) AppleWebKit/537.36 (KHTML, like Gecko) Chrome/108.0.0.0 Safari/537.36 Edg/108.0.1462.76" "www.metrocrimedaily.com"
76.184.252.42 - - [24/Jan/2023:18:03:50 -0800] "GET /images/police-tape.jpg HTTP/1.1" 304 - "http://www.metrocrimedaily.com/" "Mozilla/5.0 (Windows NT 10.0; Win64; x64) AppleWebKit/537.36 (KHTML, like Gecko) Chrome/108.0.0.0 Safari/537.36 Edg/108.0.1462.76" "metrocrimedaily.com"
76.184.252.42 - - [24/Jan/2023:18:04:17 -0800] "GET /images/facebook-logo-tiny.png HTTP/1.1" 304 - "http://www.metrocrimedaily.com/?C=N;O=A" "Mozilla/5.0 (Windows NT 10.0; Win64; x64) AppleWebKit/537.36 (KHTML, like Gecko) Chrome/108.0.0.0 Safari/537.36 Edg/108.0.1462.76" "www.metrocrimedaily.com"
76.184.252.42 - - [24/Jan/2023:18:04:32 -0800] "GET /images/youtube-logo-tiny.png HTTP/1.1" 304 - "http://www.metrocrimedaily.com/?C=N;O=A" "Mozilla/5.0 (Windows NT 10.0; Win64; x64) AppleWebKit/537.36 (KHTML, like Gecko) Chrome/108.0.0.0 Safari/537.36 Edg/108.0.1462.76" "www.metrocrimedaily.com"
66.249.70.122 - - [24/Jan/2023:18:08:57 -0800] "GET /robots.txt HTTP/1.1" 404 88 "-" "Mozilla/5.0 (compatible; Googlebot/2.1; +http://www.google.com/bot.html)" "www.metrocrimedaily.com"
66.249.70.132 - - [24/Jan/2023:18:09:54 -0800] "GET /robots.txt HTTP/1.1" 404 88 "-" "Mozilla/5.0 (compatible; Googlebot/2.1; +http://www.google.com/bot.html)" "metrocrimedaily.com"
120.132.99.49 - - [24/Jan/2023:18:12:19 -0800] "GET /wp-login.php HTTP/1.1" 404 88 "" "Mozilla/5.0 (Windows NT 10.0; Win64; x64; rv:108.0) Gecko/20100101 Firefox/108.0" "metrocrimedaily.com"
69.63.184.4 - - [24/Jan/2023:18:15:14 -0800] "GET /instagram-dallas/01-24-2023-1927524-A.jpg HTTP/1.1" 200 150684 "-" "facebookexternalhit/1.1 (+http://www.facebook.com/externalhit_uatext.php)" "www.metrocrimedaily.com"
51.222.253.8 - - [24/Jan/2023:18:16:23 -0800] "GET /instagram-detroit/videos/?C=N;O=D HTTP/1.1" 200 514 "-" "Mozilla/5.0 (compatible; AhrefsBot/7.0; +http://ahrefs.com/robot/)" "www.metrocrimedaily.com"
66.249.70.116 - - [24/Jan/2023:18:16:29 -0800] "GET /wgno.com.%20= HTTP/1.1" 404 88 "-" "Mozilla/5.0 (Linux; Android 6.0.1; Nexus 5X Build/MMB29P) AppleWebKit/537.36 (KHTML, like Gecko) Chrome/109.0.5414.101 Mobile Safari/537.36 (compatible; Googlebot/2.1; +http://www.google.com/bot.html)" "www.metrocrimedaily.com"
40.77.167.54 - - [24/Jan/2023:18:19:52 -0800] "GET /cw-privacy-policy.html HTTP/1.1" 200 2305 "-" "Mozilla/5.0 AppleWebKit/537.36 (KHTML, like Gecko; compatible; bingbot/2.0; +http://www.bing.com/bingbot.htm) Chrome/103.0.5060.134 Safari/537.36" "metrocrimedaily.com"
69.63.184.4 - - [24/Jan/2023:18:31:05 -0800] "GET /instagram-dallas/01-24-2023-1927525-A.jpg HTTP/1.1" 200 150684 "-" "facebookexternalhit/1.1 (+http://www.facebook.com/externalhit_uatext.php)" "www.metrocrimedaily.com"
172.58.138.46 - - [24/Jan/2023:18:32:14 -0800] "GET / HTTP/1.1" 200 157758 "https://www.google.com/" "Mozilla/5.0 (iPhone; CPU iPhone OS 16_1_1 like Mac OS X) AppleWebKit/605.1.15 (KHTML, like Gecko) Version/16.1 Mobile/15E148 Safari/604.1" "www.metrocrimedaily.com"
172.58.162.85 - - [24/Jan/2023:18:32:15 -0800] "GET /styles-mcd.css HTTP/1.1" 200 1159 "http://www.metrocrimedaily.com/" "Mozilla/5.0 (iPhone; CPU iPhone OS 16_1_1 like Mac OS X) AppleWebKit/605.1.15 (KHTML, like Gecko) Version/16.1 Mobile/15E148 Safari/604.1" "www.metrocrimedaily.com"
172.58.139.83 - - [24/Jan/2023:18:32:15 -0800] "GET /images/crimeinthed-logo.jpg HTTP/1.1" 200 14960 "http://www.metrocrimedaily.com/" "Mozilla/5.0 (iPhone; CPU iPhone OS 16_1_1 like Mac OS X) AppleWebKit/605.1.15 (KHTML, like Gecko) Version/16.1 Mobile/15E148 Safari/604.1" "www.metrocrimedaily.com"
172.58.143.222 - - [24/Jan/2023:18:32:15 -0800] "GET /images/police-tape.jpg HTTP/1.1" 200 50766 "http://www.metrocrimedaily.com/" "Mozilla/5.0 (iPhone; CPU iPhone OS 16_1_1 like Mac OS X) AppleWebKit/605.1.15 (KHTML, like Gecko) Version/16.1 Mobile/15E148 Safari/604.1" "metrocrimedaily.com"
172.58.138.46 - - [24/Jan/2023:18:32:15 -0800] "GET /images/facebook-logo-tiny.png HTTP/1.1" 200 1280 "http://www.metrocrimedaily.com/" "Mozilla/5.0 (iPhone; CPU iPhone OS 16_1_1 like Mac OS X) AppleWebKit/605.1.15 (KHTML, like Gecko) Version/16.1 Mobile/15E148 Safari/604.1" "www.metrocrimedaily.com"
172.58.162.85 - - [24/Jan/2023:18:32:15 -0800] "GET /images/youtube-logo-tiny.png HTTP/1.1" 200 689 "http://www.metrocrimedaily.com/" "Mozilla/5.0 (iPhone; CPU iPhone OS 16_1_1 like Mac OS X) AppleWebKit/605.1.15 (KHTML, like Gecko) Version/16.1 Mobile/15E148 Safari/604.1" "www.metrocrimedaily.com"
172.58.138.46 - - [24/Jan/2023:18:32:16 -0800] "GET /images/twitter-logo-b-tiny.png HTTP/1.1" 200 1600 "http://www.metrocrimedaily.com/" "Mozilla/5.0 (iPhone; CPU iPhone OS 16_1_1 like Mac OS X) AppleWebKit/605.1.15 (KHTML, like Gecko) Version/16.1 Mobile/15E148 Safari/604.1" "www.metrocrimedaily.com"
172.58.143.222 - - [24/Jan/2023:18:32:53 -0800] "GET /favicon.ico HTTP/1.1" 404 88 "http://www.metrocrimedaily.com/" "Mozilla/5.0 (iPhone; CPU iPhone OS 16_1_1 like Mac OS X) AppleWebKit/605.1.15 (KHTML, like Gecko) Version/16.1 Mobile/15E148 Safari/604.1" "www.metrocrimedaily.com"
207.46.13.106 - - [24/Jan/2023:18:33:27 -0800] "GET /index-houston.html HTTP/1.1" 200 22357 "-" "Mozilla/5.0 AppleWebKit/537.36 (KHTML, like Gecko; compatible; bingbot/2.0; +http://www.bing.com/bingbot.htm) Chrome/103.0.5060.134 Safari/537.36" "metrocrimedaily.com"
51.222.253.13 - - [24/Jan/2023:18:33:27 -0800] "GET /instagram-detroit/videos/?C=S;O=A HTTP/1.1" 200 516 "-" "Mozilla/5.0 (compatible; AhrefsBot/7.0; +http://ahrefs.com/robot/)" "www.metrocrimedaily.com"
40.77.167.54 - - [24/Jan/2023:18:34:52 -0800] "GET /abc13.com.%20= HTTP/1.1" 404 88 "-" "Mozilla/5.0 AppleWebKit/537.36 (KHTML, like Gecko; compatible; bingbot/2.0; +http://www.bing.com/bingbot.htm) Chrome/103.0.5060.134 Safari/537.36" "metrocrimedaily.com"
40.77.167.54 - - [24/Jan/2023:18:35:13 -0800] "GET /abc13.com.%20= HTTP/1.1" 404 88 "-" "Mozilla/5.0 AppleWebKit/537.36 (KHTML, like Gecko; compatible; bingbot/2.0; +http://www.bing.com/bingbot.htm) Chrome/103.0.5060.134 Safari/537.36" "metrocrimedaily.com"
40.77.167.54 - - [24/Jan/2023:18:35:13 -0800] "GET /abc13.com.%20= HTTP/1.1" 404 88 "-" "Mozilla/5.0 (compatible; bingbot/2.0; +http://www.bing.com/bingbot.htm)" "metrocrimedaily.com"
172.58.162.85 - - [24/Jan/2023:18:35:34 -0800] "GET / HTTP/1.1" 200 157758 "-" "Mozilla/5.0 (iPhone; CPU iPhone OS 16_1_1 like Mac OS X) AppleWebKit/605.1.15 (KHTML, like Gecko) Version/16.1 Mobile/15E148 Safari/604.1" "www.metrocrimedaily.com"
172.58.139.83 - - [24/Jan/2023:18:35:36 -0800] "GET /apple-touch-icon-120x120-precomposed.png HTTP/1.1" 404 88 "-" "MobileSafari/8614.2.9.0.10 CFNetwork/1399 Darwin/22.1.0" "www.metrocrimedaily.com"
172.58.139.83 - - [24/Jan/2023:18:35:36 -0800] "GET /apple-touch-icon-120x120.png HTTP/1.1" 404 88 "-" "MobileSafari/8614.2.9.0.10 CFNetwork/1399 Darwin/22.1.0" "www.metrocrimedaily.com"
172.58.139.83 - - [24/Jan/2023:18:35:37 -0800] "GET /apple-touch-icon-precomposed.png HTTP/1.1" 404 88 "-" "MobileSafari/8614.2.9.0.10 CFNetwork/1399 Darwin/22.1.0" "www.metrocrimedaily.com"
172.58.139.83 - - [24/Jan/2023:18:35:37 -0800] "GET /apple-touch-icon.png HTTP/1.1" 404 88 "-" "MobileSafari/8614.2.9.0.10 CFNetwork/1399 Darwin/22.1.0" "www.metrocrimedaily.com"
172.58.139.83 - - [24/Jan/2023:18:35:37 -0800] "GET /favicon.ico HTTP/1.1" 404 88 "-" "MobileSafari/8614.2.9.0.10 CFNetwork/1399 Darwin/22.1.0" "www.metrocrimedaily.com"
172.58.139.83 - - [24/Jan/2023:18:35:37 -0800] "GET /apple-touch-icon-120x120-precomposed.png HTTP/1.1" 404 88 "-" "MobileSafari/8614.2.9.0.10 CFNetwork/1399 Darwin/22.1.0" "www.metrocrimedaily.com"
172.58.139.83 - - [24/Jan/2023:18:35:38 -0800] "GET /apple-touch-icon-120x120.png HTTP/1.1" 404 88 "-" "MobileSafari/8614.2.9.0.10 CFNetwork/1399 Darwin/22.1.0" "www.metrocrimedaily.com"
172.58.139.83 - - [24/Jan/2023:18:35:38 -0800] "GET /apple-touch-icon-precomposed.png HTTP/1.1" 404 88 "-" "MobileSafari/8614.2.9.0.10 CFNetwork/1399 Darwin/22.1.0" "www.metrocrimedaily.com"
172.58.139.83 - - [24/Jan/2023:18:35:38 -0800] "GET /apple-touch-icon.png HTTP/1.1" 404 88 "-" "MobileSafari/8614.2.9.0.10 CFNetwork/1399 Darwin/22.1.0" "www.metrocrimedaily.com"
69.63.184.1 - - [24/Jan/2023:18:36:13 -0800] "GET /instagram-chicago/01-24-2023-2035511-A.jpg HTTP/1.1" 200 121808 "-" "facebookexternalhit/1.1 (+http://www.facebook.com/externalhit_uatext.php)" "www.metrocrimedaily.com"
51.222.253.2 - - [24/Jan/2023:18:46:03 -0800] "GET /CRIME-WATCH-AMERICA/DELETE-ME-IM-JUNK/JUNK1/unix/bin/?C=D;O=A HTTP/1.1" 200 352 "-" "Mozilla/5.0 (compatible; AhrefsBot/7.0; +http://ahrefs.com/robot/)" "metrocrimedaily.com"
51.222.253.4 - - [24/Jan/2023:18:47:21 -0800] "GET /CRIME-WATCH-AMERICA/DELETE-ME-IM-JUNK/JUNK1/unix/bin/?C=M;O=A HTTP/1.1" 200 353 "-" "Mozilla/5.0 (compatible; AhrefsBot/7.0; +http://ahrefs.com/robot/)" "metrocrimedaily.com"
51.222.253.8 - - [24/Jan/2023:18:48:00 -0800] "GET /CRIME-WATCH-AMERICA/DELETE-ME-IM-JUNK/JUNK1/unix/bin/?C=N;O=D HTTP/1.1" 200 351 "-" "Mozilla/5.0 (compatible; AhrefsBot/7.0; +http://ahrefs.com/robot/)" "metrocrimedaily.com"
51.222.253.5 - - [24/Jan/2023:18:48:18 -0800] "GET /CRIME-WATCH-AMERICA/DELETE-ME-IM-JUNK/JUNK1/unix/bin/?C=S;O=A HTTP/1.1" 200 353 "-" "Mozilla/5.0 (compatible; AhrefsBot/7.0; +http://ahrefs.com/robot/)" "metrocrimedaily.com"
51.222.253.13 - - [24/Jan/2023:18:48:25 -0800] "GET /CRIME-WATCH-AMERICA/DELETE-ME-IM-JUNK/JUNK2/unix/bin/?C=D;O=A HTTP/1.1" 200 352 "-" "Mozilla/5.0 (compatible; AhrefsBot/7.0; +http://ahrefs.com/robot/)" "metrocrimedaily.com"
51.222.253.17 - - [24/Jan/2023:18:48:30 -0800] "GET /CRIME-WATCH-AMERICA/DELETE-ME-IM-JUNK/JUNK2/unix/bin/?C=M;O=A HTTP/1.1" 200 353 "-" "Mozilla/5.0 (compatible; AhrefsBot/7.0; +http://ahrefs.com/robot/)" "metrocrimedaily.com"
51.222.253.1 - - [24/Jan/2023:18:48:31 -0800] "GET /CRIME-WATCH-AMERICA/DELETE-ME-IM-JUNK/JUNK2/unix/bin/?C=N;O=D HTTP/1.1" 200 351 "-" "Mozilla/5.0 (compatible; AhrefsBot/7.0; +http://ahrefs.com/robot/)" "metrocrimedaily.com"
51.222.253.6 - - [24/Jan/2023:18:48:32 -0800] "GET /CRIME-WATCH-AMERICA/DELETE-ME-IM-JUNK/JUNK2/unix/bin/?C=S;O=A HTTP/1.1" 200 353 "-" "Mozilla/5.0 (compatible; AhrefsBot/7.0; +http://ahrefs.com/robot/)" "metrocrimedaily.com"
51.222.253.20 - - [24/Jan/2023:18:48:33 -0800] "GET /CRIME-WATCH-AMERICA/DELETE-ME-IM-JUNK/JUNK3/unix/bin/?C=D;O=D HTTP/1.1" 200 350 "-" "Mozilla/5.0 (compatible; AhrefsBot/7.0; +http://ahrefs.com/robot/)" "metrocrimedaily.com"
51.222.253.18 - - [24/Jan/2023:18:48:34 -0800] "GET /CRIME-WATCH-AMERICA/DELETE-ME-IM-JUNK/JUNK3/unix/bin/?C=M;O=D HTTP/1.1" 200 350 "-" "Mozilla/5.0 (compatible; AhrefsBot/7.0; +http://ahrefs.com/robot/)" "metrocrimedaily.com"
69.63.184.116 - - [24/Jan/2023:18:48:35 -0800] "GET /instagram-houston/01-24-2023-2048101-A.jpg HTTP/1.1" 200 59511 "-" "facebookexternalhit/1.1 (+http://www.facebook.com/externalhit_uatext.php)" "www.metrocrimedaily.com"
51.222.253.4 - - [24/Jan/2023:18:48:35 -0800] "GET /CRIME-WATCH-AMERICA/DELETE-ME-IM-JUNK/JUNK3/unix/bin/?C=S;O=D HTTP/1.1" 200 350 "-" "Mozilla/5.0 (compatible; AhrefsBot/7.0; +http://ahrefs.com/robot/)" "metrocrimedaily.com"
51.222.253.4 - - [24/Jan/2023:18:48:36 -0800] "GET /CRIME-WATCH-AMERICA/DELETE-ME-IM-JUNK/JUNK1/unix/bin/?C=S;O=D HTTP/1.1" 200 351 "-" "Mozilla/5.0 (compatible; AhrefsBot/7.0; +http://ahrefs.com/robot/)" "www.metrocrimedaily.com"
51.222.253.15 - - [24/Jan/2023:18:48:38 -0800] "GET /CRIME-WATCH-AMERICA/DELETE-ME-IM-JUNK/JUNK2/unix/bin/?C=D;O=D HTTP/1.1" 200 351 "-" "Mozilla/5.0 (compatible; AhrefsBot/7.0; +http://ahrefs.com/robot/)" "www.metrocrimedaily.com"
51.222.253.16 - - [24/Jan/2023:18:48:45 -0800] "GET /CRIME-WATCH-AMERICA/DELETE-ME-IM-JUNK/JUNK2/unix/bin/?C=S;O=D HTTP/1.1" 200 351 "-" "Mozilla/5.0 (compatible; AhrefsBot/7.0; +http://ahrefs.com/robot/)" "www.metrocrimedaily.com"
207.46.13.106 - - [24/Jan/2023:18:48:48 -0800] "GET /mcd-epilog.html HTTP/1.1" 200 435 "-" "Mozilla/5.0 AppleWebKit/537.36 (KHTML, like Gecko; compatible; bingbot/2.0; +http://www.bing.com/bingbot.htm) Chrome/103.0.5060.134 Safari/537.36" "metrocrimedaily.com"
51.222.253.18 - - [24/Jan/2023:18:49:06 -0800] "GET /CRIME-WATCH-AMERICA/CRIME-WATCH-STLOUIS/unix/?C=D;O=D HTTP/1.1" 200 390 "-" "Mozilla/5.0 (compatible; AhrefsBot/7.0; +http://ahrefs.com/robot/)" "metrocrimedaily.com"
51.222.253.20 - - [24/Jan/2023:18:49:35 -0800] "GET /CRIME-WATCH-AMERICA/CRIME-WATCH-STLOUIS/unix/?C=M;O=D HTTP/1.1" 200 390 "-" "Mozilla/5.0 (compatible; AhrefsBot/7.0; +http://ahrefs.com/robot/)" "metrocrimedaily.com"
51.222.253.6 - - [24/Jan/2023:18:50:12 -0800] "GET /CRIME-WATCH-AMERICA/CRIME-WATCH-STLOUIS/unix/?C=S;O=D HTTP/1.1" 200 390 "-" "Mozilla/5.0 (compatible; AhrefsBot/7.0; +http://ahrefs.com/robot/)" "metrocrimedaily.com"
51.222.253.8 - - [24/Jan/2023:18:51:21 -0800] "GET /CRIME-WATCH-AMERICA/DELETE-ME-IM-JUNK/JUNK1/unix/?C=D;O=D HTTP/1.1" 200 387 "-" "Mozilla/5.0 (compatible; AhrefsBot/7.0; +http://ahrefs.com/robot/)" "metrocrimedaily.com"
69.63.184.117 - - [24/Jan/2023:18:51:47 -0800] "GET /instagram-chicago/01-24-2023-2035512-A.jpg HTTP/1.1" 200 151479 "-" "facebookexternalhit/1.1 (+http://www.facebook.com/externalhit_uatext.php)" "www.metrocrimedaily.com"
51.222.253.8 - - [24/Jan/2023:18:52:59 -0800] "GET /CRIME-WATCH-AMERICA/DELETE-ME-IM-JUNK/JUNK1/unix/?C=M;O=D HTTP/1.1" 200 387 "-" "Mozilla/5.0 (compatible; AhrefsBot/7.0; +http://ahrefs.com/robot/)" "metrocrimedaily.com"
51.222.253.6 - - [24/Jan/2023:18:54:39 -0800] "GET /CRIME-WATCH-AMERICA/DELETE-ME-IM-JUNK/JUNK1/unix/?C=S;O=D HTTP/1.1" 200 387 "-" "Mozilla/5.0 (compatible; AhrefsBot/7.0; +http://ahrefs.com/robot/)" "metrocrimedaily.com"
69.63.184.118 - - [24/Jan/2023:18:55:58 -0800] "GET /instagram-stlouis/01-24-2023-2055161-A.jpg HTTP/1.1" 200 231884 "-" "facebookexternalhit/1.1 (+http://www.facebook.com/externalhit_uatext.php)" "www.metrocrimedaily.com"
207.46.13.62 - - [24/Jan/2023:18:56:31 -0800] "GET /index-dallas.html HTTP/1.1" 200 12975 "-" "Mozilla/5.0 AppleWebKit/537.36 (KHTML, like Gecko; compatible; bingbot/2.0; +http://www.bing.com/bingbot.htm) Chrome/103.0.5060.134 Safari/537.36" "metrocrimedaily.com"
51.222.253.20 - - [24/Jan/2023:18:57:03 -0800] "GET /CRIME-WATCH-AMERICA/DELETE-ME-IM-JUNK/JUNK2/unix/?C=D;O=D HTTP/1.1" 200 382 "-" "Mozilla/5.0 (compatible; AhrefsBot/7.0; +http://ahrefs.com/robot/)" "metrocrimedaily.com"
51.222.253.3 - - [24/Jan/2023:18:58:42 -0800] "GET /CRIME-WATCH-AMERICA/DELETE-ME-IM-JUNK/JUNK2/unix/?C=M;O=D HTTP/1.1" 200 382 "-" "Mozilla/5.0 (compatible; AhrefsBot/7.0; +http://ahrefs.com/robot/)" "metrocrimedaily.com"
51.222.253.5 - - [24/Jan/2023:18:59:08 -0800] "GET /CRIME-WATCH-AMERICA/DELETE-ME-IM-JUNK/JUNK2/unix/?C=S;O=D HTTP/1.1" 200 382 "-" "Mozilla/5.0 (compatible; AhrefsBot/7.0; +http://ahrefs.com/robot/)" "metrocrimedaily.com"
51.222.253.13 - - [24/Jan/2023:18:59:24 -0800] "GET /instagram-newyork/01-24-2023-0759111-Man-urinating-onto-Manhattan-subway-tracks-falls-.txt HTTP/1.1" 200 324 "-" "Mozilla/5.0 (compatible; AhrefsBot/7.0; +http://ahrefs.com/robot/)" "www.metrocrimedaily.com"
51.222.253.14 - - [24/Jan/2023:18:59:44 -0800] "GET /instagram-newyork/01-24-2023-0902501-Brooklyn-ex-con-arrested-for-fatal-December-stabb.txt HTTP/1.1" 200 755 "-" "Mozilla/5.0 (compatible; AhrefsBot/7.0; +http://ahrefs.com/robot/)" "www.metrocrimedaily.com"
51.222.253.9 - - [24/Jan/2023:19:00:00 -0800] "GET /instagram-newyork/01-24-2023-1146421-Fourth-teen-suspect-sought-in-beating-of-Fox-News.txt HTTP/1.1" 200 870 "-" "Mozilla/5.0 (compatible; AhrefsBot/7.0; +http://ahrefs.com/robot/)" "www.metrocrimedaily.com"
51.222.253.14 - - [24/Jan/2023:19:00:06 -0800] "GET /instagram-newyork/01-24-2023-1251321-Former-Columbia-University-gynecologist-Robert-Ha.txt HTTP/1.1" 200 1120 "-" "Mozilla/5.0 (compatible; AhrefsBot/7.0; +http://ahrefs.com/robot/)" "www.metrocrimedaily.com"
51.222.253.14 - - [24/Jan/2023:19:00:13 -0800] "GET /instagram-newyork/01-24-2023-1553461-Staten-Island-man-gets-2-to-6-years-for-drunken-G.txt HTTP/1.1" 200 1149 "-" "Mozilla/5.0 (compatible; AhrefsBot/7.0; +http://ahrefs.com/robot/)" "www.metrocrimedaily.com"
51.222.253.11 - - [24/Jan/2023:19:00:15 -0800] "GET /instagram-detroit/01-23-2023-1816464-5-year-old-Detroit-boy-loses-finger-after-shootin.txt HTTP/1.1" 200 635 "-" "Mozilla/5.0 (compatible; AhrefsBot/7.0; +http://ahrefs.com/robot/)" "www.metrocrimedaily.com"
51.222.253.11 - - [24/Jan/2023:19:00:16 -0800] "GET /instagram-detroit/01-23-2023-1816465-Program-teaches-Detroiters-skills-for-careers-in-.txt HTTP/1.1" 200 1120 "-" "Mozilla/5.0 (compatible; AhrefsBot/7.0; +http://ahrefs.com/robot/)" "www.metrocrimedaily.com"
51.222.253.16 - - [24/Jan/2023:19:00:17 -0800] "GET /instagram-detroit/01-23-2023-1816466-25-year-old-Monroe-woman-loses-control-of-car-on-.txt HTTP/1.1" 200 721 "-" "Mozilla/5.0 (compatible; AhrefsBot/7.0; +http://ahrefs.com/robot/)" "www.metrocrimedaily.com"
51.222.253.6 - - [24/Jan/2023:19:00:18 -0800] "GET /instagram-detroit/01-23-2023-1816467-Detroit-police-make-arrests-in-rash-of-store-robb.txt HTTP/1.1" 200 833 "-" "Mozilla/5.0 (compatible; AhrefsBot/7.0; +http://ahrefs.com/robot/)" "www.metrocrimedaily.com"
51.222.253.12 - - [24/Jan/2023:19:00:18 -0800] "GET /instagram-detroit/01-23-2023-1816468-Detroit-Police-Chief-says-5-year-old-who-shot-him.txt HTTP/1.1" 200 908 "-" "Mozilla/5.0 (compatible; AhrefsBot/7.0; +http://ahrefs.com/robot/)" "www.metrocrimedaily.com"
51.222.253.17 - - [24/Jan/2023:19:00:19 -0800] "GET /instagram-detroit/01-23-2023-2127121-Police--20-dollar-stores-robbed-at-gunpoint-in-3-.txt HTTP/1.1" 200 782 "-" "Mozilla/5.0 (compatible; AhrefsBot/7.0; +http://ahrefs.com/robot/)" "www.metrocrimedaily.com"
51.222.253.6 - - [24/Jan/2023:19:00:19 -0800] "GET /instagram-detroit/01-23-2023-2127122----It---s-been-awful-----Family-wants-answers-for.txt HTTP/1.1" 200 1083 "-" "Mozilla/5.0 (compatible; AhrefsBot/7.0; +http://ahrefs.com/robot/)" "www.metrocrimedaily.com"
51.222.253.3 - - [24/Jan/2023:19:00:20 -0800] "GET /instagram-detroit/01-23-2023-2127123-Police-investigate-homicide-involving-deadly-cras.txt HTTP/1.1" 200 1058 "-" "Mozilla/5.0 (compatible; AhrefsBot/7.0; +http://ahrefs.com/robot/)" "www.metrocrimedaily.com"
51.222.253.13 - - [24/Jan/2023:19:00:20 -0800] "GET /instagram-detroit/01-23-2023-2127124-Man-out-on-bond-charged-with-deadly-drunk-driving.txt HTTP/1.1" 200 915 "-" "Mozilla/5.0 (compatible; AhrefsBot/7.0; +http://ahrefs.com/robot/)" "www.metrocrimedaily.com"
51.222.253.16 - - [24/Jan/2023:19:00:21 -0800] "GET /instagram-detroit/01-23-2023-2127125-Detroit-police--2-in-custody-after-series-of-20-r.txt HTTP/1.1" 200 860 "-" "Mozilla/5.0 (compatible; AhrefsBot/7.0; +http://ahrefs.com/robot/)" "www.metrocrimedaily.com"
51.222.253.2 - - [24/Jan/2023:19:00:21 -0800] "GET /instagram-detroit/01-24-2023-1537181-Las-Vegas-police--FBI-arrest-Metro-Detroit-teen-a.txt HTTP/1.1" 200 612 "-" "Mozilla/5.0 (compatible; AhrefsBot/7.0; +http://ahrefs.com/robot/)" "www.metrocrimedaily.com"
51.222.253.5 - - [24/Jan/2023:19:00:22 -0800] "GET /instagram-detroit/01-24-2023-1537183-Cold-case--2-brothers-arrested-in-Ohio-in-connect.txt HTTP/1.1" 200 839 "-" "Mozilla/5.0 (compatible; AhrefsBot/7.0; +http://ahrefs.com/robot/)" "www.metrocrimedaily.com"
51.222.253.3 - - [24/Jan/2023:19:00:22 -0800] "GET /instagram-neworleans/post-later/01-24-2023-0959121-Crimestoppers-update-on-crime-cases-in-the-city-.txt HTTP/1.1" 200 54 "-" "Mozilla/5.0 (compatible; AhrefsBot/7.0; +http://ahrefs.com/robot/)" "www.metrocrimedaily.com"
51.222.253.8 - - [24/Jan/2023:19:00:23 -0800] "GET /instagram-neworleans/post-later/01-24-2023-1208461-NOPD-pleads-for-the-public-to-step-forward-with-i.txt HTTP/1.1" 200 400 "-" "Mozilla/5.0 (compatible; AhrefsBot/7.0; +http://ahrefs.com/robot/)" "www.metrocrimedaily.com"
51.222.253.17 - - [24/Jan/2023:19:00:23 -0800] "GET /instagram-neworleans/post-later/01-24-2023-1327141-Police-seek-info-about-Latvian-man-shot-dead-in-P.txt HTTP/1.1" 200 193 "-" "Mozilla/5.0 (compatible; AhrefsBot/7.0; +http://ahrefs.com/robot/)" "www.metrocrimedaily.com"
51.222.253.3 - - [24/Jan/2023:19:00:24 -0800] "GET /instagram-neworleans/post-later/01-24-2023-1356051-New-molestation-charges-for-Terrytown-teacher-aft.txt HTTP/1.1" 200 193 "-" "Mozilla/5.0 (compatible; AhrefsBot/7.0; +http://ahrefs.com/robot/)" "www.metrocrimedaily.com"
51.222.253.14 - - [24/Jan/2023:19:00:24 -0800] "GET /instagram-neworleans/post-later/01-24-2023-1652292-Baton-Rouge-nightclub-loses-liquor-license-after-.txt HTTP/1.1" 200 435 "-" "Mozilla/5.0 (compatible; AhrefsBot/7.0; +http://ahrefs.com/robot/)" "www.metrocrimedaily.com"
51.222.253.3 - - [24/Jan/2023:19:00:25 -0800] "GET /instagram-neworleans/post-later/?C=D;O=A HTTP/1.1" 200 756 "-" "Mozilla/5.0 (compatible; AhrefsBot/7.0; +http://ahrefs.com/robot/)" "www.metrocrimedaily.com"
51.222.253.16 - - [24/Jan/2023:19:00:25 -0800] "GET /instagram-neworleans/post-later/?C=M;O=A HTTP/1.1" 200 760 "-" "Mozilla/5.0 (compatible; AhrefsBot/7.0; +http://ahrefs.com/robot/)" "www.metrocrimedaily.com"
51.222.253.12 - - [24/Jan/2023:19:00:26 -0800] "GET /instagram-neworleans/post-later/?C=N;O=D HTTP/1.1" 200 760 "-" "Mozilla/5.0 (compatible; AhrefsBot/7.0; +http://ahrefs.com/robot/)" "www.metrocrimedaily.com"
51.222.253.19 - - [24/Jan/2023:19:00:26 -0800] "GET /instagram-memphis/01-23-2023-1945541-WATCH--Family-attorney-calls-Tyre-Nichols--beatin.txt HTTP/1.1" 200 53 "-" "Mozilla/5.0 (compatible; AhrefsBot/7.0; +http://ahrefs.com/robot/)" "www.metrocrimedaily.com"
51.222.253.15 - - [24/Jan/2023:19:00:27 -0800] "GET /instagram-memphis/01-23-2023-1945543-Arizona-double-murder-suspect-killed--woman-injur.txt HTTP/1.1" 200 969 "-" "Mozilla/5.0 (compatible; AhrefsBot/7.0; +http://ahrefs.com/robot/)" "www.metrocrimedaily.com"
51.222.253.19 - - [24/Jan/2023:19:00:27 -0800] "GET /instagram-memphis/01-23-2023-1945545-WATCH--Tyre-Nichols--family-pushes-for-murder-cha.txt HTTP/1.1" 200 53 "-" "Mozilla/5.0 (compatible; AhrefsBot/7.0; +http://ahrefs.com/robot/)" "www.metrocrimedaily.com"
51.222.253.9 - - [24/Jan/2023:19:00:28 -0800] "GET /instagram-memphis/01-23-2023-2129121-Man-critical-after-shooting-in-Williamsburg-Colon.txt HTTP/1.1" 200 420 "-" "Mozilla/5.0 (compatible; AhrefsBot/7.0; +http://ahrefs.com/robot/)" "www.metrocrimedaily.com"
51.222.253.4 - - [24/Jan/2023:19:00:28 -0800] "GET /instagram-memphis/01-23-2023-2210261-WATCH--Tyre-Nichols--family-holds-emotional-press.txt HTTP/1.1" 200 53 "-" "Mozilla/5.0 (compatible; AhrefsBot/7.0; +http://ahrefs.com/robot/)" "www.metrocrimedaily.com"
51.222.253.4 - - [24/Jan/2023:19:00:29 -0800] "GET /instagram-memphis/01-23-2023-2255221-Neighbors-describe-scene-the-night-of-Tyre-Nichol.txt HTTP/1.1" 200 1055 "-" "Mozilla/5.0 (compatible; AhrefsBot/7.0; +http://ahrefs.com/robot/)" "www.metrocrimedaily.com"
