114.119.136.100 - - [25/Jan/2023:00:32:08 -0800] "GET /instagram-detroit/01-15-2023-2226482-5-charged-after-Ulta-beauty-store-robbery--office.txt HTTP/1.1" 404 88 "https://metrocrimedaily.com/instagram-detroit/" "Mozilla/5.0 (Linux; Android 7.0;) AppleWebKit/537.36 (KHTML, like Gecko) Mobile Safari/537.36 (compatible; PetalBot;+https://webmaster.petalsearch.com/site/petalbot)" "metrocrimedaily.com"
51.222.253.4 - - [25/Jan/2023:00:33:59 -0800] "GET /CRIME-WATCH-AMERICA/CRIME-WATCH-CHICAGO/index.html HTTP/1.1" 404 88 "-" "Mozilla/5.0 (compatible; AhrefsBot/7.0; +http://ahrefs.com/robot/)" "metrocrimedaily.com"
195.211.44.210 - - [25/Jan/2023:00:34:12 -0800] "GET /wp-login.php HTTP/1.1" 404 88 "" "Mozilla/5.0 (Windows NT 10.0; Win64; x64; rv:108.0) Gecko/20100101 Firefox/108.0" "www.metrocrimedaily.com"
114.119.140.237 - - [25/Jan/2023:00:39:45 -0800] "GET /instagram-detroit/01-15-2023-0938081-Police--Armed-man-robbed-two-Detroit-stores-in-le.txt HTTP/1.1" 404 88 "https://metrocrimedaily.com/instagram-detroit/" "Mozilla/5.0 (Linux; Android 7.0;) AppleWebKit/537.36 (KHTML, like Gecko) Mobile Safari/537.36 (compatible; PetalBot;+https://webmaster.petalsearch.com/site/petalbot)" "metrocrimedaily.com"
51.222.253.6 - - [25/Jan/2023:00:40:01 -0800] "GET /CRIME-WATCH-AMERICA/CRIME-WATCH-CHICAGO/privacy-policy.html HTTP/1.1" 404 88 "-" "Mozilla/5.0 (compatible; AhrefsBot/7.0; +http://ahrefs.com/robot/)" "metrocrimedaily.com"
173.252.107.22 - - [25/Jan/2023:00:43:03 -0800] "GET /instagram-losangeles/01-25-2023-0212132-A.jpg HTTP/1.1" 200 165161 "-" "facebookexternalhit/1.1 (+http://www.facebook.com/externalhit_uatext.php)" "www.metrocrimedaily.com"
173.252.107.13 - - [25/Jan/2023:00:43:29 -0800] "GET /instagram-atlanta/01-24-2023-21022518-A.jpg HTTP/1.1" 200 128673 "-" "facebookexternalhit/1.1 (+http://www.facebook.com/externalhit_uatext.php)" "www.metrocrimedaily.com"
114.119.151.192 - - [25/Jan/2023:00:45:29 -0800] "GET /instagram-detroit/01-14-2023-1710291-Driver-still-unidentified-after-being-killed-in-f.txt HTTP/1.1" 404 88 "https://metrocrimedaily.com/instagram-detroit/" "Mozilla/5.0 (Linux; Android 7.0;) AppleWebKit/537.36 (KHTML, like Gecko) Mobile Safari/537.36 (compatible; PetalBot;+https://webmaster.petalsearch.com/site/petalbot)" "metrocrimedaily.com"
51.222.253.13 - - [25/Jan/2023:00:46:19 -0800] "GET /CRIME-WATCH-AMERICA/CRIME-WATCH-HOUSTON/support/readme-yt-dlp-installation.txt HTTP/1.1" 200 1719 "-" "Mozilla/5.0 (compatible; AhrefsBot/7.0; +http://ahrefs.com/robot/)" "metrocrimedaily.com"
173.252.107.5 - - [25/Jan/2023:00:47:00 -0800] "GET /instagram-chicago/01-24-2023-20355120-A.jpg HTTP/1.1" 200 80177 "-" "facebookexternalhit/1.1 (+http://www.facebook.com/externalhit_uatext.php)" "www.metrocrimedaily.com"
51.222.253.18 - - [25/Jan/2023:00:52:21 -0800] "GET /CRIME-WATCH-AMERICA/CRIME-WATCH-HOUSTON/support/?C=N;O=A HTTP/1.1" 200 856 "-" "Mozilla/5.0 (compatible; AhrefsBot/7.0; +http://ahrefs.com/robot/)" "metrocrimedaily.com"
114.119.130.213 - - [25/Jan/2023:00:54:49 -0800] "GET /instagram-detroit/01-13-2023-1944263-Detroit-man-accused-of-posing-as-school-district-.txt HTTP/1.1" 404 88 "https://metrocrimedaily.com/instagram-detroit/" "Mozilla/5.0 (Linux; Android 7.0;) AppleWebKit/537.36 (KHTML, like Gecko) Mobile Safari/537.36 (compatible; PetalBot;+https://webmaster.petalsearch.com/site/petalbot)" "metrocrimedaily.com"
51.222.253.19 - - [25/Jan/2023:00:59:07 -0800] "GET /instagram-stlouis/videos/?C=D;O=A HTTP/1.1" 200 664 "-" "Mozilla/5.0 (compatible; AhrefsBot/7.0; +http://ahrefs.com/robot/)" "www.metrocrimedaily.com"
207.46.13.85 - - [25/Jan/2023:01:01:29 -0800] "GET /index-dallas.html HTTP/1.1" 200 14499 "-" "Mozilla/5.0 AppleWebKit/537.36 (KHTML, like Gecko; compatible; bingbot/2.0; +http://www.bing.com/bingbot.htm) Chrome/103.0.5060.134 Safari/537.36" "metrocrimedaily.com"
114.119.136.14 - - [25/Jan/2023:01:02:04 -0800] "GET /instagram-detroit/01-13-2023-1221435-Iowa-man--42--accused-of-retail-fraud-in-Macomb-C.txt HTTP/1.1" 404 88 "https://metrocrimedaily.com/instagram-detroit/" "Mozilla/5.0 (Linux; Android 7.0;) AppleWebKit/537.36 (KHTML, like Gecko) Mobile Safari/537.36 (compatible; PetalBot;+https://webmaster.petalsearch.com/site/petalbot)" "metrocrimedaily.com"
173.252.107.119 - - [25/Jan/2023:01:08:02 -0800] "GET /instagram-houston/01-25-2023-0307411-A.jpg HTTP/1.1" 200 169904 "-" "facebookexternalhit/1.1 (+http://www.facebook.com/externalhit_uatext.php)" "www.metrocrimedaily.com"
51.222.253.17 - - [25/Jan/2023:01:11:10 -0800] "GET /instagram-stlouis/videos/?C=M;O=A HTTP/1.1" 200 662 "-" "Mozilla/5.0 (compatible; AhrefsBot/7.0; +http://ahrefs.com/robot/)" "www.metrocrimedaily.com"
114.119.149.203 - - [25/Jan/2023:01:11:28 -0800] "GET /instagram-detroit/01-13-2023-1221433-Detroit-man-charged-with-murder-after-getting-in-.txt HTTP/1.1" 404 88 "https://metrocrimedaily.com/instagram-detroit/" "Mozilla/5.0 (Linux; Android 7.0;) AppleWebKit/537.36 (KHTML, like Gecko) Mobile Safari/537.36 (compatible; PetalBot;+https://webmaster.petalsearch.com/site/petalbot)" "metrocrimedaily.com"
69.63.189.2 - - [25/Jan/2023:01:13:34 -0800] "GET /instagram-losangeles/01-25-2023-0212133-A.jpg HTTP/1.1" 200 125156 "-" "facebookexternalhit/1.1 (+http://www.facebook.com/externalhit_uatext.php)" "www.metrocrimedaily.com"
69.63.189.2 - - [25/Jan/2023:01:14:02 -0800] "GET /instagram-atlanta/01-24-2023-21022519-A.jpg HTTP/1.1" 200 135915 "-" "facebookexternalhit/1.1 (+http://www.facebook.com/externalhit_uatext.php)" "www.metrocrimedaily.com"
69.63.189.2 - - [25/Jan/2023:01:17:32 -0800] "GET /instagram-chicago/01-24-2023-20355121-A.jpg HTTP/1.1" 200 58893 "-" "facebookexternalhit/1.1 (+http://www.facebook.com/externalhit_uatext.php)" "www.metrocrimedaily.com"
114.119.130.26 - - [25/Jan/2023:01:22:43 -0800] "GET /instagram-newyork/01-23-2023-1631342-New-arrest-in-Manhattan-hotel-turned-shelter-glas.txt HTTP/1.1" 200 1074 "https://metrocrimedaily.com/instagram-newyork/" "Mozilla/5.0 (Linux; Android 7.0;) AppleWebKit/537.36 (KHTML, like Gecko) Mobile Safari/537.36 (compatible; PetalBot;+https://webmaster.petalsearch.com/site/petalbot)" "metrocrimedaily.com"
51.222.253.7 - - [25/Jan/2023:01:23:39 -0800] "GET /instagram-stlouis/videos/?C=N;O=D HTTP/1.1" 200 660 "-" "Mozilla/5.0 (compatible; AhrefsBot/7.0; +http://ahrefs.com/robot/)" "www.metrocrimedaily.com"
207.46.13.85 - - [25/Jan/2023:01:24:17 -0800] "GET /www.fox26houston.com HTTP/1.1" 404 88 "-" "Mozilla/5.0 AppleWebKit/537.36 (KHTML, like Gecko; compatible; bingbot/2.0; +http://www.bing.com/bingbot.htm) Chrome/103.0.5060.134 Safari/537.36" "metrocrimedaily.com"
51.222.253.19 - - [25/Jan/2023:01:26:18 -0800] "GET /instagram-stlouis/videos/?C=S;O=A HTTP/1.1" 200 664 "-" "Mozilla/5.0 (compatible; AhrefsBot/7.0; +http://ahrefs.com/robot/)" "www.metrocrimedaily.com"
51.222.253.12 - - [25/Jan/2023:01:27:30 -0800] "GET /instagram-losangeles/post-later/?C=N;O=A HTTP/1.1" 200 1226 "-" "Mozilla/5.0 (compatible; AhrefsBot/7.0; +http://ahrefs.com/robot/)" "www.metrocrimedaily.com"
51.222.253.6 - - [25/Jan/2023:01:28:53 -0800] "GET /instagram-neworleans/post-later/01-24-2023-2258353-NOPD-investigating-homicide-on-Perlita-.txt HTTP/1.1" 200 675 "-" "Mozilla/5.0 (compatible; AhrefsBot/7.0; +http://ahrefs.com/robot/)" "www.metrocrimedaily.com"
51.222.253.1 - - [25/Jan/2023:01:30:06 -0800] "GET /instagram-neworleans/post-later/01-24-2023-2355161-Carjackers-steal-vehicle-with-small-child-inside-.txt HTTP/1.1" 200 796 "-" "Mozilla/5.0 (compatible; AhrefsBot/7.0; +http://ahrefs.com/robot/)" "www.metrocrimedaily.com"
51.222.253.19 - - [25/Jan/2023:01:31:21 -0800] "GET /CRIME-WATCH-AMERICA/CRIME-WATCH-CHICAGO/?C=N;O=A HTTP/1.1" 200 1249 "-" "Mozilla/5.0 (compatible; AhrefsBot/7.0; +http://ahrefs.com/robot/)" "www.metrocrimedaily.com"
51.222.253.20 - - [25/Jan/2023:01:32:38 -0800] "GET /CRIME-WATCH-AMERICA/CRIME-WATCH-HOUSTON/INSTAGRAM-AUTOMATION/?C=D;O=D HTTP/1.1" 200 548 "-" "Mozilla/5.0 (compatible; AhrefsBot/7.0; +http://ahrefs.com/robot/)" "metrocrimedaily.com"
114.119.143.177 - - [25/Jan/2023:01:33:33 -0800] "GET /instagram-detroit/01-23-2023-1816467-Detroit-police-make-arrests-in-rash-of-store-robb.txt HTTP/1.1" 200 833 "https://metrocrimedaily.com/instagram-detroit/?C=M%3BO%3DA" "Mozilla/5.0 (Linux; Android 7.0;) AppleWebKit/537.36 (KHTML, like Gecko) Mobile Safari/537.36 (compatible; PetalBot;+https://webmaster.petalsearch.com/site/petalbot)" "metrocrimedaily.com"
51.222.253.7 - - [25/Jan/2023:01:35:41 -0800] "GET /CRIME-WATCH-AMERICA/CRIME-WATCH-HOUSTON/INSTAGRAM-AUTOMATION/?C=M;O=D HTTP/1.1" 200 550 "-" "Mozilla/5.0 (compatible; AhrefsBot/7.0; +http://ahrefs.com/robot/)" "metrocrimedaily.com"
51.222.253.8 - - [25/Jan/2023:01:39:24 -0800] "GET /CRIME-WATCH-AMERICA/CRIME-WATCH-HOUSTON/INSTAGRAM-AUTOMATION/?C=S;O=D HTTP/1.1" 200 546 "-" "Mozilla/5.0 (compatible; AhrefsBot/7.0; +http://ahrefs.com/robot/)" "metrocrimedaily.com"
51.222.253.2 - - [25/Jan/2023:01:39:43 -0800] "GET /CRIME-WATCH-AMERICA/CRIME-WATCH-CHICAGO/?C=N;O=A HTTP/1.1" 200 1249 "-" "Mozilla/5.0 (compatible; AhrefsBot/7.0; +http://ahrefs.com/robot/)" "www.metrocrimedaily.com"
51.222.253.3 - - [25/Jan/2023:01:40:01 -0800] "GET /instagram-losangeles/videos/?C=D;O=D HTTP/1.1" 200 758 "-" "Mozilla/5.0 (compatible; AhrefsBot/7.0; +http://ahrefs.com/robot/)" "www.metrocrimedaily.com"
51.222.253.16 - - [25/Jan/2023:01:40:28 -0800] "GET /instagram-losangeles/videos/?C=M;O=D HTTP/1.1" 200 760 "-" "Mozilla/5.0 (compatible; AhrefsBot/7.0; +http://ahrefs.com/robot/)" "www.metrocrimedaily.com"
51.222.253.10 - - [25/Jan/2023:01:40:51 -0800] "GET /instagram-losangeles/videos/?C=S;O=D HTTP/1.1" 200 756 "-" "Mozilla/5.0 (compatible; AhrefsBot/7.0; +http://ahrefs.com/robot/)" "www.metrocrimedaily.com"
51.222.253.1 - - [25/Jan/2023:01:41:17 -0800] "GET /instagram-houston/videos/?C=D;O=D HTTP/1.1" 200 996 "-" "Mozilla/5.0 (compatible; AhrefsBot/7.0; +http://ahrefs.com/robot/)" "www.metrocrimedaily.com"
51.222.253.10 - - [25/Jan/2023:01:41:38 -0800] "GET /instagram-houston/videos/?C=M;O=D HTTP/1.1" 200 996 "-" "Mozilla/5.0 (compatible; AhrefsBot/7.0; +http://ahrefs.com/robot/)" "www.metrocrimedaily.com"
51.222.253.1 - - [25/Jan/2023:01:42:17 -0800] "GET /instagram-houston/videos/?C=S;O=D HTTP/1.1" 200 996 "-" "Mozilla/5.0 (compatible; AhrefsBot/7.0; +http://ahrefs.com/robot/)" "www.metrocrimedaily.com"
51.222.253.3 - - [25/Jan/2023:01:42:28 -0800] "GET /instagram-neworleans/post-later/?C=M;O=D HTTP/1.1" 200 948 "-" "Mozilla/5.0 (compatible; AhrefsBot/7.0; +http://ahrefs.com/robot/)" "www.metrocrimedaily.com"
51.222.253.17 - - [25/Jan/2023:01:42:43 -0800] "GET /instagram-memphis/01-23-2023-1945545-WATCH--Tyre-Nichols--family-pushes-for-murder-cha.txt HTTP/1.1" 200 53 "-" "Mozilla/5.0 (compatible; AhrefsBot/7.0; +http://ahrefs.com/robot/)" "www.metrocrimedaily.com"
51.222.253.5 - - [25/Jan/2023:01:42:45 -0800] "GET /instagram-memphis/01-23-2023-2129121-Man-critical-after-shooting-in-Williamsburg-Colon.txt HTTP/1.1" 200 420 "-" "Mozilla/5.0 (compatible; AhrefsBot/7.0; +http://ahrefs.com/robot/)" "www.metrocrimedaily.com"
51.222.253.17 - - [25/Jan/2023:01:42:47 -0800] "GET /instagram-memphis/01-23-2023-2210261-WATCH--Tyre-Nichols--family-holds-emotional-press.txt HTTP/1.1" 200 53 "-" "Mozilla/5.0 (compatible; AhrefsBot/7.0; +http://ahrefs.com/robot/)" "www.metrocrimedaily.com"
51.222.253.11 - - [25/Jan/2023:01:42:49 -0800] "GET /instagram-memphis/01-23-2023-2255221-Neighbors-describe-scene-the-night-of-Tyre-Nichol.txt HTTP/1.1" 200 1055 "-" "Mozilla/5.0 (compatible; AhrefsBot/7.0; +http://ahrefs.com/robot/)" "www.metrocrimedaily.com"
51.222.253.15 - - [25/Jan/2023:01:42:50 -0800] "GET /instagram-memphis/01-23-2023-2255222-WATCH--Neighbors-describe-scene-the-night-of-Tyre.txt HTTP/1.1" 200 53 "-" "Mozilla/5.0 (compatible; AhrefsBot/7.0; +http://ahrefs.com/robot/)" "www.metrocrimedaily.com"
51.222.253.20 - - [25/Jan/2023:01:42:51 -0800] "GET /instagram-memphis/01-24-2023-0630351-Oakland-shooting--Eight-shot--one-killed-in-Calif.txt HTTP/1.1" 200 771 "-" "Mozilla/5.0 (compatible; AhrefsBot/7.0; +http://ahrefs.com/robot/)" "www.metrocrimedaily.com"
51.222.253.19 - - [25/Jan/2023:01:42:52 -0800] "GET /instagram-memphis/01-24-2023-0926061-Arkansas-sheriffs-push-back-on-new-ATF-gun-policy.txt HTTP/1.1" 200 1076 "-" "Mozilla/5.0 (compatible; AhrefsBot/7.0; +http://ahrefs.com/robot/)" "www.metrocrimedaily.com"
51.222.253.13 - - [25/Jan/2023:01:42:52 -0800] "GET /instagram-memphis/01-24-2023-1020521-Coronavirus--FDA-asks-panel-to-ok-plan-for-annual.txt HTTP/1.1" 200 856 "-" "Mozilla/5.0 (compatible; AhrefsBot/7.0; +http://ahrefs.com/robot/)" "www.metrocrimedaily.com"
51.222.253.2 - - [25/Jan/2023:01:42:53 -0800] "GET /instagram-memphis/01-24-2023-1420041-Coroner-releases-names-of-11-Monterey-Park-shooti.txt HTTP/1.1" 200 1051 "-" "Mozilla/5.0 (compatible; AhrefsBot/7.0; +http://ahrefs.com/robot/)" "www.metrocrimedaily.com"
51.222.253.3 - - [25/Jan/2023:01:42:53 -0800] "GET /instagram-memphis/01-24-2023-1524591-Accused-El-Paso-Walmart-shooter-to-plead-guilty-t.txt HTTP/1.1" 200 920 "-" "Mozilla/5.0 (compatible; AhrefsBot/7.0; +http://ahrefs.com/robot/)" "www.metrocrimedaily.com"
51.222.253.10 - - [25/Jan/2023:01:42:55 -0800] "GET /instagram-memphis/01-24-2023-1635172-2-Arkansas-officers-charged-after-violent-arrest-.txt HTTP/1.1" 200 981 "-" "Mozilla/5.0 (compatible; AhrefsBot/7.0; +http://ahrefs.com/robot/)" "www.metrocrimedaily.com"
51.222.253.11 - - [25/Jan/2023:01:42:55 -0800] "GET /instagram-memphis/01-24-2023-1635173-Desoto-County-School-employee-charged-with-child-.txt HTTP/1.1" 200 605 "-" "Mozilla/5.0 (compatible; AhrefsBot/7.0; +http://ahrefs.com/robot/)" "www.metrocrimedaily.com"
51.222.253.11 - - [25/Jan/2023:01:42:55 -0800] "GET /instagram-memphis/01-24-2023-1635171-Man-sentenced-in-road-rage-shooting-that-killed-2.txt HTTP/1.1" 200 682 "-" "Mozilla/5.0 (compatible; AhrefsBot/7.0; +http://ahrefs.com/robot/)" "www.metrocrimedaily.com"
51.222.253.12 - - [25/Jan/2023:01:42:56 -0800] "GET /instagram-memphis/01-24-2023-1739371-Arizona-man-arrested-after-trying-to-sell-tiger-c.txt HTTP/1.1" 200 880 "-" "Mozilla/5.0 (compatible; AhrefsBot/7.0; +http://ahrefs.com/robot/)" "www.metrocrimedaily.com"
51.222.253.17 - - [25/Jan/2023:01:42:56 -0800] "GET /instagram-memphis/01-24-2023-1739372-Tyre-Nichols--autopsy-preliminary-findings-show-e.txt HTTP/1.1" 200 53 "-" "Mozilla/5.0 (compatible; AhrefsBot/7.0; +http://ahrefs.com/robot/)" "www.metrocrimedaily.com"
51.222.253.5 - - [25/Jan/2023:01:42:56 -0800] "GET /instagram-memphis/01-24-2023-1800131-WATCH--Man-sentenced-in-road-rage-shooting-that-k.txt HTTP/1.1" 200 53 "-" "Mozilla/5.0 (compatible; AhrefsBot/7.0; +http://ahrefs.com/robot/)" "www.metrocrimedaily.com"
51.222.253.10 - - [25/Jan/2023:01:42:57 -0800] "GET /instagram-memphis/01-24-2023-1800132-Police--2-brothers-arrested-in-connection-with-de.txt HTTP/1.1" 200 656 "-" "Mozilla/5.0 (compatible; AhrefsBot/7.0; +http://ahrefs.com/robot/)" "www.metrocrimedaily.com"
51.222.253.10 - - [25/Jan/2023:01:42:58 -0800] "GET /instagram-memphis/01-24-2023-1800133-MPD--Man-dead-in-shooting-on-Apple-Blossom-Dr.-.txt HTTP/1.1" 200 393 "-" "Mozilla/5.0 (compatible; AhrefsBot/7.0; +http://ahrefs.com/robot/)" "www.metrocrimedaily.com"
51.222.253.13 - - [25/Jan/2023:01:42:58 -0800] "GET /instagram-memphis/01-24-2023-1908191-WATCH--Six-homicides-in-Southwest-Memphis-not-con.txt HTTP/1.1" 200 113 "-" "Mozilla/5.0 (compatible; AhrefsBot/7.0; +http://ahrefs.com/robot/)" "www.metrocrimedaily.com"
51.222.253.2 - - [25/Jan/2023:01:42:59 -0800] "GET /instagram-memphis/01-24-2023-2120071-Man--minor-charged-with-murder-of-Oklahoma-couple.txt HTTP/1.1" 200 958 "-" "Mozilla/5.0 (compatible; AhrefsBot/7.0; +http://ahrefs.com/robot/)" "www.metrocrimedaily.com"
51.222.253.1 - - [25/Jan/2023:01:42:59 -0800] "GET /instagram-memphis/01-24-2023-2120073-MPD-debunks-rumors-of-serial-killer-in-Westwood-h.txt HTTP/1.1" 200 1084 "-" "Mozilla/5.0 (compatible; AhrefsBot/7.0; +http://ahrefs.com/robot/)" "www.metrocrimedaily.com"
51.222.253.6 - - [25/Jan/2023:01:43:00 -0800] "GET /instagram-memphis/01-24-2023-2222591-2nd-hiker-rescued-from-area-where-actor-Julian-Sa.txt HTTP/1.1" 200 848 "-" "Mozilla/5.0 (compatible; AhrefsBot/7.0; +http://ahrefs.com/robot/)" "www.metrocrimedaily.com"
51.222.253.7 - - [25/Jan/2023:01:43:02 -0800] "GET /instagram-memphis/01-24-2023-2222592-Former-DeSoto-County-Schools-employee-arrested-fo.txt HTTP/1.1" 200 471 "-" "Mozilla/5.0 (compatible; AhrefsBot/7.0; +http://ahrefs.com/robot/)" "www.metrocrimedaily.com"
51.222.253.17 - - [25/Jan/2023:01:43:03 -0800] "GET /instagram-memphis/?C=N;O=A HTTP/1.1" 200 2977 "-" "Mozilla/5.0 (compatible; AhrefsBot/7.0; +http://ahrefs.com/robot/)" "www.metrocrimedaily.com"
51.222.253.19 - - [25/Jan/2023:01:43:05 -0800] "GET /CRIME-WATCH-AMERICA/CRIME-WATCH-HOUSTON/support/?C=D;O=D HTTP/1.1" 200 854 "-" "Mozilla/5.0 (compatible; AhrefsBot/7.0; +http://ahrefs.com/robot/)" "metrocrimedaily.com"
51.222.253.1 - - [25/Jan/2023:01:43:06 -0800] "GET /CRIME-WATCH-AMERICA/CRIME-WATCH-HOUSTON/support/?C=M;O=D HTTP/1.1" 200 847 "-" "Mozilla/5.0 (compatible; AhrefsBot/7.0; +http://ahrefs.com/robot/)" "metrocrimedaily.com"
51.222.253.15 - - [25/Jan/2023:01:43:07 -0800] "GET /CRIME-WATCH-AMERICA/CRIME-WATCH-HOUSTON/support/?C=S;O=D HTTP/1.1" 200 853 "-" "Mozilla/5.0 (compatible; AhrefsBot/7.0; +http://ahrefs.com/robot/)" "metrocrimedaily.com"
51.222.253.1 - - [25/Jan/2023:01:43:09 -0800] "GET /CRIME-WATCH-AMERICA/CRIME-WATCH-CHICAGO/INSTAGRAM-AUTOMATION/09-18-2022-1401231-Two-men-killed--two-arrested-in-Haltom-City-shoot.txt HTTP/1.1" 200 698 "-" "Mozilla/5.0 (compatible; AhrefsBot/7.0; +http://ahrefs.com/robot/)" "metrocrimedaily.com"
51.222.253.14 - - [25/Jan/2023:01:43:10 -0800] "GET /CRIME-WATCH-AMERICA/CRIME-WATCH-CHICAGO/INSTAGRAM-AUTOMATION/?C=D;O=A HTTP/1.1" 200 939 "-" "Mozilla/5.0 (compatible; AhrefsBot/7.0; +http://ahrefs.com/robot/)" "metrocrimedaily.com"
51.222.253.11 - - [25/Jan/2023:01:43:12 -0800] "GET /CRIME-WATCH-AMERICA/CRIME-WATCH-CHICAGO/INSTAGRAM-AUTOMATION/?C=M;O=A HTTP/1.1" 200 924 "-" "Mozilla/5.0 (compatible; AhrefsBot/7.0; +http://ahrefs.com/robot/)" "metrocrimedaily.com"
51.222.253.18 - - [25/Jan/2023:01:43:13 -0800] "GET /CRIME-WATCH-AMERICA/CRIME-WATCH-CHICAGO/INSTAGRAM-AUTOMATION/?C=N;O=D HTTP/1.1" 200 921 "-" "Mozilla/5.0 (compatible; AhrefsBot/7.0; +http://ahrefs.com/robot/)" "metrocrimedaily.com"
51.222.253.13 - - [25/Jan/2023:01:43:14 -0800] "GET /CRIME-WATCH-AMERICA/CRIME-WATCH-CHICAGO/INSTAGRAM-AUTOMATION/?C=S;O=A HTTP/1.1" 200 925 "-" "Mozilla/5.0 (compatible; AhrefsBot/7.0; +http://ahrefs.com/robot/)" "metrocrimedaily.com"
51.222.253.10 - - [25/Jan/2023:01:43:14 -0800] "GET /CRIME-WATCH-AMERICA/CRIME-WATCH-CHICAGO/INSTAGRAM-AUTOMATION/IG-Caption1.txt HTTP/1.1" 200 698 "-" "Mozilla/5.0 (compatible; AhrefsBot/7.0; +http://ahrefs.com/robot/)" "metrocrimedaily.com"
51.222.253.17 - - [25/Jan/2023:01:43:15 -0800] "GET /CRIME-WATCH-AMERICA/CRIME-WATCH-CHICAGO/INSTAGRAM-AUTOMATION/encoded-text-file.txt HTTP/1.1" 200 221 "-" "Mozilla/5.0 (compatible; AhrefsBot/7.0; +http://ahrefs.com/robot/)" "metrocrimedaily.com"
51.222.253.2 - - [25/Jan/2023:01:43:16 -0800] "GET /CRIME-WATCH-AMERICA/CRIME-WATCH-CHICAGO/INSTAGRAM-AUTOMATION/find-quota-usage-RevA.bat HTTP/1.1" 200 3184 "-" "Mozilla/5.0 (compatible; AhrefsBot/7.0; +http://ahrefs.com/robot/)" "metrocrimedaily.com"
51.222.253.6 - - [25/Jan/2023:01:43:17 -0800] "GET /CRIME-WATCH-AMERICA/CRIME-WATCH-CHICAGO/INSTAGRAM-AUTOMATION/fix-imagewith-imagemagick-RevB.bat HTTP/1.1" 200 6429 "-" "Mozilla/5.0 (compatible; AhrefsBot/7.0; +http://ahrefs.com/robot/)" "metrocrimedaily.com"
51.222.253.19 - - [25/Jan/2023:01:43:19 -0800] "GET /CRIME-WATCH-AMERICA/CRIME-WATCH-CHICAGO/INSTAGRAM-AUTOMATION/instagram-app-verification-details.txt HTTP/1.1" 200 4670 "-" "Mozilla/5.0 (compatible; AhrefsBot/7.0; +http://ahrefs.com/robot/)" "metrocrimedaily.com"
51.222.253.6 - - [25/Jan/2023:01:43:20 -0800] "GET /CRIME-WATCH-AMERICA/CRIME-WATCH-CHICAGO/INSTAGRAM-AUTOMATION/post-to-instagram-RevA.bat HTTP/1.1" 200 4213 "-" "Mozilla/5.0 (compatible; AhrefsBot/7.0; +http://ahrefs.com/robot/)" "metrocrimedaily.com"
51.222.253.10 - - [25/Jan/2023:01:43:20 -0800] "GET /CRIME-WATCH-AMERICA/CRIME-WATCH-CHICAGO/INSTAGRAM-AUTOMATION/post-to-instagram-RevB.bat HTTP/1.1" 200 6010 "-" "Mozilla/5.0 (compatible; AhrefsBot/7.0; +http://ahrefs.com/robot/)" "metrocrimedaily.com"
51.222.253.9 - - [25/Jan/2023:01:43:21 -0800] "GET /CRIME-WATCH-AMERICA/CRIME-WATCH-CHICAGO/INSTAGRAM-AUTOMATION/post-to-instagram-RevC.bat HTTP/1.1" 200 6398 "-" "Mozilla/5.0 (compatible; AhrefsBot/7.0; +http://ahrefs.com/robot/)" "metrocrimedaily.com"
51.222.253.13 - - [25/Jan/2023:01:43:22 -0800] "GET /CRIME-WATCH-AMERICA/CRIME-WATCH-CHICAGO/INSTAGRAM-AUTOMATION/unencoded-RevA.bat HTTP/1.1" 200 2808 "-" "Mozilla/5.0 (compatible; AhrefsBot/7.0; +http://ahrefs.com/robot/)" "metrocrimedaily.com"
51.222.253.4 - - [25/Jan/2023:01:43:22 -0800] "GET /CRIME-WATCH-AMERICA/CRIME-WATCH-CHICAGO/INSTAGRAM-AUTOMATION/unencoded-RevB.bat HTTP/1.1" 200 3082 "-" "Mozilla/5.0 (compatible; AhrefsBot/7.0; +http://ahrefs.com/robot/)" "metrocrimedaily.com"
51.222.253.1 - - [25/Jan/2023:01:43:23 -0800] "GET /CRIME-WATCH-AMERICA/CRIME-WATCH-CHICAGO/INSTAGRAM-AUTOMATION/unencoded-RevC.bat HTTP/1.1" 200 3415 "-" "Mozilla/5.0 (compatible; AhrefsBot/7.0; +http://ahrefs.com/robot/)" "metrocrimedaily.com"
51.222.253.9 - - [25/Jan/2023:01:43:23 -0800] "GET /CRIME-WATCH-AMERICA/CRIME-WATCH-CHICAGO/INSTAGRAM-AUTOMATION/unencoded-text-file.txt HTTP/1.1" 200 295 "-" "Mozilla/5.0 (compatible; AhrefsBot/7.0; +http://ahrefs.com/robot/)" "metrocrimedaily.com"
51.222.253.3 - - [25/Jan/2023:01:43:24 -0800] "GET /CRIME-WATCH-AMERICA/CRIME-WATCH-CHICAGO/INSTAGRAM-AUTOMATION/unencoded.bat HTTP/1.1" 200 810 "-" "Mozilla/5.0 (compatible; AhrefsBot/7.0; +http://ahrefs.com/robot/)" "metrocrimedaily.com"
51.222.253.15 - - [25/Jan/2023:01:43:25 -0800] "GET /instagram-losangeles/post-later/?C=D;O=D HTTP/1.1" 200 1243 "-" "Mozilla/5.0 (compatible; AhrefsBot/7.0; +http://ahrefs.com/robot/)" "www.metrocrimedaily.com"
51.222.253.7 - - [25/Jan/2023:01:43:26 -0800] "GET /instagram-losangeles/post-later/?C=M;O=D HTTP/1.1" 200 1230 "-" "Mozilla/5.0 (compatible; AhrefsBot/7.0; +http://ahrefs.com/robot/)" "www.metrocrimedaily.com"
51.222.253.3 - - [25/Jan/2023:01:43:27 -0800] "GET /instagram-losangeles/post-later/?C=S;O=D HTTP/1.1" 200 1226 "-" "Mozilla/5.0 (compatible; AhrefsBot/7.0; +http://ahrefs.com/robot/)" "www.metrocrimedaily.com"
51.222.253.5 - - [25/Jan/2023:01:43:29 -0800] "GET /CRIME-WATCH-AMERICA/CRIME-WATCH-CHICAGO/?C=D;O=A HTTP/1.1" 200 1249 "-" "Mozilla/5.0 (compatible; AhrefsBot/7.0; +http://ahrefs.com/robot/)" "metrocrimedaily.com"
51.222.253.12 - - [25/Jan/2023:01:43:29 -0800] "GET /CRIME-WATCH-AMERICA/CRIME-WATCH-CHICAGO/?C=M;O=A HTTP/1.1" 200 1270 "-" "Mozilla/5.0 (compatible; AhrefsBot/7.0; +http://ahrefs.com/robot/)" "metrocrimedaily.com"
51.222.253.1 - - [25/Jan/2023:01:43:30 -0800] "GET /CRIME-WATCH-AMERICA/CRIME-WATCH-CHICAGO/?C=N;O=D HTTP/1.1" 200 1265 "-" "Mozilla/5.0 (compatible; AhrefsBot/7.0; +http://ahrefs.com/robot/)" "metrocrimedaily.com"
51.222.253.14 - - [25/Jan/2023:01:43:32 -0800] "GET /CRIME-WATCH-AMERICA/CRIME-WATCH-CHICAGO/?C=S;O=A HTTP/1.1" 200 1254 "-" "Mozilla/5.0 (compatible; AhrefsBot/7.0; +http://ahrefs.com/robot/)" "metrocrimedaily.com"
51.222.253.14 - - [25/Jan/2023:01:43:32 -0800] "GET /CRIME-WATCH-AMERICA/CRIME-WATCH-CHICAGO/support/ HTTP/1.1" 200 877 "-" "Mozilla/5.0 (compatible; AhrefsBot/7.0; +http://ahrefs.com/robot/)" "metrocrimedaily.com"
51.222.253.12 - - [25/Jan/2023:01:43:34 -0800] "GET /CRIME-WATCH-AMERICA/CRIME-WATCH-CHICAGO/wput.exe HTTP/1.1" 200 118784 "-" "Mozilla/5.0 (compatible; AhrefsBot/7.0; +http://ahrefs.com/robot/)" "metrocrimedaily.com"
51.222.253.10 - - [25/Jan/2023:01:43:35 -0800] "GET /instagram-newyork/?C=S;O=D HTTP/1.1" 200 1476 "-" "Mozilla/5.0 (compatible; AhrefsBot/7.0; +http://ahrefs.com/robot/)" "www.metrocrimedaily.com"
51.222.253.20 - - [25/Jan/2023:01:43:35 -0800] "GET /instagram-stlouis/post-later/01-23-2023-2233286-Illinois-appeals-judge---s-restraining-order-on-g.txt HTTP/1.1" 200 1155 "-" "Mozilla/5.0 (compatible; AhrefsBot/7.0; +http://ahrefs.com/robot/)" "www.metrocrimedaily.com"
51.222.253.14 - - [25/Jan/2023:01:43:36 -0800] "GET /instagram-stlouis/post-later/01-23-2023-2233287-Missouri-Attorney-General-Bailey-makes-it-officia.txt HTTP/1.1" 200 621 "-" "Mozilla/5.0 (compatible; AhrefsBot/7.0; +http://ahrefs.com/robot/)" "www.metrocrimedaily.com"
51.222.253.11 - - [25/Jan/2023:01:43:36 -0800] "GET /instagram-stlouis/post-later/01-23-2023-2233288-At-least-7-killed-in-California-shootings%3B-suspec.txt HTTP/1.1" 200 1062 "-" "Mozilla/5.0 (compatible; AhrefsBot/7.0; +http://ahrefs.com/robot/)" "www.metrocrimedaily.com"
51.222.253.20 - - [25/Jan/2023:01:43:37 -0800] "GET /instagram-stlouis/post-later/01-24-2023-0034051-Advocates-seeking-answers-after-teens-caught-with.txt HTTP/1.1" 200 50 "-" "Mozilla/5.0 (compatible; AhrefsBot/7.0; +http://ahrefs.com/robot/)" "www.metrocrimedaily.com"
51.222.253.18 - - [25/Jan/2023:01:43:37 -0800] "GET /instagram-stlouis/post-later/01-24-2023-0034052-Eureka-man-charged-in-south-St.-Louis-car-crash-t.txt HTTP/1.1" 200 948 "-" "Mozilla/5.0 (compatible; AhrefsBot/7.0; +http://ahrefs.com/robot/)" "www.metrocrimedaily.com"
51.222.253.2 - - [25/Jan/2023:01:43:38 -0800] "GET /instagram-stlouis/post-later/01-24-2023-0034053-Teens-with-guns-outside-St.-Louis-City-Foundry--R.txt HTTP/1.1" 200 1087 "-" "Mozilla/5.0 (compatible; AhrefsBot/7.0; +http://ahrefs.com/robot/)" "www.metrocrimedaily.com"
51.222.253.2 - - [25/Jan/2023:01:43:39 -0800] "GET /instagram-stlouis/post-later/01-24-2023-0034054-MoDOT-argues-unborn-baby-in-fatal-work-zone-was-s.txt HTTP/1.1" 200 1152 "-" "Mozilla/5.0 (compatible; AhrefsBot/7.0; +http://ahrefs.com/robot/)" "www.metrocrimedaily.com"
51.222.253.6 - - [25/Jan/2023:01:43:41 -0800] "GET /instagram-stlouis/post-later/01-24-2023-0514081-Exclusive--Former-alderman-opens-up-about-bribery.txt HTTP/1.1" 200 50 "-" "Mozilla/5.0 (compatible; AhrefsBot/7.0; +http://ahrefs.com/robot/)" "www.metrocrimedaily.com"
51.222.253.4 - - [25/Jan/2023:01:43:42 -0800] "GET /instagram-stlouis/post-later/01-24-2023-0514082-Four-Oath-Keepers-convicted-of-Jan.-6-seditious-c.txt HTTP/1.1" 200 1095 "-" "Mozilla/5.0 (compatible; AhrefsBot/7.0; +http://ahrefs.com/robot/)" "www.metrocrimedaily.com"
51.222.253.6 - - [25/Jan/2023:01:43:44 -0800] "GET /instagram-stlouis/post-later/01-24-2023-0548582-California-dance-hall-shooter-was-on-the-run-for-.txt HTTP/1.1" 200 1118 "-" "Mozilla/5.0 (compatible; AhrefsBot/7.0; +http://ahrefs.com/robot/)" "www.metrocrimedaily.com"
51.222.253.2 - - [25/Jan/2023:01:43:44 -0800] "GET /instagram-stlouis/post-later/01-24-2023-0548581-Shootout-at-Oakland-gas-station-kills-1--wounds-8.txt HTTP/1.1" 200 706 "-" "Mozilla/5.0 (compatible; AhrefsBot/7.0; +http://ahrefs.com/robot/)" "www.metrocrimedaily.com"
51.222.253.8 - - [25/Jan/2023:01:43:45 -0800] "GET /instagram-stlouis/post-later/01-24-2023-0548583-Officials-took-5-hours-to-warn-that-California-da.txt HTTP/1.1" 200 1168 "-" "Mozilla/5.0 (compatible; AhrefsBot/7.0; +http://ahrefs.com/robot/)" "www.metrocrimedaily.com"
51.222.253.12 - - [25/Jan/2023:01:43:46 -0800] "GET /instagram-stlouis/post-later/01-24-2023-0626231-Major-insurance-companies-halt-new-policies-for-K.txt HTTP/1.1" 200 1150 "-" "Mozilla/5.0 (compatible; AhrefsBot/7.0; +http://ahrefs.com/robot/)" "www.metrocrimedaily.com"
51.222.253.4 - - [25/Jan/2023:01:43:47 -0800] "GET /instagram-stlouis/post-later/01-24-2023-0626232--I-drank-a-fifth-of-tequila-every-day---Former-al.txt HTTP/1.1" 200 1151 "-" "Mozilla/5.0 (compatible; AhrefsBot/7.0; +http://ahrefs.com/robot/)" "www.metrocrimedaily.com"
51.222.253.16 - - [25/Jan/2023:01:43:48 -0800] "GET /instagram-stlouis/post-later/01-24-2023-0626233-7-dead-as-California-mourns-3rd-mass-killing-in-8.txt HTTP/1.1" 200 1123 "-" "Mozilla/5.0 (compatible; AhrefsBot/7.0; +http://ahrefs.com/robot/)" "www.metrocrimedaily.com"
51.222.253.5 - - [25/Jan/2023:01:43:48 -0800] "GET /instagram-stlouis/post-later/01-24-2023-18071415-Missouri-Supreme-Court-case-could-affect-rural-pr.txt HTTP/1.1" 200 1100 "-" "Mozilla/5.0 (compatible; AhrefsBot/7.0; +http://ahrefs.com/robot/)" "www.metrocrimedaily.com"
51.222.253.17 - - [25/Jan/2023:01:43:49 -0800] "GET /instagram-stlouis/post-later/?C=D;O=A HTTP/1.1" 200 1459 "-" "Mozilla/5.0 (compatible; AhrefsBot/7.0; +http://ahrefs.com/robot/)" "www.metrocrimedaily.com"
51.222.253.11 - - [25/Jan/2023:01:43:50 -0800] "GET /instagram-stlouis/post-later/?C=N;O=D HTTP/1.1" 200 1461 "-" "Mozilla/5.0 (compatible; AhrefsBot/7.0; +http://ahrefs.com/robot/)" "www.metrocrimedaily.com"
51.222.253.14 - - [25/Jan/2023:01:43:51 -0800] "GET /instagram-stlouis/post-later/?C=M;O=A HTTP/1.1" 200 1463 "-" "Mozilla/5.0 (compatible; AhrefsBot/7.0; +http://ahrefs.com/robot/)" "www.metrocrimedaily.com"
51.222.253.12 - - [25/Jan/2023:01:43:53 -0800] "GET /instagram-stlouis/post-later/?C=S;O=A HTTP/1.1" 200 1480 "-" "Mozilla/5.0 (compatible; AhrefsBot/7.0; +http://ahrefs.com/robot/)" "www.metrocrimedaily.com"
51.222.253.11 - - [25/Jan/2023:01:43:54 -0800] "GET /CRIME-WATCH-AMERICA/CRIME-WATCH-HOUSTON/?C=D;O=D HTTP/1.1" 200 1196 "-" "Mozilla/5.0 (compatible; AhrefsBot/7.0; +http://ahrefs.com/robot/)" "metrocrimedaily.com"
51.222.253.13 - - [25/Jan/2023:01:43:55 -0800] "GET /CRIME-WATCH-AMERICA/CRIME-WATCH-HOUSTON/?C=S;O=D HTTP/1.1" 200 1183 "-" "Mozilla/5.0 (compatible; AhrefsBot/7.0; +http://ahrefs.com/robot/)" "metrocrimedaily.com"
69.63.189.2 - - [25/Jan/2023:01:44:39 -0800] "GET /instagram-atlanta/01-24-2023-21022520-A.jpg HTTP/1.1" 200 168458 "-" "facebookexternalhit/1.1 (+http://www.facebook.com/externalhit_uatext.php)" "www.metrocrimedaily.com"
114.119.150.166 - - [25/Jan/2023:01:47:37 -0800] "GET /instagram-dallas/ HTTP/1.1" 200 3028 "https://metrocrimedaily.com/?C=M%3BO%3DA" "Mozilla/5.0 (Linux; Android 7.0;) AppleWebKit/537.36 (KHTML, like Gecko) Mobile Safari/537.36 (compatible; PetalBot;+https://webmaster.petalsearch.com/site/petalbot)" "metrocrimedaily.com"
173.252.107.15 - - [25/Jan/2023:01:48:08 -0800] "GET /instagram-chicago/01-24-2023-20355122-A.jpg HTTP/1.1" 200 259833 "-" "facebookexternalhit/1.1 (+http://www.facebook.com/externalhit_uatext.php)" "www.metrocrimedaily.com"
173.252.107.2 - - [25/Jan/2023:01:48:35 -0800] "GET /instagram-losangeles/01-25-2023-0347361-A.jpg HTTP/1.1" 200 249708 "-" "facebookexternalhit/1.1 (+http://www.facebook.com/externalhit_uatext.php)" "www.metrocrimedaily.com"
171.244.17.89 - - [25/Jan/2023:01:57:25 -0800] "GET /wp-login.php HTTP/1.1" 404 88 "" "Mozilla/5.0 (Windows NT 10.0; Win64; x64; rv:108.0) Gecko/20100101 Firefox/108.0" "metrocrimedaily.com"
114.119.135.63 - - [25/Jan/2023:02:00:01 -0800] "GET /CRIME-WATCH-AMERICA/CRIME-WATCH-NEW-YORK-CITY/ HTTP/1.1" 200 381 "https://metrocrimedaily.com/CRIME-WATCH-AMERICA/" "Mozilla/5.0 (Linux; Android 7.0;) AppleWebKit/537.36 (KHTML, like Gecko) Mobile Safari/537.36 (compatible; PetalBot;+https://webmaster.petalsearch.com/site/petalbot)" "metrocrimedaily.com"
207.46.13.23 - - [25/Jan/2023:02:03:46 -0800] "GET /index-chicago.html HTTP/1.1" 200 7965 "-" "Mozilla/5.0 AppleWebKit/537.36 (KHTML, like Gecko; compatible; bingbot/2.0; +http://www.bing.com/bingbot.htm) Chrome/103.0.5060.134 Safari/537.36" "metrocrimedaily.com"
114.119.143.75 - - [25/Jan/2023:02:11:42 -0800] "GET /CRIME-WATCH-AMERICA/?C=D%3BO%3DA HTTP/1.1" 200 614 "https://metrocrimedaily.com/CRIME-WATCH-AMERICA/" "Mozilla/5.0 (Linux; Android 7.0;) AppleWebKit/537.36 (KHTML, like Gecko) Mobile Safari/537.36 (compatible; PetalBot;+https://webmaster.petalsearch.com/site/petalbot)" "metrocrimedaily.com"
51.222.253.12 - - [25/Jan/2023:02:13:50 -0800] "GET / HTTP/1.1" 200 159654 "-" "Mozilla/5.0 (compatible; AhrefsBot/7.0; +http://ahrefs.com/robot/)" "metrocrimedaily.com"
195.154.126.102 - - [25/Jan/2023:02:13:51 -0800] "GET /styles-mcd.css HTTP/1.1" 200 1159 "http://metrocrimedaily.com/" "Mozilla/5.0 (compatible; AhrefsBot/7.0; +http://ahrefs.com/robot/)" "metrocrimedaily.com"
51.222.253.15 - - [25/Jan/2023:02:14:59 -0800] "GET / HTTP/1.1" 200 159654 "-" "Mozilla/5.0 (compatible; AhrefsBot/7.0; +http://ahrefs.com/robot/)" "www.metrocrimedaily.com"
69.63.184.1 - - [25/Jan/2023:02:15:15 -0800] "GET /instagram-atlanta/01-24-2023-21022521-A.jpg HTTP/1.1" 200 188242 "-" "facebookexternalhit/1.1 (+http://www.facebook.com/externalhit_uatext.php)" "www.metrocrimedaily.com"
51.222.253.10 - - [25/Jan/2023:02:15:43 -0800] "GET /images/facebook-logo-tiny.png HTTP/1.1" 200 1280 "-" "Mozilla/5.0 (compatible; AhrefsBot/7.0; +http://ahrefs.com/robot/)" "www.metrocrimedaily.com"
51.222.253.20 - - [25/Jan/2023:02:16:12 -0800] "GET /instagram-stlouis/videos/?C=N;O=A HTTP/1.1" 200 664 "-" "Mozilla/5.0 (compatible; AhrefsBot/7.0; +http://ahrefs.com/robot/)" "www.metrocrimedaily.com"
51.222.253.5 - - [25/Jan/2023:02:16:46 -0800] "GET / HTTP/1.1" 200 159654 "-" "Mozilla/5.0 (compatible; AhrefsBot/7.0; +http://ahrefs.com/robot/)" "www.metrocrimedaily.com"
51.222.253.10 - - [25/Jan/2023:02:17:27 -0800] "GET /instagram-stlouis/videos/?C=D;O=D HTTP/1.1" 200 660 "-" "Mozilla/5.0 (compatible; AhrefsBot/7.0; +http://ahrefs.com/robot/)" "www.metrocrimedaily.com"
207.46.13.23 - - [25/Jan/2023:02:17:55 -0800] "GET /index-post-mcd-stories.html HTTP/1.1" 200 648 "-" "Mozilla/5.0 AppleWebKit/537.36 (KHTML, like Gecko; compatible; bingbot/2.0; +http://www.bing.com/bingbot.htm) Chrome/103.0.5060.134 Safari/537.36" "www.metrocrimedaily.com"
51.222.253.8 - - [25/Jan/2023:02:18:17 -0800] "GET /images/twitter-logo-b-tiny.png HTTP/1.1" 200 1600 "-" "Mozilla/5.0 (compatible; AhrefsBot/7.0; +http://ahrefs.com/robot/)" "www.metrocrimedaily.com"
51.222.253.19 - - [25/Jan/2023:02:18:17 -0800] "GET /images/youtube-logo-tiny.png HTTP/1.1" 200 689 "-" "Mozilla/5.0 (compatible; AhrefsBot/7.0; +http://ahrefs.com/robot/)" "www.metrocrimedaily.com"
51.222.253.8 - - [25/Jan/2023:02:18:17 -0800] "GET /images/crimeinthed-logo.jpg HTTP/1.1" 200 14960 "-" "Mozilla/5.0 (compatible; AhrefsBot/7.0; +http://ahrefs.com/robot/)" "www.metrocrimedaily.com"
69.63.184.117 - - [25/Jan/2023:02:18:33 -0800] "GET /instagram-newyork/01-25-2023-0418141-A.jpg HTTP/1.1" 200 149327 "-" "facebookexternalhit/1.1 (+http://www.facebook.com/externalhit_uatext.php)" "www.metrocrimedaily.com"
69.63.184.1 - - [25/Jan/2023:02:18:40 -0800] "GET /instagram-chicago/01-24-2023-20355123-A.jpg HTTP/1.1" 200 100176 "-" "facebookexternalhit/1.1 (+http://www.facebook.com/externalhit_uatext.php)" "www.metrocrimedaily.com"
51.222.253.18 - - [25/Jan/2023:02:19:40 -0800] "GET /instagram-stlouis/videos/?C=M;O=D HTTP/1.1" 200 661 "-" "Mozilla/5.0 (compatible; AhrefsBot/7.0; +http://ahrefs.com/robot/)" "www.metrocrimedaily.com"
114.119.154.189 - - [25/Jan/2023:02:20:55 -0800] "GET /privacy-policy.html HTTP/1.1" 200 2353 "http://www.metrocrimedaily.com/contact-us.html" "Mozilla/5.0 (Linux; Android 7.0;) AppleWebKit/537.36 (KHTML, like Gecko) Mobile Safari/537.36 (compatible; PetalBot;+https://webmaster.petalsearch.com/site/petalbot)" "www.metrocrimedaily.com"
103.200.23.139 - - [25/Jan/2023:02:23:51 -0800] "GET /wp-login.php HTTP/1.1" 404 88 "" "Mozilla/5.0 (Windows NT 10.0; Win64; x64; rv:108.0) Gecko/20100101 Firefox/108.0" "metrocrimedaily.com"
51.222.253.4 - - [25/Jan/2023:02:24:11 -0800] "GET /instagram-stlouis/videos/?C=S;O=D HTTP/1.1" 200 662 "-" "Mozilla/5.0 (compatible; AhrefsBot/7.0; +http://ahrefs.com/robot/)" "www.metrocrimedaily.com"
77.88.5.38 - - [25/Jan/2023:02:25:03 -0800] "GET /robots.txt HTTP/1.1" 404 73 "-" "Mozilla/5.0 (compatible; YandexBot/3.0; +http://yandex.com/bots)" "metrocrimedaily.com"
77.88.5.132 - - [25/Jan/2023:02:25:07 -0800] "GET / HTTP/1.1" 200 159654 "-" "Mozilla/5.0 (compatible; YandexBot/3.0; +http://yandex.com/bots) AppleWebKit/537.36 (KHTML, like Gecko) Chrome/81.0.4044.268" "metrocrimedaily.com"
93.158.161.52 - - [25/Jan/2023:02:26:23 -0800] "GET /mcd-calculate-how-long-ago.html HTTP/1.1" 200 643 "-" "Mozilla/5.0 (compatible; YandexBot/3.0; +http://yandex.com/bots)" "metrocrimedaily.com"
93.158.161.35 - - [25/Jan/2023:02:26:27 -0800] "GET /=.%20=.%20= HTTP/1.1" 404 88 "-" "Mozilla/5.0 (compatible; YandexBot/3.0; +http://yandex.com/bots)" "metrocrimedaily.com"
93.158.161.39 - - [25/Jan/2023:02:26:31 -0800] "GET /index.html HTTP/1.1" 200 159654 "-" "Mozilla/5.0 (compatible; YandexBot/3.0; +http://yandex.com/bots)" "metrocrimedaily.com"
93.158.161.52 - - [25/Jan/2023:02:26:34 -0800] "GET /index-prototype.html HTTP/1.1" 200 156 "-" "Mozilla/5.0 (compatible; YandexBot/3.0; +http://yandex.com/bots)" "metrocrimedaily.com"
51.222.253.5 - - [25/Jan/2023:02:28:29 -0800] "GET /CRIME-WATCH-AMERICA/CRIME-WATCH-CHICAGO/INSTAGRAM-AUTOMATION/?C=N;O=A HTTP/1.1" 200 939 "-" "Mozilla/5.0 (compatible; AhrefsBot/7.0; +http://ahrefs.com/robot/)" "metrocrimedaily.com"
51.222.253.9 - - [25/Jan/2023:02:33:14 -0800] "GET /CRIME-WATCH-AMERICA/CRIME-WATCH-CHICAGO/support/?C=D;O=A HTTP/1.1" 200 877 "-" "Mozilla/5.0 (compatible; AhrefsBot/7.0; +http://ahrefs.com/robot/)" "www.metrocrimedaily.com"
65.78.53.203 - - [25/Jan/2023:02:38:24 -0800] "GET /@/license.txt HTTP/1.1" 404 88 "-" "Mozilla/5.0 (X11; Ubuntu; Linux x86_64; rv:62.0) Gecko/20100101 Firefox/62.0" "metrocrimedaily.com"
207.46.13.23 - - [25/Jan/2023:02:40:49 -0800] "GET /index-chicago.html HTTP/1.1" 200 7965 "-" "Mozilla/5.0 AppleWebKit/537.36 (KHTML, like Gecko; compatible; bingbot/2.0; +http://www.bing.com/bingbot.htm) Chrome/103.0.5060.134 Safari/537.36" "metrocrimedaily.com"
51.222.253.3 - - [25/Jan/2023:02:42:18 -0800] "GET /CRIME-WATCH-AMERICA/CRIME-WATCH-CHICAGO/support/?C=D;O=A HTTP/1.1" 200 877 "-" "Mozilla/5.0 (compatible; AhrefsBot/7.0; +http://ahrefs.com/robot/)" "www.metrocrimedaily.com"
69.63.189.116 - - [25/Jan/2023:02:45:50 -0800] "GET /instagram-atlanta/01-24-2023-21022522-A.jpg HTTP/1.1" 200 204937 "-" "facebookexternalhit/1.1 (+http://www.facebook.com/externalhit_uatext.php)" "www.metrocrimedaily.com"
51.222.253.19 - - [25/Jan/2023:02:51:26 -0800] "GET /CRIME-WATCH-AMERICA/CRIME-WATCH-CHICAGO/support/?C=M;O=A HTTP/1.1" 200 879 "-" "Mozilla/5.0 (compatible; AhrefsBot/7.0; +http://ahrefs.com/robot/)" "www.metrocrimedaily.com"
68.183.85.239 - - [25/Jan/2023:02:55:11 -0800] "GET /wp-login.php HTTP/1.1" 404 88 "" "Mozilla/5.0 (Windows NT 10.0; Win64; x64; rv:108.0) Gecko/20100101 Firefox/108.0" "metrocrimedaily.com"
51.222.253.20 - - [25/Jan/2023:02:56:41 -0800] "GET /CRIME-WATCH-AMERICA/CRIME-WATCH-CHICAGO/support/?C=M;O=A HTTP/1.1" 200 879 "-" "Mozilla/5.0 (compatible; AhrefsBot/7.0; +http://ahrefs.com/robot/)" "www.metrocrimedaily.com"
51.222.253.1 - - [25/Jan/2023:03:01:14 -0800] "GET /CRIME-WATCH-AMERICA/CRIME-WATCH-CHICAGO/support/?C=N;O=D HTTP/1.1" 200 876 "-" "Mozilla/5.0 (compatible; AhrefsBot/7.0; +http://ahrefs.com/robot/)" "www.metrocrimedaily.com"
40.77.167.54 - - [25/Jan/2023:03:01:29 -0800] "GET /index-post-mcd-stories.html HTTP/1.1" 200 648 "-" "Mozilla/5.0 AppleWebKit/537.36 (KHTML, like Gecko; compatible; bingbot/2.0; +http://www.bing.com/bingbot.htm) Chrome/103.0.5060.134 Safari/537.36" "metrocrimedaily.com"
69.63.184.1 - - [25/Jan/2023:03:03:13 -0800] "GET /instagram-houston/01-25-2023-0502531-A.jpg HTTP/1.1" 200 92953 "-" "facebookexternalhit/1.1 (+http://www.facebook.com/externalhit_uatext.php)" "www.metrocrimedaily.com"
40.77.167.54 - - [25/Jan/2023:03:06:57 -0800] "GET /index-newyork.html HTTP/1.1" 200 6302 "-" "Mozilla/5.0 AppleWebKit/537.36 (KHTML, like Gecko; compatible; bingbot/2.0; +http://www.bing.com/bingbot.htm) Chrome/103.0.5060.134 Safari/537.36" "metrocrimedaily.com"
51.222.253.4 - - [25/Jan/2023:03:10:29 -0800] "GET /CRIME-WATCH-AMERICA/CRIME-WATCH-CHICAGO/support/?C=N;O=D HTTP/1.1" 200 876 "-" "Mozilla/5.0 (compatible; AhrefsBot/7.0; +http://ahrefs.com/robot/)" "www.metrocrimedaily.com"
207.46.13.23 - - [25/Jan/2023:03:11:42 -0800] "GET /index-miami.html HTTP/1.1" 200 21388 "-" "Mozilla/5.0 AppleWebKit/537.36 (KHTML, like Gecko; compatible; bingbot/2.0; +http://www.bing.com/bingbot.htm) Chrome/103.0.5060.134 Safari/537.36" "metrocrimedaily.com"
69.63.184.117 - - [25/Jan/2023:03:16:25 -0800] "GET /instagram-atlanta/01-24-2023-21022523-A.jpg HTTP/1.1" 200 120779 "-" "facebookexternalhit/1.1 (+http://www.facebook.com/externalhit_uatext.php)" "www.metrocrimedaily.com"
51.222.253.3 - - [25/Jan/2023:03:19:34 -0800] "GET /CRIME-WATCH-AMERICA/CRIME-WATCH-CHICAGO/support/?C=S;O=A HTTP/1.1" 200 873 "-" "Mozilla/5.0 (compatible; AhrefsBot/7.0; +http://ahrefs.com/robot/)" "www.metrocrimedaily.com"
69.63.184.118 - - [25/Jan/2023:03:23:50 -0800] "GET /instagram-memphis/01-25-2023-0523291-A.jpg HTTP/1.1" 200 156162 "-" "facebookexternalhit/1.1 (+http://www.facebook.com/externalhit_uatext.php)" "www.metrocrimedaily.com"
69.63.184.120 - - [25/Jan/2023:03:25:00 -0800] "GET /instagram-chicago/01-25-2023-0524401-A.jpg HTTP/1.1" 404 88 "-" "facebookexternalhit/1.1 (+http://www.facebook.com/externalhit_uatext.php)" "www.metrocrimedaily.com"
69.63.184.116 - - [25/Jan/2023:03:25:22 -0800] "GET /instagram-chicago/01-25-2023-0524402-A.jpg HTTP/1.1" 200 81141 "-" "facebookexternalhit/1.1 (+http://www.facebook.com/externalhit_uatext.php)" "www.metrocrimedaily.com"
51.222.253.15 - - [25/Jan/2023:03:27:59 -0800] "GET /CRIME-WATCH-AMERICA/CRIME-WATCH-CHICAGO/support/?C=S;O=A HTTP/1.1" 200 873 "-" "Mozilla/5.0 (compatible; AhrefsBot/7.0; +http://ahrefs.com/robot/)" "www.metrocrimedaily.com"
51.222.253.8 - - [25/Jan/2023:03:28:25 -0800] "GET /CRIME-WATCH-AMERICA/CRIME-WATCH-CHICAGO/support/ImageMagick-7.0.11-13-Q16-HDRI-x64-dll.exe HTTP/1.1" 200 37558512 "-" "Mozilla/5.0 (compatible; AhrefsBot/7.0; +http://ahrefs.com/robot/)" "www.metrocrimedaily.com"
51.222.253.1 - - [25/Jan/2023:03:28:44 -0800] "GET /CRIME-WATCH-AMERICA/CRIME-WATCH-CHICAGO/support/ImageMagick-7.0.11-13-Q16-HDRI-x64-dll.exe HTTP/1.1" 200 37558512 "-" "Mozilla/5.0 (compatible; AhrefsBot/7.0; +http://ahrefs.com/robot/)" "www.metrocrimedaily.com"
51.222.253.17 - - [25/Jan/2023:03:29:12 -0800] "GET /CRIME-WATCH-AMERICA/CRIME-WATCH-CHICAGO/support/WinSCP-5.17.10-Setup.exe HTTP/1.1" 200 11155568 "-" "Mozilla/5.0 (compatible; AhrefsBot/7.0; +http://ahrefs.com/robot/)" "www.metrocrimedaily.com"
51.222.253.1 - - [25/Jan/2023:03:29:16 -0800] "GET /CRIME-WATCH-AMERICA/CRIME-WATCH-CHICAGO/support/command-line-for-youtube-upload-videos HTTP/1.1" 200 1497 "-" "Mozilla/5.0 (compatible; AhrefsBot/7.0; +http://ahrefs.com/robot/)" "www.metrocrimedaily.com"
51.222.253.4 - - [25/Jan/2023:03:29:20 -0800] "GET /CRIME-WATCH-AMERICA/CRIME-WATCH-CHICAGO/support/command-line-for-youtube-upload-videos HTTP/1.1" 200 1497 "-" "Mozilla/5.0 (compatible; AhrefsBot/7.0; +http://ahrefs.com/robot/)" "www.metrocrimedaily.com"
51.222.253.13 - - [25/Jan/2023:03:29:25 -0800] "GET /CRIME-WATCH-AMERICA/CRIME-WATCH-CHICAGO/support/find-and-post-chicago-stories-RevB.bat HTTP/1.1" 200 16902 "-" "Mozilla/5.0 (compatible; AhrefsBot/7.0; +http://ahrefs.com/robot/)" "www.metrocrimedaily.com"
51.222.253.20 - - [25/Jan/2023:03:29:30 -0800] "GET /CRIME-WATCH-AMERICA/CRIME-WATCH-CHICAGO/support/find-and-post-chicago-stories-RevB.bat HTTP/1.1" 200 16902 "-" "Mozilla/5.0 (compatible; AhrefsBot/7.0; +http://ahrefs.com/robot/)" "www.metrocrimedaily.com"
51.222.253.15 - - [25/Jan/2023:03:29:32 -0800] "GET /CRIME-WATCH-AMERICA/CRIME-WATCH-CHICAGO/support/find-quota-usage-RevA.bat HTTP/1.1" 200 3184 "-" "Mozilla/5.0 (compatible; AhrefsBot/7.0; +http://ahrefs.com/robot/)" "www.metrocrimedaily.com"
51.222.253.18 - - [25/Jan/2023:03:29:35 -0800] "GET /CRIME-WATCH-AMERICA/CRIME-WATCH-CHICAGO/support/find-quota-usage-RevA.bat HTTP/1.1" 200 3184 "-" "Mozilla/5.0 (compatible; AhrefsBot/7.0; +http://ahrefs.com/robot/)" "www.metrocrimedaily.com"
51.222.253.17 - - [25/Jan/2023:03:29:36 -0800] "GET /CRIME-WATCH-AMERICA/CRIME-WATCH-CHICAGO/support/instagram-app-verification-details.txt HTTP/1.1" 200 4882 "-" "Mozilla/5.0 (compatible; AhrefsBot/7.0; +http://ahrefs.com/robot/)" "www.metrocrimedaily.com"
114.119.136.87 - - [25/Jan/2023:03:29:41 -0800] "GET /robots.txt HTTP/1.1" 404 88 "-" "Mozilla/5.0 (compatible;PetalBot;+https://webmaster.petalsearch.com/site/petalbot)" "metrocrimedaily.com"
103.74.121.5 - - [25/Jan/2023:03:29:51 -0800] "GET /wp-login.php HTTP/1.1" 404 88 "" "Mozilla/5.0 (Windows NT 10.0; Win64; x64; rv:108.0) Gecko/20100101 Firefox/108.0" "metrocrimedaily.com"
114.119.138.95 - - [25/Jan/2023:03:29:56 -0800] "GET /instagram-memphis/01-23-2023-1556354--What-did-I-do-----Ben-Crump-recalls-what-Tyre-Ni.txt HTTP/1.1" 200 53 "https://metrocrimedaily.com/instagram-memphis/" "Mozilla/5.0 (Linux; Android 7.0;) AppleWebKit/537.36 (KHTML, like Gecko) Mobile Safari/537.36 (compatible; PetalBot;+https://webmaster.petalsearch.com/site/petalbot)" "metrocrimedaily.com"
69.63.184.4 - - [25/Jan/2023:03:33:45 -0800] "GET /instagram-houston/01-25-2023-0502532-A.jpg HTTP/1.1" 200 181514 "-" "facebookexternalhit/1.1 (+http://www.facebook.com/externalhit_uatext.php)" "www.metrocrimedaily.com"
98.224.178.54 - - [25/Jan/2023:03:34:04 -0800] "GET / HTTP/1.1" 200 159654 "-" "Mozilla/5.0 (iPhone; CPU iPhone OS 16_1_2 like Mac OS X) AppleWebKit/605.1.15 (KHTML, like Gecko) Version/16.1 Mobile/15E148 Safari/604.1" "www.metrocrimedaily.com"
98.224.178.54 - - [25/Jan/2023:03:34:04 -0800] "GET /styles-mcd.css HTTP/1.1" 200 1159 "http://www.metrocrimedaily.com/" "Mozilla/5.0 (iPhone; CPU iPhone OS 16_1_2 like Mac OS X) AppleWebKit/605.1.15 (KHTML, like Gecko) Version/16.1 Mobile/15E148 Safari/604.1" "www.metrocrimedaily.com"
98.224.178.54 - - [25/Jan/2023:03:34:04 -0800] "GET /images/crimeinthed-logo.jpg HTTP/1.1" 200 14960 "http://www.metrocrimedaily.com/" "Mozilla/5.0 (iPhone; CPU iPhone OS 16_1_2 like Mac OS X) AppleWebKit/605.1.15 (KHTML, like Gecko) Version/16.1 Mobile/15E148 Safari/604.1" "www.metrocrimedaily.com"
98.224.178.54 - - [25/Jan/2023:03:34:04 -0800] "GET /images/facebook-logo-tiny.png HTTP/1.1" 200 1280 "http://www.metrocrimedaily.com/" "Mozilla/5.0 (iPhone; CPU iPhone OS 16_1_2 like Mac OS X) AppleWebKit/605.1.15 (KHTML, like Gecko) Version/16.1 Mobile/15E148 Safari/604.1" "www.metrocrimedaily.com"
98.224.178.54 - - [25/Jan/2023:03:34:04 -0800] "GET /images/police-tape.jpg HTTP/1.1" 200 50766 "http://www.metrocrimedaily.com/" "Mozilla/5.0 (iPhone; CPU iPhone OS 16_1_2 like Mac OS X) AppleWebKit/605.1.15 (KHTML, like Gecko) Version/16.1 Mobile/15E148 Safari/604.1" "metrocrimedaily.com"
98.224.178.54 - - [25/Jan/2023:03:34:04 -0800] "GET /images/youtube-logo-tiny.png HTTP/1.1" 200 689 "http://www.metrocrimedaily.com/" "Mozilla/5.0 (iPhone; CPU iPhone OS 16_1_2 like Mac OS X) AppleWebKit/605.1.15 (KHTML, like Gecko) Version/16.1 Mobile/15E148 Safari/604.1" "www.metrocrimedaily.com"
98.224.178.54 - - [25/Jan/2023:03:34:04 -0800] "GET /images/twitter-logo-b-tiny.png HTTP/1.1" 200 1600 "http://www.metrocrimedaily.com/" "Mozilla/5.0 (iPhone; CPU iPhone OS 16_1_2 like Mac OS X) AppleWebKit/605.1.15 (KHTML, like Gecko) Version/16.1 Mobile/15E148 Safari/604.1" "www.metrocrimedaily.com"
51.222.253.6 - - [25/Jan/2023:03:35:39 -0800] "GET /CRIME-WATCH-AMERICA/CRIME-WATCH-CHICAGO/support/post-to-crimewatchusa.bat HTTP/1.1" 200 6693 "-" "Mozilla/5.0 (compatible; AhrefsBot/7.0; +http://ahrefs.com/robot/)" "www.metrocrimedaily.com"
51.222.253.2 - - [25/Jan/2023:03:35:42 -0800] "GET /CRIME-WATCH-AMERICA/CRIME-WATCH-CHICAGO/support/post-to-cwusa.bat HTTP/1.1" 200 5247 "-" "Mozilla/5.0 (compatible; AhrefsBot/7.0; +http://ahrefs.com/robot/)" "www.metrocrimedaily.com"
51.222.253.5 - - [25/Jan/2023:03:35:45 -0800] "GET /CRIME-WATCH-AMERICA/CRIME-WATCH-CHICAGO/support/randomizer.bat HTTP/1.1" 200 1132 "-" "Mozilla/5.0 (compatible; AhrefsBot/7.0; +http://ahrefs.com/robot/)" "www.metrocrimedaily.com"
51.222.253.7 - - [25/Jan/2023:03:35:46 -0800] "GET /CRIME-WATCH-AMERICA/CRIME-WATCH-CHICAGO/support/randomizer.bat HTTP/1.1" 200 1132 "-" "Mozilla/5.0 (compatible; AhrefsBot/7.0; +http://ahrefs.com/robot/)" "www.metrocrimedaily.com"
51.222.253.11 - - [25/Jan/2023:03:35:48 -0800] "GET /CRIME-WATCH-AMERICA/CRIME-WATCH-CHICAGO/support/post-to-crimewatchusa.bat HTTP/1.1" 200 6693 "-" "Mozilla/5.0 (compatible; AhrefsBot/7.0; +http://ahrefs.com/robot/)" "www.metrocrimedaily.com"
51.222.253.19 - - [25/Jan/2023:03:35:48 -0800] "GET /CRIME-WATCH-AMERICA/CRIME-WATCH-CHICAGO/support/post-to-cwusa.bat HTTP/1.1" 200 5247 "-" "Mozilla/5.0 (compatible; AhrefsBot/7.0; +http://ahrefs.com/robot/)" "www.metrocrimedaily.com"
51.222.253.3 - - [25/Jan/2023:03:35:50 -0800] "GET /CRIME-WATCH-AMERICA/CRIME-WATCH-CHICAGO/support/readme-yt-dlp-installation.txt HTTP/1.1" 200 1719 "-" "Mozilla/5.0 (compatible; AhrefsBot/7.0; +http://ahrefs.com/robot/)" "www.metrocrimedaily.com"
51.222.253.11 - - [25/Jan/2023:03:35:53 -0800] "GET /CRIME-WATCH-AMERICA/CRIME-WATCH-CHICAGO/INSTAGRAM-AUTOMATION/?C=S;O=D HTTP/1.1" 200 931 "-" "Mozilla/5.0 (compatible; AhrefsBot/7.0; +http://ahrefs.com/robot/)" "metrocrimedaily.com"
51.222.253.20 - - [25/Jan/2023:03:35:54 -0800] "GET /instagram-memphis/01-24-2023-2325031-FOX13-Investigates--Shelby-Co.-law-enforcement-no.txt HTTP/1.1" 200 1065 "-" "Mozilla/5.0 (compatible; AhrefsBot/7.0; +http://ahrefs.com/robot/)" "www.metrocrimedaily.com"
51.222.253.6 - - [25/Jan/2023:03:35:54 -0800] "GET /CRIME-WATCH-AMERICA/CRIME-WATCH-CHICAGO/support/readme-yt-dlp-installation.txt HTTP/1.1" 200 1719 "-" "Mozilla/5.0 (compatible; AhrefsBot/7.0; +http://ahrefs.com/robot/)" "www.metrocrimedaily.com"
51.222.253.10 - - [25/Jan/2023:03:35:57 -0800] "GET /instagram-memphis/01-24-2023-2325032-WATCH--FOX13-Investigates--Law-enforcement-not-us.txt HTTP/1.1" 200 133 "-" "Mozilla/5.0 (compatible; AhrefsBot/7.0; +http://ahrefs.com/robot/)" "www.metrocrimedaily.com"
