205.185.120.206 - - [25/Jan/2023:09:29:11 -0800] "GET /images/crimeinthed-logo.jpg HTTP/1.1" 200 14960 "http://www.metrocrimedaily.com/" "Mozilla/5.0 (Windows NT 10.0; Win64; x64) AppleWebKit/537.36 (KHTML, like Gecko) Chrome/109.0.0.0 Safari/537.36" "www.metrocrimedaily.com"
205.185.120.206 - - [25/Jan/2023:09:29:12 -0800] "GET /images/police-tape.jpg HTTP/1.1" 200 50766 "http://www.metrocrimedaily.com/" "Mozilla/5.0 (Windows NT 10.0; Win64; x64) AppleWebKit/537.36 (KHTML, like Gecko) Chrome/109.0.0.0 Safari/537.36" "metrocrimedaily.com"
205.185.120.206 - - [25/Jan/2023:09:29:27 -0800] "GET /images/facebook-logo-tiny.png HTTP/1.1" 200 1280 "http://www.metrocrimedaily.com/" "Mozilla/5.0 (Windows NT 10.0; Win64; x64) AppleWebKit/537.36 (KHTML, like Gecko) Chrome/109.0.0.0 Safari/537.36" "www.metrocrimedaily.com"
205.185.120.206 - - [25/Jan/2023:09:29:27 -0800] "GET /images/twitter-logo-b-tiny.png HTTP/1.1" 200 1600 "http://www.metrocrimedaily.com/" "Mozilla/5.0 (Windows NT 10.0; Win64; x64) AppleWebKit/537.36 (KHTML, like Gecko) Chrome/109.0.0.0 Safari/537.36" "www.metrocrimedaily.com"
205.185.120.206 - - [25/Jan/2023:09:29:27 -0800] "GET /images/youtube-logo-tiny.png HTTP/1.1" 200 689 "http://www.metrocrimedaily.com/" "Mozilla/5.0 (Windows NT 10.0; Win64; x64) AppleWebKit/537.36 (KHTML, like Gecko) Chrome/109.0.0.0 Safari/537.36" "www.metrocrimedaily.com"
69.63.184.1 - - [25/Jan/2023:09:29:52 -0800] "GET /instagram-houston/01-25-2023-1129321-A.jpg HTTP/1.1" 200 99413 "-" "facebookexternalhit/1.1 (+http://www.facebook.com/externalhit_uatext.php)" "www.metrocrimedaily.com"
69.63.184.1 - - [25/Jan/2023:09:30:18 -0800] "GET /instagram-houston/01-25-2023-1129322-A.jpg HTTP/1.1" 200 194387 "-" "facebookexternalhit/1.1 (+http://www.facebook.com/externalhit_uatext.php)" "www.metrocrimedaily.com"
69.63.184.116 - - [25/Jan/2023:09:30:46 -0800] "GET /instagram-houston/01-25-2023-1129323-A.jpg HTTP/1.1" 200 210637 "-" "facebookexternalhit/1.1 (+http://www.facebook.com/externalhit_uatext.php)" "www.metrocrimedaily.com"
69.63.184.5 - - [25/Jan/2023:09:32:46 -0800] "GET /instagram-atlanta/01-25-2023-1132241-A.jpg HTTP/1.1" 200 96052 "-" "facebookexternalhit/1.1 (+http://www.facebook.com/externalhit_uatext.php)" "www.metrocrimedaily.com"
114.119.159.39 - - [25/Jan/2023:09:36:51 -0800] "GET /instagram-detroit/01-23-2023-1345276-4-charged-in-connection-with-attempted-auto-theft.txt HTTP/1.1" 200 843 "https://metrocrimedaily.com/instagram-detroit/?C=M%3BO%3DA" "Mozilla/5.0 (Linux; Android 7.0;) AppleWebKit/537.36 (KHTML, like Gecko) Mobile Safari/537.36 (compatible; PetalBot;+https://webmaster.petalsearch.com/site/petalbot)" "metrocrimedaily.com"
69.63.184.119 - - [25/Jan/2023:09:37:28 -0800] "GET /instagram-memphis/01-25-2023-1137081-A.jpg HTTP/1.1" 200 141268 "-" "facebookexternalhit/1.1 (+http://www.facebook.com/externalhit_uatext.php)" "www.metrocrimedaily.com"
157.55.39.188 - - [25/Jan/2023:09:38:17 -0800] "GET /instagram-dallas/12-22-2022-0723241-Missing-man-last-seen-in-Denison-Wednesday-evenin.txt HTTP/1.1" 404 88 "-" "Mozilla/5.0 AppleWebKit/537.36 (KHTML, like Gecko; compatible; bingbot/2.0; +http://www.bing.com/bingbot.htm) Chrome/103.0.5060.134 Safari/537.36" "www.metrocrimedaily.com"
51.222.253.15 - - [25/Jan/2023:09:40:49 -0800] "GET /CRIME-WATCH-AMERICA/CRIME-WATCH-CHICAGO/support/post-to-cwusa.bat HTTP/1.1" 200 5247 "-" "Mozilla/5.0 (compatible; AhrefsBot/7.0; +http://ahrefs.com/robot/)" "metrocrimedaily.com"
69.63.184.118 - - [25/Jan/2023:09:40:50 -0800] "GET /instagram-miami/01-25-2023-1140281-A.jpg HTTP/1.1" 200 458095 "-" "facebookexternalhit/1.1 (+http://www.facebook.com/externalhit_uatext.php)" "www.metrocrimedaily.com"
157.245.200.155 - - [25/Jan/2023:09:46:08 -0800] "GET /wp-login.php HTTP/1.1" 404 88 "" "Mozilla/5.0 (Windows NT 10.0; Win64; x64; rv:108.0) Gecko/20100101 Firefox/108.0" "metrocrimedaily.com"
51.222.253.8 - - [25/Jan/2023:09:46:25 -0800] "GET /CRIME-WATCH-AMERICA/CRIME-WATCH-CHICAGO/support/randomizer.bat HTTP/1.1" 200 1132 "-" "Mozilla/5.0 (compatible; AhrefsBot/7.0; +http://ahrefs.com/robot/)" "metrocrimedaily.com"
69.63.184.116 - - [25/Jan/2023:09:46:59 -0800] "GET /instagram-stlouis/01-25-2023-1146391-A.jpg HTTP/1.1" 200 228681 "-" "facebookexternalhit/1.1 (+http://www.facebook.com/externalhit_uatext.php)" "www.metrocrimedaily.com"
69.63.184.118 - - [25/Jan/2023:09:47:29 -0800] "GET /instagram-stlouis/01-25-2023-1146392-A.jpg HTTP/1.1" 200 100767 "-" "facebookexternalhit/1.1 (+http://www.facebook.com/externalhit_uatext.php)" "www.metrocrimedaily.com"
114.119.145.93 - - [25/Jan/2023:09:47:34 -0800] "GET /instagram-detroit/01-15-2023-2226484-DPD--Man-dies-in-shooting-on-city-s-west-side-.txt HTTP/1.1" 404 88 "https://metrocrimedaily.com/instagram-detroit/" "Mozilla/5.0 (Linux; Android 7.0;) AppleWebKit/537.36 (KHTML, like Gecko) Mobile Safari/537.36 (compatible; PetalBot;+https://webmaster.petalsearch.com/site/petalbot)" "metrocrimedaily.com"
69.63.184.116 - - [25/Jan/2023:09:47:57 -0800] "GET /instagram-stlouis/01-25-2023-1146393-A.jpg HTTP/1.1" 200 112016 "-" "facebookexternalhit/1.1 (+http://www.facebook.com/externalhit_uatext.php)" "www.metrocrimedaily.com"
69.63.184.2 - - [25/Jan/2023:09:49:30 -0800] "GET /instagram-chicago/01-25-2023-1149081-A.jpg HTTP/1.1" 200 82904 "-" "facebookexternalhit/1.1 (+http://www.facebook.com/externalhit_uatext.php)" "www.metrocrimedaily.com"
51.222.253.12 - - [25/Jan/2023:09:51:39 -0800] "GET /instagram-memphis/01-24-2023-1908192-WATCH--MPD-debunks-serial-killer-theory-in-South-.txt HTTP/1.1" 200 53 "-" "Mozilla/5.0 (compatible; AhrefsBot/7.0; +http://ahrefs.com/robot/)" "www.metrocrimedaily.com"
207.46.13.85 - - [25/Jan/2023:09:51:56 -0800] "GET /index-dallas.html HTTP/1.1" 200 15825 "-" "Mozilla/5.0 AppleWebKit/537.36 (KHTML, like Gecko; compatible; bingbot/2.0; +http://www.bing.com/bingbot.htm) Chrome/103.0.5060.134 Safari/537.36" "metrocrimedaily.com"
51.222.253.20 - - [25/Jan/2023:09:53:45 -0800] "GET /instagram-memphis/01-24-2023-1908193-Memphis-Police-search-for-suspects-after-man-foun.txt HTTP/1.1" 200 356 "-" "Mozilla/5.0 (compatible; AhrefsBot/7.0; +http://ahrefs.com/robot/)" "www.metrocrimedaily.com"
69.63.184.120 - - [25/Jan/2023:09:55:02 -0800] "GET /instagram-neworleans/01-25-2023-1124062-A.jpg HTTP/1.1" 200 95364 "-" "facebookexternalhit/1.1 (+http://www.facebook.com/externalhit_uatext.php)" "www.metrocrimedaily.com"
69.63.184.116 - - [25/Jan/2023:09:55:47 -0800] "GET /instagram-dallas/01-25-2023-1155261-A.jpg HTTP/1.1" 200 277939 "-" "facebookexternalhit/1.1 (+http://www.facebook.com/externalhit_uatext.php)" "www.metrocrimedaily.com"
51.222.253.18 - - [25/Jan/2023:09:56:28 -0800] "GET /instagram-memphis/01-24-2023-2120072-3-people-shot--killed-at-Washington-convenience-s.txt HTTP/1.1" 200 830 "-" "Mozilla/5.0 (compatible; AhrefsBot/7.0; +http://ahrefs.com/robot/)" "www.metrocrimedaily.com"
51.222.253.14 - - [25/Jan/2023:10:01:25 -0800] "GET /CRIME-WATCH-AMERICA/CRIME-WATCH-CHICAGO/support/?C=D;O=D HTTP/1.1" 200 876 "-" "Mozilla/5.0 (compatible; AhrefsBot/7.0; +http://ahrefs.com/robot/)" "metrocrimedaily.com"
114.119.132.101 - - [25/Jan/2023:10:01:58 -0800] "GET /styles-mcd-master-backup.css HTTP/1.1" 200 1118 "https://metrocrimedaily.com/?C=M%3BO%3DA" "Mozilla/5.0 (Linux; Android 7.0;) AppleWebKit/537.36 (KHTML, like Gecko) Mobile Safari/537.36 (compatible; PetalBot;+https://webmaster.petalsearch.com/site/petalbot)" "metrocrimedaily.com"
51.222.253.12 - - [25/Jan/2023:10:04:16 -0800] "GET /CRIME-WATCH-AMERICA/CRIME-WATCH-CHICAGO/support/?C=M;O=D HTTP/1.1" 200 877 "-" "Mozilla/5.0 (compatible; AhrefsBot/7.0; +http://ahrefs.com/robot/)" "metrocrimedaily.com"
69.63.184.5 - - [25/Jan/2023:10:04:28 -0800] "GET /instagram-memphis/01-25-2023-1204081-A.jpg HTTP/1.1" 200 168393 "-" "facebookexternalhit/1.1 (+http://www.facebook.com/externalhit_uatext.php)" "www.metrocrimedaily.com"
51.222.253.17 - - [25/Jan/2023:10:06:49 -0800] "GET /CRIME-WATCH-AMERICA/CRIME-WATCH-CHICAGO/support/?C=S;O=D HTTP/1.1" 200 874 "-" "Mozilla/5.0 (compatible; AhrefsBot/7.0; +http://ahrefs.com/robot/)" "metrocrimedaily.com"
51.222.253.17 - - [25/Jan/2023:10:08:03 -0800] "GET /CRIME-WATCH-AMERICA/CRIME-WATCH-CHICAGO/support/?C=M;O=D HTTP/1.1" 200 877 "-" "Mozilla/5.0 (compatible; AhrefsBot/7.0; +http://ahrefs.com/robot/)" "www.metrocrimedaily.com"
51.222.253.9 - - [25/Jan/2023:10:09:11 -0800] "GET /CRIME-WATCH-AMERICA/CRIME-WATCH-CHICAGO/support/?C=N;O=A HTTP/1.1" 200 877 "-" "Mozilla/5.0 (compatible; AhrefsBot/7.0; +http://ahrefs.com/robot/)" "www.metrocrimedaily.com"
51.222.253.20 - - [25/Jan/2023:10:10:29 -0800] "GET /CRIME-WATCH-AMERICA/CRIME-WATCH-CHICAGO/INSTAGRAM-AUTOMATION/?C=D;O=D HTTP/1.1" 200 921 "-" "Mozilla/5.0 (compatible; AhrefsBot/7.0; +http://ahrefs.com/robot/)" "metrocrimedaily.com"
69.63.184.120 - - [25/Jan/2023:10:11:23 -0800] "GET /instagram-miami/01-25-2023-1140282-A.jpg HTTP/1.1" 200 193810 "-" "facebookexternalhit/1.1 (+http://www.facebook.com/externalhit_uatext.php)" "www.metrocrimedaily.com"
51.222.253.8 - - [25/Jan/2023:10:12:38 -0800] "GET /CRIME-WATCH-AMERICA/CRIME-WATCH-CHICAGO/INSTAGRAM-AUTOMATION/?C=M;O=D HTTP/1.1" 200 928 "-" "Mozilla/5.0 (compatible; AhrefsBot/7.0; +http://ahrefs.com/robot/)" "metrocrimedaily.com"
34.87.94.148 - - [25/Jan/2023:10:13:34 -0800] "GET /wp-login.php HTTP/1.1" 404 88 "" "Mozilla/5.0 (Windows NT 10.0; Win64; x64; rv:108.0) Gecko/20100101 Firefox/108.0" "metrocrimedaily.com"
69.63.184.119 - - [25/Jan/2023:10:13:58 -0800] "GET /instagram-houston/01-25-2023-1213371-A.jpg HTTP/1.1" 200 81050 "-" "facebookexternalhit/1.1 (+http://www.facebook.com/externalhit_uatext.php)" "www.metrocrimedaily.com"
114.119.139.70 - - [25/Jan/2023:10:13:58 -0800] "GET /instagram-detroit/01-15-2023-1327395-Detroit-police-looking-for-suspect-of-an-armed-ro.txt HTTP/1.1" 404 88 "https://metrocrimedaily.com/instagram-detroit/" "Mozilla/5.0 (Linux; Android 7.0;) AppleWebKit/537.36 (KHTML, like Gecko) Mobile Safari/537.36 (compatible; PetalBot;+https://webmaster.petalsearch.com/site/petalbot)" "metrocrimedaily.com"
69.63.184.118 - - [25/Jan/2023:10:14:25 -0800] "GET /instagram-houston/01-25-2023-1213372-A.jpg HTTP/1.1" 200 130025 "-" "facebookexternalhit/1.1 (+http://www.facebook.com/externalhit_uatext.php)" "www.metrocrimedaily.com"
69.63.184.117 - - [25/Jan/2023:10:14:56 -0800] "GET /instagram-houston/01-25-2023-1213373-A.jpg HTTP/1.1" 200 94132 "-" "facebookexternalhit/1.1 (+http://www.facebook.com/externalhit_uatext.php)" "www.metrocrimedaily.com"
69.63.184.1 - - [25/Jan/2023:10:15:43 -0800] "GET /instagram-losangeles/01-25-2023-1215231-A.jpg HTTP/1.1" 200 188757 "-" "facebookexternalhit/1.1 (+http://www.facebook.com/externalhit_uatext.php)" "www.metrocrimedaily.com"
69.63.184.5 - - [25/Jan/2023:10:17:13 -0800] "GET /instagram-atlanta/01-25-2023-1216371-A.jpg HTTP/1.1" 200 184289 "-" "facebookexternalhit/1.1 (+http://www.facebook.com/externalhit_uatext.php)" "www.metrocrimedaily.com"
51.222.253.7 - - [25/Jan/2023:10:17:37 -0800] "GET /CRIME-WATCH-AMERICA/CRIME-WATCH-ATLANTA/INSTAGRAM-AUTOMATION/ HTTP/1.1" 200 1009 "-" "Mozilla/5.0 (compatible; AhrefsBot/7.0; +http://ahrefs.com/robot/)" "metrocrimedaily.com"
69.63.184.117 - - [25/Jan/2023:10:17:42 -0800] "GET /instagram-atlanta/01-25-2023-1216372-A.jpg HTTP/1.1" 200 108362 "-" "facebookexternalhit/1.1 (+http://www.facebook.com/externalhit_uatext.php)" "www.metrocrimedaily.com"
69.63.184.118 - - [25/Jan/2023:10:21:03 -0800] "GET /instagram-chicago/01-25-2023-1220401-A.jpg HTTP/1.1" 200 130153 "-" "facebookexternalhit/1.1 (+http://www.facebook.com/externalhit_uatext.php)" "www.metrocrimedaily.com"
69.63.184.4 - - [25/Jan/2023:10:22:01 -0800] "GET /instagram-stlouis/01-25-2023-1221411-A.jpg HTTP/1.1" 200 354046 "-" "facebookexternalhit/1.1 (+http://www.facebook.com/externalhit_uatext.php)" "www.metrocrimedaily.com"
69.63.184.119 - - [25/Jan/2023:10:22:29 -0800] "GET /instagram-stlouis/01-25-2023-1221412-A.jpg HTTP/1.1" 200 135547 "-" "facebookexternalhit/1.1 (+http://www.facebook.com/externalhit_uatext.php)" "www.metrocrimedaily.com"
51.222.253.19 - - [25/Jan/2023:10:22:41 -0800] "GET /CRIME-WATCH-AMERICA/CRIME-WATCH-ATLANTA/download-atlanta-videos-Rev-.bat HTTP/1.1" 200 8228 "-" "Mozilla/5.0 (compatible; AhrefsBot/7.0; +http://ahrefs.com/robot/)" "metrocrimedaily.com"
114.119.162.170 - - [25/Jan/2023:10:24:56 -0800] "GET /index-losangeles.html HTTP/1.1" 200 14711 "https://metrocrimedaily.com/?C=M%3BO%3DA" "Mozilla/5.0 (Linux; Android 7.0;) AppleWebKit/537.36 (KHTML, like Gecko) Mobile Safari/537.36 (compatible; PetalBot;+https://webmaster.petalsearch.com/site/petalbot)" "metrocrimedaily.com"
69.63.184.120 - - [25/Jan/2023:10:26:55 -0800] "GET /instagram-miami/01-25-2023-1140283-A.jpg HTTP/1.1" 200 102751 "-" "facebookexternalhit/1.1 (+http://www.facebook.com/externalhit_uatext.php)" "www.metrocrimedaily.com"
51.222.253.14 - - [25/Jan/2023:10:27:49 -0800] "GET /CRIME-WATCH-AMERICA/CRIME-WATCH-ATLANTA/find-and-post-atlanta-stories-RevC.bat HTTP/1.1" 200 17855 "-" "Mozilla/5.0 (compatible; AhrefsBot/7.0; +http://ahrefs.com/robot/)" "metrocrimedaily.com"
207.46.13.85 - - [25/Jan/2023:10:28:09 -0800] "GET /instagram-chicago/12-21-2022-1849212-Bail-set-at-$1-million-for-Elgin-man-charged-with.txt HTTP/1.1" 404 88 "-" "Mozilla/5.0 AppleWebKit/537.36 (KHTML, like Gecko; compatible; bingbot/2.0; +http://www.bing.com/bingbot.htm) Chrome/103.0.5060.134 Safari/537.36" "www.metrocrimedaily.com"
69.63.184.117 - - [25/Jan/2023:10:30:44 -0800] "GET /instagram-miami/01-25-2023-1140284-A.jpg HTTP/1.1" 200 88262 "-" "facebookexternalhit/1.1 (+http://www.facebook.com/externalhit_uatext.php)" "www.metrocrimedaily.com"
69.63.184.4 - - [25/Jan/2023:10:31:17 -0800] "GET /instagram-losangeles/01-25-2023-1215232-A.jpg HTTP/1.1" 200 181253 "-" "facebookexternalhit/1.1 (+http://www.facebook.com/externalhit_uatext.php)" "www.metrocrimedaily.com"
69.63.184.119 - - [25/Jan/2023:10:31:30 -0800] "GET /instagram-dallas/01-25-2023-1231091-A.jpg HTTP/1.1" 200 137935 "-" "facebookexternalhit/1.1 (+http://www.facebook.com/externalhit_uatext.php)" "www.metrocrimedaily.com"
51.222.253.8 - - [25/Jan/2023:10:37:43 -0800] "GET /CRIME-WATCH-AMERICA/CRIME-WATCH-ATLANTA/mcd-calculate-how-long-ago.html HTTP/1.1" 200 650 "-" "Mozilla/5.0 (compatible; AhrefsBot/7.0; +http://ahrefs.com/robot/)" "metrocrimedaily.com"
69.63.184.3 - - [25/Jan/2023:10:39:06 -0800] "GET /instagram-miami/01-25-2023-1140285-A.jpg HTTP/1.1" 200 99568 "-" "facebookexternalhit/1.1 (+http://www.facebook.com/externalhit_uatext.php)" "www.metrocrimedaily.com"
69.63.184.1 - - [25/Jan/2023:10:39:54 -0800] "GET /instagram-detroit/01-25-2023-1239311-A.jpg HTTP/1.1" 200 78647 "-" "facebookexternalhit/1.1 (+http://www.facebook.com/externalhit_uatext.php)" "www.metrocrimedaily.com"
69.63.184.120 - - [25/Jan/2023:10:40:21 -0800] "GET /instagram-detroit/01-25-2023-1239312-A.jpg HTTP/1.1" 200 75784 "-" "facebookexternalhit/1.1 (+http://www.facebook.com/externalhit_uatext.php)" "www.metrocrimedaily.com"
69.63.184.118 - - [25/Jan/2023:10:40:50 -0800] "GET /instagram-detroit/01-25-2023-1239313-A.jpg HTTP/1.1" 200 73946 "-" "facebookexternalhit/1.1 (+http://www.facebook.com/externalhit_uatext.php)" "www.metrocrimedaily.com"
69.63.184.116 - - [25/Jan/2023:10:41:16 -0800] "GET /instagram-detroit/01-25-2023-1239314-A.jpg HTTP/1.1" 200 110931 "-" "facebookexternalhit/1.1 (+http://www.facebook.com/externalhit_uatext.php)" "www.metrocrimedaily.com"
69.63.184.1 - - [25/Jan/2023:10:41:45 -0800] "GET /instagram-detroit/01-25-2023-1239315-A.jpg HTTP/1.1" 200 80492 "-" "facebookexternalhit/1.1 (+http://www.facebook.com/externalhit_uatext.php)" "www.metrocrimedaily.com"
114.119.141.78 - - [25/Jan/2023:10:41:50 -0800] "GET /instagram-detroit/01-15-2023-1800112-Detroit-police-searching-for-suspect-who-robbed-C.txt HTTP/1.1" 404 88 "https://metrocrimedaily.com/instagram-detroit/" "Mozilla/5.0 (Linux; Android 7.0;) AppleWebKit/537.36 (KHTML, like Gecko) Mobile Safari/537.36 (compatible; PetalBot;+https://webmaster.petalsearch.com/site/petalbot)" "metrocrimedaily.com"
76.184.252.42 - - [25/Jan/2023:10:42:03 -0800] "GET /images/police-tape.jpg HTTP/1.1" 200 50766 "-" "Wget/1.20.3 (mingw32)" "metrocrimedaily.com"
69.63.184.116 - - [25/Jan/2023:10:42:12 -0800] "GET /instagram-detroit/01-25-2023-1239316-A.jpg HTTP/1.1" 200 62522 "-" "facebookexternalhit/1.1 (+http://www.facebook.com/externalhit_uatext.php)" "www.metrocrimedaily.com"
51.222.253.18 - - [25/Jan/2023:10:42:32 -0800] "GET /CRIME-WATCH-AMERICA/CRIME-WATCH-ATLANTA/mcd-citd-lnkpreview-RevB.bat HTTP/1.1" 200 9466 "-" "Mozilla/5.0 (compatible; AhrefsBot/7.0; +http://ahrefs.com/robot/)" "metrocrimedaily.com"
69.63.184.3 - - [25/Jan/2023:10:51:29 -0800] "GET /instagram-stlouis/01-25-2023-1251061-A.jpg HTTP/1.1" 200 237668 "-" "facebookexternalhit/1.1 (+http://www.facebook.com/externalhit_uatext.php)" "www.metrocrimedaily.com"
69.63.184.116 - - [25/Jan/2023:10:52:00 -0800] "GET /instagram-neworleans/01-25-2023-1251391-A.jpg HTTP/1.1" 200 507695 "-" "facebookexternalhit/1.1 (+http://www.facebook.com/externalhit_uatext.php)" "www.metrocrimedaily.com"
69.63.184.5 - - [25/Jan/2023:10:52:08 -0800] "GET /instagram-miami/01-25-2023-1140286-A.jpg HTTP/1.1" 200 149916 "-" "facebookexternalhit/1.1 (+http://www.facebook.com/externalhit_uatext.php)" "www.metrocrimedaily.com"
114.119.158.196 - - [25/Jan/2023:10:59:58 -0800] "GET /contact-us.html HTTP/1.1" 200 765 "https://metrocrimedaily.com/index-pms-oldway.html" "Mozilla/5.0 (Linux; Android 7.0;) AppleWebKit/537.36 (KHTML, like Gecko) Mobile Safari/537.36 (compatible; PetalBot;+https://webmaster.petalsearch.com/site/petalbot)" "metrocrimedaily.com"
157.245.200.155 - - [25/Jan/2023:11:00:52 -0800] "GET /wp-login.php HTTP/1.1" 404 88 "" "Mozilla/5.0 (Windows NT 10.0; Win64; x64; rv:108.0) Gecko/20100101 Firefox/108.0" "metrocrimedaily.com"
69.63.184.111 - - [25/Jan/2023:11:00:57 -0800] "GET /instagram-houston/01-25-2023-1300361-A.jpg HTTP/1.1" 200 88457 "-" "facebookexternalhit/1.1 (+http://www.facebook.com/externalhit_uatext.php)" "www.metrocrimedaily.com"
69.63.184.3 - - [25/Jan/2023:11:01:25 -0800] "GET /instagram-houston/01-25-2023-1300362-A.jpg HTTP/1.1" 200 116073 "-" "facebookexternalhit/1.1 (+http://www.facebook.com/externalhit_uatext.php)" "www.metrocrimedaily.com"
207.46.13.23 - - [25/Jan/2023:11:01:36 -0800] "GET /index-miami.html HTTP/1.1" 200 21388 "-" "Mozilla/5.0 AppleWebKit/537.36 (KHTML, like Gecko; compatible; bingbot/2.0; +http://www.bing.com/bingbot.htm) Chrome/103.0.5060.134 Safari/537.36" "metrocrimedaily.com"
69.63.184.119 - - [25/Jan/2023:11:01:52 -0800] "GET /instagram-houston/01-25-2023-1300363-A.jpg HTTP/1.1" 200 73604 "-" "facebookexternalhit/1.1 (+http://www.facebook.com/externalhit_uatext.php)" "www.metrocrimedaily.com"
69.63.184.120 - - [25/Jan/2023:11:02:18 -0800] "GET /instagram-houston/01-25-2023-1300364-A.jpg HTTP/1.1" 200 85434 "-" "facebookexternalhit/1.1 (+http://www.facebook.com/externalhit_uatext.php)" "www.metrocrimedaily.com"
51.222.253.10 - - [25/Jan/2023:11:03:54 -0800] "GET / HTTP/1.1" 200 162125 "-" "Mozilla/5.0 (compatible; AhrefsBot/7.0; +http://ahrefs.com/robot/)" "metrocrimedaily.com"
69.63.184.3 - - [25/Jan/2023:11:05:01 -0800] "GET /instagram-dallas/01-25-2023-1304371-A.jpg HTTP/1.1" 200 102377 "-" "facebookexternalhit/1.1 (+http://www.facebook.com/externalhit_uatext.php)" "www.metrocrimedaily.com"
69.63.184.119 - - [25/Jan/2023:11:05:54 -0800] "GET /instagram-atlanta/01-25-2023-1305241-A.jpg HTTP/1.1" 200 123101 "-" "facebookexternalhit/1.1 (+http://www.facebook.com/externalhit_uatext.php)" "www.metrocrimedaily.com"
69.63.184.119 - - [25/Jan/2023:11:06:22 -0800] "GET /instagram-atlanta/01-25-2023-1305242-A.jpg HTTP/1.1" 200 92718 "-" "facebookexternalhit/1.1 (+http://www.facebook.com/externalhit_uatext.php)" "www.metrocrimedaily.com"
69.63.184.118 - - [25/Jan/2023:11:06:52 -0800] "GET /instagram-atlanta/01-25-2023-1305243-A.jpg HTTP/1.1" 200 226209 "-" "facebookexternalhit/1.1 (+http://www.facebook.com/externalhit_uatext.php)" "www.metrocrimedaily.com"
69.63.184.4 - - [25/Jan/2023:11:07:22 -0800] "GET /instagram-atlanta/01-25-2023-1305244-A.jpg HTTP/1.1" 200 127369 "-" "facebookexternalhit/1.1 (+http://www.facebook.com/externalhit_uatext.php)" "www.metrocrimedaily.com"
69.63.184.2 - - [25/Jan/2023:11:07:40 -0800] "GET /instagram-miami/01-25-2023-1140287-A.jpg HTTP/1.1" 200 362150 "-" "facebookexternalhit/1.1 (+http://www.facebook.com/externalhit_uatext.php)" "www.metrocrimedaily.com"
69.63.184.3 - - [25/Jan/2023:11:07:50 -0800] "GET /instagram-atlanta/01-25-2023-1305245-A.jpg HTTP/1.1" 200 105888 "-" "facebookexternalhit/1.1 (+http://www.facebook.com/externalhit_uatext.php)" "www.metrocrimedaily.com"
51.222.253.4 - - [25/Jan/2023:11:08:36 -0800] "GET /CRIME-WATCH-AMERICA/CRIME-WATCH-CHICAGO/support/WinSCP-5.17.10-Setup.exe HTTP/1.1" 200 11155568 "-" "Mozilla/5.0 (compatible; AhrefsBot/7.0; +http://ahrefs.com/robot/)" "metrocrimedaily.com"
69.63.184.3 - - [25/Jan/2023:11:11:17 -0800] "GET /instagram-losangeles/01-25-2023-1310571-A.jpg HTTP/1.1" 200 122802 "-" "facebookexternalhit/1.1 (+http://www.facebook.com/externalhit_uatext.php)" "www.metrocrimedaily.com"
69.63.184.120 - - [25/Jan/2023:11:11:46 -0800] "GET /instagram-losangeles/01-25-2023-1310572-A.jpg HTTP/1.1" 200 351514 "-" "facebookexternalhit/1.1 (+http://www.facebook.com/externalhit_uatext.php)" "www.metrocrimedaily.com"
51.222.253.12 - - [25/Jan/2023:11:11:48 -0800] "GET /CRIME-WATCH-AMERICA/CRIME-WATCH-CHICAGO/support/instagram-app-verification-details.txt HTTP/1.1" 200 4882 "-" "Mozilla/5.0 (compatible; AhrefsBot/7.0; +http://ahrefs.com/robot/)" "metrocrimedaily.com"
114.119.133.83 - - [25/Jan/2023:11:12:27 -0800] "GET /instagram-detroit/01-15-2023-1927041-Police--Michigan-man-arrested-after-taking-2-wome.txt HTTP/1.1" 404 88 "https://metrocrimedaily.com/instagram-detroit/" "Mozilla/5.0 (Linux; Android 7.0;) AppleWebKit/537.36 (KHTML, like Gecko) Mobile Safari/537.36 (compatible; PetalBot;+https://webmaster.petalsearch.com/site/petalbot)" "metrocrimedaily.com"
51.222.253.3 - - [25/Jan/2023:11:13:11 -0800] "GET /CRIME-WATCH-AMERICA/CRIME-WATCH-CHICAGO/support/post-to-crimewatchusa.bat HTTP/1.1" 200 6693 "-" "Mozilla/5.0 (compatible; AhrefsBot/7.0; +http://ahrefs.com/robot/)" "metrocrimedaily.com"
54.36.148.200 - - [25/Jan/2023:11:15:43 -0800] "GET /robots.txt HTTP/1.1" 404 88 "-" "Mozilla/5.0 (compatible; AhrefsBot/7.0; +http://ahrefs.com/robot/)" "www.metrocrimedaily.com"
51.222.253.5 - - [25/Jan/2023:11:19:37 -0800] "GET /CRIME-WATCH-AMERICA/CRIME-WATCH-ATLANTA/INSTAGRAM-AUTOMATION/?C=D;O=A HTTP/1.1" 200 1009 "-" "Mozilla/5.0 (compatible; AhrefsBot/7.0; +http://ahrefs.com/robot/)" "metrocrimedaily.com"
51.222.253.19 - - [25/Jan/2023:11:20:55 -0800] "GET /CRIME-WATCH-AMERICA/CRIME-WATCH-ATLANTA/INSTAGRAM-AUTOMATION/?C=M;O=A HTTP/1.1" 200 996 "-" "Mozilla/5.0 (compatible; AhrefsBot/7.0; +http://ahrefs.com/robot/)" "metrocrimedaily.com"
51.222.253.5 - - [25/Jan/2023:11:22:29 -0800] "GET /CRIME-WATCH-AMERICA/CRIME-WATCH-ATLANTA/INSTAGRAM-AUTOMATION/?C=N;O=D HTTP/1.1" 200 997 "-" "Mozilla/5.0 (compatible; AhrefsBot/7.0; +http://ahrefs.com/robot/)" "metrocrimedaily.com"
69.63.184.3 - - [25/Jan/2023:11:23:12 -0800] "GET /instagram-miami/01-25-2023-1140288-A.jpg HTTP/1.1" 200 154825 "-" "facebookexternalhit/1.1 (+http://www.facebook.com/externalhit_uatext.php)" "www.metrocrimedaily.com"
51.222.253.1 - - [25/Jan/2023:11:23:51 -0800] "GET /CRIME-WATCH-AMERICA/CRIME-WATCH-ATLANTA/INSTAGRAM-AUTOMATION/?C=S;O=A HTTP/1.1" 200 997 "-" "Mozilla/5.0 (compatible; AhrefsBot/7.0; +http://ahrefs.com/robot/)" "metrocrimedaily.com"
69.63.184.1 - - [25/Jan/2023:11:25:41 -0800] "GET /instagram-chicago/01-25-2023-1325191-A.jpg HTTP/1.1" 200 73945 "-" "facebookexternalhit/1.1 (+http://www.facebook.com/externalhit_uatext.php)" "www.metrocrimedaily.com"
69.63.184.4 - - [25/Jan/2023:11:25:45 -0800] "GET /instagram-memphis/01-25-2023-1325251-A.jpg HTTP/1.1" 200 339015 "-" "facebookexternalhit/1.1 (+http://www.facebook.com/externalhit_uatext.php)" "www.metrocrimedaily.com"
69.63.184.119 - - [25/Jan/2023:11:26:10 -0800] "GET /instagram-chicago/01-25-2023-1325192-A.jpg HTTP/1.1" 200 333660 "-" "facebookexternalhit/1.1 (+http://www.facebook.com/externalhit_uatext.php)" "www.metrocrimedaily.com"
69.63.184.5 - - [25/Jan/2023:11:26:12 -0800] "GET /instagram-memphis/01-25-2023-1325252-A.jpg HTTP/1.1" 200 90067 "-" "facebookexternalhit/1.1 (+http://www.facebook.com/externalhit_uatext.php)" "www.metrocrimedaily.com"
51.222.253.4 - - [25/Jan/2023:11:26:26 -0800] "GET /CRIME-WATCH-AMERICA/CRIME-WATCH-ATLANTA/INSTAGRAM-AUTOMATION/encoded-text-file.txt HTTP/1.1" 200 221 "-" "Mozilla/5.0 (compatible; AhrefsBot/7.0; +http://ahrefs.com/robot/)" "metrocrimedaily.com"
69.63.184.118 - - [25/Jan/2023:11:26:39 -0800] "GET /instagram-memphis/01-25-2023-1325253-A.jpg HTTP/1.1" 200 94640 "-" "facebookexternalhit/1.1 (+http://www.facebook.com/externalhit_uatext.php)" "www.metrocrimedaily.com"
69.63.184.120 - - [25/Jan/2023:11:26:41 -0800] "GET /instagram-stlouis/01-25-2023-1326211-A.jpg HTTP/1.1" 200 118904 "-" "facebookexternalhit/1.1 (+http://www.facebook.com/externalhit_uatext.php)" "www.metrocrimedaily.com"
69.63.184.2 - - [25/Jan/2023:11:27:08 -0800] "GET /instagram-stlouis/01-25-2023-1326212-A.jpg HTTP/1.1" 200 351202 "-" "facebookexternalhit/1.1 (+http://www.facebook.com/externalhit_uatext.php)" "www.metrocrimedaily.com"
51.222.253.16 - - [25/Jan/2023:11:27:40 -0800] "GET /CRIME-WATCH-AMERICA/CRIME-WATCH-ATLANTA/INSTAGRAM-AUTOMATION/find-quota-usage-RevA.bat HTTP/1.1" 200 3339 "-" "Mozilla/5.0 (compatible; AhrefsBot/7.0; +http://ahrefs.com/robot/)" "metrocrimedaily.com"
51.222.253.12 - - [25/Jan/2023:11:33:24 -0800] "GET /CRIME-WATCH-AMERICA/CRIME-WATCH-ATLANTA/INSTAGRAM-AUTOMATION/instagram-app-verification-details.txt HTTP/1.1" 200 4882 "-" "Mozilla/5.0 (compatible; AhrefsBot/7.0; +http://ahrefs.com/robot/)" "metrocrimedaily.com"
51.222.253.5 - - [25/Jan/2023:11:36:08 -0800] "GET /CRIME-WATCH-AMERICA/CRIME-WATCH-ATLANTA/INSTAGRAM-AUTOMATION/post-to-instagram-RevA.bat HTTP/1.1" 200 4213 "-" "Mozilla/5.0 (compatible; AhrefsBot/7.0; +http://ahrefs.com/robot/)" "metrocrimedaily.com"
69.63.184.2 - - [25/Jan/2023:11:38:43 -0800] "GET /instagram-miami/01-25-2023-1140289-A.jpg HTTP/1.1" 200 89982 "-" "facebookexternalhit/1.1 (+http://www.facebook.com/externalhit_uatext.php)" "www.metrocrimedaily.com"
51.222.253.8 - - [25/Jan/2023:11:38:50 -0800] "GET /CRIME-WATCH-AMERICA/CRIME-WATCH-ATLANTA/INSTAGRAM-AUTOMATION/post-to-instagram-RevC.bat HTTP/1.1" 200 6398 "-" "Mozilla/5.0 (compatible; AhrefsBot/7.0; +http://ahrefs.com/robot/)" "metrocrimedaily.com"
51.222.253.12 - - [25/Jan/2023:11:40:02 -0800] "GET /CRIME-WATCH-AMERICA/CRIME-WATCH-ATLANTA/INSTAGRAM-AUTOMATION/post-to-instagram-RevD.bat HTTP/1.1" 200 7642 "-" "Mozilla/5.0 (compatible; AhrefsBot/7.0; +http://ahrefs.com/robot/)" "metrocrimedaily.com"
51.222.253.4 - - [25/Jan/2023:11:41:10 -0800] "GET /CRIME-WATCH-AMERICA/CRIME-WATCH-ATLANTA/INSTAGRAM-AUTOMATION/unencoded-RevA.bat HTTP/1.1" 200 2808 "-" "Mozilla/5.0 (compatible; AhrefsBot/7.0; +http://ahrefs.com/robot/)" "metrocrimedaily.com"
51.222.253.18 - - [25/Jan/2023:11:42:24 -0800] "GET /CRIME-WATCH-AMERICA/CRIME-WATCH-ATLANTA/INSTAGRAM-AUTOMATION/unencoded-RevB.bat HTTP/1.1" 200 3082 "-" "Mozilla/5.0 (compatible; AhrefsBot/7.0; +http://ahrefs.com/robot/)" "metrocrimedaily.com"
69.63.184.1 - - [25/Jan/2023:11:42:54 -0800] "GET /instagram-atlanta/01-25-2023-1342321-A.jpg HTTP/1.1" 200 138183 "-" "facebookexternalhit/1.1 (+http://www.facebook.com/externalhit_uatext.php)" "www.metrocrimedaily.com"
69.63.184.4 - - [25/Jan/2023:11:44:04 -0800] "GET /instagram-dallas/01-25-2023-1343421-A.jpg HTTP/1.1" 200 195170 "-" "facebookexternalhit/1.1 (+http://www.facebook.com/externalhit_uatext.php)" "www.metrocrimedaily.com"
69.63.184.5 - - [25/Jan/2023:11:44:33 -0800] "GET /instagram-dallas/01-25-2023-1343422-A.jpg HTTP/1.1" 200 263986 "-" "facebookexternalhit/1.1 (+http://www.facebook.com/externalhit_uatext.php)" "www.metrocrimedaily.com"
66.249.70.132 - - [25/Jan/2023:11:44:51 -0800] "GET /robots.txt HTTP/1.1" 404 88 "-" "Mozilla/5.0 (compatible; Googlebot/2.1; +http://www.google.com/bot.html)" "metrocrimedaily.com"
51.222.253.4 - - [25/Jan/2023:11:46:25 -0800] "GET /CRIME-WATCH-AMERICA/CRIME-WATCH-ATLANTA/INSTAGRAM-AUTOMATION/unencoded.bat HTTP/1.1" 200 810 "-" "Mozilla/5.0 (compatible; AhrefsBot/7.0; +http://ahrefs.com/robot/)" "metrocrimedaily.com"
69.63.184.1 - - [25/Jan/2023:11:46:27 -0800] "GET /instagram-neworleans/01-25-2023-1346061-A.jpg HTTP/1.1" 200 129916 "-" "facebookexternalhit/1.1 (+http://www.facebook.com/externalhit_uatext.php)" "www.metrocrimedaily.com"
69.63.184.118 - - [25/Jan/2023:11:46:46 -0800] "GET /instagram-houston/01-25-2023-1346261-A.jpg HTTP/1.1" 200 132514 "-" "facebookexternalhit/1.1 (+http://www.facebook.com/externalhit_uatext.php)" "www.metrocrimedaily.com"
69.63.184.120 - - [25/Jan/2023:11:47:13 -0800] "GET /instagram-houston/01-25-2023-1346262-A.jpg HTTP/1.1" 200 97566 "-" "facebookexternalhit/1.1 (+http://www.facebook.com/externalhit_uatext.php)" "www.metrocrimedaily.com"
51.222.253.19 - - [25/Jan/2023:11:47:28 -0800] "GET /CRIME-WATCH-AMERICA/CRIME-WATCH-ATLANTA/post-to-instagram-RevB.bat HTTP/1.1" 200 6010 "-" "Mozilla/5.0 (compatible; AhrefsBot/7.0; +http://ahrefs.com/robot/)" "metrocrimedaily.com"
69.63.184.118 - - [25/Jan/2023:11:47:41 -0800] "GET /instagram-houston/01-25-2023-1346263-A.jpg HTTP/1.1" 200 80152 "-" "facebookexternalhit/1.1 (+http://www.facebook.com/externalhit_uatext.php)" "www.metrocrimedaily.com"
51.222.253.12 - - [25/Jan/2023:11:48:33 -0800] "GET /CRIME-WATCH-AMERICA/CRIME-WATCH-ATLANTA/post-to-instagram-RevC.bat HTTP/1.1" 200 6398 "-" "Mozilla/5.0 (compatible; AhrefsBot/7.0; +http://ahrefs.com/robot/)" "metrocrimedaily.com"
51.222.253.16 - - [25/Jan/2023:11:49:41 -0800] "GET /CRIME-WATCH-AMERICA/CRIME-WATCH-ATLANTA/post-to-instagram-RevD.bat HTTP/1.1" 200 7643 "-" "Mozilla/5.0 (compatible; AhrefsBot/7.0; +http://ahrefs.com/robot/)" "metrocrimedaily.com"
69.63.184.4 - - [25/Jan/2023:11:52:17 -0800] "GET /instagram-losangeles/01-25-2023-1351291-A.jpg HTTP/1.1" 200 225222 "-" "facebookexternalhit/1.1 (+http://www.facebook.com/externalhit_uatext.php)" "www.metrocrimedaily.com"
51.222.253.5 - - [25/Jan/2023:11:52:25 -0800] "GET /CRIME-WATCH-AMERICA/CRIME-WATCH-DALLAS/INSTAGRAM-AUTOMATION/ HTTP/1.1" 200 938 "-" "Mozilla/5.0 (compatible; AhrefsBot/7.0; +http://ahrefs.com/robot/)" "metrocrimedaily.com"
69.63.184.116 - - [25/Jan/2023:11:52:46 -0800] "GET /instagram-losangeles/01-25-2023-1351292-A.jpg HTTP/1.1" 200 657067 "-" "facebookexternalhit/1.1 (+http://www.facebook.com/externalhit_uatext.php)" "www.metrocrimedaily.com"
51.222.253.8 - - [25/Jan/2023:11:53:32 -0800] "GET /CRIME-WATCH-AMERICA/CRIME-WATCH-DALLAS/download-dallas-videos-RevC.bat HTTP/1.1" 200 8297 "-" "Mozilla/5.0 (compatible; AhrefsBot/7.0; +http://ahrefs.com/robot/)" "metrocrimedaily.com"
69.63.184.120 - - [25/Jan/2023:11:54:13 -0800] "GET /instagram-miami/01-25-2023-11402810-A.jpg HTTP/1.1" 200 80466 "-" "facebookexternalhit/1.1 (+http://www.facebook.com/externalhit_uatext.php)" "www.metrocrimedaily.com"
51.222.253.6 - - [25/Jan/2023:11:54:50 -0800] "GET /CRIME-WATCH-AMERICA/CRIME-WATCH-DALLAS/mcd-calculate-how-long-ago.html HTTP/1.1" 200 650 "-" "Mozilla/5.0 (compatible; AhrefsBot/7.0; +http://ahrefs.com/robot/)" "metrocrimedaily.com"
216.241.193.232 - - [25/Jan/2023:11:55:21 -0800] "GET /About/license.txt HTTP/1.1" 404 88 "-" "Mozilla/5.0 (X11; Ubuntu; Linux x86_64; rv:62.0) Gecko/20100101 Firefox/62.0" "metrocrimedaily.com"
69.63.184.117 - - [25/Jan/2023:11:57:29 -0800] "GET /instagram-memphis/01-25-2023-1357091-A.jpg HTTP/1.1" 200 148827 "-" "facebookexternalhit/1.1 (+http://www.facebook.com/externalhit_uatext.php)" "www.metrocrimedaily.com"
69.63.184.120 - - [25/Jan/2023:11:57:57 -0800] "GET /instagram-memphis/01-25-2023-1357092-A.jpg HTTP/1.1" 200 150829 "-" "facebookexternalhit/1.1 (+http://www.facebook.com/externalhit_uatext.php)" "www.metrocrimedaily.com"
69.63.184.2 - - [25/Jan/2023:11:58:20 -0800] "GET /instagram-detroit/01-25-2023-1357591-A.jpg HTTP/1.1" 200 247399 "-" "facebookexternalhit/1.1 (+http://www.facebook.com/externalhit_uatext.php)" "www.metrocrimedaily.com"
69.63.184.119 - - [25/Jan/2023:11:58:25 -0800] "GET /instagram-memphis/01-25-2023-1357093-A.jpg HTTP/1.1" 200 193219 "-" "facebookexternalhit/1.1 (+http://www.facebook.com/externalhit_uatext.php)" "www.metrocrimedaily.com"
69.63.184.5 - - [25/Jan/2023:11:58:48 -0800] "GET /instagram-detroit/01-25-2023-1357592-A.jpg HTTP/1.1" 200 113730 "-" "facebookexternalhit/1.1 (+http://www.facebook.com/externalhit_uatext.php)" "www.metrocrimedaily.com"
51.222.253.4 - - [25/Jan/2023:11:58:55 -0800] "GET /CRIME-WATCH-AMERICA/CRIME-WATCH-DALLAS/post-mcd-stories.html HTTP/1.1" 200 46 "-" "Mozilla/5.0 (compatible; AhrefsBot/7.0; +http://ahrefs.com/robot/)" "metrocrimedaily.com"
69.63.184.1 - - [25/Jan/2023:11:59:17 -0800] "GET /instagram-detroit/01-25-2023-1357593-A.jpg HTTP/1.1" 200 134028 "-" "facebookexternalhit/1.1 (+http://www.facebook.com/externalhit_uatext.php)" "www.metrocrimedaily.com"
69.63.184.117 - - [25/Jan/2023:11:59:45 -0800] "GET /instagram-detroit/01-25-2023-1357594-A.jpg HTTP/1.1" 200 113821 "-" "facebookexternalhit/1.1 (+http://www.facebook.com/externalhit_uatext.php)" "www.metrocrimedaily.com"
51.222.253.4 - - [25/Jan/2023:12:00:06 -0800] "GET /CRIME-WATCH-AMERICA/CRIME-WATCH-DALLAS/post-to-instagram-RevC.bat HTTP/1.1" 200 6398 "-" "Mozilla/5.0 (compatible; AhrefsBot/7.0; +http://ahrefs.com/robot/)" "metrocrimedaily.com"
69.63.184.5 - - [25/Jan/2023:12:00:15 -0800] "GET /instagram-detroit/01-25-2023-1357595-A.jpg HTTP/1.1" 200 76807 "-" "facebookexternalhit/1.1 (+http://www.facebook.com/externalhit_uatext.php)" "www.metrocrimedaily.com"
69.63.184.2 - - [25/Jan/2023:12:00:44 -0800] "GET /instagram-detroit/01-25-2023-1357596-A.jpg HTTP/1.1" 200 87801 "-" "facebookexternalhit/1.1 (+http://www.facebook.com/externalhit_uatext.php)" "www.metrocrimedaily.com"
103.146.203.15 - - [25/Jan/2023:12:01:28 -0800] "GET /wp-login.php HTTP/1.1" 404 88 "" "Mozilla/5.0 (Windows NT 10.0; Win64; x64; rv:108.0) Gecko/20100101 Firefox/108.0" "metrocrimedaily.com"
51.222.253.3 - - [25/Jan/2023:12:01:34 -0800] "GET /CRIME-WATCH-AMERICA/CRIME-WATCH-DALLAS/post-to-instagram-dallas-RevE.bat HTTP/1.1" 200 16670 "-" "Mozilla/5.0 (compatible; AhrefsBot/7.0; +http://ahrefs.com/robot/)" "metrocrimedaily.com"
69.63.184.1 - - [25/Jan/2023:12:02:29 -0800] "GET /instagram-neworleans/01-25-2023-1346063-A.jpg HTTP/1.1" 200 128001 "-" "facebookexternalhit/1.1 (+http://www.facebook.com/externalhit_uatext.php)" "www.metrocrimedaily.com"
51.222.253.12 - - [25/Jan/2023:12:02:51 -0800] "GET /CRIME-WATCH-AMERICA/CRIME-WATCH-DALLAS/reverse-post-mcd-story-out.txt HTTP/1.1" 200 277 "-" "Mozilla/5.0 (compatible; AhrefsBot/7.0; +http://ahrefs.com/robot/)" "metrocrimedaily.com"
114.119.149.250 - - [25/Jan/2023:12:03:02 -0800] "GET /instagram-memphis/01-23-2023-1444171-Monterey-Park-shooting--Man-who-disarmed-suspecte.txt HTTP/1.1" 200 1100 "https://metrocrimedaily.com/instagram-memphis/" "Mozilla/5.0 (Linux; Android 7.0;) AppleWebKit/537.36 (KHTML, like Gecko) Mobile Safari/537.36 (compatible; PetalBot;+https://webmaster.petalsearch.com/site/petalbot)" "metrocrimedaily.com"
69.63.184.4 - - [25/Jan/2023:12:03:19 -0800] "GET /instagram-chicago/01-25-2023-1402571-A.jpg HTTP/1.1" 200 164377 "-" "facebookexternalhit/1.1 (+http://www.facebook.com/externalhit_uatext.php)" "www.metrocrimedaily.com"
69.63.184.3 - - [25/Jan/2023:12:03:48 -0800] "GET /instagram-stlouis/01-25-2023-1403271-A.jpg HTTP/1.1" 200 169748 "-" "facebookexternalhit/1.1 (+http://www.facebook.com/externalhit_uatext.php)" "www.metrocrimedaily.com"
69.63.184.119 - - [25/Jan/2023:12:03:49 -0800] "GET /instagram-chicago/01-25-2023-1402572-A.jpg HTTP/1.1" 200 134265 "-" "facebookexternalhit/1.1 (+http://www.facebook.com/externalhit_uatext.php)" "www.metrocrimedaily.com"
69.63.184.118 - - [25/Jan/2023:12:04:16 -0800] "GET /instagram-stlouis/01-25-2023-1403272-A.jpg HTTP/1.1" 200 349199 "-" "facebookexternalhit/1.1 (+http://www.facebook.com/externalhit_uatext.php)" "www.metrocrimedaily.com"
51.222.253.4 - - [25/Jan/2023:12:07:51 -0800] "GET /CRIME-WATCH-AMERICA/CRIME-WATCH-ATLANTA/download-atlanta-videos-Rev-.bat HTTP/1.1" 200 8228 "-" "Mozilla/5.0 (compatible; AhrefsBot/7.0; +http://ahrefs.com/robot/)" "www.metrocrimedaily.com"
69.63.184.119 - - [25/Jan/2023:12:09:44 -0800] "GET /instagram-miami/01-25-2023-11402811-A.jpg HTTP/1.1" 200 79184 "-" "facebookexternalhit/1.1 (+http://www.facebook.com/externalhit_uatext.php)" "www.metrocrimedaily.com"
51.222.253.14 - - [25/Jan/2023:12:10:19 -0800] "GET /CRIME-WATCH-AMERICA/CRIME-WATCH-ATLANTA/find-and-post-atlanta-stories-Rev-.bat HTTP/1.1" 200 16941 "-" "Mozilla/5.0 (compatible; AhrefsBot/7.0; +http://ahrefs.com/robot/)" "www.metrocrimedaily.com"
206.72.203.35 - - [25/Jan/2023:12:11:33 -0800] "GET /wp-login.php HTTP/1.1" 404 88 "" "Mozilla/5.0 (Windows NT 10.0; Win64; x64; rv:108.0) Gecko/20100101 Firefox/108.0" "metrocrimedaily.com"
51.222.253.19 - - [25/Jan/2023:12:16:08 -0800] "GET /CRIME-WATCH-AMERICA/CRIME-WATCH-ATLANTA/find-and-post-chicago-stories-RevG.bat HTTP/1.1" 200 19462 "-" "Mozilla/5.0 (compatible; AhrefsBot/7.0; +http://ahrefs.com/robot/)" "www.metrocrimedaily.com"
51.222.253.8 - - [25/Jan/2023:12:17:30 -0800] "GET /CRIME-WATCH-AMERICA/CRIME-WATCH-ATLANTA/find-quota-usage-RevA.bat HTTP/1.1" 200 3028 "-" "Mozilla/5.0 (compatible; AhrefsBot/7.0; +http://ahrefs.com/robot/)" "www.metrocrimedaily.com"
69.63.184.5 - - [25/Jan/2023:12:18:01 -0800] "GET /instagram-neworleans/01-25-2023-1346064-A.jpg HTTP/1.1" 200 280070 "-" "facebookexternalhit/1.1 (+http://www.facebook.com/externalhit_uatext.php)" "www.metrocrimedaily.com"
51.222.253.17 - - [25/Jan/2023:12:18:49 -0800] "GET /CRIME-WATCH-AMERICA/CRIME-WATCH-ATLANTA/find-quota-usage-RevA.bat HTTP/1.1" 200 3028 "-" "Mozilla/5.0 (compatible; AhrefsBot/7.0; +http://ahrefs.com/robot/)" "www.metrocrimedaily.com"
69.63.184.3 - - [25/Jan/2023:12:19:19 -0800] "GET /instagram-dallas/01-25-2023-1418571-A.jpg HTTP/1.1" 200 164011 "-" "facebookexternalhit/1.1 (+http://www.facebook.com/externalhit_uatext.php)" "www.metrocrimedaily.com"
51.222.253.10 - - [25/Jan/2023:12:20:05 -0800] "GET /CRIME-WATCH-AMERICA/CRIME-WATCH-ATLANTA/instagram-citd-lnkpreview-RevA.bat HTTP/1.1" 200 8725 "-" "Mozilla/5.0 (compatible; AhrefsBot/7.0; +http://ahrefs.com/robot/)" "www.metrocrimedaily.com"
51.222.253.8 - - [25/Jan/2023:12:21:19 -0800] "GET /CRIME-WATCH-AMERICA/CRIME-WATCH-ATLANTA/mcd-calculate-how-long-ago.html HTTP/1.1" 200 650 "-" "Mozilla/5.0 (compatible; AhrefsBot/7.0; +http://ahrefs.com/robot/)" "www.metrocrimedaily.com"
51.222.253.13 - - [25/Jan/2023:12:22:56 -0800] "GET /CRIME-WATCH-AMERICA/CRIME-WATCH-ATLANTA/mcd-citd-atlanta-lnkpreview-RevE.bat HTTP/1.1" 200 15265 "-" "Mozilla/5.0 (compatible; AhrefsBot/7.0; +http://ahrefs.com/robot/)" "www.metrocrimedaily.com"
51.222.253.14 - - [25/Jan/2023:12:25:15 -0800] "GET /CRIME-WATCH-AMERICA/CRIME-WATCH-ATLANTA/mcd-citd-atlanta-lnkpreview-RevE.bat HTTP/1.1" 200 15265 "-" "Mozilla/5.0 (compatible; AhrefsBot/7.0; +http://ahrefs.com/robot/)" "www.metrocrimedaily.com"
69.63.184.3 - - [25/Jan/2023:12:25:16 -0800] "GET /instagram-miami/01-25-2023-11402812-A.jpg HTTP/1.1" 200 126698 "-" "facebookexternalhit/1.1 (+http://www.facebook.com/externalhit_uatext.php)" "www.metrocrimedaily.com"
51.222.253.16 - - [25/Jan/2023:12:31:07 -0800] "GET /CRIME-WATCH-AMERICA/CRIME-WATCH-ATLANTA/mcd-citd-lnkpreview-RevB.bat HTTP/1.1" 200 9466 "-" "Mozilla/5.0 (compatible; AhrefsBot/7.0; +http://ahrefs.com/robot/)" "www.metrocrimedaily.com"
69.63.184.4 - - [25/Jan/2023:12:34:44 -0800] "GET /instagram-houston/01-25-2023-1434241-A.jpg HTTP/1.1" 200 142264 "-" "facebookexternalhit/1.1 (+http://www.facebook.com/externalhit_uatext.php)" "www.metrocrimedaily.com"
51.222.253.2 - - [25/Jan/2023:12:36:51 -0800] "GET /CRIME-WATCH-AMERICA/CRIME-WATCH-ATLANTA/mcd-citd-lnkpreview-RevC.bat HTTP/1.1" 200 13195 "-" "Mozilla/5.0 (compatible; AhrefsBot/7.0; +http://ahrefs.com/robot/)" "www.metrocrimedaily.com"
69.63.189.2 - - [25/Jan/2023:12:38:04 -0800] "GET /instagram-stlouis/01-25-2023-1437441-A.jpg HTTP/1.1" 200 159356 "-" "facebookexternalhit/1.1 (+http://www.facebook.com/externalhit_uatext.php)" "www.metrocrimedaily.com"
69.63.189.5 - - [25/Jan/2023:12:38:31 -0800] "GET /instagram-stlouis/01-25-2023-1437442-A.jpg HTTP/1.1" 200 380926 "-" "facebookexternalhit/1.1 (+http://www.facebook.com/externalhit_uatext.php)" "www.metrocrimedaily.com"
69.63.189.118 - - [25/Jan/2023:12:38:59 -0800] "GET /instagram-stlouis/01-25-2023-1437443-A.jpg HTTP/1.1" 200 470010 "-" "facebookexternalhit/1.1 (+http://www.facebook.com/externalhit_uatext.php)" "www.metrocrimedaily.com"
69.63.189.118 - - [25/Jan/2023:12:40:50 -0800] "GET /instagram-miami/01-25-2023-11402813-A.jpg HTTP/1.1" 200 94307 "-" "facebookexternalhit/1.1 (+http://www.facebook.com/externalhit_uatext.php)" "www.metrocrimedaily.com"
51.222.253.18 - - [25/Jan/2023:12:42:20 -0800] "GET /videos/?C=S;O=A HTTP/1.1" 200 312 "-" "Mozilla/5.0 (compatible; AhrefsBot/7.0; +http://ahrefs.com/robot/)" "metrocrimedaily.com"
114.119.152.195 - - [25/Jan/2023:12:45:49 -0800] "GET /instagram-detroit/01-17-2023-0944034-Man-who-called-in-fake-freeway-shooting-on-I-94-w.txt HTTP/1.1" 404 88 "https://metrocrimedaily.com/instagram-detroit/" "Mozilla/5.0 (Linux; Android 7.0;) AppleWebKit/537.36 (KHTML, like Gecko) Mobile Safari/537.36 (compatible; PetalBot;+https://webmaster.petalsearch.com/site/petalbot)" "metrocrimedaily.com"
51.222.253.9 - - [25/Jan/2023:12:46:36 -0800] "GET /CRIME-WATCH-AMERICA/CRIME-WATCH-CHICAGO/support/?C=N;O=A HTTP/1.1" 200 877 "-" "Mozilla/5.0 (compatible; AhrefsBot/7.0; +http://ahrefs.com/robot/)" "metrocrimedaily.com"
69.63.189.1 - - [25/Jan/2023:12:48:01 -0800] "GET /instagram-memphis/01-25-2023-1447411-A.jpg HTTP/1.1" 200 242996 "-" "facebookexternalhit/1.1 (+http://www.facebook.com/externalhit_uatext.php)" "www.metrocrimedaily.com"
188.166.149.6 - - [25/Jan/2023:12:49:42 -0800] "GET /wp-login.php HTTP/1.1" 404 88 "" "Mozilla/5.0 (Windows NT 10.0; Win64; x64; rv:108.0) Gecko/20100101 Firefox/108.0" "metrocrimedaily.com"
69.63.189.3 - - [25/Jan/2023:12:50:19 -0800] "GET /instagram-houston/01-25-2023-1434242-A.jpg HTTP/1.1" 200 81337 "-" "facebookexternalhit/1.1 (+http://www.facebook.com/externalhit_uatext.php)" "www.metrocrimedaily.com"
69.63.189.117 - - [25/Jan/2023:12:52:45 -0800] "GET /instagram-dallas/01-25-2023-1452241-A.jpg HTTP/1.1" 200 228642 "-" "facebookexternalhit/1.1 (+http://www.facebook.com/externalhit_uatext.php)" "www.metrocrimedaily.com"
51.222.253.17 - - [25/Jan/2023:12:53:15 -0800] "GET /CRIME-WATCH-AMERICA/CRIME-WATCH-ATLANTA/INSTAGRAM-AUTOMATION/IG-Caption1.txt HTTP/1.1" 200 698 "-" "Mozilla/5.0 (compatible; AhrefsBot/7.0; +http://ahrefs.com/robot/)" "metrocrimedaily.com"
34.75.221.29 - - [25/Jan/2023:12:56:21 -0800] "GET /wp-login.php HTTP/1.1" 404 88 "" "Mozilla/5.0 (Windows NT 10.0; Win64; x64; rv:108.0) Gecko/20100101 Firefox/108.0" "metrocrimedaily.com"
69.63.189.117 - - [25/Jan/2023:12:56:24 -0800] "GET /instagram-miami/01-25-2023-11402814-A.jpg HTTP/1.1" 200 90584 "-" "facebookexternalhit/1.1 (+http://www.facebook.com/externalhit_uatext.php)" "www.metrocrimedaily.com"
157.55.39.64 - - [25/Jan/2023:12:58:35 -0800] "GET /robots.txt HTTP/1.1" 404 88 "-" "Mozilla/5.0 AppleWebKit/537.36 (KHTML, like Gecko; compatible; bingbot/2.0; +http://www.bing.com/bingbot.htm) Chrome/103.0.5060.134 Safari/537.36" "metrocrimedaily.com"
207.46.13.23 - - [25/Jan/2023:12:58:37 -0800] "GET /index-miami.html HTTP/1.1" 200 21388 "-" "Mozilla/5.0 AppleWebKit/537.36 (KHTML, like Gecko; compatible; bingbot/2.0; +http://www.bing.com/bingbot.htm) Chrome/103.0.5060.134 Safari/537.36" "metrocrimedaily.com"
69.63.189.4 - - [25/Jan/2023:12:59:28 -0800] "GET /instagram-neworleans/01-25-2023-1459081-A.jpg HTTP/1.1" 200 168051 "-" "facebookexternalhit/1.1 (+http://www.facebook.com/externalhit_uatext.php)" "www.metrocrimedaily.com"
69.63.189.116 - - [25/Jan/2023:13:01:31 -0800] "GET /instagram-losangeles/01-25-2023-1501111-A.jpg HTTP/1.1" 200 224453 "-" "facebookexternalhit/1.1 (+http://www.facebook.com/externalhit_uatext.php)" "www.metrocrimedaily.com"
69.63.189.119 - - [25/Jan/2023:13:04:36 -0800] "GET /instagram-chicago/01-25-2023-1504141-A.jpg HTTP/1.1" 200 333660 "-" "facebookexternalhit/1.1 (+http://www.facebook.com/externalhit_uatext.php)" "www.metrocrimedaily.com"
69.63.189.117 - - [25/Jan/2023:13:07:19 -0800] "GET /instagram-atlanta/01-25-2023-1506571-A.jpg HTTP/1.1" 200 166851 "-" "facebookexternalhit/1.1 (+http://www.facebook.com/externalhit_uatext.php)" "www.metrocrimedaily.com"
69.63.189.5 - - [25/Jan/2023:13:07:48 -0800] "GET /instagram-atlanta/01-25-2023-1506572-A.jpg HTTP/1.1" 200 236836 "-" "facebookexternalhit/1.1 (+http://www.facebook.com/externalhit_uatext.php)" "www.metrocrimedaily.com"
51.222.253.17 - - [25/Jan/2023:13:08:14 -0800] "GET /CRIME-WATCH-AMERICA/CRIME-WATCH-ATLANTA/INSTAGRAM-AUTOMATION/post-to-instagram-RevB.bat HTTP/1.1" 200 6010 "-" "Mozilla/5.0 (compatible; AhrefsBot/7.0; +http://ahrefs.com/robot/)" "metrocrimedaily.com"
69.63.189.116 - - [25/Jan/2023:13:08:18 -0800] "GET /instagram-atlanta/01-25-2023-1506573-A.jpg HTTP/1.1" 200 171734 "-" "facebookexternalhit/1.1 (+http://www.facebook.com/externalhit_uatext.php)" "www.metrocrimedaily.com"
69.63.189.2 - - [25/Jan/2023:13:09:30 -0800] "GET /instagram-detroit/01-25-2023-1507571-A.jpg HTTP/1.1" 200 150736 "-" "facebookexternalhit/1.1 (+http://www.facebook.com/externalhit_uatext.php)" "www.metrocrimedaily.com"
69.63.189.118 - - [25/Jan/2023:13:09:57 -0800] "GET /instagram-detroit/01-25-2023-1507572-A.jpg HTTP/1.1" 200 182380 "-" "facebookexternalhit/1.1 (+http://www.facebook.com/externalhit_uatext.php)" "www.metrocrimedaily.com"
76.184.252.42 - - [25/Jan/2023:13:10:15 -0800] "GET /images/police-tape.jpg HTTP/1.1" 200 50766 "-" "Wget/1.20.3 (mingw32)" "metrocrimedaily.com"
69.63.189.116 - - [25/Jan/2023:13:10:24 -0800] "GET /instagram-detroit/01-25-2023-1507573-A.jpg HTTP/1.1" 200 53933 "-" "facebookexternalhit/1.1 (+http://www.facebook.com/externalhit_uatext.php)" "www.metrocrimedaily.com"
69.63.189.117 - - [25/Jan/2023:13:10:52 -0800] "GET /instagram-detroit/01-25-2023-1507574-A.jpg HTTP/1.1" 200 78107 "-" "facebookexternalhit/1.1 (+http://www.facebook.com/externalhit_uatext.php)" "www.metrocrimedaily.com"
69.63.189.5 - - [25/Jan/2023:13:11:21 -0800] "GET /instagram-detroit/01-25-2023-1507575-A.jpg HTTP/1.1" 200 54054 "-" "facebookexternalhit/1.1 (+http://www.facebook.com/externalhit_uatext.php)" "www.metrocrimedaily.com"
114.119.129.225 - - [25/Jan/2023:13:11:45 -0800] "GET /CRIME-WATCH-AMERICA/?C=N%3BO%3DD HTTP/1.1" 200 614 "https://metrocrimedaily.com/CRIME-WATCH-AMERICA/" "Mozilla/5.0 (Linux; Android 7.0;) AppleWebKit/537.36 (KHTML, like Gecko) Mobile Safari/537.36 (compatible; PetalBot;+https://webmaster.petalsearch.com/site/petalbot)" "metrocrimedaily.com"
51.222.253.4 - - [25/Jan/2023:13:12:59 -0800] "GET /CRIME-WATCH-AMERICA/CRIME-WATCH-ATLANTA/INSTAGRAM-AUTOMATION/unencoded-RevC.bat HTTP/1.1" 200 3415 "-" "Mozilla/5.0 (compatible; AhrefsBot/7.0; +http://ahrefs.com/robot/)" "metrocrimedaily.com"
82.200.235.138 - - [25/Jan/2023:13:15:01 -0800] "GET /wp-login.php HTTP/1.1" 404 88 "" "Mozilla/5.0 (Windows NT 10.0; Win64; x64; rv:108.0) Gecko/20100101 Firefox/108.0" "metrocrimedaily.com"
69.63.184.118 - - [25/Jan/2023:13:16:50 -0800] "GET /instagram-miami/01-25-2023-11402815-A.jpg HTTP/1.1" 200 194214 "-" "facebookexternalhit/1.1 (+http://www.facebook.com/externalhit_uatext.php)" "www.metrocrimedaily.com"
69.63.184.3 - - [25/Jan/2023:13:17:39 -0800] "GET /instagram-stlouis/01-25-2023-1517201-A.jpg HTTP/1.1" 200 128360 "-" "facebookexternalhit/1.1 (+http://www.facebook.com/externalhit_uatext.php)" "www.metrocrimedaily.com"
51.222.253.17 - - [25/Jan/2023:13:18:02 -0800] "GET /CRIME-WATCH-AMERICA/CRIME-WATCH-ATLANTA/INSTAGRAM-AUTOMATION/?C=N;O=A HTTP/1.1" 200 1009 "-" "Mozilla/5.0 (compatible; AhrefsBot/7.0; +http://ahrefs.com/robot/)" "metrocrimedaily.com"
69.63.184.120 - - [25/Jan/2023:13:18:05 -0800] "GET /instagram-stlouis/01-25-2023-1517202-A.jpg HTTP/1.1" 200 240969 "-" "facebookexternalhit/1.1 (+http://www.facebook.com/externalhit_uatext.php)" "www.metrocrimedaily.com"
69.63.184.1 - - [25/Jan/2023:13:18:31 -0800] "GET /instagram-stlouis/01-25-2023-1517203-A.jpg HTTP/1.1" 200 150421 "-" "facebookexternalhit/1.1 (+http://www.facebook.com/externalhit_uatext.php)" "www.metrocrimedaily.com"
69.63.184.4 - - [25/Jan/2023:13:19:00 -0800] "GET /instagram-stlouis/01-25-2023-1517204-A.jpg HTTP/1.1" 200 101721 "-" "facebookexternalhit/1.1 (+http://www.facebook.com/externalhit_uatext.php)" "www.metrocrimedaily.com"
69.63.184.120 - - [25/Jan/2023:13:19:26 -0800] "GET /instagram-stlouis/01-25-2023-1517205-A.jpg HTTP/1.1" 200 136094 "-" "facebookexternalhit/1.1 (+http://www.facebook.com/externalhit_uatext.php)" "www.metrocrimedaily.com"
51.222.253.4 - - [25/Jan/2023:13:22:49 -0800] "GET /CRIME-WATCH-AMERICA/CRIME-WATCH-CHICAGO/support/instagram-app-verification-details.txt HTTP/1.1" 200 4882 "-" "Mozilla/5.0 (compatible; AhrefsBot/7.0; +http://ahrefs.com/robot/)" "www.metrocrimedaily.com"
128.199.235.66 - - [25/Jan/2023:13:30:29 -0800] "GET /wp-content/themes/seotheme/db.php?u HTTP/1.1" 404 88 "www.google.com" "Mozlila/5.0 (Linux; Android 7.0; SM-G892A Bulid/NRD90M; wv) AppleWebKit/537.36 (KHTML, like Gecko) Version/4.0 Chrome/60.0.3112.107 Moblie Safari/537.36" "metrocrimedaily.com"
