51.222.253.5 - - [24/Jan/2023:19:00:29 -0800] "GET /instagram-memphis/01-23-2023-2255222-WATCH--Neighbors-describe-scene-the-night-of-Tyre.txt HTTP/1.1" 200 53 "-" "Mozilla/5.0 (compatible; AhrefsBot/7.0; +http://ahrefs.com/robot/)" "www.metrocrimedaily.com"
51.222.253.3 - - [24/Jan/2023:19:00:30 -0800] "GET /instagram-memphis/01-24-2023-0630351-Oakland-shooting--Eight-shot--one-killed-in-Calif.txt HTTP/1.1" 200 771 "-" "Mozilla/5.0 (compatible; AhrefsBot/7.0; +http://ahrefs.com/robot/)" "www.metrocrimedaily.com"
51.222.253.1 - - [24/Jan/2023:19:00:30 -0800] "GET /instagram-memphis/01-24-2023-0926061-Arkansas-sheriffs-push-back-on-new-ATF-gun-policy.txt HTTP/1.1" 200 1076 "-" "Mozilla/5.0 (compatible; AhrefsBot/7.0; +http://ahrefs.com/robot/)" "www.metrocrimedaily.com"
51.222.253.16 - - [24/Jan/2023:19:00:31 -0800] "GET /instagram-memphis/01-24-2023-1020521-Coronavirus--FDA-asks-panel-to-ok-plan-for-annual.txt HTTP/1.1" 200 856 "-" "Mozilla/5.0 (compatible; AhrefsBot/7.0; +http://ahrefs.com/robot/)" "www.metrocrimedaily.com"
51.222.253.12 - - [24/Jan/2023:19:00:31 -0800] "GET /instagram-memphis/01-24-2023-1524591-Accused-El-Paso-Walmart-shooter-to-plead-guilty-t.txt HTTP/1.1" 200 920 "-" "Mozilla/5.0 (compatible; AhrefsBot/7.0; +http://ahrefs.com/robot/)" "www.metrocrimedaily.com"
51.222.253.15 - - [24/Jan/2023:19:00:32 -0800] "GET /instagram-memphis/01-24-2023-1635172-2-Arkansas-officers-charged-after-violent-arrest-.txt HTTP/1.1" 200 981 "-" "Mozilla/5.0 (compatible; AhrefsBot/7.0; +http://ahrefs.com/robot/)" "www.metrocrimedaily.com"
51.222.253.10 - - [24/Jan/2023:19:00:32 -0800] "GET /instagram-memphis/01-24-2023-1635173-Desoto-County-School-employee-charged-with-child-.txt HTTP/1.1" 200 605 "-" "Mozilla/5.0 (compatible; AhrefsBot/7.0; +http://ahrefs.com/robot/)" "www.metrocrimedaily.com"
51.222.253.10 - - [24/Jan/2023:19:00:33 -0800] "GET /instagram-memphis/01-24-2023-1739372-Tyre-Nichols--autopsy-preliminary-findings-show-e.txt HTTP/1.1" 200 53 "-" "Mozilla/5.0 (compatible; AhrefsBot/7.0; +http://ahrefs.com/robot/)" "www.metrocrimedaily.com"
51.222.253.5 - - [24/Jan/2023:19:00:33 -0800] "GET /instagram-memphis/01-24-2023-1800131-WATCH--Man-sentenced-in-road-rage-shooting-that-k.txt HTTP/1.1" 200 53 "-" "Mozilla/5.0 (compatible; AhrefsBot/7.0; +http://ahrefs.com/robot/)" "www.metrocrimedaily.com"
51.222.253.18 - - [24/Jan/2023:19:00:34 -0800] "GET /instagram-memphis/01-24-2023-1800132-Police--2-brothers-arrested-in-connection-with-de.txt HTTP/1.1" 200 656 "-" "Mozilla/5.0 (compatible; AhrefsBot/7.0; +http://ahrefs.com/robot/)" "www.metrocrimedaily.com"
51.222.253.19 - - [24/Jan/2023:19:00:34 -0800] "GET /instagram-memphis/01-24-2023-1800133-MPD--Man-dead-in-shooting-on-Apple-Blossom-Dr.-.txt HTTP/1.1" 200 393 "-" "Mozilla/5.0 (compatible; AhrefsBot/7.0; +http://ahrefs.com/robot/)" "www.metrocrimedaily.com"
51.222.253.17 - - [24/Jan/2023:19:00:35 -0800] "GET /instagram-memphis/?C=N;O=A HTTP/1.1" 200 2487 "-" "Mozilla/5.0 (compatible; AhrefsBot/7.0; +http://ahrefs.com/robot/)" "www.metrocrimedaily.com"
51.222.253.10 - - [24/Jan/2023:19:00:35 -0800] "GET /instagram-newyork/01-24-2023-1553461-Staten-Island-man-gets-2-to-6-years-for-drunken-G.txt HTTP/1.1" 200 1149 "-" "Mozilla/5.0 (compatible; AhrefsBot/7.0; +http://ahrefs.com/robot/)" "www.metrocrimedaily.com"
51.222.253.7 - - [24/Jan/2023:19:00:36 -0800] "GET /CRIME-WATCH-AMERICA/CRIME-WATCH-NEW-ORLEANS/support/?C=M;O=D HTTP/1.1" 200 711 "-" "Mozilla/5.0 (compatible; AhrefsBot/7.0; +http://ahrefs.com/robot/)" "metrocrimedaily.com"
51.222.253.6 - - [24/Jan/2023:19:00:36 -0800] "GET /CRIME-WATCH-AMERICA/CRIME-WATCH-STLOUIS/support/?C=D;O=D HTTP/1.1" 200 709 "-" "Mozilla/5.0 (compatible; AhrefsBot/7.0; +http://ahrefs.com/robot/)" "metrocrimedaily.com"
51.222.253.10 - - [24/Jan/2023:19:00:37 -0800] "GET /CRIME-WATCH-AMERICA/CRIME-WATCH-STLOUIS/support/?C=M;O=D HTTP/1.1" 200 706 "-" "Mozilla/5.0 (compatible; AhrefsBot/7.0; +http://ahrefs.com/robot/)" "metrocrimedaily.com"
51.222.253.16 - - [24/Jan/2023:19:00:37 -0800] "GET /CRIME-WATCH-AMERICA/CRIME-WATCH-STLOUIS/support/?C=S;O=D HTTP/1.1" 200 698 "-" "Mozilla/5.0 (compatible; AhrefsBot/7.0; +http://ahrefs.com/robot/)" "www.metrocrimedaily.com"
51.222.253.13 - - [24/Jan/2023:19:00:38 -0800] "GET /CRIME-WATCH-AMERICA/CRIME-WATCH-STLOUIS/?C=S;O=D HTTP/1.1" 200 961 "-" "Mozilla/5.0 (compatible; AhrefsBot/7.0; +http://ahrefs.com/robot/)" "metrocrimedaily.com"
51.222.253.15 - - [24/Jan/2023:19:00:38 -0800] "GET /instagram-losangeles/?C=D;O=A HTTP/1.1" 200 2553 "-" "Mozilla/5.0 (compatible; AhrefsBot/7.0; +http://ahrefs.com/robot/)" "www.metrocrimedaily.com"
51.222.253.2 - - [24/Jan/2023:19:00:39 -0800] "GET /instagram-losangeles/?C=M;O=A HTTP/1.1" 200 2541 "-" "Mozilla/5.0 (compatible; AhrefsBot/7.0; +http://ahrefs.com/robot/)" "www.metrocrimedaily.com"
51.222.253.12 - - [24/Jan/2023:19:00:39 -0800] "GET /instagram-losangeles/?C=N;O=D HTTP/1.1" 200 2534 "-" "Mozilla/5.0 (compatible; AhrefsBot/7.0; +http://ahrefs.com/robot/)" "www.metrocrimedaily.com"
51.222.253.6 - - [24/Jan/2023:19:00:40 -0800] "GET /instagram-losangeles/?C=S;O=A HTTP/1.1" 200 2590 "-" "Mozilla/5.0 (compatible; AhrefsBot/7.0; +http://ahrefs.com/robot/)" "www.metrocrimedaily.com"
51.222.253.14 - - [24/Jan/2023:19:00:40 -0800] "GET /instagram-losangeles/post-later/ HTTP/1.1" 200 1159 "-" "Mozilla/5.0 (compatible; AhrefsBot/7.0; +http://ahrefs.com/robot/)" "www.metrocrimedaily.com"
51.222.253.1 - - [24/Jan/2023:19:00:41 -0800] "GET /instagram-losangeles/videos/ HTTP/1.1" 200 758 "-" "Mozilla/5.0 (compatible; AhrefsBot/7.0; +http://ahrefs.com/robot/)" "www.metrocrimedaily.com"
51.222.253.2 - - [24/Jan/2023:19:00:42 -0800] "GET /instagram-houston/01-23-2023-1414451--High-heeled-hijacker--Houston-robbery-suspect-fa.txt HTTP/1.1" 200 830 "-" "Mozilla/5.0 (compatible; AhrefsBot/7.0; +http://ahrefs.com/robot/)" "www.metrocrimedaily.com"
51.222.253.18 - - [24/Jan/2023:19:00:42 -0800] "GET /instagram-houston/01-23-2023-1414452-HCSO--Man-found-dead-after-ex-girlfriend-says-he-.txt HTTP/1.1" 200 202 "-" "Mozilla/5.0 (compatible; AhrefsBot/7.0; +http://ahrefs.com/robot/)" "www.metrocrimedaily.com"
51.222.253.10 - - [24/Jan/2023:19:00:43 -0800] "GET /instagram-houston/01-23-2023-1414453-Portsmouth-police-identify-man-killed-on-Towne-Po.txt HTTP/1.1" 200 430 "-" "Mozilla/5.0 (compatible; AhrefsBot/7.0; +http://ahrefs.com/robot/)" "www.metrocrimedaily.com"
51.222.253.9 - - [24/Jan/2023:19:00:43 -0800] "GET /instagram-houston/01-23-2023-1414454-Portsmouth-police-identify-man-killed-on-Towne-Po.txt HTTP/1.1" 200 430 "-" "Mozilla/5.0 (compatible; AhrefsBot/7.0; +http://ahrefs.com/robot/)" "www.metrocrimedaily.com"
51.222.253.10 - - [24/Jan/2023:19:00:44 -0800] "GET /instagram-houston/01-23-2023-1615072-Former-HPD-Chief-Art-Acevedo-says-he-chased-down-.txt HTTP/1.1" 200 467 "-" "Mozilla/5.0 (compatible; AhrefsBot/7.0; +http://ahrefs.com/robot/)" "www.metrocrimedaily.com"
51.222.253.16 - - [24/Jan/2023:19:00:44 -0800] "GET /instagram-houston/01-23-2023-1615073-Bond-set-for-smelly---B.O.-bandit--charged-with-k.txt HTTP/1.1" 200 49 "-" "Mozilla/5.0 (compatible; AhrefsBot/7.0; +http://ahrefs.com/robot/)" "www.metrocrimedaily.com"
51.222.253.2 - - [24/Jan/2023:19:00:45 -0800] "GET /instagram-houston/01-23-2023-1615075-RECOGNIZE-THIS-MAN--Search-underway-for-man-who--.txt HTTP/1.1" 200 553 "-" "Mozilla/5.0 (compatible; AhrefsBot/7.0; +http://ahrefs.com/robot/)" "www.metrocrimedaily.com"
51.222.253.9 - - [24/Jan/2023:19:00:45 -0800] "GET /instagram-houston/01-23-2023-1615076-CAUGHT-ON-CAMERA--Robber-seen-attacking-clerk-at-.txt HTTP/1.1" 200 646 "-" "Mozilla/5.0 (compatible; AhrefsBot/7.0; +http://ahrefs.com/robot/)" "www.metrocrimedaily.com"
51.222.253.12 - - [24/Jan/2023:19:00:46 -0800] "GET /instagram-houston/01-23-2023-1615077-RECOGNIZE-THEM--3-suspects-accused-of-breaking-in.txt HTTP/1.1" 200 574 "-" "Mozilla/5.0 (compatible; AhrefsBot/7.0; +http://ahrefs.com/robot/)" "www.metrocrimedaily.com"
51.222.253.18 - - [24/Jan/2023:19:00:46 -0800] "GET /instagram-houston/01-23-2023-1615078-Jury-resumes-sentencing-deliberations-for-man-who.txt HTTP/1.1" 200 209 "-" "Mozilla/5.0 (compatible; AhrefsBot/7.0; +http://ahrefs.com/robot/)" "www.metrocrimedaily.com"
51.222.253.13 - - [24/Jan/2023:19:00:47 -0800] "GET /instagram-houston/01-23-2023-1615079-Lunar-New-Year-massacre--Victims-of-the-Monterey-.txt HTTP/1.1" 200 1142 "-" "Mozilla/5.0 (compatible; AhrefsBot/7.0; +http://ahrefs.com/robot/)" "www.metrocrimedaily.com"
51.222.253.13 - - [24/Jan/2023:19:00:47 -0800] "GET /instagram-houston/?C=D;O=A HTTP/1.1" 200 2717 "-" "Mozilla/5.0 (compatible; AhrefsBot/7.0; +http://ahrefs.com/robot/)" "www.metrocrimedaily.com"
51.222.253.12 - - [24/Jan/2023:19:00:48 -0800] "GET /instagram-houston/?C=M;O=A HTTP/1.1" 200 2732 "-" "Mozilla/5.0 (compatible; AhrefsBot/7.0; +http://ahrefs.com/robot/)" "www.metrocrimedaily.com"
51.222.253.18 - - [24/Jan/2023:19:00:48 -0800] "GET /instagram-houston/?C=N;O=D HTTP/1.1" 200 2754 "-" "Mozilla/5.0 (compatible; AhrefsBot/7.0; +http://ahrefs.com/robot/)" "www.metrocrimedaily.com"
51.222.253.4 - - [24/Jan/2023:19:00:49 -0800] "GET /instagram-houston/ig-CWUSA-houston-stories-to-post-later.txt HTTP/1.1" 200 18261 "-" "Mozilla/5.0 (compatible; AhrefsBot/7.0; +http://ahrefs.com/robot/)" "www.metrocrimedaily.com"
51.222.253.19 - - [24/Jan/2023:19:00:49 -0800] "GET /instagram-houston/ig-houston-stories-to-post-later.txt HTTP/1.1" 200 14383 "-" "Mozilla/5.0 (compatible; AhrefsBot/7.0; +http://ahrefs.com/robot/)" "www.metrocrimedaily.com"
51.222.253.15 - - [24/Jan/2023:19:00:50 -0800] "GET /CRIME-WATCH-AMERICA/CRIME-WATCH-HOUSTON/find-and-post-houston-stories-RevA.bat HTTP/1.1" 200 19838 "-" "Mozilla/5.0 (compatible; AhrefsBot/7.0; +http://ahrefs.com/robot/)" "metrocrimedaily.com"
51.222.253.1 - - [24/Jan/2023:19:00:51 -0800] "GET /CRIME-WATCH-AMERICA/CRIME-WATCH-HOUSTON/find-and-post-monroe-stories-RevB.bat HTTP/1.1" 200 15643 "-" "Mozilla/5.0 (compatible; AhrefsBot/7.0; +http://ahrefs.com/robot/)" "metrocrimedaily.com"
51.222.253.10 - - [24/Jan/2023:19:00:51 -0800] "GET /instagram-houston/videos/ HTTP/1.1" 200 1000 "-" "Mozilla/5.0 (compatible; AhrefsBot/7.0; +http://ahrefs.com/robot/)" "www.metrocrimedaily.com"
51.222.253.1 - - [24/Jan/2023:19:00:51 -0800] "GET /CRIME-WATCH-AMERICA/CRIME-WATCH-HOUSTON/mcd-citd-houston-lnkpreview-RevD.bat HTTP/1.1" 200 15277 "-" "Mozilla/5.0 (compatible; AhrefsBot/7.0; +http://ahrefs.com/robot/)" "metrocrimedaily.com"
51.222.253.3 - - [24/Jan/2023:19:00:52 -0800] "GET /CRIME-WATCH-AMERICA/CRIME-WATCH-HOUSTON/post-to-instagram-houston-RevE.bat HTTP/1.1" 200 16514 "-" "Mozilla/5.0 (compatible; AhrefsBot/7.0; +http://ahrefs.com/robot/)" "metrocrimedaily.com"
51.222.253.13 - - [24/Jan/2023:19:00:52 -0800] "GET /CRIME-WATCH-AMERICA/CRIME-WATCH-HOUSTON/download-houston-videos-RevC.bat HTTP/1.1" 200 8227 "-" "Mozilla/5.0 (compatible; AhrefsBot/7.0; +http://ahrefs.com/robot/)" "www.metrocrimedaily.com"
51.222.253.10 - - [24/Jan/2023:19:00:53 -0800] "GET /CRIME-WATCH-AMERICA/CRIME-WATCH-HOUSTON/download-houston-videos-RevC.bat HTTP/1.1" 200 8227 "-" "Mozilla/5.0 (compatible; AhrefsBot/7.0; +http://ahrefs.com/robot/)" "www.metrocrimedaily.com"
51.222.253.20 - - [24/Jan/2023:19:00:53 -0800] "GET /CRIME-WATCH-AMERICA/CRIME-WATCH-HOUSTON/find-and-post-houston-stories-RevA.bat HTTP/1.1" 200 19838 "-" "Mozilla/5.0 (compatible; AhrefsBot/7.0; +http://ahrefs.com/robot/)" "www.metrocrimedaily.com"
51.222.253.15 - - [24/Jan/2023:19:00:54 -0800] "GET /CRIME-WATCH-AMERICA/CRIME-WATCH-HOUSTON/find-and-post-houston-stories-RevA.bat HTTP/1.1" 200 19838 "-" "Mozilla/5.0 (compatible; AhrefsBot/7.0; +http://ahrefs.com/robot/)" "www.metrocrimedaily.com"
51.222.253.12 - - [24/Jan/2023:19:00:54 -0800] "GET /CRIME-WATCH-AMERICA/CRIME-WATCH-HOUSTON/find-and-post-monroe-stories-RevB.bat HTTP/1.1" 200 15643 "-" "Mozilla/5.0 (compatible; AhrefsBot/7.0; +http://ahrefs.com/robot/)" "www.metrocrimedaily.com"
51.222.253.12 - - [24/Jan/2023:19:00:55 -0800] "GET /CRIME-WATCH-AMERICA/CRIME-WATCH-HOUSTON/find-and-post-monroe-stories-RevB.bat HTTP/1.1" 200 15643 "-" "Mozilla/5.0 (compatible; AhrefsBot/7.0; +http://ahrefs.com/robot/)" "www.metrocrimedaily.com"
51.222.253.9 - - [24/Jan/2023:19:00:55 -0800] "GET /CRIME-WATCH-AMERICA/CRIME-WATCH-HOUSTON/mcd-calculate-how-long-ago.html HTTP/1.1" 200 650 "-" "Mozilla/5.0 (compatible; AhrefsBot/7.0; +http://ahrefs.com/robot/)" "www.metrocrimedaily.com"
51.222.253.3 - - [24/Jan/2023:19:00:56 -0800] "GET /CRIME-WATCH-AMERICA/CRIME-WATCH-HOUSTON/post-to-instagram-houston-RevE.bat HTTP/1.1" 200 16514 "-" "Mozilla/5.0 (compatible; AhrefsBot/7.0; +http://ahrefs.com/robot/)" "www.metrocrimedaily.com"
51.222.253.3 - - [24/Jan/2023:19:00:57 -0800] "GET /CRIME-WATCH-AMERICA/CRIME-WATCH-HOUSTON/post-to-instagram-houston-RevE.bat HTTP/1.1" 200 16514 "-" "Mozilla/5.0 (compatible; AhrefsBot/7.0; +http://ahrefs.com/robot/)" "www.metrocrimedaily.com"
51.222.253.20 - - [24/Jan/2023:19:00:58 -0800] "GET /CRIME-WATCH-AMERICA/CRIME-WATCH-HOUSTON/send-email-to-kim-iPhone.bat HTTP/1.1" 200 3990 "-" "Mozilla/5.0 (compatible; AhrefsBot/7.0; +http://ahrefs.com/robot/)" "www.metrocrimedaily.com"
51.222.253.17 - - [24/Jan/2023:19:00:59 -0800] "GET /CRIME-WATCH-AMERICA/CRIME-WATCH-HOUSTON/start-powershell-ftp-scipt.txt HTTP/1.1" 200 114 "-" "Mozilla/5.0 (compatible; AhrefsBot/7.0; +http://ahrefs.com/robot/)" "www.metrocrimedaily.com"
51.222.253.19 - - [24/Jan/2023:19:00:59 -0800] "GET /CRIME-WATCH-AMERICA/CRIME-WATCH-HOUSTON/start-powershell-ftp-scipt.txt HTTP/1.1" 200 114 "-" "Mozilla/5.0 (compatible; AhrefsBot/7.0; +http://ahrefs.com/robot/)" "www.metrocrimedaily.com"
51.222.253.3 - - [24/Jan/2023:19:00:58 -0800] "GET /CRIME-WATCH-AMERICA/CRIME-WATCH-HOUSTON/send-email-to-kim-iPhone.bat HTTP/1.1" 200 3990 "-" "Mozilla/5.0 (compatible; AhrefsBot/7.0; +http://ahrefs.com/robot/)" "www.metrocrimedaily.com"
69.63.184.3 - - [24/Jan/2023:19:04:08 -0800] "GET /instagram-houston/01-24-2023-2048102-A.jpg HTTP/1.1" 200 104896 "-" "facebookexternalhit/1.1 (+http://www.facebook.com/externalhit_uatext.php)" "www.metrocrimedaily.com"
69.63.184.119 - - [24/Jan/2023:19:04:56 -0800] "GET /instagram-detroit/01-24-2023-2058291-A.jpg HTTP/1.1" 200 65752 "-" "facebookexternalhit/1.1 (+http://www.facebook.com/externalhit_uatext.php)" "www.metrocrimedaily.com"
69.63.184.3 - - [24/Jan/2023:19:07:18 -0800] "GET /instagram-chicago/01-24-2023-2035513-A.jpg HTTP/1.1" 200 77607 "-" "facebookexternalhit/1.1 (+http://www.facebook.com/externalhit_uatext.php)" "www.metrocrimedaily.com"
51.222.253.5 - - [24/Jan/2023:19:10:05 -0800] "GET / HTTP/1.1" 200 157758 "-" "Mozilla/5.0 (compatible; AhrefsBot/7.0; +http://ahrefs.com/robot/)" "www.metrocrimedaily.com"
51.222.253.10 - - [24/Jan/2023:19:10:34 -0800] "GET /leave-a-message.html HTTP/1.1" 200 2959 "-" "Mozilla/5.0 (compatible; AhrefsBot/7.0; +http://ahrefs.com/robot/)" "metrocrimedaily.com"
51.222.253.10 - - [24/Jan/2023:19:11:07 -0800] "GET /instagram-detroit/videos/?C=N;O=A HTTP/1.1" 200 643 "-" "Mozilla/5.0 (compatible; AhrefsBot/7.0; +http://ahrefs.com/robot/)" "www.metrocrimedaily.com"
69.63.184.1 - - [24/Jan/2023:19:11:31 -0800] "GET /instagram-stlouis/01-24-2023-2055162-A.jpg HTTP/1.1" 200 131661 "-" "facebookexternalhit/1.1 (+http://www.facebook.com/externalhit_uatext.php)" "www.metrocrimedaily.com"
51.222.253.1 - - [24/Jan/2023:19:11:38 -0800] "GET /instagram-memphis/videos/?C=D;O=A HTTP/1.1" 200 437 "-" "Mozilla/5.0 (compatible; AhrefsBot/7.0; +http://ahrefs.com/robot/)" "www.metrocrimedaily.com"
51.222.253.19 - - [24/Jan/2023:19:12:37 -0800] "GET /instagram-memphis/videos/?C=N;O=D HTTP/1.1" 200 435 "-" "Mozilla/5.0 (compatible; AhrefsBot/7.0; +http://ahrefs.com/robot/)" "www.metrocrimedaily.com"
51.222.253.18 - - [24/Jan/2023:19:13:03 -0800] "GET /instagram-memphis/videos/?C=S;O=A HTTP/1.1" 200 437 "-" "Mozilla/5.0 (compatible; AhrefsBot/7.0; +http://ahrefs.com/robot/)" "www.metrocrimedaily.com"
51.222.253.9 - - [24/Jan/2023:19:13:31 -0800] "GET /instagram-detroit/videos/?C=D;O=D HTTP/1.1" 200 636 "-" "Mozilla/5.0 (compatible; AhrefsBot/7.0; +http://ahrefs.com/robot/)" "www.metrocrimedaily.com"
51.222.253.17 - - [24/Jan/2023:19:14:01 -0800] "GET /instagram-detroit/videos/?C=M;O=D HTTP/1.1" 200 636 "-" "Mozilla/5.0 (compatible; AhrefsBot/7.0; +http://ahrefs.com/robot/)" "www.metrocrimedaily.com"
51.222.253.20 - - [24/Jan/2023:19:14:32 -0800] "GET /instagram-detroit/videos/?C=S;O=D HTTP/1.1" 200 638 "-" "Mozilla/5.0 (compatible; AhrefsBot/7.0; +http://ahrefs.com/robot/)" "www.metrocrimedaily.com"
51.222.253.16 - - [24/Jan/2023:19:15:06 -0800] "GET /instagram-memphis/post-later/01-24-2023-1115371-Lawsuits-funded-by-Jay-Z-end-as-Mississippi-impro.txt HTTP/1.1" 200 1033 "-" "Mozilla/5.0 (compatible; AhrefsBot/7.0; +http://ahrefs.com/robot/)" "www.metrocrimedaily.com"
51.222.253.15 - - [24/Jan/2023:19:15:42 -0800] "GET /instagram-memphis/post-later/01-24-2023-1212241-MPD-searching-for-answers-after-man-shot-in-north.txt HTTP/1.1" 200 367 "-" "Mozilla/5.0 (compatible; AhrefsBot/7.0; +http://ahrefs.com/robot/)" "www.metrocrimedaily.com"
51.222.253.11 - - [24/Jan/2023:19:16:10 -0800] "GET /instagram-memphis/post-later/01-24-2023-1212242-Suspect-in-two-shootings-at-Northern-Calif.-farms.txt HTTP/1.1" 200 1001 "-" "Mozilla/5.0 (compatible; AhrefsBot/7.0; +http://ahrefs.com/robot/)" "www.metrocrimedaily.com"
51.222.253.11 - - [24/Jan/2023:19:16:50 -0800] "GET /instagram-memphis/post-later/01-24-2023-1303281-Instead-of-going-through-trial--man-accused-in-20.txt HTTP/1.1" 200 586 "-" "Mozilla/5.0 (compatible; AhrefsBot/7.0; +http://ahrefs.com/robot/)" "www.metrocrimedaily.com"
51.222.253.2 - - [24/Jan/2023:19:17:20 -0800] "GET /instagram-memphis/post-later/01-24-2023-1355121-Suspect-pleads-guilty-in-murder-of-2-year-old-Lay.txt HTTP/1.1" 200 599 "-" "Mozilla/5.0 (compatible; AhrefsBot/7.0; +http://ahrefs.com/robot/)" "www.metrocrimedaily.com"
51.222.253.3 - - [24/Jan/2023:19:17:53 -0800] "GET /instagram-memphis/post-later/?C=D;O=A HTTP/1.1" 200 774 "-" "Mozilla/5.0 (compatible; AhrefsBot/7.0; +http://ahrefs.com/robot/)" "www.metrocrimedaily.com"
34.221.149.226 - - [24/Jan/2023:19:18:06 -0800] "GET / HTTP/1.1" 200 157758 "-" "Mozilla/5.0 (X11; Linux x86_64) AppleWebKit/537.36 (KHTML, like Gecko) Chrome/83.0.4103.97 Safari/537.36" "metrocrimedaily.com"
35.93.11.240 - - [24/Jan/2023:19:18:09 -0800] "GET / HTTP/1.1" 200 157758 "-" "Mozilla/5.0 (X11; Linux x86_64) AppleWebKit/537.36 (KHTML, like Gecko) Chrome/83.0.4103.97 Safari/537.36" "metrocrimedaily.com"
51.222.253.12 - - [24/Jan/2023:19:18:24 -0800] "GET /instagram-memphis/post-later/?C=M;O=A HTTP/1.1" 200 782 "-" "Mozilla/5.0 (compatible; AhrefsBot/7.0; +http://ahrefs.com/robot/)" "www.metrocrimedaily.com"
54.202.186.248 - - [24/Jan/2023:19:18:32 -0800] "GET /favicon.ico HTTP/1.1" 404 88 "-" "Mozilla/5.0 (X11; Linux x86_64) AppleWebKit/537.36 (KHTML, like Gecko) Chrome/83.0.4103.97 Safari/537.36" "metrocrimedaily.com"
35.88.195.6 - - [24/Jan/2023:19:18:33 -0800] "GET /favicon.ico HTTP/1.1" 404 88 "-" "Mozilla/5.0 (X11; Linux x86_64) AppleWebKit/537.36 (KHTML, like Gecko) Chrome/83.0.4103.97 Safari/537.36" "metrocrimedaily.com"
35.88.195.6 - - [24/Jan/2023:19:18:34 -0800] "GET / HTTP/1.1" 200 157758 "-" "Mozilla/5.0 (X11; Linux x86_64) AppleWebKit/537.36 (KHTML, like Gecko) Chrome/83.0.4103.97 Safari/537.36" "metrocrimedaily.com"
54.202.186.248 - - [24/Jan/2023:19:18:35 -0800] "GET / HTTP/1.1" 200 157758 "-" "Mozilla/5.0 (X11; Linux x86_64) AppleWebKit/537.36 (KHTML, like Gecko) Chrome/83.0.4103.97 Safari/537.36" "metrocrimedaily.com"
51.222.253.8 - - [24/Jan/2023:19:18:54 -0800] "GET /instagram-memphis/post-later/?C=N;O=D HTTP/1.1" 200 777 "-" "Mozilla/5.0 (compatible; AhrefsBot/7.0; +http://ahrefs.com/robot/)" "www.metrocrimedaily.com"
51.222.253.6 - - [24/Jan/2023:19:19:27 -0800] "GET /instagram-memphis/post-later/?C=S;O=A HTTP/1.1" 200 776 "-" "Mozilla/5.0 (compatible; AhrefsBot/7.0; +http://ahrefs.com/robot/)" "www.metrocrimedaily.com"
69.63.184.5 - - [24/Jan/2023:19:19:41 -0800] "GET /instagram-houston/01-24-2023-2048103-A.jpg HTTP/1.1" 200 127246 "-" "facebookexternalhit/1.1 (+http://www.facebook.com/externalhit_uatext.php)" "www.metrocrimedaily.com"
69.63.184.5 - - [24/Jan/2023:19:19:43 -0800] "GET /instagram-atlanta/01-24-2023-2102252-A.jpg HTTP/1.1" 200 122393 "-" "facebookexternalhit/1.1 (+http://www.facebook.com/externalhit_uatext.php)" "www.metrocrimedaily.com"
51.222.253.2 - - [24/Jan/2023:19:19:59 -0800] "GET /CRIME-WATCH-AMERICA/CRIME-WATCH-HOUSTON/?C=D;O=A HTTP/1.1" 200 1194 "-" "Mozilla/5.0 (compatible; AhrefsBot/7.0; +http://ahrefs.com/robot/)" "metrocrimedaily.com"
76.184.252.42 - - [24/Jan/2023:19:20:17 -0800] "GET /images/police-tape.jpg HTTP/1.1" 200 50766 "-" "Wget/1.20.3 (mingw32)" "metrocrimedaily.com"
69.63.184.5 - - [24/Jan/2023:19:20:28 -0800] "GET /instagram-detroit/01-24-2023-2058292-A.jpg HTTP/1.1" 200 62984 "-" "facebookexternalhit/1.1 (+http://www.facebook.com/externalhit_uatext.php)" "www.metrocrimedaily.com"
69.63.184.3 - - [24/Jan/2023:19:20:28 -0800] "GET /instagram-memphis/01-24-2023-2120071-A.jpg HTTP/1.1" 200 107584 "-" "facebookexternalhit/1.1 (+http://www.facebook.com/externalhit_uatext.php)" "www.metrocrimedaily.com"
51.222.253.15 - - [24/Jan/2023:19:20:29 -0800] "GET /CRIME-WATCH-AMERICA/CRIME-WATCH-HOUSTON/?C=M;O=A HTTP/1.1" 200 1202 "-" "Mozilla/5.0 (compatible; AhrefsBot/7.0; +http://ahrefs.com/robot/)" "metrocrimedaily.com"
51.222.253.3 - - [24/Jan/2023:19:21:13 -0800] "GET /CRIME-WATCH-AMERICA/CRIME-WATCH-HOUSTON/?C=N;O=D HTTP/1.1" 200 1196 "-" "Mozilla/5.0 (compatible; AhrefsBot/7.0; +http://ahrefs.com/robot/)" "metrocrimedaily.com"
51.222.253.5 - - [24/Jan/2023:19:21:44 -0800] "GET /CRIME-WATCH-AMERICA/CRIME-WATCH-HOUSTON/?C=S;O=A HTTP/1.1" 200 1176 "-" "Mozilla/5.0 (compatible; AhrefsBot/7.0; +http://ahrefs.com/robot/)" "metrocrimedaily.com"
51.222.253.2 - - [24/Jan/2023:19:22:17 -0800] "GET /CRIME-WATCH-AMERICA/CRIME-WATCH-HOUSTON/INSTAGRAM-AUTOMATION/ HTTP/1.1" 200 550 "-" "Mozilla/5.0 (compatible; AhrefsBot/7.0; +http://ahrefs.com/robot/)" "metrocrimedaily.com"
51.222.253.18 - - [24/Jan/2023:19:22:48 -0800] "GET /CRIME-WATCH-AMERICA/CRIME-WATCH-HOUSTON/fgrep-input.txt HTTP/1.1" 200 442 "-" "Mozilla/5.0 (compatible; AhrefsBot/7.0; +http://ahrefs.com/robot/)" "metrocrimedaily.com"
69.63.184.3 - - [24/Jan/2023:19:22:51 -0800] "GET /instagram-chicago/01-24-2023-2035514-A.jpg HTTP/1.1" 200 132011 "-" "facebookexternalhit/1.1 (+http://www.facebook.com/externalhit_uatext.php)" "www.metrocrimedaily.com"
51.222.253.11 - - [24/Jan/2023:19:23:22 -0800] "GET /CRIME-WATCH-AMERICA/CRIME-WATCH-HOUSTON/mcd-calculate-how-long-ago.html HTTP/1.1" 200 650 "-" "Mozilla/5.0 (compatible; AhrefsBot/7.0; +http://ahrefs.com/robot/)" "metrocrimedaily.com"
51.222.253.18 - - [24/Jan/2023:19:23:52 -0800] "GET /CRIME-WATCH-AMERICA/CRIME-WATCH-HOUSTON/mcd-epilog.html HTTP/1.1" 200 443 "-" "Mozilla/5.0 (compatible; AhrefsBot/7.0; +http://ahrefs.com/robot/)" "metrocrimedaily.com"
51.222.253.8 - - [24/Jan/2023:19:24:04 -0800] "GET /CRIME-WATCH-AMERICA/CRIME-WATCH-HOUSTON/images/youtube-logo-tiny.png HTTP/1.1" 404 88 "-" "Mozilla/5.0 (compatible; AhrefsBot/7.0; +http://ahrefs.com/robot/)" "metrocrimedaily.com"
51.222.253.12 - - [24/Jan/2023:19:24:25 -0800] "GET /CRIME-WATCH-AMERICA/CRIME-WATCH-HOUSTON/mcd-prolog.html HTTP/1.1" 200 847 "-" "Mozilla/5.0 (compatible; AhrefsBot/7.0; +http://ahrefs.com/robot/)" "metrocrimedaily.com"
51.222.253.19 - - [24/Jan/2023:19:24:34 -0800] "GET /CRIME-WATCH-AMERICA/CRIME-WATCH-HOUSTON/images/facebook-logo-tiny.png HTTP/1.1" 404 88 "-" "Mozilla/5.0 (compatible; AhrefsBot/7.0; +http://ahrefs.com/robot/)" "metrocrimedaily.com"
51.222.253.17 - - [24/Jan/2023:19:24:35 -0800] "GET /CRIME-WATCH-AMERICA/CRIME-WATCH-HOUSTON/images/twitter-logo-b-tiny.png HTTP/1.1" 404 88 "-" "Mozilla/5.0 (compatible; AhrefsBot/7.0; +http://ahrefs.com/robot/)" "metrocrimedaily.com"
76.184.252.42 - - [24/Jan/2023:19:24:37 -0800] "GET /images/police-tape.jpg HTTP/1.1" 200 50766 "-" "Wget/1.20.3 (mingw32)" "metrocrimedaily.com"
51.222.253.14 - - [24/Jan/2023:19:24:38 -0800] "GET /CRIME-WATCH-AMERICA/CRIME-WATCH-HOUSTON/styles-mcd.css HTTP/1.1" 404 88 "-" "Mozilla/5.0 (compatible; AhrefsBot/7.0; +http://ahrefs.com/robot/)" "metrocrimedaily.com"
51.222.253.3 - - [24/Jan/2023:19:24:39 -0800] "GET /CRIME-WATCH-AMERICA/CRIME-WATCH-HOUSTON/images/crime-scene-banner-houston.jpg HTTP/1.1" 404 88 "-" "Mozilla/5.0 (compatible; AhrefsBot/7.0; +http://ahrefs.com/robot/)" "metrocrimedaily.com"
69.63.184.3 - - [24/Jan/2023:19:24:47 -0800] "GET /instagram-dallas/01-24-2023-2124271-A.jpg HTTP/1.1" 200 225403 "-" "facebookexternalhit/1.1 (+http://www.facebook.com/externalhit_uatext.php)" "www.metrocrimedaily.com"
69.63.184.116 - - [24/Jan/2023:19:24:50 -0800] "GET /instagram-detroit/01-24-2023-2058293-A.jpg HTTP/1.1" 200 53315 "-" "facebookexternalhit/1.1 (+http://www.facebook.com/externalhit_uatext.php)" "www.metrocrimedaily.com"
51.222.253.20 - - [24/Jan/2023:19:25:24 -0800] "GET /CRIME-WATCH-AMERICA/CRIME-WATCH-HOUSTON/send-email-to-kim-iPhone.bat HTTP/1.1" 200 3990 "-" "Mozilla/5.0 (compatible; AhrefsBot/7.0; +http://ahrefs.com/robot/)" "metrocrimedaily.com"
69.63.184.119 - - [24/Jan/2023:19:25:36 -0800] "GET /instagram-newyork/01-24-2023-2125161-A.jpg HTTP/1.1" 200 71200 "-" "facebookexternalhit/1.1 (+http://www.facebook.com/externalhit_uatext.php)" "www.metrocrimedaily.com"
51.222.253.4 - - [24/Jan/2023:19:25:58 -0800] "GET /CRIME-WATCH-AMERICA/CRIME-WATCH-HOUSTON/sendemail-RevC.bat HTTP/1.1" 200 435 "-" "Mozilla/5.0 (compatible; AhrefsBot/7.0; +http://ahrefs.com/robot/)" "metrocrimedaily.com"
51.222.253.4 - - [24/Jan/2023:19:26:30 -0800] "GET /CRIME-WATCH-AMERICA/CRIME-WATCH-HOUSTON/sendemail-RevD.bat HTTP/1.1" 200 500 "-" "Mozilla/5.0 (compatible; AhrefsBot/7.0; +http://ahrefs.com/robot/)" "metrocrimedaily.com"
69.63.184.3 - - [24/Jan/2023:19:27:02 -0800] "GET /instagram-stlouis/01-24-2023-2055163-A.jpg HTTP/1.1" 200 125501 "-" "facebookexternalhit/1.1 (+http://www.facebook.com/externalhit_uatext.php)" "www.metrocrimedaily.com"
51.222.253.5 - - [24/Jan/2023:19:27:11 -0800] "GET /CRIME-WATCH-AMERICA/CRIME-WATCH-HOUSTON/sendemail.bat HTTP/1.1" 200 500 "-" "Mozilla/5.0 (compatible; AhrefsBot/7.0; +http://ahrefs.com/robot/)" "metrocrimedaily.com"
69.63.184.119 - - [24/Jan/2023:19:27:43 -0800] "GET /instagram-neworleans/01-24-2023-2127231-A.jpg HTTP/1.1" 200 211655 "-" "facebookexternalhit/1.1 (+http://www.facebook.com/externalhit_uatext.php)" "www.metrocrimedaily.com"
51.222.253.4 - - [24/Jan/2023:19:27:45 -0800] "GET /CRIME-WATCH-AMERICA/CRIME-WATCH-HOUSTON/start-powershell-ftp-scipt.txt HTTP/1.1" 200 114 "-" "Mozilla/5.0 (compatible; AhrefsBot/7.0; +http://ahrefs.com/robot/)" "metrocrimedaily.com"
51.222.253.4 - - [24/Jan/2023:19:28:13 -0800] "GET /CRIME-WATCH-AMERICA/CRIME-WATCH-HOUSTON/support/ HTTP/1.1" 200 856 "-" "Mozilla/5.0 (compatible; AhrefsBot/7.0; +http://ahrefs.com/robot/)" "metrocrimedaily.com"
51.222.253.20 - - [24/Jan/2023:19:28:52 -0800] "GET /CRIME-WATCH-AMERICA/CRIME-WATCH-HOUSTON/testme.bat HTTP/1.1" 200 614 "-" "Mozilla/5.0 (compatible; AhrefsBot/7.0; +http://ahrefs.com/robot/)" "metrocrimedaily.com"
51.222.253.8 - - [24/Jan/2023:19:29:26 -0800] "GET /CRIME-WATCH-AMERICA/CRIME-WATCH-HOUSTON/wget.exe HTTP/1.1" 200 4923280 "-" "Mozilla/5.0 (compatible; AhrefsBot/7.0; +http://ahrefs.com/robot/)" "metrocrimedaily.com"
51.222.253.4 - - [24/Jan/2023:19:29:55 -0800] "GET /CRIME-WATCH-AMERICA/CRIME-WATCH-HOUSTON/wput.exe HTTP/1.1" 200 118784 "-" "Mozilla/5.0 (compatible; AhrefsBot/7.0; +http://ahrefs.com/robot/)" "metrocrimedaily.com"
51.222.253.15 - - [24/Jan/2023:19:30:24 -0800] "GET /CRIME-WATCH-AMERICA/CRIME-WATCH-HOUSTON/youtube-dl.exe HTTP/1.1" 200 8170320 "-" "Mozilla/5.0 (compatible; AhrefsBot/7.0; +http://ahrefs.com/robot/)" "metrocrimedaily.com"
51.222.253.6 - - [24/Jan/2023:19:30:58 -0800] "GET /CRIME-WATCH-AMERICA/CRIME-WATCH-HOUSTON/yt-dlp.exe HTTP/1.1" 200 106359 "-" "Mozilla/5.0 (compatible; AhrefsBot/7.0; +http://ahrefs.com/robot/)" "metrocrimedaily.com"
51.222.253.20 - - [24/Jan/2023:19:31:31 -0800] "GET /CRIME-WATCH-AMERICA/CRIME-WATCH-HOUSTON/?C=D;O=A HTTP/1.1" 200 1194 "-" "Mozilla/5.0 (compatible; AhrefsBot/7.0; +http://ahrefs.com/robot/)" "www.metrocrimedaily.com"
51.222.253.19 - - [24/Jan/2023:19:32:04 -0800] "GET /CRIME-WATCH-AMERICA/CRIME-WATCH-HOUSTON/?C=D;O=A HTTP/1.1" 200 1194 "-" "Mozilla/5.0 (compatible; AhrefsBot/7.0; +http://ahrefs.com/robot/)" "www.metrocrimedaily.com"
51.222.253.11 - - [24/Jan/2023:19:33:06 -0800] "GET /CRIME-WATCH-AMERICA/CRIME-WATCH-HOUSTON/?C=M;O=A HTTP/1.1" 200 1202 "-" "Mozilla/5.0 (compatible; AhrefsBot/7.0; +http://ahrefs.com/robot/)" "www.metrocrimedaily.com"
51.222.253.3 - - [24/Jan/2023:19:35:12 -0800] "GET /CRIME-WATCH-AMERICA/CRIME-WATCH-HOUSTON/?C=M;O=A HTTP/1.1" 200 1202 "-" "Mozilla/5.0 (compatible; AhrefsBot/7.0; +http://ahrefs.com/robot/)" "www.metrocrimedaily.com"
69.63.184.116 - - [24/Jan/2023:19:35:17 -0800] "GET /instagram-atlanta/01-24-2023-2102253-A.jpg HTTP/1.1" 200 94132 "-" "facebookexternalhit/1.1 (+http://www.facebook.com/externalhit_uatext.php)" "www.metrocrimedaily.com"
114.119.147.70 - - [24/Jan/2023:19:35:26 -0800] "GET /robots.txt HTTP/1.1" 404 88 "-" "Mozilla/5.0 (compatible;PetalBot;+https://webmaster.petalsearch.com/site/petalbot)" "www.metrocrimedaily.com"
69.63.184.116 - - [24/Jan/2023:19:36:01 -0800] "GET /instagram-memphis/01-24-2023-2120072-A.jpg HTTP/1.1" 200 82640 "-" "facebookexternalhit/1.1 (+http://www.facebook.com/externalhit_uatext.php)" "www.metrocrimedaily.com"
69.63.184.1 - - [24/Jan/2023:19:38:25 -0800] "GET /instagram-chicago/01-24-2023-2035515-A.jpg HTTP/1.1" 200 87964 "-" "facebookexternalhit/1.1 (+http://www.facebook.com/externalhit_uatext.php)" "www.metrocrimedaily.com"
51.222.253.11 - - [24/Jan/2023:19:39:29 -0800] "GET /CRIME-WATCH-AMERICA/CRIME-WATCH-HOUSTON/?C=N;O=D HTTP/1.1" 200 1196 "-" "Mozilla/5.0 (compatible; AhrefsBot/7.0; +http://ahrefs.com/robot/)" "www.metrocrimedaily.com"
69.63.184.117 - - [24/Jan/2023:19:40:21 -0800] "GET /instagram-dallas/01-24-2023-2124272-A.jpg HTTP/1.1" 200 171460 "-" "facebookexternalhit/1.1 (+http://www.facebook.com/externalhit_uatext.php)" "www.metrocrimedaily.com"
69.63.184.1 - - [24/Jan/2023:19:42:35 -0800] "GET /instagram-stlouis/01-24-2023-2055164-A.jpg HTTP/1.1" 200 92862 "-" "facebookexternalhit/1.1 (+http://www.facebook.com/externalhit_uatext.php)" "www.metrocrimedaily.com"
69.63.184.118 - - [24/Jan/2023:19:43:14 -0800] "GET /instagram-neworleans/01-24-2023-2127232-A.jpg HTTP/1.1" 200 337193 "-" "facebookexternalhit/1.1 (+http://www.facebook.com/externalhit_uatext.php)" "www.metrocrimedaily.com"
69.63.184.119 - - [24/Jan/2023:19:45:44 -0800] "GET /instagram-losangeles/01-24-2023-2145241-A.jpg HTTP/1.1" 200 194241 "-" "facebookexternalhit/1.1 (+http://www.facebook.com/externalhit_uatext.php)" "www.metrocrimedaily.com"
51.222.253.6 - - [24/Jan/2023:19:48:25 -0800] "GET /CRIME-WATCH-AMERICA/CRIME-WATCH-HOUSTON/?C=N;O=D HTTP/1.1" 200 1196 "-" "Mozilla/5.0 (compatible; AhrefsBot/7.0; +http://ahrefs.com/robot/)" "www.metrocrimedaily.com"
69.63.184.119 - - [24/Jan/2023:19:50:51 -0800] "GET /instagram-atlanta/01-24-2023-2102254-A.jpg HTTP/1.1" 200 182342 "-" "facebookexternalhit/1.1 (+http://www.facebook.com/externalhit_uatext.php)" "www.metrocrimedaily.com"
69.63.184.120 - - [24/Jan/2023:19:51:31 -0800] "GET /instagram-memphis/01-24-2023-2120073-A.jpg HTTP/1.1" 200 126396 "-" "facebookexternalhit/1.1 (+http://www.facebook.com/externalhit_uatext.php)" "www.metrocrimedaily.com"
69.63.184.119 - - [24/Jan/2023:19:54:04 -0800] "GET /instagram-chicago/01-24-2023-2035516-A.jpg HTTP/1.1" 200 101090 "-" "facebookexternalhit/1.1 (+http://www.facebook.com/externalhit_uatext.php)" "www.metrocrimedaily.com"
69.63.184.4 - - [24/Jan/2023:19:55:57 -0800] "GET /instagram-dallas/01-24-2023-2124273-A.jpg HTTP/1.1" 200 251006 "-" "facebookexternalhit/1.1 (+http://www.facebook.com/externalhit_uatext.php)" "www.metrocrimedaily.com"
69.63.184.117 - - [24/Jan/2023:19:57:08 -0800] "GET /instagram-neworleans/01-24-2023-2127233-A.jpg HTTP/1.1" 200 139669 "-" "facebookexternalhit/1.1 (+http://www.facebook.com/externalhit_uatext.php)" "www.metrocrimedaily.com"
69.63.184.119 - - [24/Jan/2023:19:57:11 -0800] "GET /instagram-stlouis/01-24-2023-2055165-A.jpg HTTP/1.1" 200 312466 "-" "facebookexternalhit/1.1 (+http://www.facebook.com/externalhit_uatext.php)" "www.metrocrimedaily.com"
69.63.184.120 - - [24/Jan/2023:19:57:15 -0800] "GET /instagram-losangeles/01-24-2023-2145242-A.jpg HTTP/1.1" 200 259692 "-" "facebookexternalhit/1.1 (+http://www.facebook.com/externalhit_uatext.php)" "www.metrocrimedaily.com"
54.36.148.71 - - [24/Jan/2023:20:05:39 -0800] "GET /robots.txt HTTP/1.1" 404 88 "-" "Mozilla/5.0 (compatible; AhrefsBot/7.0; +http://ahrefs.com/robot/)" "www.metrocrimedaily.com"
51.222.253.20 - - [24/Jan/2023:20:05:40 -0800] "GET /CRIME-WATCH-AMERICA/CRIME-WATCH-HOUSTON/?C=S;O=A HTTP/1.1" 200 1176 "-" "Mozilla/5.0 (compatible; AhrefsBot/7.0; +http://ahrefs.com/robot/)" "www.metrocrimedaily.com"
69.63.184.118 - - [24/Jan/2023:20:06:25 -0800] "GET /instagram-atlanta/01-24-2023-2102255-A.jpg HTTP/1.1" 200 133624 "-" "facebookexternalhit/1.1 (+http://www.facebook.com/externalhit_uatext.php)" "www.metrocrimedaily.com"
69.63.184.5 - - [24/Jan/2023:20:09:38 -0800] "GET /instagram-chicago/01-24-2023-2035517-A.jpg HTTP/1.1" 200 82924 "-" "facebookexternalhit/1.1 (+http://www.facebook.com/externalhit_uatext.php)" "www.metrocrimedaily.com"
35.222.218.27 - - [24/Jan/2023:20:12:05 -0800] "GET /wp-login.php HTTP/1.1" 404 88 "" "Mozilla/5.0 (Windows NT 10.0; Win64; x64; rv:108.0) Gecko/20100101 Firefox/108.0" "metrocrimedaily.com"
69.63.184.118 - - [24/Jan/2023:20:12:41 -0800] "GET /instagram-neworleans/01-24-2023-2127234-A.jpg HTTP/1.1" 200 215943 "-" "facebookexternalhit/1.1 (+http://www.facebook.com/externalhit_uatext.php)" "www.metrocrimedaily.com"
69.63.184.118 - - [24/Jan/2023:20:12:44 -0800] "GET /instagram-stlouis/01-24-2023-2055166-A.jpg HTTP/1.1" 200 258848 "-" "facebookexternalhit/1.1 (+http://www.facebook.com/externalhit_uatext.php)" "www.metrocrimedaily.com"
69.63.184.117 - - [24/Jan/2023:20:12:49 -0800] "GET /instagram-losangeles/01-24-2023-2145243-A.jpg HTTP/1.1" 200 239570 "-" "facebookexternalhit/1.1 (+http://www.facebook.com/externalhit_uatext.php)" "www.metrocrimedaily.com"
69.63.184.117 - - [24/Jan/2023:20:18:52 -0800] "GET /instagram-houston/01-24-2023-2218291-A.jpg HTTP/1.1" 200 136153 "-" "facebookexternalhit/1.1 (+http://www.facebook.com/externalhit_uatext.php)" "www.metrocrimedaily.com"
69.63.184.120 - - [24/Jan/2023:20:21:57 -0800] "GET /instagram-atlanta/01-24-2023-2102256-A.jpg HTTP/1.1" 200 115070 "-" "facebookexternalhit/1.1 (+http://www.facebook.com/externalhit_uatext.php)" "www.metrocrimedaily.com"
69.63.184.120 - - [24/Jan/2023:20:23:19 -0800] "GET /instagram-memphis/01-24-2023-2222591-A.jpg HTTP/1.1" 200 122110 "-" "facebookexternalhit/1.1 (+http://www.facebook.com/externalhit_uatext.php)" "www.metrocrimedaily.com"
69.63.184.1 - - [24/Jan/2023:20:25:12 -0800] "GET /instagram-chicago/01-24-2023-2035518-A.jpg HTTP/1.1" 200 503262 "-" "facebookexternalhit/1.1 (+http://www.facebook.com/externalhit_uatext.php)" "www.metrocrimedaily.com"
207.46.13.106 - - [24/Jan/2023:20:25:38 -0800] "GET /crime-watch-usa.html HTTP/1.1" 200 1081 "-" "Mozilla/5.0 AppleWebKit/537.36 (KHTML, like Gecko; compatible; bingbot/2.0; +http://www.bing.com/bingbot.htm) Chrome/103.0.5060.134 Safari/537.36" "metrocrimedaily.com"
69.63.184.120 - - [24/Jan/2023:20:28:11 -0800] "GET /instagram-neworleans/01-24-2023-2127235-A.jpg HTTP/1.1" 200 131991 "-" "facebookexternalhit/1.1 (+http://www.facebook.com/externalhit_uatext.php)" "www.metrocrimedaily.com"
69.63.184.120 - - [24/Jan/2023:20:28:14 -0800] "GET /instagram-stlouis/01-24-2023-2055167-A.jpg HTTP/1.1" 200 231755 "-" "facebookexternalhit/1.1 (+http://www.facebook.com/externalhit_uatext.php)" "www.metrocrimedaily.com"
69.63.184.118 - - [24/Jan/2023:20:28:21 -0800] "GET /instagram-losangeles/01-24-2023-2145244-A.jpg HTTP/1.1" 200 125292 "-" "facebookexternalhit/1.1 (+http://www.facebook.com/externalhit_uatext.php)" "www.metrocrimedaily.com"
51.222.253.19 - - [24/Jan/2023:20:33:17 -0800] "GET /CRIME-WATCH-AMERICA/CRIME-WATCH-HOUSTON/?C=S;O=A HTTP/1.1" 200 1176 "-" "Mozilla/5.0 (compatible; AhrefsBot/7.0; +http://ahrefs.com/robot/)" "www.metrocrimedaily.com"
69.63.184.116 - - [24/Jan/2023:20:34:23 -0800] "GET /instagram-houston/01-24-2023-2218292-A.jpg HTTP/1.1" 200 82375 "-" "facebookexternalhit/1.1 (+http://www.facebook.com/externalhit_uatext.php)" "www.metrocrimedaily.com"
51.222.253.11 - - [24/Jan/2023:20:36:31 -0800] "GET /CRIME-WATCH-AMERICA/CRIME-WATCH-HOUSTON/INSTAGRAM-AUTOMATION/ HTTP/1.1" 200 550 "-" "Mozilla/5.0 (compatible; AhrefsBot/7.0; +http://ahrefs.com/robot/)" "www.metrocrimedaily.com"
69.63.184.118 - - [24/Jan/2023:20:37:29 -0800] "GET /instagram-atlanta/01-24-2023-2102257-A.jpg HTTP/1.1" 200 137099 "-" "facebookexternalhit/1.1 (+http://www.facebook.com/externalhit_uatext.php)" "www.metrocrimedaily.com"
51.222.253.16 - - [24/Jan/2023:20:38:29 -0800] "GET /CRIME-WATCH-AMERICA/CRIME-WATCH-HOUSTON/INSTAGRAM-AUTOMATION/ HTTP/1.1" 200 550 "-" "Mozilla/5.0 (compatible; AhrefsBot/7.0; +http://ahrefs.com/robot/)" "www.metrocrimedaily.com"
69.63.184.120 - - [24/Jan/2023:20:38:50 -0800] "GET /instagram-memphis/01-24-2023-2222592-A.jpg HTTP/1.1" 200 129615 "-" "facebookexternalhit/1.1 (+http://www.facebook.com/externalhit_uatext.php)" "www.metrocrimedaily.com"
69.63.184.117 - - [24/Jan/2023:20:40:45 -0800] "GET /instagram-chicago/01-24-2023-2035519-A.jpg HTTP/1.1" 200 83583 "-" "facebookexternalhit/1.1 (+http://www.facebook.com/externalhit_uatext.php)" "www.metrocrimedaily.com"
51.222.253.16 - - [24/Jan/2023:20:41:12 -0800] "GET /CRIME-WATCH-AMERICA/CRIME-WATCH-HOUSTON/fgrep-input.txt HTTP/1.1" 200 442 "-" "Mozilla/5.0 (compatible; AhrefsBot/7.0; +http://ahrefs.com/robot/)" "www.metrocrimedaily.com"
207.46.13.178 - - [24/Jan/2023:20:42:21 -0800] "GET /index-miami.html HTTP/1.1" 200 21388 "-" "Mozilla/5.0 AppleWebKit/537.36 (KHTML, like Gecko; compatible; bingbot/2.0; +http://www.bing.com/bingbot.htm) Chrome/103.0.5060.134 Safari/537.36" "metrocrimedaily.com"
40.77.167.54 - - [24/Jan/2023:20:42:25 -0800] "GET /index-tim.html HTTP/1.1" 200 14909 "-" "Mozilla/5.0 AppleWebKit/537.36 (KHTML, like Gecko; compatible; bingbot/2.0; +http://www.bing.com/bingbot.htm) Chrome/103.0.5060.134 Safari/537.36" "metrocrimedaily.com"
51.222.253.7 - - [24/Jan/2023:20:42:44 -0800] "GET /CRIME-WATCH-AMERICA/CRIME-WATCH-HOUSTON/fgrep-input.txt HTTP/1.1" 200 442 "-" "Mozilla/5.0 (compatible; AhrefsBot/7.0; +http://ahrefs.com/robot/)" "www.metrocrimedaily.com"
51.222.253.11 - - [24/Jan/2023:20:43:07 -0800] "GET /CRIME-WATCH-AMERICA/CRIME-WATCH-HOUSTON/mcd-epilog.html HTTP/1.1" 200 443 "-" "Mozilla/5.0 (compatible; AhrefsBot/7.0; +http://ahrefs.com/robot/)" "www.metrocrimedaily.com"
51.222.253.15 - - [24/Jan/2023:20:43:16 -0800] "GET /CRIME-WATCH-AMERICA/CRIME-WATCH-HOUSTON/mcd-epilog.html HTTP/1.1" 200 443 "-" "Mozilla/5.0 (compatible; AhrefsBot/7.0; +http://ahrefs.com/robot/)" "www.metrocrimedaily.com"
51.222.253.11 - - [24/Jan/2023:20:43:20 -0800] "GET /CRIME-WATCH-AMERICA/CRIME-WATCH-HOUSTON/mcd-prolog.html HTTP/1.1" 200 847 "-" "Mozilla/5.0 (compatible; AhrefsBot/7.0; +http://ahrefs.com/robot/)" "www.metrocrimedaily.com"
51.222.253.3 - - [24/Jan/2023:20:43:24 -0800] "GET /CRIME-WATCH-AMERICA/CRIME-WATCH-HOUSTON/mcd-prolog.html HTTP/1.1" 200 847 "-" "Mozilla/5.0 (compatible; AhrefsBot/7.0; +http://ahrefs.com/robot/)" "www.metrocrimedaily.com"
51.222.253.16 - - [24/Jan/2023:20:43:29 -0800] "GET /CRIME-WATCH-AMERICA/CRIME-WATCH-HOUSTON/sendemail-RevC.bat HTTP/1.1" 200 435 "-" "Mozilla/5.0 (compatible; AhrefsBot/7.0; +http://ahrefs.com/robot/)" "www.metrocrimedaily.com"
51.222.253.9 - - [24/Jan/2023:20:43:33 -0800] "GET /CRIME-WATCH-AMERICA/CRIME-WATCH-HOUSTON/sendemail-RevC.bat HTTP/1.1" 200 435 "-" "Mozilla/5.0 (compatible; AhrefsBot/7.0; +http://ahrefs.com/robot/)" "www.metrocrimedaily.com"
51.222.253.10 - - [24/Jan/2023:20:43:36 -0800] "GET /CRIME-WATCH-AMERICA/CRIME-WATCH-HOUSTON/sendemail-RevD.bat HTTP/1.1" 200 500 "-" "Mozilla/5.0 (compatible; AhrefsBot/7.0; +http://ahrefs.com/robot/)" "www.metrocrimedaily.com"
51.222.253.2 - - [24/Jan/2023:20:43:38 -0800] "GET /CRIME-WATCH-AMERICA/CRIME-WATCH-HOUSTON/sendemail.bat HTTP/1.1" 200 500 "-" "Mozilla/5.0 (compatible; AhrefsBot/7.0; +http://ahrefs.com/robot/)" "www.metrocrimedaily.com"
51.222.253.14 - - [24/Jan/2023:20:43:39 -0800] "GET /CRIME-WATCH-AMERICA/CRIME-WATCH-HOUSTON/sendemail.bat HTTP/1.1" 200 500 "-" "Mozilla/5.0 (compatible; AhrefsBot/7.0; +http://ahrefs.com/robot/)" "www.metrocrimedaily.com"
51.222.253.16 - - [24/Jan/2023:20:43:39 -0800] "GET /CRIME-WATCH-AMERICA/CRIME-WATCH-HOUSTON/sendemail-RevD.bat HTTP/1.1" 200 500 "-" "Mozilla/5.0 (compatible; AhrefsBot/7.0; +http://ahrefs.com/robot/)" "www.metrocrimedaily.com"
51.222.253.16 - - [24/Jan/2023:20:43:40 -0800] "GET /CRIME-WATCH-AMERICA/CRIME-WATCH-HOUSTON/support/ HTTP/1.1" 200 856 "-" "Mozilla/5.0 (compatible; AhrefsBot/7.0; +http://ahrefs.com/robot/)" "www.metrocrimedaily.com"
51.222.253.6 - - [24/Jan/2023:20:43:41 -0800] "GET /CRIME-WATCH-AMERICA/CRIME-WATCH-HOUSTON/support/ HTTP/1.1" 200 856 "-" "Mozilla/5.0 (compatible; AhrefsBot/7.0; +http://ahrefs.com/robot/)" "www.metrocrimedaily.com"
40.77.167.54 - - [24/Jan/2023:20:43:41 -0800] "GET /instagram-detroit/12-22-2022-0839592-1-in-custody-in-Monday-shooting-at-Detroit-police.txt HTTP/1.1" 404 88 "-" "Mozilla/5.0 AppleWebKit/537.36 (KHTML, like Gecko; compatible; bingbot/2.0; +http://www.bing.com/bingbot.htm) Chrome/103.0.5060.134 Safari/537.36" "www.metrocrimedaily.com"
51.222.253.12 - - [24/Jan/2023:20:43:42 -0800] "GET /CRIME-WATCH-AMERICA/CRIME-WATCH-HOUSTON/testme.bat HTTP/1.1" 200 614 "-" "Mozilla/5.0 (compatible; AhrefsBot/7.0; +http://ahrefs.com/robot/)" "www.metrocrimedaily.com"
51.222.253.18 - - [24/Jan/2023:20:43:43 -0800] "GET /CRIME-WATCH-AMERICA/CRIME-WATCH-HOUSTON/testme.bat HTTP/1.1" 200 614 "-" "Mozilla/5.0 (compatible; AhrefsBot/7.0; +http://ahrefs.com/robot/)" "www.metrocrimedaily.com"
51.222.253.15 - - [24/Jan/2023:20:43:43 -0800] "GET /CRIME-WATCH-AMERICA/CRIME-WATCH-HOUSTON/wget.exe HTTP/1.1" 200 4923280 "-" "Mozilla/5.0 (compatible; AhrefsBot/7.0; +http://ahrefs.com/robot/)" "www.metrocrimedaily.com"
51.222.253.13 - - [24/Jan/2023:20:43:44 -0800] "GET /CRIME-WATCH-AMERICA/CRIME-WATCH-HOUSTON/wget.exe HTTP/1.1" 200 4923280 "-" "Mozilla/5.0 (compatible; AhrefsBot/7.0; +http://ahrefs.com/robot/)" "www.metrocrimedaily.com"
51.222.253.6 - - [24/Jan/2023:20:43:44 -0800] "GET /CRIME-WATCH-AMERICA/CRIME-WATCH-HOUSTON/wput.exe HTTP/1.1" 200 118784 "-" "Mozilla/5.0 (compatible; AhrefsBot/7.0; +http://ahrefs.com/robot/)" "www.metrocrimedaily.com"
51.222.253.7 - - [24/Jan/2023:20:43:45 -0800] "GET /CRIME-WATCH-AMERICA/CRIME-WATCH-HOUSTON/wput.exe HTTP/1.1" 200 118784 "-" "Mozilla/5.0 (compatible; AhrefsBot/7.0; +http://ahrefs.com/robot/)" "www.metrocrimedaily.com"
51.222.253.7 - - [24/Jan/2023:20:43:45 -0800] "GET /CRIME-WATCH-AMERICA/CRIME-WATCH-HOUSTON/youtube-dl.exe HTTP/1.1" 200 8170320 "-" "Mozilla/5.0 (compatible; AhrefsBot/7.0; +http://ahrefs.com/robot/)" "www.metrocrimedaily.com"
51.222.253.13 - - [24/Jan/2023:20:43:46 -0800] "GET /CRIME-WATCH-AMERICA/CRIME-WATCH-HOUSTON/youtube-dl.exe HTTP/1.1" 200 8170320 "-" "Mozilla/5.0 (compatible; AhrefsBot/7.0; +http://ahrefs.com/robot/)" "www.metrocrimedaily.com"
51.222.253.18 - - [24/Jan/2023:20:43:46 -0800] "GET /CRIME-WATCH-AMERICA/CRIME-WATCH-HOUSTON/yt-dlp.exe HTTP/1.1" 200 106359 "-" "Mozilla/5.0 (compatible; AhrefsBot/7.0; +http://ahrefs.com/robot/)" "www.metrocrimedaily.com"
69.63.184.2 - - [24/Jan/2023:20:43:46 -0800] "GET /instagram-stlouis/01-24-2023-2055168-A.jpg HTTP/1.1" 200 188746 "-" "facebookexternalhit/1.1 (+http://www.facebook.com/externalhit_uatext.php)" "www.metrocrimedaily.com"
51.222.253.13 - - [24/Jan/2023:20:43:47 -0800] "GET /CRIME-WATCH-AMERICA/CRIME-WATCH-HOUSTON/yt-dlp.exe HTTP/1.1" 200 106359 "-" "Mozilla/5.0 (compatible; AhrefsBot/7.0; +http://ahrefs.com/robot/)" "www.metrocrimedaily.com"
51.222.253.8 - - [24/Jan/2023:20:43:47 -0800] "GET /instagram-memphis/01-23-2023-1444172-Suspect-in-dance-club-shooting-killed-self-after-.txt HTTP/1.1" 200 1130 "-" "Mozilla/5.0 (compatible; AhrefsBot/7.0; +http://ahrefs.com/robot/)" "www.metrocrimedaily.com"
51.222.253.19 - - [24/Jan/2023:20:43:48 -0800] "GET /instagram-memphis/01-23-2023-1556351--They-murdered-him----Tyre-Nichols--mother-demand.txt HTTP/1.1" 200 53 "-" "Mozilla/5.0 (compatible; AhrefsBot/7.0; +http://ahrefs.com/robot/)" "www.metrocrimedaily.com"
51.222.253.17 - - [24/Jan/2023:20:43:48 -0800] "GET /instagram-memphis/01-23-2023-1556352-2-students-dead--teacher-injured-in-shooting-at-I.txt HTTP/1.1" 200 562 "-" "Mozilla/5.0 (compatible; AhrefsBot/7.0; +http://ahrefs.com/robot/)" "www.metrocrimedaily.com"
51.222.253.9 - - [24/Jan/2023:20:43:49 -0800] "GET /instagram-memphis/01-23-2023-1556353--What-did-I-do-----Ben-Crump-recalls-what-Tyre-Ni.txt HTTP/1.1" 200 53 "-" "Mozilla/5.0 (compatible; AhrefsBot/7.0; +http://ahrefs.com/robot/)" "www.metrocrimedaily.com"
51.222.253.18 - - [24/Jan/2023:20:43:49 -0800] "GET /instagram-memphis/01-23-2023-1556354--What-did-I-do-----Ben-Crump-recalls-what-Tyre-Ni.txt HTTP/1.1" 200 53 "-" "Mozilla/5.0 (compatible; AhrefsBot/7.0; +http://ahrefs.com/robot/)" "www.metrocrimedaily.com"
51.222.253.13 - - [24/Jan/2023:20:43:50 -0800] "GET /instagram-memphis/01-23-2023-1556355-Ben-Crump--Memphis-Police-Chief-C.J.-Davis--not-p.txt HTTP/1.1" 200 53 "-" "Mozilla/5.0 (compatible; AhrefsBot/7.0; +http://ahrefs.com/robot/)" "www.metrocrimedaily.com"
51.222.253.19 - - [24/Jan/2023:20:43:50 -0800] "GET /instagram-memphis/01-23-2023-1805232-Tyre-Nichols-was-kicked--tased-and-pepper-sprayed.txt HTTP/1.1" 200 53 "-" "Mozilla/5.0 (compatible; AhrefsBot/7.0; +http://ahrefs.com/robot/)" "www.metrocrimedaily.com"
51.222.253.15 - - [24/Jan/2023:20:43:51 -0800] "GET /instagram-memphis/01-23-2023-1805234-WATCH--Woman-robbed-in-front-of-security-guard-at.txt HTTP/1.1" 200 117 "-" "Mozilla/5.0 (compatible; AhrefsBot/7.0; +http://ahrefs.com/robot/)" "www.metrocrimedaily.com"
51.222.253.2 - - [24/Jan/2023:20:43:51 -0800] "GET /instagram-memphis/01-23-2023-1945541-WATCH--Family-attorney-calls-Tyre-Nichols--beatin.txt HTTP/1.1" 200 53 "-" "Mozilla/5.0 (compatible; AhrefsBot/7.0; +http://ahrefs.com/robot/)" "www.metrocrimedaily.com"
69.63.184.4 - - [24/Jan/2023:20:43:51 -0800] "GET /instagram-losangeles/01-24-2023-2145245-A.jpg HTTP/1.1" 200 194676 "-" "facebookexternalhit/1.1 (+http://www.facebook.com/externalhit_uatext.php)" "www.metrocrimedaily.com"
51.222.253.15 - - [24/Jan/2023:20:43:52 -0800] "GET /instagram-memphis/01-23-2023-1945542-Reports--Multiple-people-shot--killed-in-separate.txt HTTP/1.1" 200 1052 "-" "Mozilla/5.0 (compatible; AhrefsBot/7.0; +http://ahrefs.com/robot/)" "www.metrocrimedaily.com"
51.222.253.7 - - [24/Jan/2023:20:43:52 -0800] "GET /instagram-memphis/01-23-2023-1945543-Arizona-double-murder-suspect-killed--woman-injur.txt HTTP/1.1" 200 969 "-" "Mozilla/5.0 (compatible; AhrefsBot/7.0; +http://ahrefs.com/robot/)" "www.metrocrimedaily.com"
51.222.253.2 - - [24/Jan/2023:20:43:53 -0800] "GET /instagram-memphis/01-23-2023-1945544-WATCH--Man-arrested-in-weekend-shooting-at-Main-E.txt HTTP/1.1" 200 115 "-" "Mozilla/5.0 (compatible; AhrefsBot/7.0; +http://ahrefs.com/robot/)" "www.metrocrimedaily.com"
51.222.253.17 - - [24/Jan/2023:20:43:53 -0800] "GET /instagram-memphis/?C=M;O=A HTTP/1.1" 200 2767 "-" "Mozilla/5.0 (compatible; AhrefsBot/7.0; +http://ahrefs.com/robot/)" "www.metrocrimedaily.com"
51.222.253.18 - - [24/Jan/2023:20:43:54 -0800] "GET /instagram-memphis/?C=N;O=D HTTP/1.1" 200 2753 "-" "Mozilla/5.0 (compatible; AhrefsBot/7.0; +http://ahrefs.com/robot/)" "www.metrocrimedaily.com"
51.222.253.19 - - [24/Jan/2023:20:43:54 -0800] "GET /instagram-memphis/ig-CWUSA-memphis-stories-to-post-later.txt HTTP/1.1" 200 12431 "-" "Mozilla/5.0 (compatible; AhrefsBot/7.0; +http://ahrefs.com/robot/)" "www.metrocrimedaily.com"
51.222.253.4 - - [24/Jan/2023:20:43:55 -0800] "GET /instagram-memphis/post-later/ HTTP/1.1" 200 774 "-" "Mozilla/5.0 (compatible; AhrefsBot/7.0; +http://ahrefs.com/robot/)" "www.metrocrimedaily.com"
51.222.253.10 - - [24/Jan/2023:20:43:55 -0800] "GET /instagram-memphis/videos/ HTTP/1.1" 200 437 "-" "Mozilla/5.0 (compatible; AhrefsBot/7.0; +http://ahrefs.com/robot/)" "www.metrocrimedaily.com"
51.222.253.6 - - [24/Jan/2023:20:43:56 -0800] "GET /instagram-stlouis/01-23-2023-1506451-Former-top-FBI-official-charged-with-violating-Ru.txt HTTP/1.1" 200 1041 "-" "Mozilla/5.0 (compatible; AhrefsBot/7.0; +http://ahrefs.com/robot/)" "www.metrocrimedaily.com"
51.222.253.1 - - [24/Jan/2023:20:43:56 -0800] "GET /instagram-stlouis/01-23-2023-1506452-Four-Oath-Keepers-convicted-of-Jan.-6-seditious-c.txt HTTP/1.1" 200 908 "-" "Mozilla/5.0 (compatible; AhrefsBot/7.0; +http://ahrefs.com/robot/)" "www.metrocrimedaily.com"
51.222.253.19 - - [24/Jan/2023:20:43:57 -0800] "GET /instagram-stlouis/01-23-2023-1506453-32-year-sentence-for-2020-Madison-County-murder-.txt HTTP/1.1" 200 564 "-" "Mozilla/5.0 (compatible; AhrefsBot/7.0; +http://ahrefs.com/robot/)" "www.metrocrimedaily.com"
51.222.253.1 - - [24/Jan/2023:20:43:57 -0800] "GET /instagram-stlouis/01-23-2023-1654031-Man-who-struck-and-killed-Metro-East-police-offic.txt HTTP/1.1" 200 1125 "-" "Mozilla/5.0 (compatible; AhrefsBot/7.0; +http://ahrefs.com/robot/)" "www.metrocrimedaily.com"
