128.199.235.66 - - [25/Jan/2023:13:30:34 -0800] "GET /wp-content/themes/seotheme/db.php?u HTTP/1.1" 404 88 "www.google.com" "Mozlila/5.0 (Linux; Android 7.0; SM-G892A Bulid/NRD90M; wv) AppleWebKit/537.36 (KHTML, like Gecko) Version/4.0 Chrome/60.0.3112.107 Moblie Safari/537.36" "metrocrimedaily.com"
69.63.184.3 - - [25/Jan/2023:13:32:24 -0800] "GET /instagram-miami/01-25-2023-11402816-A.jpg HTTP/1.1" 200 216282 "-" "facebookexternalhit/1.1 (+http://www.facebook.com/externalhit_uatext.php)" "www.metrocrimedaily.com"
207.46.13.23 - - [25/Jan/2023:13:32:40 -0800] "GET /instagram-dallas/12-20-2022-1316412-Defense-explanation-of-arrest-during-Dean-sentenc.txt HTTP/1.1" 404 88 "-" "Mozilla/5.0 AppleWebKit/537.36 (KHTML, like Gecko; compatible; bingbot/2.0; +http://www.bing.com/bingbot.htm) Chrome/103.0.5060.134 Safari/537.36" "www.metrocrimedaily.com"
185.229.66.15 - - [25/Jan/2023:13:33:23 -0800] "GET /wp-login.php HTTP/1.1" 404 88 "" "Mozilla/5.0 (Windows NT 10.0; Win64; x64; rv:108.0) Gecko/20100101 Firefox/108.0" "metrocrimedaily.com"
69.63.184.116 - - [25/Jan/2023:13:34:41 -0800] "GET /instagram-memphis/01-25-2023-1534211-A.jpg HTTP/1.1" 200 120110 "-" "facebookexternalhit/1.1 (+http://www.facebook.com/externalhit_uatext.php)" "www.metrocrimedaily.com"
51.222.253.7 - - [25/Jan/2023:13:39:29 -0800] "GET /CRIME-WATCH-AMERICA/CRIME-WATCH-DALLAS/INSTAGRAM-AUTOMATION/?C=D;O=A HTTP/1.1" 200 938 "-" "Mozilla/5.0 (compatible; AhrefsBot/7.0; +http://ahrefs.com/robot/)" "metrocrimedaily.com"
69.63.184.2 - - [25/Jan/2023:13:42:36 -0800] "GET /instagram-neworleans/01-25-2023-1542161-A.jpg HTTP/1.1" 200 128001 "-" "facebookexternalhit/1.1 (+http://www.facebook.com/externalhit_uatext.php)" "www.metrocrimedaily.com"
69.63.184.119 - - [25/Jan/2023:13:43:03 -0800] "GET /instagram-dallas/01-25-2023-1542421-A.jpg HTTP/1.1" 200 355944 "-" "facebookexternalhit/1.1 (+http://www.facebook.com/externalhit_uatext.php)" "www.metrocrimedaily.com"
51.222.253.18 - - [25/Jan/2023:13:44:25 -0800] "GET /CRIME-WATCH-AMERICA/CRIME-WATCH-DALLAS/INSTAGRAM-AUTOMATION/?C=M;O=A HTTP/1.1" 200 924 "-" "Mozilla/5.0 (compatible; AhrefsBot/7.0; +http://ahrefs.com/robot/)" "metrocrimedaily.com"
114.119.130.13 - - [25/Jan/2023:13:44:32 -0800] "GET /instagram-detroit/01-23-2023-2127122----It---s-been-awful-----Family-wants-answers-for.txt HTTP/1.1" 200 1083 "https://metrocrimedaily.com/instagram-detroit/?C=M%3BO%3DA" "Mozilla/5.0 (Linux; Android 7.0;) AppleWebKit/537.36 (KHTML, like Gecko) Mobile Safari/537.36 (compatible; PetalBot;+https://webmaster.petalsearch.com/site/petalbot)" "metrocrimedaily.com"
69.63.184.3 - - [25/Jan/2023:13:46:39 -0800] "GET /instagram-losangeles/01-25-2023-1546191-A.jpg HTTP/1.1" 200 146371 "-" "facebookexternalhit/1.1 (+http://www.facebook.com/externalhit_uatext.php)" "www.metrocrimedaily.com"
69.63.184.4 - - [25/Jan/2023:13:47:58 -0800] "GET /instagram-miami/01-25-2023-11402817-A.jpg HTTP/1.1" 200 80229 "-" "facebookexternalhit/1.1 (+http://www.facebook.com/externalhit_uatext.php)" "www.metrocrimedaily.com"
51.222.253.17 - - [25/Jan/2023:13:49:04 -0800] "GET /CRIME-WATCH-AMERICA/CRIME-WATCH-DALLAS/INSTAGRAM-AUTOMATION/?C=N;O=D HTTP/1.1" 200 921 "-" "Mozilla/5.0 (compatible; AhrefsBot/7.0; +http://ahrefs.com/robot/)" "metrocrimedaily.com"
69.63.184.120 - - [25/Jan/2023:13:50:17 -0800] "GET /instagram-memphis/01-25-2023-1534212-A.jpg HTTP/1.1" 200 110574 "-" "facebookexternalhit/1.1 (+http://www.facebook.com/externalhit_uatext.php)" "www.metrocrimedaily.com"
69.63.184.5 - - [25/Jan/2023:13:50:44 -0800] "GET /instagram-memphis/01-25-2023-1534213-A.jpg HTTP/1.1" 200 133786 "-" "facebookexternalhit/1.1 (+http://www.facebook.com/externalhit_uatext.php)" "www.metrocrimedaily.com"
51.222.253.16 - - [25/Jan/2023:13:53:58 -0800] "GET /CRIME-WATCH-AMERICA/CRIME-WATCH-DALLAS/INSTAGRAM-AUTOMATION/?C=S;O=A HTTP/1.1" 200 925 "-" "Mozilla/5.0 (compatible; AhrefsBot/7.0; +http://ahrefs.com/robot/)" "metrocrimedaily.com"
51.222.253.14 - - [25/Jan/2023:13:59:00 -0800] "GET /CRIME-WATCH-AMERICA/CRIME-WATCH-DALLAS/INSTAGRAM-AUTOMATION/IG-Caption1.txt HTTP/1.1" 200 698 "-" "Mozilla/5.0 (compatible; AhrefsBot/7.0; +http://ahrefs.com/robot/)" "metrocrimedaily.com"
69.63.184.119 - - [25/Jan/2023:14:00:39 -0800] "GET /instagram-houston/01-25-2023-1600191-A.jpg HTTP/1.1" 200 208557 "-" "facebookexternalhit/1.1 (+http://www.facebook.com/externalhit_uatext.php)" "www.metrocrimedaily.com"
69.63.184.120 - - [25/Jan/2023:14:01:37 -0800] "GET /instagram-atlanta/01-25-2023-1600511-A.jpg HTTP/1.1" 200 127696 "-" "facebookexternalhit/1.1 (+http://www.facebook.com/externalhit_uatext.php)" "www.metrocrimedaily.com"
69.63.184.119 - - [25/Jan/2023:14:02:04 -0800] "GET /instagram-atlanta/01-25-2023-1600512-A.jpg HTTP/1.1" 200 132171 "-" "facebookexternalhit/1.1 (+http://www.facebook.com/externalhit_uatext.php)" "www.metrocrimedaily.com"
69.63.184.120 - - [25/Jan/2023:14:02:13 -0800] "GET /instagram-losangeles/01-25-2023-1546192-A.jpg HTTP/1.1" 200 147190 "-" "facebookexternalhit/1.1 (+http://www.facebook.com/externalhit_uatext.php)" "www.metrocrimedaily.com"
69.63.184.4 - - [25/Jan/2023:14:02:34 -0800] "GET /instagram-atlanta/01-25-2023-1600513-A.jpg HTTP/1.1" 200 149133 "-" "facebookexternalhit/1.1 (+http://www.facebook.com/externalhit_uatext.php)" "www.metrocrimedaily.com"
69.63.184.117 - - [25/Jan/2023:14:03:03 -0800] "GET /instagram-atlanta/01-25-2023-1600514-A.jpg HTTP/1.1" 200 133378 "-" "facebookexternalhit/1.1 (+http://www.facebook.com/externalhit_uatext.php)" "www.metrocrimedaily.com"
69.63.184.119 - - [25/Jan/2023:14:03:31 -0800] "GET /instagram-miami/01-25-2023-11402818-A.jpg HTTP/1.1" 200 217023 "-" "facebookexternalhit/1.1 (+http://www.facebook.com/externalhit_uatext.php)" "www.metrocrimedaily.com"
69.63.184.117 - - [25/Jan/2023:14:03:33 -0800] "GET /instagram-atlanta/01-25-2023-1600515-A.jpg HTTP/1.1" 200 126897 "-" "facebookexternalhit/1.1 (+http://www.facebook.com/externalhit_uatext.php)" "www.metrocrimedaily.com"
51.222.253.4 - - [25/Jan/2023:14:04:08 -0800] "GET /CRIME-WATCH-AMERICA/CRIME-WATCH-DALLAS/INSTAGRAM-AUTOMATION/encoded-text-file.txt HTTP/1.1" 200 221 "-" "Mozilla/5.0 (compatible; AhrefsBot/7.0; +http://ahrefs.com/robot/)" "metrocrimedaily.com"
69.63.184.116 - - [25/Jan/2023:14:10:06 -0800] "GET /instagram-chicago/01-25-2023-1609451-A.jpg HTTP/1.1" 200 134681 "-" "facebookexternalhit/1.1 (+http://www.facebook.com/externalhit_uatext.php)" "www.metrocrimedaily.com"
69.63.184.2 - - [25/Jan/2023:14:10:35 -0800] "GET /instagram-chicago/01-25-2023-1609452-A.jpg HTTP/1.1" 200 173717 "-" "facebookexternalhit/1.1 (+http://www.facebook.com/externalhit_uatext.php)" "www.metrocrimedaily.com"
51.222.253.17 - - [25/Jan/2023:14:10:51 -0800] "GET /CRIME-WATCH-AMERICA/CRIME-WATCH-DALLAS/INSTAGRAM-AUTOMATION/fix-imagewith-imagemagick-RevB.bat HTTP/1.1" 200 6429 "-" "Mozilla/5.0 (compatible; AhrefsBot/7.0; +http://ahrefs.com/robot/)" "metrocrimedaily.com"
114.119.140.29 - - [25/Jan/2023:14:13:35 -0800] "GET /robots.txt HTTP/1.1" 404 88 "-" "Mozilla/5.0 (compatible;PetalBot;+https://webmaster.petalsearch.com/site/petalbot)" "metrocrimedaily.com"
36.91.100.149 - - [25/Jan/2023:14:13:43 -0800] "GET /wp-login.php HTTP/1.1" 404 88 "" "Mozilla/5.0 (Windows NT 10.0; Win64; x64; rv:108.0) Gecko/20100101 Firefox/108.0" "metrocrimedaily.com"
69.63.184.116 - - [25/Jan/2023:14:16:13 -0800] "GET /instagram-houston/01-25-2023-1600192-A.jpg HTTP/1.1" 200 234147 "-" "facebookexternalhit/1.1 (+http://www.facebook.com/externalhit_uatext.php)" "www.metrocrimedaily.com"
69.63.184.5 - - [25/Jan/2023:14:16:15 -0800] "GET /instagram-stlouis/01-25-2023-1615551-A.jpg HTTP/1.1" 200 257100 "-" "facebookexternalhit/1.1 (+http://www.facebook.com/externalhit_uatext.php)" "www.metrocrimedaily.com"
69.63.184.119 - - [25/Jan/2023:14:17:46 -0800] "GET /instagram-losangeles/01-25-2023-1546193-A.jpg HTTP/1.1" 200 60256 "-" "facebookexternalhit/1.1 (+http://www.facebook.com/externalhit_uatext.php)" "www.metrocrimedaily.com"
69.63.184.5 - - [25/Jan/2023:14:18:13 -0800] "GET /instagram-losangeles/01-25-2023-1546194-A.jpg HTTP/1.1" 200 237934 "-" "facebookexternalhit/1.1 (+http://www.facebook.com/externalhit_uatext.php)" "www.metrocrimedaily.com"
69.63.184.117 - - [25/Jan/2023:14:19:05 -0800] "GET /instagram-miami/01-25-2023-11402819-A.jpg HTTP/1.1" 200 104474 "-" "facebookexternalhit/1.1 (+http://www.facebook.com/externalhit_uatext.php)" "www.metrocrimedaily.com"
69.63.184.3 - - [25/Jan/2023:14:21:34 -0800] "GET /instagram-newyork/01-25-2023-1621141-A.jpg HTTP/1.1" 200 101524 "-" "facebookexternalhit/1.1 (+http://www.facebook.com/externalhit_uatext.php)" "www.metrocrimedaily.com"
51.222.253.19 - - [25/Jan/2023:14:22:05 -0800] "GET /CRIME-WATCH-AMERICA/CRIME-WATCH-DALLAS/INSTAGRAM-AUTOMATION/post-to-instagram-RevB.bat HTTP/1.1" 200 6010 "-" "Mozilla/5.0 (compatible; AhrefsBot/7.0; +http://ahrefs.com/robot/)" "metrocrimedaily.com"
69.63.184.116 - - [25/Jan/2023:14:22:12 -0800] "GET /instagram-detroit/01-25-2023-1621351-A.jpg HTTP/1.1" 200 215090 "-" "facebookexternalhit/1.1 (+http://www.facebook.com/externalhit_uatext.php)" "www.metrocrimedaily.com"
54.36.148.164 - - [25/Jan/2023:14:24:22 -0800] "GET /robots.txt HTTP/1.1" 404 88 "-" "Mozilla/5.0 (compatible; AhrefsBot/7.0; +http://ahrefs.com/robot/)" "metrocrimedaily.com"
51.222.253.20 - - [25/Jan/2023:14:27:08 -0800] "GET /CRIME-WATCH-AMERICA/CRIME-WATCH-CHICAGO/support/command-line-for-youtube-upload-videos HTTP/1.1" 200 1497 "-" "Mozilla/5.0 (compatible; AhrefsBot/7.0; +http://ahrefs.com/robot/)" "metrocrimedaily.com"
69.63.184.119 - - [25/Jan/2023:14:28:01 -0800] "GET /instagram-memphis/01-25-2023-1627411-A.jpg HTTP/1.1" 200 196044 "-" "facebookexternalhit/1.1 (+http://www.facebook.com/externalhit_uatext.php)" "www.metrocrimedaily.com"
69.63.184.120 - - [25/Jan/2023:14:28:28 -0800] "GET /instagram-memphis/01-25-2023-1627412-A.jpg HTTP/1.1" 200 302300 "-" "facebookexternalhit/1.1 (+http://www.facebook.com/externalhit_uatext.php)" "www.metrocrimedaily.com"
69.63.184.120 - - [25/Jan/2023:14:28:55 -0800] "GET /instagram-memphis/01-25-2023-1627413-A.jpg HTTP/1.1" 200 285602 "-" "facebookexternalhit/1.1 (+http://www.facebook.com/externalhit_uatext.php)" "www.metrocrimedaily.com"
69.63.184.3 - - [25/Jan/2023:14:29:22 -0800] "GET /instagram-memphis/01-25-2023-1627414-A.jpg HTTP/1.1" 200 198405 "-" "facebookexternalhit/1.1 (+http://www.facebook.com/externalhit_uatext.php)" "www.metrocrimedaily.com"
51.222.253.17 - - [25/Jan/2023:14:29:34 -0800] "GET /CRIME-WATCH-AMERICA/CRIME-WATCH-ATLANTA/INSTAGRAM-AUTOMATION/09-18-2022-1401231-Two-men-killed--two-arrested-in-Haltom-City-shoot.txt HTTP/1.1" 200 698 "-" "Mozilla/5.0 (compatible; AhrefsBot/7.0; +http://ahrefs.com/robot/)" "metrocrimedaily.com"
51.222.253.16 - - [25/Jan/2023:14:30:49 -0800] "GET /CRIME-WATCH-AMERICA/CRIME-WATCH-ATLANTA/INSTAGRAM-AUTOMATION/fix-imagewith-imagemagick-RevA.bat HTTP/1.1" 200 5338 "-" "Mozilla/5.0 (compatible; AhrefsBot/7.0; +http://ahrefs.com/robot/)" "metrocrimedaily.com"
69.63.184.118 - - [25/Jan/2023:14:31:46 -0800] "GET /instagram-houston/01-25-2023-1600193-A.jpg HTTP/1.1" 200 229041 "-" "facebookexternalhit/1.1 (+http://www.facebook.com/externalhit_uatext.php)" "www.metrocrimedaily.com"
69.63.184.116 - - [25/Jan/2023:14:34:40 -0800] "GET /instagram-miami/01-25-2023-11402820-A.jpg HTTP/1.1" 200 93892 "-" "facebookexternalhit/1.1 (+http://www.facebook.com/externalhit_uatext.php)" "www.metrocrimedaily.com"
51.222.253.14 - - [25/Jan/2023:14:36:46 -0800] "GET /CRIME-WATCH-AMERICA/CRIME-WATCH-CHICAGO/support/?C=N;O=D HTTP/1.1" 200 876 "-" "Mozilla/5.0 (compatible; AhrefsBot/7.0; +http://ahrefs.com/robot/)" "metrocrimedaily.com"
76.184.252.42 - - [25/Jan/2023:14:37:43 -0800] "GET /images/police-tape.jpg HTTP/1.1" 200 50766 "-" "Wget/1.20.3 (mingw32)" "metrocrimedaily.com"
51.222.253.16 - - [25/Jan/2023:14:37:53 -0800] "GET /CRIME-WATCH-AMERICA/CRIME-WATCH-DALLAS/INSTAGRAM-AUTOMATION/post-to-instagram-RevC.bat HTTP/1.1" 200 6398 "-" "Mozilla/5.0 (compatible; AhrefsBot/7.0; +http://ahrefs.com/robot/)" "metrocrimedaily.com"
69.63.184.1 - - [25/Jan/2023:14:37:57 -0800] "GET /instagram-detroit/01-25-2023-1621352-A.jpg HTTP/1.1" 200 53461 "-" "facebookexternalhit/1.1 (+http://www.facebook.com/externalhit_uatext.php)" "www.metrocrimedaily.com"
174.210.224.19 - - [25/Jan/2023:14:38:53 -0800] "GET / HTTP/1.1" 200 164218 "-" "Mozilla/5.0 (iPhone; CPU iPhone OS 14_6 like Mac OS X) AppleWebKit/605.1.15 (KHTML, like Gecko) Version/14.1.1 Mobile/15E148 Safari/604.1" "www.metrocrimedaily.com"
174.210.224.19 - - [25/Jan/2023:14:38:54 -0800] "GET /styles-mcd.css HTTP/1.1" 200 1159 "http://www.metrocrimedaily.com/" "Mozilla/5.0 (iPhone; CPU iPhone OS 14_6 like Mac OS X) AppleWebKit/605.1.15 (KHTML, like Gecko) Version/14.1.1 Mobile/15E148 Safari/604.1" "www.metrocrimedaily.com"
174.210.224.19 - - [25/Jan/2023:14:38:54 -0800] "GET /images/crimeinthed-logo.jpg HTTP/1.1" 200 14960 "http://www.metrocrimedaily.com/" "Mozilla/5.0 (iPhone; CPU iPhone OS 14_6 like Mac OS X) AppleWebKit/605.1.15 (KHTML, like Gecko) Version/14.1.1 Mobile/15E148 Safari/604.1" "www.metrocrimedaily.com"
174.210.224.19 - - [25/Jan/2023:14:38:54 -0800] "GET /images/police-tape.jpg HTTP/1.1" 200 50766 "http://www.metrocrimedaily.com/" "Mozilla/5.0 (iPhone; CPU iPhone OS 14_6 like Mac OS X) AppleWebKit/605.1.15 (KHTML, like Gecko) Version/14.1.1 Mobile/15E148 Safari/604.1" "metrocrimedaily.com"
174.210.224.19 - - [25/Jan/2023:14:38:54 -0800] "GET /images/facebook-logo-tiny.png HTTP/1.1" 200 1280 "http://www.metrocrimedaily.com/" "Mozilla/5.0 (iPhone; CPU iPhone OS 14_6 like Mac OS X) AppleWebKit/605.1.15 (KHTML, like Gecko) Version/14.1.1 Mobile/15E148 Safari/604.1" "www.metrocrimedaily.com"
174.210.224.19 - - [25/Jan/2023:14:38:54 -0800] "GET /images/twitter-logo-b-tiny.png HTTP/1.1" 200 1600 "http://www.metrocrimedaily.com/" "Mozilla/5.0 (iPhone; CPU iPhone OS 14_6 like Mac OS X) AppleWebKit/605.1.15 (KHTML, like Gecko) Version/14.1.1 Mobile/15E148 Safari/604.1" "www.metrocrimedaily.com"
51.222.253.19 - - [25/Jan/2023:14:40:42 -0800] "GET /CRIME-WATCH-AMERICA/CRIME-WATCH-DALLAS/INSTAGRAM-AUTOMATION/unencoded-RevA.bat HTTP/1.1" 200 2808 "-" "Mozilla/5.0 (compatible; AhrefsBot/7.0; +http://ahrefs.com/robot/)" "metrocrimedaily.com"
69.63.184.2 - - [25/Jan/2023:14:41:59 -0800] "GET /instagram-dallas/01-25-2023-1641381-A.jpg HTTP/1.1" 200 223676 "-" "facebookexternalhit/1.1 (+http://www.facebook.com/externalhit_uatext.php)" "www.metrocrimedaily.com"
51.222.253.7 - - [25/Jan/2023:14:43:30 -0800] "GET /CRIME-WATCH-AMERICA/CRIME-WATCH-DALLAS/INSTAGRAM-AUTOMATION/unencoded-RevB.bat HTTP/1.1" 200 3082 "-" "Mozilla/5.0 (compatible; AhrefsBot/7.0; +http://ahrefs.com/robot/)" "metrocrimedaily.com"
51.222.253.17 - - [25/Jan/2023:14:46:24 -0800] "GET /CRIME-WATCH-AMERICA/CRIME-WATCH-DALLAS/INSTAGRAM-AUTOMATION/unencoded-RevC.bat HTTP/1.1" 200 3415 "-" "Mozilla/5.0 (compatible; AhrefsBot/7.0; +http://ahrefs.com/robot/)" "metrocrimedaily.com"
69.63.184.5 - - [25/Jan/2023:14:47:19 -0800] "GET /instagram-houston/01-25-2023-1600194-A.jpg HTTP/1.1" 200 129692 "-" "facebookexternalhit/1.1 (+http://www.facebook.com/externalhit_uatext.php)" "www.metrocrimedaily.com"
51.222.253.15 - - [25/Jan/2023:14:49:13 -0800] "GET /CRIME-WATCH-AMERICA/CRIME-WATCH-DALLAS/INSTAGRAM-AUTOMATION/unencoded-text-file.txt HTTP/1.1" 200 295 "-" "Mozilla/5.0 (compatible; AhrefsBot/7.0; +http://ahrefs.com/robot/)" "metrocrimedaily.com"
69.63.184.118 - - [25/Jan/2023:14:50:12 -0800] "GET /instagram-stlouis/01-25-2023-1649521-A.jpg HTTP/1.1" 200 240056 "-" "facebookexternalhit/1.1 (+http://www.facebook.com/externalhit_uatext.php)" "www.metrocrimedaily.com"
69.63.184.116 - - [25/Jan/2023:14:50:15 -0800] "GET /instagram-miami/01-25-2023-11402821-A.jpg HTTP/1.1" 200 96307 "-" "facebookexternalhit/1.1 (+http://www.facebook.com/externalhit_uatext.php)" "www.metrocrimedaily.com"
69.63.184.117 - - [25/Jan/2023:14:50:39 -0800] "GET /instagram-stlouis/01-25-2023-1649522-A.jpg HTTP/1.1" 200 95544 "-" "facebookexternalhit/1.1 (+http://www.facebook.com/externalhit_uatext.php)" "www.metrocrimedaily.com"
69.63.184.118 - - [25/Jan/2023:14:50:46 -0800] "GET /instagram-atlanta/01-25-2023-1650101-A.jpg HTTP/1.1" 200 61665 "-" "facebookexternalhit/1.1 (+http://www.facebook.com/externalhit_uatext.php)" "www.metrocrimedaily.com"
69.63.184.116 - - [25/Jan/2023:14:51:06 -0800] "GET /instagram-stlouis/01-25-2023-1649523-A.jpg HTTP/1.1" 200 255673 "-" "facebookexternalhit/1.1 (+http://www.facebook.com/externalhit_uatext.php)" "www.metrocrimedaily.com"
69.63.184.116 - - [25/Jan/2023:14:51:15 -0800] "GET /instagram-atlanta/01-25-2023-1650102-A.jpg HTTP/1.1" 200 176770 "-" "facebookexternalhit/1.1 (+http://www.facebook.com/externalhit_uatext.php)" "www.metrocrimedaily.com"
69.63.184.3 - - [25/Jan/2023:14:51:43 -0800] "GET /instagram-atlanta/01-25-2023-1650103-A.jpg HTTP/1.1" 200 88934 "-" "facebookexternalhit/1.1 (+http://www.facebook.com/externalhit_uatext.php)" "www.metrocrimedaily.com"
69.63.184.118 - - [25/Jan/2023:14:52:12 -0800] "GET /instagram-atlanta/01-25-2023-1650104-A.jpg HTTP/1.1" 200 110283 "-" "facebookexternalhit/1.1 (+http://www.facebook.com/externalhit_uatext.php)" "www.metrocrimedaily.com"
69.63.184.118 - - [25/Jan/2023:14:53:34 -0800] "GET /instagram-detroit/01-25-2023-1621353-A.jpg HTTP/1.1" 200 244739 "-" "facebookexternalhit/1.1 (+http://www.facebook.com/externalhit_uatext.php)" "www.metrocrimedaily.com"
51.222.253.12 - - [25/Jan/2023:14:54:40 -0800] "GET /CRIME-WATCH-AMERICA/CRIME-WATCH-DALLAS/INSTAGRAM-AUTOMATION/?C=D;O=D HTTP/1.1" 200 921 "-" "Mozilla/5.0 (compatible; AhrefsBot/7.0; +http://ahrefs.com/robot/)" "metrocrimedaily.com"
207.46.13.23 - - [25/Jan/2023:14:56:38 -0800] "GET /index-miami.html HTTP/1.1" 200 21388 "-" "Mozilla/5.0 AppleWebKit/537.36 (KHTML, like Gecko; compatible; bingbot/2.0; +http://www.bing.com/bingbot.htm) Chrome/103.0.5060.134 Safari/537.36" "metrocrimedaily.com"
69.63.184.1 - - [25/Jan/2023:14:57:36 -0800] "GET /instagram-dallas/01-25-2023-1641382-A.jpg HTTP/1.1" 200 203384 "-" "facebookexternalhit/1.1 (+http://www.facebook.com/externalhit_uatext.php)" "www.metrocrimedaily.com"
51.222.253.10 - - [25/Jan/2023:14:57:37 -0800] "GET /CRIME-WATCH-AMERICA/CRIME-WATCH-DALLAS/INSTAGRAM-AUTOMATION/?C=M;O=D HTTP/1.1" 200 928 "-" "Mozilla/5.0 (compatible; AhrefsBot/7.0; +http://ahrefs.com/robot/)" "metrocrimedaily.com"
35.128.30.230 - - [25/Jan/2023:14:58:26 -0800] "GET / HTTP/1.1" 200 164218 "-" "Mozilla/5.0 (iPhone; CPU iPhone OS 14_6 like Mac OS X) AppleWebKit/605.1.15 (KHTML, like Gecko) Version/14.1.1 Mobile/15E148 Safari/604.1" "www.metrocrimedaily.com"
35.128.30.230 - - [25/Jan/2023:14:58:26 -0800] "GET /images/crimeinthed-logo.jpg HTTP/1.1" 200 14960 "http://www.metrocrimedaily.com/" "Mozilla/5.0 (iPhone; CPU iPhone OS 14_6 like Mac OS X) AppleWebKit/605.1.15 (KHTML, like Gecko) Version/14.1.1 Mobile/15E148 Safari/604.1" "www.metrocrimedaily.com"
35.128.30.230 - - [25/Jan/2023:14:58:26 -0800] "GET /images/facebook-logo-tiny.png HTTP/1.1" 200 1280 "http://www.metrocrimedaily.com/" "Mozilla/5.0 (iPhone; CPU iPhone OS 14_6 like Mac OS X) AppleWebKit/605.1.15 (KHTML, like Gecko) Version/14.1.1 Mobile/15E148 Safari/604.1" "www.metrocrimedaily.com"
69.63.184.120 - - [25/Jan/2023:14:58:59 -0800] "GET /instagram-memphis/01-25-2023-1658391-A.jpg HTTP/1.1" 200 119132 "-" "facebookexternalhit/1.1 (+http://www.facebook.com/externalhit_uatext.php)" "www.metrocrimedaily.com"
69.63.184.4 - - [25/Jan/2023:15:02:52 -0800] "GET /instagram-houston/01-25-2023-1600195-A.jpg HTTP/1.1" 200 264180 "-" "facebookexternalhit/1.1 (+http://www.facebook.com/externalhit_uatext.php)" "www.metrocrimedaily.com"
69.63.184.119 - - [25/Jan/2023:15:03:23 -0800] "GET /instagram-losangeles/01-25-2023-1703031-A.jpg HTTP/1.1" 200 287708 "-" "facebookexternalhit/1.1 (+http://www.facebook.com/externalhit_uatext.php)" "www.metrocrimedaily.com"
69.63.184.119 - - [25/Jan/2023:15:05:50 -0800] "GET /instagram-miami/01-25-2023-11402822-A.jpg HTTP/1.1" 200 184782 "-" "facebookexternalhit/1.1 (+http://www.facebook.com/externalhit_uatext.php)" "www.metrocrimedaily.com"
207.180.230.207 - - [25/Jan/2023:15:08:40 -0800] "GET /wp-login.php HTTP/1.1" 404 88 "" "Mozilla/5.0 (Windows NT 10.0; Win64; x64; rv:108.0) Gecko/20100101 Firefox/108.0" "metrocrimedaily.com"
69.63.184.117 - - [25/Jan/2023:15:09:08 -0800] "GET /instagram-detroit/01-25-2023-1621354-A.jpg HTTP/1.1" 200 146982 "-" "facebookexternalhit/1.1 (+http://www.facebook.com/externalhit_uatext.php)" "www.metrocrimedaily.com"
76.184.252.42 - - [25/Jan/2023:15:09:27 -0800] "GET /images/police-tape.jpg HTTP/1.1" 200 50766 "-" "Wget/1.20.3 (mingw32)" "metrocrimedaily.com"
69.63.184.5 - - [25/Jan/2023:15:09:40 -0800] "GET /instagram-detroit/01-25-2023-1621355-A.jpg HTTP/1.1" 200 53216 "-" "facebookexternalhit/1.1 (+http://www.facebook.com/externalhit_uatext.php)" "www.metrocrimedaily.com"
69.63.184.2 - - [25/Jan/2023:15:10:09 -0800] "GET /instagram-detroit/01-25-2023-1621356-A.jpg HTTP/1.1" 200 221051 "-" "facebookexternalhit/1.1 (+http://www.facebook.com/externalhit_uatext.php)" "www.metrocrimedaily.com"
69.63.184.117 - - [25/Jan/2023:15:10:35 -0800] "GET /instagram-newyork/01-25-2023-1710151-A.jpg HTTP/1.1" 200 106755 "-" "facebookexternalhit/1.1 (+http://www.facebook.com/externalhit_uatext.php)" "www.metrocrimedaily.com"
69.63.184.2 - - [25/Jan/2023:15:11:25 -0800] "GET /instagram-chicago/01-25-2023-1711021-A.jpg HTTP/1.1" 200 227475 "-" "facebookexternalhit/1.1 (+http://www.facebook.com/externalhit_uatext.php)" "www.metrocrimedaily.com"
69.63.184.120 - - [25/Jan/2023:15:13:11 -0800] "GET /instagram-dallas/01-25-2023-1641383-A.jpg HTTP/1.1" 200 153589 "-" "facebookexternalhit/1.1 (+http://www.facebook.com/externalhit_uatext.php)" "www.metrocrimedaily.com"
69.63.184.117 - - [25/Jan/2023:15:14:32 -0800] "GET /instagram-memphis/01-25-2023-1658392-A.jpg HTTP/1.1" 200 104079 "-" "facebookexternalhit/1.1 (+http://www.facebook.com/externalhit_uatext.php)" "www.metrocrimedaily.com"
51.222.253.6 - - [25/Jan/2023:15:16:29 -0800] "GET /CRIME-WATCH-AMERICA/CRIME-WATCH-ATLANTA/INSTAGRAM-AUTOMATION/?C=M;O=D HTTP/1.1" 200 1001 "-" "Mozilla/5.0 (compatible; AhrefsBot/7.0; +http://ahrefs.com/robot/)" "metrocrimedaily.com"
69.63.184.4 - - [25/Jan/2023:15:18:10 -0800] "GET /instagram-neworleans/01-25-2023-1717501-A.jpg HTTP/1.1" 200 101693 "-" "facebookexternalhit/1.1 (+http://www.facebook.com/externalhit_uatext.php)" "www.metrocrimedaily.com"
69.63.184.4 - - [25/Jan/2023:15:18:24 -0800] "GET /instagram-houston/01-25-2023-1600196-A.jpg HTTP/1.1" 200 122898 "-" "facebookexternalhit/1.1 (+http://www.facebook.com/externalhit_uatext.php)" "www.metrocrimedaily.com"
69.63.184.119 - - [25/Jan/2023:15:18:55 -0800] "GET /instagram-losangeles/01-25-2023-1703032-A.jpg HTTP/1.1" 200 862451 "-" "facebookexternalhit/1.1 (+http://www.facebook.com/externalhit_uatext.php)" "www.metrocrimedaily.com"
69.63.184.118 - - [25/Jan/2023:15:21:23 -0800] "GET /instagram-miami/01-25-2023-11402823-A.jpg HTTP/1.1" 200 85220 "-" "facebookexternalhit/1.1 (+http://www.facebook.com/externalhit_uatext.php)" "www.metrocrimedaily.com"
51.222.253.9 - - [25/Jan/2023:15:21:45 -0800] "GET /CRIME-WATCH-AMERICA/CRIME-WATCH-ATLANTA/INSTAGRAM-AUTOMATION/?C=S;O=D HTTP/1.1" 200 1007 "-" "Mozilla/5.0 (compatible; AhrefsBot/7.0; +http://ahrefs.com/robot/)" "metrocrimedaily.com"
69.63.184.116 - - [25/Jan/2023:15:28:43 -0800] "GET /instagram-dallas/01-25-2023-1641384-A.jpg HTTP/1.1" 200 222800 "-" "facebookexternalhit/1.1 (+http://www.facebook.com/externalhit_uatext.php)" "www.metrocrimedaily.com"
69.63.184.113 - - [25/Jan/2023:15:30:58 -0800] "GET /instagram-stlouis/01-25-2023-1730381-A.jpg HTTP/1.1" 200 212153 "-" "facebookexternalhit/1.1 (+http://www.facebook.com/externalhit_uatext.php)" "www.metrocrimedaily.com"
69.63.184.2 - - [25/Jan/2023:15:31:26 -0800] "GET /instagram-stlouis/01-25-2023-1730382-A.jpg HTTP/1.1" 200 358940 "-" "facebookexternalhit/1.1 (+http://www.facebook.com/externalhit_uatext.php)" "www.metrocrimedaily.com"
69.63.184.119 - - [25/Jan/2023:15:31:54 -0800] "GET /instagram-stlouis/01-25-2023-1730383-A.jpg HTTP/1.1" 200 146070 "-" "facebookexternalhit/1.1 (+http://www.facebook.com/externalhit_uatext.php)" "www.metrocrimedaily.com"
69.63.184.1 - - [25/Jan/2023:15:32:22 -0800] "GET /instagram-stlouis/01-25-2023-1730384-A.jpg HTTP/1.1" 200 278580 "-" "facebookexternalhit/1.1 (+http://www.facebook.com/externalhit_uatext.php)" "www.metrocrimedaily.com"
69.63.184.117 - - [25/Jan/2023:15:32:48 -0800] "GET /instagram-stlouis/01-25-2023-1730385-A.jpg HTTP/1.1" 200 197608 "-" "facebookexternalhit/1.1 (+http://www.facebook.com/externalhit_uatext.php)" "www.metrocrimedaily.com"
207.46.13.23 - - [25/Jan/2023:15:32:53 -0800] "GET /index-chicago.html HTTP/1.1" 200 17379 "-" "Mozilla/5.0 AppleWebKit/537.36 (KHTML, like Gecko; compatible; bingbot/2.0; +http://www.bing.com/bingbot.htm) Chrome/103.0.5060.134 Safari/537.36" "metrocrimedaily.com"
51.222.253.12 - - [25/Jan/2023:15:33:31 -0800] "GET /CRIME-WATCH-AMERICA/CRIME-WATCH-ATLANTA/mcd-citd-lnkpreview-RevC.bat HTTP/1.1" 200 13195 "-" "Mozilla/5.0 (compatible; AhrefsBot/7.0; +http://ahrefs.com/robot/)" "metrocrimedaily.com"
69.63.184.1 - - [25/Jan/2023:15:34:27 -0800] "GET /instagram-losangeles/01-25-2023-1703033-A.jpg HTTP/1.1" 200 110804 "-" "facebookexternalhit/1.1 (+http://www.facebook.com/externalhit_uatext.php)" "www.metrocrimedaily.com"
69.63.184.116 - - [25/Jan/2023:15:34:53 -0800] "GET /instagram-losangeles/01-25-2023-1703034-A.jpg HTTP/1.1" 200 193750 "-" "facebookexternalhit/1.1 (+http://www.facebook.com/externalhit_uatext.php)" "www.metrocrimedaily.com"
69.63.184.2 - - [25/Jan/2023:15:35:21 -0800] "GET /instagram-losangeles/01-25-2023-1703035-A.jpg HTTP/1.1" 200 71614 "-" "facebookexternalhit/1.1 (+http://www.facebook.com/externalhit_uatext.php)" "www.metrocrimedaily.com"
69.63.184.116 - - [25/Jan/2023:15:36:55 -0800] "GET /instagram-miami/01-25-2023-11402824-A.jpg HTTP/1.1" 200 167229 "-" "facebookexternalhit/1.1 (+http://www.facebook.com/externalhit_uatext.php)" "www.metrocrimedaily.com"
69.63.184.119 - - [25/Jan/2023:15:41:37 -0800] "GET /instagram-chicago/01-25-2023-1741151-A.jpg HTTP/1.1" 200 227475 "-" "facebookexternalhit/1.1 (+http://www.facebook.com/externalhit_uatext.php)" "www.metrocrimedaily.com"
51.222.253.17 - - [25/Jan/2023:15:42:40 -0800] "GET /CRIME-WATCH-AMERICA/CRIME-WATCH-ATLANTA/sendemail-RevC.bat HTTP/1.1" 200 505 "-" "Mozilla/5.0 (compatible; AhrefsBot/7.0; +http://ahrefs.com/robot/)" "metrocrimedaily.com"
69.63.184.5 - - [25/Jan/2023:15:46:17 -0800] "GET /instagram-atlanta/01-25-2023-1745391-A.jpg HTTP/1.1" 200 59631 "-" "facebookexternalhit/1.1 (+http://www.facebook.com/externalhit_uatext.php)" "www.metrocrimedaily.com"
69.63.184.3 - - [25/Jan/2023:15:46:43 -0800] "GET /instagram-atlanta/01-25-2023-1745392-A.jpg HTTP/1.1" 200 62246 "-" "facebookexternalhit/1.1 (+http://www.facebook.com/externalhit_uatext.php)" "www.metrocrimedaily.com"
40.88.21.235 - - [25/Jan/2023:15:46:45 -0800] "GET / HTTP/1.1" 200 165206 "http://metrocrimedaily.com/" "Mozilla/5.0 (compatible; DuckDuckGo-Favicons-Bot/1.0; +http://duckduckgo.com)" "metrocrimedaily.com"
40.88.21.235 - - [25/Jan/2023:15:46:45 -0800] "GET /favicon.ico HTTP/1.1" 404 88 "http://metrocrimedaily.com/favicon.ico" "Mozilla/5.0 (compatible; DuckDuckGo-Favicons-Bot/1.0; +http://duckduckgo.com)" "metrocrimedaily.com"
69.63.184.3 - - [25/Jan/2023:15:47:09 -0800] "GET /instagram-atlanta/01-25-2023-1745393-A.jpg HTTP/1.1" 200 62246 "-" "facebookexternalhit/1.1 (+http://www.facebook.com/externalhit_uatext.php)" "www.metrocrimedaily.com"
69.63.184.3 - - [25/Jan/2023:15:47:34 -0800] "GET /instagram-atlanta/01-25-2023-1745394-A.jpg HTTP/1.1" 200 62246 "-" "facebookexternalhit/1.1 (+http://www.facebook.com/externalhit_uatext.php)" "www.metrocrimedaily.com"
103.55.39.107 - - [25/Jan/2023:15:47:39 -0800] "GET /wp-login.php HTTP/1.1" 404 88 "" "Mozilla/5.0 (Windows NT 10.0; Win64; x64; rv:108.0) Gecko/20100101 Firefox/108.0" "metrocrimedaily.com"
69.63.184.2 - - [25/Jan/2023:15:48:00 -0800] "GET /instagram-atlanta/01-25-2023-1745395-A.jpg HTTP/1.1" 200 111034 "-" "facebookexternalhit/1.1 (+http://www.facebook.com/externalhit_uatext.php)" "www.metrocrimedaily.com"
69.63.184.120 - - [25/Jan/2023:15:48:31 -0800] "GET /instagram-atlanta/01-25-2023-1745396-A.jpg HTTP/1.1" 200 141885 "-" "facebookexternalhit/1.1 (+http://www.facebook.com/externalhit_uatext.php)" "www.metrocrimedaily.com"
51.222.253.7 - - [25/Jan/2023:15:48:33 -0800] "GET /CRIME-WATCH-AMERICA/CRIME-WATCH-DALLAS/send-email-to-kim-iPhone.bat HTTP/1.1" 200 3995 "-" "Mozilla/5.0 (compatible; AhrefsBot/7.0; +http://ahrefs.com/robot/)" "metrocrimedaily.com"
69.63.184.2 - - [25/Jan/2023:15:48:59 -0800] "GET /instagram-atlanta/01-25-2023-1745397-A.jpg HTTP/1.1" 200 159594 "-" "facebookexternalhit/1.1 (+http://www.facebook.com/externalhit_uatext.php)" "www.metrocrimedaily.com"
51.222.253.3 - - [25/Jan/2023:15:51:12 -0800] "GET /CRIME-WATCH-AMERICA/CRIME-WATCH-ATLANTA/INSTAGRAM-AUTOMATION/ HTTP/1.1" 200 1009 "-" "Mozilla/5.0 (compatible; AhrefsBot/7.0; +http://ahrefs.com/robot/)" "www.metrocrimedaily.com"
69.63.184.119 - - [25/Jan/2023:15:52:26 -0800] "GET /instagram-miami/01-25-2023-11402825-A.jpg HTTP/1.1" 200 167229 "-" "facebookexternalhit/1.1 (+http://www.facebook.com/externalhit_uatext.php)" "www.metrocrimedaily.com"
51.222.253.19 - - [25/Jan/2023:15:54:25 -0800] "GET /CRIME-WATCH-AMERICA/CRIME-WATCH-ATLANTA/INSTAGRAM-AUTOMATION/ HTTP/1.1" 200 1009 "-" "Mozilla/5.0 (compatible; AhrefsBot/7.0; +http://ahrefs.com/robot/)" "www.metrocrimedaily.com"
