51.222.253.2 - - [24/Jan/2023:22:37:50 -0800] "GET /instagram-stlouis/01-23-2023-1506454-Man-who-rested-feet-on-desk-in-Pelosi-s-office-on.txt HTTP/1.1" 200 853 "-" "Mozilla/5.0 (compatible; AhrefsBot/7.0; +http://ahrefs.com/robot/)" "www.metrocrimedaily.com"
51.222.253.9 - - [24/Jan/2023:22:38:24 -0800] "GET /instagram-stlouis/01-23-2023-1654034-2-students-killed--teacher-injured-in----targeted.txt HTTP/1.1" 200 1102 "-" "Mozilla/5.0 (compatible; AhrefsBot/7.0; +http://ahrefs.com/robot/)" "www.metrocrimedaily.com"
51.222.253.13 - - [24/Jan/2023:22:38:54 -0800] "GET /instagram-stlouis/01-23-2023-1654035-2-students-dead--teacher-injured-in-shooting-at-I.txt HTTP/1.1" 200 1082 "-" "Mozilla/5.0 (compatible; AhrefsBot/7.0; +http://ahrefs.com/robot/)" "www.metrocrimedaily.com"
51.222.253.15 - - [24/Jan/2023:22:39:25 -0800] "GET /instagram-stlouis/01-23-2023-1937544-Man-guilty-of-manslaughter-in--road-rage--shootin.txt HTTP/1.1" 200 1111 "-" "Mozilla/5.0 (compatible; AhrefsBot/7.0; +http://ahrefs.com/robot/)" "www.metrocrimedaily.com"
69.63.184.1 - - [24/Jan/2023:22:39:29 -0800] "GET /instagram-detroit/01-24-2023-2249497-A.jpg HTTP/1.1" 200 57586 "-" "facebookexternalhit/1.1 (+http://www.facebook.com/externalhit_uatext.php)" "www.metrocrimedaily.com"
51.222.253.6 - - [24/Jan/2023:22:39:53 -0800] "GET /instagram-stlouis/?C=S;O=A HTTP/1.1" 200 3164 "-" "Mozilla/5.0 (compatible; AhrefsBot/7.0; +http://ahrefs.com/robot/)" "www.metrocrimedaily.com"
51.222.253.18 - - [24/Jan/2023:22:40:29 -0800] "GET /instagram-stlouis/post-later/ HTTP/1.1" 200 1333 "-" "Mozilla/5.0 (compatible; AhrefsBot/7.0; +http://ahrefs.com/robot/)" "www.metrocrimedaily.com"
69.63.184.117 - - [24/Jan/2023:22:40:32 -0800] "GET /instagram-stlouis/01-24-2023-2338384-A.jpg HTTP/1.1" 200 145128 "-" "facebookexternalhit/1.1 (+http://www.facebook.com/externalhit_uatext.php)" "www.metrocrimedaily.com"
51.222.253.9 - - [24/Jan/2023:22:40:56 -0800] "GET /instagram-stlouis/videos/ HTTP/1.1" 200 664 "-" "Mozilla/5.0 (compatible; AhrefsBot/7.0; +http://ahrefs.com/robot/)" "www.metrocrimedaily.com"
69.63.184.117 - - [24/Jan/2023:22:41:14 -0800] "GET /instagram-atlanta/01-24-2023-21022514-A.jpg HTTP/1.1" 200 147219 "-" "facebookexternalhit/1.1 (+http://www.facebook.com/externalhit_uatext.php)" "www.metrocrimedaily.com"
51.222.253.5 - - [24/Jan/2023:22:41:26 -0800] "GET /instagram-memphis/01-23-2023-1444171-Monterey-Park-shooting--Man-who-disarmed-suspecte.txt HTTP/1.1" 200 1100 "-" "Mozilla/5.0 (compatible; AhrefsBot/7.0; +http://ahrefs.com/robot/)" "www.metrocrimedaily.com"
51.222.253.9 - - [24/Jan/2023:22:42:00 -0800] "GET /instagram-memphis/01-23-2023-1556356-Ben-Crump-calls-video-of-Tyre-Nichols-arrest-by-M.txt HTTP/1.1" 200 208 "-" "Mozilla/5.0 (compatible; AhrefsBot/7.0; +http://ahrefs.com/robot/)" "www.metrocrimedaily.com"
51.222.253.7 - - [24/Jan/2023:22:42:30 -0800] "GET /instagram-memphis/01-23-2023-1805231-Body-identified-as-missing-Haywood-County-woman-B.txt HTTP/1.1" 200 53 "-" "Mozilla/5.0 (compatible; AhrefsBot/7.0; +http://ahrefs.com/robot/)" "www.metrocrimedaily.com"
114.119.158.83 - - [24/Jan/2023:22:42:37 -0800] "GET /instagram-detroit/01-12-2023-1633583-Dingell-remembers-heartbreak-after-entire-family-.txt HTTP/1.1" 404 88 "https://metrocrimedaily.com/instagram-detroit/" "Mozilla/5.0 (Linux; Android 7.0;) AppleWebKit/537.36 (KHTML, like Gecko) Mobile Safari/537.36 (compatible; PetalBot;+https://webmaster.petalsearch.com/site/petalbot)" "metrocrimedaily.com"
51.222.253.7 - - [24/Jan/2023:22:43:00 -0800] "GET /instagram-memphis/01-23-2023-1805233-Four-Oath-Keepers-convicted-of-Jan.-6-seditious-c.txt HTTP/1.1" 200 1096 "-" "Mozilla/5.0 (compatible; AhrefsBot/7.0; +http://ahrefs.com/robot/)" "www.metrocrimedaily.com"
51.222.253.11 - - [24/Jan/2023:22:43:30 -0800] "GET /instagram-memphis/?C=D;O=A HTTP/1.1" 200 2977 "-" "Mozilla/5.0 (compatible; AhrefsBot/7.0; +http://ahrefs.com/robot/)" "www.metrocrimedaily.com"
51.222.253.20 - - [24/Jan/2023:22:44:04 -0800] "GET /instagram-memphis/?C=S;O=A HTTP/1.1" 200 3036 "-" "Mozilla/5.0 (compatible; AhrefsBot/7.0; +http://ahrefs.com/robot/)" "www.metrocrimedaily.com"
51.222.253.7 - - [24/Jan/2023:22:44:35 -0800] "GET /instagram-memphis/ig-memphis-stories-to-post-later.txt HTTP/1.1" 200 5672 "-" "Mozilla/5.0 (compatible; AhrefsBot/7.0; +http://ahrefs.com/robot/)" "www.metrocrimedaily.com"
69.63.184.117 - - [24/Jan/2023:22:44:44 -0800] "GET /instagram-chicago/01-24-2023-20355116-A.jpg HTTP/1.1" 200 224587 "-" "facebookexternalhit/1.1 (+http://www.facebook.com/externalhit_uatext.php)" "www.metrocrimedaily.com"
51.222.253.13 - - [24/Jan/2023:22:45:09 -0800] "GET /instagram-neworleans/post-later/01-24-2023-2127235-Suspects-in-Tulane-armed-robberies-arrested-.txt HTTP/1.1" 200 738 "-" "Mozilla/5.0 (compatible; AhrefsBot/7.0; +http://ahrefs.com/robot/)" "www.metrocrimedaily.com"
51.222.253.16 - - [24/Jan/2023:22:45:41 -0800] "GET /instagram-neworleans/post-later/?C=S;O=D HTTP/1.1" 200 950 "-" "Mozilla/5.0 (compatible; AhrefsBot/7.0; +http://ahrefs.com/robot/)" "www.metrocrimedaily.com"
51.222.253.18 - - [24/Jan/2023:22:46:12 -0800] "GET /instagram-houston/01-23-2023-1937042-Des-Moines-school-shooting--2-students-dead--1-ad.txt HTTP/1.1" 200 1028 "-" "Mozilla/5.0 (compatible; AhrefsBot/7.0; +http://ahrefs.com/robot/)" "www.metrocrimedaily.com"
51.222.253.20 - - [24/Jan/2023:22:46:48 -0800] "GET /instagram-houston/01-23-2023-1937043-The-worst-mass-shootings-in-the-US-last-year-.txt HTTP/1.1" 200 1056 "-" "Mozilla/5.0 (compatible; AhrefsBot/7.0; +http://ahrefs.com/robot/)" "www.metrocrimedaily.com"
51.222.253.3 - - [24/Jan/2023:22:47:23 -0800] "GET /instagram-houston/01-23-2023-1937046-Woman-wants-workers-charged--says-she-was-assault.txt HTTP/1.1" 200 204 "-" "Mozilla/5.0 (compatible; AhrefsBot/7.0; +http://ahrefs.com/robot/)" "www.metrocrimedaily.com"
51.222.253.11 - - [24/Jan/2023:22:47:53 -0800] "GET /instagram-houston/01-24-2023-1555231-New-staff-city-attorney-hired-in-Wheaton-.txt HTTP/1.1" 200 545 "-" "Mozilla/5.0 (compatible; AhrefsBot/7.0; +http://ahrefs.com/robot/)" "www.metrocrimedaily.com"
51.222.253.1 - - [24/Jan/2023:22:48:28 -0800] "GET /instagram-houston/01-24-2023-1555233-Wife--husband-planned-fatal-shooting-in-hospital-.txt HTTP/1.1" 200 1095 "-" "Mozilla/5.0 (compatible; AhrefsBot/7.0; +http://ahrefs.com/robot/)" "www.metrocrimedaily.com"
51.222.253.13 - - [24/Jan/2023:22:49:02 -0800] "GET /instagram-houston/01-24-2023-1555234-Idaho-mother-attacked--young-son-killed-by-pack-o.txt HTTP/1.1" 200 630 "-" "Mozilla/5.0 (compatible; AhrefsBot/7.0; +http://ahrefs.com/robot/)" "www.metrocrimedaily.com"
51.222.253.7 - - [24/Jan/2023:22:49:35 -0800] "GET /instagram-houston/01-24-2023-1726091-Soaring-egg-prices-prompt-demands-for-price-gougi.txt HTTP/1.1" 200 1121 "-" "Mozilla/5.0 (compatible; AhrefsBot/7.0; +http://ahrefs.com/robot/)" "www.metrocrimedaily.com"
114.119.141.178 - - [24/Jan/2023:22:49:41 -0800] "GET /instagram-newyork/01-23-2023-2011572-Family-mourns----beautiful--loving----13-year-old.txt HTTP/1.1" 200 1101 "https://metrocrimedaily.com/instagram-newyork/" "Mozilla/5.0 (Linux; Android 7.0;) AppleWebKit/537.36 (KHTML, like Gecko) Mobile Safari/537.36 (compatible; PetalBot;+https://webmaster.petalsearch.com/site/petalbot)" "metrocrimedaily.com"
51.222.253.2 - - [24/Jan/2023:22:50:22 -0800] "GET /instagram-houston/01-24-2023-1726092--Always-smiling---Man-who-managed-ballroom-among-.txt HTTP/1.1" 200 1134 "-" "Mozilla/5.0 (compatible; AhrefsBot/7.0; +http://ahrefs.com/robot/)" "www.metrocrimedaily.com"
51.222.253.17 - - [24/Jan/2023:22:50:59 -0800] "GET /instagram-houston/01-24-2023-1906512-Roselle-man-identified-as-person-who-died-in-Elgi.txt HTTP/1.1" 200 542 "-" "Mozilla/5.0 (compatible; AhrefsBot/7.0; +http://ahrefs.com/robot/)" "www.metrocrimedaily.com"
51.222.253.9 - - [24/Jan/2023:22:51:37 -0800] "GET /instagram-houston/?C=N;O=A HTTP/1.1" 200 3049 "-" "Mozilla/5.0 (compatible; AhrefsBot/7.0; +http://ahrefs.com/robot/)" "www.metrocrimedaily.com"
51.222.253.17 - - [24/Jan/2023:22:52:14 -0800] "GET /instagram-losangeles/post-later/01-24-2023-0939272-President-Biden-pushes-assault-weapons-ban-follow.txt HTTP/1.1" 200 1133 "-" "Mozilla/5.0 (compatible; AhrefsBot/7.0; +http://ahrefs.com/robot/)" "www.metrocrimedaily.com"
51.222.253.7 - - [24/Jan/2023:22:52:52 -0800] "GET /instagram-losangeles/post-later/01-24-2023-0939273-Searchers-seek-2nd-hiker-in-area-where-Julian-San.txt HTTP/1.1" 200 863 "-" "Mozilla/5.0 (compatible; AhrefsBot/7.0; +http://ahrefs.com/robot/)" "www.metrocrimedaily.com"
207.46.13.106 - - [24/Jan/2023:22:53:20 -0800] "GET /instagram-atlanta/12-21-2022-1604252-Athena-Strand--7-year-old-s-accused-killer-facing.txt HTTP/1.1" 404 88 "-" "Mozilla/5.0 AppleWebKit/537.36 (KHTML, like Gecko; compatible; bingbot/2.0; +http://www.bing.com/bingbot.htm) Chrome/103.0.5060.134 Safari/537.36" "www.metrocrimedaily.com"
51.222.253.20 - - [24/Jan/2023:22:53:23 -0800] "GET /instagram-losangeles/post-later/01-24-2023-0939274-7-dead-as-California-mourns-third-mass-killing-in.txt HTTP/1.1" 200 1085 "-" "Mozilla/5.0 (compatible; AhrefsBot/7.0; +http://ahrefs.com/robot/)" "www.metrocrimedaily.com"
51.222.253.17 - - [24/Jan/2023:22:53:59 -0800] "GET /instagram-losangeles/post-later/01-24-2023-1123321-Dogs-attack-woman-in-Riverside-.txt HTTP/1.1" 200 382 "-" "Mozilla/5.0 (compatible; AhrefsBot/7.0; +http://ahrefs.com/robot/)" "www.metrocrimedaily.com"
51.222.253.6 - - [24/Jan/2023:22:54:34 -0800] "GET /instagram-losangeles/post-later/01-24-2023-1205141-Guns--drugs--fake-checks-found-in-search-of-Big-B.txt HTTP/1.1" 200 734 "-" "Mozilla/5.0 (compatible; AhrefsBot/7.0; +http://ahrefs.com/robot/)" "www.metrocrimedaily.com"
51.222.253.2 - - [24/Jan/2023:22:55:11 -0800] "GET /instagram-losangeles/post-later/01-24-2023-1205142-Lunar-New-Year-shooting--what-we-know-about-the-v.txt HTTP/1.1" 200 1068 "-" "Mozilla/5.0 (compatible; AhrefsBot/7.0; +http://ahrefs.com/robot/)" "www.metrocrimedaily.com"
51.222.253.17 - - [24/Jan/2023:22:55:44 -0800] "GET /instagram-losangeles/post-later/01-24-2023-1205143-SoCal-High-School-Football-Player-Killed-in-Shoot.txt HTTP/1.1" 200 1062 "-" "Mozilla/5.0 (compatible; AhrefsBot/7.0; +http://ahrefs.com/robot/)" "www.metrocrimedaily.com"
51.222.253.4 - - [24/Jan/2023:22:56:15 -0800] "GET /instagram-losangeles/post-later/01-24-2023-1252161-Classified-Documents-Found-at-Mike-Pence-s-Indian.txt HTTP/1.1" 200 684 "-" "Mozilla/5.0 (compatible; AhrefsBot/7.0; +http://ahrefs.com/robot/)" "www.metrocrimedaily.com"
114.119.137.51 - - [24/Jan/2023:22:56:30 -0800] "GET /instagram-newyork/01-23-2023-1916221-Brawl-breaks-out-in-NYC-McDonald---s--leaving-man.txt HTTP/1.1" 200 365 "https://metrocrimedaily.com/instagram-newyork/" "Mozilla/5.0 (Linux; Android 7.0;) AppleWebKit/537.36 (KHTML, like Gecko) Mobile Safari/537.36 (compatible; PetalBot;+https://webmaster.petalsearch.com/site/petalbot)" "metrocrimedaily.com"
51.222.253.1 - - [24/Jan/2023:22:56:53 -0800] "GET /instagram-losangeles/post-later/01-24-2023-1252162-State-Dept.-issues-Cancun-travel-warning-after-ta.txt HTTP/1.1" 200 1187 "-" "Mozilla/5.0 (compatible; AhrefsBot/7.0; +http://ahrefs.com/robot/)" "www.metrocrimedaily.com"
51.222.253.10 - - [24/Jan/2023:22:57:24 -0800] "GET /instagram-losangeles/post-later/01-24-2023-1252163-Deputies-Search-for-Second-Hiker-Missing-on-Same-.txt HTTP/1.1" 200 1122 "-" "Mozilla/5.0 (compatible; AhrefsBot/7.0; +http://ahrefs.com/robot/)" "www.metrocrimedaily.com"
51.222.253.19 - - [24/Jan/2023:22:57:59 -0800] "GET /instagram-losangeles/post-later/01-24-2023-1252164-California-s-3rd-mass-killing-in-8-days--7-confir.txt HTTP/1.1" 200 1127 "-" "Mozilla/5.0 (compatible; AhrefsBot/7.0; +http://ahrefs.com/robot/)" "www.metrocrimedaily.com"
51.222.253.20 - - [24/Jan/2023:22:58:36 -0800] "GET /instagram-losangeles/post-later/01-24-2023-1335321-Lunar-New-Year-massacre--Shooting-victim-tried-to.txt HTTP/1.1" 200 886 "-" "Mozilla/5.0 (compatible; AhrefsBot/7.0; +http://ahrefs.com/robot/)" "www.metrocrimedaily.com"
51.222.253.2 - - [24/Jan/2023:22:59:08 -0800] "GET /instagram-losangeles/post-later/01-24-2023-1335322-Riverside-County-woman-arrested-in-fatal-hit-and-.txt HTTP/1.1" 200 583 "-" "Mozilla/5.0 (compatible; AhrefsBot/7.0; +http://ahrefs.com/robot/)" "www.metrocrimedaily.com"
51.222.253.5 - - [24/Jan/2023:22:59:41 -0800] "GET /instagram-losangeles/post-later/?C=D;O=A HTTP/1.1" 200 1159 "-" "Mozilla/5.0 (compatible; AhrefsBot/7.0; +http://ahrefs.com/robot/)" "www.metrocrimedaily.com"
51.222.253.12 - - [24/Jan/2023:23:00:14 -0800] "GET /instagram-losangeles/post-later/?C=M;O=A HTTP/1.1" 200 1163 "-" "Mozilla/5.0 (compatible; AhrefsBot/7.0; +http://ahrefs.com/robot/)" "www.metrocrimedaily.com"
51.222.253.11 - - [24/Jan/2023:23:00:48 -0800] "GET /instagram-losangeles/post-later/?C=N;O=D HTTP/1.1" 200 1164 "-" "Mozilla/5.0 (compatible; AhrefsBot/7.0; +http://ahrefs.com/robot/)" "www.metrocrimedaily.com"
69.63.189.116 - - [24/Jan/2023:23:01:08 -0800] "GET /instagram-losangeles/01-25-2023-0030112-A.jpg HTTP/1.1" 200 253473 "-" "facebookexternalhit/1.1 (+http://www.facebook.com/externalhit_uatext.php)" "www.metrocrimedaily.com"
51.222.253.4 - - [24/Jan/2023:23:01:19 -0800] "GET /instagram-losangeles/post-later/?C=S;O=A HTTP/1.1" 200 1158 "-" "Mozilla/5.0 (compatible; AhrefsBot/7.0; +http://ahrefs.com/robot/)" "www.metrocrimedaily.com"
51.222.253.1 - - [24/Jan/2023:23:01:52 -0800] "GET /CRIME-WATCH-AMERICA/CRIME-WATCH-HOUSTON/mcd-calculate-how-long-ago.html HTTP/1.1" 200 650 "-" "Mozilla/5.0 (compatible; AhrefsBot/7.0; +http://ahrefs.com/robot/)" "www.metrocrimedaily.com"
51.222.253.16 - - [24/Jan/2023:23:02:28 -0800] "GET /CRIME-WATCH-AMERICA/CRIME-WATCH-HOUSTON/mcd-citd-houston-lnkpreview-RevD.bat HTTP/1.1" 200 15277 "-" "Mozilla/5.0 (compatible; AhrefsBot/7.0; +http://ahrefs.com/robot/)" "www.metrocrimedaily.com"
51.222.253.1 - - [24/Jan/2023:23:03:38 -0800] "GET /CRIME-WATCH-AMERICA/CRIME-WATCH-HOUSTON/mcd-citd-houston-lnkpreview-RevD.bat HTTP/1.1" 200 15277 "-" "Mozilla/5.0 (compatible; AhrefsBot/7.0; +http://ahrefs.com/robot/)" "www.metrocrimedaily.com"
114.119.129.24 - - [24/Jan/2023:23:05:16 -0800] "GET /instagram-memphis/01-23-2023-1805233-Four-Oath-Keepers-convicted-of-Jan.-6-seditious-c.txt HTTP/1.1" 200 1096 "https://metrocrimedaily.com/instagram-memphis/" "Mozilla/5.0 (Linux; Android 7.0;) AppleWebKit/537.36 (KHTML, like Gecko) Mobile Safari/537.36 (compatible; PetalBot;+https://webmaster.petalsearch.com/site/petalbot)" "metrocrimedaily.com"
51.222.253.7 - - [24/Jan/2023:23:06:12 -0800] "GET /instagram-stlouis/01-23-2023-1937545-Driver-who-killed-Brooklyn-officer-on-McKinley-Br.txt HTTP/1.1" 200 645 "-" "Mozilla/5.0 (compatible; AhrefsBot/7.0; +http://ahrefs.com/robot/)" "www.metrocrimedaily.com"
51.222.253.1 - - [24/Jan/2023:23:07:22 -0800] "GET /instagram-stlouis/01-23-2023-1937546--If-people-are-afraid--they-re-not-going-to-be-co.txt HTTP/1.1" 200 1033 "-" "Mozilla/5.0 (compatible; AhrefsBot/7.0; +http://ahrefs.com/robot/)" "www.metrocrimedaily.com"
51.222.253.9 - - [24/Jan/2023:23:08:29 -0800] "GET /instagram-stlouis/01-23-2023-1937547-Video--Lunar-New-Year-shooting--11th-victim-dies-.txt HTTP/1.1" 200 199 "-" "Mozilla/5.0 (compatible; AhrefsBot/7.0; +http://ahrefs.com/robot/)" "www.metrocrimedaily.com"
51.222.253.8 - - [24/Jan/2023:23:09:38 -0800] "GET /instagram-stlouis/01-23-2023-1937548-Florissant-man-sentenced-to-life-in-prison--plus-.txt HTTP/1.1" 200 1073 "-" "Mozilla/5.0 (compatible; AhrefsBot/7.0; +http://ahrefs.com/robot/)" "www.metrocrimedaily.com"
51.222.253.11 - - [24/Jan/2023:23:10:47 -0800] "GET /instagram-stlouis/01-23-2023-2233281-Interactive--Find-out-more-about-mass-killings-in.txt HTTP/1.1" 200 255 "-" "Mozilla/5.0 (compatible; AhrefsBot/7.0; +http://ahrefs.com/robot/)" "www.metrocrimedaily.com"
69.63.189.5 - - [24/Jan/2023:23:11:03 -0800] "GET /instagram-stlouis/01-24-2023-2338385-A.jpg HTTP/1.1" 200 168422 "-" "facebookexternalhit/1.1 (+http://www.facebook.com/externalhit_uatext.php)" "www.metrocrimedaily.com"
69.63.189.118 - - [24/Jan/2023:23:11:49 -0800] "GET /instagram-atlanta/01-24-2023-21022515-A.jpg HTTP/1.1" 200 71939 "-" "facebookexternalhit/1.1 (+http://www.facebook.com/externalhit_uatext.php)" "www.metrocrimedaily.com"
51.222.253.4 - - [24/Jan/2023:23:11:58 -0800] "GET /instagram-stlouis/01-23-2023-2233282-Suburban-sheriff-faces-political-pushback-after-r.txt HTTP/1.1" 200 1058 "-" "Mozilla/5.0 (compatible; AhrefsBot/7.0; +http://ahrefs.com/robot/)" "www.metrocrimedaily.com"
51.222.253.7 - - [24/Jan/2023:23:13:06 -0800] "GET /instagram-stlouis/01-23-2023-2233283-Seven-people-dead--suspect-identified-in-Half-Moo.txt HTTP/1.1" 200 1113 "-" "Mozilla/5.0 (compatible; AhrefsBot/7.0; +http://ahrefs.com/robot/)" "www.metrocrimedaily.com"
51.222.253.19 - - [24/Jan/2023:23:14:15 -0800] "GET /instagram-stlouis/01-23-2023-2233284-Illinois-sheriffs-face-political-pushback-after-r.txt HTTP/1.1" 200 172 "-" "Mozilla/5.0 (compatible; AhrefsBot/7.0; +http://ahrefs.com/robot/)" "www.metrocrimedaily.com"
51.222.253.19 - - [24/Jan/2023:23:14:47 -0800] "GET /instagram-stlouis/01-23-2023-2233285-Illinois-appeals-judge---s-restraining-order-on-g.txt HTTP/1.1" 200 1155 "-" "Mozilla/5.0 (compatible; AhrefsBot/7.0; +http://ahrefs.com/robot/)" "www.metrocrimedaily.com"
69.63.189.116 - - [24/Jan/2023:23:15:17 -0800] "GET /instagram-chicago/01-24-2023-20355117-A.jpg HTTP/1.1" 200 114886 "-" "facebookexternalhit/1.1 (+http://www.facebook.com/externalhit_uatext.php)" "www.metrocrimedaily.com"
51.222.253.6 - - [24/Jan/2023:23:15:22 -0800] "GET /instagram-stlouis/01-24-2023-1807141-Police--Thieves-hit-south-St.-Louis-County-gas-st.txt HTTP/1.1" 200 712 "-" "Mozilla/5.0 (compatible; AhrefsBot/7.0; +http://ahrefs.com/robot/)" "www.metrocrimedaily.com"
51.222.253.14 - - [24/Jan/2023:23:15:56 -0800] "GET /instagram-stlouis/01-24-2023-18071410-St.-Louis-County-police-warn-residents-of-thefts-.txt HTTP/1.1" 200 593 "-" "Mozilla/5.0 (compatible; AhrefsBot/7.0; +http://ahrefs.com/robot/)" "www.metrocrimedaily.com"
114.119.139.61 - - [24/Jan/2023:23:16:16 -0800] "GET /instagram-newyork/01-23-2023-2132191-NY-bill-would-stop-MSG-from-kicking-out-enemy-law.txt HTTP/1.1" 200 1085 "https://metrocrimedaily.com/instagram-newyork/" "Mozilla/5.0 (Linux; Android 7.0;) AppleWebKit/537.36 (KHTML, like Gecko) Mobile Safari/537.36 (compatible; PetalBot;+https://webmaster.petalsearch.com/site/petalbot)" "metrocrimedaily.com"
51.222.253.2 - - [24/Jan/2023:23:16:37 -0800] "GET /instagram-stlouis/01-24-2023-18071411-At-least-four-carjacked-Monday-in-St.-Louis-.txt HTTP/1.1" 200 568 "-" "Mozilla/5.0 (compatible; AhrefsBot/7.0; +http://ahrefs.com/robot/)" "www.metrocrimedaily.com"
207.46.13.178 - - [24/Jan/2023:23:17:06 -0800] "GET /index-miami.html HTTP/1.1" 200 21388 "-" "Mozilla/5.0 AppleWebKit/537.36 (KHTML, like Gecko; compatible; bingbot/2.0; +http://www.bing.com/bingbot.htm) Chrome/103.0.5060.134 Safari/537.36" "metrocrimedaily.com"
51.222.253.8 - - [24/Jan/2023:23:17:11 -0800] "GET /instagram-stlouis/01-24-2023-18071412-Police-ID-man-killed-in-crash-after-fleeing-traff.txt HTTP/1.1" 200 727 "-" "Mozilla/5.0 (compatible; AhrefsBot/7.0; +http://ahrefs.com/robot/)" "www.metrocrimedaily.com"
51.222.253.14 - - [24/Jan/2023:23:17:43 -0800] "GET /instagram-stlouis/01-24-2023-18071413-Coroner-releases-names-of-11-Monterey-Park-shooti.txt HTTP/1.1" 200 1048 "-" "Mozilla/5.0 (compatible; AhrefsBot/7.0; +http://ahrefs.com/robot/)" "www.metrocrimedaily.com"
66.249.70.130 - - [24/Jan/2023:23:18:16 -0800] "GET /robots.txt HTTP/1.1" 404 88 "-" "Mozilla/5.0 (compatible; Googlebot/2.1; +http://www.google.com/bot.html)" "metrocrimedaily.com"
51.222.253.18 - - [24/Jan/2023:23:18:18 -0800] "GET /instagram-stlouis/01-24-2023-18071414-Lincoln-County-judge-reduces-$1-million-cash-bail.txt HTTP/1.1" 200 1073 "-" "Mozilla/5.0 (compatible; AhrefsBot/7.0; +http://ahrefs.com/robot/)" "www.metrocrimedaily.com"
47.88.22.184 - - [24/Jan/2023:23:18:48 -0800] "GET /wp-login.php HTTP/1.1" 404 88 "" "Mozilla/5.0 (Windows NT 10.0; Win64; x64; rv:108.0) Gecko/20100101 Firefox/108.0" "metrocrimedaily.com"
51.222.253.17 - - [24/Jan/2023:23:18:56 -0800] "GET /instagram-stlouis/01-24-2023-1807142-St.-Louis-police-searching-for-missing-man-last-s.txt HTTP/1.1" 200 435 "-" "Mozilla/5.0 (compatible; AhrefsBot/7.0; +http://ahrefs.com/robot/)" "www.metrocrimedaily.com"
51.222.253.7 - - [24/Jan/2023:23:19:30 -0800] "GET /instagram-stlouis/01-24-2023-1807143-Police-search-for-St.-Louis-man-missing-for-nearl.txt HTTP/1.1" 200 488 "-" "Mozilla/5.0 (compatible; AhrefsBot/7.0; +http://ahrefs.com/robot/)" "www.metrocrimedaily.com"
51.222.253.8 - - [24/Jan/2023:23:20:12 -0800] "GET /instagram-stlouis/01-24-2023-1807144-Police--23-year-old-St.-Louis-woman-goes-missing-.txt HTTP/1.1" 200 644 "-" "Mozilla/5.0 (compatible; AhrefsBot/7.0; +http://ahrefs.com/robot/)" "www.metrocrimedaily.com"
51.222.253.1 - - [24/Jan/2023:23:20:52 -0800] "GET /instagram-stlouis/01-24-2023-1807145-Missouri-lawmaker-works-with-Humane-Society-to-st.txt HTTP/1.1" 200 1070 "-" "Mozilla/5.0 (compatible; AhrefsBot/7.0; +http://ahrefs.com/robot/)" "www.metrocrimedaily.com"
51.222.253.18 - - [24/Jan/2023:23:21:31 -0800] "GET /instagram-stlouis/01-24-2023-1807146-Woman-sentenced-for-role-in-Sweetie-Pie-s-murder-.txt HTTP/1.1" 200 921 "-" "Mozilla/5.0 (compatible; AhrefsBot/7.0; +http://ahrefs.com/robot/)" "www.metrocrimedaily.com"
51.222.253.16 - - [24/Jan/2023:23:22:03 -0800] "GET /instagram-stlouis/01-24-2023-1807147-Suspect-in-two-shootings-at-Northern-Calif.-farms.txt HTTP/1.1" 200 1075 "-" "Mozilla/5.0 (compatible; AhrefsBot/7.0; +http://ahrefs.com/robot/)" "www.metrocrimedaily.com"
51.222.253.18 - - [24/Jan/2023:23:22:39 -0800] "GET /instagram-stlouis/01-24-2023-1807148-St.-Louis-police-searching-for-missing-woman-last.txt HTTP/1.1" 200 545 "-" "Mozilla/5.0 (compatible; AhrefsBot/7.0; +http://ahrefs.com/robot/)" "www.metrocrimedaily.com"
51.222.253.2 - - [24/Jan/2023:23:23:15 -0800] "GET /instagram-stlouis/01-24-2023-1807149-Woman-who-lured--Sweetie-Pie-s--star-to-his-death.txt HTTP/1.1" 200 1119 "-" "Mozilla/5.0 (compatible; AhrefsBot/7.0; +http://ahrefs.com/robot/)" "www.metrocrimedaily.com"
195.191.219.131 - - [24/Jan/2023:23:23:26 -0800] "GET /robots.txt HTTP/1.1" 404 73 "-" "Mozilla/5.0 (compatible; MJ12bot/v1.4.8; http://mj12bot.com/)" "metrocrimedaily.com"
195.191.219.131 - - [24/Jan/2023:23:23:28 -0800] "GET / HTTP/1.1" 200 159430 "-" "Mozilla/5.0 (compatible; MJ12bot/v1.4.8; http://mj12bot.com/)" "metrocrimedaily.com"
51.222.253.9 - - [24/Jan/2023:23:23:52 -0800] "GET /instagram-stlouis/01-24-2023-2055161-Judge-allows-Laundrie-family-lawyer-to-be-added-t.txt HTTP/1.1" 200 1065 "-" "Mozilla/5.0 (compatible; AhrefsBot/7.0; +http://ahrefs.com/robot/)" "www.metrocrimedaily.com"
51.222.253.19 - - [24/Jan/2023:23:24:22 -0800] "GET /instagram-stlouis/01-24-2023-2055162-More-than-1-000-plaintiffs-named-in-lawsuit-chall.txt HTTP/1.1" 200 1083 "-" "Mozilla/5.0 (compatible; AhrefsBot/7.0; +http://ahrefs.com/robot/)" "www.metrocrimedaily.com"
51.222.253.15 - - [24/Jan/2023:23:25:04 -0800] "GET /instagram-stlouis/01-24-2023-2055163-Court--Procedures-not-followed-after-weekend-shoo.txt HTTP/1.1" 200 1039 "-" "Mozilla/5.0 (compatible; AhrefsBot/7.0; +http://ahrefs.com/robot/)" "www.metrocrimedaily.com"
114.119.148.189 - - [24/Jan/2023:23:25:31 -0800] "GET /instagram-detroit/videos/ HTTP/1.1" 200 721 "https://metrocrimedaily.com/instagram-detroit/?C=M%3BO%3DA" "Mozilla/5.0 (Linux; Android 7.0;) AppleWebKit/537.36 (KHTML, like Gecko) Mobile Safari/537.36 (compatible; PetalBot;+https://webmaster.petalsearch.com/site/petalbot)" "metrocrimedaily.com"
51.222.253.10 - - [24/Jan/2023:23:25:36 -0800] "GET /instagram-stlouis/01-24-2023-2055164-Suspect-in-shootings-at-Half-Moon-Bay-farms-was-e.txt HTTP/1.1" 200 1113 "-" "Mozilla/5.0 (compatible; AhrefsBot/7.0; +http://ahrefs.com/robot/)" "www.metrocrimedaily.com"
51.222.253.15 - - [24/Jan/2023:23:26:13 -0800] "GET /instagram-stlouis/01-24-2023-2055165-Woman-sentenced-for-her-role-in----Sweetie-Pie---.txt HTTP/1.1" 200 731 "-" "Mozilla/5.0 (compatible; AhrefsBot/7.0; +http://ahrefs.com/robot/)" "www.metrocrimedaily.com"
51.222.253.7 - - [24/Jan/2023:23:26:46 -0800] "GET /instagram-stlouis/01-24-2023-2055166-String-of-carjackings-in-south-St.-Louis--possibl.txt HTTP/1.1" 200 175 "-" "Mozilla/5.0 (compatible; AhrefsBot/7.0; +http://ahrefs.com/robot/)" "www.metrocrimedaily.com"
51.222.253.15 - - [24/Jan/2023:23:27:19 -0800] "GET /instagram-stlouis/01-24-2023-2055167-String-of-carjackings-in-south-St.-Louis--possibl.txt HTTP/1.1" 200 1064 "-" "Mozilla/5.0 (compatible; AhrefsBot/7.0; +http://ahrefs.com/robot/)" "www.metrocrimedaily.com"
51.222.253.4 - - [24/Jan/2023:23:27:56 -0800] "GET /instagram-stlouis/01-24-2023-2055168-Homicide-detectives-investigating-separate-shooti.txt HTTP/1.1" 200 608 "-" "Mozilla/5.0 (compatible; AhrefsBot/7.0; +http://ahrefs.com/robot/)" "www.metrocrimedaily.com"
51.222.253.5 - - [24/Jan/2023:23:28:31 -0800] "GET /instagram-stlouis/?C=N;O=A HTTP/1.1" 200 3144 "-" "Mozilla/5.0 (compatible; AhrefsBot/7.0; +http://ahrefs.com/robot/)" "www.metrocrimedaily.com"
51.222.253.3 - - [24/Jan/2023:23:29:21 -0800] "GET /CRIME-WATCH-AMERICA/CRIME-WATCH-CHICAGO/INSTAGRAM-AUTOMATION/ HTTP/1.1" 200 939 "-" "Mozilla/5.0 (compatible; AhrefsBot/7.0; +http://ahrefs.com/robot/)" "metrocrimedaily.com"
51.222.253.9 - - [24/Jan/2023:23:30:10 -0800] "GET /CRIME-WATCH-AMERICA/CRIME-WATCH-CHICAGO/download-chicago-videos-RevA.bat HTTP/1.1" 200 8238 "-" "Mozilla/5.0 (compatible; AhrefsBot/7.0; +http://ahrefs.com/robot/)" "metrocrimedaily.com"
51.222.253.18 - - [24/Jan/2023:23:30:46 -0800] "GET /CRIME-WATCH-AMERICA/CRIME-WATCH-CHICAGO/fgrep-input.txt HTTP/1.1" 200 435 "-" "Mozilla/5.0 (compatible; AhrefsBot/7.0; +http://ahrefs.com/robot/)" "metrocrimedaily.com"
51.222.253.2 - - [24/Jan/2023:23:31:21 -0800] "GET /CRIME-WATCH-AMERICA/CRIME-WATCH-CHICAGO/mcd-calculate-how-long-ago.html HTTP/1.1" 200 650 "-" "Mozilla/5.0 (compatible; AhrefsBot/7.0; +http://ahrefs.com/robot/)" "metrocrimedaily.com"
69.63.189.116 - - [24/Jan/2023:23:31:40 -0800] "GET /instagram-losangeles/01-25-2023-0030113-A.jpg HTTP/1.1" 200 181004 "-" "facebookexternalhit/1.1 (+http://www.facebook.com/externalhit_uatext.php)" "www.metrocrimedaily.com"
77.245.149.38 - - [24/Jan/2023:23:31:41 -0800] "GET /wp-login.php HTTP/1.1" 404 88 "" "Mozilla/5.0 (Windows NT 10.0; Win64; x64; rv:108.0) Gecko/20100101 Firefox/108.0" "metrocrimedaily.com"
51.222.253.19 - - [24/Jan/2023:23:31:54 -0800] "GET /CRIME-WATCH-AMERICA/CRIME-WATCH-CHICAGO/mcd-citd-lnkpreview-RevB.bat HTTP/1.1" 200 9470 "-" "Mozilla/5.0 (compatible; AhrefsBot/7.0; +http://ahrefs.com/robot/)" "metrocrimedaily.com"
69.63.189.116 - - [24/Jan/2023:23:32:08 -0800] "GET /instagram-losangeles/01-25-2023-0030114-A.jpg HTTP/1.1" 200 125910 "-" "facebookexternalhit/1.1 (+http://www.facebook.com/externalhit_uatext.php)" "www.metrocrimedaily.com"
69.63.189.116 - - [24/Jan/2023:23:32:31 -0800] "GET /instagram-losangeles/01-25-2023-0030115-A.jpg HTTP/1.1" 200 211387 "-" "facebookexternalhit/1.1 (+http://www.facebook.com/externalhit_uatext.php)" "www.metrocrimedaily.com"
51.222.253.17 - - [24/Jan/2023:23:32:32 -0800] "GET /CRIME-WATCH-AMERICA/CRIME-WATCH-CHICAGO/mcd-epilog.html HTTP/1.1" 200 439 "-" "Mozilla/5.0 (compatible; AhrefsBot/7.0; +http://ahrefs.com/robot/)" "metrocrimedaily.com"
51.222.253.3 - - [24/Jan/2023:23:32:38 -0800] "GET /CRIME-WATCH-AMERICA/CRIME-WATCH-CHICAGO/images/youtube-logo-tiny.png HTTP/1.1" 404 88 "-" "Mozilla/5.0 (compatible; AhrefsBot/7.0; +http://ahrefs.com/robot/)" "metrocrimedaily.com"
51.222.253.6 - - [24/Jan/2023:23:32:38 -0800] "GET /CRIME-WATCH-AMERICA/CRIME-WATCH-CHICAGO/images/facebook-logo-tiny.png HTTP/1.1" 404 88 "-" "Mozilla/5.0 (compatible; AhrefsBot/7.0; +http://ahrefs.com/robot/)" "metrocrimedaily.com"
51.222.253.17 - - [24/Jan/2023:23:33:08 -0800] "GET /CRIME-WATCH-AMERICA/CRIME-WATCH-CHICAGO/mcd-prolog.html HTTP/1.1" 200 859 "-" "Mozilla/5.0 (compatible; AhrefsBot/7.0; +http://ahrefs.com/robot/)" "metrocrimedaily.com"
51.222.253.12 - - [24/Jan/2023:23:33:39 -0800] "GET /CRIME-WATCH-AMERICA/CRIME-WATCH-CHICAGO/images/twitter-logo-b-tiny.png HTTP/1.1" 404 88 "-" "Mozilla/5.0 (compatible; AhrefsBot/7.0; +http://ahrefs.com/robot/)" "metrocrimedaily.com"
114.119.141.2 - - [24/Jan/2023:23:34:14 -0800] "GET /instagram-detroit/01-23-2023-2127124-Man-out-on-bond-charged-with-deadly-drunk-driving.txt HTTP/1.1" 200 915 "https://metrocrimedaily.com/instagram-detroit/?C=M%3BO%3DA" "Mozilla/5.0 (Linux; Android 7.0;) AppleWebKit/537.36 (KHTML, like Gecko) Mobile Safari/537.36 (compatible; PetalBot;+https://webmaster.petalsearch.com/site/petalbot)" "metrocrimedaily.com"
51.222.253.13 - - [24/Jan/2023:23:34:24 -0800] "GET /CRIME-WATCH-AMERICA/CRIME-WATCH-CHICAGO/post-to-instagram-RevC.bat HTTP/1.1" 200 6398 "-" "Mozilla/5.0 (compatible; AhrefsBot/7.0; +http://ahrefs.com/robot/)" "metrocrimedaily.com"
51.222.253.13 - - [24/Jan/2023:23:34:48 -0800] "GET /CRIME-WATCH-AMERICA/CRIME-WATCH-CHICAGO/images/crime-scene-chicago-banner.jpg HTTP/1.1" 404 88 "-" "Mozilla/5.0 (compatible; AhrefsBot/7.0; +http://ahrefs.com/robot/)" "metrocrimedaily.com"
51.222.253.1 - - [24/Jan/2023:23:34:53 -0800] "GET /CRIME-WATCH-AMERICA/CRIME-WATCH-CHICAGO/post-to-instagram-chicago-RevE.bat HTTP/1.1" 200 16414 "-" "Mozilla/5.0 (compatible; AhrefsBot/7.0; +http://ahrefs.com/robot/)" "metrocrimedaily.com"
51.222.253.19 - - [24/Jan/2023:23:35:29 -0800] "GET /CRIME-WATCH-AMERICA/CRIME-WATCH-CHICAGO/scrapinghub-com-data-api-news.txt HTTP/1.1" 200 1653 "-" "Mozilla/5.0 (compatible; AhrefsBot/7.0; +http://ahrefs.com/robot/)" "metrocrimedaily.com"
51.222.253.2 - - [24/Jan/2023:23:36:05 -0800] "GET /CRIME-WATCH-AMERICA/CRIME-WATCH-CHICAGO/send-email-to-kim-iPhone.bat HTTP/1.1" 200 4006 "-" "Mozilla/5.0 (compatible; AhrefsBot/7.0; +http://ahrefs.com/robot/)" "metrocrimedaily.com"
51.222.253.12 - - [24/Jan/2023:23:36:40 -0800] "GET /CRIME-WATCH-AMERICA/CRIME-WATCH-CHICAGO/sendemail-RevC.bat HTTP/1.1" 200 506 "-" "Mozilla/5.0 (compatible; AhrefsBot/7.0; +http://ahrefs.com/robot/)" "metrocrimedaily.com"
51.222.253.12 - - [24/Jan/2023:23:37:18 -0800] "GET /CRIME-WATCH-AMERICA/CRIME-WATCH-CHICAGO/sendemail.bat HTTP/1.1" 200 506 "-" "Mozilla/5.0 (compatible; AhrefsBot/7.0; +http://ahrefs.com/robot/)" "metrocrimedaily.com"
51.222.253.8 - - [24/Jan/2023:23:37:55 -0800] "GET /CRIME-WATCH-AMERICA/CRIME-WATCH-CHICAGO/wget.exe HTTP/1.1" 200 4923280 "-" "Mozilla/5.0 (compatible; AhrefsBot/7.0; +http://ahrefs.com/robot/)" "metrocrimedaily.com"
51.222.253.19 - - [24/Jan/2023:23:38:31 -0800] "GET /CRIME-WATCH-AMERICA/CRIME-WATCH-CHICAGO/youtube-dl.exe HTTP/1.1" 200 8031644 "-" "Mozilla/5.0 (compatible; AhrefsBot/7.0; +http://ahrefs.com/robot/)" "metrocrimedaily.com"
69.63.189.116 - - [24/Jan/2023:23:38:39 -0800] "GET /instagram-stlouis/01-25-2023-0138191-A.jpg HTTP/1.1" 200 266874 "-" "facebookexternalhit/1.1 (+http://www.facebook.com/externalhit_uatext.php)" "www.metrocrimedaily.com"
51.222.253.18 - - [24/Jan/2023:23:39:26 -0800] "GET /CRIME-WATCH-AMERICA/CRIME-WATCH-CHICAGO/yt-dlp.exe HTTP/1.1" 200 106359 "-" "Mozilla/5.0 (compatible; AhrefsBot/7.0; +http://ahrefs.com/robot/)" "metrocrimedaily.com"
51.222.253.13 - - [24/Jan/2023:23:40:07 -0800] "GET /CRIME-WATCH-AMERICA/CRIME-WATCH-CHICAGO/?C=D;O=A HTTP/1.1" 200 1249 "-" "Mozilla/5.0 (compatible; AhrefsBot/7.0; +http://ahrefs.com/robot/)" "www.metrocrimedaily.com"
51.222.253.18 - - [24/Jan/2023:23:40:39 -0800] "GET /CRIME-WATCH-AMERICA/CRIME-WATCH-CHICAGO/?C=D;O=A HTTP/1.1" 200 1249 "-" "Mozilla/5.0 (compatible; AhrefsBot/7.0; +http://ahrefs.com/robot/)" "www.metrocrimedaily.com"
51.222.253.11 - - [24/Jan/2023:23:41:29 -0800] "GET /CRIME-WATCH-AMERICA/CRIME-WATCH-CHICAGO/?C=M;O=A HTTP/1.1" 200 1270 "-" "Mozilla/5.0 (compatible; AhrefsBot/7.0; +http://ahrefs.com/robot/)" "www.metrocrimedaily.com"
51.222.253.5 - - [24/Jan/2023:23:42:06 -0800] "GET /CRIME-WATCH-AMERICA/CRIME-WATCH-CHICAGO/?C=M;O=A HTTP/1.1" 200 1270 "-" "Mozilla/5.0 (compatible; AhrefsBot/7.0; +http://ahrefs.com/robot/)" "www.metrocrimedaily.com"
69.63.189.116 - - [24/Jan/2023:23:42:23 -0800] "GET /instagram-atlanta/01-24-2023-21022516-A.jpg HTTP/1.1" 200 208305 "-" "facebookexternalhit/1.1 (+http://www.facebook.com/externalhit_uatext.php)" "www.metrocrimedaily.com"
51.222.253.4 - - [24/Jan/2023:23:42:46 -0800] "GET /CRIME-WATCH-AMERICA/CRIME-WATCH-CHICAGO/?C=N;O=D HTTP/1.1" 200 1265 "-" "Mozilla/5.0 (compatible; AhrefsBot/7.0; +http://ahrefs.com/robot/)" "www.metrocrimedaily.com"
114.119.144.184 - - [24/Jan/2023:23:42:51 -0800] "GET /instagram-detroit/01-23-2023-2127123-Police-investigate-homicide-involving-deadly-cras.txt HTTP/1.1" 200 1058 "https://metrocrimedaily.com/instagram-detroit/?C=M%3BO%3DA" "Mozilla/5.0 (Linux; Android 7.0;) AppleWebKit/537.36 (KHTML, like Gecko) Mobile Safari/537.36 (compatible; PetalBot;+https://webmaster.petalsearch.com/site/petalbot)" "metrocrimedaily.com"
51.222.253.15 - - [24/Jan/2023:23:43:21 -0800] "GET /CRIME-WATCH-AMERICA/CRIME-WATCH-CHICAGO/?C=N;O=D HTTP/1.1" 200 1265 "-" "Mozilla/5.0 (compatible; AhrefsBot/7.0; +http://ahrefs.com/robot/)" "www.metrocrimedaily.com"
51.222.253.13 - - [24/Jan/2023:23:43:57 -0800] "GET /CRIME-WATCH-AMERICA/CRIME-WATCH-CHICAGO/?C=S;O=A HTTP/1.1" 200 1254 "-" "Mozilla/5.0 (compatible; AhrefsBot/7.0; +http://ahrefs.com/robot/)" "www.metrocrimedaily.com"
51.222.253.12 - - [24/Jan/2023:23:44:38 -0800] "GET /CRIME-WATCH-AMERICA/CRIME-WATCH-CHICAGO/?C=S;O=A HTTP/1.1" 200 1254 "-" "Mozilla/5.0 (compatible; AhrefsBot/7.0; +http://ahrefs.com/robot/)" "www.metrocrimedaily.com"
51.222.253.12 - - [24/Jan/2023:23:45:12 -0800] "GET /CRIME-WATCH-AMERICA/CRIME-WATCH-CHICAGO/INSTAGRAM-AUTOMATION/ HTTP/1.1" 200 939 "-" "Mozilla/5.0 (compatible; AhrefsBot/7.0; +http://ahrefs.com/robot/)" "www.metrocrimedaily.com"
51.222.253.9 - - [24/Jan/2023:23:45:47 -0800] "GET /CRIME-WATCH-AMERICA/CRIME-WATCH-CHICAGO/INSTAGRAM-AUTOMATION/ HTTP/1.1" 200 939 "-" "Mozilla/5.0 (compatible; AhrefsBot/7.0; +http://ahrefs.com/robot/)" "www.metrocrimedaily.com"
69.63.189.118 - - [24/Jan/2023:23:45:52 -0800] "GET /instagram-chicago/01-24-2023-20355118-A.jpg HTTP/1.1" 200 128652 "-" "facebookexternalhit/1.1 (+http://www.facebook.com/externalhit_uatext.php)" "www.metrocrimedaily.com"
51.222.253.10 - - [24/Jan/2023:23:46:53 -0800] "GET /CRIME-WATCH-AMERICA/CRIME-WATCH-CHICAGO/download-chicago-videos-RevA.bat HTTP/1.1" 200 8238 "-" "Mozilla/5.0 (compatible; AhrefsBot/7.0; +http://ahrefs.com/robot/)" "www.metrocrimedaily.com"
51.222.253.18 - - [24/Jan/2023:23:49:13 -0800] "GET /CRIME-WATCH-AMERICA/CRIME-WATCH-CHICAGO/fgrep-input.txt HTTP/1.1" 200 435 "-" "Mozilla/5.0 (compatible; AhrefsBot/7.0; +http://ahrefs.com/robot/)" "www.metrocrimedaily.com"
51.222.253.9 - - [24/Jan/2023:23:51:29 -0800] "GET /CRIME-WATCH-AMERICA/CRIME-WATCH-CHICAGO/fgrep-input.txt HTTP/1.1" 200 435 "-" "Mozilla/5.0 (compatible; AhrefsBot/7.0; +http://ahrefs.com/robot/)" "www.metrocrimedaily.com"
114.119.145.86 - - [24/Jan/2023:23:51:49 -0800] "GET /instagram-detroit/01-23-2023-1544494-Clinton-Twp-Police-investigate-death-of-5-year-ol.txt HTTP/1.1" 200 410 "https://metrocrimedaily.com/instagram-detroit/?C=M%3BO%3DA" "Mozilla/5.0 (Linux; Android 7.0;) AppleWebKit/537.36 (KHTML, like Gecko) Mobile Safari/537.36 (compatible; PetalBot;+https://webmaster.petalsearch.com/site/petalbot)" "metrocrimedaily.com"
51.222.253.12 - - [24/Jan/2023:23:53:45 -0800] "GET /CRIME-WATCH-AMERICA/CRIME-WATCH-CHICAGO/find-and-post-chicago-stories-RevC.bat HTTP/1.1" 200 18142 "-" "Mozilla/5.0 (compatible; AhrefsBot/7.0; +http://ahrefs.com/robot/)" "www.metrocrimedaily.com"
40.77.167.54 - - [24/Jan/2023:23:54:19 -0800] "GET /www.stltoday.com HTTP/1.1" 404 88 "-" "Mozilla/5.0 AppleWebKit/537.36 (KHTML, like Gecko; compatible; bingbot/2.0; +http://www.bing.com/bingbot.htm) Chrome/103.0.5060.134 Safari/537.36" "metrocrimedaily.com"
51.222.253.2 - - [24/Jan/2023:23:56:30 -0800] "GET /CRIME-WATCH-AMERICA/CRIME-WATCH-CHICAGO/find-and-post-chicago-stories-RevD.bat HTTP/1.1" 200 18169 "-" "Mozilla/5.0 (compatible; AhrefsBot/7.0; +http://ahrefs.com/robot/)" "www.metrocrimedaily.com"
69.63.189.3 - - [24/Jan/2023:23:56:51 -0800] "GET /instagram-houston/01-25-2023-0156311-A.jpg HTTP/1.1" 200 108918 "-" "facebookexternalhit/1.1 (+http://www.facebook.com/externalhit_uatext.php)" "www.metrocrimedaily.com"
103.74.121.5 - - [24/Jan/2023:23:57:11 -0800] "GET /wp-login.php HTTP/1.1" 404 88 "" "Mozilla/5.0 (Windows NT 10.0; Win64; x64; rv:108.0) Gecko/20100101 Firefox/108.0" "metrocrimedaily.com"
114.119.150.127 - - [24/Jan/2023:23:58:16 -0800] "GET /instagram-detroit/01-18-2023-0734523-Police-in-Georgia-arrest-suspect-in-Mall-of-Ameri.txt HTTP/1.1" 404 88 "https://metrocrimedaily.com/instagram-detroit/" "Mozilla/5.0 (Linux; Android 7.0;) AppleWebKit/537.36 (KHTML, like Gecko) Mobile Safari/537.36 (compatible; PetalBot;+https://webmaster.petalsearch.com/site/petalbot)" "metrocrimedaily.com"
51.222.253.15 - - [24/Jan/2023:23:58:54 -0800] "GET /CRIME-WATCH-AMERICA/CRIME-WATCH-CHICAGO/find-and-post-chicago-stories-RevG.bat HTTP/1.1" 200 19462 "-" "Mozilla/5.0 (compatible; AhrefsBot/7.0; +http://ahrefs.com/robot/)" "www.metrocrimedaily.com"
207.46.13.85 - - [24/Jan/2023:23:59:57 -0800] "GET /wgntv.com.= HTTP/1.1" 404 88 "-" "Mozilla/5.0 AppleWebKit/537.36 (KHTML, like Gecko; compatible; bingbot/2.0; +http://www.bing.com/bingbot.htm) Chrome/103.0.5060.134 Safari/537.36" "metrocrimedaily.com"
51.222.253.3 - - [25/Jan/2023:00:01:22 -0800] "GET /CRIME-WATCH-AMERICA/CRIME-WATCH-CHICAGO/mcd-calculate-how-long-ago.html HTTP/1.1" 200 650 "-" "Mozilla/5.0 (compatible; AhrefsBot/7.0; +http://ahrefs.com/robot/)" "www.metrocrimedaily.com"
51.222.253.19 - - [25/Jan/2023:00:02:47 -0800] "GET /CRIME-WATCH-AMERICA/CRIME-WATCH-CHICAGO/mcd-calculate-how-long-ago.html HTTP/1.1" 200 650 "-" "Mozilla/5.0 (compatible; AhrefsBot/7.0; +http://ahrefs.com/robot/)" "www.metrocrimedaily.com"
173.252.107.6 - - [25/Jan/2023:00:03:15 -0800] "GET /instagram-detroit/01-25-2023-0202021-A.jpg HTTP/1.1" 200 68178 "-" "facebookexternalhit/1.1 (+http://www.facebook.com/externalhit_uatext.php)" "www.metrocrimedaily.com"
51.222.253.17 - - [25/Jan/2023:00:03:41 -0800] "GET /CRIME-WATCH-AMERICA/CRIME-WATCH-CHICAGO/mcd-citd-lnkpreview-RevB.bat HTTP/1.1" 200 9470 "-" "Mozilla/5.0 (compatible; AhrefsBot/7.0; +http://ahrefs.com/robot/)" "www.metrocrimedaily.com"
206.84.102.6 - - [25/Jan/2023:00:04:34 -0800] "GET /wp-login.php HTTP/1.1" 404 88 "" "Mozilla/5.0 (Windows NT 10.0; Win64; x64; rv:108.0) Gecko/20100101 Firefox/108.0" "metrocrimedaily.com"
51.222.253.4 - - [25/Jan/2023:00:04:35 -0800] "GET /CRIME-WATCH-AMERICA/CRIME-WATCH-CHICAGO/mcd-citd-lnkpreview-RevB.bat HTTP/1.1" 200 9470 "-" "Mozilla/5.0 (compatible; AhrefsBot/7.0; +http://ahrefs.com/robot/)" "www.metrocrimedaily.com"
51.222.253.16 - - [25/Jan/2023:00:04:43 -0800] "GET /CRIME-WATCH-AMERICA/CRIME-WATCH-CHICAGO/mcd-epilog.html HTTP/1.1" 200 439 "-" "Mozilla/5.0 (compatible; AhrefsBot/7.0; +http://ahrefs.com/robot/)" "www.metrocrimedaily.com"
51.222.253.8 - - [25/Jan/2023:00:04:45 -0800] "GET /CRIME-WATCH-AMERICA/CRIME-WATCH-CHICAGO/mcd-epilog.html HTTP/1.1" 200 439 "-" "Mozilla/5.0 (compatible; AhrefsBot/7.0; +http://ahrefs.com/robot/)" "www.metrocrimedaily.com"
51.222.253.19 - - [25/Jan/2023:00:04:51 -0800] "GET /CRIME-WATCH-AMERICA/CRIME-WATCH-CHICAGO/mcd-prolog.html HTTP/1.1" 200 859 "-" "Mozilla/5.0 (compatible; AhrefsBot/7.0; +http://ahrefs.com/robot/)" "www.metrocrimedaily.com"
114.119.137.180 - - [25/Jan/2023:00:05:00 -0800] "GET /instagram-detroit/01-23-2023-1816465-Program-teaches-Detroiters-skills-for-careers-in-.txt HTTP/1.1" 200 1120 "https://metrocrimedaily.com/instagram-detroit/?C=M%3BO%3DA" "Mozilla/5.0 (Linux; Android 7.0;) AppleWebKit/537.36 (KHTML, like Gecko) Mobile Safari/537.36 (compatible; PetalBot;+https://webmaster.petalsearch.com/site/petalbot)" "metrocrimedaily.com"
51.222.253.10 - - [25/Jan/2023:00:05:02 -0800] "GET /CRIME-WATCH-AMERICA/CRIME-WATCH-CHICAGO/mcd-prolog.html HTTP/1.1" 200 859 "-" "Mozilla/5.0 (compatible; AhrefsBot/7.0; +http://ahrefs.com/robot/)" "www.metrocrimedaily.com"
51.222.253.6 - - [25/Jan/2023:00:06:49 -0800] "GET /CRIME-WATCH-AMERICA/CRIME-WATCH-CHICAGO/post-to-instagram-RevC.bat HTTP/1.1" 200 6398 "-" "Mozilla/5.0 (compatible; AhrefsBot/7.0; +http://ahrefs.com/robot/)" "www.metrocrimedaily.com"
51.222.253.2 - - [25/Jan/2023:00:07:20 -0800] "GET /CRIME-WATCH-AMERICA/CRIME-WATCH-CHICAGO/post-to-instagram-RevC.bat HTTP/1.1" 200 6398 "-" "Mozilla/5.0 (compatible; AhrefsBot/7.0; +http://ahrefs.com/robot/)" "www.metrocrimedaily.com"
51.222.253.7 - - [25/Jan/2023:00:07:28 -0800] "GET /CRIME-WATCH-AMERICA/CRIME-WATCH-CHICAGO/post-to-instagram-chicago-RevE.bat HTTP/1.1" 200 16414 "-" "Mozilla/5.0 (compatible; AhrefsBot/7.0; +http://ahrefs.com/robot/)" "www.metrocrimedaily.com"
51.222.253.6 - - [25/Jan/2023:00:07:32 -0800] "GET /CRIME-WATCH-AMERICA/CRIME-WATCH-CHICAGO/scrapinghub-com-data-api-news.txt HTTP/1.1" 200 1653 "-" "Mozilla/5.0 (compatible; AhrefsBot/7.0; +http://ahrefs.com/robot/)" "www.metrocrimedaily.com"
51.222.253.3 - - [25/Jan/2023:00:07:40 -0800] "GET /CRIME-WATCH-AMERICA/CRIME-WATCH-CHICAGO/scrapinghub-com-data-api-news.txt HTTP/1.1" 200 1653 "-" "Mozilla/5.0 (compatible; AhrefsBot/7.0; +http://ahrefs.com/robot/)" "www.metrocrimedaily.com"
51.222.253.2 - - [25/Jan/2023:00:07:49 -0800] "GET /CRIME-WATCH-AMERICA/CRIME-WATCH-CHICAGO/send-email-to-kim-iPhone.bat HTTP/1.1" 200 4006 "-" "Mozilla/5.0 (compatible; AhrefsBot/7.0; +http://ahrefs.com/robot/)" "www.metrocrimedaily.com"
51.222.253.20 - - [25/Jan/2023:00:07:52 -0800] "GET /CRIME-WATCH-AMERICA/CRIME-WATCH-CHICAGO/send-email-to-kim-iPhone.bat HTTP/1.1" 200 4006 "-" "Mozilla/5.0 (compatible; AhrefsBot/7.0; +http://ahrefs.com/robot/)" "www.metrocrimedaily.com"
51.222.253.7 - - [25/Jan/2023:00:07:54 -0800] "GET /CRIME-WATCH-AMERICA/CRIME-WATCH-CHICAGO/sendemail-RevC.bat HTTP/1.1" 200 506 "-" "Mozilla/5.0 (compatible; AhrefsBot/7.0; +http://ahrefs.com/robot/)" "www.metrocrimedaily.com"
51.222.253.7 - - [25/Jan/2023:00:07:56 -0800] "GET /CRIME-WATCH-AMERICA/CRIME-WATCH-CHICAGO/sendemail-RevC.bat HTTP/1.1" 200 506 "-" "Mozilla/5.0 (compatible; AhrefsBot/7.0; +http://ahrefs.com/robot/)" "www.metrocrimedaily.com"
51.222.253.19 - - [25/Jan/2023:00:07:57 -0800] "GET /CRIME-WATCH-AMERICA/CRIME-WATCH-CHICAGO/sendemail.bat HTTP/1.1" 200 506 "-" "Mozilla/5.0 (compatible; AhrefsBot/7.0; +http://ahrefs.com/robot/)" "www.metrocrimedaily.com"
51.222.253.3 - - [25/Jan/2023:00:07:57 -0800] "GET /CRIME-WATCH-AMERICA/CRIME-WATCH-CHICAGO/sendemail.bat HTTP/1.1" 200 506 "-" "Mozilla/5.0 (compatible; AhrefsBot/7.0; +http://ahrefs.com/robot/)" "www.metrocrimedaily.com"
51.222.253.1 - - [25/Jan/2023:00:07:58 -0800] "GET /CRIME-WATCH-AMERICA/CRIME-WATCH-CHICAGO/support/ HTTP/1.1" 200 877 "-" "Mozilla/5.0 (compatible; AhrefsBot/7.0; +http://ahrefs.com/robot/)" "www.metrocrimedaily.com"
51.222.253.7 - - [25/Jan/2023:00:07:58 -0800] "GET /CRIME-WATCH-AMERICA/CRIME-WATCH-CHICAGO/support/ HTTP/1.1" 200 877 "-" "Mozilla/5.0 (compatible; AhrefsBot/7.0; +http://ahrefs.com/robot/)" "www.metrocrimedaily.com"
51.222.253.8 - - [25/Jan/2023:00:07:59 -0800] "GET /CRIME-WATCH-AMERICA/CRIME-WATCH-CHICAGO/wget.exe HTTP/1.1" 200 4923280 "-" "Mozilla/5.0 (compatible; AhrefsBot/7.0; +http://ahrefs.com/robot/)" "www.metrocrimedaily.com"
51.222.253.1 - - [25/Jan/2023:00:08:00 -0800] "GET /CRIME-WATCH-AMERICA/CRIME-WATCH-CHICAGO/wget.exe HTTP/1.1" 200 4923280 "-" "Mozilla/5.0 (compatible; AhrefsBot/7.0; +http://ahrefs.com/robot/)" "www.metrocrimedaily.com"
51.222.253.6 - - [25/Jan/2023:00:08:00 -0800] "GET /CRIME-WATCH-AMERICA/CRIME-WATCH-CHICAGO/wput.exe HTTP/1.1" 200 118784 "-" "Mozilla/5.0 (compatible; AhrefsBot/7.0; +http://ahrefs.com/robot/)" "www.metrocrimedaily.com"
51.222.253.2 - - [25/Jan/2023:00:08:01 -0800] "GET /CRIME-WATCH-AMERICA/CRIME-WATCH-CHICAGO/wput.exe HTTP/1.1" 200 118784 "-" "Mozilla/5.0 (compatible; AhrefsBot/7.0; +http://ahrefs.com/robot/)" "www.metrocrimedaily.com"
51.222.253.14 - - [25/Jan/2023:00:08:01 -0800] "GET /CRIME-WATCH-AMERICA/CRIME-WATCH-CHICAGO/youtube-dl.exe HTTP/1.1" 200 8031644 "-" "Mozilla/5.0 (compatible; AhrefsBot/7.0; +http://ahrefs.com/robot/)" "www.metrocrimedaily.com"
51.222.253.3 - - [25/Jan/2023:00:08:02 -0800] "GET /CRIME-WATCH-AMERICA/CRIME-WATCH-CHICAGO/youtube-dl.exe HTTP/1.1" 200 8031644 "-" "Mozilla/5.0 (compatible; AhrefsBot/7.0; +http://ahrefs.com/robot/)" "www.metrocrimedaily.com"
51.222.253.4 - - [25/Jan/2023:00:08:02 -0800] "GET /CRIME-WATCH-AMERICA/CRIME-WATCH-CHICAGO/yt-dlp.exe HTTP/1.1" 200 106359 "-" "Mozilla/5.0 (compatible; AhrefsBot/7.0; +http://ahrefs.com/robot/)" "www.metrocrimedaily.com"
51.222.253.10 - - [25/Jan/2023:00:08:03 -0800] "GET /CRIME-WATCH-AMERICA/CRIME-WATCH-CHICAGO/yt-dlp.exe HTTP/1.1" 200 106359 "-" "Mozilla/5.0 (compatible; AhrefsBot/7.0; +http://ahrefs.com/robot/)" "www.metrocrimedaily.com"
207.46.13.178 - - [25/Jan/2023:00:10:45 -0800] "GET /index-memphis.html HTTP/1.1" 200 13728 "-" "Mozilla/5.0 AppleWebKit/537.36 (KHTML, like Gecko; compatible; bingbot/2.0; +http://www.bing.com/bingbot.htm) Chrome/103.0.5060.134 Safari/537.36" "metrocrimedaily.com"
207.46.13.124 - - [25/Jan/2023:00:11:31 -0800] "GET /confirmation.htm HTTP/1.1" 200 936 "-" "Mozilla/5.0 AppleWebKit/537.36 (KHTML, like Gecko; compatible; bingbot/2.0; +http://www.bing.com/bingbot.htm) Chrome/103.0.5060.134 Safari/537.36" "metrocrimedaily.com"
51.222.253.17 - - [25/Jan/2023:00:11:45 -0800] "GET / HTTP/1.1" 200 159430 "-" "Mozilla/5.0 (compatible; AhrefsBot/7.0; +http://ahrefs.com/robot/)" "metrocrimedaily.com"
168.119.68.118 - - [25/Jan/2023:00:11:48 -0800] "GET /styles-mcd.css HTTP/1.1" 200 1159 "https://metrocrimedaily.com/" "Mozilla/5.0 (compatible; AhrefsBot/7.0; +http://ahrefs.com/robot/)" "metrocrimedaily.com"
51.222.253.7 - - [25/Jan/2023:00:12:23 -0800] "GET /CRIME-WATCH-AMERICA/CRIME-WATCH-HOUSTON/INSTAGRAM-AUTOMATION/?C=N;O=A HTTP/1.1" 200 550 "-" "Mozilla/5.0 (compatible; AhrefsBot/7.0; +http://ahrefs.com/robot/)" "metrocrimedaily.com"
173.252.107.13 - - [25/Jan/2023:00:12:33 -0800] "GET /instagram-losangeles/01-25-2023-0212131-A.jpg HTTP/1.1" 200 128220 "-" "facebookexternalhit/1.1 (+http://www.facebook.com/externalhit_uatext.php)" "www.metrocrimedaily.com"
173.252.107.1 - - [25/Jan/2023:00:12:56 -0800] "GET /instagram-atlanta/01-24-2023-21022517-A.jpg HTTP/1.1" 200 149984 "-" "facebookexternalhit/1.1 (+http://www.facebook.com/externalhit_uatext.php)" "www.metrocrimedaily.com"
51.222.253.7 - - [25/Jan/2023:00:13:01 -0800] "GET /instagram-losangeles/videos/?C=N;O=A HTTP/1.1" 200 758 "-" "Mozilla/5.0 (compatible; AhrefsBot/7.0; +http://ahrefs.com/robot/)" "www.metrocrimedaily.com"
114.119.135.37 - - [25/Jan/2023:00:14:05 -0800] "GET /instagram-detroit/01-17-2023-1817163-Southgate-resident-chases-thief-who-tried-to-stea.txt HTTP/1.1" 404 88 "https://metrocrimedaily.com/instagram-detroit/" "Mozilla/5.0 (Linux; Android 7.0;) AppleWebKit/537.36 (KHTML, like Gecko) Mobile Safari/537.36 (compatible; PetalBot;+https://webmaster.petalsearch.com/site/petalbot)" "metrocrimedaily.com"
51.222.253.1 - - [25/Jan/2023:00:14:15 -0800] "GET /instagram-houston/videos/?C=N;O=A HTTP/1.1" 200 1000 "-" "Mozilla/5.0 (compatible; AhrefsBot/7.0; +http://ahrefs.com/robot/)" "www.metrocrimedaily.com"
173.252.107.117 - - [25/Jan/2023:00:16:26 -0800] "GET /instagram-chicago/01-24-2023-20355119-A.jpg HTTP/1.1" 200 104038 "-" "facebookexternalhit/1.1 (+http://www.facebook.com/externalhit_uatext.php)" "www.metrocrimedaily.com"
51.222.253.18 - - [25/Jan/2023:00:16:48 -0800] "GET /CRIME-WATCH-AMERICA/CRIME-WATCH-CHICAGO/about-us.html HTTP/1.1" 404 88 "-" "Mozilla/5.0 (compatible; AhrefsBot/7.0; +http://ahrefs.com/robot/)" "metrocrimedaily.com"
195.211.44.210 - - [25/Jan/2023:00:19:55 -0800] "GET /wp-login.php HTTP/1.1" 404 88 "" "Mozilla/5.0 (Windows NT 10.0; Win64; x64; rv:108.0) Gecko/20100101 Firefox/108.0" "www.metrocrimedaily.com"
114.119.162.170 - - [25/Jan/2023:00:21:02 -0800] "GET /instagram-detroit/01-16-2023-1145561--.txt HTTP/1.1" 404 88 "https://metrocrimedaily.com/instagram-detroit/" "Mozilla/5.0 (Linux; Android 7.0;) AppleWebKit/537.36 (KHTML, like Gecko) Mobile Safari/537.36 (compatible; PetalBot;+https://webmaster.petalsearch.com/site/petalbot)" "metrocrimedaily.com"
51.222.253.17 - - [25/Jan/2023:00:22:26 -0800] "GET /CRIME-WATCH-AMERICA/CRIME-WATCH-CHICAGO/contact-us.html HTTP/1.1" 404 88 "-" "Mozilla/5.0 (compatible; AhrefsBot/7.0; +http://ahrefs.com/robot/)" "metrocrimedaily.com"
64.137.49.136 - - [25/Jan/2023:00:28:03 -0800] "GET / HTTP/1.1" 200 159430 "-" "Mozilla/5.0 (Windows NT 6.3; Win64; x64) AppleWebKit/537.36 (KHTML, like Gecko) Chrome/102.0.0.0 Safari/537.36" "metrocrimedaily.com"
51.222.253.4 - - [25/Jan/2023:00:28:04 -0800] "GET /CRIME-WATCH-AMERICA/CRIME-WATCH-CHICAGO/gov-svc-detroit.html HTTP/1.1" 404 88 "-" "Mozilla/5.0 (compatible; AhrefsBot/7.0; +http://ahrefs.com/robot/)" "metrocrimedaily.com"
93.84.114.208 - - [25/Jan/2023:00:28:11 -0800] "GET /wp-login.php HTTP/1.1" 404 88 "" "Mozilla/5.0 (Windows NT 10.0; Win64; x64; rv:108.0) Gecko/20100101 Firefox/108.0" "metrocrimedaily.com"
207.46.13.160 - - [25/Jan/2023:00:31:06 -0800] "GET /robots.txt HTTP/1.1" 404 88 "-" "Mozilla/5.0 AppleWebKit/537.36 (KHTML, like Gecko; compatible; bingbot/2.0; +http://www.bing.com/bingbot.htm) Chrome/103.0.5060.134 Safari/537.36" "metrocrimedaily.com"
207.46.13.160 - - [25/Jan/2023:00:31:06 -0800] "GET /robots.txt HTTP/1.1" 404 88 "-" "Mozilla/5.0 AppleWebKit/537.36 (KHTML, like Gecko; compatible; bingbot/2.0; +http://www.bing.com/bingbot.htm) Chrome/103.0.5060.134 Safari/537.36" "metrocrimedaily.com"
