51.222.253.14 - - [24/Jan/2023:20:43:58 -0800] "GET /instagram-stlouis/01-23-2023-1654032-Oath-Keepers-convicted-of-seditious-conspiracy%3B-U.txt HTTP/1.1" 200 1222 "-" "Mozilla/5.0 (compatible; AhrefsBot/7.0; +http://ahrefs.com/robot/)" "www.metrocrimedaily.com"
51.222.253.13 - - [24/Jan/2023:20:43:58 -0800] "GET /instagram-stlouis/01-23-2023-1654033-11th-Monterey-Park-shooting-victim-dies%3B-motive-s.txt HTTP/1.1" 200 1168 "-" "Mozilla/5.0 (compatible; AhrefsBot/7.0; +http://ahrefs.com/robot/)" "www.metrocrimedaily.com"
51.222.253.6 - - [24/Jan/2023:20:43:59 -0800] "GET /instagram-stlouis/01-23-2023-1654036-St.-Louis-Lyft-driver-charged-with-sexually-abusi.txt HTTP/1.1" 200 734 "-" "Mozilla/5.0 (compatible; AhrefsBot/7.0; +http://ahrefs.com/robot/)" "www.metrocrimedaily.com"
51.222.253.14 - - [24/Jan/2023:20:43:59 -0800] "GET /instagram-stlouis/01-23-2023-1654037-Granite-City-man-sentenced-to-more-than-30-years-.txt HTTP/1.1" 200 1095 "-" "Mozilla/5.0 (compatible; AhrefsBot/7.0; +http://ahrefs.com/robot/)" "www.metrocrimedaily.com"
51.222.253.1 - - [24/Jan/2023:20:44:00 -0800] "GET /instagram-stlouis/01-23-2023-1937541-Car-thieves-target-Armory--City-Foundry-over-the-.txt HTTP/1.1" 200 50 "-" "Mozilla/5.0 (compatible; AhrefsBot/7.0; +http://ahrefs.com/robot/)" "www.metrocrimedaily.com"
51.222.253.9 - - [24/Jan/2023:20:44:00 -0800] "GET /instagram-stlouis/01-23-2023-1937542-Sheriff--Dance-hall-shooter-had-gun-arrest--extra.txt HTTP/1.1" 200 1174 "-" "Mozilla/5.0 (compatible; AhrefsBot/7.0; +http://ahrefs.com/robot/)" "www.metrocrimedaily.com"
51.222.253.2 - - [24/Jan/2023:20:44:01 -0800] "GET /instagram-stlouis/01-23-2023-1937543-Firefighters-investigate-cause-of-fatal-fire-at-B.txt HTTP/1.1" 200 1048 "-" "Mozilla/5.0 (compatible; AhrefsBot/7.0; +http://ahrefs.com/robot/)" "www.metrocrimedaily.com"
51.222.253.15 - - [24/Jan/2023:20:44:01 -0800] "GET /instagram-stlouis/?C=D;O=A HTTP/1.1" 200 2949 "-" "Mozilla/5.0 (compatible; AhrefsBot/7.0; +http://ahrefs.com/robot/)" "www.metrocrimedaily.com"
51.222.253.11 - - [24/Jan/2023:20:44:02 -0800] "GET /instagram-stlouis/?C=M;O=A HTTP/1.1" 200 2972 "-" "Mozilla/5.0 (compatible; AhrefsBot/7.0; +http://ahrefs.com/robot/)" "www.metrocrimedaily.com"
51.222.253.7 - - [24/Jan/2023:20:44:02 -0800] "GET /instagram-stlouis/?C=N;O=D HTTP/1.1" 200 2951 "-" "Mozilla/5.0 (compatible; AhrefsBot/7.0; +http://ahrefs.com/robot/)" "www.metrocrimedaily.com"
51.222.253.1 - - [24/Jan/2023:20:44:03 -0800] "GET /instagram-stlouis/ig-CWUSA-stlouis-stories-to-post-later.txt HTTP/1.1" 200 14931 "-" "Mozilla/5.0 (compatible; AhrefsBot/7.0; +http://ahrefs.com/robot/)" "www.metrocrimedaily.com"
51.222.253.8 - - [24/Jan/2023:20:44:03 -0800] "GET /instagram-stlouis/ig-stlouis-stories-to-post-later.txt HTTP/1.1" 200 9514 "-" "Mozilla/5.0 (compatible; AhrefsBot/7.0; +http://ahrefs.com/robot/)" "www.metrocrimedaily.com"
51.222.253.2 - - [24/Jan/2023:20:44:04 -0800] "GET /instagram-newyork/?C=D;O=D HTTP/1.1" 200 1462 "-" "Mozilla/5.0 (compatible; AhrefsBot/7.0; +http://ahrefs.com/robot/)" "www.metrocrimedaily.com"
51.222.253.2 - - [24/Jan/2023:20:44:05 -0800] "GET /CRIME-WATCH-AMERICA/CRIME-WATCH-CHICAGO/find-and-post-chicago-stories-RevC.bat HTTP/1.1" 200 18142 "-" "Mozilla/5.0 (compatible; AhrefsBot/7.0; +http://ahrefs.com/robot/)" "metrocrimedaily.com"
51.222.253.15 - - [24/Jan/2023:20:44:05 -0800] "GET /CRIME-WATCH-AMERICA/CRIME-WATCH-CHICAGO/find-and-post-chicago-stories-RevD.bat HTTP/1.1" 200 18169 "-" "Mozilla/5.0 (compatible; AhrefsBot/7.0; +http://ahrefs.com/robot/)" "metrocrimedaily.com"
51.222.253.2 - - [24/Jan/2023:20:44:06 -0800] "GET /CRIME-WATCH-AMERICA/CRIME-WATCH-CHICAGO/find-and-post-chicago-stories-RevE.bat HTTP/1.1" 200 18903 "-" "Mozilla/5.0 (compatible; AhrefsBot/7.0; +http://ahrefs.com/robot/)" "metrocrimedaily.com"
51.222.253.10 - - [24/Jan/2023:20:44:06 -0800] "GET /CRIME-WATCH-AMERICA/CRIME-WATCH-CHICAGO/find-and-post-chicago-stories-RevF.bat HTTP/1.1" 200 19152 "-" "Mozilla/5.0 (compatible; AhrefsBot/7.0; +http://ahrefs.com/robot/)" "metrocrimedaily.com"
51.222.253.16 - - [24/Jan/2023:20:44:06 -0800] "GET /instagram-newyork/?C=M;O=D HTTP/1.1" 200 1469 "-" "Mozilla/5.0 (compatible; AhrefsBot/7.0; +http://ahrefs.com/robot/)" "www.metrocrimedaily.com"
51.222.253.14 - - [24/Jan/2023:20:44:07 -0800] "GET /CRIME-WATCH-AMERICA/CRIME-WATCH-CHICAGO/find-and-post-chicago-stories-RevG.bat HTTP/1.1" 200 19462 "-" "Mozilla/5.0 (compatible; AhrefsBot/7.0; +http://ahrefs.com/robot/)" "metrocrimedaily.com"
51.222.253.7 - - [24/Jan/2023:20:44:07 -0800] "GET /CRIME-WATCH-AMERICA/CRIME-WATCH-CHICAGO/mcd-citd-chicago-lnkpreview-RevD.bat HTTP/1.1" 200 15299 "-" "Mozilla/5.0 (compatible; AhrefsBot/7.0; +http://ahrefs.com/robot/)" "metrocrimedaily.com"
51.222.253.5 - - [24/Jan/2023:20:44:08 -0800] "GET /CRIME-WATCH-AMERICA/CRIME-WATCH-CHICAGO/download-chicago-videos-RevA.bat HTTP/1.1" 200 8238 "-" "Mozilla/5.0 (compatible; AhrefsBot/7.0; +http://ahrefs.com/robot/)" "www.metrocrimedaily.com"
51.222.253.6 - - [24/Jan/2023:20:44:08 -0800] "GET /CRIME-WATCH-AMERICA/CRIME-WATCH-CHICAGO/find-and-post-chicago-stories-RevC.bat HTTP/1.1" 200 18142 "-" "Mozilla/5.0 (compatible; AhrefsBot/7.0; +http://ahrefs.com/robot/)" "www.metrocrimedaily.com"
51.222.253.20 - - [24/Jan/2023:20:44:09 -0800] "GET /CRIME-WATCH-AMERICA/CRIME-WATCH-CHICAGO/find-and-post-chicago-stories-RevD.bat HTTP/1.1" 200 18169 "-" "Mozilla/5.0 (compatible; AhrefsBot/7.0; +http://ahrefs.com/robot/)" "www.metrocrimedaily.com"
51.222.253.7 - - [24/Jan/2023:20:44:09 -0800] "GET /CRIME-WATCH-AMERICA/CRIME-WATCH-CHICAGO/find-and-post-chicago-stories-RevE.bat HTTP/1.1" 200 18903 "-" "Mozilla/5.0 (compatible; AhrefsBot/7.0; +http://ahrefs.com/robot/)" "www.metrocrimedaily.com"
51.222.253.6 - - [24/Jan/2023:20:44:10 -0800] "GET /CRIME-WATCH-AMERICA/CRIME-WATCH-CHICAGO/find-and-post-chicago-stories-RevE.bat HTTP/1.1" 200 18903 "-" "Mozilla/5.0 (compatible; AhrefsBot/7.0; +http://ahrefs.com/robot/)" "www.metrocrimedaily.com"
51.222.253.9 - - [24/Jan/2023:20:44:10 -0800] "GET /CRIME-WATCH-AMERICA/CRIME-WATCH-CHICAGO/find-and-post-chicago-stories-RevF.bat HTTP/1.1" 200 19152 "-" "Mozilla/5.0 (compatible; AhrefsBot/7.0; +http://ahrefs.com/robot/)" "www.metrocrimedaily.com"
51.222.253.4 - - [24/Jan/2023:20:44:11 -0800] "GET /CRIME-WATCH-AMERICA/CRIME-WATCH-CHICAGO/find-and-post-chicago-stories-RevF.bat HTTP/1.1" 200 19152 "-" "Mozilla/5.0 (compatible; AhrefsBot/7.0; +http://ahrefs.com/robot/)" "www.metrocrimedaily.com"
51.222.253.15 - - [24/Jan/2023:20:44:11 -0800] "GET /CRIME-WATCH-AMERICA/CRIME-WATCH-CHICAGO/find-and-post-chicago-stories-RevG.bat HTTP/1.1" 200 19462 "-" "Mozilla/5.0 (compatible; AhrefsBot/7.0; +http://ahrefs.com/robot/)" "www.metrocrimedaily.com"
51.222.253.18 - - [24/Jan/2023:20:44:12 -0800] "GET /CRIME-WATCH-AMERICA/CRIME-WATCH-CHICAGO/mcd-citd-chicago-lnkpreview-RevD.bat HTTP/1.1" 200 15299 "-" "Mozilla/5.0 (compatible; AhrefsBot/7.0; +http://ahrefs.com/robot/)" "www.metrocrimedaily.com"
51.222.253.1 - - [24/Jan/2023:20:44:12 -0800] "GET /CRIME-WATCH-AMERICA/CRIME-WATCH-CHICAGO/mcd-citd-chicago-lnkpreview-RevD.bat HTTP/1.1" 200 15299 "-" "Mozilla/5.0 (compatible; AhrefsBot/7.0; +http://ahrefs.com/robot/)" "www.metrocrimedaily.com"
51.222.253.18 - - [24/Jan/2023:20:44:13 -0800] "GET /CRIME-WATCH-AMERICA/CRIME-WATCH-CHICAGO/post-to-instagram-chicago-RevE.bat HTTP/1.1" 200 16414 "-" "Mozilla/5.0 (compatible; AhrefsBot/7.0; +http://ahrefs.com/robot/)" "www.metrocrimedaily.com"
69.63.184.1 - - [24/Jan/2023:20:50:06 -0800] "GET /instagram-dallas/01-24-2023-2249461-A.jpg HTTP/1.1" 200 245257 "-" "facebookexternalhit/1.1 (+http://www.facebook.com/externalhit_uatext.php)" "www.metrocrimedaily.com"
69.63.184.1 - - [24/Jan/2023:20:51:14 -0800] "GET /instagram-detroit/01-24-2023-2249491-A.jpg HTTP/1.1" 200 153841 "-" "facebookexternalhit/1.1 (+http://www.facebook.com/externalhit_uatext.php)" "www.metrocrimedaily.com"
207.46.13.106 - - [24/Jan/2023:20:51:40 -0800] "GET /index-pms-oldway.html HTTP/1.1" 200 1246 "-" "Mozilla/5.0 AppleWebKit/537.36 (KHTML, like Gecko; compatible; bingbot/2.0; +http://www.bing.com/bingbot.htm) Chrome/103.0.5060.134 Safari/537.36" "metrocrimedaily.com"
69.63.184.119 - - [24/Jan/2023:20:53:01 -0800] "GET /instagram-atlanta/01-24-2023-2102258-A.jpg HTTP/1.1" 200 97991 "-" "facebookexternalhit/1.1 (+http://www.facebook.com/externalhit_uatext.php)" "www.metrocrimedaily.com"
51.222.253.1 - - [24/Jan/2023:20:54:22 -0800] "GET /instagram-memphis/videos/?C=N;O=A HTTP/1.1" 200 437 "-" "Mozilla/5.0 (compatible; AhrefsBot/7.0; +http://ahrefs.com/robot/)" "www.metrocrimedaily.com"
69.63.184.118 - - [24/Jan/2023:20:56:24 -0800] "GET /instagram-chicago/01-24-2023-20355110-A.jpg HTTP/1.1" 200 377183 "-" "facebookexternalhit/1.1 (+http://www.facebook.com/externalhit_uatext.php)" "www.metrocrimedaily.com"
51.222.253.6 - - [24/Jan/2023:20:58:54 -0800] "GET /CRIME-WATCH-AMERICA/DELETE-ME-IM-JUNK/JUNK1/unix/bin/?C=N;O=A HTTP/1.1" 200 352 "-" "Mozilla/5.0 (compatible; AhrefsBot/7.0; +http://ahrefs.com/robot/)" "metrocrimedaily.com"
69.63.184.118 - - [24/Jan/2023:20:58:55 -0800] "GET /instagram-neworleans/01-24-2023-2258351-A.jpg HTTP/1.1" 200 149010 "-" "facebookexternalhit/1.1 (+http://www.facebook.com/externalhit_uatext.php)" "www.metrocrimedaily.com"
69.63.184.1 - - [24/Jan/2023:20:59:22 -0800] "GET /instagram-losangeles/01-24-2023-2145246-A.jpg HTTP/1.1" 200 89773 "-" "facebookexternalhit/1.1 (+http://www.facebook.com/externalhit_uatext.php)" "www.metrocrimedaily.com"
69.63.184.117 - - [24/Jan/2023:21:05:44 -0800] "GET /instagram-dallas/01-24-2023-2249462-A.jpg HTTP/1.1" 200 122790 "-" "facebookexternalhit/1.1 (+http://www.facebook.com/externalhit_uatext.php)" "www.metrocrimedaily.com"
76.184.252.42 - - [24/Jan/2023:21:06:34 -0800] "GET /images/police-tape.jpg HTTP/1.1" 200 50766 "-" "Wget/1.20.3 (mingw32)" "metrocrimedaily.com"
69.63.184.117 - - [24/Jan/2023:21:06:43 -0800] "GET /instagram-detroit/01-24-2023-2249492-A.jpg HTTP/1.1" 200 61654 "-" "facebookexternalhit/1.1 (+http://www.facebook.com/externalhit_uatext.php)" "www.metrocrimedaily.com"
51.222.253.1 - - [24/Jan/2023:21:07:44 -0800] "GET /CRIME-WATCH-AMERICA/DELETE-ME-IM-JUNK/JUNK2/unix/bin/?C=N;O=A HTTP/1.1" 200 352 "-" "Mozilla/5.0 (compatible; AhrefsBot/7.0; +http://ahrefs.com/robot/)" "metrocrimedaily.com"
69.63.184.5 - - [24/Jan/2023:21:08:30 -0800] "GET /instagram-atlanta/01-24-2023-2102259-A.jpg HTTP/1.1" 200 311318 "-" "facebookexternalhit/1.1 (+http://www.facebook.com/externalhit_uatext.php)" "www.metrocrimedaily.com"
69.63.184.3 - - [24/Jan/2023:21:11:56 -0800] "GET /instagram-chicago/01-24-2023-20355111-A.jpg HTTP/1.1" 200 209568 "-" "facebookexternalhit/1.1 (+http://www.facebook.com/externalhit_uatext.php)" "www.metrocrimedaily.com"
207.46.13.178 - - [24/Jan/2023:21:12:22 -0800] "GET / HTTP/1.1" 200 158329 "-" "Mozilla/5.0 AppleWebKit/537.36 (KHTML, like Gecko; compatible; bingbot/2.0; +http://www.bing.com/bingbot.htm) Chrome/103.0.5060.134 Safari/537.36" "www.metrocrimedaily.com"
45.133.39.32 - - [24/Jan/2023:21:14:20 -0800] "GET /wp-login.php HTTP/1.1" 404 88 "" "Mozilla/5.0 (Windows NT 10.0; Win64; x64; rv:108.0) Gecko/20100101 Firefox/108.0" "metrocrimedaily.com"
69.63.184.1 - - [24/Jan/2023:21:14:25 -0800] "GET /instagram-neworleans/01-24-2023-2258352-A.jpg HTTP/1.1" 200 100764 "-" "facebookexternalhit/1.1 (+http://www.facebook.com/externalhit_uatext.php)" "www.metrocrimedaily.com"
69.63.184.120 - - [24/Jan/2023:21:14:55 -0800] "GET /instagram-losangeles/01-24-2023-2145247-A.jpg HTTP/1.1" 200 127644 "-" "facebookexternalhit/1.1 (+http://www.facebook.com/externalhit_uatext.php)" "www.metrocrimedaily.com"
51.222.253.8 - - [24/Jan/2023:21:16:22 -0800] "GET /instagram-neworleans/post-later/?C=S;O=A HTTP/1.1" 200 829 "-" "Mozilla/5.0 (compatible; AhrefsBot/7.0; +http://ahrefs.com/robot/)" "www.metrocrimedaily.com"
45.252.251.45 - - [24/Jan/2023:21:21:22 -0800] "GET /wp-login.php HTTP/1.1" 404 88 "" "Mozilla/5.0 (Windows NT 10.0; Win64; x64; rv:108.0) Gecko/20100101 Firefox/108.0" "metrocrimedaily.com"
69.63.184.2 - - [24/Jan/2023:21:22:15 -0800] "GET /instagram-detroit/01-24-2023-2249493-A.jpg HTTP/1.1" 200 125950 "-" "facebookexternalhit/1.1 (+http://www.facebook.com/externalhit_uatext.php)" "www.metrocrimedaily.com"
69.63.184.117 - - [24/Jan/2023:21:24:04 -0800] "GET /instagram-atlanta/01-24-2023-21022510-A.jpg HTTP/1.1" 200 228159 "-" "facebookexternalhit/1.1 (+http://www.facebook.com/externalhit_uatext.php)" "www.metrocrimedaily.com"
69.63.184.2 - - [24/Jan/2023:21:25:23 -0800] "GET /instagram-memphis/01-24-2023-2325031-A.jpg HTTP/1.1" 200 103611 "-" "facebookexternalhit/1.1 (+http://www.facebook.com/externalhit_uatext.php)" "www.metrocrimedaily.com"
51.222.253.11 - - [24/Jan/2023:21:25:43 -0800] "GET /CRIME-WATCH-AMERICA/CRIME-WATCH-HOUSTON/about-us.html HTTP/1.1" 404 88 "-" "Mozilla/5.0 (compatible; AhrefsBot/7.0; +http://ahrefs.com/robot/)" "metrocrimedaily.com"
69.63.184.116 - - [24/Jan/2023:21:27:29 -0800] "GET /instagram-chicago/01-24-2023-20355112-A.jpg HTTP/1.1" 200 60920 "-" "facebookexternalhit/1.1 (+http://www.facebook.com/externalhit_uatext.php)" "www.metrocrimedaily.com"
69.63.184.119 - - [24/Jan/2023:21:29:55 -0800] "GET /instagram-neworleans/01-24-2023-2258353-A.jpg HTTP/1.1" 200 139236 "-" "facebookexternalhit/1.1 (+http://www.facebook.com/externalhit_uatext.php)" "www.metrocrimedaily.com"
69.63.184.2 - - [24/Jan/2023:21:30:28 -0800] "GET /instagram-losangeles/01-24-2023-2145248-A.jpg HTTP/1.1" 200 210303 "-" "facebookexternalhit/1.1 (+http://www.facebook.com/externalhit_uatext.php)" "www.metrocrimedaily.com"
69.63.184.119 - - [24/Jan/2023:21:32:32 -0800] "GET /instagram-houston/01-24-2023-2332121-A.jpg HTTP/1.1" 200 167246 "-" "facebookexternalhit/1.1 (+http://www.facebook.com/externalhit_uatext.php)" "www.metrocrimedaily.com"
51.222.253.7 - - [24/Jan/2023:21:35:21 -0800] "GET /CRIME-WATCH-AMERICA/CRIME-WATCH-HOUSTON/contact-us.html HTTP/1.1" 404 88 "-" "Mozilla/5.0 (compatible; AhrefsBot/7.0; +http://ahrefs.com/robot/)" "metrocrimedaily.com"
207.46.13.124 - - [24/Jan/2023:21:37:13 -0800] "GET /instagram-dallas/12-21-2022-0933271-Man-killed-in-possible-road-rage-shooting--Mesqui.txt HTTP/1.1" 404 88 "-" "Mozilla/5.0 AppleWebKit/537.36 (KHTML, like Gecko; compatible; bingbot/2.0; +http://www.bing.com/bingbot.htm) Chrome/103.0.5060.134 Safari/537.36" "www.metrocrimedaily.com"
69.63.184.120 - - [24/Jan/2023:21:37:45 -0800] "GET /instagram-detroit/01-24-2023-2249494-A.jpg HTTP/1.1" 200 59160 "-" "facebookexternalhit/1.1 (+http://www.facebook.com/externalhit_uatext.php)" "www.metrocrimedaily.com"
69.63.184.3 - - [24/Jan/2023:21:38:59 -0800] "GET /instagram-stlouis/01-24-2023-2338381-A.jpg HTTP/1.1" 200 446538 "-" "facebookexternalhit/1.1 (+http://www.facebook.com/externalhit_uatext.php)" "www.metrocrimedaily.com"
69.63.184.116 - - [24/Jan/2023:21:39:38 -0800] "GET /instagram-atlanta/01-24-2023-21022511-A.jpg HTTP/1.1" 200 145995 "-" "facebookexternalhit/1.1 (+http://www.facebook.com/externalhit_uatext.php)" "www.metrocrimedaily.com"
51.222.253.14 - - [24/Jan/2023:21:40:21 -0800] "GET /CRIME-WATCH-AMERICA/CRIME-WATCH-HOUSTON/gov-svc-houston.html HTTP/1.1" 404 88 "-" "Mozilla/5.0 (compatible; AhrefsBot/7.0; +http://ahrefs.com/robot/)" "metrocrimedaily.com"
69.63.184.1 - - [24/Jan/2023:21:40:55 -0800] "GET /instagram-memphis/01-24-2023-2325032-A.jpg HTTP/1.1" 200 100578 "-" "facebookexternalhit/1.1 (+http://www.facebook.com/externalhit_uatext.php)" "www.metrocrimedaily.com"
69.63.184.3 - - [24/Jan/2023:21:43:00 -0800] "GET /instagram-chicago/01-24-2023-20355113-A.jpg HTTP/1.1" 200 123987 "-" "facebookexternalhit/1.1 (+http://www.facebook.com/externalhit_uatext.php)" "www.metrocrimedaily.com"
51.222.253.5 - - [24/Jan/2023:21:45:25 -0800] "GET /CRIME-WATCH-AMERICA/CRIME-WATCH-HOUSTON/index-houston.html HTTP/1.1" 404 88 "-" "Mozilla/5.0 (compatible; AhrefsBot/7.0; +http://ahrefs.com/robot/)" "metrocrimedaily.com"
114.119.136.150 - - [24/Jan/2023:21:47:38 -0800] "GET /instagram-detroit/01-15-2023-2054352-Police-investigating-inmate-death-at-Monroe-Count.txt HTTP/1.1" 404 88 "https://metrocrimedaily.com/instagram-detroit/" "Mozilla/5.0 (Linux; Android 7.0;) AppleWebKit/537.36 (KHTML, like Gecko) Mobile Safari/537.36 (compatible; PetalBot;+https://webmaster.petalsearch.com/site/petalbot)" "metrocrimedaily.com"
69.63.184.4 - - [24/Jan/2023:21:48:02 -0800] "GET /instagram-houston/01-24-2023-2332122-A.jpg HTTP/1.1" 200 93631 "-" "facebookexternalhit/1.1 (+http://www.facebook.com/externalhit_uatext.php)" "www.metrocrimedaily.com"
51.222.253.20 - - [24/Jan/2023:21:50:36 -0800] "GET /CRIME-WATCH-AMERICA/CRIME-WATCH-HOUSTON/privacy-policy.html HTTP/1.1" 404 88 "-" "Mozilla/5.0 (compatible; AhrefsBot/7.0; +http://ahrefs.com/robot/)" "metrocrimedaily.com"
69.63.184.120 - - [24/Jan/2023:21:53:23 -0800] "GET /instagram-detroit/01-24-2023-2249495-A.jpg HTTP/1.1" 200 75976 "-" "facebookexternalhit/1.1 (+http://www.facebook.com/externalhit_uatext.php)" "www.metrocrimedaily.com"
69.63.184.5 - - [24/Jan/2023:21:54:29 -0800] "GET /instagram-stlouis/01-24-2023-2338382-A.jpg HTTP/1.1" 200 205171 "-" "facebookexternalhit/1.1 (+http://www.facebook.com/externalhit_uatext.php)" "www.metrocrimedaily.com"
69.63.184.5 - - [24/Jan/2023:21:54:38 -0800] "GET /instagram-dallas/01-24-2023-2354181-A.jpg HTTP/1.1" 200 167540 "-" "facebookexternalhit/1.1 (+http://www.facebook.com/externalhit_uatext.php)" "www.metrocrimedaily.com"
69.63.184.2 - - [24/Jan/2023:21:55:09 -0800] "GET /instagram-atlanta/01-24-2023-21022512-A.jpg HTTP/1.1" 200 166540 "-" "facebookexternalhit/1.1 (+http://www.facebook.com/externalhit_uatext.php)" "www.metrocrimedaily.com"
69.63.184.2 - - [24/Jan/2023:21:55:35 -0800] "GET /instagram-neworleans/01-24-2023-2355161-A.jpg HTTP/1.1" 200 148780 "-" "facebookexternalhit/1.1 (+http://www.facebook.com/externalhit_uatext.php)" "www.metrocrimedaily.com"
51.222.253.1 - - [24/Jan/2023:21:55:45 -0800] "GET /instagram-memphis/post-later/01-24-2023-1908194-Man-dies-after-shooting-in-Southeast-Memphis--MPD.txt HTTP/1.1" 200 377 "-" "Mozilla/5.0 (compatible; AhrefsBot/7.0; +http://ahrefs.com/robot/)" "www.metrocrimedaily.com"
69.63.184.116 - - [24/Jan/2023:21:56:25 -0800] "GET /instagram-memphis/01-24-2023-2325033-A.jpg HTTP/1.1" 200 104151 "-" "facebookexternalhit/1.1 (+http://www.facebook.com/externalhit_uatext.php)" "www.metrocrimedaily.com"
69.63.184.120 - - [24/Jan/2023:21:58:35 -0800] "GET /instagram-chicago/01-24-2023-20355114-A.jpg HTTP/1.1" 200 194838 "-" "facebookexternalhit/1.1 (+http://www.facebook.com/externalhit_uatext.php)" "www.metrocrimedaily.com"
51.222.253.12 - - [24/Jan/2023:22:00:29 -0800] "GET /instagram-memphis/post-later/?C=N;O=A HTTP/1.1" 200 774 "-" "Mozilla/5.0 (compatible; AhrefsBot/7.0; +http://ahrefs.com/robot/)" "www.metrocrimedaily.com"
165.21.18.166 - - [24/Jan/2023:22:00:31 -0800] "GET /300/license.txt HTTP/1.1" 404 88 "-" "Mozilla/5.0 (X11; Ubuntu; Linux x86_64; rv:62.0) Gecko/20100101 Firefox/62.0" "metrocrimedaily.com"
51.222.253.16 - - [24/Jan/2023:22:05:27 -0800] "GET /instagram-neworleans/post-later/01-24-2023-1738431-Baton-Rouge-nightclub-loses-liquor-license-after-.txt HTTP/1.1" 200 435 "-" "Mozilla/5.0 (compatible; AhrefsBot/7.0; +http://ahrefs.com/robot/)" "www.metrocrimedaily.com"
69.63.184.111 - - [24/Jan/2023:22:08:57 -0800] "GET /instagram-detroit/01-24-2023-2249496-A.jpg HTTP/1.1" 200 93581 "-" "facebookexternalhit/1.1 (+http://www.facebook.com/externalhit_uatext.php)" "www.metrocrimedaily.com"
114.119.128.6 - - [24/Jan/2023:22:09:41 -0800] "GET /instagram-detroit/01-18-2023-0949103-Do-you-recognize-this-man---Southfield-police-sea.txt HTTP/1.1" 404 88 "https://metrocrimedaily.com/instagram-detroit/" "Mozilla/5.0 (Linux; Android 7.0;) AppleWebKit/537.36 (KHTML, like Gecko) Mobile Safari/537.36 (compatible; PetalBot;+https://webmaster.petalsearch.com/site/petalbot)" "metrocrimedaily.com"
69.63.184.5 - - [24/Jan/2023:22:10:01 -0800] "GET /instagram-stlouis/01-24-2023-2338383-A.jpg HTTP/1.1" 200 226313 "-" "facebookexternalhit/1.1 (+http://www.facebook.com/externalhit_uatext.php)" "www.metrocrimedaily.com"
51.222.253.10 - - [24/Jan/2023:22:10:01 -0800] "GET /instagram-neworleans/post-later/?C=N;O=A HTTP/1.1" 200 946 "-" "Mozilla/5.0 (compatible; AhrefsBot/7.0; +http://ahrefs.com/robot/)" "www.metrocrimedaily.com"
51.222.253.5 - - [24/Jan/2023:22:10:26 -0800] "GET /robots.txt HTTP/1.1" 404 88 "-" "Mozilla/5.0 (compatible; AhrefsBot/7.0; +http://ahrefs.com/robot/)" "www.metrocrimedaily.com"
51.222.253.5 - - [24/Jan/2023:22:10:27 -0800] "GET /instagram-memphis/videos/?C=D;O=D HTTP/1.1" 200 435 "-" "Mozilla/5.0 (compatible; AhrefsBot/7.0; +http://ahrefs.com/robot/)" "www.metrocrimedaily.com"
51.222.253.10 - - [24/Jan/2023:22:10:39 -0800] "GET /instagram-memphis/videos/?C=M;O=D HTTP/1.1" 200 435 "-" "Mozilla/5.0 (compatible; AhrefsBot/7.0; +http://ahrefs.com/robot/)" "www.metrocrimedaily.com"
69.63.184.3 - - [24/Jan/2023:22:10:42 -0800] "GET /instagram-atlanta/01-24-2023-21022513-A.jpg HTTP/1.1" 200 102698 "-" "facebookexternalhit/1.1 (+http://www.facebook.com/externalhit_uatext.php)" "www.metrocrimedaily.com"
51.222.253.5 - - [24/Jan/2023:22:11:08 -0800] "GET /instagram-memphis/videos/?C=S;O=D HTTP/1.1" 200 435 "-" "Mozilla/5.0 (compatible; AhrefsBot/7.0; +http://ahrefs.com/robot/)" "www.metrocrimedaily.com"
51.222.253.1 - - [24/Jan/2023:22:11:38 -0800] "GET /CRIME-WATCH-AMERICA/CRIME-WATCH-HOUSTON/download-houston-videos-RevC.bat HTTP/1.1" 200 8227 "-" "Mozilla/5.0 (compatible; AhrefsBot/7.0; +http://ahrefs.com/robot/)" "metrocrimedaily.com"
51.222.253.8 - - [24/Jan/2023:22:12:16 -0800] "GET /CRIME-WATCH-AMERICA/CRIME-WATCH-HOUSTON/?C=N;O=A HTTP/1.1" 200 1194 "-" "Mozilla/5.0 (compatible; AhrefsBot/7.0; +http://ahrefs.com/robot/)" "metrocrimedaily.com"
51.222.253.12 - - [24/Jan/2023:22:12:52 -0800] "GET /CRIME-WATCH-AMERICA/DELETE-ME-IM-JUNK/JUNK1/unix/bin/?C=D;O=D HTTP/1.1" 200 351 "-" "Mozilla/5.0 (compatible; AhrefsBot/7.0; +http://ahrefs.com/robot/)" "metrocrimedaily.com"
51.222.253.17 - - [24/Jan/2023:22:14:03 -0800] "GET /CRIME-WATCH-AMERICA/DELETE-ME-IM-JUNK/JUNK1/unix/bin/?C=M;O=D HTTP/1.1" 200 351 "-" "Mozilla/5.0 (compatible; AhrefsBot/7.0; +http://ahrefs.com/robot/)" "metrocrimedaily.com"
69.63.184.117 - - [24/Jan/2023:22:14:09 -0800] "GET /instagram-chicago/01-24-2023-20355115-A.jpg HTTP/1.1" 200 152510 "-" "facebookexternalhit/1.1 (+http://www.facebook.com/externalhit_uatext.php)" "www.metrocrimedaily.com"
51.222.253.4 - - [24/Jan/2023:22:16:01 -0800] "GET /CRIME-WATCH-AMERICA/DELETE-ME-IM-JUNK/JUNK1/unix/bin/?C=S;O=D HTTP/1.1" 200 351 "-" "Mozilla/5.0 (compatible; AhrefsBot/7.0; +http://ahrefs.com/robot/)" "metrocrimedaily.com"
51.222.253.5 - - [24/Jan/2023:22:17:17 -0800] "GET /CRIME-WATCH-AMERICA/DELETE-ME-IM-JUNK/JUNK2/unix/bin/?C=D;O=D HTTP/1.1" 200 351 "-" "Mozilla/5.0 (compatible; AhrefsBot/7.0; +http://ahrefs.com/robot/)" "metrocrimedaily.com"
114.119.143.130 - - [24/Jan/2023:22:17:29 -0800] "GET /instagram-detroit/01-16-2023-1731102-Detroit-police-conduct-shooting-investigation-on-.txt HTTP/1.1" 404 88 "https://metrocrimedaily.com/instagram-detroit/" "Mozilla/5.0 (Linux; Android 7.0;) AppleWebKit/537.36 (KHTML, like Gecko) Mobile Safari/537.36 (compatible; PetalBot;+https://webmaster.petalsearch.com/site/petalbot)" "metrocrimedaily.com"
51.222.253.13 - - [24/Jan/2023:22:18:03 -0800] "GET /CRIME-WATCH-AMERICA/DELETE-ME-IM-JUNK/JUNK2/unix/bin/?C=M;O=D HTTP/1.1" 200 351 "-" "Mozilla/5.0 (compatible; AhrefsBot/7.0; +http://ahrefs.com/robot/)" "metrocrimedaily.com"
51.222.253.3 - - [24/Jan/2023:22:19:15 -0800] "GET /CRIME-WATCH-AMERICA/DELETE-ME-IM-JUNK/JUNK2/unix/bin/?C=S;O=D HTTP/1.1" 200 351 "-" "Mozilla/5.0 (compatible; AhrefsBot/7.0; +http://ahrefs.com/robot/)" "metrocrimedaily.com"
51.222.253.6 - - [24/Jan/2023:22:20:53 -0800] "GET /CRIME-WATCH-AMERICA/CRIME-WATCH-HOUSTON/INSTAGRAM-AUTOMATION/?C=D;O=A HTTP/1.1" 200 550 "-" "Mozilla/5.0 (compatible; AhrefsBot/7.0; +http://ahrefs.com/robot/)" "metrocrimedaily.com"
51.222.253.6 - - [24/Jan/2023:22:21:40 -0800] "GET /CRIME-WATCH-AMERICA/CRIME-WATCH-HOUSTON/INSTAGRAM-AUTOMATION/?C=M;O=A HTTP/1.1" 200 551 "-" "Mozilla/5.0 (compatible; AhrefsBot/7.0; +http://ahrefs.com/robot/)" "metrocrimedaily.com"
51.222.253.9 - - [24/Jan/2023:22:21:47 -0800] "GET /CRIME-WATCH-AMERICA/CRIME-WATCH-HOUSTON/INSTAGRAM-AUTOMATION/?C=N;O=D HTTP/1.1" 200 548 "-" "Mozilla/5.0 (compatible; AhrefsBot/7.0; +http://ahrefs.com/robot/)" "metrocrimedaily.com"
51.222.253.19 - - [24/Jan/2023:22:21:49 -0800] "GET /CRIME-WATCH-AMERICA/CRIME-WATCH-HOUSTON/INSTAGRAM-AUTOMATION/?C=S;O=A HTTP/1.1" 200 548 "-" "Mozilla/5.0 (compatible; AhrefsBot/7.0; +http://ahrefs.com/robot/)" "metrocrimedaily.com"
51.222.253.14 - - [24/Jan/2023:22:21:51 -0800] "GET /CRIME-WATCH-AMERICA/CRIME-WATCH-HOUSTON/INSTAGRAM-AUTOMATION/find-quota-usage-RevA.bat HTTP/1.1" 200 3184 "-" "Mozilla/5.0 (compatible; AhrefsBot/7.0; +http://ahrefs.com/robot/)" "metrocrimedaily.com"
51.222.253.15 - - [24/Jan/2023:22:21:53 -0800] "GET /CRIME-WATCH-AMERICA/CRIME-WATCH-HOUSTON/INSTAGRAM-AUTOMATION/fix-imagewith-imagemagick-RevB.bat HTTP/1.1" 200 6429 "-" "Mozilla/5.0 (compatible; AhrefsBot/7.0; +http://ahrefs.com/robot/)" "metrocrimedaily.com"
51.222.253.16 - - [24/Jan/2023:22:21:54 -0800] "GET /CRIME-WATCH-AMERICA/CRIME-WATCH-HOUSTON/INSTAGRAM-AUTOMATION/instagram-app-verification-details.txt HTTP/1.1" 200 4670 "-" "Mozilla/5.0 (compatible; AhrefsBot/7.0; +http://ahrefs.com/robot/)" "metrocrimedaily.com"
51.222.253.7 - - [24/Jan/2023:22:21:55 -0800] "GET /instagram-losangeles/videos/?C=D;O=A HTTP/1.1" 200 758 "-" "Mozilla/5.0 (compatible; AhrefsBot/7.0; +http://ahrefs.com/robot/)" "www.metrocrimedaily.com"
51.222.253.3 - - [24/Jan/2023:22:21:57 -0800] "GET /instagram-losangeles/videos/?C=M;O=A HTTP/1.1" 200 754 "-" "Mozilla/5.0 (compatible; AhrefsBot/7.0; +http://ahrefs.com/robot/)" "www.metrocrimedaily.com"
51.222.253.6 - - [24/Jan/2023:22:21:59 -0800] "GET /instagram-losangeles/videos/?C=N;O=D HTTP/1.1" 200 758 "-" "Mozilla/5.0 (compatible; AhrefsBot/7.0; +http://ahrefs.com/robot/)" "www.metrocrimedaily.com"
51.222.253.5 - - [24/Jan/2023:22:21:59 -0800] "GET /instagram-losangeles/videos/?C=S;O=A HTTP/1.1" 200 758 "-" "Mozilla/5.0 (compatible; AhrefsBot/7.0; +http://ahrefs.com/robot/)" "www.metrocrimedaily.com"
51.222.253.20 - - [24/Jan/2023:22:21:59 -0800] "GET /instagram-houston/videos/?C=D;O=A HTTP/1.1" 200 1000 "-" "Mozilla/5.0 (compatible; AhrefsBot/7.0; +http://ahrefs.com/robot/)" "www.metrocrimedaily.com"
51.222.253.4 - - [24/Jan/2023:22:22:00 -0800] "GET /instagram-houston/videos/?C=M;O=A HTTP/1.1" 200 998 "-" "Mozilla/5.0 (compatible; AhrefsBot/7.0; +http://ahrefs.com/robot/)" "www.metrocrimedaily.com"
51.222.253.18 - - [24/Jan/2023:22:22:01 -0800] "GET /instagram-houston/videos/?C=N;O=D HTTP/1.1" 200 996 "-" "Mozilla/5.0 (compatible; AhrefsBot/7.0; +http://ahrefs.com/robot/)" "www.metrocrimedaily.com"
51.222.253.17 - - [24/Jan/2023:22:22:02 -0800] "GET /instagram-houston/videos/?C=S;O=A HTTP/1.1" 200 1002 "-" "Mozilla/5.0 (compatible; AhrefsBot/7.0; +http://ahrefs.com/robot/)" "www.metrocrimedaily.com"
51.222.253.6 - - [24/Jan/2023:22:22:02 -0800] "GET /instagram-detroit/01-23-2023-2340321-Detroit-police-say-dollar-stores-are--soft-target.txt HTTP/1.1" 200 1078 "-" "Mozilla/5.0 (compatible; AhrefsBot/7.0; +http://ahrefs.com/robot/)" "www.metrocrimedaily.com"
51.222.253.16 - - [24/Jan/2023:22:22:03 -0800] "GET /instagram-detroit/01-24-2023-1537182-2-arrested-after-headless-body-found-in-Michigan-.txt HTTP/1.1" 200 666 "-" "Mozilla/5.0 (compatible; AhrefsBot/7.0; +http://ahrefs.com/robot/)" "www.metrocrimedaily.com"
51.222.253.12 - - [24/Jan/2023:22:22:04 -0800] "GET /instagram-houston/01-23-2023-1414455-Man-sentenced-to-33-years-in-prison-for-2015-murd.txt HTTP/1.1" 200 435 "-" "Mozilla/5.0 (compatible; AhrefsBot/7.0; +http://ahrefs.com/robot/)" "www.metrocrimedaily.com"
51.222.253.5 - - [24/Jan/2023:22:22:04 -0800] "GET /instagram-houston/01-23-2023-1615071-Four-Oath-Keepers-convicted-of-Jan.-6-seditious-c.txt HTTP/1.1" 200 680 "-" "Mozilla/5.0 (compatible; AhrefsBot/7.0; +http://ahrefs.com/robot/)" "www.metrocrimedaily.com"
51.222.253.5 - - [24/Jan/2023:22:22:05 -0800] "GET /instagram-houston/01-23-2023-1615074-Man-sentenced-to-28-years-in-prison-after-swindli.txt HTTP/1.1" 200 568 "-" "Mozilla/5.0 (compatible; AhrefsBot/7.0; +http://ahrefs.com/robot/)" "www.metrocrimedaily.com"
51.222.253.11 - - [24/Jan/2023:22:22:05 -0800] "GET /instagram-detroit/?C=N;O=A HTTP/1.1" 200 2536 "-" "Mozilla/5.0 (compatible; AhrefsBot/7.0; +http://ahrefs.com/robot/)" "www.metrocrimedaily.com"
51.222.253.14 - - [24/Jan/2023:22:22:05 -0800] "GET /instagram-houston/?C=S;O=A HTTP/1.1" 200 3137 "-" "Mozilla/5.0 (compatible; AhrefsBot/7.0; +http://ahrefs.com/robot/)" "www.metrocrimedaily.com"
51.222.253.14 - - [24/Jan/2023:22:22:06 -0800] "GET /instagram-houston/post-later/ HTTP/1.1" 200 3763 "-" "Mozilla/5.0 (compatible; AhrefsBot/7.0; +http://ahrefs.com/robot/)" "www.metrocrimedaily.com"
51.222.253.8 - - [24/Jan/2023:22:22:06 -0800] "GET /instagram-memphis/01-23-2023-1945542-Reports--Multiple-people-shot--killed-in-separate.txt HTTP/1.1" 200 1052 "-" "Mozilla/5.0 (compatible; AhrefsBot/7.0; +http://ahrefs.com/robot/)" "www.metrocrimedaily.com"
51.222.253.11 - - [24/Jan/2023:22:22:07 -0800] "GET /instagram-memphis/01-23-2023-1945544-WATCH--Man-arrested-in-weekend-shooting-at-Main-E.txt HTTP/1.1" 200 115 "-" "Mozilla/5.0 (compatible; AhrefsBot/7.0; +http://ahrefs.com/robot/)" "www.metrocrimedaily.com"
51.222.253.12 - - [24/Jan/2023:22:22:08 -0800] "GET /instagram-memphis/01-24-2023-1420041-Coroner-releases-names-of-11-Monterey-Park-shooti.txt HTTP/1.1" 200 1051 "-" "Mozilla/5.0 (compatible; AhrefsBot/7.0; +http://ahrefs.com/robot/)" "www.metrocrimedaily.com"
51.222.253.14 - - [24/Jan/2023:22:22:08 -0800] "GET /instagram-memphis/01-24-2023-1635171-Man-sentenced-in-road-rage-shooting-that-killed-2.txt HTTP/1.1" 200 682 "-" "Mozilla/5.0 (compatible; AhrefsBot/7.0; +http://ahrefs.com/robot/)" "www.metrocrimedaily.com"
51.222.253.3 - - [24/Jan/2023:22:22:08 -0800] "GET /instagram-memphis/01-24-2023-1739371-Arizona-man-arrested-after-trying-to-sell-tiger-c.txt HTTP/1.1" 200 880 "-" "Mozilla/5.0 (compatible; AhrefsBot/7.0; +http://ahrefs.com/robot/)" "www.metrocrimedaily.com"
51.222.253.7 - - [24/Jan/2023:22:22:09 -0800] "GET /instagram-memphis/post-later/01-24-2023-1115371-Lawsuits-funded-by-Jay-Z-end-as-Mississippi-impro.txt HTTP/1.1" 200 1033 "-" "Mozilla/5.0 (compatible; AhrefsBot/7.0; +http://ahrefs.com/robot/)" "www.metrocrimedaily.com"
51.222.253.15 - - [24/Jan/2023:22:22:09 -0800] "GET /instagram-memphis/post-later/01-24-2023-1212241-MPD-searching-for-answers-after-man-shot-in-north.txt HTTP/1.1" 200 367 "-" "Mozilla/5.0 (compatible; AhrefsBot/7.0; +http://ahrefs.com/robot/)" "www.metrocrimedaily.com"
51.222.253.14 - - [24/Jan/2023:22:22:10 -0800] "GET /instagram-memphis/post-later/01-24-2023-1212242-Suspect-in-two-shootings-at-Northern-Calif.-farms.txt HTTP/1.1" 200 1001 "-" "Mozilla/5.0 (compatible; AhrefsBot/7.0; +http://ahrefs.com/robot/)" "www.metrocrimedaily.com"
51.222.253.2 - - [24/Jan/2023:22:22:10 -0800] "GET /instagram-memphis/post-later/01-24-2023-1303281-Instead-of-going-through-trial--man-accused-in-20.txt HTTP/1.1" 200 586 "-" "Mozilla/5.0 (compatible; AhrefsBot/7.0; +http://ahrefs.com/robot/)" "www.metrocrimedaily.com"
51.222.253.15 - - [24/Jan/2023:22:22:12 -0800] "GET /instagram-memphis/post-later/01-24-2023-1355121-Suspect-pleads-guilty-in-murder-of-2-year-old-Lay.txt HTTP/1.1" 200 599 "-" "Mozilla/5.0 (compatible; AhrefsBot/7.0; +http://ahrefs.com/robot/)" "www.metrocrimedaily.com"
51.222.253.11 - - [24/Jan/2023:22:22:12 -0800] "GET /instagram-memphis/post-later/01-24-2023-1908194-Man-dies-after-shooting-in-Southeast-Memphis--MPD.txt HTTP/1.1" 200 377 "-" "Mozilla/5.0 (compatible; AhrefsBot/7.0; +http://ahrefs.com/robot/)" "www.metrocrimedaily.com"
51.222.253.14 - - [24/Jan/2023:22:22:13 -0800] "GET /instagram-memphis/post-later/?C=D;O=A HTTP/1.1" 200 774 "-" "Mozilla/5.0 (compatible; AhrefsBot/7.0; +http://ahrefs.com/robot/)" "www.metrocrimedaily.com"
51.222.253.4 - - [24/Jan/2023:22:22:14 -0800] "GET /instagram-memphis/post-later/?C=M;O=A HTTP/1.1" 200 782 "-" "Mozilla/5.0 (compatible; AhrefsBot/7.0; +http://ahrefs.com/robot/)" "www.metrocrimedaily.com"
51.222.253.11 - - [24/Jan/2023:22:22:14 -0800] "GET /instagram-memphis/post-later/?C=N;O=D HTTP/1.1" 200 777 "-" "Mozilla/5.0 (compatible; AhrefsBot/7.0; +http://ahrefs.com/robot/)" "www.metrocrimedaily.com"
51.222.253.10 - - [24/Jan/2023:22:22:14 -0800] "GET /instagram-memphis/post-later/?C=S;O=A HTTP/1.1" 200 776 "-" "Mozilla/5.0 (compatible; AhrefsBot/7.0; +http://ahrefs.com/robot/)" "www.metrocrimedaily.com"
51.222.253.3 - - [24/Jan/2023:22:22:15 -0800] "GET /instagram-memphis/post-later/?C=D;O=D HTTP/1.1" 200 777 "-" "Mozilla/5.0 (compatible; AhrefsBot/7.0; +http://ahrefs.com/robot/)" "www.metrocrimedaily.com"
51.222.253.4 - - [24/Jan/2023:22:22:15 -0800] "GET /instagram-memphis/post-later/?C=M;O=D HTTP/1.1" 200 772 "-" "Mozilla/5.0 (compatible; AhrefsBot/7.0; +http://ahrefs.com/robot/)" "www.metrocrimedaily.com"
51.222.253.18 - - [24/Jan/2023:22:22:16 -0800] "GET /instagram-memphis/post-later/?C=S;O=D HTTP/1.1" 200 773 "-" "Mozilla/5.0 (compatible; AhrefsBot/7.0; +http://ahrefs.com/robot/)" "www.metrocrimedaily.com"
51.222.253.3 - - [24/Jan/2023:22:22:16 -0800] "GET /instagram-neworleans/post-later/?C=D;O=D HTTP/1.1" 200 956 "-" "Mozilla/5.0 (compatible; AhrefsBot/7.0; +http://ahrefs.com/robot/)" "www.metrocrimedaily.com"
51.222.253.12 - - [24/Jan/2023:22:22:17 -0800] "GET /instagram-losangeles/01-23-2023-2006512-Half-Moon-Bay-shootings-leave-at-least-7-dead%3B-su.txt HTTP/1.1" 200 724 "-" "Mozilla/5.0 (compatible; AhrefsBot/7.0; +http://ahrefs.com/robot/)" "www.metrocrimedaily.com"
51.222.253.4 - - [24/Jan/2023:22:22:18 -0800] "GET /instagram-losangeles/01-23-2023-2006513-California-man-who-says-he-disarmed-Monterey-Park.txt HTTP/1.1" 200 1092 "-" "Mozilla/5.0 (compatible; AhrefsBot/7.0; +http://ahrefs.com/robot/)" "www.metrocrimedaily.com"
51.222.253.20 - - [24/Jan/2023:22:22:18 -0800] "GET /instagram-losangeles/01-23-2023-2139531-Family-mourns-beloved-65-year-old-aunt-killed-in-.txt HTTP/1.1" 200 1155 "-" "Mozilla/5.0 (compatible; AhrefsBot/7.0; +http://ahrefs.com/robot/)" "www.metrocrimedaily.com"
51.222.253.19 - - [24/Jan/2023:22:22:21 -0800] "GET /instagram-losangeles/01-23-2023-2139532----One-of-the-Most-Unique-People---Victim-in-Mont.txt HTTP/1.1" 200 1129 "-" "Mozilla/5.0 (compatible; AhrefsBot/7.0; +http://ahrefs.com/robot/)" "www.metrocrimedaily.com"
51.222.253.3 - - [24/Jan/2023:22:22:23 -0800] "GET /instagram-losangeles/01-23-2023-2139533-Half-Moon-Bay-shootings-leave-7-dead%3B-suspect-in-.txt HTTP/1.1" 200 1040 "-" "Mozilla/5.0 (compatible; AhrefsBot/7.0; +http://ahrefs.com/robot/)" "www.metrocrimedaily.com"
51.222.253.9 - - [24/Jan/2023:22:22:24 -0800] "GET /instagram-losangeles/01-23-2023-2139534-7-Dead--1-Injured-in-Half-Moon-Bay-Mass-Shooting%3B.txt HTTP/1.1" 200 1045 "-" "Mozilla/5.0 (compatible; AhrefsBot/7.0; +http://ahrefs.com/robot/)" "www.metrocrimedaily.com"
51.222.253.14 - - [24/Jan/2023:22:22:24 -0800] "GET /instagram-losangeles/01-23-2023-2322461-Google-Honors-Victims-of-Monterey-Park-Shooting-W.txt HTTP/1.1" 200 608 "-" "Mozilla/5.0 (compatible; AhrefsBot/7.0; +http://ahrefs.com/robot/)" "www.metrocrimedaily.com"
51.222.253.4 - - [24/Jan/2023:22:22:25 -0800] "GET /instagram-losangeles/01-23-2023-2322462-Survivors-of-Monterey-Park-Shooting-Return-to-Sce.txt HTTP/1.1" 200 1102 "-" "Mozilla/5.0 (compatible; AhrefsBot/7.0; +http://ahrefs.com/robot/)" "www.metrocrimedaily.com"
51.222.253.1 - - [24/Jan/2023:22:22:26 -0800] "GET /instagram-losangeles/01-24-2023-0028521-1-dead-in-hit-and-run-crash-near-taco-stand-in-LA.txt HTTP/1.1" 200 411 "-" "Mozilla/5.0 (compatible; AhrefsBot/7.0; +http://ahrefs.com/robot/)" "www.metrocrimedaily.com"
51.222.253.18 - - [24/Jan/2023:22:22:26 -0800] "GET /instagram-losangeles/01-24-2023-0139511-Hundreds-turn-out-for-candlelight-vigil-in-honor-.txt HTTP/1.1" 200 822 "-" "Mozilla/5.0 (compatible; AhrefsBot/7.0; +http://ahrefs.com/robot/)" "www.metrocrimedaily.com"
51.222.253.9 - - [24/Jan/2023:22:22:27 -0800] "GET /instagram-losangeles/01-24-2023-0139512-7-dead-as-California-mourns-3rd-mass-killing-in-8.txt HTTP/1.1" 200 1097 "-" "Mozilla/5.0 (compatible; AhrefsBot/7.0; +http://ahrefs.com/robot/)" "www.metrocrimedaily.com"
51.222.253.8 - - [24/Jan/2023:22:22:27 -0800] "GET /instagram-losangeles/01-24-2023-0321411-26-year-old-man-who-disarmed-Monterey-Park-gunman.txt HTTP/1.1" 200 1180 "-" "Mozilla/5.0 (compatible; AhrefsBot/7.0; +http://ahrefs.com/robot/)" "www.metrocrimedaily.com"
51.222.253.14 - - [24/Jan/2023:22:22:28 -0800] "GET /instagram-losangeles/01-24-2023-0321412-Timeline--Mass-Shooting-in-Monterey-Park-Dance-St.txt HTTP/1.1" 200 1081 "-" "Mozilla/5.0 (compatible; AhrefsBot/7.0; +http://ahrefs.com/robot/)" "www.metrocrimedaily.com"
51.222.253.3 - - [24/Jan/2023:22:22:28 -0800] "GET /instagram-losangeles/01-24-2023-0822361-Idaho-murders-victim-Kaylee-Goncalves-had-reporte.txt HTTP/1.1" 200 1008 "-" "Mozilla/5.0 (compatible; AhrefsBot/7.0; +http://ahrefs.com/robot/)" "www.metrocrimedaily.com"
51.222.253.16 - - [24/Jan/2023:22:22:29 -0800] "GET /instagram-losangeles/01-24-2023-0939271-Some-of-Monterey-Park-s-Youngest-Officers-Respond.txt HTTP/1.1" 200 982 "-" "Mozilla/5.0 (compatible; AhrefsBot/7.0; +http://ahrefs.com/robot/)" "www.metrocrimedaily.com"
51.222.253.2 - - [24/Jan/2023:22:22:29 -0800] "GET /instagram-losangeles/01-24-2023-1526061-Gabrielino-High-School-on-lockdown-as-police-inve.txt HTTP/1.1" 200 294 "-" "Mozilla/5.0 (compatible; AhrefsBot/7.0; +http://ahrefs.com/robot/)" "www.metrocrimedaily.com"
51.222.253.8 - - [24/Jan/2023:22:22:30 -0800] "GET /instagram-losangeles/01-24-2023-1526062-Half-Moon-Bay-shooting---All-evidence-points-to-w.txt HTTP/1.1" 200 1132 "-" "Mozilla/5.0 (compatible; AhrefsBot/7.0; +http://ahrefs.com/robot/)" "www.metrocrimedaily.com"
51.222.253.8 - - [24/Jan/2023:22:22:30 -0800] "GET /instagram-losangeles/01-24-2023-1639561-Man-Arrested-in-Dump-Truck-Rampage-That-Damaged-H.txt HTTP/1.1" 200 929 "-" "Mozilla/5.0 (compatible; AhrefsBot/7.0; +http://ahrefs.com/robot/)" "www.metrocrimedaily.com"
51.222.253.16 - - [24/Jan/2023:22:22:31 -0800] "GET /instagram-losangeles/01-24-2023-1639562-Lunar-New-Year-shooting--Cops-took-5-hours-to-war.txt HTTP/1.1" 200 1090 "-" "Mozilla/5.0 (compatible; AhrefsBot/7.0; +http://ahrefs.com/robot/)" "www.metrocrimedaily.com"
51.222.253.7 - - [24/Jan/2023:22:22:31 -0800] "GET /instagram-losangeles/01-24-2023-1750011-Beverly-Hills-man-indicted-in-deaths-of-LA-model-.txt HTTP/1.1" 200 1130 "-" "Mozilla/5.0 (compatible; AhrefsBot/7.0; +http://ahrefs.com/robot/)" "www.metrocrimedaily.com"
51.222.253.3 - - [24/Jan/2023:22:22:32 -0800] "GET /instagram-losangeles/01-24-2023-1750012-Northern-California-Mass-Shooting-Believed-to-Be-.txt HTTP/1.1" 200 1125 "-" "Mozilla/5.0 (compatible; AhrefsBot/7.0; +http://ahrefs.com/robot/)" "www.metrocrimedaily.com"
51.222.253.13 - - [24/Jan/2023:22:22:32 -0800] "GET /instagram-losangeles/01-24-2023-1902281-3-dead-after--random--shooting-at-Yakima-convenie.txt HTTP/1.1" 200 1093 "-" "Mozilla/5.0 (compatible; AhrefsBot/7.0; +http://ahrefs.com/robot/)" "www.metrocrimedaily.com"
51.222.253.15 - - [24/Jan/2023:22:22:33 -0800] "GET /instagram-losangeles/01-24-2023-1902282-Deputies-responding-to-barricaded-suspect-on-Cata.txt HTTP/1.1" 200 627 "-" "Mozilla/5.0 (compatible; AhrefsBot/7.0; +http://ahrefs.com/robot/)" "www.metrocrimedaily.com"
51.222.253.1 - - [24/Jan/2023:22:22:33 -0800] "GET /instagram-losangeles/01-24-2023-1902283-Lunar-New-Year-shooting--VP-Kamala-Harris-to-trav.txt HTTP/1.1" 200 942 "-" "Mozilla/5.0 (compatible; AhrefsBot/7.0; +http://ahrefs.com/robot/)" "www.metrocrimedaily.com"
51.222.253.3 - - [24/Jan/2023:22:22:34 -0800] "GET /instagram-losangeles/?C=N;O=A HTTP/1.1" 200 2999 "-" "Mozilla/5.0 (compatible; AhrefsBot/7.0; +http://ahrefs.com/robot/)" "www.metrocrimedaily.com"
51.222.253.16 - - [24/Jan/2023:22:22:34 -0800] "GET /CRIME-WATCH-AMERICA/CRIME-WATCH-HOUSTON/support/?C=D;O=A HTTP/1.1" 200 856 "-" "Mozilla/5.0 (compatible; AhrefsBot/7.0; +http://ahrefs.com/robot/)" "metrocrimedaily.com"
51.222.253.11 - - [24/Jan/2023:22:22:35 -0800] "GET /CRIME-WATCH-AMERICA/CRIME-WATCH-HOUSTON/support/?C=M;O=A HTTP/1.1" 200 860 "-" "Mozilla/5.0 (compatible; AhrefsBot/7.0; +http://ahrefs.com/robot/)" "metrocrimedaily.com"
51.222.253.5 - - [24/Jan/2023:22:22:35 -0800] "GET /CRIME-WATCH-AMERICA/CRIME-WATCH-HOUSTON/support/?C=N;O=D HTTP/1.1" 200 854 "-" "Mozilla/5.0 (compatible; AhrefsBot/7.0; +http://ahrefs.com/robot/)" "metrocrimedaily.com"
51.222.253.14 - - [24/Jan/2023:22:22:36 -0800] "GET /CRIME-WATCH-AMERICA/CRIME-WATCH-HOUSTON/support/?C=S;O=A HTTP/1.1" 200 851 "-" "Mozilla/5.0 (compatible; AhrefsBot/7.0; +http://ahrefs.com/robot/)" "metrocrimedaily.com"
51.222.253.2 - - [24/Jan/2023:22:22:36 -0800] "GET /CRIME-WATCH-AMERICA/CRIME-WATCH-HOUSTON/support/ImageMagick-7.0.11-13-Q16-HDRI-x64-dll.exe HTTP/1.1" 200 37558512 "-" "Mozilla/5.0 (compatible; AhrefsBot/7.0; +http://ahrefs.com/robot/)" "metrocrimedaily.com"
51.222.253.12 - - [24/Jan/2023:22:22:37 -0800] "GET /CRIME-WATCH-AMERICA/CRIME-WATCH-HOUSTON/support/WinSCP-5.17.10-Setup.exe HTTP/1.1" 200 11155568 "-" "Mozilla/5.0 (compatible; AhrefsBot/7.0; +http://ahrefs.com/robot/)" "metrocrimedaily.com"
51.222.253.17 - - [24/Jan/2023:22:22:38 -0800] "GET /CRIME-WATCH-AMERICA/CRIME-WATCH-HOUSTON/support/find-quota-usage-RevA.bat HTTP/1.1" 200 3184 "-" "Mozilla/5.0 (compatible; AhrefsBot/7.0; +http://ahrefs.com/robot/)" "metrocrimedaily.com"
51.222.253.1 - - [24/Jan/2023:22:22:38 -0800] "GET /CRIME-WATCH-AMERICA/CRIME-WATCH-HOUSTON/support/Thumbs.db HTTP/1.1" 200 20480 "-" "Mozilla/5.0 (compatible; AhrefsBot/7.0; +http://ahrefs.com/robot/)" "metrocrimedaily.com"
51.222.253.5 - - [24/Jan/2023:22:22:38 -0800] "GET /CRIME-WATCH-AMERICA/CRIME-WATCH-HOUSTON/support/instagram-app-verification-details.txt HTTP/1.1" 200 4882 "-" "Mozilla/5.0 (compatible; AhrefsBot/7.0; +http://ahrefs.com/robot/)" "metrocrimedaily.com"
51.222.253.18 - - [24/Jan/2023:22:22:39 -0800] "GET /CRIME-WATCH-AMERICA/CRIME-WATCH-HOUSTON/support/mcd-calculate-how-long-ago.html HTTP/1.1" 200 650 "-" "Mozilla/5.0 (compatible; AhrefsBot/7.0; +http://ahrefs.com/robot/)" "metrocrimedaily.com"
51.222.253.19 - - [24/Jan/2023:22:22:39 -0800] "GET /CRIME-WATCH-AMERICA/CRIME-WATCH-HOUSTON/support/post-to-crimewatchusa.bat HTTP/1.1" 200 6693 "-" "Mozilla/5.0 (compatible; AhrefsBot/7.0; +http://ahrefs.com/robot/)" "metrocrimedaily.com"
51.222.253.7 - - [24/Jan/2023:22:22:40 -0800] "GET /CRIME-WATCH-AMERICA/CRIME-WATCH-HOUSTON/support/post-to-cwusa.bat HTTP/1.1" 200 5247 "-" "Mozilla/5.0 (compatible; AhrefsBot/7.0; +http://ahrefs.com/robot/)" "metrocrimedaily.com"
51.222.253.1 - - [24/Jan/2023:22:22:40 -0800] "GET /instagram-newyork/01-24-2023-2125161-Family-of-murdered-NY-cheerleader-is-shocked-at-s.txt HTTP/1.1" 200 750 "-" "Mozilla/5.0 (compatible; AhrefsBot/7.0; +http://ahrefs.com/robot/)" "www.metrocrimedaily.com"
51.222.253.9 - - [24/Jan/2023:22:22:41 -0800] "GET /CRIME-WATCH-AMERICA/CRIME-WATCH-STLOUIS/support/?C=S;O=D HTTP/1.1" 200 698 "-" "Mozilla/5.0 (compatible; AhrefsBot/7.0; +http://ahrefs.com/robot/)" "metrocrimedaily.com"
51.222.253.14 - - [24/Jan/2023:22:22:41 -0800] "GET /CRIME-WATCH-AMERICA/CRIME-WATCH-STLOUIS/support/?C=S;O=D HTTP/1.1" 200 698 "-" "Mozilla/5.0 (compatible; AhrefsBot/7.0; +http://ahrefs.com/robot/)" "www.metrocrimedaily.com"
51.222.253.8 - - [24/Jan/2023:22:22:42 -0800] "GET /CRIME-WATCH-AMERICA/CRIME-WATCH-STLOUIS/?C=D;O=D HTTP/1.1" 200 961 "-" "Mozilla/5.0 (compatible; AhrefsBot/7.0; +http://ahrefs.com/robot/)" "metrocrimedaily.com"
51.222.253.17 - - [24/Jan/2023:22:22:42 -0800] "GET /instagram-houston/01-23-2023-1937041-Woman-wants-Texas-grocery-store-workers-charged--.txt HTTP/1.1" 200 1051 "-" "Mozilla/5.0 (compatible; AhrefsBot/7.0; +http://ahrefs.com/robot/)" "www.metrocrimedaily.com"
51.222.253.18 - - [24/Jan/2023:22:22:43 -0800] "GET /instagram-houston/01-23-2023-19370410--I-could-tell-she-was-desperate-for-money---high-.txt HTTP/1.1" 200 1131 "-" "Mozilla/5.0 (compatible; AhrefsBot/7.0; +http://ahrefs.com/robot/)" "www.metrocrimedaily.com"
51.222.253.18 - - [24/Jan/2023:22:22:43 -0800] "GET /instagram-houston/01-23-2023-19370411--AMBUSH-STYLE-SHOOTING---Two-men-shot-to-death-at.txt HTTP/1.1" 200 859 "-" "Mozilla/5.0 (compatible; AhrefsBot/7.0; +http://ahrefs.com/robot/)" "www.metrocrimedaily.com"
51.222.253.13 - - [24/Jan/2023:22:22:44 -0800] "GET /instagram-houston/01-23-2023-1937044--Last-dance---Those-slain-in-California-shooting-.txt HTTP/1.1" 200 1123 "-" "Mozilla/5.0 (compatible; AhrefsBot/7.0; +http://ahrefs.com/robot/)" "www.metrocrimedaily.com"
51.222.253.11 - - [24/Jan/2023:22:22:44 -0800] "GET /instagram-houston/01-23-2023-1937045-Connecticut-governor-s-gun-proposals-include-open.txt HTTP/1.1" 200 1118 "-" "Mozilla/5.0 (compatible; AhrefsBot/7.0; +http://ahrefs.com/robot/)" "www.metrocrimedaily.com"
51.222.253.8 - - [24/Jan/2023:22:22:45 -0800] "GET /instagram-houston/01-23-2023-1937047-Police--Man--18--charged-in-Des-Moines-school-sho.txt HTTP/1.1" 200 1014 "-" "Mozilla/5.0 (compatible; AhrefsBot/7.0; +http://ahrefs.com/robot/)" "www.metrocrimedaily.com"
51.222.253.14 - - [24/Jan/2023:22:22:45 -0800] "GET /instagram-houston/01-23-2023-1937048-Sheriff--At-least-50-shots-fired-when-men--ambush.txt HTTP/1.1" 200 683 "-" "Mozilla/5.0 (compatible; AhrefsBot/7.0; +http://ahrefs.com/robot/)" "www.metrocrimedaily.com"
51.222.253.11 - - [24/Jan/2023:22:22:46 -0800] "GET /instagram-houston/01-23-2023-1937049-2-killed-in-shooting-at-Houston-area-gas-station-.txt HTTP/1.1" 200 199 "-" "Mozilla/5.0 (compatible; AhrefsBot/7.0; +http://ahrefs.com/robot/)" "www.metrocrimedaily.com"
51.222.253.7 - - [24/Jan/2023:22:22:47 -0800] "GET /instagram-houston/01-24-2023-1420311-Monterey-Park-shooting-victims-named%3B-police-seek.txt HTTP/1.1" 200 1111 "-" "Mozilla/5.0 (compatible; AhrefsBot/7.0; +http://ahrefs.com/robot/)" "www.metrocrimedaily.com"
51.222.253.3 - - [24/Jan/2023:22:22:47 -0800] "GET /instagram-houston/01-24-2023-1420312-Georgia-election-probe-report-to-remain-secret-fo.txt HTTP/1.1" 200 1042 "-" "Mozilla/5.0 (compatible; AhrefsBot/7.0; +http://ahrefs.com/robot/)" "www.metrocrimedaily.com"
51.222.253.4 - - [24/Jan/2023:22:22:48 -0800] "GET /instagram-houston/01-24-2023-1555232-Man-pleads-guilty-to-weapons-charge-in-Naperville.txt HTTP/1.1" 200 670 "-" "Mozilla/5.0 (compatible; AhrefsBot/7.0; +http://ahrefs.com/robot/)" "www.metrocrimedaily.com"
51.222.253.20 - - [24/Jan/2023:22:22:48 -0800] "GET /instagram-houston/01-24-2023-1555235-Ukraine-corruption-scandal-claims-several-top-off.txt HTTP/1.1" 200 1136 "-" "Mozilla/5.0 (compatible; AhrefsBot/7.0; +http://ahrefs.com/robot/)" "www.metrocrimedaily.com"
51.222.253.4 - - [24/Jan/2023:22:22:49 -0800] "GET /instagram-houston/01-24-2023-1726093-Board-voting-on-superintendent-departure-after-te.txt HTTP/1.1" 200 1094 "-" "Mozilla/5.0 (compatible; AhrefsBot/7.0; +http://ahrefs.com/robot/)" "www.metrocrimedaily.com"
51.222.253.2 - - [24/Jan/2023:22:22:49 -0800] "GET /instagram-houston/01-24-2023-1726094-Board-voting-on-superintendent-departure-after-te.txt HTTP/1.1" 200 20 "-" "Mozilla/5.0 (compatible; AhrefsBot/7.0; +http://ahrefs.com/robot/)" "www.metrocrimedaily.com"
51.222.253.8 - - [24/Jan/2023:22:22:50 -0800] "GET /instagram-houston/01-24-2023-1726095-After-fumbled-Uvalde-shooting-response--Texas-sen.txt HTTP/1.1" 200 1023 "-" "Mozilla/5.0 (compatible; AhrefsBot/7.0; +http://ahrefs.com/robot/)" "www.metrocrimedaily.com"
51.222.253.4 - - [24/Jan/2023:22:22:50 -0800] "GET /instagram-houston/01-24-2023-1906511-Prosecutor--After-killing-8-on-bike-path--motoris.txt HTTP/1.1" 200 1118 "-" "Mozilla/5.0 (compatible; AhrefsBot/7.0; +http://ahrefs.com/robot/)" "www.metrocrimedaily.com"
51.222.253.11 - - [24/Jan/2023:22:22:51 -0800] "GET /instagram-houston/01-24-2023-2048101-Bail-set-for-2-suspects-in-thefts-at-Motor-Werks-.txt HTTP/1.1" 200 1051 "-" "Mozilla/5.0 (compatible; AhrefsBot/7.0; +http://ahrefs.com/robot/)" "www.metrocrimedaily.com"
114.119.135.130 - - [24/Jan/2023:22:26:10 -0800] "GET /detroit-temp-urls.txt HTTP/1.1" 200 32332 "https://metrocrimedaily.com/?C=M%3BO%3DA" "Mozilla/5.0 (Linux; Android 7.0;) AppleWebKit/537.36 (KHTML, like Gecko) Mobile Safari/537.36 (compatible; PetalBot;+https://webmaster.petalsearch.com/site/petalbot)" "metrocrimedaily.com"
69.63.184.4 - - [24/Jan/2023:22:30:34 -0800] "GET /instagram-losangeles/01-25-2023-0030111-A.jpg HTTP/1.1" 200 198955 "-" "facebookexternalhit/1.1 (+http://www.facebook.com/externalhit_uatext.php)" "www.metrocrimedaily.com"
114.119.151.237 - - [24/Jan/2023:22:34:48 -0800] "GET /mcd-epilog.html HTTP/1.1" 200 435 "https://metrocrimedaily.com/?C=M%3BO%3DA" "Mozilla/5.0 (Linux; Android 7.0;) AppleWebKit/537.36 (KHTML, like Gecko) Mobile Safari/537.36 (compatible; PetalBot;+https://webmaster.petalsearch.com/site/petalbot)" "metrocrimedaily.com"
69.63.184.118 - - [24/Jan/2023:22:35:43 -0800] "GET /instagram-memphis/01-25-2023-0035221-A.jpg HTTP/1.1" 200 198480 "-" "facebookexternalhit/1.1 (+http://www.facebook.com/externalhit_uatext.php)" "www.metrocrimedaily.com"
51.222.253.6 - - [24/Jan/2023:22:37:13 -0800] "GET /instagram-stlouis/01-23-2023-1412321-New-Mexico-judge-orders-suspect-held-without-bond.txt HTTP/1.1" 200 846 "-" "Mozilla/5.0 (compatible; AhrefsBot/7.0; +http://ahrefs.com/robot/)" "www.metrocrimedaily.com"
