51.222.253.9 - - [25/Jan/2023:03:35:57 -0800] "GET /instagram-memphis/01-24-2023-2325033-Hunter-shot--killed-after-dog-stepped-on-rifle-in.txt HTTP/1.1" 200 720 "-" "Mozilla/5.0 (compatible; AhrefsBot/7.0; +http://ahrefs.com/robot/)" "www.metrocrimedaily.com"
51.222.253.14 - - [25/Jan/2023:03:35:59 -0800] "GET /instagram-memphis/01-25-2023-0035221-D.A.-Steve-Mulroy-confirms-body-cam-footage-exist.txt HTTP/1.1" 200 1063 "-" "Mozilla/5.0 (compatible; AhrefsBot/7.0; +http://ahrefs.com/robot/)" "www.metrocrimedaily.com"
51.222.253.6 - - [25/Jan/2023:03:36:00 -0800] "GET /CRIME-WATCH-AMERICA/CRIME-WATCH-HOUSTON/?C=M;O=D HTTP/1.1" 200 1182 "-" "Mozilla/5.0 (compatible; AhrefsBot/7.0; +http://ahrefs.com/robot/)" "metrocrimedaily.com"
51.222.253.10 - - [25/Jan/2023:03:36:02 -0800] "GET /CRIME-WATCH-AMERICA/CRIME-WATCH-ATLANTA/find-and-post-atlanta-stories-Rev-.bat HTTP/1.1" 200 16941 "-" "Mozilla/5.0 (compatible; AhrefsBot/7.0; +http://ahrefs.com/robot/)" "metrocrimedaily.com"
51.222.253.4 - - [25/Jan/2023:03:36:04 -0800] "GET /CRIME-WATCH-AMERICA/CRIME-WATCH-ATLANTA/find-and-post-atlanta-stories-RevA.bat HTTP/1.1" 200 16968 "-" "Mozilla/5.0 (compatible; AhrefsBot/7.0; +http://ahrefs.com/robot/)" "metrocrimedaily.com"
51.222.253.5 - - [25/Jan/2023:03:36:05 -0800] "GET /CRIME-WATCH-AMERICA/CRIME-WATCH-ATLANTA/find-and-post-atlanta-stories-RevB.bat HTTP/1.1" 200 17333 "-" "Mozilla/5.0 (compatible; AhrefsBot/7.0; +http://ahrefs.com/robot/)" "metrocrimedaily.com"
51.222.253.15 - - [25/Jan/2023:03:36:08 -0800] "GET /CRIME-WATCH-AMERICA/CRIME-WATCH-ATLANTA/find-and-post-atlanta-stories-RevD.bat HTTP/1.1" 200 17891 "-" "Mozilla/5.0 (compatible; AhrefsBot/7.0; +http://ahrefs.com/robot/)" "metrocrimedaily.com"
51.222.253.8 - - [25/Jan/2023:03:36:11 -0800] "GET /CRIME-WATCH-AMERICA/CRIME-WATCH-ATLANTA/find-and-post-chicago-stories-RevG.bat HTTP/1.1" 200 19462 "-" "Mozilla/5.0 (compatible; AhrefsBot/7.0; +http://ahrefs.com/robot/)" "metrocrimedaily.com"
51.222.253.14 - - [25/Jan/2023:03:36:18 -0800] "GET /CRIME-WATCH-AMERICA/CRIME-WATCH-ATLANTA/instagram-citd-lnkpreview-RevA.bat HTTP/1.1" 200 8725 "-" "Mozilla/5.0 (compatible; AhrefsBot/7.0; +http://ahrefs.com/robot/)" "metrocrimedaily.com"
51.222.253.11 - - [25/Jan/2023:03:36:18 -0800] "GET /CRIME-WATCH-AMERICA/CRIME-WATCH-ATLANTA/mcd-citd-atlanta-lnkpreview-RevD.bat HTTP/1.1" 200 13881 "-" "Mozilla/5.0 (compatible; AhrefsBot/7.0; +http://ahrefs.com/robot/)" "metrocrimedaily.com"
51.222.253.4 - - [25/Jan/2023:03:36:20 -0800] "GET /CRIME-WATCH-AMERICA/CRIME-WATCH-ATLANTA/mcd-citd-atlanta-lnkpreview-RevE.bat HTTP/1.1" 200 15265 "-" "Mozilla/5.0 (compatible; AhrefsBot/7.0; +http://ahrefs.com/robot/)" "metrocrimedaily.com"
51.222.253.18 - - [25/Jan/2023:03:36:20 -0800] "GET /CRIME-WATCH-AMERICA/CRIME-WATCH-ATLANTA/post-to-instagram-atlanta-RevE.bat HTTP/1.1" 200 16358 "-" "Mozilla/5.0 (compatible; AhrefsBot/7.0; +http://ahrefs.com/robot/)" "metrocrimedaily.com"
51.222.253.18 - - [25/Jan/2023:03:36:22 -0800] "GET /CRIME-WATCH-AMERICA/CRIME-WATCH-DALLAS/find-and-post-dallas-stories-RevT.bat HTTP/1.1" 200 16121 "-" "Mozilla/5.0 (compatible; AhrefsBot/7.0; +http://ahrefs.com/robot/)" "metrocrimedaily.com"
51.222.253.1 - - [25/Jan/2023:03:36:24 -0800] "GET /CRIME-WATCH-AMERICA/CRIME-WATCH-DALLAS/find-and-post-dallas-stories-RevU.bat HTTP/1.1" 200 16147 "-" "Mozilla/5.0 (compatible; AhrefsBot/7.0; +http://ahrefs.com/robot/)" "metrocrimedaily.com"
51.222.253.8 - - [25/Jan/2023:03:36:26 -0800] "GET /CRIME-WATCH-AMERICA/CRIME-WATCH-DALLAS/find-and-post-dallas-stories-RevV.bat HTTP/1.1" 200 16430 "-" "Mozilla/5.0 (compatible; AhrefsBot/7.0; +http://ahrefs.com/robot/)" "metrocrimedaily.com"
51.222.253.18 - - [25/Jan/2023:03:36:28 -0800] "GET /CRIME-WATCH-AMERICA/CRIME-WATCH-DALLAS/find-and-post-dallas-stories-RevW.bat HTTP/1.1" 200 16890 "-" "Mozilla/5.0 (compatible; AhrefsBot/7.0; +http://ahrefs.com/robot/)" "metrocrimedaily.com"
51.222.253.12 - - [25/Jan/2023:03:36:30 -0800] "GET /CRIME-WATCH-AMERICA/CRIME-WATCH-DALLAS/find-and-post-dallas-stories-RevX.bat HTTP/1.1" 200 17159 "-" "Mozilla/5.0 (compatible; AhrefsBot/7.0; +http://ahrefs.com/robot/)" "metrocrimedaily.com"
51.222.253.11 - - [25/Jan/2023:03:36:31 -0800] "GET /CRIME-WATCH-AMERICA/CRIME-WATCH-DALLAS/mcd-citd-dallas-lnkpreview-RevD.bat HTTP/1.1" 200 15239 "-" "Mozilla/5.0 (compatible; AhrefsBot/7.0; +http://ahrefs.com/robot/)" "metrocrimedaily.com"
51.222.253.14 - - [25/Jan/2023:03:36:32 -0800] "GET /CRIME-WATCH-AMERICA/CRIME-WATCH-ATLANTA/download-atlanta-videos-Rev-.bat HTTP/1.1" 200 8228 "-" "Mozilla/5.0 (compatible; AhrefsBot/7.0; +http://ahrefs.com/robot/)" "www.metrocrimedaily.com"
51.222.253.18 - - [25/Jan/2023:03:36:34 -0800] "GET /CRIME-WATCH-AMERICA/CRIME-WATCH-ATLANTA/find-and-post-atlanta-stories-Rev-.bat HTTP/1.1" 200 16941 "-" "Mozilla/5.0 (compatible; AhrefsBot/7.0; +http://ahrefs.com/robot/)" "www.metrocrimedaily.com"
51.222.253.12 - - [25/Jan/2023:03:36:36 -0800] "GET /CRIME-WATCH-AMERICA/CRIME-WATCH-ATLANTA/find-and-post-atlanta-stories-RevA.bat HTTP/1.1" 200 16968 "-" "Mozilla/5.0 (compatible; AhrefsBot/7.0; +http://ahrefs.com/robot/)" "www.metrocrimedaily.com"
51.222.253.6 - - [25/Jan/2023:03:36:37 -0800] "GET /CRIME-WATCH-AMERICA/CRIME-WATCH-ATLANTA/find-and-post-atlanta-stories-RevA.bat HTTP/1.1" 200 16968 "-" "Mozilla/5.0 (compatible; AhrefsBot/7.0; +http://ahrefs.com/robot/)" "www.metrocrimedaily.com"
51.222.253.20 - - [25/Jan/2023:03:36:37 -0800] "GET /CRIME-WATCH-AMERICA/CRIME-WATCH-ATLANTA/find-and-post-atlanta-stories-RevB.bat HTTP/1.1" 200 17333 "-" "Mozilla/5.0 (compatible; AhrefsBot/7.0; +http://ahrefs.com/robot/)" "www.metrocrimedaily.com"
51.222.253.2 - - [25/Jan/2023:03:36:40 -0800] "GET /CRIME-WATCH-AMERICA/CRIME-WATCH-ATLANTA/find-and-post-atlanta-stories-RevC.bat HTTP/1.1" 200 17855 "-" "Mozilla/5.0 (compatible; AhrefsBot/7.0; +http://ahrefs.com/robot/)" "www.metrocrimedaily.com"
51.222.253.3 - - [25/Jan/2023:03:36:42 -0800] "GET /CRIME-WATCH-AMERICA/CRIME-WATCH-ATLANTA/find-and-post-atlanta-stories-RevD.bat HTTP/1.1" 200 17891 "-" "Mozilla/5.0 (compatible; AhrefsBot/7.0; +http://ahrefs.com/robot/)" "www.metrocrimedaily.com"
51.222.253.15 - - [25/Jan/2023:03:36:43 -0800] "GET /CRIME-WATCH-AMERICA/CRIME-WATCH-ATLANTA/find-and-post-chicago-stories-RevG.bat HTTP/1.1" 200 19462 "-" "Mozilla/5.0 (compatible; AhrefsBot/7.0; +http://ahrefs.com/robot/)" "www.metrocrimedaily.com"
51.222.253.8 - - [25/Jan/2023:03:36:46 -0800] "GET /CRIME-WATCH-AMERICA/CRIME-WATCH-ATLANTA/instagram-citd-lnkpreview-RevA.bat HTTP/1.1" 200 8725 "-" "Mozilla/5.0 (compatible; AhrefsBot/7.0; +http://ahrefs.com/robot/)" "www.metrocrimedaily.com"
51.222.253.14 - - [25/Jan/2023:03:36:48 -0800] "GET /CRIME-WATCH-AMERICA/CRIME-WATCH-ATLANTA/mcd-calculate-how-long-ago.html HTTP/1.1" 200 650 "-" "Mozilla/5.0 (compatible; AhrefsBot/7.0; +http://ahrefs.com/robot/)" "www.metrocrimedaily.com"
51.222.253.10 - - [25/Jan/2023:03:36:49 -0800] "GET /CRIME-WATCH-AMERICA/CRIME-WATCH-ATLANTA/mcd-citd-atlanta-lnkpreview-RevD.bat HTTP/1.1" 200 13881 "-" "Mozilla/5.0 (compatible; AhrefsBot/7.0; +http://ahrefs.com/robot/)" "www.metrocrimedaily.com"
51.222.253.3 - - [25/Jan/2023:03:36:51 -0800] "GET /CRIME-WATCH-AMERICA/CRIME-WATCH-ATLANTA/mcd-citd-atlanta-lnkpreview-RevD.bat HTTP/1.1" 200 13881 "-" "Mozilla/5.0 (compatible; AhrefsBot/7.0; +http://ahrefs.com/robot/)" "www.metrocrimedaily.com"
51.222.253.3 - - [25/Jan/2023:03:37:00 -0800] "GET /CRIME-WATCH-AMERICA/CRIME-WATCH-ATLANTA/post-to-instagram-atlanta-RevE.bat HTTP/1.1" 200 16358 "-" "Mozilla/5.0 (compatible; AhrefsBot/7.0; +http://ahrefs.com/robot/)" "www.metrocrimedaily.com"
51.222.253.12 - - [25/Jan/2023:03:37:11 -0800] "GET /CRIME-WATCH-AMERICA/CRIME-WATCH-DALLAS/find-and-post-dallas-stories-RevU.bat HTTP/1.1" 200 16147 "-" "Mozilla/5.0 (compatible; AhrefsBot/7.0; +http://ahrefs.com/robot/)" "www.metrocrimedaily.com"
51.222.253.12 - - [25/Jan/2023:03:37:11 -0800] "GET /CRIME-WATCH-AMERICA/CRIME-WATCH-DALLAS/find-and-post-dallas-stories-RevV.bat HTTP/1.1" 200 16430 "-" "Mozilla/5.0 (compatible; AhrefsBot/7.0; +http://ahrefs.com/robot/)" "www.metrocrimedaily.com"
51.222.253.3 - - [25/Jan/2023:03:37:18 -0800] "GET /CRIME-WATCH-AMERICA/CRIME-WATCH-DALLAS/find-and-post-dallas-stories-RevX.bat HTTP/1.1" 200 17159 "-" "Mozilla/5.0 (compatible; AhrefsBot/7.0; +http://ahrefs.com/robot/)" "www.metrocrimedaily.com"
51.222.253.3 - - [25/Jan/2023:03:37:19 -0800] "GET /CRIME-WATCH-AMERICA/CRIME-WATCH-DALLAS/find-and-post-dallas-stories-RevX.bat HTTP/1.1" 200 17159 "-" "Mozilla/5.0 (compatible; AhrefsBot/7.0; +http://ahrefs.com/robot/)" "www.metrocrimedaily.com"
51.222.253.8 - - [25/Jan/2023:03:38:02 -0800] "GET /?C=D;O=D HTTP/1.1" 200 159654 "-" "Mozilla/5.0 (compatible; AhrefsBot/7.0; +http://ahrefs.com/robot/)" "www.metrocrimedaily.com"
157.55.39.64 - - [25/Jan/2023:03:39:27 -0800] "GET /robots.txt HTTP/1.1" 404 88 "-" "Mozilla/5.0 AppleWebKit/537.36 (KHTML, like Gecko; compatible; bingbot/2.0; +http://www.bing.com/bingbot.htm) Chrome/103.0.5060.134 Safari/537.36" "www.metrocrimedaily.com"
207.46.13.85 - - [25/Jan/2023:03:39:29 -0800] "GET /instagram-chicago/12-24-2022-1529061-Man-killed-in-shooting-at-Waukegan-sports-bar--po.txt HTTP/1.1" 404 88 "-" "Mozilla/5.0 AppleWebKit/537.36 (KHTML, like Gecko; compatible; bingbot/2.0; +http://www.bing.com/bingbot.htm) Chrome/103.0.5060.134 Safari/537.36" "www.metrocrimedaily.com"
207.46.13.23 - - [25/Jan/2023:03:45:14 -0800] "GET /wgntv.com.%20= HTTP/1.1" 404 88 "-" "Mozilla/5.0 AppleWebKit/537.36 (KHTML, like Gecko; compatible; bingbot/2.0; +http://www.bing.com/bingbot.htm) Chrome/103.0.5060.134 Safari/537.36" "metrocrimedaily.com"
69.63.184.2 - - [25/Jan/2023:03:46:57 -0800] "GET /instagram-atlanta/01-24-2023-21022524-A.jpg HTTP/1.1" 200 155102 "-" "facebookexternalhit/1.1 (+http://www.facebook.com/externalhit_uatext.php)" "www.metrocrimedaily.com"
69.63.184.119 - - [25/Jan/2023:03:54:20 -0800] "GET /instagram-memphis/01-25-2023-0523292-A.jpg HTTP/1.1" 200 143050 "-" "facebookexternalhit/1.1 (+http://www.facebook.com/externalhit_uatext.php)" "www.metrocrimedaily.com"
69.63.184.118 - - [25/Jan/2023:03:55:59 -0800] "GET /instagram-chicago/01-25-2023-0524403-A.jpg HTTP/1.1" 200 340060 "-" "facebookexternalhit/1.1 (+http://www.facebook.com/externalhit_uatext.php)" "www.metrocrimedaily.com"
76.184.252.42 - - [25/Jan/2023:04:01:47 -0800] "GET /images/police-tape.jpg HTTP/1.1" 200 50766 "-" "Wget/1.20.3 (mingw32)" "metrocrimedaily.com"
69.63.184.120 - - [25/Jan/2023:04:01:56 -0800] "GET /instagram-detroit/01-25-2023-0601361-A.jpg HTTP/1.1" 200 51809 "-" "facebookexternalhit/1.1 (+http://www.facebook.com/externalhit_uatext.php)" "www.metrocrimedaily.com"
69.63.184.119 - - [25/Jan/2023:04:02:03 -0800] "GET /instagram-stlouis/01-25-2023-0601431-A.jpg HTTP/1.1" 200 99344 "-" "facebookexternalhit/1.1 (+http://www.facebook.com/externalhit_uatext.php)" "www.metrocrimedaily.com"
69.63.184.2 - - [25/Jan/2023:04:02:33 -0800] "GET /instagram-stlouis/01-25-2023-0601432-A.jpg HTTP/1.1" 200 125630 "-" "facebookexternalhit/1.1 (+http://www.facebook.com/externalhit_uatext.php)" "www.metrocrimedaily.com"
54.36.148.174 - - [25/Jan/2023:04:04:07 -0800] "GET /robots.txt HTTP/1.1" 404 88 "-" "Mozilla/5.0 (compatible; AhrefsBot/7.0; +http://ahrefs.com/robot/)" "metrocrimedaily.com"
113.208.115.100 - - [25/Jan/2023:04:08:25 -0800] "GET /wp-login.php HTTP/1.1" 404 88 "" "Mozilla/5.0 (Windows NT 10.0; Win64; x64; rv:108.0) Gecko/20100101 Firefox/108.0" "metrocrimedaily.com"
66.249.70.132 - - [25/Jan/2023:04:09:01 -0800] "GET /ads.txt HTTP/1.1" 404 88 "-" "Mozilla/5.0 (compatible; Googlebot/2.1; +http://www.google.com/bot.html)" "metrocrimedaily.com"
51.222.253.14 - - [25/Jan/2023:04:13:26 -0800] "GET /instagram-stlouis/post-later/?C=N;O=A HTTP/1.1" 200 1588 "-" "Mozilla/5.0 (compatible; AhrefsBot/7.0; +http://ahrefs.com/robot/)" "www.metrocrimedaily.com"
69.63.184.119 - - [25/Jan/2023:04:17:35 -0800] "GET /instagram-atlanta/01-24-2023-21022525-A.jpg HTTP/1.1" 200 118555 "-" "facebookexternalhit/1.1 (+http://www.facebook.com/externalhit_uatext.php)" "www.metrocrimedaily.com"
69.63.184.120 - - [25/Jan/2023:04:24:27 -0800] "GET /instagram-dallas/01-25-2023-0624051-A.jpg HTTP/1.1" 200 149846 "-" "facebookexternalhit/1.1 (+http://www.facebook.com/externalhit_uatext.php)" "www.metrocrimedaily.com"
69.63.184.117 - - [25/Jan/2023:04:27:45 -0800] "GET /instagram-newyork/01-25-2023-0627251-A.jpg HTTP/1.1" 200 87905 "-" "facebookexternalhit/1.1 (+http://www.facebook.com/externalhit_uatext.php)" "www.metrocrimedaily.com"
51.222.253.16 - - [25/Jan/2023:04:29:38 -0800] "GET /CRIME-WATCH-AMERICA/CRIME-WATCH-CHICAGO/support/?C=M;O=A HTTP/1.1" 200 879 "-" "Mozilla/5.0 (compatible; AhrefsBot/7.0; +http://ahrefs.com/robot/)" "metrocrimedaily.com"
51.222.253.16 - - [25/Jan/2023:04:38:35 -0800] "GET /CRIME-WATCH-AMERICA/CRIME-WATCH-CHICAGO/support/ImageMagick-7.0.11-13-Q16-HDRI-x64-dll.exe HTTP/1.1" 200 37558512 "-" "Mozilla/5.0 (compatible; AhrefsBot/7.0; +http://ahrefs.com/robot/)" "metrocrimedaily.com"
66.249.70.132 - - [25/Jan/2023:04:38:46 -0800] "GET /favicon.ico HTTP/1.1" 404 88 "-" "Googlebot-Image/1.0" "metrocrimedaily.com"
157.55.39.64 - - [25/Jan/2023:04:39:13 -0800] "GET /robots.txt HTTP/1.1" 404 88 "-" "Mozilla/5.0 AppleWebKit/537.36 (KHTML, like Gecko; compatible; bingbot/2.0; +http://www.bing.com/bingbot.htm) Chrome/103.0.5060.134 Safari/537.36" "www.metrocrimedaily.com"
157.55.39.188 - - [25/Jan/2023:04:39:25 -0800] "GET /instagram-chicago/12-20-2022-0858231-All-clear-issued-after-bomb-threat-closes-portion.txt HTTP/1.1" 404 88 "-" "Mozilla/5.0 AppleWebKit/537.36 (KHTML, like Gecko; compatible; bingbot/2.0; +http://www.bing.com/bingbot.htm) Chrome/103.0.5060.134 Safari/537.36" "www.metrocrimedaily.com"
69.63.184.1 - - [25/Jan/2023:04:48:12 -0800] "GET /instagram-atlanta/01-24-2023-21022526-A.jpg HTTP/1.1" 200 188696 "-" "facebookexternalhit/1.1 (+http://www.facebook.com/externalhit_uatext.php)" "www.metrocrimedaily.com"
128.199.235.66 - - [25/Jan/2023:04:49:52 -0800] "GET / HTTP/1.1" 200 1390043 "-" "Mozilla/5.0 (Windows NT 10.0; Win64; x64) AppleWebKit/537.36 (KHTML, like Gecko) Chrome/78.0.3904.108 Safari/537.36" "metrocrimedaily.com"
128.199.235.66 - - [25/Jan/2023:04:50:00 -0800] "GET / HTTP/1.1" 200 1390043 "-" "Mozilla/5.0 (Windows NT 10.0; Win64; x64) AppleWebKit/537.36 (KHTML, like Gecko) Chrome/78.0.3904.108 Safari/537.36" "metrocrimedaily.com"
128.199.235.66 - - [25/Jan/2023:04:50:06 -0800] "GET /wp-includes/wlwmanifest.xml HTTP/1.1" 404 73 "-" "Mozilla/5.0 (Windows NT 10.0; Win64; x64) AppleWebKit/537.36 (KHTML, like Gecko) Chrome/78.0.3904.108 Safari/537.36" "metrocrimedaily.com"
128.199.235.66 - - [25/Jan/2023:04:50:07 -0800] "GET /xmlrpc.php?rsd HTTP/1.1" 404 73 "-" "Mozilla/5.0 (Windows NT 10.0; Win64; x64) AppleWebKit/537.36 (KHTML, like Gecko) Chrome/78.0.3904.108 Safari/537.36" "metrocrimedaily.com"
128.199.235.66 - - [25/Jan/2023:04:50:08 -0800] "GET / HTTP/1.1" 200 1390043 "-" "Mozilla/5.0 (Windows NT 10.0; Win64; x64) AppleWebKit/537.36 (KHTML, like Gecko) Chrome/78.0.3904.108 Safari/537.36" "metrocrimedaily.com"
51.222.253.10 - - [25/Jan/2023:04:50:12 -0800] "GET /CRIME-WATCH-AMERICA/CRIME-WATCH-CHICAGO/support/find-quota-usage-RevA.bat HTTP/1.1" 200 3184 "-" "Mozilla/5.0 (compatible; AhrefsBot/7.0; +http://ahrefs.com/robot/)" "metrocrimedaily.com"
128.199.235.66 - - [25/Jan/2023:04:50:16 -0800] "GET /?author=1 HTTP/1.1" 200 1390043 "-" "Mozilla/5.0 (Windows NT 10.0; Win64; x64) AppleWebKit/537.36 (KHTML, like Gecko) Chrome/78.0.3904.108 Safari/537.36" "metrocrimedaily.com"
128.199.235.66 - - [25/Jan/2023:04:50:24 -0800] "GET /?author=2 HTTP/1.1" 200 1390043 "-" "Mozilla/5.0 (Windows NT 10.0; Win64; x64) AppleWebKit/537.36 (KHTML, like Gecko) Chrome/78.0.3904.108 Safari/537.36" "metrocrimedaily.com"
128.199.235.66 - - [25/Jan/2023:04:50:31 -0800] "GET /wp-json/wp/v2/users/ HTTP/1.1" 404 73 "-" "Mozilla/5.0 (Windows NT 10.0; Win64; x64) AppleWebKit/537.36 (KHTML, like Gecko) Chrome/78.0.3904.108 Safari/537.36" "metrocrimedaily.com"
128.199.235.66 - - [25/Jan/2023:04:50:31 -0800] "GET /wp-json/oembed/1.0/embed?url=http://metrocrimedaily.com HTTP/1.1" 404 73 "-" "Mozilla/5.0 (Windows NT 10.0; Win64; x64) AppleWebKit/537.36 (KHTML, like Gecko) Chrome/78.0.3904.108 Safari/537.36" "metrocrimedaily.com"
128.199.235.66 - - [25/Jan/2023:04:50:31 -0800] "POST /xmlrpc.php HTTP/1.1" 404 73 "-" "Mozilla/5.0 (Windows NT 10.0; Win64; x64) AppleWebKit/537.36 (KHTML, like Gecko) Chrome/78.0.3904.108 Safari/537.36" "metrocrimedaily.com"
207.46.13.23 - - [25/Jan/2023:04:58:03 -0800] "GET /index-losangeles.html HTTP/1.1" 200 14380 "-" "Mozilla/5.0 AppleWebKit/537.36 (KHTML, like Gecko; compatible; bingbot/2.0; +http://www.bing.com/bingbot.htm) Chrome/103.0.5060.134 Safari/537.36" "metrocrimedaily.com"
69.63.184.1 - - [25/Jan/2023:05:03:02 -0800] "GET /instagram-chicago/01-25-2023-0702391-A.jpg HTTP/1.1" 200 97931 "-" "facebookexternalhit/1.1 (+http://www.facebook.com/externalhit_uatext.php)" "www.metrocrimedaily.com"
51.222.253.6 - - [25/Jan/2023:05:03:44 -0800] "GET /CRIME-WATCH-AMERICA/CRIME-WATCH-CHICAGO/support/readme-yt-dlp-installation.txt HTTP/1.1" 200 1719 "-" "Mozilla/5.0 (compatible; AhrefsBot/7.0; +http://ahrefs.com/robot/)" "metrocrimedaily.com"
51.222.253.16 - - [25/Jan/2023:05:06:30 -0800] "GET /CRIME-WATCH-AMERICA/CRIME-WATCH-CHICAGO/support/?C=D;O=D HTTP/1.1" 200 876 "-" "Mozilla/5.0 (compatible; AhrefsBot/7.0; +http://ahrefs.com/robot/)" "www.metrocrimedaily.com"
51.222.253.13 - - [25/Jan/2023:05:09:14 -0800] "GET /CRIME-WATCH-AMERICA/CRIME-WATCH-CHICAGO/support/?C=D;O=D HTTP/1.1" 200 876 "-" "Mozilla/5.0 (compatible; AhrefsBot/7.0; +http://ahrefs.com/robot/)" "www.metrocrimedaily.com"
207.46.13.23 - - [25/Jan/2023:05:09:23 -0800] "GET /index-miami.html HTTP/1.1" 200 21388 "-" "Mozilla/5.0 AppleWebKit/537.36 (KHTML, like Gecko; compatible; bingbot/2.0; +http://www.bing.com/bingbot.htm) Chrome/103.0.5060.134 Safari/537.36" "metrocrimedaily.com"
81.177.165.24 - - [25/Jan/2023:05:12:01 -0800] "GET /wp-login.php HTTP/1.1" 404 88 "" "Mozilla/5.0 (Windows NT 10.0; Win64; x64; rv:108.0) Gecko/20100101 Firefox/108.0" "metrocrimedaily.com"
69.63.184.5 - - [25/Jan/2023:05:12:14 -0800] "GET /instagram-stlouis/01-25-2023-0711531-A.jpg HTTP/1.1" 200 321190 "-" "facebookexternalhit/1.1 (+http://www.facebook.com/externalhit_uatext.php)" "www.metrocrimedaily.com"
69.63.184.120 - - [25/Jan/2023:05:12:41 -0800] "GET /instagram-stlouis/01-25-2023-0711532-A.jpg HTTP/1.1" 200 188221 "-" "facebookexternalhit/1.1 (+http://www.facebook.com/externalhit_uatext.php)" "www.metrocrimedaily.com"
69.63.184.118 - - [25/Jan/2023:05:21:59 -0800] "GET /instagram-houston/01-25-2023-0721371-A.jpg HTTP/1.1" 200 119161 "-" "facebookexternalhit/1.1 (+http://www.facebook.com/externalhit_uatext.php)" "www.metrocrimedaily.com"
68.40.218.86 - - [25/Jan/2023:05:23:25 -0800] "GET / HTTP/1.1" 200 159783 "-" "Mozilla/5.0 (iPhone; CPU iPhone OS 15_1 like Mac OS X) AppleWebKit/605.1.15 (KHTML, like Gecko) Version/15.1 Mobile/15E148 Safari/604.1" "www.metrocrimedaily.com"
68.40.218.86 - - [25/Jan/2023:05:23:25 -0800] "GET /images/crimeinthed-logo.jpg HTTP/1.1" 304 - "http://www.metrocrimedaily.com/" "Mozilla/5.0 (iPhone; CPU iPhone OS 15_1 like Mac OS X) AppleWebKit/605.1.15 (KHTML, like Gecko) Version/15.1 Mobile/15E148 Safari/604.1" "www.metrocrimedaily.com"
68.40.218.86 - - [25/Jan/2023:05:23:26 -0800] "GET /images/police-tape.jpg HTTP/1.1" 304 - "http://www.metrocrimedaily.com/" "Mozilla/5.0 (iPhone; CPU iPhone OS 15_1 like Mac OS X) AppleWebKit/605.1.15 (KHTML, like Gecko) Version/15.1 Mobile/15E148 Safari/604.1" "metrocrimedaily.com"
68.40.218.86 - - [25/Jan/2023:05:23:27 -0800] "GET /images/facebook-logo-tiny.png HTTP/1.1" 200 1280 "http://www.metrocrimedaily.com/" "Mozilla/5.0 (iPhone; CPU iPhone OS 15_1 like Mac OS X) AppleWebKit/605.1.15 (KHTML, like Gecko) Version/15.1 Mobile/15E148 Safari/604.1" "www.metrocrimedaily.com"
68.40.218.86 - - [25/Jan/2023:05:23:27 -0800] "GET /images/twitter-logo-b-tiny.png HTTP/1.1" 200 1600 "http://www.metrocrimedaily.com/" "Mozilla/5.0 (iPhone; CPU iPhone OS 15_1 like Mac OS X) AppleWebKit/605.1.15 (KHTML, like Gecko) Version/15.1 Mobile/15E148 Safari/604.1" "www.metrocrimedaily.com"
68.40.218.86 - - [25/Jan/2023:05:23:27 -0800] "GET /images/youtube-logo-tiny.png HTTP/1.1" 304 - "http://www.metrocrimedaily.com/" "Mozilla/5.0 (iPhone; CPU iPhone OS 15_1 like Mac OS X) AppleWebKit/605.1.15 (KHTML, like Gecko) Version/15.1 Mobile/15E148 Safari/604.1" "www.metrocrimedaily.com"
69.63.184.4 - - [25/Jan/2023:05:27:13 -0800] "GET /instagram-neworleans/01-25-2023-0726541-A.jpg HTTP/1.1" 200 137937 "-" "facebookexternalhit/1.1 (+http://www.facebook.com/externalhit_uatext.php)" "www.metrocrimedaily.com"
76.184.252.42 - - [25/Jan/2023:05:30:52 -0800] "GET /images/police-tape.jpg HTTP/1.1" 200 50766 "-" "Wget/1.20.3 (mingw32)" "metrocrimedaily.com"
69.63.184.117 - - [25/Jan/2023:05:31:48 -0800] "GET /instagram-detroit/01-25-2023-0730291-A.jpg HTTP/1.1" 200 51809 "-" "facebookexternalhit/1.1 (+http://www.facebook.com/externalhit_uatext.php)" "www.metrocrimedaily.com"
69.63.184.2 - - [25/Jan/2023:05:33:40 -0800] "GET /instagram-chicago/01-25-2023-0702392-A.jpg HTTP/1.1" 200 82786 "-" "facebookexternalhit/1.1 (+http://www.facebook.com/externalhit_uatext.php)" "www.metrocrimedaily.com"
69.63.184.1 - - [25/Jan/2023:05:34:11 -0800] "GET /instagram-chicago/01-25-2023-0702393-A.jpg HTTP/1.1" 200 439705 "-" "facebookexternalhit/1.1 (+http://www.facebook.com/externalhit_uatext.php)" "www.metrocrimedaily.com"
69.63.184.116 - - [25/Jan/2023:05:35:06 -0800] "GET /instagram-dallas/01-25-2023-0734461-A.jpg HTTP/1.1" 200 78131 "-" "facebookexternalhit/1.1 (+http://www.facebook.com/externalhit_uatext.php)" "www.metrocrimedaily.com"
69.63.184.3 - - [25/Jan/2023:05:36:23 -0800] "GET /instagram-newyork/01-25-2023-0736041-A.jpg HTTP/1.1" 200 78175 "-" "facebookexternalhit/1.1 (+http://www.facebook.com/externalhit_uatext.php)" "www.metrocrimedaily.com"
51.222.253.7 - - [25/Jan/2023:05:37:08 -0800] "GET /CRIME-WATCH-AMERICA/CRIME-WATCH-CHICAGO/support/?C=S;O=D HTTP/1.1" 200 874 "-" "Mozilla/5.0 (compatible; AhrefsBot/7.0; +http://ahrefs.com/robot/)" "www.metrocrimedaily.com"
114.119.130.105 - - [25/Jan/2023:05:40:35 -0800] "GET /instagram-memphis/01-23-2023-1945544-WATCH--Man-arrested-in-weekend-shooting-at-Main-E.txt HTTP/1.1" 200 115 "https://metrocrimedaily.com/instagram-memphis/" "Mozilla/5.0 (Linux; Android 7.0;) AppleWebKit/537.36 (KHTML, like Gecko) Mobile Safari/537.36 (compatible; PetalBot;+https://webmaster.petalsearch.com/site/petalbot)" "metrocrimedaily.com"
69.63.184.118 - - [25/Jan/2023:05:45:58 -0800] "GET /instagram-stlouis/01-25-2023-0745381-A.jpg HTTP/1.1" 200 103251 "-" "facebookexternalhit/1.1 (+http://www.facebook.com/externalhit_uatext.php)" "www.metrocrimedaily.com"
69.63.184.5 - - [25/Jan/2023:05:46:24 -0800] "GET /instagram-stlouis/01-25-2023-0745382-A.jpg HTTP/1.1" 200 83557 "-" "facebookexternalhit/1.1 (+http://www.facebook.com/externalhit_uatext.php)" "www.metrocrimedaily.com"
69.63.184.3 - - [25/Jan/2023:05:53:49 -0800] "GET /instagram-atlanta/01-25-2023-0752371-A.jpg HTTP/1.1" 200 145995 "-" "facebookexternalhit/1.1 (+http://www.facebook.com/externalhit_uatext.php)" "www.metrocrimedaily.com"
69.63.184.112 - - [25/Jan/2023:05:54:16 -0800] "GET /instagram-atlanta/01-25-2023-0752372-A.jpg HTTP/1.1" 200 240250 "-" "facebookexternalhit/1.1 (+http://www.facebook.com/externalhit_uatext.php)" "www.metrocrimedaily.com"
69.63.184.1 - - [25/Jan/2023:05:54:45 -0800] "GET /instagram-atlanta/01-25-2023-0752373-A.jpg HTTP/1.1" 200 157925 "-" "facebookexternalhit/1.1 (+http://www.facebook.com/externalhit_uatext.php)" "www.metrocrimedaily.com"
69.63.184.117 - - [25/Jan/2023:05:55:13 -0800] "GET /instagram-atlanta/01-25-2023-0752374-A.jpg HTTP/1.1" 200 128448 "-" "facebookexternalhit/1.1 (+http://www.facebook.com/externalhit_uatext.php)" "www.metrocrimedaily.com"
69.63.184.2 - - [25/Jan/2023:05:55:42 -0800] "GET /instagram-atlanta/01-25-2023-0752375-A.jpg HTTP/1.1" 200 72736 "-" "facebookexternalhit/1.1 (+http://www.facebook.com/externalhit_uatext.php)" "www.metrocrimedaily.com"
69.63.184.117 - - [25/Jan/2023:05:56:11 -0800] "GET /instagram-atlanta/01-25-2023-0752376-A.jpg HTTP/1.1" 200 239537 "-" "facebookexternalhit/1.1 (+http://www.facebook.com/externalhit_uatext.php)" "www.metrocrimedaily.com"
69.63.184.1 - - [25/Jan/2023:05:56:40 -0800] "GET /instagram-atlanta/01-25-2023-0752377-A.jpg HTTP/1.1" 200 110455 "-" "facebookexternalhit/1.1 (+http://www.facebook.com/externalhit_uatext.php)" "www.metrocrimedaily.com"
69.63.184.5 - - [25/Jan/2023:05:57:09 -0800] "GET /instagram-atlanta/01-25-2023-0752378-A.jpg HTTP/1.1" 200 129186 "-" "facebookexternalhit/1.1 (+http://www.facebook.com/externalhit_uatext.php)" "www.metrocrimedaily.com"
66.249.70.130 - - [25/Jan/2023:05:57:13 -0800] "GET /www.macombdaily.com HTTP/1.1" 404 88 "-" "Mozilla/5.0 (Linux; Android 6.0.1; Nexus 5X Build/MMB29P) AppleWebKit/537.36 (KHTML, like Gecko) Chrome/109.0.5414.101 Mobile Safari/537.36 (compatible; Googlebot/2.1; +http://www.google.com/bot.html)" "metrocrimedaily.com"
69.63.184.2 - - [25/Jan/2023:05:57:37 -0800] "GET /instagram-atlanta/01-25-2023-0752379-A.jpg HTTP/1.1" 200 117519 "-" "facebookexternalhit/1.1 (+http://www.facebook.com/externalhit_uatext.php)" "www.metrocrimedaily.com"
69.63.184.120 - - [25/Jan/2023:05:58:06 -0800] "GET /instagram-atlanta/01-25-2023-07523710-A.jpg HTTP/1.1" 200 110665 "-" "facebookexternalhit/1.1 (+http://www.facebook.com/externalhit_uatext.php)" "www.metrocrimedaily.com"
69.63.184.120 - - [25/Jan/2023:05:58:35 -0800] "GET /instagram-atlanta/01-25-2023-07523711-A.jpg HTTP/1.1" 200 177806 "-" "facebookexternalhit/1.1 (+http://www.facebook.com/externalhit_uatext.php)" "www.metrocrimedaily.com"
114.119.143.187 - - [25/Jan/2023:05:59:50 -0800] "GET /instagram-detroit/01-12-2023-1633586-Cheer-coach-uses-CPR--AED-to-save-student-athlete.txt HTTP/1.1" 404 88 "https://metrocrimedaily.com/instagram-detroit/" "Mozilla/5.0 (Linux; Android 7.0;) AppleWebKit/537.36 (KHTML, like Gecko) Mobile Safari/537.36 (compatible; PetalBot;+https://webmaster.petalsearch.com/site/petalbot)" "metrocrimedaily.com"
69.63.184.119 - - [25/Jan/2023:06:02:07 -0800] "GET /instagram-houston/01-25-2023-0801471-A.jpg HTTP/1.1" 200 84509 "-" "facebookexternalhit/1.1 (+http://www.facebook.com/externalhit_uatext.php)" "www.metrocrimedaily.com"
69.63.184.5 - - [25/Jan/2023:06:03:30 -0800] "GET /instagram-detroit/01-25-2023-0730292-A.jpg HTTP/1.1" 200 186054 "-" "facebookexternalhit/1.1 (+http://www.facebook.com/externalhit_uatext.php)" "www.metrocrimedaily.com"
69.63.184.118 - - [25/Jan/2023:06:05:40 -0800] "GET /instagram-dallas/01-25-2023-0734462-A.jpg HTTP/1.1" 200 174738 "-" "facebookexternalhit/1.1 (+http://www.facebook.com/externalhit_uatext.php)" "www.metrocrimedaily.com"
69.63.184.117 - - [25/Jan/2023:06:06:53 -0800] "GET /instagram-newyork/01-25-2023-0736042-A.jpg HTTP/1.1" 200 97619 "-" "facebookexternalhit/1.1 (+http://www.facebook.com/externalhit_uatext.php)" "www.metrocrimedaily.com"
69.63.184.116 - - [25/Jan/2023:06:10:28 -0800] "GET /instagram-chicago/01-25-2023-0810071-A.jpg HTTP/1.1" 200 307386 "-" "facebookexternalhit/1.1 (+http://www.facebook.com/externalhit_uatext.php)" "www.metrocrimedaily.com"
69.63.184.120 - - [25/Jan/2023:06:10:56 -0800] "GET /instagram-chicago/01-25-2023-0810072-A.jpg HTTP/1.1" 200 85941 "-" "facebookexternalhit/1.1 (+http://www.facebook.com/externalhit_uatext.php)" "www.metrocrimedaily.com"
194.38.20.161 - - [25/Jan/2023:06:13:12 -0800] "GET /wp-content/plugins/formidable/pro/js/ofc-library/ofc_upload_image.php HTTP/1.1" 404 73 "-" "ALittle Client" "metrocrimedaily.com"
69.63.184.116 - - [25/Jan/2023:06:15:01 -0800] "GET /instagram-stlouis/01-25-2023-0814401-A.jpg HTTP/1.1" 200 131223 "-" "facebookexternalhit/1.1 (+http://www.facebook.com/externalhit_uatext.php)" "www.metrocrimedaily.com"
114.119.129.237 - - [25/Jan/2023:06:21:08 -0800] "GET /instagram-detroit/01-18-2023-0608211-Cousin-suspected-in-Zion-Foster-disappearance-fre.txt HTTP/1.1" 404 88 "https://metrocrimedaily.com/instagram-detroit/" "Mozilla/5.0 (Linux; Android 7.0;) AppleWebKit/537.36 (KHTML, like Gecko) Mobile Safari/537.36 (compatible; PetalBot;+https://webmaster.petalsearch.com/site/petalbot)" "metrocrimedaily.com"
69.63.184.1 - - [25/Jan/2023:06:23:12 -0800] "GET /instagram-memphis/01-25-2023-0822521-A.jpg HTTP/1.1" 200 116566 "-" "facebookexternalhit/1.1 (+http://www.facebook.com/externalhit_uatext.php)" "www.metrocrimedaily.com"
114.119.132.211 - - [25/Jan/2023:06:26:39 -0800] "GET /instagram-detroit/01-17-2023-1359313-Car-thieves-attempt-to-drive-off-with-10-trucks-f.txt HTTP/1.1" 404 88 "https://metrocrimedaily.com/instagram-detroit/" "Mozilla/5.0 (Linux; Android 7.0;) AppleWebKit/537.36 (KHTML, like Gecko) Mobile Safari/537.36 (compatible; PetalBot;+https://webmaster.petalsearch.com/site/petalbot)" "metrocrimedaily.com"
69.63.184.1 - - [25/Jan/2023:06:37:40 -0800] "GET /instagram-houston/01-25-2023-0837201-A.jpg HTTP/1.1" 200 132958 "-" "facebookexternalhit/1.1 (+http://www.facebook.com/externalhit_uatext.php)" "www.metrocrimedaily.com"
69.63.184.119 - - [25/Jan/2023:06:39:55 -0800] "GET /instagram-atlanta/01-25-2023-0839331-A.jpg HTTP/1.1" 200 114045 "-" "facebookexternalhit/1.1 (+http://www.facebook.com/externalhit_uatext.php)" "www.metrocrimedaily.com"
69.63.184.117 - - [25/Jan/2023:06:40:23 -0800] "GET /instagram-atlanta/01-25-2023-0839332-A.jpg HTTP/1.1" 200 80444 "-" "facebookexternalhit/1.1 (+http://www.facebook.com/externalhit_uatext.php)" "www.metrocrimedaily.com"
69.63.184.5 - - [25/Jan/2023:06:41:39 -0800] "GET /instagram-stlouis/01-25-2023-0841191-A.jpg HTTP/1.1" 200 101733 "-" "facebookexternalhit/1.1 (+http://www.facebook.com/externalhit_uatext.php)" "www.metrocrimedaily.com"
66.249.70.120 - - [25/Jan/2023:06:43:45 -0800] "GET /robots.txt HTTP/1.1" 404 88 "-" "Mozilla/5.0 (compatible; Googlebot/2.1; +http://www.google.com/bot.html)" "www.metrocrimedaily.com"
66.249.70.130 - - [25/Jan/2023:06:45:02 -0800] "GET /robots.txt HTTP/1.1" 404 88 "-" "Mozilla/5.0 (compatible; Googlebot/2.1; +http://www.google.com/bot.html)" "metrocrimedaily.com"
69.63.184.4 - - [25/Jan/2023:06:47:04 -0800] "GET /instagram-chicago/01-25-2023-0846431-A.jpg HTTP/1.1" 200 172153 "-" "facebookexternalhit/1.1 (+http://www.facebook.com/externalhit_uatext.php)" "www.metrocrimedaily.com"
51.222.253.11 - - [25/Jan/2023:06:47:32 -0800] "GET /CRIME-WATCH-AMERICA/CRIME-WATCH-CHICAGO/?C=N;O=A HTTP/1.1" 200 1249 "-" "Mozilla/5.0 (compatible; AhrefsBot/7.0; +http://ahrefs.com/robot/)" "metrocrimedaily.com"
69.63.184.120 - - [25/Jan/2023:06:47:33 -0800] "GET /instagram-chicago/01-25-2023-0846432-A.jpg HTTP/1.1" 200 86603 "-" "facebookexternalhit/1.1 (+http://www.facebook.com/externalhit_uatext.php)" "www.metrocrimedaily.com"
69.63.184.4 - - [25/Jan/2023:06:48:01 -0800] "GET /instagram-chicago/01-25-2023-0846433-A.jpg HTTP/1.1" 200 88840 "-" "facebookexternalhit/1.1 (+http://www.facebook.com/externalhit_uatext.php)" "www.metrocrimedaily.com"
69.63.184.1 - - [25/Jan/2023:06:55:40 -0800] "GET /instagram-losangeles/01-25-2023-0855201-A.jpg HTTP/1.1" 200 125292 "-" "facebookexternalhit/1.1 (+http://www.facebook.com/externalhit_uatext.php)" "www.metrocrimedaily.com"
51.222.253.1 - - [25/Jan/2023:06:57:46 -0800] "GET /instagram-losangeles/post-later/01-25-2023-0030113-Suspected-Half-Moon-Bay-shooter-threatened-to-kil.txt HTTP/1.1" 200 1047 "-" "Mozilla/5.0 (compatible; AhrefsBot/7.0; +http://ahrefs.com/robot/)" "www.metrocrimedaily.com"
207.46.13.23 - - [25/Jan/2023:07:06:14 -0800] "GET /index-miami.html HTTP/1.1" 200 21388 "-" "Mozilla/5.0 AppleWebKit/537.36 (KHTML, like Gecko; compatible; bingbot/2.0; +http://www.bing.com/bingbot.htm) Chrome/103.0.5060.134 Safari/537.36" "metrocrimedaily.com"
69.63.184.118 - - [25/Jan/2023:07:10:21 -0800] "GET /instagram-stlouis/01-25-2023-0910001-A.jpg HTTP/1.1" 200 208801 "-" "facebookexternalhit/1.1 (+http://www.facebook.com/externalhit_uatext.php)" "www.metrocrimedaily.com"
69.63.184.1 - - [25/Jan/2023:07:16:37 -0800] "GET /instagram-newyork/01-25-2023-0915381-A.jpg HTTP/1.1" 200 111604 "-" "facebookexternalhit/1.1 (+http://www.facebook.com/externalhit_uatext.php)" "www.metrocrimedaily.com"
212.89.172.137 - - [25/Jan/2023:07:17:10 -0800] "GET /A/license.txt HTTP/1.1" 404 88 "-" "Mozilla/5.0 (X11; Ubuntu; Linux x86_64; rv:62.0) Gecko/20100101 Firefox/62.0" "metrocrimedaily.com"
51.222.253.15 - - [25/Jan/2023:07:17:28 -0800] "GET /CRIME-WATCH-AMERICA/CRIME-WATCH-CHICAGO/support/?C=D;O=A HTTP/1.1" 200 877 "-" "Mozilla/5.0 (compatible; AhrefsBot/7.0; +http://ahrefs.com/robot/)" "metrocrimedaily.com"
157.245.200.155 - - [25/Jan/2023:07:18:12 -0800] "GET /wp-login.php HTTP/1.1" 404 88 "" "Mozilla/5.0 (Windows NT 10.0; Win64; x64; rv:108.0) Gecko/20100101 Firefox/108.0" "metrocrimedaily.com"
69.63.184.119 - - [25/Jan/2023:07:21:15 -0800] "GET /instagram-atlanta/01-25-2023-0920471-A.jpg HTTP/1.1" 200 103216 "-" "facebookexternalhit/1.1 (+http://www.facebook.com/externalhit_uatext.php)" "www.metrocrimedaily.com"
69.63.184.117 - - [25/Jan/2023:07:21:44 -0800] "GET /instagram-atlanta/01-25-2023-0920472-A.jpg HTTP/1.1" 200 370492 "-" "facebookexternalhit/1.1 (+http://www.facebook.com/externalhit_uatext.php)" "www.metrocrimedaily.com"
69.63.184.4 - - [25/Jan/2023:07:22:13 -0800] "GET /instagram-atlanta/01-25-2023-0920473-A.jpg HTTP/1.1" 200 116949 "-" "facebookexternalhit/1.1 (+http://www.facebook.com/externalhit_uatext.php)" "www.metrocrimedaily.com"
69.63.184.118 - - [25/Jan/2023:07:22:29 -0800] "GET /instagram-houston/01-25-2023-0922091-A.jpg HTTP/1.1" 200 85531 "-" "facebookexternalhit/1.1 (+http://www.facebook.com/externalhit_uatext.php)" "www.metrocrimedaily.com"
69.63.184.1 - - [25/Jan/2023:07:22:55 -0800] "GET /instagram-houston/01-25-2023-0922092-A.jpg HTTP/1.1" 200 87707 "-" "facebookexternalhit/1.1 (+http://www.facebook.com/externalhit_uatext.php)" "www.metrocrimedaily.com"
51.222.253.12 - - [25/Jan/2023:07:26:46 -0800] "GET /CRIME-WATCH-AMERICA/CRIME-WATCH-CHICAGO/support/?C=S;O=A HTTP/1.1" 200 873 "-" "Mozilla/5.0 (compatible; AhrefsBot/7.0; +http://ahrefs.com/robot/)" "metrocrimedaily.com"
34.207.73.102 - - [25/Jan/2023:07:30:41 -0800] "GET /ads.txt HTTP/1.1" 404 88 "-" "AdsTxtCrawler/1.0.2" "metrocrimedaily.com"
51.222.253.12 - - [25/Jan/2023:07:37:12 -0800] "GET / HTTP/1.1" 200 160008 "-" "Mozilla/5.0 (compatible; AhrefsBot/7.0; +http://ahrefs.com/robot/)" "www.metrocrimedaily.com"
5.101.157.216 - - [25/Jan/2023:07:39:27 -0800] "GET /wp-login.php HTTP/1.1" 404 88 "" "Mozilla/5.0 (Windows NT 10.0; Win64; x64; rv:108.0) Gecko/20100101 Firefox/108.0" "metrocrimedaily.com"
69.63.184.3 - - [25/Jan/2023:07:41:42 -0800] "GET /instagram-memphis/01-25-2023-0941221-A.jpg HTTP/1.1" 200 97266 "-" "facebookexternalhit/1.1 (+http://www.facebook.com/externalhit_uatext.php)" "www.metrocrimedaily.com"
69.63.184.4 - - [25/Jan/2023:07:47:33 -0800] "GET /instagram-newyork/01-25-2023-0915382-A.jpg HTTP/1.1" 200 76118 "-" "facebookexternalhit/1.1 (+http://www.facebook.com/externalhit_uatext.php)" "www.metrocrimedaily.com"
69.63.184.118 - - [25/Jan/2023:07:47:45 -0800] "GET /instagram-detroit/01-25-2023-0947231-A.jpg HTTP/1.1" 200 93400 "-" "facebookexternalhit/1.1 (+http://www.facebook.com/externalhit_uatext.php)" "www.metrocrimedaily.com"
69.63.184.118 - - [25/Jan/2023:07:47:45 -0800] "GET /instagram-dallas/01-25-2023-0947241-A.jpg HTTP/1.1" 200 158118 "-" "facebookexternalhit/1.1 (+http://www.facebook.com/externalhit_uatext.php)" "www.metrocrimedaily.com"
69.63.184.118 - - [25/Jan/2023:07:49:16 -0800] "GET /instagram-chicago/01-25-2023-0948551-A.jpg HTTP/1.1" 200 126271 "-" "facebookexternalhit/1.1 (+http://www.facebook.com/externalhit_uatext.php)" "www.metrocrimedaily.com"
207.46.13.23 - - [25/Jan/2023:07:56:29 -0800] "GET /index-miami.html HTTP/1.1" 200 21388 "-" "Mozilla/5.0 AppleWebKit/537.36 (KHTML, like Gecko; compatible; bingbot/2.0; +http://www.bing.com/bingbot.htm) Chrome/103.0.5060.134 Safari/537.36" "metrocrimedaily.com"
51.222.253.15 - - [25/Jan/2023:07:57:37 -0800] "GET /CRIME-WATCH-AMERICA/CRIME-WATCH-CHICAGO/support/?C=N;O=A HTTP/1.1" 200 877 "-" "Mozilla/5.0 (compatible; AhrefsBot/7.0; +http://ahrefs.com/robot/)" "www.metrocrimedaily.com"
69.63.184.1 - - [25/Jan/2023:08:01:10 -0800] "GET /instagram-losangeles/01-25-2023-1000461-A.jpg HTTP/1.1" 200 204418 "-" "facebookexternalhit/1.1 (+http://www.facebook.com/externalhit_uatext.php)" "www.metrocrimedaily.com"
69.63.184.119 - - [25/Jan/2023:08:02:44 -0800] "GET /instagram-atlanta/01-25-2023-1002231-A.jpg HTTP/1.1" 200 118842 "-" "facebookexternalhit/1.1 (+http://www.facebook.com/externalhit_uatext.php)" "www.metrocrimedaily.com"
69.63.184.117 - - [25/Jan/2023:08:03:13 -0800] "GET /instagram-atlanta/01-25-2023-1002232-A.jpg HTTP/1.1" 200 205042 "-" "facebookexternalhit/1.1 (+http://www.facebook.com/externalhit_uatext.php)" "www.metrocrimedaily.com"
207.46.13.155 - - [25/Jan/2023:08:04:25 -0800] "GET /instagram-atlanta/12-22-2022-1609192-22-year-old-dies--mother-escapes-house-fire-in-Ba.txt HTTP/1.1" 404 88 "-" "Mozilla/5.0 AppleWebKit/537.36 (KHTML, like Gecko; compatible; bingbot/2.0; +http://www.bing.com/bingbot.htm) Chrome/103.0.5060.134 Safari/537.36" "www.metrocrimedaily.com"
69.63.184.118 - - [25/Jan/2023:08:06:35 -0800] "GET /instagram-stlouis/01-25-2023-1006141-A.jpg HTTP/1.1" 200 206451 "-" "facebookexternalhit/1.1 (+http://www.facebook.com/externalhit_uatext.php)" "www.metrocrimedaily.com"
51.222.253.6 - - [25/Jan/2023:08:08:04 -0800] "GET /robots.txt HTTP/1.1" 404 88 "-" "Mozilla/5.0 (compatible; AhrefsBot/7.0; +http://ahrefs.com/robot/)" "www.metrocrimedaily.com"
51.222.253.12 - - [25/Jan/2023:08:08:05 -0800] "GET /instagram-stlouis/post-later/01-24-2023-2338385-New-St.-Louis-Police-Chief-Robert-Tracy-addresses.txt HTTP/1.1" 200 1132 "-" "Mozilla/5.0 (compatible; AhrefsBot/7.0; +http://ahrefs.com/robot/)" "www.metrocrimedaily.com"
114.119.137.238 - - [25/Jan/2023:08:09:28 -0800] "GET /instagram-detroit/01-13-2023-1501443-Don---t-fall-for-Mega-Millions-lottery-scams-.txt HTTP/1.1" 404 88 "https://metrocrimedaily.com/instagram-detroit/" "Mozilla/5.0 (Linux; Android 7.0;) AppleWebKit/537.36 (KHTML, like Gecko) Mobile Safari/537.36 (compatible; PetalBot;+https://webmaster.petalsearch.com/site/petalbot)" "metrocrimedaily.com"
114.119.141.178 - - [25/Jan/2023:08:15:10 -0800] "GET /instagram-stlouis/ HTTP/1.1" 200 3148 "https://metrocrimedaily.com/?C=M%3BO%3DA" "Mozilla/5.0 (Linux; Android 7.0;) AppleWebKit/537.36 (KHTML, like Gecko) Mobile Safari/537.36 (compatible; PetalBot;+https://webmaster.petalsearch.com/site/petalbot)" "metrocrimedaily.com"
69.63.184.3 - - [25/Jan/2023:08:18:16 -0800] "GET /instagram-detroit/01-25-2023-0947232-A.jpg HTTP/1.1" 200 73192 "-" "facebookexternalhit/1.1 (+http://www.facebook.com/externalhit_uatext.php)" "www.metrocrimedaily.com"
69.63.184.117 - - [25/Jan/2023:08:18:19 -0800] "GET /instagram-dallas/01-25-2023-0947242-A.jpg HTTP/1.1" 200 140830 "-" "facebookexternalhit/1.1 (+http://www.facebook.com/externalhit_uatext.php)" "www.metrocrimedaily.com"
103.233.9.73 - - [25/Jan/2023:08:19:40 -0800] "GET /wp-login.php HTTP/1.1" 404 88 "" "Mozilla/5.0 (Windows NT 10.0; Win64; x64; rv:108.0) Gecko/20100101 Firefox/108.0" "metrocrimedaily.com"
114.119.134.192 - - [25/Jan/2023:08:22:13 -0800] "GET /styles-mcd-dot-css HTTP/1.1" 200 3658 "https://metrocrimedaily.com/?C=M%3BO%3DA" "Mozilla/5.0 (Linux; Android 7.0;) AppleWebKit/537.36 (KHTML, like Gecko) Mobile Safari/537.36 (compatible; PetalBot;+https://webmaster.petalsearch.com/site/petalbot)" "metrocrimedaily.com"
51.222.253.7 - - [25/Jan/2023:08:29:03 -0800] "GET /instagram-stlouis/post-later/01-25-2023-0138191-More-fallout-over-the-release-of-teens--armed-wit.txt HTTP/1.1" 200 1012 "-" "Mozilla/5.0 (compatible; AhrefsBot/7.0; +http://ahrefs.com/robot/)" "www.metrocrimedaily.com"
114.119.146.55 - - [25/Jan/2023:08:30:04 -0800] "GET /instagram-memphis/01-23-2023-1805231-Body-identified-as-missing-Haywood-County-woman-B.txt HTTP/1.1" 200 53 "https://metrocrimedaily.com/instagram-memphis/" "Mozilla/5.0 (Linux; Android 7.0;) AppleWebKit/537.36 (KHTML, like Gecko) Mobile Safari/537.36 (compatible; PetalBot;+https://webmaster.petalsearch.com/site/petalbot)" "metrocrimedaily.com"
69.63.184.113 - - [25/Jan/2023:08:35:31 -0800] "GET /instagram-stlouis/01-25-2023-1035111-A.jpg HTTP/1.1" 200 225089 "-" "facebookexternalhit/1.1 (+http://www.facebook.com/externalhit_uatext.php)" "www.metrocrimedaily.com"
114.119.138.199 - - [25/Jan/2023:08:37:27 -0800] "GET /instagram-detroit/01-23-2023-2127121-Police--20-dollar-stores-robbed-at-gunpoint-in-3-.txt HTTP/1.1" 200 782 "https://metrocrimedaily.com/instagram-detroit/?C=M%3BO%3DA" "Mozilla/5.0 (Linux; Android 7.0;) AppleWebKit/537.36 (KHTML, like Gecko) Mobile Safari/537.36 (compatible; PetalBot;+https://webmaster.petalsearch.com/site/petalbot)" "metrocrimedaily.com"
69.63.184.4 - - [25/Jan/2023:08:41:06 -0800] "GET /instagram-memphis/01-25-2023-1040461-A.jpg HTTP/1.1" 200 97266 "-" "facebookexternalhit/1.1 (+http://www.facebook.com/externalhit_uatext.php)" "www.metrocrimedaily.com"
40.77.167.54 - - [25/Jan/2023:08:41:19 -0800] "GET /instagram-dallas/12-20-2022-1457343-Advocates-On-Both-Sides-Debate-Whether-Sharing-Cr.txt HTTP/1.1" 404 88 "-" "Mozilla/5.0 AppleWebKit/537.36 (KHTML, like Gecko; compatible; bingbot/2.0; +http://www.bing.com/bingbot.htm) Chrome/103.0.5060.134 Safari/537.36" "www.metrocrimedaily.com"
69.63.184.118 - - [25/Jan/2023:08:45:16 -0800] "GET /instagram-houston/01-25-2023-1044561-A.jpg HTTP/1.1" 200 181724 "-" "facebookexternalhit/1.1 (+http://www.facebook.com/externalhit_uatext.php)" "www.metrocrimedaily.com"
69.63.184.120 - - [25/Jan/2023:08:45:43 -0800] "GET /instagram-houston/01-25-2023-1044562-A.jpg HTTP/1.1" 200 210637 "-" "facebookexternalhit/1.1 (+http://www.facebook.com/externalhit_uatext.php)" "www.metrocrimedaily.com"
69.63.184.3 - - [25/Jan/2023:08:46:09 -0800] "GET /instagram-houston/01-25-2023-1044563-A.jpg HTTP/1.1" 200 132162 "-" "facebookexternalhit/1.1 (+http://www.facebook.com/externalhit_uatext.php)" "www.metrocrimedaily.com"
114.119.152.11 - - [25/Jan/2023:08:46:41 -0800] "GET /instagram-detroit/01-17-2023-1817162-Inkster-man-who-hid-in-porta-potty-after-Dearborn.txt HTTP/1.1" 404 88 "https://metrocrimedaily.com/instagram-detroit/" "Mozilla/5.0 (Linux; Android 7.0;) AppleWebKit/537.36 (KHTML, like Gecko) Mobile Safari/537.36 (compatible; PetalBot;+https://webmaster.petalsearch.com/site/petalbot)" "metrocrimedaily.com"
69.63.184.119 - - [25/Jan/2023:08:49:08 -0800] "GET /instagram-detroit/01-25-2023-0947233-A.jpg HTTP/1.1" 200 469812 "-" "facebookexternalhit/1.1 (+http://www.facebook.com/externalhit_uatext.php)" "www.metrocrimedaily.com"
69.63.184.2 - - [25/Jan/2023:08:49:53 -0800] "GET /instagram-chicago/01-25-2023-1049311-A.jpg HTTP/1.1" 200 170719 "-" "facebookexternalhit/1.1 (+http://www.facebook.com/externalhit_uatext.php)" "www.metrocrimedaily.com"
69.63.184.120 - - [25/Jan/2023:08:51:29 -0800] "GET /instagram-newyork/01-25-2023-1051091-A.jpg HTTP/1.1" 200 95233 "-" "facebookexternalhit/1.1 (+http://www.facebook.com/externalhit_uatext.php)" "www.metrocrimedaily.com"
69.63.184.120 - - [25/Jan/2023:08:51:41 -0800] "GET /instagram-atlanta/01-25-2023-1051201-A.jpg HTTP/1.1" 200 123940 "-" "facebookexternalhit/1.1 (+http://www.facebook.com/externalhit_uatext.php)" "www.metrocrimedaily.com"
143.244.132.153 - - [25/Jan/2023:08:51:48 -0800] "GET /wp-login.php HTTP/1.1" 404 88 "" "Mozilla/5.0 (Windows NT 10.0; Win64; x64; rv:108.0) Gecko/20100101 Firefox/108.0" "metrocrimedaily.com"
69.63.184.3 - - [25/Jan/2023:08:52:10 -0800] "GET /instagram-atlanta/01-25-2023-1051202-A.jpg HTTP/1.1" 200 160254 "-" "facebookexternalhit/1.1 (+http://www.facebook.com/externalhit_uatext.php)" "www.metrocrimedaily.com"
69.63.184.1 - - [25/Jan/2023:08:52:38 -0800] "GET /instagram-atlanta/01-25-2023-1051203-A.jpg HTTP/1.1" 200 99387 "-" "facebookexternalhit/1.1 (+http://www.facebook.com/externalhit_uatext.php)" "www.metrocrimedaily.com"
69.63.184.1 - - [25/Jan/2023:08:53:06 -0800] "GET /instagram-atlanta/01-25-2023-1051204-A.jpg HTTP/1.1" 200 140656 "-" "facebookexternalhit/1.1 (+http://www.facebook.com/externalhit_uatext.php)" "www.metrocrimedaily.com"
114.119.137.67 - - [25/Jan/2023:08:54:04 -0800] "GET /instagram-detroit/01-14-2023-2143063-DPD-investigating-4-armed-robberies-that-happened.txt HTTP/1.1" 404 88 "https://metrocrimedaily.com/instagram-detroit/" "Mozilla/5.0 (Linux; Android 7.0;) AppleWebKit/537.36 (KHTML, like Gecko) Mobile Safari/537.36 (compatible; PetalBot;+https://webmaster.petalsearch.com/site/petalbot)" "metrocrimedaily.com"
114.119.165.136 - - [25/Jan/2023:09:02:19 -0800] "GET /index-miami.html HTTP/1.1" 200 21388 "https://metrocrimedaily.com/?C=M%3BO%3DA" "Mozilla/5.0 (Linux; Android 7.0;) AppleWebKit/537.36 (KHTML, like Gecko) Mobile Safari/537.36 (compatible; PetalBot;+https://webmaster.petalsearch.com/site/petalbot)" "metrocrimedaily.com"
207.46.13.23 - - [25/Jan/2023:09:04:05 -0800] "GET /index-miami.html HTTP/1.1" 200 21388 "-" "Mozilla/5.0 AppleWebKit/537.36 (KHTML, like Gecko; compatible; bingbot/2.0; +http://www.bing.com/bingbot.htm) Chrome/103.0.5060.134 Safari/537.36" "metrocrimedaily.com"
69.63.184.120 - - [25/Jan/2023:09:05:39 -0800] "GET /instagram-losangeles/01-25-2023-1105191-A.jpg HTTP/1.1" 200 79049 "-" "facebookexternalhit/1.1 (+http://www.facebook.com/externalhit_uatext.php)" "www.metrocrimedaily.com"
40.77.167.54 - - [25/Jan/2023:09:07:31 -0800] "GET /instagram-dallas/12-20-2022-2109042-Judge--Convicted-killer-Scott-Peterson-will-not-g.txt HTTP/1.1" 404 88 "-" "Mozilla/5.0 AppleWebKit/537.36 (KHTML, like Gecko; compatible; bingbot/2.0; +http://www.bing.com/bingbot.htm) Chrome/103.0.5060.134 Safari/537.36" "www.metrocrimedaily.com"
114.119.130.18 - - [25/Jan/2023:09:10:42 -0800] "GET / HTTP/1.1" 200 160008 "-" "Mozilla/5.0 (Linux; Android 7.0;) AppleWebKit/537.36 (KHTML, like Gecko) Mobile Safari/537.36 (compatible; PetalBot;+https://webmaster.petalsearch.com/site/petalbot)" "www.metrocrimedaily.com"
69.63.184.5 - - [25/Jan/2023:09:11:37 -0800] "GET /instagram-memphis/01-25-2023-1040462-A.jpg HTTP/1.1" 200 192504 "-" "facebookexternalhit/1.1 (+http://www.facebook.com/externalhit_uatext.php)" "www.metrocrimedaily.com"
69.63.184.1 - - [25/Jan/2023:09:12:05 -0800] "GET /instagram-memphis/01-25-2023-1040463-A.jpg HTTP/1.1" 200 244026 "-" "facebookexternalhit/1.1 (+http://www.facebook.com/externalhit_uatext.php)" "www.metrocrimedaily.com"
69.63.184.117 - - [25/Jan/2023:09:12:40 -0800] "GET /instagram-stlouis/01-25-2023-1112211-A.jpg HTTP/1.1" 200 225089 "-" "facebookexternalhit/1.1 (+http://www.facebook.com/externalhit_uatext.php)" "www.metrocrimedaily.com"
51.222.253.15 - - [25/Jan/2023:09:12:53 -0800] "GET /CRIME-WATCH-AMERICA/CRIME-WATCH-CHICAGO/support/find-and-post-chicago-stories-RevB.bat HTTP/1.1" 200 16902 "-" "Mozilla/5.0 (compatible; AhrefsBot/7.0; +http://ahrefs.com/robot/)" "metrocrimedaily.com"
69.63.184.120 - - [25/Jan/2023:09:13:06 -0800] "GET /instagram-stlouis/01-25-2023-1112212-A.jpg HTTP/1.1" 200 122573 "-" "facebookexternalhit/1.1 (+http://www.facebook.com/externalhit_uatext.php)" "www.metrocrimedaily.com"
207.46.13.23 - - [25/Jan/2023:09:16:37 -0800] "GET /index-chicago.html HTTP/1.1" 200 15202 "-" "Mozilla/5.0 AppleWebKit/537.36 (KHTML, like Gecko; compatible; bingbot/2.0; +http://www.bing.com/bingbot.htm) Chrome/103.0.5060.134 Safari/537.36" "metrocrimedaily.com"
69.63.184.112 - - [25/Jan/2023:09:19:51 -0800] "GET /instagram-detroit/01-25-2023-0947234-A.jpg HTTP/1.1" 200 163117 "-" "facebookexternalhit/1.1 (+http://www.facebook.com/externalhit_uatext.php)" "www.metrocrimedaily.com"
69.63.184.117 - - [25/Jan/2023:09:20:22 -0800] "GET /instagram-detroit/01-25-2023-0947235-A.jpg HTTP/1.1" 200 201080 "-" "facebookexternalhit/1.1 (+http://www.facebook.com/externalhit_uatext.php)" "www.metrocrimedaily.com"
69.63.184.4 - - [25/Jan/2023:09:21:38 -0800] "GET /instagram-dallas/01-25-2023-1121171-A.jpg HTTP/1.1" 200 98341 "-" "facebookexternalhit/1.1 (+http://www.facebook.com/externalhit_uatext.php)" "www.metrocrimedaily.com"
114.119.129.244 - - [25/Jan/2023:09:22:00 -0800] "GET /instagram-detroit/01-13-2023-1944265-Deposed-Trump-hurled-insults-at-woman-who-said-he.txt HTTP/1.1" 404 88 "https://metrocrimedaily.com/instagram-detroit/" "Mozilla/5.0 (Linux; Android 7.0;) AppleWebKit/537.36 (KHTML, like Gecko) Mobile Safari/537.36 (compatible; PetalBot;+https://webmaster.petalsearch.com/site/petalbot)" "metrocrimedaily.com"
51.222.253.17 - - [25/Jan/2023:09:23:38 -0800] "GET /CRIME-WATCH-AMERICA/CRIME-WATCH-CHICAGO/support/WinSCP-5.17.10-Setup.exe HTTP/1.1" 200 11155568 "-" "Mozilla/5.0 (compatible; AhrefsBot/7.0; +http://ahrefs.com/robot/)" "www.metrocrimedaily.com"
69.63.184.116 - - [25/Jan/2023:09:24:33 -0800] "GET /instagram-neworleans/01-25-2023-1124061-A.jpg HTTP/1.1" 200 162198 "-" "facebookexternalhit/1.1 (+http://www.facebook.com/externalhit_uatext.php)" "www.metrocrimedaily.com"
205.185.120.206 - - [25/Jan/2023:09:29:10 -0800] "GET / HTTP/1.1" 200 161003 "-" "Mozilla/5.0 (Windows NT 10.0; Win64; x64) AppleWebKit/537.36 (KHTML, like Gecko) Chrome/109.0.0.0 Safari/537.36" "www.metrocrimedaily.com"
205.185.120.206 - - [25/Jan/2023:09:29:11 -0800] "GET /styles-mcd.css HTTP/1.1" 200 1159 "http://www.metrocrimedaily.com/" "Mozilla/5.0 (Windows NT 10.0; Win64; x64) AppleWebKit/537.36 (KHTML, like Gecko) Chrome/109.0.0.0 Safari/537.36" "www.metrocrimedaily.com"
