68.46.158.114 - - [21/Jan/2023:21:45:42 -0800] "GET /instagram-detroit/01-13-2023-1501442-Woman-walks-into-Lincoln-Park-pawn-shop--tells-po.txt HTTP/1.1" 200 659 "http://www.metrocrimedaily.com/instagram-detroit/" "Mozilla/5.0 (iPhone; CPU iPhone OS 16_2 like Mac OS X) AppleWebKit/605.1.15 (KHTML, like Gecko) Version/16.2 Mobile/15E148 Safari/604.1" "www.metrocrimedaily.com"
68.46.158.114 - - [21/Jan/2023:21:45:56 -0800] "GET /instagram-detroit/01-13-2023-1501443-Don---t-fall-for-Mega-Millions-lottery-scams-.txt HTTP/1.1" 200 907 "http://www.metrocrimedaily.com/instagram-detroit/" "Mozilla/5.0 (iPhone; CPU iPhone OS 16_2 like Mac OS X) AppleWebKit/605.1.15 (KHTML, like Gecko) Version/16.2 Mobile/15E148 Safari/604.1" "www.metrocrimedaily.com"
68.46.158.114 - - [21/Jan/2023:21:46:15 -0800] "GET /instagram-detroit/01-13-2023-1501443-A.jpg HTTP/1.1" 200 98183 "http://www.metrocrimedaily.com/instagram-detroit/" "Mozilla/5.0 (iPhone; CPU iPhone OS 16_2 like Mac OS X) AppleWebKit/605.1.15 (KHTML, like Gecko) Version/16.2 Mobile/15E148 Safari/604.1" "www.metrocrimedaily.com"
68.46.158.114 - - [21/Jan/2023:21:46:18 -0800] "GET /instagram-detroit/01-13-2023-1501444-A.jpg HTTP/1.1" 200 71837 "http://www.metrocrimedaily.com/instagram-detroit/" "Mozilla/5.0 (iPhone; CPU iPhone OS 16_2 like Mac OS X) AppleWebKit/605.1.15 (KHTML, like Gecko) Version/16.2 Mobile/15E148 Safari/604.1" "www.metrocrimedaily.com"
68.46.158.114 - - [21/Jan/2023:21:46:25 -0800] "GET /instagram-detroit/01-13-2023-1501444-Man-found-dead-on-sidewalk-in-Detroit-after-argum.txt HTTP/1.1" 200 403 "http://www.metrocrimedaily.com/instagram-detroit/" "Mozilla/5.0 (iPhone; CPU iPhone OS 16_2 like Mac OS X) AppleWebKit/605.1.15 (KHTML, like Gecko) Version/16.2 Mobile/15E148 Safari/604.1" "www.metrocrimedaily.com"
68.46.158.114 - - [21/Jan/2023:21:46:33 -0800] "GET /instagram-detroit/01-13-2023-1501445-A.jpg HTTP/1.1" 200 53779 "http://www.metrocrimedaily.com/instagram-detroit/" "Mozilla/5.0 (iPhone; CPU iPhone OS 16_2 like Mac OS X) AppleWebKit/605.1.15 (KHTML, like Gecko) Version/16.2 Mobile/15E148 Safari/604.1" "www.metrocrimedaily.com"
68.46.158.114 - - [21/Jan/2023:21:46:46 -0800] "GET /instagram-detroit/01-13-2023-1501446-A.jpg HTTP/1.1" 200 172300 "http://www.metrocrimedaily.com/instagram-detroit/" "Mozilla/5.0 (iPhone; CPU iPhone OS 16_2 like Mac OS X) AppleWebKit/605.1.15 (KHTML, like Gecko) Version/16.2 Mobile/15E148 Safari/604.1" "www.metrocrimedaily.com"
68.46.158.114 - - [21/Jan/2023:21:46:58 -0800] "GET /instagram-detroit/01-13-2023-1501446-Iowa-man-chased-down-by-deputies--jailed-for-stea.txt HTTP/1.1" 200 667 "http://www.metrocrimedaily.com/instagram-detroit/" "Mozilla/5.0 (iPhone; CPU iPhone OS 16_2 like Mac OS X) AppleWebKit/605.1.15 (KHTML, like Gecko) Version/16.2 Mobile/15E148 Safari/604.1" "www.metrocrimedaily.com"
68.46.158.114 - - [21/Jan/2023:21:47:03 -0800] "GET /instagram-detroit/01-13-2023-1735461-A.jpg HTTP/1.1" 200 53192 "http://www.metrocrimedaily.com/instagram-detroit/" "Mozilla/5.0 (iPhone; CPU iPhone OS 16_2 like Mac OS X) AppleWebKit/605.1.15 (KHTML, like Gecko) Version/16.2 Mobile/15E148 Safari/604.1" "www.metrocrimedaily.com"
68.46.158.114 - - [21/Jan/2023:21:47:07 -0800] "GET /instagram-detroit/01-13-2023-1735461-Biden-political-future-clouded-by-classified-docu.txt HTTP/1.1" 200 1124 "http://www.metrocrimedaily.com/instagram-detroit/" "Mozilla/5.0 (iPhone; CPU iPhone OS 16_2 like Mac OS X) AppleWebKit/605.1.15 (KHTML, like Gecko) Version/16.2 Mobile/15E148 Safari/604.1" "www.metrocrimedaily.com"
68.46.158.114 - - [21/Jan/2023:21:47:13 -0800] "GET /instagram-detroit/01-13-2023-1735462-A.jpg HTTP/1.1" 200 63895 "http://www.metrocrimedaily.com/instagram-detroit/" "Mozilla/5.0 (iPhone; CPU iPhone OS 16_2 like Mac OS X) AppleWebKit/605.1.15 (KHTML, like Gecko) Version/16.2 Mobile/15E148 Safari/604.1" "www.metrocrimedaily.com"
68.46.158.114 - - [21/Jan/2023:21:47:23 -0800] "GET /instagram-detroit/01-13-2023-1735463-A.jpg HTTP/1.1" 200 95649 "http://www.metrocrimedaily.com/instagram-detroit/" "Mozilla/5.0 (iPhone; CPU iPhone OS 16_2 like Mac OS X) AppleWebKit/605.1.15 (KHTML, like Gecko) Version/16.2 Mobile/15E148 Safari/604.1" "www.metrocrimedaily.com"
68.46.158.114 - - [21/Jan/2023:21:47:36 -0800] "GET /instagram-detroit/01-13-2023-1735462-Detroit-man-faces-first-degree-murder-charge-afte.txt HTTP/1.1" 200 657 "http://www.metrocrimedaily.com/instagram-detroit/" "Mozilla/5.0 (iPhone; CPU iPhone OS 16_2 like Mac OS X) AppleWebKit/605.1.15 (KHTML, like Gecko) Version/16.2 Mobile/15E148 Safari/604.1" "www.metrocrimedaily.com"
68.46.158.114 - - [21/Jan/2023:21:47:42 -0800] "GET /instagram-detroit/01-13-2023-1735463-Inkster-police-arrest-man-wanted-for-several-murd.txt HTTP/1.1" 200 1102 "http://www.metrocrimedaily.com/instagram-detroit/" "Mozilla/5.0 (iPhone; CPU iPhone OS 16_2 like Mac OS X) AppleWebKit/605.1.15 (KHTML, like Gecko) Version/16.2 Mobile/15E148 Safari/604.1" "www.metrocrimedaily.com"
68.46.158.114 - - [21/Jan/2023:21:47:52 -0800] "GET /instagram-detroit/01-13-2023-1735464-A.jpg HTTP/1.1" 200 200579 "http://www.metrocrimedaily.com/instagram-detroit/" "Mozilla/5.0 (iPhone; CPU iPhone OS 16_2 like Mac OS X) AppleWebKit/605.1.15 (KHTML, like Gecko) Version/16.2 Mobile/15E148 Safari/604.1" "www.metrocrimedaily.com"
68.46.158.114 - - [21/Jan/2023:21:47:51 -0800] "GET /instagram-detroit/ HTTP/1.1" 200 10340 "-" "Mozilla/5.0 (iPhone; CPU iPhone OS 16_2 like Mac OS X) AppleWebKit/605.1.15 (KHTML, like Gecko) Version/16.2 Mobile/15E148 Safari/604.1" "www.metrocrimedaily.com"
68.46.158.114 - - [21/Jan/2023:21:47:52 -0800] "GET /apple-touch-icon-120x120-precomposed.png HTTP/1.1" 404 88 "-" "MobileSafari/8614.3.7.0.6 CFNetwork/1402.0.8 Darwin/22.2.0" "www.metrocrimedaily.com"
68.46.158.114 - - [21/Jan/2023:21:47:52 -0800] "GET /apple-touch-icon-120x120.png HTTP/1.1" 404 88 "-" "MobileSafari/8614.3.7.0.6 CFNetwork/1402.0.8 Darwin/22.2.0" "www.metrocrimedaily.com"
68.46.158.114 - - [21/Jan/2023:21:47:53 -0800] "GET /apple-touch-icon-precomposed.png HTTP/1.1" 404 88 "-" "MobileSafari/8614.3.7.0.6 CFNetwork/1402.0.8 Darwin/22.2.0" "www.metrocrimedaily.com"
68.46.158.114 - - [21/Jan/2023:21:47:53 -0800] "GET /apple-touch-icon.png HTTP/1.1" 404 88 "-" "MobileSafari/8614.3.7.0.6 CFNetwork/1402.0.8 Darwin/22.2.0" "www.metrocrimedaily.com"
68.46.158.114 - - [21/Jan/2023:21:48:06 -0800] "GET /instagram-detroit/01-13-2023-1735464-Starkman--GM-CEO-Mary-Barra-s-Killer-EV-Hummer-.txt HTTP/1.1" 200 1158 "http://www.metrocrimedaily.com/instagram-detroit/" "Mozilla/5.0 (iPhone; CPU iPhone OS 16_2 like Mac OS X) AppleWebKit/605.1.15 (KHTML, like Gecko) Version/16.2 Mobile/15E148 Safari/604.1" "www.metrocrimedaily.com"
68.46.158.114 - - [21/Jan/2023:21:48:10 -0800] "GET /instagram-detroit/01-13-2023-1944261-Feds--Man-tried-to-buy-guns-before-threatening-pa.txt HTTP/1.1" 200 1083 "http://www.metrocrimedaily.com/instagram-detroit/" "Mozilla/5.0 (iPhone; CPU iPhone OS 16_2 like Mac OS X) AppleWebKit/605.1.15 (KHTML, like Gecko) Version/16.2 Mobile/15E148 Safari/604.1" "www.metrocrimedaily.com"
68.46.158.114 - - [21/Jan/2023:21:48:25 -0800] "GET /instagram-detroit/01-13-2023-1944261-A.jpg HTTP/1.1" 200 207423 "http://www.metrocrimedaily.com/instagram-detroit/" "Mozilla/5.0 (iPhone; CPU iPhone OS 16_2 like Mac OS X) AppleWebKit/605.1.15 (KHTML, like Gecko) Version/16.2 Mobile/15E148 Safari/604.1" "www.metrocrimedaily.com"
68.46.158.114 - - [21/Jan/2023:21:48:29 -0800] "GET /instagram-detroit/01-13-2023-1944262-A.jpg HTTP/1.1" 200 53407 "http://www.metrocrimedaily.com/instagram-detroit/" "Mozilla/5.0 (iPhone; CPU iPhone OS 16_2 like Mac OS X) AppleWebKit/605.1.15 (KHTML, like Gecko) Version/16.2 Mobile/15E148 Safari/604.1" "www.metrocrimedaily.com"
68.46.158.114 - - [21/Jan/2023:21:48:34 -0800] "GET /instagram-detroit/01-13-2023-1944262-Pardon-ends-Meek-Mill-s-legal-odyssey-on-drug--gu.txt HTTP/1.1" 200 843 "http://www.metrocrimedaily.com/instagram-detroit/" "Mozilla/5.0 (iPhone; CPU iPhone OS 16_2 like Mac OS X) AppleWebKit/605.1.15 (KHTML, like Gecko) Version/16.2 Mobile/15E148 Safari/604.1" "www.metrocrimedaily.com"
68.46.158.114 - - [21/Jan/2023:21:48:38 -0800] "GET /instagram-detroit/01-13-2023-1944264-A.jpg HTTP/1.1" 200 62303 "http://www.metrocrimedaily.com/instagram-detroit/" "Mozilla/5.0 (iPhone; CPU iPhone OS 16_2 like Mac OS X) AppleWebKit/605.1.15 (KHTML, like Gecko) Version/16.2 Mobile/15E148 Safari/604.1" "www.metrocrimedaily.com"
68.46.158.114 - - [21/Jan/2023:21:48:45 -0800] "GET /instagram-detroit/01-13-2023-1944266-A.jpg HTTP/1.1" 200 60503 "http://www.metrocrimedaily.com/instagram-detroit/" "Mozilla/5.0 (iPhone; CPU iPhone OS 16_2 like Mac OS X) AppleWebKit/605.1.15 (KHTML, like Gecko) Version/16.2 Mobile/15E148 Safari/604.1" "www.metrocrimedaily.com"
68.46.158.114 - - [21/Jan/2023:21:48:53 -0800] "GET /instagram-detroit/01-15-2023-0938081-A.jpg HTTP/1.1" 200 64047 "http://www.metrocrimedaily.com/instagram-detroit/" "Mozilla/5.0 (iPhone; CPU iPhone OS 16_2 like Mac OS X) AppleWebKit/605.1.15 (KHTML, like Gecko) Version/16.2 Mobile/15E148 Safari/604.1" "www.metrocrimedaily.com"
68.46.158.114 - - [21/Jan/2023:21:49:08 -0800] "GET /instagram-detroit/01-15-2023-0938081-Police--Armed-man-robbed-two-Detroit-stores-in-le.txt HTTP/1.1" 200 896 "http://www.metrocrimedaily.com/instagram-detroit/" "Mozilla/5.0 (iPhone; CPU iPhone OS 16_2 like Mac OS X) AppleWebKit/605.1.15 (KHTML, like Gecko) Version/16.2 Mobile/15E148 Safari/604.1" "www.metrocrimedaily.com"
68.46.158.114 - - [21/Jan/2023:21:49:24 -0800] "GET /instagram-detroit/01-15-2023-1104181-A.jpg HTTP/1.1" 200 76690 "http://www.metrocrimedaily.com/instagram-detroit/" "Mozilla/5.0 (iPhone; CPU iPhone OS 16_2 like Mac OS X) AppleWebKit/605.1.15 (KHTML, like Gecko) Version/16.2 Mobile/15E148 Safari/604.1" "www.metrocrimedaily.com"
68.46.158.114 - - [21/Jan/2023:21:49:28 -0800] "GET /instagram-detroit/01-15-2023-1104181-Detroit-police--suspect-who-robbed-CVS-on-city-s-.txt HTTP/1.1" 200 534 "http://www.metrocrimedaily.com/instagram-detroit/" "Mozilla/5.0 (iPhone; CPU iPhone OS 16_2 like Mac OS X) AppleWebKit/605.1.15 (KHTML, like Gecko) Version/16.2 Mobile/15E148 Safari/604.1" "www.metrocrimedaily.com"
68.46.158.114 - - [21/Jan/2023:21:49:40 -0800] "GET /instagram-detroit/01-15-2023-1104182-Kalamazoo-Public-Safety-officer-arrested-on-fraud.txt HTTP/1.1" 200 433 "http://www.metrocrimedaily.com/instagram-detroit/" "Mozilla/5.0 (iPhone; CPU iPhone OS 16_2 like Mac OS X) AppleWebKit/605.1.15 (KHTML, like Gecko) Version/16.2 Mobile/15E148 Safari/604.1" "www.metrocrimedaily.com"
68.46.158.114 - - [21/Jan/2023:21:49:47 -0800] "GET /instagram-detroit/01-15-2023-1104182-A.jpg HTTP/1.1" 200 60919 "http://www.metrocrimedaily.com/instagram-detroit/" "Mozilla/5.0 (iPhone; CPU iPhone OS 16_2 like Mac OS X) AppleWebKit/605.1.15 (KHTML, like Gecko) Version/16.2 Mobile/15E148 Safari/604.1" "www.metrocrimedaily.com"
68.46.158.114 - - [21/Jan/2023:21:49:50 -0800] "GET /instagram-detroit/01-15-2023-1104183-A.jpg HTTP/1.1" 200 86009 "http://www.metrocrimedaily.com/instagram-detroit/" "Mozilla/5.0 (iPhone; CPU iPhone OS 16_2 like Mac OS X) AppleWebKit/605.1.15 (KHTML, like Gecko) Version/16.2 Mobile/15E148 Safari/604.1" "www.metrocrimedaily.com"
68.46.158.114 - - [21/Jan/2023:21:49:54 -0800] "GET /instagram-detroit/01-15-2023-1104183-Man-wanted-for-robbing-two-Detroit-dollar-stores-.txt HTTP/1.1" 200 719 "http://www.metrocrimedaily.com/instagram-detroit/" "Mozilla/5.0 (iPhone; CPU iPhone OS 16_2 like Mac OS X) AppleWebKit/605.1.15 (KHTML, like Gecko) Version/16.2 Mobile/15E148 Safari/604.1" "www.metrocrimedaily.com"
68.46.158.114 - - [21/Jan/2023:21:50:00 -0800] "GET /instagram-detroit/01-15-2023-1327391-A.jpg HTTP/1.1" 200 73172 "http://www.metrocrimedaily.com/instagram-detroit/" "Mozilla/5.0 (iPhone; CPU iPhone OS 16_2 like Mac OS X) AppleWebKit/605.1.15 (KHTML, like Gecko) Version/16.2 Mobile/15E148 Safari/604.1" "www.metrocrimedaily.com"
68.46.158.114 - - [21/Jan/2023:21:50:18 -0800] "GET /instagram-detroit/01-15-2023-1327391-Detroit-police-looking-for-3-suspects-with-connec.txt HTTP/1.1" 200 378 "http://www.metrocrimedaily.com/instagram-detroit/" "Mozilla/5.0 (iPhone; CPU iPhone OS 16_2 like Mac OS X) AppleWebKit/605.1.15 (KHTML, like Gecko) Version/16.2 Mobile/15E148 Safari/604.1" "www.metrocrimedaily.com"
68.46.158.114 - - [21/Jan/2023:21:50:34 -0800] "GET /instagram-detroit/01-15-2023-1327392-WATCH--Suspects-jump-into-car-at-Detroit-gas-stat.txt HTTP/1.1" 200 613 "http://www.metrocrimedaily.com/instagram-detroit/" "Mozilla/5.0 (iPhone; CPU iPhone OS 16_2 like Mac OS X) AppleWebKit/605.1.15 (KHTML, like Gecko) Version/16.2 Mobile/15E148 Safari/604.1" "www.metrocrimedaily.com"
68.46.158.114 - - [21/Jan/2023:21:50:44 -0800] "GET /instagram-detroit/01-15-2023-1327393-A.jpg HTTP/1.1" 200 98743 "http://www.metrocrimedaily.com/instagram-detroit/" "Mozilla/5.0 (iPhone; CPU iPhone OS 16_2 like Mac OS X) AppleWebKit/605.1.15 (KHTML, like Gecko) Version/16.2 Mobile/15E148 Safari/604.1" "www.metrocrimedaily.com"
68.46.158.114 - - [21/Jan/2023:21:50:48 -0800] "GET /instagram-detroit/01-15-2023-1327394-68-dead--4-missing-after-plane-crashes-in-Nepal-r.txt HTTP/1.1" 200 1128 "http://www.metrocrimedaily.com/instagram-detroit/" "Mozilla/5.0 (iPhone; CPU iPhone OS 16_2 like Mac OS X) AppleWebKit/605.1.15 (KHTML, like Gecko) Version/16.2 Mobile/15E148 Safari/604.1" "www.metrocrimedaily.com"
68.46.158.114 - - [21/Jan/2023:21:50:57 -0800] "GET /instagram-detroit/01-15-2023-1327395-A.jpg HTTP/1.1" 200 76432 "http://www.metrocrimedaily.com/instagram-detroit/" "Mozilla/5.0 (iPhone; CPU iPhone OS 16_2 like Mac OS X) AppleWebKit/605.1.15 (KHTML, like Gecko) Version/16.2 Mobile/15E148 Safari/604.1" "www.metrocrimedaily.com"
68.46.158.114 - - [21/Jan/2023:21:51:04 -0800] "GET / HTTP/1.1" 200 1649 "-" "Mozilla/5.0 (iPhone; CPU iPhone OS 16_2 like Mac OS X) AppleWebKit/605.1.15 (KHTML, like Gecko) Version/16.2 Mobile/15E148 Safari/604.1" "www.metrocrimedaily.com"
68.46.158.114 - - [21/Jan/2023:21:51:07 -0800] "GET / HTTP/1.1" 200 1649 "-" "Mozilla/5.0 (iPhone; CPU iPhone OS 16_2 like Mac OS X) AppleWebKit/605.1.15 (KHTML, like Gecko) Version/16.2 Mobile/15E148 Safari/604.1" "www.metrocrimedaily.com"
69.63.184.119 - - [21/Jan/2023:22:21:36 -0800] "GET /instagram-houston/01-22-2023-0021171-A.jpg HTTP/1.1" 404 88 "-" "facebookexternalhit/1.1 (+http://www.facebook.com/externalhit_uatext.php)" "www.metrocrimedaily.com"
5.252.229.156 - - [21/Jan/2023:22:39:20 -0800] "GET /wp-login.php HTTP/1.1" 404 88 "" "Mozilla/5.0 (Windows NT 10.0; Win64; x64; rv:108.0) Gecko/20100101 Firefox/108.0" "metrocrimedaily.com"
54.36.148.238 - - [21/Jan/2023:22:50:55 -0800] "GET /robots.txt HTTP/1.1" 404 88 "-" "Mozilla/5.0 (compatible; AhrefsBot/7.0; +http://ahrefs.com/robot/)" "metrocrimedaily.com"
51.222.253.19 - - [21/Jan/2023:22:50:57 -0800] "GET / HTTP/1.1" 200 1649 "-" "Mozilla/5.0 (compatible; AhrefsBot/7.0; +http://ahrefs.com/robot/)" "metrocrimedaily.com"
66.249.70.134 - - [21/Jan/2023:22:58:55 -0800] "GET /ads.txt HTTP/1.1" 404 88 "-" "Mozilla/5.0 (compatible; Googlebot/2.1; +http://www.google.com/bot.html)" "metrocrimedaily.com"
86.48.26.198 - - [21/Jan/2023:23:05:18 -0800] "GET /wp-login.php HTTP/1.1" 404 88 "" "Mozilla/5.0 (Windows NT 10.0; Win64; x64; rv:108.0) Gecko/20100101 Firefox/108.0" "metrocrimedaily.com"
1.15.139.122 - - [21/Jan/2023:23:22:47 -0800] "GET /wp-login.php HTTP/1.1" 404 88 "" "Mozilla/5.0 (Windows NT 10.0; Win64; x64; rv:108.0) Gecko/20100101 Firefox/108.0" "metrocrimedaily.com"
61.147.15.67 - - [21/Jan/2023:23:28:08 -0800] "GET / HTTP/1.1" 200 1649 "-" "Mozilla/5.0 (Linux; U; Android 7.1.1; zh-cn; PRO 6 Build/NMF26O) AppleWebKit/537.36 (KHTML, like Gecko) Version/4.0 Chrome/57.0.2987.132 MQQBrowser/8.5 Mobile Safari/537.36" "metrocrimedaily.com"
61.147.15.65 - - [21/Jan/2023:23:28:38 -0800] "GET / HTTP/1.1" 200 1649 "-" "Dalvik/2.1.0 (Linux; U; Android 9.0; ZTE BA520 Build/MRA58K)" "metrocrimedaily.com"
61.147.15.65 - - [21/Jan/2023:23:28:38 -0800] "GET / HTTP/1.1" 200 1649 "-" "Mozilla/5.0 (Macintosh; Intel Mac OS X 10_11) AppleWebKit/601.1.27 (KHTML, like Gecko) Chrome/47.0.2526.106 Safari/601.1.27" "metrocrimedaily.com"
61.147.15.67 - - [21/Jan/2023:23:28:40 -0800] "GET / HTTP/1.1" 200 1649 "-" "Mozilla/5.0 (Linux; Android 7.0; Redmi Note 4X Build/NRD90M; wv) AppleWebKit/537.36 (KHTML, like Gecko) Version/4.0 Chrome/57.0.2987.132 MQQBrowser/6.2 TBS/044028 Mobile Safari/537.36 MicroMessenger/6.6.6.1300(0x26060634) NetType/WIFI Language/zh_CN" "metrocrimedaily.com"
61.147.15.67 - - [21/Jan/2023:23:28:42 -0800] "GET /favicon.ico HTTP/1.1" 404 88 "-" "Dalvik/2.1.0 (Linux; U; Android 9.0; ZTE BA520 Build/MRA58K)" "metrocrimedaily.com"
61.147.15.65 - - [21/Jan/2023:23:28:59 -0800] "GET / HTTP/1.1" 200 1649 "-" "Dalvik/2.1.0 (Linux; U; Android 9.0; ZTE BA520 Build/MRA58K)" "metrocrimedaily.com"
69.63.184.117 - - [21/Jan/2023:23:36:33 -0800] "GET /instagram-houston/01-22-2023-0136111-A.jpg HTTP/1.1" 404 88 "-" "facebookexternalhit/1.1 (+http://www.facebook.com/externalhit_uatext.php)" "www.metrocrimedaily.com"
60.249.139.110 - - [21/Jan/2023:23:42:54 -0800] "GET /1998/license.txt HTTP/1.1" 404 88 "-" "Mozilla/5.0 (X11; Ubuntu; Linux x86_64; rv:62.0) Gecko/20100101 Firefox/62.0" "metrocrimedaily.com"
69.63.184.117 - - [21/Jan/2023:23:46:21 -0800] "GET /instagram-losangeles/01-22-2023-0146031-A.jpg HTTP/1.1" 404 88 "-" "facebookexternalhit/1.1 (+http://www.facebook.com/externalhit_uatext.php)" "www.metrocrimedaily.com"
207.46.13.124 - - [21/Jan/2023:23:48:52 -0800] "GET /instagram-dallas/12-21-2022-0933271-Man-killed-in-possible-road-rage-shooting--Mesqui.txt HTTP/1.1" 404 88 "-" "Mozilla/5.0 AppleWebKit/537.36 (KHTML, like Gecko; compatible; bingbot/2.0; +http://www.bing.com/bingbot.htm) Chrome/103.0.5060.134 Safari/537.36" "www.metrocrimedaily.com"
103.146.203.123 - - [22/Jan/2023:00:07:00 -0800] "GET /wp-login.php HTTP/1.1" 404 88 "" "Mozilla/5.0 (Windows NT 10.0; Win64; x64; rv:108.0) Gecko/20100101 Firefox/108.0" "metrocrimedaily.com"
18.139.183.91 - - [22/Jan/2023:00:59:38 -0800] "GET /wp-login.php HTTP/1.1" 404 88 "" "Mozilla/5.0 (Windows NT 10.0; Win64; x64; rv:108.0) Gecko/20100101 Firefox/108.0" "metrocrimedaily.com"
103.28.53.179 - - [22/Jan/2023:01:00:20 -0800] "GET /wp-login.php HTTP/1.1" 404 88 "" "Mozilla/5.0 (Windows NT 10.0; Win64; x64; rv:108.0) Gecko/20100101 Firefox/108.0" "metrocrimedaily.com"
69.137.218.27 - - [22/Jan/2023:01:00:50 -0800] "GET / HTTP/1.1" 200 1649 "https://www.google.com/url?q=http://www.metrocrimedaily.com/&sa=U&ved=2ahUKEwi39uKZ6Nr8AhXzkIkEHUcRC14QFnoECAIQAQ&usg=AOvVaw2-WnLS3EWqyKN9wcd-8eic" "Mozilla/5.0 (iPhone; CPU iPhone OS 16_2 like Mac OS X) AppleWebKit/605.1.15 (KHTML, like Gecko) GSA/247.0.501893814 Mobile/15E148 Safari/604.1" "www.metrocrimedaily.com"
40.77.167.54 - - [22/Jan/2023:01:08:24 -0800] "GET /instagram-dallas/12-24-2022-1944481-5-Arrested-in-Fatal-Shooting-of-19-Year-Old-in-Ma.txt HTTP/1.1" 404 88 "-" "Mozilla/5.0 (compatible; bingbot/2.0; +http://www.bing.com/bingbot.htm)" "www.metrocrimedaily.com"
172.58.122.27 - - [22/Jan/2023:01:11:37 -0800] "GET / HTTP/1.1" 200 1649 "https://www.google.com/url?q=http://www.metrocrimedaily.com/&sa=U&sqi=2&ved=2ahUKEwj6mMzX6tr8AhXrk4kEHUCxCaYQFnoECAUQAQ&usg=AOvVaw2tS8-s69lByN99AYCts0Tw" "Mozilla/5.0 (iPhone; CPU iPhone OS 16_1 like Mac OS X) AppleWebKit/605.1.15 (KHTML, like Gecko) GSA/242.1.493995244 Mobile/15E148 Safari/604.1" "www.metrocrimedaily.com"
179.43.190.234 - - [22/Jan/2023:01:28:37 -0800] "GET /wp-login.php HTTP/1.1" 404 88 "" "Mozilla/5.0 (Windows NT 10.0; Win64; x64; rv:108.0) Gecko/20100101 Firefox/108.0" "metrocrimedaily.com"
54.36.148.79 - - [22/Jan/2023:01:28:46 -0800] "GET /robots.txt HTTP/1.1" 404 88 "-" "Mozilla/5.0 (compatible; AhrefsBot/7.0; +http://ahrefs.com/robot/)" "www.metrocrimedaily.com"
51.222.253.4 - - [22/Jan/2023:01:28:48 -0800] "GET / HTTP/1.1" 200 1649 "-" "Mozilla/5.0 (compatible; AhrefsBot/7.0; +http://ahrefs.com/robot/)" "www.metrocrimedaily.com"
68.49.248.146 - - [22/Jan/2023:01:30:21 -0800] "GET /styles-mcd.css HTTP/1.1" 200 1159 "-" "Mozilla/5.0 (Linux; Android 12; SM-A135U) AppleWebKit/537.36 (KHTML, like Gecko) Chrome/108.0.0.0 Mobile Safari/537.36" "www.metrocrimedaily.com"
68.49.248.146 - - [22/Jan/2023:01:30:21 -0800] "GET / HTTP/1.1" 200 1649 "https://www.google.com/" "Mozilla/5.0 (Linux; Android 12; SM-A135U) AppleWebKit/537.36 (KHTML, like Gecko) Chrome/108.0.0.0 Mobile Safari/537.36" "www.metrocrimedaily.com"
68.49.248.146 - - [22/Jan/2023:01:30:22 -0800] "GET /favicon.ico HTTP/1.1" 404 88 "http://www.metrocrimedaily.com/" "Mozilla/5.0 (Linux; Android 12; SM-A135U) AppleWebKit/537.36 (KHTML, like Gecko) Chrome/108.0.0.0 Mobile Safari/537.36" "www.metrocrimedaily.com"
69.63.184.120 - - [22/Jan/2023:01:42:52 -0800] "GET /instagram-dallas/01-22-2023-0342281-A.jpg HTTP/1.1" 404 88 "-" "facebookexternalhit/1.1 (+http://www.facebook.com/externalhit_uatext.php)" "www.metrocrimedaily.com"
92.204.134.137 - - [22/Jan/2023:02:05:55 -0800] "GET /wp-login.php HTTP/1.1" 404 88 "" "Mozilla/5.0 (Windows NT 10.0; Win64; x64; rv:108.0) Gecko/20100101 Firefox/108.0" "metrocrimedaily.com"
207.46.13.106 - - [22/Jan/2023:02:09:57 -0800] "GET /instagram-chicago/12-20-2022-2125541-Third-Chicago-police-officer-death-within-a-week-.txt HTTP/1.1" 404 88 "-" "Mozilla/5.0 AppleWebKit/537.36 (KHTML, like Gecko; compatible; bingbot/2.0; +http://www.bing.com/bingbot.htm) Chrome/103.0.5060.134 Safari/537.36" "www.metrocrimedaily.com"
143.198.226.137 - - [22/Jan/2023:02:17:16 -0800] "GET /wp-login.php HTTP/1.1" 404 88 "" "Mozilla/5.0 (Windows NT 10.0; Win64; x64; rv:108.0) Gecko/20100101 Firefox/108.0" "metrocrimedaily.com"
51.79.180.244 - - [22/Jan/2023:02:22:09 -0800] "GET /wp-login.php HTTP/1.1" 404 88 "" "Mozilla/5.0 (Windows NT 10.0; Win64; x64; rv:108.0) Gecko/20100101 Firefox/108.0" "metrocrimedaily.com"
92.204.134.137 - - [22/Jan/2023:02:24:58 -0800] "GET /wp-login.php HTTP/1.1" 404 88 "" "Mozilla/5.0 (Windows NT 10.0; Win64; x64; rv:108.0) Gecko/20100101 Firefox/108.0" "metrocrimedaily.com"
69.63.184.118 - - [22/Jan/2023:02:45:52 -0800] "GET /instagram-houston/01-22-2023-0445331-A.jpg HTTP/1.1" 404 88 "-" "facebookexternalhit/1.1 (+http://www.facebook.com/externalhit_uatext.php)" "www.metrocrimedaily.com"
74.124.210.46 - - [22/Jan/2023:02:56:28 -0800] "GET /wp-login.php HTTP/1.1" 404 88 "" "Mozilla/5.0 (Windows NT 10.0; Win64; x64; rv:108.0) Gecko/20100101 Firefox/108.0" "metrocrimedaily.com"
107.122.241.87 - - [22/Jan/2023:02:56:39 -0800] "GET / HTTP/1.1" 200 1649 "https://www.google.com/" "Mozilla/5.0 (iPhone; CPU iPhone OS 16_1_1 like Mac OS X) AppleWebKit/605.1.15 (KHTML, like Gecko) Version/16.1 Mobile/15E148 Safari/604.1" "www.metrocrimedaily.com"
107.122.241.87 - - [22/Jan/2023:02:56:40 -0800] "GET /favicon.ico HTTP/1.1" 404 88 "http://www.metrocrimedaily.com/" "Mozilla/5.0 (iPhone; CPU iPhone OS 16_1_1 like Mac OS X) AppleWebKit/605.1.15 (KHTML, like Gecko) Version/16.1 Mobile/15E148 Safari/604.1" "www.metrocrimedaily.com"
69.63.184.5 - - [22/Jan/2023:03:00:26 -0800] "GET /instagram-atlanta/01-22-2023-0500051-A.jpg HTTP/1.1" 404 88 "-" "facebookexternalhit/1.1 (+http://www.facebook.com/externalhit_uatext.php)" "www.metrocrimedaily.com"
114.119.160.248 - - [22/Jan/2023:03:00:36 -0800] "GET /robots.txt HTTP/1.1" 404 88 "-" "Mozilla/5.0 (compatible;PetalBot;+https://webmaster.petalsearch.com/site/petalbot)" "metrocrimedaily.com"
157.55.39.152 - - [22/Jan/2023:03:02:30 -0800] "GET /instagram-dallas/12-21-2022-1322371-Aaron-Dean-transferred-to-TDCJ-facility-in-Huntsv.txt HTTP/1.1" 404 88 "-" "Mozilla/5.0 AppleWebKit/537.36 (KHTML, like Gecko; compatible; bingbot/2.0; +http://www.bing.com/bingbot.htm) Chrome/103.0.5060.134 Safari/537.36" "www.metrocrimedaily.com"
51.222.253.18 - - [22/Jan/2023:03:04:23 -0800] "GET /robots.txt HTTP/1.1" 404 88 "-" "Mozilla/5.0 (compatible; AhrefsBot/7.0; +http://ahrefs.com/robot/)" "metrocrimedaily.com"
51.222.253.10 - - [22/Jan/2023:03:04:28 -0800] "GET / HTTP/1.1" 200 1649 "-" "Mozilla/5.0 (compatible; AhrefsBot/7.0; +http://ahrefs.com/robot/)" "metrocrimedaily.com"
5.252.229.156 - - [22/Jan/2023:03:08:42 -0800] "GET /wp-login.php HTTP/1.1" 404 88 "" "Mozilla/5.0 (Windows NT 10.0; Win64; x64; rv:108.0) Gecko/20100101 Firefox/108.0" "metrocrimedaily.com"
195.178.106.145 - - [22/Jan/2023:03:10:13 -0800] "GET /wp-login.php HTTP/1.1" 404 88 "" "Mozilla/5.0 (Windows NT 10.0; Win64; x64; rv:108.0) Gecko/20100101 Firefox/108.0" "metrocrimedaily.com"
69.63.184.120 - - [22/Jan/2023:03:12:54 -0800] "GET /instagram-losangeles/01-22-2023-0512351-A.jpg HTTP/1.1" 404 88 "-" "facebookexternalhit/1.1 (+http://www.facebook.com/externalhit_uatext.php)" "www.metrocrimedaily.com"
51.222.253.2 - - [22/Jan/2023:03:17:10 -0800] "GET /index-atlanta.html HTTP/1.1" 200 149512 "-" "Mozilla/5.0 (compatible; AhrefsBot/7.0; +http://ahrefs.com/robot/)" "metrocrimedaily.com"
51.222.253.5 - - [22/Jan/2023:03:17:14 -0800] "GET /index-atlanta.html HTTP/1.1" 200 149512 "-" "Mozilla/5.0 (compatible; AhrefsBot/7.0; +http://ahrefs.com/robot/)" "metrocrimedaily.com"
51.222.253.14 - - [22/Jan/2023:03:17:15 -0800] "GET /images/crime-scene-banner-atlanta.jpg HTTP/1.1" 200 51934 "-" "Mozilla/5.0 (compatible; AhrefsBot/7.0; +http://ahrefs.com/robot/)" "metrocrimedaily.com"
62.109.4.125 - - [22/Jan/2023:03:19:18 -0800] "HEAD / HTTP/1.1" 200 - "-" "Mozilla/5.0 (X11; Linux i686; rv:9.0.1) Gecko/20100101 Firefox/9.0.1" "metrocrimedaily.com"
40.77.167.54 - - [22/Jan/2023:03:26:39 -0800] "GET /instagram-atlanta/12-24-2022-1043091-Man-shot-in-the-head--another-found-dead-at-Brook.txt HTTP/1.1" 404 88 "-" "Mozilla/5.0 AppleWebKit/537.36 (KHTML, like Gecko; compatible; bingbot/2.0; +http://www.bing.com/bingbot.htm) Chrome/103.0.5060.134 Safari/537.36" "www.metrocrimedaily.com"
3.108.135.52 - - [22/Jan/2023:03:28:48 -0800] "GET /wp-login.php HTTP/1.1" 404 88 "" "Mozilla/5.0 (Windows NT 10.0; Win64; x64; rv:108.0) Gecko/20100101 Firefox/108.0" "metrocrimedaily.com"
40.77.167.54 - - [22/Jan/2023:03:31:58 -0800] "GET /instagram-dallas/12-21-2022-1753262-27-year-old-man-shot--killed-in-alleged-road-rage.txt HTTP/1.1" 404 88 "-" "Mozilla/5.0 AppleWebKit/537.36 (KHTML, like Gecko; compatible; bingbot/2.0; +http://www.bing.com/bingbot.htm) Chrome/103.0.5060.134 Safari/537.36" "www.metrocrimedaily.com"
51.222.253.16 - - [22/Jan/2023:03:37:32 -0800] "GET /robots.txt HTTP/1.1" 404 88 "-" "Mozilla/5.0 (compatible; AhrefsBot/7.0; +http://ahrefs.com/robot/)" "www.metrocrimedaily.com"
51.222.253.10 - - [22/Jan/2023:03:37:34 -0800] "GET / HTTP/1.1" 200 1649 "-" "Mozilla/5.0 (compatible; AhrefsBot/7.0; +http://ahrefs.com/robot/)" "www.metrocrimedaily.com"
207.46.13.124 - - [22/Jan/2023:03:37:43 -0800] "GET /instagram-atlanta/12-24-2022-1440391-Here-are-the-most-common-Facebook-Marketplace-hol.txt HTTP/1.1" 404 88 "-" "Mozilla/5.0 AppleWebKit/537.36 (KHTML, like Gecko; compatible; bingbot/2.0; +http://www.bing.com/bingbot.htm) Chrome/103.0.5060.134 Safari/537.36" "www.metrocrimedaily.com"
150.109.60.184 - - [22/Jan/2023:03:38:23 -0800] "GET /wp-login.php HTTP/1.1" 404 88 "" "Mozilla/5.0 (Windows NT 10.0; Win64; x64; rv:108.0) Gecko/20100101 Firefox/108.0" "metrocrimedaily.com"
171.244.17.89 - - [22/Jan/2023:03:45:26 -0800] "GET /wp-login.php HTTP/1.1" 404 88 "" "Mozilla/5.0 (Windows NT 10.0; Win64; x64; rv:108.0) Gecko/20100101 Firefox/108.0" "metrocrimedaily.com"
114.119.132.211 - - [22/Jan/2023:03:46:19 -0800] "GET /gov-svc-detroit.html HTTP/1.1" 200 2125 "https://metrocrimedaily.com/index.html" "Mozilla/5.0 (Linux; Android 7.0;) AppleWebKit/537.36 (KHTML, like Gecko) Mobile Safari/537.36 (compatible; PetalBot;+https://webmaster.petalsearch.com/site/petalbot)" "metrocrimedaily.com"
178.238.24.210 - - [22/Jan/2023:03:48:13 -0800] "GET /1999/license.txt HTTP/1.1" 404 88 "-" "Mozilla/5.0 (X11; Ubuntu; Linux x86_64; rv:62.0) Gecko/20100101 Firefox/62.0" "metrocrimedaily.com"
69.63.184.5 - - [22/Jan/2023:03:48:21 -0800] "GET /instagram-losangeles/01-22-2023-0548031-A.jpg HTTP/1.1" 404 88 "-" "facebookexternalhit/1.1 (+http://www.facebook.com/externalhit_uatext.php)" "www.metrocrimedaily.com"
143.244.132.153 - - [22/Jan/2023:03:49:15 -0800] "GET /wp-login.php HTTP/1.1" 404 88 "" "Mozilla/5.0 (Windows NT 10.0; Win64; x64; rv:108.0) Gecko/20100101 Firefox/108.0" "metrocrimedaily.com"
51.222.253.15 - - [22/Jan/2023:03:49:36 -0800] "GET /?C=D;O=A HTTP/1.1" 200 1649 "-" "Mozilla/5.0 (compatible; AhrefsBot/7.0; +http://ahrefs.com/robot/)" "metrocrimedaily.com"
69.63.184.117 - - [22/Jan/2023:03:50:40 -0800] "GET /instagram-memphis/01-22-2023-0550221-A.jpg HTTP/1.1" 404 88 "-" "facebookexternalhit/1.1 (+http://www.facebook.com/externalhit_uatext.php)" "www.metrocrimedaily.com"
209.188.7.148 - - [22/Jan/2023:03:51:37 -0800] "GET /wp-login.php HTTP/1.1" 404 88 "" "Mozilla/5.0 (Windows NT 10.0; Win64; x64; rv:108.0) Gecko/20100101 Firefox/108.0" "metrocrimedaily.com"
69.63.184.119 - - [22/Jan/2023:03:52:41 -0800] "GET /instagram-dallas/01-22-2023-0552201-A.jpg HTTP/1.1" 404 88 "-" "facebookexternalhit/1.1 (+http://www.facebook.com/externalhit_uatext.php)" "www.metrocrimedaily.com"
69.63.184.119 - - [22/Jan/2023:03:54:52 -0800] "GET /instagram-chicago/01-22-2023-0554311-A.jpg HTTP/1.1" 404 88 "-" "facebookexternalhit/1.1 (+http://www.facebook.com/externalhit_uatext.php)" "www.metrocrimedaily.com"
51.222.253.17 - - [22/Jan/2023:03:55:39 -0800] "GET /index-dallas.html HTTP/1.1" 200 120223 "-" "Mozilla/5.0 (compatible; AhrefsBot/7.0; +http://ahrefs.com/robot/)" "metrocrimedaily.com"
51.222.253.17 - - [22/Jan/2023:03:55:47 -0800] "GET /images/crime-scene-dallas-banner.jpg HTTP/1.1" 200 39594 "-" "Mozilla/5.0 (compatible; AhrefsBot/7.0; +http://ahrefs.com/robot/)" "metrocrimedaily.com"
51.222.253.12 - - [22/Jan/2023:03:55:48 -0800] "GET /index-dallas.html HTTP/1.1" 200 120223 "-" "Mozilla/5.0 (compatible; AhrefsBot/7.0; +http://ahrefs.com/robot/)" "metrocrimedaily.com"
107.6.150.132 - - [22/Jan/2023:03:59:35 -0800] "GET /wp-login.php HTTP/1.1" 404 88 "" "Mozilla/5.0 (Windows NT 10.0; Win64; x64; rv:108.0) Gecko/20100101 Firefox/108.0" "metrocrimedaily.com"
103.74.121.5 - - [22/Jan/2023:04:00:24 -0800] "GET /wp-login.php HTTP/1.1" 404 88 "" "Mozilla/5.0 (Windows NT 10.0; Win64; x64; rv:108.0) Gecko/20100101 Firefox/108.0" "metrocrimedaily.com"
51.222.253.7 - - [22/Jan/2023:04:02:16 -0800] "GET /index-houston.html HTTP/1.1" 200 215759 "-" "Mozilla/5.0 (compatible; AhrefsBot/7.0; +http://ahrefs.com/robot/)" "metrocrimedaily.com"
51.222.253.2 - - [22/Jan/2023:04:02:27 -0800] "GET /images/crime-scene-banner-houston.jpg HTTP/1.1" 404 88 "-" "Mozilla/5.0 (compatible; AhrefsBot/7.0; +http://ahrefs.com/robot/)" "metrocrimedaily.com"
51.222.253.15 - - [22/Jan/2023:04:02:27 -0800] "GET /index-houston.html HTTP/1.1" 200 215759 "-" "Mozilla/5.0 (compatible; AhrefsBot/7.0; +http://ahrefs.com/robot/)" "metrocrimedaily.com"
51.222.253.3 - - [22/Jan/2023:04:05:25 -0800] "GET /index-chicago.html HTTP/1.1" 200 115084 "-" "Mozilla/5.0 (compatible; AhrefsBot/7.0; +http://ahrefs.com/robot/)" "metrocrimedaily.com"
51.222.253.7 - - [22/Jan/2023:04:05:31 -0800] "GET /images/crime-scene-chicago-banner.jpg HTTP/1.1" 200 50989 "-" "Mozilla/5.0 (compatible; AhrefsBot/7.0; +http://ahrefs.com/robot/)" "metrocrimedaily.com"
51.222.253.11 - - [22/Jan/2023:04:05:32 -0800] "GET /index-chicago.html HTTP/1.1" 200 115084 "-" "Mozilla/5.0 (compatible; AhrefsBot/7.0; +http://ahrefs.com/robot/)" "metrocrimedaily.com"
18.213.142.178 - - [22/Jan/2023:04:05:49 -0800] "GET /wp-login.php HTTP/1.1" 404 88 "" "Mozilla/5.0 (Windows NT 10.0; Win64; x64; rv:108.0) Gecko/20100101 Firefox/108.0" "metrocrimedaily.com"
51.222.253.13 - - [22/Jan/2023:04:08:30 -0800] "GET /index-tim.html HTTP/1.1" 200 14909 "-" "Mozilla/5.0 (compatible; AhrefsBot/7.0; +http://ahrefs.com/robot/)" "metrocrimedaily.com"
51.222.253.17 - - [22/Jan/2023:04:10:05 -0800] "GET /images/ HTTP/1.1" 200 943 "-" "Mozilla/5.0 (compatible; AhrefsBot/7.0; +http://ahrefs.com/robot/)" "metrocrimedaily.com"
51.222.253.19 - - [22/Jan/2023:04:10:50 -0800] "GET /post-mcd-stories.html HTTP/1.1" 200 6538 "-" "Mozilla/5.0 (compatible; AhrefsBot/7.0; +http://ahrefs.com/robot/)" "metrocrimedaily.com"
51.222.253.13 - - [22/Jan/2023:04:11:37 -0800] "GET /backup-05-31-20/ HTTP/1.1" 200 544 "-" "Mozilla/5.0 (compatible; AhrefsBot/7.0; +http://ahrefs.com/robot/)" "metrocrimedaily.com"
51.222.253.12 - - [22/Jan/2023:04:12:24 -0800] "GET /music/ HTTP/1.1" 200 663 "-" "Mozilla/5.0 (compatible; AhrefsBot/7.0; +http://ahrefs.com/robot/)" "metrocrimedaily.com"
51.222.253.4 - - [22/Jan/2023:04:13:04 -0800] "GET /index-pms-oldway.html HTTP/1.1" 200 1246 "-" "Mozilla/5.0 (compatible; AhrefsBot/7.0; +http://ahrefs.com/robot/)" "metrocrimedaily.com"
51.222.253.19 - - [22/Jan/2023:04:13:49 -0800] "GET /index-mcd-master.html HTTP/1.1" 200 1171 "-" "Mozilla/5.0 (compatible; AhrefsBot/7.0; +http://ahrefs.com/robot/)" "metrocrimedaily.com"
51.222.253.6 - - [22/Jan/2023:04:13:52 -0800] "GET /images/mcd-blog.jpg HTTP/1.1" 200 5239 "-" "Mozilla/5.0 (compatible; AhrefsBot/7.0; +http://ahrefs.com/robot/)" "metrocrimedaily.com"
51.222.253.1 - - [22/Jan/2023:04:13:53 -0800] "GET /images/houston-harris-county.jpg HTTP/1.1" 200 8893 "-" "Mozilla/5.0 (compatible; AhrefsBot/7.0; +http://ahrefs.com/robot/)" "metrocrimedaily.com"
51.222.253.12 - - [22/Jan/2023:04:13:53 -0800] "GET /images/new-orleans-orleans-parish.jpg HTTP/1.1" 200 9641 "-" "Mozilla/5.0 (compatible; AhrefsBot/7.0; +http://ahrefs.com/robot/)" "metrocrimedaily.com"
51.222.253.4 - - [22/Jan/2023:04:13:54 -0800] "GET /images/dallas-dallas-county.jpg HTTP/1.1" 200 8819 "-" "Mozilla/5.0 (compatible; AhrefsBot/7.0; +http://ahrefs.com/robot/)" "metrocrimedaily.com"
51.222.253.5 - - [22/Jan/2023:04:13:54 -0800] "GET /images/chicago-cook-county.jpg HTTP/1.1" 200 8416 "-" "Mozilla/5.0 (compatible; AhrefsBot/7.0; +http://ahrefs.com/robot/)" "metrocrimedaily.com"
51.222.253.16 - - [22/Jan/2023:04:13:54 -0800] "GET /images/crime-scene.jpg HTTP/1.1" 200 15225 "-" "Mozilla/5.0 (compatible; AhrefsBot/7.0; +http://ahrefs.com/robot/)" "metrocrimedaily.com"
51.222.253.6 - - [22/Jan/2023:04:13:55 -0800] "GET /images/do-not-cross.jpg HTTP/1.1" 200 17417 "-" "Mozilla/5.0 (compatible; AhrefsBot/7.0; +http://ahrefs.com/robot/)" "metrocrimedaily.com"
51.222.253.5 - - [22/Jan/2023:04:13:55 -0800] "GET /images/atlanta-fulton-county.jpg HTTP/1.1" 200 7955 "-" "Mozilla/5.0 (compatible; AhrefsBot/7.0; +http://ahrefs.com/robot/)" "metrocrimedaily.com"
51.222.253.19 - - [22/Jan/2023:04:13:55 -0800] "GET /images/advertise-here.jpg HTTP/1.1" 200 9507 "-" "Mozilla/5.0 (compatible; AhrefsBot/7.0; +http://ahrefs.com/robot/)" "metrocrimedaily.com"
51.222.253.15 - - [22/Jan/2023:04:14:37 -0800] "GET /crime-watch-usa.html HTTP/1.1" 200 1081 "-" "Mozilla/5.0 (compatible; AhrefsBot/7.0; +http://ahrefs.com/robot/)" "metrocrimedaily.com"
51.222.253.14 - - [22/Jan/2023:04:15:20 -0800] "GET /installation/ HTTP/1.1" 200 314 "-" "Mozilla/5.0 (compatible; AhrefsBot/7.0; +http://ahrefs.com/robot/)" "metrocrimedaily.com"
51.222.253.12 - - [22/Jan/2023:04:16:06 -0800] "GET /videos/ HTTP/1.1" 200 312 "-" "Mozilla/5.0 (compatible; AhrefsBot/7.0; +http://ahrefs.com/robot/)" "metrocrimedaily.com"
51.222.253.16 - - [22/Jan/2023:04:16:52 -0800] "GET /main-menu.html HTTP/1.1" 200 897 "-" "Mozilla/5.0 (compatible; AhrefsBot/7.0; +http://ahrefs.com/robot/)" "metrocrimedaily.com"
51.222.253.11 - - [22/Jan/2023:04:17:37 -0800] "GET /mcd-epilog.html HTTP/1.1" 200 435 "-" "Mozilla/5.0 (compatible; AhrefsBot/7.0; +http://ahrefs.com/robot/)" "metrocrimedaily.com"
51.222.253.7 - - [22/Jan/2023:04:18:24 -0800] "GET /mcd-prolog.html HTTP/1.1" 200 829 "-" "Mozilla/5.0 (compatible; AhrefsBot/7.0; +http://ahrefs.com/robot/)" "metrocrimedaily.com"
51.222.253.16 - - [22/Jan/2023:04:19:11 -0800] "GET /social-media-menu.html HTTP/1.1" 200 554 "-" "Mozilla/5.0 (compatible; AhrefsBot/7.0; +http://ahrefs.com/robot/)" "metrocrimedaily.com"
51.222.253.13 - - [22/Jan/2023:04:19:14 -0800] "GET /styles-links.css HTTP/1.1" 200 369 "-" "Mozilla/5.0 (compatible; AhrefsBot/7.0; +http://ahrefs.com/robot/)" "metrocrimedaily.com"
51.222.253.13 - - [22/Jan/2023:04:19:15 -0800] "GET /styles.css HTTP/1.1" 404 88 "-" "Mozilla/5.0 (compatible; AhrefsBot/7.0; +http://ahrefs.com/robot/)" "metrocrimedaily.com"
51.222.253.8 - - [22/Jan/2023:04:19:54 -0800] "GET /post-story-old.html HTTP/1.1" 200 913 "-" "Mozilla/5.0 (compatible; AhrefsBot/7.0; +http://ahrefs.com/robot/)" "metrocrimedaily.com"
51.222.253.16 - - [22/Jan/2023:04:20:41 -0800] "GET /index-mcd-udc.html HTTP/1.1" 200 801 "-" "Mozilla/5.0 (compatible; AhrefsBot/7.0; +http://ahrefs.com/robot/)" "metrocrimedaily.com"
51.222.253.19 - - [22/Jan/2023:04:20:44 -0800] "GET /images/back-drop.jpg HTTP/1.1" 200 39594 "-" "Mozilla/5.0 (compatible; AhrefsBot/7.0; +http://ahrefs.com/robot/)" "metrocrimedaily.com"
51.222.253.3 - - [22/Jan/2023:04:21:43 -0800] "GET /index-yh-udc.html HTTP/1.1" 200 535 "-" "Mozilla/5.0 (compatible; AhrefsBot/7.0; +http://ahrefs.com/robot/)" "metrocrimedaily.com"
51.222.253.10 - - [22/Jan/2023:04:22:31 -0800] "GET /index-prototype.html HTTP/1.1" 200 156 "-" "Mozilla/5.0 (compatible; AhrefsBot/7.0; +http://ahrefs.com/robot/)" "metrocrimedaily.com"
51.222.253.3 - - [22/Jan/2023:04:23:21 -0800] "GET /mcd-calculate-how-long-ago.html HTTP/1.1" 200 643 "-" "Mozilla/5.0 (compatible; AhrefsBot/7.0; +http://ahrefs.com/robot/)" "metrocrimedaily.com"
51.222.253.6 - - [22/Jan/2023:04:23:56 -0800] "GET /confirmation.htm HTTP/1.1" 200 936 "-" "Mozilla/5.0 (compatible; AhrefsBot/7.0; +http://ahrefs.com/robot/)" "metrocrimedaily.com"
69.63.184.3 - - [22/Jan/2023:04:24:02 -0800] "GET /instagram-losangeles/01-22-2023-0623411-A.jpg HTTP/1.1" 404 88 "-" "facebookexternalhit/1.1 (+http://www.facebook.com/externalhit_uatext.php)" "www.metrocrimedaily.com"
51.222.253.19 - - [22/Jan/2023:04:25:01 -0800] "GET /cw-privacy-policy.html HTTP/1.1" 200 2305 "-" "Mozilla/5.0 (compatible; AhrefsBot/7.0; +http://ahrefs.com/robot/)" "metrocrimedaily.com"
51.222.253.11 - - [22/Jan/2023:04:25:03 -0800] "GET /images/crime-watch.JPG HTTP/1.1" 200 150414 "-" "Mozilla/5.0 (compatible; AhrefsBot/7.0; +http://ahrefs.com/robot/)" "metrocrimedaily.com"
51.222.253.18 - - [22/Jan/2023:04:25:04 -0800] "GET /styles-2b1.css HTTP/1.1" 404 88 "-" "Mozilla/5.0 (compatible; AhrefsBot/7.0; +http://ahrefs.com/robot/)" "metrocrimedaily.com"
51.222.253.16 - - [22/Jan/2023:04:25:53 -0800] "GET /index-post-mcd-stories.html HTTP/1.1" 200 648 "-" "Mozilla/5.0 (compatible; AhrefsBot/7.0; +http://ahrefs.com/robot/)" "metrocrimedaily.com"
51.222.253.16 - - [22/Jan/2023:04:26:29 -0800] "GET /mcd-news-stories.html HTTP/1.1" 200 494 "-" "Mozilla/5.0 (compatible; AhrefsBot/7.0; +http://ahrefs.com/robot/)" "metrocrimedaily.com"
51.222.253.13 - - [22/Jan/2023:04:27:08 -0800] "GET /post-story.html HTTP/1.1" 200 861 "-" "Mozilla/5.0 (compatible; AhrefsBot/7.0; +http://ahrefs.com/robot/)" "metrocrimedaily.com"
51.222.253.1 - - [22/Jan/2023:04:27:47 -0800] "GET /metrocrime-detroit.html HTTP/1.1" 200 1356 "-" "Mozilla/5.0 (compatible; AhrefsBot/7.0; +http://ahrefs.com/robot/)" "metrocrimedaily.com"
51.222.253.16 - - [22/Jan/2023:04:28:21 -0800] "GET /metrocrime-dallas.html HTTP/1.1" 200 1289 "-" "Mozilla/5.0 (compatible; AhrefsBot/7.0; +http://ahrefs.com/robot/)" "metrocrimedaily.com"
51.222.253.7 - - [22/Jan/2023:04:28:24 -0800] "GET /images/crime-scene-1A.jpg HTTP/1.1" 200 34146 "-" "Mozilla/5.0 (compatible; AhrefsBot/7.0; +http://ahrefs.com/robot/)" "metrocrimedaily.com"
51.222.253.4 - - [22/Jan/2023:04:29:05 -0800] "GET /mcd-blog.html HTTP/1.1" 200 643 "-" "Mozilla/5.0 (compatible; AhrefsBot/7.0; +http://ahrefs.com/robot/)" "metrocrimedaily.com"
51.222.253.20 - - [22/Jan/2023:04:29:41 -0800] "GET /metrocrime-chicago.html HTTP/1.1" 200 1276 "-" "Mozilla/5.0 (compatible; AhrefsBot/7.0; +http://ahrefs.com/robot/)" "metrocrimedaily.com"
51.222.253.15 - - [22/Jan/2023:04:29:43 -0800] "GET /images/chicago.jpg HTTP/1.1" 200 6623 "-" "Mozilla/5.0 (compatible; AhrefsBot/7.0; +http://ahrefs.com/robot/)" "metrocrimedaily.com"
51.222.253.6 - - [22/Jan/2023:04:30:26 -0800] "GET /?C=M;O=A HTTP/1.1" 200 1629 "-" "Mozilla/5.0 (compatible; AhrefsBot/7.0; +http://ahrefs.com/robot/)" "metrocrimedaily.com"
51.222.253.11 - - [22/Jan/2023:04:31:10 -0800] "GET /?C=N;O=D HTTP/1.1" 200 1633 "-" "Mozilla/5.0 (compatible; AhrefsBot/7.0; +http://ahrefs.com/robot/)" "metrocrimedaily.com"
51.222.253.7 - - [22/Jan/2023:04:31:48 -0800] "GET /?C=S;O=A HTTP/1.1" 200 1603 "-" "Mozilla/5.0 (compatible; AhrefsBot/7.0; +http://ahrefs.com/robot/)" "metrocrimedaily.com"
51.222.253.20 - - [22/Jan/2023:04:32:46 -0800] "GET /instagram-atlanta/ HTTP/1.1" 200 7087 "-" "Mozilla/5.0 (compatible; AhrefsBot/7.0; +http://ahrefs.com/robot/)" "metrocrimedaily.com"
51.222.253.14 - - [22/Jan/2023:04:33:26 -0800] "GET /instagram-detroit/ HTTP/1.1" 200 10340 "-" "Mozilla/5.0 (compatible; AhrefsBot/7.0; +http://ahrefs.com/robot/)" "metrocrimedaily.com"
51.222.253.17 - - [22/Jan/2023:04:34:02 -0800] "GET /instagram-monroe/ HTTP/1.1" 200 358 "-" "Mozilla/5.0 (compatible; AhrefsBot/7.0; +http://ahrefs.com/robot/)" "metrocrimedaily.com"
51.222.253.4 - - [22/Jan/2023:04:34:45 -0800] "GET /CRIME-WATCH-AMERICA/ HTTP/1.1" 200 614 "-" "Mozilla/5.0 (compatible; AhrefsBot/7.0; +http://ahrefs.com/robot/)" "metrocrimedaily.com"
51.222.253.3 - - [22/Jan/2023:04:35:37 -0800] "GET /index-losangeles.html HTTP/1.1" 200 91226 "-" "Mozilla/5.0 (compatible; AhrefsBot/7.0; +http://ahrefs.com/robot/)" "metrocrimedaily.com"
51.222.253.16 - - [22/Jan/2023:04:36:20 -0800] "GET /index-memphis.html HTTP/1.1" 200 132676 "-" "Mozilla/5.0 (compatible; AhrefsBot/7.0; +http://ahrefs.com/robot/)" "metrocrimedaily.com"
51.222.253.1 - - [22/Jan/2023:04:37:07 -0800] "GET /index-miami.html HTTP/1.1" 200 21388 "-" "Mozilla/5.0 (compatible; AhrefsBot/7.0; +http://ahrefs.com/robot/)" "metrocrimedaily.com"
51.222.253.2 - - [22/Jan/2023:04:37:52 -0800] "GET /index-neworleans.html HTTP/1.1" 200 26488 "-" "Mozilla/5.0 (compatible; AhrefsBot/7.0; +http://ahrefs.com/robot/)" "metrocrimedaily.com"
51.222.253.1 - - [22/Jan/2023:04:38:40 -0800] "GET /index-newyork.html HTTP/1.1" 200 58798 "-" "Mozilla/5.0 (compatible; AhrefsBot/7.0; +http://ahrefs.com/robot/)" "metrocrimedaily.com"
51.222.253.12 - - [22/Jan/2023:04:39:17 -0800] "GET /index-miami.html HTTP/1.1" 200 21388 "-" "Mozilla/5.0 (compatible; AhrefsBot/7.0; +http://ahrefs.com/robot/)" "metrocrimedaily.com"
51.222.253.15 - - [22/Jan/2023:04:39:28 -0800] "GET /index-stlouis.html HTTP/1.1" 200 168004 "-" "Mozilla/5.0 (compatible; AhrefsBot/7.0; +http://ahrefs.com/robot/)" "metrocrimedaily.com"
51.222.253.20 - - [22/Jan/2023:04:39:49 -0800] "GET /index-newyork.html HTTP/1.1" 200 58798 "-" "Mozilla/5.0 (compatible; AhrefsBot/7.0; +http://ahrefs.com/robot/)" "metrocrimedaily.com"
51.222.253.10 - - [22/Jan/2023:04:40:10 -0800] "GET /index-neworleans.html HTTP/1.1" 200 26488 "-" "Mozilla/5.0 (compatible; AhrefsBot/7.0; +http://ahrefs.com/robot/)" "metrocrimedaily.com"
51.222.253.15 - - [22/Jan/2023:04:40:21 -0800] "GET /instagram-losangeles/ HTTP/1.1" 200 11157 "-" "Mozilla/5.0 (compatible; AhrefsBot/7.0; +http://ahrefs.com/robot/)" "metrocrimedaily.com"
66.249.70.139 - - [22/Jan/2023:04:41:06 -0800] "GET /robots.txt HTTP/1.1" 404 88 "-" "Mozilla/5.0 (compatible; Googlebot/2.1; +http://www.google.com/bot.html)" "metrocrimedaily.com"
51.222.253.11 - - [22/Jan/2023:04:41:11 -0800] "GET /instagram-memphis/ HTTP/1.1" 200 12281 "-" "Mozilla/5.0 (compatible; AhrefsBot/7.0; +http://ahrefs.com/robot/)" "metrocrimedaily.com"
51.222.253.10 - - [22/Jan/2023:04:41:54 -0800] "GET /instagram-miami/ HTTP/1.1" 200 475 "-" "Mozilla/5.0 (compatible; AhrefsBot/7.0; +http://ahrefs.com/robot/)" "metrocrimedaily.com"
66.249.70.120 - - [22/Jan/2023:04:42:14 -0800] "GET /robots.txt HTTP/1.1" 404 88 "-" "Mozilla/5.0 (compatible; Googlebot/2.1; +http://www.google.com/bot.html)" "www.metrocrimedaily.com"
51.222.253.13 - - [22/Jan/2023:04:42:39 -0800] "GET /instagram-neworleans/ HTTP/1.1" 200 10149 "-" "Mozilla/5.0 (compatible; AhrefsBot/7.0; +http://ahrefs.com/robot/)" "metrocrimedaily.com"
51.222.253.6 - - [22/Jan/2023:04:43:28 -0800] "GET /instagram-newyork/ HTTP/1.1" 200 5956 "-" "Mozilla/5.0 (compatible; AhrefsBot/7.0; +http://ahrefs.com/robot/)" "metrocrimedaily.com"
34.87.94.148 - - [22/Jan/2023:04:44:14 -0800] "GET /wp-login.php HTTP/1.1" 404 88 "" "Mozilla/5.0 (Windows NT 10.0; Win64; x64; rv:108.0) Gecko/20100101 Firefox/108.0" "metrocrimedaily.com"
51.222.253.10 - - [22/Jan/2023:04:44:14 -0800] "GET /instagram-stlouis/ HTTP/1.1" 200 10813 "-" "Mozilla/5.0 (compatible; AhrefsBot/7.0; +http://ahrefs.com/robot/)" "metrocrimedaily.com"
51.222.253.20 - - [22/Jan/2023:04:44:58 -0800] "GET /leave-a-message.html HTTP/1.1" 200 2959 "-" "Mozilla/5.0 (compatible; AhrefsBot/7.0; +http://ahrefs.com/robot/)" "www.metrocrimedaily.com"
51.222.253.7 - - [22/Jan/2023:04:45:20 -0800] "GET /metrocrime-chicago.html HTTP/1.1" 200 1276 "-" "Mozilla/5.0 (compatible; AhrefsBot/7.0; +http://ahrefs.com/robot/)" "www.metrocrimedaily.com"
51.222.253.2 - - [22/Jan/2023:04:45:58 -0800] "GET /metrocrime-dallas.html HTTP/1.1" 200 1289 "-" "Mozilla/5.0 (compatible; AhrefsBot/7.0; +http://ahrefs.com/robot/)" "www.metrocrimedaily.com"
69.63.184.2 - - [22/Jan/2023:04:46:59 -0800] "GET /instagram-atlanta/01-22-2023-0646361-A.jpg HTTP/1.1" 404 88 "-" "facebookexternalhit/1.1 (+http://www.facebook.com/externalhit_uatext.php)" "www.metrocrimedaily.com"
51.222.253.17 - - [22/Jan/2023:04:47:25 -0800] "GET /metrocrime-detroit.html HTTP/1.1" 200 1356 "-" "Mozilla/5.0 (compatible; AhrefsBot/7.0; +http://ahrefs.com/robot/)" "www.metrocrimedaily.com"
69.63.184.3 - - [22/Jan/2023:04:47:53 -0800] "GET /instagram-stlouis/01-22-2023-0647351-A.jpg HTTP/1.1" 404 88 "-" "facebookexternalhit/1.1 (+http://www.facebook.com/externalhit_uatext.php)" "www.metrocrimedaily.com"
51.222.253.2 - - [22/Jan/2023:04:50:21 -0800] "GET /CRIME-WATCH-AMERICA/CRIME-WATCH-MIAMI/?C=D;O=A HTTP/1.1" 200 374 "-" "Mozilla/5.0 (compatible; AhrefsBot/7.0; +http://ahrefs.com/robot/)" "www.metrocrimedaily.com"
69.63.184.4 - - [22/Jan/2023:04:53:58 -0800] "GET /instagram-chicago/01-22-2023-0653361-A.jpg HTTP/1.1" 404 88 "-" "facebookexternalhit/1.1 (+http://www.facebook.com/externalhit_uatext.php)" "www.metrocrimedaily.com"
69.63.184.2 - - [22/Jan/2023:04:59:31 -0800] "GET /instagram-losangeles/01-22-2023-0659131-A.jpg HTTP/1.1" 404 88 "-" "facebookexternalhit/1.1 (+http://www.facebook.com/externalhit_uatext.php)" "www.metrocrimedaily.com"
51.222.253.16 - - [22/Jan/2023:04:59:38 -0800] "GET /installation/?C=N;O=D HTTP/1.1" 200 312 "-" "Mozilla/5.0 (compatible; AhrefsBot/7.0; +http://ahrefs.com/robot/)" "metrocrimedaily.com"
103.130.219.238 - - [22/Jan/2023:05:03:22 -0800] "GET /wp-login.php HTTP/1.1" 404 88 "" "Mozilla/5.0 (Windows NT 10.0; Win64; x64; rv:108.0) Gecko/20100101 Firefox/108.0" "metrocrimedaily.com"
51.222.253.20 - - [22/Jan/2023:05:09:53 -0800] "GET /videos/?C=N;O=D HTTP/1.1" 200 310 "-" "Mozilla/5.0 (compatible; AhrefsBot/7.0; +http://ahrefs.com/robot/)" "metrocrimedaily.com"
69.63.184.117 - - [22/Jan/2023:05:15:14 -0800] "GET /instagram-stlouis/01-22-2023-0714541-A.jpg HTTP/1.1" 404 88 "-" "facebookexternalhit/1.1 (+http://www.facebook.com/externalhit_uatext.php)" "www.metrocrimedaily.com"
207.46.13.62 - - [22/Jan/2023:05:18:15 -0800] "GET /instagram-atlanta/12-21-2022-2340113-Family-of-homeowner-killed-in-South-Fulton-arson-.txt HTTP/1.1" 404 88 "-" "Mozilla/5.0 AppleWebKit/537.36 (KHTML, like Gecko; compatible; bingbot/2.0; +http://www.bing.com/bingbot.htm) Chrome/103.0.5060.134 Safari/537.36" "www.metrocrimedaily.com"
69.63.184.4 - - [22/Jan/2023:05:20:03 -0800] "GET /instagram-houston/01-22-2023-0719451-A.jpg HTTP/1.1" 404 88 "-" "facebookexternalhit/1.1 (+http://www.facebook.com/externalhit_uatext.php)" "www.metrocrimedaily.com"
51.222.253.17 - - [22/Jan/2023:05:20:18 -0800] "GET /backup-05-31-20/?C=N;O=D HTTP/1.1" 200 544 "-" "Mozilla/5.0 (compatible; AhrefsBot/7.0; +http://ahrefs.com/robot/)" "metrocrimedaily.com"
69.63.184.3 - - [22/Jan/2023:05:20:23 -0800] "GET /instagram-houston/01-22-2023-0719452-A.jpg HTTP/1.1" 404 88 "-" "facebookexternalhit/1.1 (+http://www.facebook.com/externalhit_uatext.php)" "www.metrocrimedaily.com"
69.63.184.120 - - [22/Jan/2023:05:22:09 -0800] "GET /instagram-neworleans/01-22-2023-0721511-A.jpg HTTP/1.1" 404 88 "-" "facebookexternalhit/1.1 (+http://www.facebook.com/externalhit_uatext.php)" "www.metrocrimedaily.com"
69.63.184.5 - - [22/Jan/2023:05:30:02 -0800] "GET /instagram-chicago/01-22-2023-0729381-A.jpg HTTP/1.1" 404 88 "-" "facebookexternalhit/1.1 (+http://www.facebook.com/externalhit_uatext.php)" "www.metrocrimedaily.com"
69.63.184.3 - - [22/Jan/2023:05:30:22 -0800] "GET /instagram-chicago/01-22-2023-0729382-A.jpg HTTP/1.1" 404 88 "-" "facebookexternalhit/1.1 (+http://www.facebook.com/externalhit_uatext.php)" "www.metrocrimedaily.com"
51.222.253.20 - - [22/Jan/2023:05:31:00 -0800] "GET /music/?C=N;O=D HTTP/1.1" 200 661 "-" "Mozilla/5.0 (compatible; AhrefsBot/7.0; +http://ahrefs.com/robot/)" "metrocrimedaily.com"
69.63.184.118 - - [22/Jan/2023:05:33:00 -0800] "GET /instagram-atlanta/01-22-2023-0732401-A.jpg HTTP/1.1" 404 88 "-" "facebookexternalhit/1.1 (+http://www.facebook.com/externalhit_uatext.php)" "www.metrocrimedaily.com"
69.63.184.2 - - [22/Jan/2023:05:33:22 -0800] "GET /instagram-atlanta/01-22-2023-0732402-A.jpg HTTP/1.1" 404 88 "-" "facebookexternalhit/1.1 (+http://www.facebook.com/externalhit_uatext.php)" "www.metrocrimedaily.com"
