157.55.39.152 - - [22/Jan/2023:05:33:23 -0800] "GET /instagram-dallas/12-26-2022-0932231-Man-Killed-His-Wife-and-Then-Turned-Gun-on-Himsel.txt HTTP/1.1" 404 88 "-" "Mozilla/5.0 AppleWebKit/537.36 (KHTML, like Gecko; compatible; bingbot/2.0; +http://www.bing.com/bingbot.htm) Chrome/103.0.5060.134 Safari/537.36" "www.metrocrimedaily.com"
69.63.184.1 - - [22/Jan/2023:05:33:42 -0800] "GET /instagram-atlanta/01-22-2023-0732403-A.jpg HTTP/1.1" 404 88 "-" "facebookexternalhit/1.1 (+http://www.facebook.com/externalhit_uatext.php)" "www.metrocrimedaily.com"
69.63.184.117 - - [22/Jan/2023:05:34:03 -0800] "GET /instagram-atlanta/01-22-2023-0732404-A.jpg HTTP/1.1" 404 88 "-" "facebookexternalhit/1.1 (+http://www.facebook.com/externalhit_uatext.php)" "www.metrocrimedaily.com"
69.63.184.118 - - [22/Jan/2023:05:34:24 -0800] "GET /instagram-atlanta/01-22-2023-0732405-A.jpg HTTP/1.1" 404 88 "-" "facebookexternalhit/1.1 (+http://www.facebook.com/externalhit_uatext.php)" "www.metrocrimedaily.com"
69.63.184.118 - - [22/Jan/2023:05:42:25 -0800] "GET /instagram-stlouis/01-22-2023-0742071-A.jpg HTTP/1.1" 404 88 "-" "facebookexternalhit/1.1 (+http://www.facebook.com/externalhit_uatext.php)" "www.metrocrimedaily.com"
51.222.253.1 - - [22/Jan/2023:05:43:02 -0800] "GET /images/?C=N;O=D HTTP/1.1" 200 953 "-" "Mozilla/5.0 (compatible; AhrefsBot/7.0; +http://ahrefs.com/robot/)" "metrocrimedaily.com"
51.222.253.6 - - [22/Jan/2023:05:54:02 -0800] "GET /?C=D;O=A HTTP/1.1" 200 1649 "-" "Mozilla/5.0 (compatible; AhrefsBot/7.0; +http://ahrefs.com/robot/)" "metrocrimedaily.com"
69.63.184.117 - - [22/Jan/2023:05:58:04 -0800] "GET /instagram-houston/01-22-2023-0757461-A.jpg HTTP/1.1" 404 88 "-" "facebookexternalhit/1.1 (+http://www.facebook.com/externalhit_uatext.php)" "www.metrocrimedaily.com"
69.63.184.4 - - [22/Jan/2023:06:01:03 -0800] "GET /instagram-chicago/01-22-2023-0800411-A.jpg HTTP/1.1" 404 88 "-" "facebookexternalhit/1.1 (+http://www.facebook.com/externalhit_uatext.php)" "www.metrocrimedaily.com"
51.222.253.6 - - [22/Jan/2023:06:04:49 -0800] "GET /?C=M;O=A HTTP/1.1" 200 1629 "-" "Mozilla/5.0 (compatible; AhrefsBot/7.0; +http://ahrefs.com/robot/)" "metrocrimedaily.com"
69.63.184.117 - - [22/Jan/2023:06:13:14 -0800] "GET /instagram-memphis/01-22-2023-0812551-A.jpg HTTP/1.1" 404 88 "-" "facebookexternalhit/1.1 (+http://www.facebook.com/externalhit_uatext.php)" "www.metrocrimedaily.com"
69.63.184.118 - - [22/Jan/2023:06:15:26 -0800] "GET /instagram-atlanta/01-22-2023-0815061-A.jpg HTTP/1.1" 404 88 "-" "facebookexternalhit/1.1 (+http://www.facebook.com/externalhit_uatext.php)" "www.metrocrimedaily.com"
51.222.253.10 - - [22/Jan/2023:06:15:41 -0800] "GET /?C=N;O=D HTTP/1.1" 200 1633 "-" "Mozilla/5.0 (compatible; AhrefsBot/7.0; +http://ahrefs.com/robot/)" "metrocrimedaily.com"
69.63.184.5 - - [22/Jan/2023:06:15:47 -0800] "GET /instagram-atlanta/01-22-2023-0815062-A.jpg HTTP/1.1" 404 88 "-" "facebookexternalhit/1.1 (+http://www.facebook.com/externalhit_uatext.php)" "www.metrocrimedaily.com"
69.63.184.2 - - [22/Jan/2023:06:16:08 -0800] "GET /instagram-atlanta/01-22-2023-0815063-A.jpg HTTP/1.1" 404 88 "-" "facebookexternalhit/1.1 (+http://www.facebook.com/externalhit_uatext.php)" "www.metrocrimedaily.com"
154.16.116.41 - - [22/Jan/2023:06:19:25 -0800] "GET /wp-login.php HTTP/1.1" 404 88 "" "Mozilla/5.0 (Windows NT 10.0; Win64; x64; rv:108.0) Gecko/20100101 Firefox/108.0" "metrocrimedaily.com"
216.250.127.227 - - [22/Jan/2023:06:22:16 -0800] "GET /wp-login.php HTTP/1.1" 404 88 "" "Mozilla/5.0 (Windows NT 10.0; Win64; x64; rv:108.0) Gecko/20100101 Firefox/108.0" "metrocrimedaily.com"
40.77.167.106 - - [22/Jan/2023:06:24:06 -0800] "GET /robots.txt HTTP/1.1" 404 88 "-" "Mozilla/5.0 (compatible; bingbot/2.0; +http://www.bing.com/bingbot.htm)" "metrocrimedaily.com"
207.46.13.62 - - [22/Jan/2023:06:24:13 -0800] "GET /index-newyork.html HTTP/1.1" 200 58798 "-" "Mozilla/5.0 AppleWebKit/537.36 (KHTML, like Gecko; compatible; bingbot/2.0; +http://www.bing.com/bingbot.htm) Chrome/103.0.5060.134 Safari/537.36" "metrocrimedaily.com"
68.40.218.86 - - [22/Jan/2023:06:24:35 -0800] "GET / HTTP/1.1" 200 1649 "-" "Mozilla/5.0 (iPhone; CPU iPhone OS 15_1 like Mac OS X) AppleWebKit/605.1.15 (KHTML, like Gecko) Version/15.1 Mobile/15E148 Safari/604.1" "www.metrocrimedaily.com"
68.40.218.86 - - [22/Jan/2023:06:24:36 -0800] "GET /images/facebook-logo-tiny.png HTTP/1.1" 304 - "http://www.metrocrimedaily.com/" "Mozilla/5.0 (iPhone; CPU iPhone OS 15_1 like Mac OS X) AppleWebKit/605.1.15 (KHTML, like Gecko) Version/15.1 Mobile/15E148 Safari/604.1" "www.metrocrimedaily.com"
68.40.218.86 - - [22/Jan/2023:06:24:36 -0800] "GET /images/twitter-logo-b-tiny.png HTTP/1.1" 304 - "http://www.metrocrimedaily.com/" "Mozilla/5.0 (iPhone; CPU iPhone OS 15_1 like Mac OS X) AppleWebKit/605.1.15 (KHTML, like Gecko) Version/15.1 Mobile/15E148 Safari/604.1" "www.metrocrimedaily.com"
68.40.218.86 - - [22/Jan/2023:06:24:47 -0800] "GET / HTTP/1.1" 200 1649 "-" "Mozilla/5.0 (iPhone; CPU iPhone OS 15_1 like Mac OS X) AppleWebKit/605.1.15 (KHTML, like Gecko) Version/15.1 Mobile/15E148 Safari/604.1" "www.metrocrimedaily.com"
68.40.218.86 - - [22/Jan/2023:06:24:51 -0800] "GET / HTTP/1.1" 200 1649 "-" "Mozilla/5.0 (iPhone; CPU iPhone OS 15_1 like Mac OS X) AppleWebKit/605.1.15 (KHTML, like Gecko) Version/15.1 Mobile/15E148 Safari/604.1" "www.metrocrimedaily.com"
68.40.218.86 - - [22/Jan/2023:06:24:55 -0800] "GET / HTTP/1.1" 200 1649 "-" "Mozilla/5.0 (iPhone; CPU iPhone OS 15_1 like Mac OS X) AppleWebKit/605.1.15 (KHTML, like Gecko) Version/15.1 Mobile/15E148 Safari/604.1" "www.metrocrimedaily.com"
51.222.253.18 - - [22/Jan/2023:06:26:40 -0800] "GET /?C=S;O=A HTTP/1.1" 200 1603 "-" "Mozilla/5.0 (compatible; AhrefsBot/7.0; +http://ahrefs.com/robot/)" "metrocrimedaily.com"
139.59.244.148 - - [22/Jan/2023:06:29:52 -0800] "GET /wp-login.php HTTP/1.1" 404 88 "" "Mozilla/5.0 (Windows NT 10.0; Win64; x64; rv:108.0) Gecko/20100101 Firefox/108.0" "metrocrimedaily.com"
51.222.253.1 - - [22/Jan/2023:06:32:42 -0800] "GET /CRIME-WATCH-AMERICA/ HTTP/1.1" 200 614 "-" "Mozilla/5.0 (compatible; AhrefsBot/7.0; +http://ahrefs.com/robot/)" "metrocrimedaily.com"
69.63.184.5 - - [22/Jan/2023:06:36:16 -0800] "GET /instagram-stlouis/01-22-2023-0835561-A.jpg HTTP/1.1" 404 88 "-" "facebookexternalhit/1.1 (+http://www.facebook.com/externalhit_uatext.php)" "www.metrocrimedaily.com"
51.222.253.7 - - [22/Jan/2023:06:37:37 -0800] "GET /backup-05-31-20/ HTTP/1.1" 200 544 "-" "Mozilla/5.0 (compatible; AhrefsBot/7.0; +http://ahrefs.com/robot/)" "metrocrimedaily.com"
51.222.253.12 - - [22/Jan/2023:06:39:20 -0800] "GET /confirmation.htm HTTP/1.1" 200 936 "-" "Mozilla/5.0 (compatible; AhrefsBot/7.0; +http://ahrefs.com/robot/)" "metrocrimedaily.com"
69.63.184.118 - - [22/Jan/2023:06:41:11 -0800] "GET /instagram-newyork/01-22-2023-0840511-A.jpg HTTP/1.1" 404 88 "-" "facebookexternalhit/1.1 (+http://www.facebook.com/externalhit_uatext.php)" "www.metrocrimedaily.com"
51.222.253.11 - - [22/Jan/2023:06:44:35 -0800] "GET /crime-watch-usa.html HTTP/1.1" 200 1081 "-" "Mozilla/5.0 (compatible; AhrefsBot/7.0; +http://ahrefs.com/robot/)" "metrocrimedaily.com"
164.90.170.66 - - [22/Jan/2023:06:51:13 -0800] "GET /wp-login.php HTTP/1.1" 404 88 "" "Mozilla/5.0 (Windows NT 10.0; Win64; x64; rv:108.0) Gecko/20100101 Firefox/108.0" "metrocrimedaily.com"
69.63.184.120 - - [22/Jan/2023:06:51:38 -0800] "GET /instagram-atlanta/01-22-2023-0851171-A.jpg HTTP/1.1" 404 88 "-" "facebookexternalhit/1.1 (+http://www.facebook.com/externalhit_uatext.php)" "www.metrocrimedaily.com"
54.36.82.134 - - [22/Jan/2023:06:51:45 -0800] "GET /wp-login.php HTTP/1.1" 404 88 "" "Mozilla/5.0 (Windows NT 10.0; Win64; x64; rv:108.0) Gecko/20100101 Firefox/108.0" "metrocrimedaily.com"
172.14.237.48 - - [22/Jan/2023:06:55:56 -0800] "GET / HTTP/1.1" 200 1649 "https://www.google.com/" "Mozilla/5.0 (Macintosh; Intel Mac OS X 10_15_6) AppleWebKit/605.1.15 (KHTML, like Gecko) Version/15.6.1 Safari/605.1.15" "www.metrocrimedaily.com"
172.14.237.48 - - [22/Jan/2023:06:55:57 -0800] "GET /favicon.ico HTTP/1.1" 404 88 "http://www.metrocrimedaily.com/" "Mozilla/5.0 (Macintosh; Intel Mac OS X 10_15_6) AppleWebKit/605.1.15 (KHTML, like Gecko) Version/15.6.1 Safari/605.1.15" "www.metrocrimedaily.com"
178.208.67.7 - - [22/Jan/2023:07:03:46 -0800] "GET /wp-login.php HTTP/1.1" 404 88 "" "Mozilla/5.0 (Windows NT 10.0; Win64; x64; rv:108.0) Gecko/20100101 Firefox/108.0" "metrocrimedaily.com"
69.63.184.4 - - [22/Jan/2023:07:04:37 -0800] "GET /instagram-stlouis/01-22-2023-0904191-A.jpg HTTP/1.1" 404 88 "-" "facebookexternalhit/1.1 (+http://www.facebook.com/externalhit_uatext.php)" "www.metrocrimedaily.com"
69.63.184.117 - - [22/Jan/2023:07:05:59 -0800] "GET /instagram-neworleans/01-22-2023-0905401-A.jpg HTTP/1.1" 404 88 "-" "facebookexternalhit/1.1 (+http://www.facebook.com/externalhit_uatext.php)" "www.metrocrimedaily.com"
76.184.252.42 - - [22/Jan/2023:07:18:10 -0800] "GET /images/police-tape.jpg HTTP/1.1" 200 50766 "-" "Wget/1.20.3 (mingw32)" "metrocrimedaily.com"
69.63.184.2 - - [22/Jan/2023:07:18:19 -0800] "GET /instagram-detroit/01-22-2023-0917591-A.jpg HTTP/1.1" 404 88 "-" "facebookexternalhit/1.1 (+http://www.facebook.com/externalhit_uatext.php)" "www.metrocrimedaily.com"
69.63.184.2 - - [22/Jan/2023:07:19:50 -0800] "GET /instagram-houston/01-22-2023-0919321-A.jpg HTTP/1.1" 404 88 "-" "facebookexternalhit/1.1 (+http://www.facebook.com/externalhit_uatext.php)" "www.metrocrimedaily.com"
69.63.184.116 - - [22/Jan/2023:07:20:11 -0800] "GET /instagram-houston/01-22-2023-0919322-A.jpg HTTP/1.1" 404 88 "-" "facebookexternalhit/1.1 (+http://www.facebook.com/externalhit_uatext.php)" "www.metrocrimedaily.com"
69.63.184.118 - - [22/Jan/2023:07:20:34 -0800] "GET /instagram-newyork/01-22-2023-0920151-A.jpg HTTP/1.1" 404 88 "-" "facebookexternalhit/1.1 (+http://www.facebook.com/externalhit_uatext.php)" "www.metrocrimedaily.com"
69.63.184.120 - - [22/Jan/2023:07:20:54 -0800] "GET /instagram-newyork/01-22-2023-0920152-A.jpg HTTP/1.1" 404 88 "-" "facebookexternalhit/1.1 (+http://www.facebook.com/externalhit_uatext.php)" "www.metrocrimedaily.com"
69.63.184.120 - - [22/Jan/2023:07:27:11 -0800] "GET /instagram-atlanta/01-22-2023-0926501-A.jpg HTTP/1.1" 404 88 "-" "facebookexternalhit/1.1 (+http://www.facebook.com/externalhit_uatext.php)" "www.metrocrimedaily.com"
157.55.39.84 - - [22/Jan/2023:07:31:28 -0800] "GET /robots.txt HTTP/1.1" 404 88 "-" "Mozilla/5.0 AppleWebKit/537.36 (KHTML, like Gecko; compatible; bingbot/2.0; +http://www.bing.com/bingbot.htm) Chrome/103.0.5060.134 Safari/537.36" "metrocrimedaily.com"
157.55.39.84 - - [22/Jan/2023:07:31:28 -0800] "GET /robots.txt HTTP/1.1" 404 88 "-" "Mozilla/5.0 AppleWebKit/537.36 (KHTML, like Gecko; compatible; bingbot/2.0; +http://www.bing.com/bingbot.htm) Chrome/103.0.5060.134 Safari/537.36" "metrocrimedaily.com"
207.46.13.106 - - [22/Jan/2023:07:31:39 -0800] "GET /index-houston.html HTTP/1.1" 200 215759 "-" "Mozilla/5.0 AppleWebKit/537.36 (KHTML, like Gecko; compatible; bingbot/2.0; +http://www.bing.com/bingbot.htm) Chrome/103.0.5060.134 Safari/537.36" "metrocrimedaily.com"
69.63.184.3 - - [22/Jan/2023:07:34:03 -0800] "GET /instagram-stlouis/01-22-2023-0933431-A.jpg HTTP/1.1" 404 88 "-" "facebookexternalhit/1.1 (+http://www.facebook.com/externalhit_uatext.php)" "www.metrocrimedaily.com"
157.55.39.152 - - [22/Jan/2023:07:34:24 -0800] "GET /gov-svc-houston.html HTTP/1.1" 404 88 "-" "Mozilla/5.0 AppleWebKit/537.36 (KHTML, like Gecko; compatible; bingbot/2.0; +http://www.bing.com/bingbot.htm) Chrome/103.0.5060.134 Safari/537.36" "metrocrimedaily.com"
157.55.39.152 - - [22/Jan/2023:07:34:24 -0800] "GET /www.khou.com HTTP/1.1" 404 88 "-" "Mozilla/5.0 AppleWebKit/537.36 (KHTML, like Gecko; compatible; bingbot/2.0; +http://www.bing.com/bingbot.htm) Chrome/103.0.5060.134 Safari/537.36" "metrocrimedaily.com"
157.55.39.152 - - [22/Jan/2023:07:34:24 -0800] "GET /www.houstonchronicle.com HTTP/1.1" 404 88 "-" "Mozilla/5.0 AppleWebKit/537.36 (KHTML, like Gecko; compatible; bingbot/2.0; +http://www.bing.com/bingbot.htm) Chrome/103.0.5060.134 Safari/537.36" "metrocrimedaily.com"
207.46.13.62 - - [22/Jan/2023:07:34:28 -0800] "GET /www.click2houston.com HTTP/1.1" 404 88 "-" "Mozilla/5.0 AppleWebKit/537.36 (KHTML, like Gecko; compatible; bingbot/2.0; +http://www.bing.com/bingbot.htm) Chrome/103.0.5060.134 Safari/537.36" "metrocrimedaily.com"
207.46.13.62 - - [22/Jan/2023:07:34:29 -0800] "GET /www.fox26houston.com HTTP/1.1" 404 88 "-" "Mozilla/5.0 AppleWebKit/537.36 (KHTML, like Gecko; compatible; bingbot/2.0; +http://www.bing.com/bingbot.htm) Chrome/103.0.5060.134 Safari/537.36" "metrocrimedaily.com"
157.55.39.152 - - [22/Jan/2023:07:34:44 -0800] "GET /gov-svc-houston.html HTTP/1.1" 404 88 "-" "Mozilla/5.0 AppleWebKit/537.36 (KHTML, like Gecko; compatible; bingbot/2.0; +http://www.bing.com/bingbot.htm) Chrome/103.0.5060.134 Safari/537.36" "metrocrimedaily.com"
157.55.39.152 - - [22/Jan/2023:07:34:44 -0800] "GET /www.khou.com HTTP/1.1" 404 88 "-" "Mozilla/5.0 AppleWebKit/537.36 (KHTML, like Gecko; compatible; bingbot/2.0; +http://www.bing.com/bingbot.htm) Chrome/103.0.5060.134 Safari/537.36" "metrocrimedaily.com"
157.55.39.152 - - [22/Jan/2023:07:34:44 -0800] "GET /www.houstonchronicle.com HTTP/1.1" 404 88 "-" "Mozilla/5.0 AppleWebKit/537.36 (KHTML, like Gecko; compatible; bingbot/2.0; +http://www.bing.com/bingbot.htm) Chrome/103.0.5060.134 Safari/537.36" "metrocrimedaily.com"
207.46.13.62 - - [22/Jan/2023:07:34:49 -0800] "GET /www.fox26houston.com HTTP/1.1" 404 88 "-" "Mozilla/5.0 AppleWebKit/537.36 (KHTML, like Gecko; compatible; bingbot/2.0; +http://www.bing.com/bingbot.htm) Chrome/103.0.5060.134 Safari/537.36" "metrocrimedaily.com"
207.46.13.62 - - [22/Jan/2023:07:34:49 -0800] "GET /www.click2houston.com HTTP/1.1" 404 88 "-" "Mozilla/5.0 AppleWebKit/537.36 (KHTML, like Gecko; compatible; bingbot/2.0; +http://www.bing.com/bingbot.htm) Chrome/103.0.5060.134 Safari/537.36" "metrocrimedaily.com"
157.55.39.152 - - [22/Jan/2023:07:36:55 -0800] "GET /CRIME-WATCH-DALLAS/mcd-epilog.html HTTP/1.1" 404 88 "-" "Mozilla/5.0 AppleWebKit/537.36 (KHTML, like Gecko; compatible; bingbot/2.0; +http://www.bing.com/bingbot.htm) Chrome/103.0.5060.134 Safari/537.36" "metrocrimedaily.com"
66.249.70.136 - - [22/Jan/2023:07:38:08 -0800] "GET /robots.txt HTTP/1.1" 404 88 "-" "Mozilla/5.0 (compatible; Googlebot/2.1; +http://www.google.com/bot.html)" "metrocrimedaily.com"
51.89.98.142 - - [22/Jan/2023:07:40:42 -0800] "GET /wp-login.php HTTP/1.1" 404 88 "" "Mozilla/5.0 (Windows NT 10.0; Win64; x64; rv:108.0) Gecko/20100101 Firefox/108.0" "metrocrimedaily.com"
207.46.13.178 - - [22/Jan/2023:07:46:41 -0800] "GET /instagram-dallas/12-19-2022-1434401-2-in-Custody-After-Gunfire-Reported-at-Irving-Nim.txt HTTP/1.1" 404 88 "-" "Mozilla/5.0 AppleWebKit/537.36 (KHTML, like Gecko; compatible; bingbot/2.0; +http://www.bing.com/bingbot.htm) Chrome/103.0.5060.134 Safari/537.36" "www.metrocrimedaily.com"
69.63.184.5 - - [22/Jan/2023:07:54:20 -0800] "GET /instagram-newyork/01-22-2023-0954011-A.jpg HTTP/1.1" 404 88 "-" "facebookexternalhit/1.1 (+http://www.facebook.com/externalhit_uatext.php)" "www.metrocrimedaily.com"
125.31.58.170 - - [22/Jan/2023:07:56:18 -0800] "GET /1x1/license.txt HTTP/1.1" 404 88 "-" "Mozilla/5.0 (X11; Ubuntu; Linux x86_64; rv:62.0) Gecko/20100101 Firefox/62.0" "metrocrimedaily.com"
69.63.184.1 - - [22/Jan/2023:07:56:21 -0800] "GET /instagram-losangeles/01-22-2023-0956031-A.jpg HTTP/1.1" 404 88 "-" "facebookexternalhit/1.1 (+http://www.facebook.com/externalhit_uatext.php)" "www.metrocrimedaily.com"
69.63.184.1 - - [22/Jan/2023:07:56:43 -0800] "GET /instagram-losangeles/01-22-2023-0956032-A.jpg HTTP/1.1" 404 88 "-" "facebookexternalhit/1.1 (+http://www.facebook.com/externalhit_uatext.php)" "www.metrocrimedaily.com"
69.63.184.116 - - [22/Jan/2023:07:58:16 -0800] "GET /instagram-houston/01-22-2023-0957581-A.jpg HTTP/1.1" 404 88 "-" "facebookexternalhit/1.1 (+http://www.facebook.com/externalhit_uatext.php)" "www.metrocrimedaily.com"
49.50.249.34 - - [22/Jan/2023:08:04:17 -0800] "GET /wp-login.php HTTP/1.1" 404 88 "" "Mozilla/5.0 (Windows NT 10.0; Win64; x64; rv:108.0) Gecko/20100101 Firefox/108.0" "metrocrimedaily.com"
51.222.253.2 - - [22/Jan/2023:08:11:52 -0800] "GET /cw-privacy-policy.html HTTP/1.1" 200 2305 "-" "Mozilla/5.0 (compatible; AhrefsBot/7.0; +http://ahrefs.com/robot/)" "metrocrimedaily.com"
69.63.184.3 - - [22/Jan/2023:08:15:44 -0800] "GET /instagram-dallas/01-22-2023-1015231-A.jpg HTTP/1.1" 404 88 "-" "facebookexternalhit/1.1 (+http://www.facebook.com/externalhit_uatext.php)" "www.metrocrimedaily.com"
207.46.13.62 - - [22/Jan/2023:08:21:42 -0800] "GET /instagram-chicago/12-20-2022-1000111-Missing-25-year-old-Northwestern-doctoral-student.txt HTTP/1.1" 404 88 "-" "Mozilla/5.0 AppleWebKit/537.36 (KHTML, like Gecko; compatible; bingbot/2.0; +http://www.bing.com/bingbot.htm) Chrome/103.0.5060.134 Safari/537.36" "www.metrocrimedaily.com"
51.222.253.11 - - [22/Jan/2023:08:29:22 -0800] "GET /detroit-temp-urls.txt HTTP/1.1" 200 32332 "-" "Mozilla/5.0 (compatible; AhrefsBot/7.0; +http://ahrefs.com/robot/)" "metrocrimedaily.com"
77.75.79.31 - - [22/Jan/2023:08:35:06 -0800] "GET /robots.txt HTTP/1.1" 404 88 "-" "Mozilla/5.0 (compatible; SeznamBot/4.0-RC1; +http://napoveda.seznam.cz/seznambot-intro/)" "metrocrimedaily.com"
77.75.79.31 - - [22/Jan/2023:08:35:06 -0800] "GET /contact-us.html HTTP/1.1" 200 765 "-" "Mozilla/5.0 (compatible; SeznamBot/4.0-RC1; +http://napoveda.seznam.cz/seznambot-intro/)" "metrocrimedaily.com"
69.63.184.4 - - [22/Jan/2023:08:37:44 -0800] "GET /instagram-houston/01-22-2023-1037231-A.jpg HTTP/1.1" 404 88 "-" "facebookexternalhit/1.1 (+http://www.facebook.com/externalhit_uatext.php)" "www.metrocrimedaily.com"
69.63.184.1 - - [22/Jan/2023:08:37:52 -0800] "GET /instagram-losangeles/01-22-2023-1037321-A.jpg HTTP/1.1" 404 88 "-" "facebookexternalhit/1.1 (+http://www.facebook.com/externalhit_uatext.php)" "www.metrocrimedaily.com"
69.63.184.4 - - [22/Jan/2023:08:38:11 -0800] "GET /instagram-losangeles/01-22-2023-1037322-A.jpg HTTP/1.1" 404 88 "-" "facebookexternalhit/1.1 (+http://www.facebook.com/externalhit_uatext.php)" "www.metrocrimedaily.com"
207.46.13.106 - - [22/Jan/2023:08:43:25 -0800] "GET /mcd-epilog.html HTTP/1.1" 200 435 "-" "Mozilla/5.0 AppleWebKit/537.36 (KHTML, like Gecko; compatible; bingbot/2.0; +http://www.bing.com/bingbot.htm) Chrome/103.0.5060.134 Safari/537.36" "metrocrimedaily.com"
157.55.39.152 - - [22/Jan/2023:08:48:35 -0800] "GET /mcd-calculate-how-long-ago.html HTTP/1.1" 200 643 "-" "Mozilla/5.0 AppleWebKit/537.36 (KHTML, like Gecko; compatible; bingbot/2.0; +http://www.bing.com/bingbot.htm) Chrome/103.0.5060.134 Safari/537.36" "metrocrimedaily.com"
114.119.156.144 - - [22/Jan/2023:08:55:59 -0800] "GET /robots.txt HTTP/1.1" 404 88 "-" "Mozilla/5.0 (compatible;PetalBot;+https://webmaster.petalsearch.com/site/petalbot)" "www.metrocrimedaily.com"
157.55.39.152 - - [22/Jan/2023:08:59:51 -0800] "GET /instagram-chicago/12-23-2022-1939512-Tory-Lanez-convicted-in-Megan-Thee-Stallion---s-s.txt HTTP/1.1" 404 88 "-" "Mozilla/5.0 AppleWebKit/537.36 (KHTML, like Gecko; compatible; bingbot/2.0; +http://www.bing.com/bingbot.htm) Chrome/103.0.5060.134 Safari/537.36" "www.metrocrimedaily.com"
69.63.184.118 - - [22/Jan/2023:09:03:47 -0800] "GET /instagram-memphis/01-22-2023-1103261-A.jpg HTTP/1.1" 404 88 "-" "facebookexternalhit/1.1 (+http://www.facebook.com/externalhit_uatext.php)" "www.metrocrimedaily.com"
69.63.184.2 - - [22/Jan/2023:09:07:42 -0800] "GET /instagram-stlouis/01-22-2023-1107221-A.jpg HTTP/1.1" 404 88 "-" "facebookexternalhit/1.1 (+http://www.facebook.com/externalhit_uatext.php)" "www.metrocrimedaily.com"
69.63.184.1 - - [22/Jan/2023:09:08:03 -0800] "GET /instagram-stlouis/01-22-2023-1107222-A.jpg HTTP/1.1" 404 88 "-" "facebookexternalhit/1.1 (+http://www.facebook.com/externalhit_uatext.php)" "www.metrocrimedaily.com"
69.63.184.4 - - [22/Jan/2023:09:08:26 -0800] "GET /instagram-stlouis/01-22-2023-1107223-A.jpg HTTP/1.1" 404 88 "-" "facebookexternalhit/1.1 (+http://www.facebook.com/externalhit_uatext.php)" "www.metrocrimedaily.com"
69.63.184.119 - - [22/Jan/2023:09:08:48 -0800] "GET /instagram-stlouis/01-22-2023-1107224-A.jpg HTTP/1.1" 404 88 "-" "facebookexternalhit/1.1 (+http://www.facebook.com/externalhit_uatext.php)" "www.metrocrimedaily.com"
69.63.184.5 - - [22/Jan/2023:09:09:08 -0800] "GET /instagram-stlouis/01-22-2023-1107225-A.jpg HTTP/1.1" 404 88 "-" "facebookexternalhit/1.1 (+http://www.facebook.com/externalhit_uatext.php)" "www.metrocrimedaily.com"
66.248.237.69 - - [22/Jan/2023:09:09:12 -0800] "GET /wp-login.php HTTP/1.1" 404 88 "" "Mozilla/5.0 (Windows NT 10.0; Win64; x64; rv:108.0) Gecko/20100101 Firefox/108.0" "metrocrimedaily.com"
69.63.184.118 - - [22/Jan/2023:09:12:41 -0800] "GET /instagram-neworleans/01-22-2023-1112211-A.jpg HTTP/1.1" 404 88 "-" "facebookexternalhit/1.1 (+http://www.facebook.com/externalhit_uatext.php)" "www.metrocrimedaily.com"
69.63.184.119 - - [22/Jan/2023:09:17:05 -0800] "GET /instagram-houston/01-22-2023-1116451-A.jpg HTTP/1.1" 404 88 "-" "facebookexternalhit/1.1 (+http://www.facebook.com/externalhit_uatext.php)" "www.metrocrimedaily.com"
103.63.24.139 - - [22/Jan/2023:09:20:30 -0800] "GET /wp-login.php HTTP/1.1" 404 88 "" "Mozilla/5.0 (Windows NT 10.0; Win64; x64; rv:108.0) Gecko/20100101 Firefox/108.0" "metrocrimedaily.com"
207.46.13.62 - - [22/Jan/2023:09:30:55 -0800] "GET /index-miami.html HTTP/1.1" 200 21388 "-" "Mozilla/5.0 AppleWebKit/537.36 (KHTML, like Gecko; compatible; bingbot/2.0; +http://www.bing.com/bingbot.htm) Chrome/103.0.5060.134 Safari/537.36" "metrocrimedaily.com"
69.63.184.120 - - [22/Jan/2023:09:31:15 -0800] "GET /instagram-atlanta/01-22-2023-1130501-A.jpg HTTP/1.1" 404 88 "-" "facebookexternalhit/1.1 (+http://www.facebook.com/externalhit_uatext.php)" "www.metrocrimedaily.com"
69.63.184.116 - - [22/Jan/2023:09:31:36 -0800] "GET /instagram-atlanta/01-22-2023-1130502-A.jpg HTTP/1.1" 404 88 "-" "facebookexternalhit/1.1 (+http://www.facebook.com/externalhit_uatext.php)" "www.metrocrimedaily.com"
69.63.184.117 - - [22/Jan/2023:09:31:57 -0800] "GET /instagram-atlanta/01-22-2023-1130503-A.jpg HTTP/1.1" 404 88 "-" "facebookexternalhit/1.1 (+http://www.facebook.com/externalhit_uatext.php)" "www.metrocrimedaily.com"
207.46.13.178 - - [22/Jan/2023:09:33:21 -0800] "GET /wsvn.com.= HTTP/1.1" 404 88 "-" "Mozilla/5.0 AppleWebKit/537.36 (KHTML, like Gecko; compatible; bingbot/2.0; +http://www.bing.com/bingbot.htm) Chrome/103.0.5060.134 Safari/537.36" "metrocrimedaily.com"
207.46.13.178 - - [22/Jan/2023:09:33:41 -0800] "GET /wsvn.com.= HTTP/1.1" 404 88 "-" "Mozilla/5.0 AppleWebKit/537.36 (KHTML, like Gecko; compatible; bingbot/2.0; +http://www.bing.com/bingbot.htm) Chrome/103.0.5060.134 Safari/537.36" "metrocrimedaily.com"
69.63.184.116 - - [22/Jan/2023:09:39:05 -0800] "GET /instagram-stlouis/01-22-2023-1138451-A.jpg HTTP/1.1" 404 88 "-" "facebookexternalhit/1.1 (+http://www.facebook.com/externalhit_uatext.php)" "www.metrocrimedaily.com"
207.46.13.106 - - [22/Jan/2023:09:40:09 -0800] "GET /instagram-dallas/12-20-2022-0848253-Highway-Safety-Agency-Probing-Reports-That-Hertz-.txt HTTP/1.1" 404 88 "-" "Mozilla/5.0 AppleWebKit/537.36 (KHTML, like Gecko; compatible; bingbot/2.0; +http://www.bing.com/bingbot.htm) Chrome/103.0.5060.134 Safari/537.36" "www.metrocrimedaily.com"
69.63.184.118 - - [22/Jan/2023:09:48:26 -0800] "GET /instagram-losangeles/01-22-2023-1148071-A.jpg HTTP/1.1" 404 88 "-" "facebookexternalhit/1.1 (+http://www.facebook.com/externalhit_uatext.php)" "www.metrocrimedaily.com"
76.184.252.42 - - [22/Jan/2023:09:53:23 -0800] "GET /images/police-tape.jpg HTTP/1.1" 200 50766 "-" "Wget/1.20.3 (mingw32)" "metrocrimedaily.com"
69.63.184.116 - - [22/Jan/2023:09:53:31 -0800] "GET /instagram-detroit/01-22-2023-1153121-A.jpg HTTP/1.1" 404 88 "-" "facebookexternalhit/1.1 (+http://www.facebook.com/externalhit_uatext.php)" "www.metrocrimedaily.com"
69.63.184.120 - - [22/Jan/2023:09:54:10 -0800] "GET /instagram-dallas/01-22-2023-1153491-A.jpg HTTP/1.1" 404 88 "-" "facebookexternalhit/1.1 (+http://www.facebook.com/externalhit_uatext.php)" "www.metrocrimedaily.com"
69.63.184.119 - - [22/Jan/2023:09:55:28 -0800] "GET /instagram-houston/01-22-2023-1155081-A.jpg HTTP/1.1" 404 88 "-" "facebookexternalhit/1.1 (+http://www.facebook.com/externalhit_uatext.php)" "www.metrocrimedaily.com"
87.236.176.106 - - [22/Jan/2023:09:55:42 -0800] "GET / HTTP/1.1" 200 1649 "-" "Mozilla/5.0 (compatible; InternetMeasurement/1.0; +https://internet-measurement.com/)" "metrocrimedaily.com"
69.63.184.5 - - [22/Jan/2023:09:57:23 -0800] "GET /instagram-chicago/01-22-2023-1157011-A.jpg HTTP/1.1" 404 88 "-" "facebookexternalhit/1.1 (+http://www.facebook.com/externalhit_uatext.php)" "www.metrocrimedaily.com"
69.63.184.1 - - [22/Jan/2023:10:13:09 -0800] "GET /instagram-atlanta/01-22-2023-1212481-A.jpg HTTP/1.1" 404 88 "-" "facebookexternalhit/1.1 (+http://www.facebook.com/externalhit_uatext.php)" "www.metrocrimedaily.com"
69.63.184.5 - - [22/Jan/2023:10:13:30 -0800] "GET /instagram-atlanta/01-22-2023-1212482-A.jpg HTTP/1.1" 404 88 "-" "facebookexternalhit/1.1 (+http://www.facebook.com/externalhit_uatext.php)" "www.metrocrimedaily.com"
69.63.184.117 - - [22/Jan/2023:10:18:47 -0800] "GET /instagram-memphis/01-22-2023-1218271-A.jpg HTTP/1.1" 404 88 "-" "facebookexternalhit/1.1 (+http://www.facebook.com/externalhit_uatext.php)" "www.metrocrimedaily.com"
146.59.154.210 - - [22/Jan/2023:10:27:56 -0800] "GET /wp-login.php HTTP/1.1" 404 88 "" "Mozilla/5.0 (Windows NT 10.0; Win64; x64; rv:108.0) Gecko/20100101 Firefox/108.0" "metrocrimedaily.com"
69.63.184.120 - - [22/Jan/2023:10:28:39 -0800] "GET /instagram-chicago/01-22-2023-1228191-A.jpg HTTP/1.1" 404 88 "-" "facebookexternalhit/1.1 (+http://www.facebook.com/externalhit_uatext.php)" "www.metrocrimedaily.com"
69.63.184.116 - - [22/Jan/2023:10:29:17 -0800] "GET /instagram-losangeles/01-22-2023-1228571-A.jpg HTTP/1.1" 404 88 "-" "facebookexternalhit/1.1 (+http://www.facebook.com/externalhit_uatext.php)" "www.metrocrimedaily.com"
69.63.184.120 - - [22/Jan/2023:10:29:37 -0800] "GET /instagram-losangeles/01-22-2023-1228572-A.jpg HTTP/1.1" 404 88 "-" "facebookexternalhit/1.1 (+http://www.facebook.com/externalhit_uatext.php)" "www.metrocrimedaily.com"
69.63.184.4 - - [22/Jan/2023:10:31:38 -0800] "GET /instagram-houston/01-22-2023-1231191-A.jpg HTTP/1.1" 404 88 "-" "facebookexternalhit/1.1 (+http://www.facebook.com/externalhit_uatext.php)" "www.metrocrimedaily.com"
207.46.13.124 - - [22/Jan/2023:10:39:23 -0800] "GET /instagram-atlanta/12-20-2022-2120565-Atlanta-police-chief-sits-down-with-Channel-2-to-.txt HTTP/1.1" 404 88 "-" "Mozilla/5.0 AppleWebKit/537.36 (KHTML, like Gecko; compatible; bingbot/2.0; +http://www.bing.com/bingbot.htm) Chrome/103.0.5060.134 Safari/537.36" "www.metrocrimedaily.com"
68.40.218.86 - - [22/Jan/2023:10:42:06 -0800] "GET / HTTP/1.1" 200 1649 "-" "Mozilla/5.0 (iPhone; CPU iPhone OS 15_1 like Mac OS X) AppleWebKit/605.1.15 (KHTML, like Gecko) Version/15.1 Mobile/15E148 Safari/604.1" "www.metrocrimedaily.com"
68.40.218.86 - - [22/Jan/2023:10:42:12 -0800] "GET /CRIME-WATCH-AMERICA/ HTTP/1.1" 200 614 "http://www.metrocrimedaily.com/" "Mozilla/5.0 (iPhone; CPU iPhone OS 15_1 like Mac OS X) AppleWebKit/605.1.15 (KHTML, like Gecko) Version/15.1 Mobile/15E148 Safari/604.1" "www.metrocrimedaily.com"
68.40.218.86 - - [22/Jan/2023:10:42:22 -0800] "GET / HTTP/1.1" 200 1649 "-" "Mozilla/5.0 (iPhone; CPU iPhone OS 15_1 like Mac OS X) AppleWebKit/605.1.15 (KHTML, like Gecko) Version/15.1 Mobile/15E148 Safari/604.1" "www.metrocrimedaily.com"
69.63.184.1 - - [22/Jan/2023:10:57:47 -0800] "GET /instagram-neworleans/01-22-2023-1257271-A.jpg HTTP/1.1" 404 88 "-" "facebookexternalhit/1.1 (+http://www.facebook.com/externalhit_uatext.php)" "www.metrocrimedaily.com"
69.63.184.5 - - [22/Jan/2023:10:59:12 -0800] "GET /instagram-chicago/01-22-2023-1258481-A.jpg HTTP/1.1" 404 88 "-" "facebookexternalhit/1.1 (+http://www.facebook.com/externalhit_uatext.php)" "www.metrocrimedaily.com"
69.63.184.120 - - [22/Jan/2023:11:00:44 -0800] "GET /instagram-atlanta/01-22-2023-1300241-A.jpg HTTP/1.1" 404 88 "-" "facebookexternalhit/1.1 (+http://www.facebook.com/externalhit_uatext.php)" "www.metrocrimedaily.com"
69.63.184.4 - - [22/Jan/2023:11:01:05 -0800] "GET /instagram-atlanta/01-22-2023-1300242-A.jpg HTTP/1.1" 404 88 "-" "facebookexternalhit/1.1 (+http://www.facebook.com/externalhit_uatext.php)" "www.metrocrimedaily.com"
69.63.184.5 - - [22/Jan/2023:11:01:26 -0800] "GET /instagram-atlanta/01-22-2023-1300243-A.jpg HTTP/1.1" 404 88 "-" "facebookexternalhit/1.1 (+http://www.facebook.com/externalhit_uatext.php)" "www.metrocrimedaily.com"
69.63.184.4 - - [22/Jan/2023:11:01:47 -0800] "GET /instagram-atlanta/01-22-2023-1300244-A.jpg HTTP/1.1" 404 88 "-" "facebookexternalhit/1.1 (+http://www.facebook.com/externalhit_uatext.php)" "www.metrocrimedaily.com"
96.27.59.3 - - [22/Jan/2023:11:04:01 -0800] "GET / HTTP/1.1" 200 1649 "https://www.google.com/" "Mozilla/5.0 (Macintosh; Intel Mac OS X 10_15_7) AppleWebKit/605.1.15 (KHTML, like Gecko) Version/16.2 Safari/605.1.15" "www.metrocrimedaily.com"
77.75.79.31 - - [22/Jan/2023:11:06:27 -0800] "GET /www.clickondetroit.com HTTP/1.1" 404 88 "-" "Mozilla/5.0 (compatible; SeznamBot/4.0-RC1; +http://napoveda.seznam.cz/seznambot-intro/)" "metrocrimedaily.com"
69.63.184.2 - - [22/Jan/2023:11:08:06 -0800] "GET /instagram-houston/01-22-2023-1307471-A.jpg HTTP/1.1" 404 88 "-" "facebookexternalhit/1.1 (+http://www.facebook.com/externalhit_uatext.php)" "www.metrocrimedaily.com"
207.46.13.106 - - [22/Jan/2023:11:13:49 -0800] "GET /instagram-atlanta/12-27-2022-1257593-Suspect-accused-of-attempting-to-burglarize-Atlan.txt HTTP/1.1" 404 88 "-" "Mozilla/5.0 AppleWebKit/537.36 (KHTML, like Gecko; compatible; bingbot/2.0; +http://www.bing.com/bingbot.htm) Chrome/103.0.5060.134 Safari/537.36" "www.metrocrimedaily.com"
113.125.140.19 - - [22/Jan/2023:11:17:59 -0800] "GET / HTTP/1.1" 200 1649 "-" "Mozilla/5.0 (iPhone; CPU iPhone OS 13_2_3 like Mac OS X) AppleWebKit/605.1.15 (KHTML, like Gecko) Version/13.0.3 Mobile/15E148 Safari/604.1" "metrocrimedaily.com"
157.55.39.152 - - [22/Jan/2023:11:21:56 -0800] "GET /instagram-atlanta/12-22-2022-1800072-FTX-founder-Sam-Bankman-Fried-allowed-$250-millio.txt HTTP/1.1" 404 88 "-" "Mozilla/5.0 AppleWebKit/537.36 (KHTML, like Gecko; compatible; bingbot/2.0; +http://www.bing.com/bingbot.htm) Chrome/103.0.5060.134 Safari/537.36" "www.metrocrimedaily.com"
69.63.184.4 - - [22/Jan/2023:11:37:06 -0800] "GET /instagram-detroit/01-22-2023-1336461-A.jpg HTTP/1.1" 404 88 "-" "facebookexternalhit/1.1 (+http://www.facebook.com/externalhit_uatext.php)" "www.metrocrimedaily.com"
69.63.184.4 - - [22/Jan/2023:11:40:19 -0800] "GET /instagram-stlouis/01-22-2023-1339581-A.jpg HTTP/1.1" 404 88 "-" "facebookexternalhit/1.1 (+http://www.facebook.com/externalhit_uatext.php)" "www.metrocrimedaily.com"
69.63.184.3 - - [22/Jan/2023:11:40:39 -0800] "GET /instagram-stlouis/01-22-2023-1339582-A.jpg HTTP/1.1" 404 88 "-" "facebookexternalhit/1.1 (+http://www.facebook.com/externalhit_uatext.php)" "www.metrocrimedaily.com"
69.63.184.119 - - [22/Jan/2023:11:40:41 -0800] "GET /instagram-dallas/01-22-2023-1340211-A.jpg HTTP/1.1" 404 88 "-" "facebookexternalhit/1.1 (+http://www.facebook.com/externalhit_uatext.php)" "www.metrocrimedaily.com"
69.63.184.5 - - [22/Jan/2023:11:41:02 -0800] "GET /instagram-dallas/01-22-2023-1340212-A.jpg HTTP/1.1" 404 88 "-" "facebookexternalhit/1.1 (+http://www.facebook.com/externalhit_uatext.php)" "www.metrocrimedaily.com"
69.63.184.116 - - [22/Jan/2023:11:44:35 -0800] "GET /instagram-losangeles/01-22-2023-1344151-A.jpg HTTP/1.1" 404 88 "-" "facebookexternalhit/1.1 (+http://www.facebook.com/externalhit_uatext.php)" "www.metrocrimedaily.com"
69.63.184.120 - - [22/Jan/2023:11:44:55 -0800] "GET /instagram-losangeles/01-22-2023-1344152-A.jpg HTTP/1.1" 404 88 "-" "facebookexternalhit/1.1 (+http://www.facebook.com/externalhit_uatext.php)" "www.metrocrimedaily.com"
69.63.184.4 - - [22/Jan/2023:11:45:14 -0800] "GET /instagram-losangeles/01-22-2023-1344153-A.jpg HTTP/1.1" 404 88 "-" "facebookexternalhit/1.1 (+http://www.facebook.com/externalhit_uatext.php)" "www.metrocrimedaily.com"
69.63.184.5 - - [22/Jan/2023:11:45:15 -0800] "GET /instagram-newyork/01-22-2023-1344561-A.jpg HTTP/1.1" 404 88 "-" "facebookexternalhit/1.1 (+http://www.facebook.com/externalhit_uatext.php)" "www.metrocrimedaily.com"
69.63.184.2 - - [22/Jan/2023:11:47:42 -0800] "GET /instagram-houston/01-22-2023-1347231-A.jpg HTTP/1.1" 404 88 "-" "facebookexternalhit/1.1 (+http://www.facebook.com/externalhit_uatext.php)" "www.metrocrimedaily.com"
69.63.184.2 - - [22/Jan/2023:11:48:54 -0800] "GET /instagram-atlanta/01-22-2023-1348341-A.jpg HTTP/1.1" 404 88 "-" "facebookexternalhit/1.1 (+http://www.facebook.com/externalhit_uatext.php)" "www.metrocrimedaily.com"
69.63.184.119 - - [22/Jan/2023:11:49:15 -0800] "GET /instagram-atlanta/01-22-2023-1348342-A.jpg HTTP/1.1" 404 88 "-" "facebookexternalhit/1.1 (+http://www.facebook.com/externalhit_uatext.php)" "www.metrocrimedaily.com"
69.63.184.4 - - [22/Jan/2023:11:49:36 -0800] "GET /instagram-atlanta/01-22-2023-1348343-A.jpg HTTP/1.1" 404 88 "-" "facebookexternalhit/1.1 (+http://www.facebook.com/externalhit_uatext.php)" "www.metrocrimedaily.com"
69.63.184.117 - - [22/Jan/2023:11:49:57 -0800] "GET /instagram-atlanta/01-22-2023-1348344-A.jpg HTTP/1.1" 404 88 "-" "facebookexternalhit/1.1 (+http://www.facebook.com/externalhit_uatext.php)" "www.metrocrimedaily.com"
69.63.184.117 - - [22/Jan/2023:11:58:16 -0800] "GET /instagram-chicago/01-22-2023-1357551-A.jpg HTTP/1.1" 404 88 "-" "facebookexternalhit/1.1 (+http://www.facebook.com/externalhit_uatext.php)" "www.metrocrimedaily.com"
69.63.184.116 - - [22/Jan/2023:11:59:56 -0800] "GET /instagram-memphis/01-22-2023-1359371-A.jpg HTTP/1.1" 404 88 "-" "facebookexternalhit/1.1 (+http://www.facebook.com/externalhit_uatext.php)" "www.metrocrimedaily.com"
69.63.184.5 - - [22/Jan/2023:12:00:16 -0800] "GET /instagram-memphis/01-22-2023-1359372-A.jpg HTTP/1.1" 404 88 "-" "facebookexternalhit/1.1 (+http://www.facebook.com/externalhit_uatext.php)" "www.metrocrimedaily.com"
93.41.206.230 - - [22/Jan/2023:12:05:08 -0800] "GET /2/license.txt HTTP/1.1" 404 88 "-" "Mozilla/5.0 (X11; Ubuntu; Linux x86_64; rv:62.0) Gecko/20100101 Firefox/62.0" "metrocrimedaily.com"
69.63.184.112 - - [22/Jan/2023:12:09:41 -0800] "GET /instagram-stlouis/01-22-2023-1409191-A.jpg HTTP/1.1" 404 88 "-" "facebookexternalhit/1.1 (+http://www.facebook.com/externalhit_uatext.php)" "www.metrocrimedaily.com"
69.63.184.3 - - [22/Jan/2023:12:16:03 -0800] "GET /instagram-neworleans/01-22-2023-1415431-A.jpg HTTP/1.1" 404 88 "-" "facebookexternalhit/1.1 (+http://www.facebook.com/externalhit_uatext.php)" "www.metrocrimedaily.com"
99.5.193.45 - - [22/Jan/2023:12:19:06 -0800] "GET / HTTP/1.1" 200 1649 "https://www.google.com/url?q=http://www.metrocrimedaily.com/&sa=U&ved=2ahUKEwjsmP3o_9v8AhWejYkEHZeiCxI4ChAWegQIDBAB&usg=AOvVaw3rMzOwbVkdU15CcciTormd" "Mozilla/5.0 (iPhone; CPU iPhone OS 16_2 like Mac OS X) AppleWebKit/605.1.15 (KHTML, like Gecko) GSA/246.1.501310880 Mobile/15E148 Safari/604.1" "www.metrocrimedaily.com"
207.46.13.178 - - [22/Jan/2023:12:19:37 -0800] "GET /instagram-dallas/12-20-2022-1109091-Man-dies-in-hospital-after-being-stabbed--Dallas-.txt HTTP/1.1" 404 88 "-" "Mozilla/5.0 AppleWebKit/537.36 (KHTML, like Gecko; compatible; bingbot/2.0; +http://www.bing.com/bingbot.htm) Chrome/103.0.5060.134 Safari/537.36" "www.metrocrimedaily.com"
69.63.184.120 - - [22/Jan/2023:12:28:07 -0800] "GET /instagram-atlanta/01-22-2023-1427471-A.jpg HTTP/1.1" 404 88 "-" "facebookexternalhit/1.1 (+http://www.facebook.com/externalhit_uatext.php)" "www.metrocrimedaily.com"
69.63.184.3 - - [22/Jan/2023:12:31:50 -0800] "GET /instagram-houston/01-22-2023-1431301-A.jpg HTTP/1.1" 404 88 "-" "facebookexternalhit/1.1 (+http://www.facebook.com/externalhit_uatext.php)" "www.metrocrimedaily.com"
69.63.184.117 - - [22/Jan/2023:12:32:11 -0800] "GET /instagram-houston/01-22-2023-1431302-A.jpg HTTP/1.1" 404 88 "-" "facebookexternalhit/1.1 (+http://www.facebook.com/externalhit_uatext.php)" "www.metrocrimedaily.com"
207.46.13.62 - - [22/Jan/2023:12:33:01 -0800] "GET /instagram-chicago/12-20-2022-1102371-Airlines-Issue-Travel-Waivers-Ahead-of-Massive---.txt HTTP/1.1" 404 88 "-" "Mozilla/5.0 AppleWebKit/537.36 (KHTML, like Gecko; compatible; bingbot/2.0; +http://www.bing.com/bingbot.htm) Chrome/103.0.5060.134 Safari/537.36" "www.metrocrimedaily.com"
203.205.52.183 - - [22/Jan/2023:12:37:02 -0800] "GET /wp-login.php HTTP/1.1" 404 88 "" "Mozilla/5.0 (Windows NT 10.0; Win64; x64; rv:108.0) Gecko/20100101 Firefox/108.0" "metrocrimedaily.com"
37.252.5.132 - - [22/Jan/2023:12:39:19 -0800] "GET /wp-login.php HTTP/1.1" 404 88 "" "Mozilla/5.0 (Windows NT 10.0; Win64; x64; rv:108.0) Gecko/20100101 Firefox/108.0" "metrocrimedaily.com"
40.77.167.54 - - [22/Jan/2023:12:42:10 -0800] "GET /instagram-atlanta/12-22-2022-0930321-Atlanta-police-investigating-deadly-shooting-near.txt HTTP/1.1" 404 88 "-" "Mozilla/5.0 AppleWebKit/537.36 (KHTML, like Gecko; compatible; bingbot/2.0; +http://www.bing.com/bingbot.htm) Chrome/103.0.5060.134 Safari/537.36" "www.metrocrimedaily.com"
51.222.253.9 - - [22/Jan/2023:12:42:11 -0800] "GET /robots.txt HTTP/1.1" 404 88 "-" "Mozilla/5.0 (compatible; AhrefsBot/7.0; +http://ahrefs.com/robot/)" "metrocrimedaily.com"
51.222.253.11 - - [22/Jan/2023:12:42:14 -0800] "GET / HTTP/1.1" 200 1649 "-" "Mozilla/5.0 (compatible; AhrefsBot/7.0; +http://ahrefs.com/robot/)" "metrocrimedaily.com"
174.247.208.13 - - [22/Jan/2023:12:45:19 -0800] "GET / HTTP/1.1" 200 1649 "https://www.google.com/" "Mozilla/5.0 (Linux; Android 11; B140DL) AppleWebKit/537.36 (KHTML, like Gecko) SamsungBrowser/19.0 Chrome/102.0.5005.125 Mobile Safari/537.36" "www.metrocrimedaily.com"
174.247.208.13 - - [22/Jan/2023:12:45:23 -0800] "GET /favicon.ico HTTP/1.1" 404 88 "http://www.metrocrimedaily.com/" "Mozilla/5.0 (Linux; Android 11; B140DL) AppleWebKit/537.36 (KHTML, like Gecko) SamsungBrowser/19.0 Chrome/102.0.5005.125 Mobile Safari/537.36" "www.metrocrimedaily.com"
174.247.208.13 - - [22/Jan/2023:12:45:48 -0800] "GET / HTTP/1.1" 200 1649 "https://www.google.com/" "Mozilla/5.0 (Linux; Android 11; B140DL) AppleWebKit/537.36 (KHTML, like Gecko) SamsungBrowser/19.0 Chrome/102.0.5005.125 Mobile Safari/537.36" "www.metrocrimedaily.com"
139.180.147.178 - - [22/Jan/2023:12:51:57 -0800] "GET /wp-login.php HTTP/1.1" 404 88 "" "Mozilla/5.0 (Windows NT 10.0; Win64; x64; rv:108.0) Gecko/20100101 Firefox/108.0" "metrocrimedaily.com"
207.46.13.178 - - [22/Jan/2023:12:54:22 -0800] "GET /index-memphis.html HTTP/1.1" 200 132676 "-" "Mozilla/5.0 AppleWebKit/537.36 (KHTML, like Gecko; compatible; bingbot/2.0; +http://www.bing.com/bingbot.htm) Chrome/103.0.5060.134 Safari/537.36" "metrocrimedaily.com"
207.46.13.106 - - [22/Jan/2023:12:56:29 -0800] "GET /www.fox13memphis.com HTTP/1.1" 404 88 "-" "Mozilla/5.0 AppleWebKit/537.36 (KHTML, like Gecko; compatible; bingbot/2.0; +http://www.bing.com/bingbot.htm) Chrome/103.0.5060.134 Safari/537.36" "metrocrimedaily.com"
207.46.13.106 - - [22/Jan/2023:12:56:48 -0800] "GET /www.fox13memphis.com HTTP/1.1" 404 88 "-" "Mozilla/5.0 AppleWebKit/537.36 (KHTML, like Gecko; compatible; bingbot/2.0; +http://www.bing.com/bingbot.htm) Chrome/103.0.5060.134 Safari/537.36" "metrocrimedaily.com"
69.63.184.120 - - [22/Jan/2023:12:58:04 -0800] "GET /instagram-chicago/01-22-2023-1457441-A.jpg HTTP/1.1" 404 88 "-" "facebookexternalhit/1.1 (+http://www.facebook.com/externalhit_uatext.php)" "www.metrocrimedaily.com"
157.55.39.152 - - [22/Jan/2023:13:02:36 -0800] "GET /instagram-dallas/12-26-2022-1948151-Maintenance-worker-fatally-shot-at-Grand-Prairie-.txt HTTP/1.1" 404 88 "-" "Mozilla/5.0 AppleWebKit/537.36 (KHTML, like Gecko; compatible; bingbot/2.0; +http://www.bing.com/bingbot.htm) Chrome/103.0.5060.134 Safari/537.36" "www.metrocrimedaily.com"
69.63.184.116 - - [22/Jan/2023:13:05:44 -0800] "GET /instagram-stlouis/01-22-2023-1505211-A.jpg HTTP/1.1" 404 88 "-" "facebookexternalhit/1.1 (+http://www.facebook.com/externalhit_uatext.php)" "www.metrocrimedaily.com"
69.63.184.3 - - [22/Jan/2023:13:08:39 -0800] "GET /instagram-neworleans/01-22-2023-1508181-A.jpg HTTP/1.1" 404 88 "-" "facebookexternalhit/1.1 (+http://www.facebook.com/externalhit_uatext.php)" "www.metrocrimedaily.com"
69.63.184.118 - - [22/Jan/2023:13:11:14 -0800] "GET /instagram-houston/01-22-2023-1510551-A.jpg HTTP/1.1" 404 88 "-" "facebookexternalhit/1.1 (+http://www.facebook.com/externalhit_uatext.php)" "www.metrocrimedaily.com"
103.200.23.160 - - [22/Jan/2023:13:18:59 -0800] "GET /wp-login.php HTTP/1.1" 404 88 "" "Mozilla/5.0 (Windows NT 10.0; Win64; x64; rv:108.0) Gecko/20100101 Firefox/108.0" "metrocrimedaily.com"
69.63.184.2 - - [22/Jan/2023:13:24:10 -0800] "GET /instagram-dallas/01-22-2023-1523501-A.jpg HTTP/1.1" 404 88 "-" "facebookexternalhit/1.1 (+http://www.facebook.com/externalhit_uatext.php)" "www.metrocrimedaily.com"
69.63.184.4 - - [22/Jan/2023:13:24:32 -0800] "GET /instagram-dallas/01-22-2023-1523502-A.jpg HTTP/1.1" 404 88 "-" "facebookexternalhit/1.1 (+http://www.facebook.com/externalhit_uatext.php)" "www.metrocrimedaily.com"
46.36.219.139 - - [22/Jan/2023:13:24:58 -0800] "GET /wp-login.php HTTP/1.1" 404 88 "" "Mozilla/5.0 (Windows NT 10.0; Win64; x64; rv:108.0) Gecko/20100101 Firefox/108.0" "metrocrimedaily.com"
207.46.13.124 - - [22/Jan/2023:13:27:27 -0800] "GET /instagram-atlanta/12-22-2022-1609193-WWE-legend--Hacksaw--Jim-Duggan-holds-intruder-at.txt HTTP/1.1" 404 88 "-" "Mozilla/5.0 AppleWebKit/537.36 (KHTML, like Gecko; compatible; bingbot/2.0; +http://www.bing.com/bingbot.htm) Chrome/103.0.5060.134 Safari/537.36" "www.metrocrimedaily.com"
69.63.184.118 - - [22/Jan/2023:13:42:36 -0800] "GET /instagram-atlanta/01-22-2023-1542151-A.jpg HTTP/1.1" 404 88 "-" "facebookexternalhit/1.1 (+http://www.facebook.com/externalhit_uatext.php)" "www.metrocrimedaily.com"
207.46.13.106 - - [22/Jan/2023:13:42:44 -0800] "GET /crime-watch-usa.html HTTP/1.1" 200 1081 "-" "Mozilla/5.0 AppleWebKit/537.36 (KHTML, like Gecko; compatible; bingbot/2.0; +http://www.bing.com/bingbot.htm) Chrome/103.0.5060.134 Safari/537.36" "metrocrimedaily.com"
5.255.253.152 - - [22/Jan/2023:13:53:02 -0800] "GET /robots.txt HTTP/1.1" 404 73 "-" "Mozilla/5.0 (compatible; YandexBot/3.0; +http://yandex.com/bots)" "metrocrimedaily.com"
5.255.253.145 - - [22/Jan/2023:13:53:07 -0800] "GET / HTTP/1.1" 200 1649 "-" "Mozilla/5.0 (compatible; YandexBot/3.0; +http://yandex.com/bots) AppleWebKit/537.36 (KHTML, like Gecko) Chrome/81.0.4044.268" "metrocrimedaily.com"
157.55.39.152 - - [22/Jan/2023:13:53:20 -0800] "GET /instagram-dallas/12-22-2022-2158551-Jan.-6-Participant-Arrested-in-Calif.-After-Stand.txt HTTP/1.1" 404 88 "-" "Mozilla/5.0 AppleWebKit/537.36 (KHTML, like Gecko; compatible; bingbot/2.0; +http://www.bing.com/bingbot.htm) Chrome/103.0.5060.134 Safari/537.36" "www.metrocrimedaily.com"
217.198.191.210 - - [22/Jan/2023:13:54:40 -0800] "GET /robots.txt HTTP/1.1" 404 88 "-" "Mozilla/5.0 (Macintosh; Intel Mac OS X 10_9_4) AppleWebKit/537.36 (KHTML, like Gecko) Chrome/36.0.1985.125 Safari/537.36" "metrocrimedaily.com"
217.198.191.210 - - [22/Jan/2023:13:54:40 -0800] "GET / HTTP/1.1" 200 1649 "-" "Mozilla/5.0 (Macintosh; Intel Mac OS X 10_9_4) AppleWebKit/537.36 (KHTML, like Gecko) Chrome/36.0.1985.125 Safari/537.36" "metrocrimedaily.com"
217.198.191.210 - - [22/Jan/2023:13:54:40 -0800] "GET /test_404_page/ HTTP/1.1" 404 88 "-" "Mozilla/5.0 (Macintosh; Intel Mac OS X 10_9_4) AppleWebKit/537.36 (KHTML, like Gecko) Chrome/36.0.1985.125 Safari/537.36" "metrocrimedaily.com"
98.224.178.54 - - [22/Jan/2023:13:55:47 -0800] "GET / HTTP/1.1" 200 1649 "https://www.google.com/" "Mozilla/5.0 (iPhone; CPU iPhone OS 16_1_2 like Mac OS X) AppleWebKit/605.1.15 (KHTML, like Gecko) Version/16.1 Mobile/15E148 Safari/604.1" "www.metrocrimedaily.com"
68.62.60.253 - - [22/Jan/2023:13:57:35 -0800] "GET /styles-mcd.css HTTP/1.1" 200 1159 "-" "Mozilla/5.0 (Linux; Android 10; SM-G965U) AppleWebKit/537.36 (KHTML, like Gecko) Chrome/109.0.0.0 Mobile Safari/537.36" "www.metrocrimedaily.com"
68.62.60.253 - - [22/Jan/2023:13:57:35 -0800] "GET / HTTP/1.1" 200 1649 "https://www.google.com/" "Mozilla/5.0 (Linux; Android 10; SM-G965U) AppleWebKit/537.36 (KHTML, like Gecko) Chrome/109.0.0.0 Mobile Safari/537.36" "www.metrocrimedaily.com"
68.62.60.253 - - [22/Jan/2023:13:57:36 -0800] "GET /favicon.ico HTTP/1.1" 404 88 "http://www.metrocrimedaily.com/" "Mozilla/5.0 (Linux; Android 10; SM-G965U) AppleWebKit/537.36 (KHTML, like Gecko) Chrome/109.0.0.0 Mobile Safari/537.36" "www.metrocrimedaily.com"
69.63.184.119 - - [22/Jan/2023:13:57:49 -0800] "GET /instagram-dallas/01-22-2023-1557281-A.jpg HTTP/1.1" 404 88 "-" "facebookexternalhit/1.1 (+http://www.facebook.com/externalhit_uatext.php)" "www.metrocrimedaily.com"
69.63.184.120 - - [22/Jan/2023:14:01:33 -0800] "GET /instagram-neworleans/01-22-2023-1601121-A.jpg HTTP/1.1" 404 88 "-" "facebookexternalhit/1.1 (+http://www.facebook.com/externalhit_uatext.php)" "www.metrocrimedaily.com"
66.249.70.139 - - [22/Jan/2023:14:02:13 -0800] "GET /ads.txt HTTP/1.1" 404 88 "-" "Mozilla/5.0 (compatible; Googlebot/2.1; +http://www.google.com/bot.html)" "metrocrimedaily.com"
62.198.135.34 - - [22/Jan/2023:14:07:15 -0800] "GET / HTTP/1.1" 200 1649 "-" "Mozilla/5.0 (Linux; Android 13) AppleWebKit/537.36 (KHTML, like Gecko) Chrome/109.0.0.0 Mobile Safari/537.36" "metrocrimedaily.com"
62.198.135.34 - - [22/Jan/2023:14:07:16 -0800] "GET /favicon.ico HTTP/1.1" 404 88 "http://metrocrimedaily.com/" "Mozilla/5.0 (Linux; Android 13) AppleWebKit/537.36 (KHTML, like Gecko) Chrome/109.0.0.0 Mobile Safari/537.36" "metrocrimedaily.com"
62.198.135.34 - - [22/Jan/2023:14:07:19 -0800] "GET /backup-05-31-20/ HTTP/1.1" 200 544 "http://metrocrimedaily.com/" "Mozilla/5.0 (Linux; Android 13) AppleWebKit/537.36 (KHTML, like Gecko) Chrome/109.0.0.0 Mobile Safari/537.36" "metrocrimedaily.com"
69.63.184.1 - - [22/Jan/2023:14:10:30 -0800] "GET /instagram-stlouis/01-22-2023-1610091-A.jpg HTTP/1.1" 404 88 "-" "facebookexternalhit/1.1 (+http://www.facebook.com/externalhit_uatext.php)" "www.metrocrimedaily.com"
76.184.252.42 - - [22/Jan/2023:14:10:33 -0800] "GET /images/police-tape.jpg HTTP/1.1" 200 50766 "-" "Wget/1.20.3 (mingw32)" "metrocrimedaily.com"
69.63.184.112 - - [22/Jan/2023:14:10:42 -0800] "GET /instagram-detroit/01-22-2023-1610221-A.jpg HTTP/1.1" 404 88 "-" "facebookexternalhit/1.1 (+http://www.facebook.com/externalhit_uatext.php)" "www.metrocrimedaily.com"
69.63.184.5 - - [22/Jan/2023:14:10:51 -0800] "GET /instagram-stlouis/01-22-2023-1610092-A.jpg HTTP/1.1" 404 88 "-" "facebookexternalhit/1.1 (+http://www.facebook.com/externalhit_uatext.php)" "www.metrocrimedaily.com"
40.77.167.54 - - [22/Jan/2023:14:12:41 -0800] "GET /post-mcd-stories.html HTTP/1.1" 200 6538 "-" "Mozilla/5.0 AppleWebKit/537.36 (KHTML, like Gecko; compatible; bingbot/2.0; +http://www.bing.com/bingbot.htm) Chrome/103.0.5060.134 Safari/537.36" "metrocrimedaily.com"
87.250.224.29 - - [22/Jan/2023:14:15:22 -0800] "GET /index-losangeles.html HTTP/1.1" 200 91226 "-" "Mozilla/5.0 (compatible; YandexBot/3.0; +http://yandex.com/bots)" "metrocrimedaily.com"
213.180.203.62 - - [22/Jan/2023:14:15:26 -0800] "GET /mcd-prolog.html HTTP/1.1" 200 829 "-" "Mozilla/5.0 (compatible; YandexBot/3.0; +http://yandex.com/bots) AppleWebKit/537.36 (KHTML, like Gecko) Chrome/81.0.4044.268" "metrocrimedaily.com"
213.180.203.3 - - [22/Jan/2023:14:15:29 -0800] "GET /mcd-blog.html HTTP/1.1" 200 643 "-" "Mozilla/5.0 (compatible; YandexBot/3.0; +http://yandex.com/bots)" "metrocrimedaily.com"
87.250.224.29 - - [22/Jan/2023:14:15:31 -0800] "GET /instagram-losangeles/ HTTP/1.1" 200 11157 "-" "Mozilla/5.0 (compatible; YandexBot/3.0; +http://yandex.com/bots)" "metrocrimedaily.com"
5.255.253.145 - - [22/Jan/2023:14:15:33 -0800] "GET /mcd-calculate-how-long-ago.html HTTP/1.1" 200 643 "-" "Mozilla/5.0 (compatible; YandexBot/3.0; +http://yandex.com/bots)" "metrocrimedaily.com"
87.250.224.29 - - [22/Jan/2023:14:15:35 -0800] "GET /confirmation.htm HTTP/1.1" 200 936 "-" "Mozilla/5.0 (compatible; YandexBot/3.0; +http://yandex.com/bots)" "metrocrimedaily.com"
87.250.224.29 - - [22/Jan/2023:14:15:37 -0800] "GET /instagram-detroit/ HTTP/1.1" 200 10340 "-" "Mozilla/5.0 (compatible; YandexBot/3.0; +http://yandex.com/bots)" "metrocrimedaily.com"
213.180.203.62 - - [22/Jan/2023:14:15:40 -0800] "GET /installation/ HTTP/1.1" 200 314 "-" "Mozilla/5.0 (compatible; YandexBot/3.0; +http://yandex.com/bots)" "metrocrimedaily.com"
5.255.253.145 - - [22/Jan/2023:14:15:42 -0800] "GET /metrocrime-chicago.html HTTP/1.1" 200 1276 "-" "Mozilla/5.0 (compatible; YandexBot/3.0; +http://yandex.com/bots)" "metrocrimedaily.com"
87.250.224.29 - - [22/Jan/2023:14:15:44 -0800] "GET /metrocrime-detroit.html HTTP/1.1" 200 1356 "-" "Mozilla/5.0 (compatible; YandexBot/3.0; +http://yandex.com/bots)" "metrocrimedaily.com"
213.180.203.3 - - [22/Jan/2023:14:15:46 -0800] "GET /post-mcd-stories.html HTTP/1.1" 200 6538 "-" "Mozilla/5.0 (compatible; YandexBot/3.0; +http://yandex.com/bots)" "metrocrimedaily.com"
213.180.203.3 - - [22/Jan/2023:14:15:48 -0800] "GET /?C=M;O=A HTTP/1.1" 200 1629 "-" "Mozilla/5.0 (compatible; YandexBot/3.0; +http://yandex.com/bots)" "metrocrimedaily.com"
213.180.203.62 - - [22/Jan/2023:14:15:50 -0800] "GET /instagram-miami/ HTTP/1.1" 200 475 "-" "Mozilla/5.0 (compatible; YandexBot/3.0; +http://yandex.com/bots)" "metrocrimedaily.com"
5.255.253.145 - - [22/Jan/2023:14:15:52 -0800] "GET /styles-css.txt HTTP/1.1" 200 941 "-" "Mozilla/5.0 (compatible; YandexBot/3.0; +http://yandex.com/bots)" "metrocrimedaily.com"
