69.63.184.119 - - [20/Jan/2023:22:26:22 -0800] "GET /instagram-chicago/01-21-2023-0025282-A.jpg HTTP/1.1" 200 198764 "-" "facebookexternalhit/1.1 (+http://www.facebook.com/externalhit_uatext.php)" "www.metrocrimedaily.com"
198.136.59.20 - - [20/Jan/2023:22:30:49 -0800] "GET /wp-login.php HTTP/1.1" 404 88 "" "Mozilla/5.0 (Windows NT 10.0; Win64; x64; rv:108.0) Gecko/20100101 Firefox/108.0" "metrocrimedaily.com"
69.63.184.118 - - [20/Jan/2023:22:35:03 -0800] "GET /instagram-atlanta/01-20-2023-21421711-A.jpg HTTP/1.1" 200 123754 "-" "facebookexternalhit/1.1 (+http://www.facebook.com/externalhit_uatext.php)" "www.metrocrimedaily.com"
69.63.184.116 - - [20/Jan/2023:22:35:33 -0800] "GET /instagram-atlanta/01-20-2023-21421712-A.jpg HTTP/1.1" 200 133920 "-" "facebookexternalhit/1.1 (+http://www.facebook.com/externalhit_uatext.php)" "www.metrocrimedaily.com"
69.63.184.117 - - [20/Jan/2023:22:36:04 -0800] "GET /instagram-atlanta/01-20-2023-21421713-A.jpg HTTP/1.1" 200 80154 "-" "facebookexternalhit/1.1 (+http://www.facebook.com/externalhit_uatext.php)" "www.metrocrimedaily.com"
69.63.184.119 - - [20/Jan/2023:22:36:35 -0800] "GET /instagram-atlanta/01-20-2023-21421714-A.jpg HTTP/1.1" 200 113360 "-" "facebookexternalhit/1.1 (+http://www.facebook.com/externalhit_uatext.php)" "www.metrocrimedaily.com"
69.63.184.120 - - [20/Jan/2023:22:37:05 -0800] "GET /instagram-atlanta/01-20-2023-21421715-A.jpg HTTP/1.1" 200 186634 "-" "facebookexternalhit/1.1 (+http://www.facebook.com/externalhit_uatext.php)" "www.metrocrimedaily.com"
69.63.184.3 - - [20/Jan/2023:22:37:34 -0800] "GET /instagram-atlanta/01-20-2023-21421716-A.jpg HTTP/1.1" 200 188534 "-" "facebookexternalhit/1.1 (+http://www.facebook.com/externalhit_uatext.php)" "www.metrocrimedaily.com"
52.58.176.105 - - [20/Jan/2023:22:40:14 -0800] "GET /wp-login.php HTTP/1.1" 404 88 "" "Mozilla/5.0 (Windows NT 10.0; Win64; x64; rv:108.0) Gecko/20100101 Firefox/108.0" "metrocrimedaily.com"
185.63.153.189 - - [20/Jan/2023:22:48:06 -0800] "GET /wp-login.php HTTP/1.1" 404 88 "" "Mozilla/5.0 (Windows NT 10.0; Win64; x64; rv:108.0) Gecko/20100101 Firefox/108.0" "metrocrimedaily.com"
114.119.135.199 - - [20/Jan/2023:22:49:57 -0800] "GET /robots.txt HTTP/1.1" 404 88 "-" "Mozilla/5.0 (compatible;PetalBot;+https://webmaster.petalsearch.com/site/petalbot)" "metrocrimedaily.com"
138.246.253.24 - - [20/Jan/2023:23:12:12 -0800] "GET /robots.txt HTTP/1.1" 404 73 "-" "Mozilla/5.0 (Windows NT 10.0; Win64; x64) AppleWebKit/537.36 (KHTML, like Gecko) Chrome/103.0.5060.134 Safari/537.36" "metrocrimedaily.com"
137.116.141.77 - - [20/Jan/2023:23:30:18 -0800] "GET /wp-login.php HTTP/1.1" 404 88 "" "Mozilla/5.0 (Windows NT 10.0; Win64; x64; rv:108.0) Gecko/20100101 Firefox/108.0" "metrocrimedaily.com"
69.63.184.5 - - [20/Jan/2023:23:37:09 -0800] "GET /instagram-atlanta/01-21-2023-0135221-A.jpg HTTP/1.1" 200 187192 "-" "facebookexternalhit/1.1 (+http://www.facebook.com/externalhit_uatext.php)" "www.metrocrimedaily.com"
185.60.170.226 - - [20/Jan/2023:23:37:28 -0800] "GET /wp-login.php HTTP/1.1" 404 88 "" "Mozilla/5.0 (Windows NT 10.0; Win64; x64; rv:108.0) Gecko/20100101 Firefox/108.0" "metrocrimedaily.com"
69.63.184.5 - - [20/Jan/2023:23:37:40 -0800] "GET /instagram-atlanta/01-21-2023-0135222-A.jpg HTTP/1.1" 404 88 "-" "facebookexternalhit/1.1 (+http://www.facebook.com/externalhit_uatext.php)" "www.metrocrimedaily.com"
69.63.184.4 - - [20/Jan/2023:23:38:03 -0800] "GET /instagram-atlanta/01-21-2023-0135223-A.jpg HTTP/1.1" 404 88 "-" "facebookexternalhit/1.1 (+http://www.facebook.com/externalhit_uatext.php)" "www.metrocrimedaily.com"
69.63.184.118 - - [20/Jan/2023:23:38:25 -0800] "GET /instagram-atlanta/01-21-2023-0135224-A.jpg HTTP/1.1" 404 88 "-" "facebookexternalhit/1.1 (+http://www.facebook.com/externalhit_uatext.php)" "www.metrocrimedaily.com"
69.63.184.120 - - [20/Jan/2023:23:38:48 -0800] "GET /instagram-atlanta/01-21-2023-0135225-A.jpg HTTP/1.1" 404 88 "-" "facebookexternalhit/1.1 (+http://www.facebook.com/externalhit_uatext.php)" "www.metrocrimedaily.com"
69.63.184.120 - - [20/Jan/2023:23:39:10 -0800] "GET /instagram-atlanta/01-21-2023-0135226-A.jpg HTTP/1.1" 404 88 "-" "facebookexternalhit/1.1 (+http://www.facebook.com/externalhit_uatext.php)" "www.metrocrimedaily.com"
69.63.184.117 - - [20/Jan/2023:23:39:32 -0800] "GET /instagram-atlanta/01-21-2023-0135227-A.jpg HTTP/1.1" 404 88 "-" "facebookexternalhit/1.1 (+http://www.facebook.com/externalhit_uatext.php)" "www.metrocrimedaily.com"
69.63.184.3 - - [20/Jan/2023:23:39:55 -0800] "GET /instagram-atlanta/01-21-2023-0135228-A.jpg HTTP/1.1" 404 88 "-" "facebookexternalhit/1.1 (+http://www.facebook.com/externalhit_uatext.php)" "www.metrocrimedaily.com"
68.54.253.218 - - [20/Jan/2023:23:43:14 -0800] "GET / HTTP/1.1" 200 138699 "-" "Mozilla/5.0 (iPhone; CPU iPhone OS 16_2 like Mac OS X) AppleWebKit/605.1.15 (KHTML, like Gecko) Version/16.2 Mobile/15E148 Safari/604.1" "www.metrocrimedaily.com"
68.54.253.218 - - [20/Jan/2023:23:43:15 -0800] "GET /images/crimeinthed-logo.jpg HTTP/1.1" 200 14960 "http://www.metrocrimedaily.com/" "Mozilla/5.0 (iPhone; CPU iPhone OS 16_2 like Mac OS X) AppleWebKit/605.1.15 (KHTML, like Gecko) Version/16.2 Mobile/15E148 Safari/604.1" "www.metrocrimedaily.com"
68.54.253.218 - - [20/Jan/2023:23:43:15 -0800] "GET /images/police-tape.jpg HTTP/1.1" 200 50766 "http://www.metrocrimedaily.com/" "Mozilla/5.0 (iPhone; CPU iPhone OS 16_2 like Mac OS X) AppleWebKit/605.1.15 (KHTML, like Gecko) Version/16.2 Mobile/15E148 Safari/604.1" "metrocrimedaily.com"
68.54.253.218 - - [20/Jan/2023:23:43:15 -0800] "GET /images/facebook-logo-tiny.png HTTP/1.1" 200 1280 "http://www.metrocrimedaily.com/" "Mozilla/5.0 (iPhone; CPU iPhone OS 16_2 like Mac OS X) AppleWebKit/605.1.15 (KHTML, like Gecko) Version/16.2 Mobile/15E148 Safari/604.1" "www.metrocrimedaily.com"
68.54.253.218 - - [20/Jan/2023:23:43:15 -0800] "GET /images/youtube-logo-tiny.png HTTP/1.1" 200 689 "http://www.metrocrimedaily.com/" "Mozilla/5.0 (iPhone; CPU iPhone OS 16_2 like Mac OS X) AppleWebKit/605.1.15 (KHTML, like Gecko) Version/16.2 Mobile/15E148 Safari/604.1" "www.metrocrimedaily.com"
69.63.184.5 - - [20/Jan/2023:23:47:17 -0800] "GET /instagram-houston/01-21-2023-0146571-A.jpg HTTP/1.1" 404 88 "-" "facebookexternalhit/1.1 (+http://www.facebook.com/externalhit_uatext.php)" "www.metrocrimedaily.com"
69.63.184.1 - - [20/Jan/2023:23:49:37 -0800] "GET /instagram-losangeles/01-21-2023-0149171-A.jpg HTTP/1.1" 404 88 "-" "facebookexternalhit/1.1 (+http://www.facebook.com/externalhit_uatext.php)" "www.metrocrimedaily.com"
207.46.13.46 - - [21/Jan/2023:00:01:38 -0800] "GET / HTTP/1.1" 200 138699 "-" "Mozilla/5.0 AppleWebKit/537.36 (KHTML, like Gecko; compatible; bingbot/2.0; +http://www.bing.com/bingbot.htm) Chrome/103.0.5060.134 Safari/537.36" "www.metrocrimedaily.com"
91.20.126.134 - - [21/Jan/2023:00:15:37 -0800] "GET /10/license.txt HTTP/1.1" 404 88 "-" "Mozilla/5.0 (X11; Ubuntu; Linux x86_64; rv:62.0) Gecko/20100101 Firefox/62.0" "metrocrimedaily.com"
69.63.184.120 - - [21/Jan/2023:00:20:31 -0800] "GET /instagram-detroit/01-21-2023-0220071-A.jpg HTTP/1.1" 404 88 "-" "facebookexternalhit/1.1 (+http://www.facebook.com/externalhit_uatext.php)" "www.metrocrimedaily.com"
69.63.184.5 - - [21/Jan/2023:00:30:53 -0800] "GET /instagram-losangeles/01-21-2023-0230341-A.jpg HTTP/1.1" 404 88 "-" "facebookexternalhit/1.1 (+http://www.facebook.com/externalhit_uatext.php)" "www.metrocrimedaily.com"
69.63.184.3 - - [21/Jan/2023:00:31:14 -0800] "GET /instagram-losangeles/01-21-2023-0230342-A.jpg HTTP/1.1" 404 88 "-" "facebookexternalhit/1.1 (+http://www.facebook.com/externalhit_uatext.php)" "www.metrocrimedaily.com"
77.222.54.217 - - [21/Jan/2023:01:26:35 -0800] "GET /wp-login.php HTTP/1.1" 404 88 "" "Mozilla/5.0 (Windows NT 10.0; Win64; x64; rv:108.0) Gecko/20100101 Firefox/108.0" "metrocrimedaily.com"
172.58.122.46 - - [21/Jan/2023:01:27:18 -0800] "GET /styles-mcd.css HTTP/1.1" 200 1159 "-" "Mozilla/5.0 (Linux; Android 12; moto g stylus 5G (2022)) AppleWebKit/537.36 (KHTML, like Gecko) Chrome/108.0.0.0 Mobile Safari/537.36" "www.metrocrimedaily.com"
172.58.122.46 - - [21/Jan/2023:01:27:18 -0800] "GET / HTTP/1.1" 200 1668 "-" "Mozilla/5.0 (Linux; Android 12; moto g stylus 5G (2022)) AppleWebKit/537.36 (KHTML, like Gecko) Chrome/108.0.0.0 Mobile Safari/537.36" "www.metrocrimedaily.com"
157.55.39.5 - - [21/Jan/2023:01:30:08 -0800] "GET /instagram-detroit/12-18-2022-1802561-Gunman-who-entered-Dearborn-police-station-killed.txt HTTP/1.1" 404 88 "-" "Mozilla/5.0 AppleWebKit/537.36 (KHTML, like Gecko; compatible; bingbot/2.0; +http://www.bing.com/bingbot.htm) Chrome/103.0.5060.134 Safari/537.36" "www.metrocrimedaily.com"
45.84.1.94 - - [21/Jan/2023:01:35:48 -0800] "GET /wp-login.php HTTP/1.1" 404 88 "" "Mozilla/5.0 (Windows NT 10.0; Win64; x64; rv:108.0) Gecko/20100101 Firefox/108.0" "metrocrimedaily.com"
69.63.184.113 - - [21/Jan/2023:01:42:03 -0800] "GET /instagram-houston/01-21-2023-0341441-A.jpg HTTP/1.1" 404 88 "-" "facebookexternalhit/1.1 (+http://www.facebook.com/externalhit_uatext.php)" "www.metrocrimedaily.com"
83.69.230.5 - - [21/Jan/2023:01:46:36 -0800] "GET /wp-login.php HTTP/1.1" 404 88 "" "Mozilla/5.0 (Windows NT 10.0; Win64; x64; rv:108.0) Gecko/20100101 Firefox/108.0" "metrocrimedaily.com"
157.245.148.218 - - [21/Jan/2023:01:47:48 -0800] "GET / HTTP/1.1" 200 10502 "-" "Mozilla/5.0 (Windows NT 10.0; Win64; x64) AppleWebKit/537.36 (KHTML, like Gecko) Chrome/78.0.3904.108 Safari/537.36" "metrocrimedaily.com"
157.245.148.218 - - [21/Jan/2023:01:47:49 -0800] "GET / HTTP/1.1" 200 10502 "-" "Mozilla/5.0 (Windows NT 10.0; Win64; x64) AppleWebKit/537.36 (KHTML, like Gecko) Chrome/78.0.3904.108 Safari/537.36" "metrocrimedaily.com"
157.245.148.218 - - [21/Jan/2023:01:47:50 -0800] "GET /wp-includes/wlwmanifest.xml HTTP/1.1" 404 73 "-" "Mozilla/5.0 (Windows NT 10.0; Win64; x64) AppleWebKit/537.36 (KHTML, like Gecko) Chrome/78.0.3904.108 Safari/537.36" "metrocrimedaily.com"
157.245.148.218 - - [21/Jan/2023:01:47:51 -0800] "GET /xmlrpc.php?rsd HTTP/1.1" 404 73 "-" "Mozilla/5.0 (Windows NT 10.0; Win64; x64) AppleWebKit/537.36 (KHTML, like Gecko) Chrome/78.0.3904.108 Safari/537.36" "metrocrimedaily.com"
157.245.148.218 - - [21/Jan/2023:01:47:51 -0800] "GET / HTTP/1.1" 200 10502 "-" "Mozilla/5.0 (Windows NT 10.0; Win64; x64) AppleWebKit/537.36 (KHTML, like Gecko) Chrome/78.0.3904.108 Safari/537.36" "metrocrimedaily.com"
157.245.148.218 - - [21/Jan/2023:01:47:52 -0800] "GET /blog/wp-includes/wlwmanifest.xml HTTP/1.1" 404 73 "-" "Mozilla/5.0 (Windows NT 10.0; Win64; x64) AppleWebKit/537.36 (KHTML, like Gecko) Chrome/78.0.3904.108 Safari/537.36" "metrocrimedaily.com"
157.245.148.218 - - [21/Jan/2023:01:47:53 -0800] "GET /web/wp-includes/wlwmanifest.xml HTTP/1.1" 404 73 "-" "Mozilla/5.0 (Windows NT 10.0; Win64; x64) AppleWebKit/537.36 (KHTML, like Gecko) Chrome/78.0.3904.108 Safari/537.36" "metrocrimedaily.com"
157.245.148.218 - - [21/Jan/2023:01:47:53 -0800] "GET /wordpress/wp-includes/wlwmanifest.xml HTTP/1.1" 404 73 "-" "Mozilla/5.0 (Windows NT 10.0; Win64; x64) AppleWebKit/537.36 (KHTML, like Gecko) Chrome/78.0.3904.108 Safari/537.36" "metrocrimedaily.com"
157.245.148.218 - - [21/Jan/2023:01:47:54 -0800] "GET /website/wp-includes/wlwmanifest.xml HTTP/1.1" 404 73 "-" "Mozilla/5.0 (Windows NT 10.0; Win64; x64) AppleWebKit/537.36 (KHTML, like Gecko) Chrome/78.0.3904.108 Safari/537.36" "metrocrimedaily.com"
157.245.148.218 - - [21/Jan/2023:01:47:55 -0800] "GET /wp/wp-includes/wlwmanifest.xml HTTP/1.1" 404 73 "-" "Mozilla/5.0 (Windows NT 10.0; Win64; x64) AppleWebKit/537.36 (KHTML, like Gecko) Chrome/78.0.3904.108 Safari/537.36" "metrocrimedaily.com"
157.245.148.218 - - [21/Jan/2023:01:47:55 -0800] "GET /news/wp-includes/wlwmanifest.xml HTTP/1.1" 404 73 "-" "Mozilla/5.0 (Windows NT 10.0; Win64; x64) AppleWebKit/537.36 (KHTML, like Gecko) Chrome/78.0.3904.108 Safari/537.36" "metrocrimedaily.com"
157.245.148.218 - - [21/Jan/2023:01:47:56 -0800] "GET /2018/wp-includes/wlwmanifest.xml HTTP/1.1" 404 73 "-" "Mozilla/5.0 (Windows NT 10.0; Win64; x64) AppleWebKit/537.36 (KHTML, like Gecko) Chrome/78.0.3904.108 Safari/537.36" "metrocrimedaily.com"
157.245.148.218 - - [21/Jan/2023:01:47:56 -0800] "GET /2019/wp-includes/wlwmanifest.xml HTTP/1.1" 404 73 "-" "Mozilla/5.0 (Windows NT 10.0; Win64; x64) AppleWebKit/537.36 (KHTML, like Gecko) Chrome/78.0.3904.108 Safari/537.36" "metrocrimedaily.com"
157.245.148.218 - - [21/Jan/2023:01:47:57 -0800] "GET /shop/wp-includes/wlwmanifest.xml HTTP/1.1" 404 73 "-" "Mozilla/5.0 (Windows NT 10.0; Win64; x64) AppleWebKit/537.36 (KHTML, like Gecko) Chrome/78.0.3904.108 Safari/537.36" "metrocrimedaily.com"
157.245.148.218 - - [21/Jan/2023:01:47:57 -0800] "GET /wp1/wp-includes/wlwmanifest.xml HTTP/1.1" 404 73 "-" "Mozilla/5.0 (Windows NT 10.0; Win64; x64) AppleWebKit/537.36 (KHTML, like Gecko) Chrome/78.0.3904.108 Safari/537.36" "metrocrimedaily.com"
157.245.148.218 - - [21/Jan/2023:01:47:58 -0800] "GET /test/wp-includes/wlwmanifest.xml HTTP/1.1" 404 73 "-" "Mozilla/5.0 (Windows NT 10.0; Win64; x64) AppleWebKit/537.36 (KHTML, like Gecko) Chrome/78.0.3904.108 Safari/537.36" "metrocrimedaily.com"
157.245.148.218 - - [21/Jan/2023:01:47:58 -0800] "GET /site/wp-includes/wlwmanifest.xml HTTP/1.1" 404 73 "-" "Mozilla/5.0 (Windows NT 10.0; Win64; x64) AppleWebKit/537.36 (KHTML, like Gecko) Chrome/78.0.3904.108 Safari/537.36" "metrocrimedaily.com"
157.245.148.218 - - [21/Jan/2023:01:47:59 -0800] "GET /cms/wp-includes/wlwmanifest.xml HTTP/1.1" 404 73 "-" "Mozilla/5.0 (Windows NT 10.0; Win64; x64) AppleWebKit/537.36 (KHTML, like Gecko) Chrome/78.0.3904.108 Safari/537.36" "metrocrimedaily.com"
157.245.148.218 - - [21/Jan/2023:01:48:00 -0800] "GET /sito/wp-includes/wlwmanifest.xml HTTP/1.1" 404 73 "-" "Mozilla/5.0 (Windows NT 10.0; Win64; x64) AppleWebKit/537.36 (KHTML, like Gecko) Chrome/78.0.3904.108 Safari/537.36" "metrocrimedaily.com"
40.77.167.106 - - [21/Jan/2023:02:10:48 -0800] "GET /robots.txt HTTP/1.1" 404 88 "-" "Mozilla/5.0 AppleWebKit/537.36 (KHTML, like Gecko; compatible; bingbot/2.0; +http://www.bing.com/bingbot.htm) Chrome/103.0.5060.134 Safari/537.36" "www.metrocrimedaily.com"
157.55.39.152 - - [21/Jan/2023:02:10:50 -0800] "GET /instagram-chicago/12-20-2022-0858231-All-clear-issued-after-bomb-threat-closes-portion.txt HTTP/1.1" 404 88 "-" "Mozilla/5.0 AppleWebKit/537.36 (KHTML, like Gecko; compatible; bingbot/2.0; +http://www.bing.com/bingbot.htm) Chrome/103.0.5060.134 Safari/537.36" "www.metrocrimedaily.com"
207.46.13.46 - - [21/Jan/2023:02:15:10 -0800] "GET / HTTP/1.1" 200 1668 "-" "Mozilla/5.0 AppleWebKit/537.36 (KHTML, like Gecko; compatible; bingbot/2.0; +http://www.bing.com/bingbot.htm) Chrome/103.0.5060.134 Safari/537.36" "www.metrocrimedaily.com"
207.46.13.46 - - [21/Jan/2023:02:15:41 -0800] "GET /index-memphis.html HTTP/1.1" 200 132676 "-" "Mozilla/5.0 AppleWebKit/537.36 (KHTML, like Gecko; compatible; bingbot/2.0; +http://www.bing.com/bingbot.htm) Chrome/103.0.5060.134 Safari/537.36" "www.metrocrimedaily.com"
207.46.13.46 - - [21/Jan/2023:02:15:42 -0800] "GET /index-chicago.html HTTP/1.1" 200 115084 "-" "Mozilla/5.0 AppleWebKit/537.36 (KHTML, like Gecko; compatible; bingbot/2.0; +http://www.bing.com/bingbot.htm) Chrome/103.0.5060.134 Safari/537.36" "www.metrocrimedaily.com"
207.46.13.46 - - [21/Jan/2023:02:15:44 -0800] "GET /post-story-old.html HTTP/1.1" 200 913 "-" "Mozilla/5.0 AppleWebKit/537.36 (KHTML, like Gecko; compatible; bingbot/2.0; +http://www.bing.com/bingbot.htm) Chrome/103.0.5060.134 Safari/537.36" "www.metrocrimedaily.com"
207.46.13.46 - - [21/Jan/2023:02:15:45 -0800] "GET /leave-a-message.html HTTP/1.1" 200 2959 "-" "Mozilla/5.0 AppleWebKit/537.36 (KHTML, like Gecko; compatible; bingbot/2.0; +http://www.bing.com/bingbot.htm) Chrome/103.0.5060.134 Safari/537.36" "www.metrocrimedaily.com"
207.46.13.124 - - [21/Jan/2023:02:15:45 -0800] "GET /index-prototype.html HTTP/1.1" 200 156 "-" "Mozilla/5.0 AppleWebKit/537.36 (KHTML, like Gecko; compatible; bingbot/2.0; +http://www.bing.com/bingbot.htm) Chrome/103.0.5060.134 Safari/537.36" "www.metrocrimedaily.com"
40.77.139.105 - - [21/Jan/2023:02:15:46 -0800] "GET /styles-mcd.css HTTP/1.1" 200 4280 "-" "Mozilla/5.0 (Windows NT 6.1; WOW64) AppleWebKit/534+ (KHTML, like Gecko) BingPreview/1.0b" "www.metrocrimedaily.com"
207.46.13.124 - - [21/Jan/2023:02:15:45 -0800] "GET /instagram-stlouis/ HTTP/1.1" 200 10813 "-" "Mozilla/5.0 AppleWebKit/537.36 (KHTML, like Gecko; compatible; bingbot/2.0; +http://www.bing.com/bingbot.htm) Chrome/103.0.5060.134 Safari/537.36" "www.metrocrimedaily.com"
207.46.13.124 - - [21/Jan/2023:02:15:46 -0800] "GET /confirmation.htm HTTP/1.1" 200 936 "-" "Mozilla/5.0 AppleWebKit/537.36 (KHTML, like Gecko; compatible; bingbot/2.0; +http://www.bing.com/bingbot.htm) Chrome/103.0.5060.134 Safari/537.36" "www.metrocrimedaily.com"
207.46.13.124 - - [21/Jan/2023:02:15:47 -0800] "GET /detroit-temp-urls.txt HTTP/1.1" 200 32332 "-" "Mozilla/5.0 AppleWebKit/537.36 (KHTML, like Gecko; compatible; bingbot/2.0; +http://www.bing.com/bingbot.htm) Chrome/103.0.5060.134 Safari/537.36" "www.metrocrimedaily.com"
207.46.13.124 - - [21/Jan/2023:02:15:47 -0800] "GET /videos/ HTTP/1.1" 200 312 "-" "Mozilla/5.0 AppleWebKit/537.36 (KHTML, like Gecko; compatible; bingbot/2.0; +http://www.bing.com/bingbot.htm) Chrome/103.0.5060.134 Safari/537.36" "www.metrocrimedaily.com"
40.77.167.54 - - [21/Jan/2023:02:15:50 -0800] "GET /post-mcd-stories.html HTTP/1.1" 200 6538 "-" "Mozilla/5.0 AppleWebKit/537.36 (KHTML, like Gecko; compatible; bingbot/2.0; +http://www.bing.com/bingbot.htm) Chrome/103.0.5060.134 Safari/537.36" "www.metrocrimedaily.com"
40.77.167.54 - - [21/Jan/2023:02:15:50 -0800] "GET /index-neworleans.html HTTP/1.1" 200 26488 "-" "Mozilla/5.0 (compatible; bingbot/2.0; +http://www.bing.com/bingbot.htm)" "www.metrocrimedaily.com"
40.77.167.54 - - [21/Jan/2023:02:15:50 -0800] "GET /index-newyork.html HTTP/1.1" 200 58798 "-" "Mozilla/5.0 AppleWebKit/537.36 (KHTML, like Gecko; compatible; bingbot/2.0; +http://www.bing.com/bingbot.htm) Chrome/103.0.5060.134 Safari/537.36" "www.metrocrimedaily.com"
207.46.13.124 - - [21/Jan/2023:02:15:52 -0800] "GET /index-test.html HTTP/1.1" 200 10849 "-" "Mozilla/5.0 AppleWebKit/537.36 (KHTML, like Gecko; compatible; bingbot/2.0; +http://www.bing.com/bingbot.htm) Chrome/103.0.5060.134 Safari/537.36" "www.metrocrimedaily.com"
40.77.167.54 - - [21/Jan/2023:02:15:51 -0800] "GET /instagram-detroit/ HTTP/1.1" 200 10340 "-" "Mozilla/5.0 (compatible; bingbot/2.0; +http://www.bing.com/bingbot.htm)" "www.metrocrimedaily.com"
40.77.167.54 - - [21/Jan/2023:02:15:52 -0800] "GET /index-post-mcd-stories.html HTTP/1.1" 200 648 "-" "Mozilla/5.0 (compatible; bingbot/2.0; +http://www.bing.com/bingbot.htm)" "www.metrocrimedaily.com"
40.77.167.54 - - [21/Jan/2023:02:15:52 -0800] "GET /cw-privacy-policy.html HTTP/1.1" 200 2305 "-" "Mozilla/5.0 (compatible; bingbot/2.0; +http://www.bing.com/bingbot.htm)" "www.metrocrimedaily.com"
40.77.139.72 - - [21/Jan/2023:02:15:53 -0800] "GET /styles-2b1.css HTTP/1.1" 404 73 "-" "Mozilla/5.0 (Windows NT 6.1; WOW64) AppleWebKit/534+ (KHTML, like Gecko) BingPreview/1.0b" "www.metrocrimedaily.com"
40.77.191.232 - - [21/Jan/2023:02:15:53 -0800] "GET /styles-links.css HTTP/1.1" 200 1105 "-" "Mozilla/5.0 (Windows NT 6.1; WOW64) AppleWebKit/534+ (KHTML, like Gecko) BingPreview/1.0b" "www.metrocrimedaily.com"
40.77.139.63 - - [21/Jan/2023:02:15:54 -0800] "GET /social-media-menu.html HTTP/1.1" 200 1120 "-" "Mozilla/5.0 (Windows NT 6.1; WOW64) AppleWebKit/534+ (KHTML, like Gecko) BingPreview/1.0b" "www.metrocrimedaily.com"
40.77.139.58 - - [21/Jan/2023:02:15:54 -0800] "GET /main-menu.html HTTP/1.1" 200 1695 "-" "Mozilla/5.0 (Windows NT 6.1; WOW64) AppleWebKit/534+ (KHTML, like Gecko) BingPreview/1.0b" "www.metrocrimedaily.com"
40.77.139.108 - - [21/Jan/2023:02:15:54 -0800] "GET /styles.css HTTP/1.1" 404 73 "-" "Mozilla/5.0 (Windows NT 6.1; WOW64) AppleWebKit/534+ (KHTML, like Gecko) BingPreview/1.0b" "www.metrocrimedaily.com"
40.77.167.54 - - [21/Jan/2023:02:15:55 -0800] "GET /instagram-monroe/ HTTP/1.1" 200 358 "-" "Mozilla/5.0 AppleWebKit/537.36 (KHTML, like Gecko; compatible; bingbot/2.0; +http://www.bing.com/bingbot.htm) Chrome/103.0.5060.134 Safari/537.36" "www.metrocrimedaily.com"
157.55.39.5 - - [21/Jan/2023:02:15:56 -0800] "GET /styles-css.txt HTTP/1.1" 200 941 "-" "Mozilla/5.0 AppleWebKit/537.36 (KHTML, like Gecko; compatible; bingbot/2.0; +http://www.bing.com/bingbot.htm) Chrome/103.0.5060.134 Safari/537.36" "www.metrocrimedaily.com"
157.55.39.5 - - [21/Jan/2023:02:15:56 -0800] "GET /crime-watch-usa.html HTTP/1.1" 200 1081 "-" "Mozilla/5.0 AppleWebKit/537.36 (KHTML, like Gecko; compatible; bingbot/2.0; +http://www.bing.com/bingbot.htm) Chrome/103.0.5060.134 Safari/537.36" "www.metrocrimedaily.com"
157.55.39.5 - - [21/Jan/2023:02:15:56 -0800] "GET /instagram-newyork/ HTTP/1.1" 200 5956 "-" "Mozilla/5.0 AppleWebKit/537.36 (KHTML, like Gecko; compatible; bingbot/2.0; +http://www.bing.com/bingbot.htm) Chrome/103.0.5060.134 Safari/537.36" "www.metrocrimedaily.com"
157.55.39.5 - - [21/Jan/2023:02:15:57 -0800] "GET /mcd-prolog.html HTTP/1.1" 200 829 "-" "Mozilla/5.0 AppleWebKit/537.36 (KHTML, like Gecko; compatible; bingbot/2.0; +http://www.bing.com/bingbot.htm) Chrome/103.0.5060.134 Safari/537.36" "www.metrocrimedaily.com"
157.55.39.5 - - [21/Jan/2023:02:15:57 -0800] "GET /mcd-epilog.html HTTP/1.1" 200 435 "-" "Mozilla/5.0 AppleWebKit/537.36 (KHTML, like Gecko; compatible; bingbot/2.0; +http://www.bing.com/bingbot.htm) Chrome/103.0.5060.134 Safari/537.36" "www.metrocrimedaily.com"
157.55.39.5 - - [21/Jan/2023:02:15:57 -0800] "GET /main-menu.html HTTP/1.1" 200 897 "-" "Mozilla/5.0 AppleWebKit/537.36 (KHTML, like Gecko; compatible; bingbot/2.0; +http://www.bing.com/bingbot.htm) Chrome/103.0.5060.134 Safari/537.36" "www.metrocrimedaily.com"
40.77.139.125 - - [21/Jan/2023:02:15:57 -0800] "GET /music/maintenance.mp3 HTTP/1.1" 200 17271371 "-" "Mozilla/5.0 (Windows NT 6.1; WOW64) AppleWebKit/534+ (KHTML, like Gecko) BingPreview/1.0b" "www.metrocrimedaily.com"
157.55.39.5 - - [21/Jan/2023:02:15:57 -0800] "GET /instagram-memphis/ HTTP/1.1" 200 12281 "-" "Mozilla/5.0 AppleWebKit/537.36 (KHTML, like Gecko; compatible; bingbot/2.0; +http://www.bing.com/bingbot.htm) Chrome/103.0.5060.134 Safari/537.36" "www.metrocrimedaily.com"
157.55.39.5 - - [21/Jan/2023:02:15:59 -0800] "GET /index-houston.html HTTP/1.1" 200 215759 "-" "Mozilla/5.0 AppleWebKit/537.36 (KHTML, like Gecko; compatible; bingbot/2.0; +http://www.bing.com/bingbot.htm) Chrome/103.0.5060.134 Safari/537.36" "www.metrocrimedaily.com"
157.55.39.5 - - [21/Jan/2023:02:16:01 -0800] "GET /index-mcd-master.html HTTP/1.1" 200 1171 "-" "Mozilla/5.0 AppleWebKit/537.36 (KHTML, like Gecko; compatible; bingbot/2.0; +http://www.bing.com/bingbot.htm) Chrome/103.0.5060.134 Safari/537.36" "www.metrocrimedaily.com"
157.55.39.5 - - [21/Jan/2023:02:16:01 -0800] "GET /index-pms-oldway.html HTTP/1.1" 200 1246 "-" "Mozilla/5.0 AppleWebKit/537.36 (KHTML, like Gecko; compatible; bingbot/2.0; +http://www.bing.com/bingbot.htm) Chrome/103.0.5060.134 Safari/537.36" "www.metrocrimedaily.com"
157.55.39.5 - - [21/Jan/2023:02:16:01 -0800] "GET /music/ HTTP/1.1" 200 663 "-" "Mozilla/5.0 AppleWebKit/537.36 (KHTML, like Gecko; compatible; bingbot/2.0; +http://www.bing.com/bingbot.htm) Chrome/103.0.5060.134 Safari/537.36" "www.metrocrimedaily.com"
207.46.13.46 - - [21/Jan/2023:02:16:06 -0800] "GET /index-losangeles.html HTTP/1.1" 200 91226 "-" "Mozilla/5.0 AppleWebKit/537.36 (KHTML, like Gecko; compatible; bingbot/2.0; +http://www.bing.com/bingbot.htm) Chrome/103.0.5060.134 Safari/537.36" "www.metrocrimedaily.com"
207.46.13.46 - - [21/Jan/2023:02:16:08 -0800] "GET /?C=D;O=A HTTP/1.1" 200 1668 "-" "Mozilla/5.0 AppleWebKit/537.36 (KHTML, like Gecko; compatible; bingbot/2.0; +http://www.bing.com/bingbot.htm) Chrome/103.0.5060.134 Safari/537.36" "www.metrocrimedaily.com"
157.55.39.152 - - [21/Jan/2023:02:16:10 -0800] "GET /index-mcd-udc.html HTTP/1.1" 200 801 "-" "Mozilla/5.0 AppleWebKit/537.36 (KHTML, like Gecko; compatible; bingbot/2.0; +http://www.bing.com/bingbot.htm) Chrome/103.0.5060.134 Safari/537.36" "www.metrocrimedaily.com"
157.55.39.152 - - [21/Jan/2023:02:16:11 -0800] "GET /metrocrime-chicago.html HTTP/1.1" 200 1276 "-" "Mozilla/5.0 AppleWebKit/537.36 (KHTML, like Gecko; compatible; bingbot/2.0; +http://www.bing.com/bingbot.htm) Chrome/103.0.5060.134 Safari/537.36" "www.metrocrimedaily.com"
157.55.39.152 - - [21/Jan/2023:02:16:11 -0800] "GET /instagram-atlanta/ HTTP/1.1" 200 7087 "-" "Mozilla/5.0 AppleWebKit/537.36 (KHTML, like Gecko; compatible; bingbot/2.0; +http://www.bing.com/bingbot.htm) Chrome/103.0.5060.134 Safari/537.36" "www.metrocrimedaily.com"
157.55.39.152 - - [21/Jan/2023:02:16:12 -0800] "GET /instagram-dallas/ HTTP/1.1" 200 11917 "-" "Mozilla/5.0 AppleWebKit/537.36 (KHTML, like Gecko; compatible; bingbot/2.0; +http://www.bing.com/bingbot.htm) Chrome/103.0.5060.134 Safari/537.36" "www.metrocrimedaily.com"
207.46.13.124 - - [21/Jan/2023:02:16:12 -0800] "GET /instagram-losangeles/ HTTP/1.1" 200 11157 "-" "Mozilla/5.0 AppleWebKit/537.36 (KHTML, like Gecko; compatible; bingbot/2.0; +http://www.bing.com/bingbot.htm) Chrome/103.0.5060.134 Safari/537.36" "www.metrocrimedaily.com"
157.55.39.152 - - [21/Jan/2023:02:16:14 -0800] "GET /installation/ HTTP/1.1" 200 314 "-" "Mozilla/5.0 AppleWebKit/537.36 (KHTML, like Gecko; compatible; bingbot/2.0; +http://www.bing.com/bingbot.htm) Chrome/103.0.5060.134 Safari/537.36" "www.metrocrimedaily.com"
157.55.39.152 - - [21/Jan/2023:02:16:14 -0800] "GET /instagram-houston/ HTTP/1.1" 200 11950 "-" "Mozilla/5.0 AppleWebKit/537.36 (KHTML, like Gecko; compatible; bingbot/2.0; +http://www.bing.com/bingbot.htm) Chrome/103.0.5060.134 Safari/537.36" "www.metrocrimedaily.com"
157.55.39.152 - - [21/Jan/2023:02:16:15 -0800] "GET /instagram-miami/ HTTP/1.1" 200 475 "-" "Mozilla/5.0 AppleWebKit/537.36 (KHTML, like Gecko; compatible; bingbot/2.0; +http://www.bing.com/bingbot.htm) Chrome/103.0.5060.134 Safari/537.36" "www.metrocrimedaily.com"
157.55.39.152 - - [21/Jan/2023:02:16:15 -0800] "GET /mcd-calculate-how-long-ago.html HTTP/1.1" 200 643 "-" "Mozilla/5.0 AppleWebKit/537.36 (KHTML, like Gecko; compatible; bingbot/2.0; +http://www.bing.com/bingbot.htm) Chrome/103.0.5060.134 Safari/537.36" "www.metrocrimedaily.com"
40.77.167.54 - - [21/Jan/2023:02:16:15 -0800] "GET /mcd-blog.html HTTP/1.1" 200 643 "-" "Mozilla/5.0 (compatible; bingbot/2.0; +http://www.bing.com/bingbot.htm)" "www.metrocrimedaily.com"
157.55.39.5 - - [21/Jan/2023:02:16:19 -0800] "GET /CRIME-WATCH-AMERICA/ HTTP/1.1" 200 614 "-" "Mozilla/5.0 AppleWebKit/537.36 (KHTML, like Gecko; compatible; bingbot/2.0; +http://www.bing.com/bingbot.htm) Chrome/103.0.5060.134 Safari/537.36" "www.metrocrimedaily.com"
157.55.39.5 - - [21/Jan/2023:02:16:19 -0800] "GET /post-story.html HTTP/1.1" 200 861 "-" "Mozilla/5.0 AppleWebKit/537.36 (KHTML, like Gecko; compatible; bingbot/2.0; +http://www.bing.com/bingbot.htm) Chrome/103.0.5060.134 Safari/537.36" "www.metrocrimedaily.com"
157.55.39.5 - - [21/Jan/2023:02:16:19 -0800] "GET /mcd-news-stories.html HTTP/1.1" 200 494 "-" "Mozilla/5.0 AppleWebKit/537.36 (KHTML, like Gecko; compatible; bingbot/2.0; +http://www.bing.com/bingbot.htm) Chrome/103.0.5060.134 Safari/537.36" "www.metrocrimedaily.com"
157.55.39.5 - - [21/Jan/2023:02:16:20 -0800] "GET /images/ HTTP/1.1" 200 943 "-" "Mozilla/5.0 AppleWebKit/537.36 (KHTML, like Gecko; compatible; bingbot/2.0; +http://www.bing.com/bingbot.htm) Chrome/103.0.5060.134 Safari/537.36" "www.metrocrimedaily.com"
157.55.39.5 - - [21/Jan/2023:02:16:21 -0800] "GET /metrocrime-dallas.html HTTP/1.1" 200 1289 "-" "Mozilla/5.0 AppleWebKit/537.36 (KHTML, like Gecko; compatible; bingbot/2.0; +http://www.bing.com/bingbot.htm) Chrome/103.0.5060.134 Safari/537.36" "www.metrocrimedaily.com"
157.55.39.152 - - [21/Jan/2023:02:16:24 -0800] "GET /styles-mcd-dot-css HTTP/1.1" 200 3658 "-" "Mozilla/5.0 AppleWebKit/537.36 (KHTML, like Gecko; compatible; bingbot/2.0; +http://www.bing.com/bingbot.htm) Chrome/103.0.5060.134 Safari/537.36" "www.metrocrimedaily.com"
157.55.39.152 - - [21/Jan/2023:02:16:25 -0800] "GET /index-yh-udc.html HTTP/1.1" 200 535 "-" "Mozilla/5.0 AppleWebKit/537.36 (KHTML, like Gecko; compatible; bingbot/2.0; +http://www.bing.com/bingbot.htm) Chrome/103.0.5060.134 Safari/537.36" "www.metrocrimedaily.com"
40.77.167.54 - - [21/Jan/2023:02:16:28 -0800] "GET /?C=S;O=A HTTP/1.1" 200 1622 "-" "Mozilla/5.0 (compatible; bingbot/2.0; +http://www.bing.com/bingbot.htm)" "www.metrocrimedaily.com"
40.77.167.54 - - [21/Jan/2023:02:16:29 -0800] "GET /?C=N;O=D HTTP/1.1" 200 1650 "-" "Mozilla/5.0 AppleWebKit/537.36 (KHTML, like Gecko; compatible; bingbot/2.0; +http://www.bing.com/bingbot.htm) Chrome/103.0.5060.134 Safari/537.36" "www.metrocrimedaily.com"
40.77.167.54 - - [21/Jan/2023:02:16:29 -0800] "GET /index-tim.html HTTP/1.1" 200 14909 "-" "Mozilla/5.0 (compatible; bingbot/2.0; +http://www.bing.com/bingbot.htm)" "www.metrocrimedaily.com"
207.46.13.124 - - [21/Jan/2023:02:16:33 -0800] "GET /instagram-chicago/ HTTP/1.1" 200 9243 "-" "Mozilla/5.0 AppleWebKit/537.36 (KHTML, like Gecko; compatible; bingbot/2.0; +http://www.bing.com/bingbot.htm) Chrome/103.0.5060.134 Safari/537.36" "www.metrocrimedaily.com"
207.46.13.124 - - [21/Jan/2023:02:16:34 -0800] "GET /index-atlanta.html HTTP/1.1" 200 149512 "-" "Mozilla/5.0 AppleWebKit/537.36 (KHTML, like Gecko; compatible; bingbot/2.0; +http://www.bing.com/bingbot.htm) Chrome/103.0.5060.134 Safari/537.36" "www.metrocrimedaily.com"
207.46.13.109 - - [21/Jan/2023:02:16:42 -0800] "GET /instagram-neworleans/ HTTP/1.1" 200 10149 "-" "Mozilla/5.0 AppleWebKit/537.36 (KHTML, like Gecko; compatible; bingbot/2.0; +http://www.bing.com/bingbot.htm) Chrome/103.0.5060.134 Safari/537.36" "www.metrocrimedaily.com"
207.46.13.109 - - [21/Jan/2023:02:16:44 -0800] "GET /index-miami.html HTTP/1.1" 200 21388 "-" "Mozilla/5.0 AppleWebKit/537.36 (KHTML, like Gecko; compatible; bingbot/2.0; +http://www.bing.com/bingbot.htm) Chrome/103.0.5060.134 Safari/537.36" "www.metrocrimedaily.com"
207.46.13.109 - - [21/Jan/2023:02:16:44 -0800] "GET /index-stlouis.html HTTP/1.1" 200 168004 "-" "Mozilla/5.0 AppleWebKit/537.36 (KHTML, like Gecko; compatible; bingbot/2.0; +http://www.bing.com/bingbot.htm) Chrome/103.0.5060.134 Safari/537.36" "www.metrocrimedaily.com"
207.46.13.109 - - [21/Jan/2023:02:16:46 -0800] "GET /styles-newsbreak-css.txt HTTP/1.1" 200 5248 "-" "Mozilla/5.0 AppleWebKit/537.36 (KHTML, like Gecko; compatible; bingbot/2.0; +http://www.bing.com/bingbot.htm) Chrome/103.0.5060.134 Safari/537.36" "www.metrocrimedaily.com"
207.46.13.109 - - [21/Jan/2023:02:16:46 -0800] "GET /index-dallas.html HTTP/1.1" 200 120223 "-" "Mozilla/5.0 AppleWebKit/537.36 (KHTML, like Gecko; compatible; bingbot/2.0; +http://www.bing.com/bingbot.htm) Chrome/103.0.5060.134 Safari/537.36" "www.metrocrimedaily.com"
207.46.13.109 - - [21/Jan/2023:02:16:52 -0800] "GET /social-media-menu.html HTTP/1.1" 200 554 "-" "Mozilla/5.0 AppleWebKit/537.36 (KHTML, like Gecko; compatible; bingbot/2.0; +http://www.bing.com/bingbot.htm) Chrome/103.0.5060.134 Safari/537.36" "www.metrocrimedaily.com"
207.46.13.109 - - [21/Jan/2023:02:16:52 -0800] "GET /metrocrime-detroit.html HTTP/1.1" 200 1356 "-" "Mozilla/5.0 AppleWebKit/537.36 (KHTML, like Gecko; compatible; bingbot/2.0; +http://www.bing.com/bingbot.htm) Chrome/103.0.5060.134 Safari/537.36" "www.metrocrimedaily.com"
157.55.39.84 - - [21/Jan/2023:02:24:15 -0800] "GET /robots.txt HTTP/1.1" 404 88 "-" "Mozilla/5.0 AppleWebKit/537.36 (KHTML, like Gecko; compatible; bingbot/2.0; +http://www.bing.com/bingbot.htm) Chrome/103.0.5060.134 Safari/537.36" "www.metrocrimedaily.com"
157.55.39.84 - - [21/Jan/2023:02:24:15 -0800] "GET /robots.txt HTTP/1.1" 404 88 "-" "Mozilla/5.0 AppleWebKit/537.36 (KHTML, like Gecko; compatible; bingbot/2.0; +http://www.bing.com/bingbot.htm) Chrome/103.0.5060.134 Safari/537.36" "www.metrocrimedaily.com"
66.249.70.135 - - [21/Jan/2023:02:31:06 -0800] "GET /robots.txt HTTP/1.1" 404 88 "-" "Mozilla/5.0 (compatible; Googlebot/2.1; +http://www.google.com/bot.html)" "metrocrimedaily.com"
207.46.13.46 - - [21/Jan/2023:02:31:41 -0800] "GET /backup-05-31-20/ HTTP/1.1" 200 544 "-" "Mozilla/5.0 AppleWebKit/537.36 (KHTML, like Gecko; compatible; bingbot/2.0; +http://www.bing.com/bingbot.htm) Chrome/103.0.5060.134 Safari/537.36" "www.metrocrimedaily.com"
157.55.39.152 - - [21/Jan/2023:02:32:01 -0800] "GET /?C=M;O=A HTTP/1.1" 200 1649 "-" "Mozilla/5.0 AppleWebKit/537.36 (KHTML, like Gecko; compatible; bingbot/2.0; +http://www.bing.com/bingbot.htm) Chrome/103.0.5060.134 Safari/537.36" "www.metrocrimedaily.com"
66.249.70.138 - - [21/Jan/2023:02:59:35 -0800] "GET /index.html HTTP/1.1" 404 88 "-" "Mozilla/5.0 (Linux; Android 6.0.1; Nexus 5X Build/MMB29P) AppleWebKit/537.36 (KHTML, like Gecko) Chrome/109.0.5414.74 Mobile Safari/537.36 (compatible; Googlebot/2.1; +http://www.google.com/bot.html)" "metrocrimedaily.com"
5.101.157.8 - - [21/Jan/2023:03:18:44 -0800] "GET /wp-login.php HTTP/1.1" 404 88 "" "Mozilla/5.0 (Windows NT 10.0; Win64; x64; rv:108.0) Gecko/20100101 Firefox/108.0" "metrocrimedaily.com"
103.74.121.5 - - [21/Jan/2023:03:23:48 -0800] "GET /wp-login.php HTTP/1.1" 404 88 "" "Mozilla/5.0 (Windows NT 10.0; Win64; x64; rv:108.0) Gecko/20100101 Firefox/108.0" "metrocrimedaily.com"
66.249.70.122 - - [21/Jan/2023:03:38:10 -0800] "GET /robots.txt HTTP/1.1" 404 88 "-" "Mozilla/5.0 (compatible; Googlebot/2.1; +http://www.google.com/bot.html)" "www.metrocrimedaily.com"
69.63.184.4 - - [21/Jan/2023:03:43:52 -0800] "GET /instagram-atlanta/01-21-2023-0543301-A.jpg HTTP/1.1" 404 88 "-" "facebookexternalhit/1.1 (+http://www.facebook.com/externalhit_uatext.php)" "www.metrocrimedaily.com"
69.63.184.120 - - [21/Jan/2023:03:57:33 -0800] "GET /instagram-stlouis/01-21-2023-0557141-A.jpg HTTP/1.1" 404 88 "-" "facebookexternalhit/1.1 (+http://www.facebook.com/externalhit_uatext.php)" "www.metrocrimedaily.com"
73.175.67.43 - - [21/Jan/2023:04:02:22 -0800] "GET /100/license.txt HTTP/1.1" 404 88 "-" "Mozilla/5.0 (X11; Ubuntu; Linux x86_64; rv:62.0) Gecko/20100101 Firefox/62.0" "metrocrimedaily.com"
185.63.153.189 - - [21/Jan/2023:04:03:35 -0800] "GET /wp-login.php HTTP/1.1" 404 88 "" "Mozilla/5.0 (Windows NT 10.0; Win64; x64; rv:108.0) Gecko/20100101 Firefox/108.0" "metrocrimedaily.com"
69.63.184.117 - - [21/Jan/2023:04:08:56 -0800] "GET /instagram-memphis/01-21-2023-0608351-A.jpg HTTP/1.1" 404 88 "-" "facebookexternalhit/1.1 (+http://www.facebook.com/externalhit_uatext.php)" "www.metrocrimedaily.com"
69.63.184.116 - - [21/Jan/2023:04:11:44 -0800] "GET /instagram-houston/01-21-2023-0611251-A.jpg HTTP/1.1" 404 88 "-" "facebookexternalhit/1.1 (+http://www.facebook.com/externalhit_uatext.php)" "www.metrocrimedaily.com"
69.63.184.2 - - [21/Jan/2023:04:20:28 -0800] "GET /instagram-atlanta/01-21-2023-0620061-A.jpg HTTP/1.1" 404 88 "-" "facebookexternalhit/1.1 (+http://www.facebook.com/externalhit_uatext.php)" "www.metrocrimedaily.com"
172.105.63.144 - - [21/Jan/2023:04:25:22 -0800] "GET /wp-login.php HTTP/1.1" 404 88 "" "Mozilla/5.0 (Windows NT 10.0; Win64; x64; rv:108.0) Gecko/20100101 Firefox/108.0" "metrocrimedaily.com"
45.63.86.72 - - [21/Jan/2023:04:49:59 -0800] "GET /wp-login.php HTTP/1.1" 404 88 "" "Mozilla/5.0 (Windows NT 10.0; Win64; x64; rv:108.0) Gecko/20100101 Firefox/108.0" "metrocrimedaily.com"
148.72.244.186 - - [21/Jan/2023:04:51:11 -0800] "GET /wp-login.php HTTP/1.1" 404 88 "" "Mozilla/5.0 (Windows NT 10.0; Win64; x64; rv:108.0) Gecko/20100101 Firefox/108.0" "www.metrocrimedaily.com"
69.63.184.5 - - [21/Jan/2023:04:56:26 -0800] "GET /instagram-atlanta/01-21-2023-0656051-A.jpg HTTP/1.1" 404 88 "-" "facebookexternalhit/1.1 (+http://www.facebook.com/externalhit_uatext.php)" "www.metrocrimedaily.com"
103.129.222.7 - - [21/Jan/2023:05:02:03 -0800] "GET /wp-login.php HTTP/1.1" 404 88 "" "Mozilla/5.0 (Windows NT 10.0; Win64; x64; rv:108.0) Gecko/20100101 Firefox/108.0" "metrocrimedaily.com"
114.119.156.223 - - [21/Jan/2023:05:14:08 -0800] "GET /robots.txt HTTP/1.1" 404 88 "-" "Mozilla/5.0 (compatible;PetalBot;+https://webmaster.petalsearch.com/site/petalbot)" "www.metrocrimedaily.com"
69.63.184.1 - - [21/Jan/2023:05:22:17 -0800] "GET /instagram-chicago/01-21-2023-0721551-A.jpg HTTP/1.1" 404 88 "-" "facebookexternalhit/1.1 (+http://www.facebook.com/externalhit_uatext.php)" "www.metrocrimedaily.com"
69.63.184.117 - - [21/Jan/2023:05:25:05 -0800] "GET /instagram-stlouis/01-21-2023-0724451-A.jpg HTTP/1.1" 404 88 "-" "facebookexternalhit/1.1 (+http://www.facebook.com/externalhit_uatext.php)" "www.metrocrimedaily.com"
69.63.184.117 - - [21/Jan/2023:05:25:25 -0800] "GET /instagram-stlouis/01-21-2023-0724452-A.jpg HTTP/1.1" 404 88 "-" "facebookexternalhit/1.1 (+http://www.facebook.com/externalhit_uatext.php)" "www.metrocrimedaily.com"
69.63.184.118 - - [21/Jan/2023:05:26:57 -0800] "GET /instagram-houston/01-21-2023-0726381-A.jpg HTTP/1.1" 404 88 "-" "facebookexternalhit/1.1 (+http://www.facebook.com/externalhit_uatext.php)" "www.metrocrimedaily.com"
86.48.26.198 - - [21/Jan/2023:05:29:19 -0800] "GET /wp-login.php HTTP/1.1" 404 88 "" "Mozilla/5.0 (Windows NT 10.0; Win64; x64; rv:108.0) Gecko/20100101 Firefox/108.0" "metrocrimedaily.com"
157.55.39.5 - - [21/Jan/2023:05:29:41 -0800] "GET /instagram-dallas/12-21-2022-2217221-Milwaukee-4-year-old-dead-after--longstanding-abu.txt HTTP/1.1" 404 88 "-" "Mozilla/5.0 AppleWebKit/537.36 (KHTML, like Gecko; compatible; bingbot/2.0; +http://www.bing.com/bingbot.htm) Chrome/103.0.5060.134 Safari/537.36" "www.metrocrimedaily.com"
69.63.184.2 - - [21/Jan/2023:05:31:05 -0800] "GET /instagram-dallas/01-21-2023-0730441-A.jpg HTTP/1.1" 404 88 "-" "facebookexternalhit/1.1 (+http://www.facebook.com/externalhit_uatext.php)" "www.metrocrimedaily.com"
174.210.228.99 - - [21/Jan/2023:05:34:14 -0800] "GET / HTTP/1.1" 200 1668 "-" "Mozilla/5.0 (iPhone; CPU iPhone OS 14_6 like Mac OS X) AppleWebKit/605.1.15 (KHTML, like Gecko) Version/14.1.1 Mobile/15E148 Safari/604.1" "www.metrocrimedaily.com"
174.210.228.99 - - [21/Jan/2023:05:34:19 -0800] "GET /metrocrime-detroit.html HTTP/1.1" 200 1356 "http://www.metrocrimedaily.com/" "Mozilla/5.0 (iPhone; CPU iPhone OS 14_6 like Mac OS X) AppleWebKit/605.1.15 (KHTML, like Gecko) Version/14.1.1 Mobile/15E148 Safari/604.1" "www.metrocrimedaily.com"
174.210.228.99 - - [21/Jan/2023:05:34:20 -0800] "GET /images/crimeinthed-logo.jpg HTTP/1.1" 200 14960 "http://www.metrocrimedaily.com/metrocrime-detroit.html" "Mozilla/5.0 (iPhone; CPU iPhone OS 14_6 like Mac OS X) AppleWebKit/605.1.15 (KHTML, like Gecko) Version/14.1.1 Mobile/15E148 Safari/604.1" "www.metrocrimedaily.com"
174.210.228.99 - - [21/Jan/2023:05:34:20 -0800] "GET /images/crime-scene.jpg HTTP/1.1" 200 15225 "http://www.metrocrimedaily.com/metrocrime-detroit.html" "Mozilla/5.0 (iPhone; CPU iPhone OS 14_6 like Mac OS X) AppleWebKit/605.1.15 (KHTML, like Gecko) Version/14.1.1 Mobile/15E148 Safari/604.1" "www.metrocrimedaily.com"
174.210.228.99 - - [21/Jan/2023:05:34:20 -0800] "GET /images/do-not-cross.jpg HTTP/1.1" 200 17417 "http://www.metrocrimedaily.com/metrocrime-detroit.html" "Mozilla/5.0 (iPhone; CPU iPhone OS 14_6 like Mac OS X) AppleWebKit/605.1.15 (KHTML, like Gecko) Version/14.1.1 Mobile/15E148 Safari/604.1" "www.metrocrimedaily.com"
174.210.228.99 - - [21/Jan/2023:05:34:20 -0800] "GET /images/advertise-here.jpg HTTP/1.1" 200 9507 "http://www.metrocrimedaily.com/metrocrime-detroit.html" "Mozilla/5.0 (iPhone; CPU iPhone OS 14_6 like Mac OS X) AppleWebKit/605.1.15 (KHTML, like Gecko) Version/14.1.1 Mobile/15E148 Safari/604.1" "www.metrocrimedaily.com"
174.210.228.99 - - [21/Jan/2023:05:34:20 -0800] "GET /main-menu.html HTTP/1.1" 200 897 "http://www.metrocrimedaily.com/metrocrime-detroit.html" "Mozilla/5.0 (iPhone; CPU iPhone OS 14_6 like Mac OS X) AppleWebKit/605.1.15 (KHTML, like Gecko) Version/14.1.1 Mobile/15E148 Safari/604.1" "www.metrocrimedaily.com"
174.210.228.99 - - [21/Jan/2023:05:34:20 -0800] "GET /social-media-menu.html HTTP/1.1" 200 554 "http://www.metrocrimedaily.com/metrocrime-detroit.html" "Mozilla/5.0 (iPhone; CPU iPhone OS 14_6 like Mac OS X) AppleWebKit/605.1.15 (KHTML, like Gecko) Version/14.1.1 Mobile/15E148 Safari/604.1" "www.metrocrimedaily.com"
174.210.228.99 - - [21/Jan/2023:05:34:20 -0800] "GET /music/maintenance.mp3 HTTP/1.1" 206 2 "http://www.metrocrimedaily.com/metrocrime-detroit.html" "Mozilla/5.0 (iPhone; CPU iPhone OS 14_6 like Mac OS X) AppleWebKit/605.1.15 (KHTML, like Gecko) Version/14.1.1 Mobile/15E148 Safari/604.1" "www.metrocrimedaily.com"
174.210.228.99 - - [21/Jan/2023:05:34:20 -0800] "GET /styles-mcd.css HTTP/1.1" 200 1159 "http://www.metrocrimedaily.com/main-menu.html" "Mozilla/5.0 (iPhone; CPU iPhone OS 14_6 like Mac OS X) AppleWebKit/605.1.15 (KHTML, like Gecko) Version/14.1.1 Mobile/15E148 Safari/604.1" "www.metrocrimedaily.com"
174.210.228.99 - - [21/Jan/2023:05:34:20 -0800] "GET /styles.css HTTP/1.1" 404 88 "http://www.metrocrimedaily.com/social-media-menu.html" "Mozilla/5.0 (iPhone; CPU iPhone OS 14_6 like Mac OS X) AppleWebKit/605.1.15 (KHTML, like Gecko) Version/14.1.1 Mobile/15E148 Safari/604.1" "www.metrocrimedaily.com"
174.210.228.99 - - [21/Jan/2023:05:34:20 -0800] "GET /styles-links.css HTTP/1.1" 200 369 "http://www.metrocrimedaily.com/social-media-menu.html" "Mozilla/5.0 (iPhone; CPU iPhone OS 14_6 like Mac OS X) AppleWebKit/605.1.15 (KHTML, like Gecko) Version/14.1.1 Mobile/15E148 Safari/604.1" "www.metrocrimedaily.com"
174.210.228.99 - - [21/Jan/2023:05:34:20 -0800] "GET /images/facebook-logo-tiny.png HTTP/1.1" 200 1280 "http://www.metrocrimedaily.com/social-media-menu.html" "Mozilla/5.0 (iPhone; CPU iPhone OS 14_6 like Mac OS X) AppleWebKit/605.1.15 (KHTML, like Gecko) Version/14.1.1 Mobile/15E148 Safari/604.1" "www.metrocrimedaily.com"
174.210.228.99 - - [21/Jan/2023:05:34:20 -0800] "GET /images/twitter-logo-b-tiny.png HTTP/1.1" 200 1600 "http://www.metrocrimedaily.com/social-media-menu.html" "Mozilla/5.0 (iPhone; CPU iPhone OS 14_6 like Mac OS X) AppleWebKit/605.1.15 (KHTML, like Gecko) Version/14.1.1 Mobile/15E148 Safari/604.1" "www.metrocrimedaily.com"
174.210.228.99 - - [21/Jan/2023:05:34:20 -0800] "GET /music/maintenance.mp3 HTTP/1.1" 206 17271371 "http://www.metrocrimedaily.com/metrocrime-detroit.html" "Mozilla/5.0 (iPhone; CPU iPhone OS 14_6 like Mac OS X) AppleWebKit/605.1.15 (KHTML, like Gecko) Version/14.1.1 Mobile/15E148 Safari/604.1" "www.metrocrimedaily.com"
174.210.228.99 - - [21/Jan/2023:05:34:25 -0800] "GET /styles.css HTTP/1.1" 404 88 "http://www.metrocrimedaily.com/social-media-menu.html" "Mozilla/5.0 (iPhone; CPU iPhone OS 14_6 like Mac OS X) AppleWebKit/605.1.15 (KHTML, like Gecko) Version/14.1.1 Mobile/15E148 Safari/604.1" "www.metrocrimedaily.com"
69.63.184.1 - - [21/Jan/2023:05:34:36 -0800] "GET /instagram-atlanta/01-21-2023-0734151-A.jpg HTTP/1.1" 404 88 "-" "facebookexternalhit/1.1 (+http://www.facebook.com/externalhit_uatext.php)" "www.metrocrimedaily.com"
174.210.228.99 - - [21/Jan/2023:05:34:49 -0800] "GET /about-us.html HTTP/1.1" 200 706 "http://www.metrocrimedaily.com/" "Mozilla/5.0 (iPhone; CPU iPhone OS 14_6 like Mac OS X) AppleWebKit/605.1.15 (KHTML, like Gecko) Version/14.1.1 Mobile/15E148 Safari/604.1" "www.metrocrimedaily.com"
174.210.228.99 - - [21/Jan/2023:05:34:49 -0800] "GET /styles.css HTTP/1.1" 404 88 "http://www.metrocrimedaily.com/social-media-menu.html" "Mozilla/5.0 (iPhone; CPU iPhone OS 14_6 like Mac OS X) AppleWebKit/605.1.15 (KHTML, like Gecko) Version/14.1.1 Mobile/15E148 Safari/604.1" "www.metrocrimedaily.com"
174.210.228.99 - - [21/Jan/2023:05:34:51 -0800] "GET /styles.css HTTP/1.1" 404 88 "http://www.metrocrimedaily.com/social-media-menu.html" "Mozilla/5.0 (iPhone; CPU iPhone OS 14_6 like Mac OS X) AppleWebKit/605.1.15 (KHTML, like Gecko) Version/14.1.1 Mobile/15E148 Safari/604.1" "www.metrocrimedaily.com"
66.249.70.138 - - [21/Jan/2023:05:49:06 -0800] "GET /robots.txt HTTP/1.1" 404 88 "-" "Mozilla/5.0 (compatible; Googlebot/2.1; +http://www.google.com/bot.html)" "metrocrimedaily.com"
69.63.184.119 - - [21/Jan/2023:05:53:37 -0800] "GET /instagram-stlouis/01-21-2023-0753171-A.jpg HTTP/1.1" 404 88 "-" "facebookexternalhit/1.1 (+http://www.facebook.com/externalhit_uatext.php)" "www.metrocrimedaily.com"
69.63.184.3 - - [21/Jan/2023:06:10:31 -0800] "GET /instagram-atlanta/01-21-2023-0810101-A.jpg HTTP/1.1" 404 88 "-" "facebookexternalhit/1.1 (+http://www.facebook.com/externalhit_uatext.php)" "www.metrocrimedaily.com"
207.46.13.178 - - [21/Jan/2023:06:11:47 -0800] "GET / HTTP/1.1" 200 1668 "-" "Mozilla/5.0 AppleWebKit/537.36 (KHTML, like Gecko; compatible; bingbot/2.0; +http://www.bing.com/bingbot.htm) Chrome/103.0.5060.134 Safari/537.36" "www.metrocrimedaily.com"
69.63.184.3 - - [21/Jan/2023:06:11:57 -0800] "GET /instagram-houston/01-21-2023-0811381-A.jpg HTTP/1.1" 404 88 "-" "facebookexternalhit/1.1 (+http://www.facebook.com/externalhit_uatext.php)" "www.metrocrimedaily.com"
69.63.184.117 - - [21/Jan/2023:06:12:16 -0800] "GET /instagram-houston/01-21-2023-0811382-A.jpg HTTP/1.1" 404 88 "-" "facebookexternalhit/1.1 (+http://www.facebook.com/externalhit_uatext.php)" "www.metrocrimedaily.com"
69.63.184.2 - - [21/Jan/2023:06:12:35 -0800] "GET /instagram-houston/01-21-2023-0811383-A.jpg HTTP/1.1" 404 88 "-" "facebookexternalhit/1.1 (+http://www.facebook.com/externalhit_uatext.php)" "www.metrocrimedaily.com"
207.46.13.109 - - [21/Jan/2023:06:15:35 -0800] "GET /CRIME-WATCH-AMERICA/ HTTP/1.1" 200 614 "-" "Mozilla/5.0 AppleWebKit/537.36 (KHTML, like Gecko; compatible; bingbot/2.0; +http://www.bing.com/bingbot.htm) Chrome/103.0.5060.134 Safari/537.36" "www.metrocrimedaily.com"
207.46.13.109 - - [21/Jan/2023:06:15:35 -0800] "GET /?C=M;O=A HTTP/1.1" 200 1649 "-" "Mozilla/5.0 AppleWebKit/537.36 (KHTML, like Gecko; compatible; bingbot/2.0; +http://www.bing.com/bingbot.htm) Chrome/103.0.5060.134 Safari/537.36" "www.metrocrimedaily.com"
207.46.13.109 - - [21/Jan/2023:06:15:35 -0800] "GET /?C=D;O=A HTTP/1.1" 200 1668 "-" "Mozilla/5.0 AppleWebKit/537.36 (KHTML, like Gecko; compatible; bingbot/2.0; +http://www.bing.com/bingbot.htm) Chrome/103.0.5060.134 Safari/537.36" "www.metrocrimedaily.com"
207.46.13.109 - - [21/Jan/2023:06:15:36 -0800] "GET /index-newyork.html HTTP/1.1" 200 58798 "-" "Mozilla/5.0 AppleWebKit/537.36 (KHTML, like Gecko; compatible; bingbot/2.0; +http://www.bing.com/bingbot.htm) Chrome/103.0.5060.134 Safari/537.36" "www.metrocrimedaily.com"
207.46.13.178 - - [21/Jan/2023:06:15:37 -0800] "GET /index-mcd-udc.html HTTP/1.1" 200 801 "-" "Mozilla/5.0 AppleWebKit/537.36 (KHTML, like Gecko; compatible; bingbot/2.0; +http://www.bing.com/bingbot.htm) Chrome/103.0.5060.134 Safari/537.36" "metrocrimedaily.com"
40.77.167.54 - - [21/Jan/2023:06:15:38 -0800] "GET /index-losangeles.html HTTP/1.1" 200 91226 "-" "Mozilla/5.0 (compatible; bingbot/2.0; +http://www.bing.com/bingbot.htm)" "www.metrocrimedaily.com"
207.46.13.178 - - [21/Jan/2023:06:15:40 -0800] "GET /index-memphis.html HTTP/1.1" 200 132676 "-" "Mozilla/5.0 AppleWebKit/537.36 (KHTML, like Gecko; compatible; bingbot/2.0; +http://www.bing.com/bingbot.htm) Chrome/103.0.5060.134 Safari/537.36" "www.metrocrimedaily.com"
207.46.13.178 - - [21/Jan/2023:06:15:40 -0800] "GET /?C=S;O=A HTTP/1.1" 200 1622 "-" "Mozilla/5.0 AppleWebKit/537.36 (KHTML, like Gecko; compatible; bingbot/2.0; +http://www.bing.com/bingbot.htm) Chrome/103.0.5060.134 Safari/537.36" "www.metrocrimedaily.com"
207.46.13.178 - - [21/Jan/2023:06:15:40 -0800] "GET /index-miami.html HTTP/1.1" 200 21388 "-" "Mozilla/5.0 AppleWebKit/537.36 (KHTML, like Gecko; compatible; bingbot/2.0; +http://www.bing.com/bingbot.htm) Chrome/103.0.5060.134 Safari/537.36" "www.metrocrimedaily.com"
207.46.13.178 - - [21/Jan/2023:06:15:41 -0800] "GET /instagram-miami/ HTTP/1.1" 200 475 "-" "Mozilla/5.0 AppleWebKit/537.36 (KHTML, like Gecko; compatible; bingbot/2.0; +http://www.bing.com/bingbot.htm) Chrome/103.0.5060.134 Safari/537.36" "www.metrocrimedaily.com"
40.77.139.105 - - [21/Jan/2023:06:15:39 -0800] "GET /music/maintenance.mp3 HTTP/1.1" 200 17271371 "-" "Mozilla/5.0 (Windows NT 6.1; WOW64) AppleWebKit/534+ (KHTML, like Gecko) BingPreview/1.0b" "metrocrimedaily.com"
157.55.39.5 - - [21/Jan/2023:06:15:44 -0800] "GET /instagram-newyork/ HTTP/1.1" 200 5956 "-" "Mozilla/5.0 AppleWebKit/537.36 (KHTML, like Gecko; compatible; bingbot/2.0; +http://www.bing.com/bingbot.htm) Chrome/103.0.5060.134 Safari/537.36" "www.metrocrimedaily.com"
157.55.39.5 - - [21/Jan/2023:06:15:44 -0800] "GET /index-neworleans.html HTTP/1.1" 200 26488 "-" "Mozilla/5.0 AppleWebKit/537.36 (KHTML, like Gecko; compatible; bingbot/2.0; +http://www.bing.com/bingbot.htm) Chrome/103.0.5060.134 Safari/537.36" "www.metrocrimedaily.com"
207.46.13.124 - - [21/Jan/2023:06:15:44 -0800] "GET /instagram-neworleans/ HTTP/1.1" 200 10149 "-" "Mozilla/5.0 AppleWebKit/537.36 (KHTML, like Gecko; compatible; bingbot/2.0; +http://www.bing.com/bingbot.htm) Chrome/103.0.5060.134 Safari/537.36" "www.metrocrimedaily.com"
157.55.39.5 - - [21/Jan/2023:06:15:45 -0800] "GET /instagram-memphis/ HTTP/1.1" 200 12281 "-" "Mozilla/5.0 AppleWebKit/537.36 (KHTML, like Gecko; compatible; bingbot/2.0; +http://www.bing.com/bingbot.htm) Chrome/103.0.5060.134 Safari/537.36" "www.metrocrimedaily.com"
40.77.167.54 - - [21/Jan/2023:06:15:49 -0800] "GET /instagram-stlouis/ HTTP/1.1" 200 10813 "-" "Mozilla/5.0 AppleWebKit/537.36 (KHTML, like Gecko; compatible; bingbot/2.0; +http://www.bing.com/bingbot.htm) Chrome/103.0.5060.134 Safari/537.36" "www.metrocrimedaily.com"
40.77.167.54 - - [21/Jan/2023:06:15:51 -0800] "GET /index-stlouis.html HTTP/1.1" 200 168004 "-" "Mozilla/5.0 AppleWebKit/537.36 (KHTML, like Gecko; compatible; bingbot/2.0; +http://www.bing.com/bingbot.htm) Chrome/103.0.5060.134 Safari/537.36" "www.metrocrimedaily.com"
