148.72.244.186 - - [20/Jan/2023:16:00:00 -0800] "GET /wp-login.php HTTP/1.1" 404 88 "" "Mozilla/5.0 (Windows NT 10.0; Win64; x64; rv:108.0) Gecko/20100101 Firefox/108.0" "www.metrocrimedaily.com"
69.63.184.4 - - [20/Jan/2023:16:00:43 -0800] "GET /instagram-newyork/01-20-2023-1800231-A.jpg HTTP/1.1" 200 165636 "-" "facebookexternalhit/1.1 (+http://www.facebook.com/externalhit_uatext.php)" "www.metrocrimedaily.com"
69.63.184.4 - - [20/Jan/2023:16:04:22 -0800] "GET /instagram-houston/01-20-2023-1804021-A.jpg HTTP/1.1" 200 185469 "-" "facebookexternalhit/1.1 (+http://www.facebook.com/externalhit_uatext.php)" "www.metrocrimedaily.com"
207.46.13.109 - - [20/Jan/2023:16:04:37 -0800] "GET /instagram-chicago/12-24-2022-1529061-Man-killed-in-shooting-at-Waukegan-sports-bar--po.txt HTTP/1.1" 404 88 "-" "Mozilla/5.0 AppleWebKit/537.36 (KHTML, like Gecko; compatible; bingbot/2.0; +http://www.bing.com/bingbot.htm) Chrome/103.0.5060.134 Safari/537.36" "www.metrocrimedaily.com"
69.63.184.119 - - [20/Jan/2023:16:06:44 -0800] "GET /instagram-stlouis/01-20-2023-1648276-A.jpg HTTP/1.1" 200 258899 "-" "facebookexternalhit/1.1 (+http://www.facebook.com/externalhit_uatext.php)" "www.metrocrimedaily.com"
69.63.184.1 - - [20/Jan/2023:16:07:26 -0800] "GET /instagram-atlanta/01-20-2023-1719594-A.jpg HTTP/1.1" 200 150649 "-" "facebookexternalhit/1.1 (+http://www.facebook.com/externalhit_uatext.php)" "www.metrocrimedaily.com"
69.63.184.120 - - [20/Jan/2023:16:09:03 -0800] "GET /instagram-dallas/01-20-2023-1737243-A.jpg HTTP/1.1" 200 206153 "-" "facebookexternalhit/1.1 (+http://www.facebook.com/externalhit_uatext.php)" "www.metrocrimedaily.com"
69.63.184.116 - - [20/Jan/2023:16:10:19 -0800] "GET /instagram-memphis/01-20-2023-1809591-A.jpg HTTP/1.1" 200 210768 "-" "facebookexternalhit/1.1 (+http://www.facebook.com/externalhit_uatext.php)" "www.metrocrimedaily.com"
69.63.184.116 - - [20/Jan/2023:16:16:14 -0800] "GET /instagram-newyork/01-20-2023-1800232-A.jpg HTTP/1.1" 200 107548 "-" "facebookexternalhit/1.1 (+http://www.facebook.com/externalhit_uatext.php)" "www.metrocrimedaily.com"
69.63.184.4 - - [20/Jan/2023:16:19:53 -0800] "GET /instagram-houston/01-20-2023-1804022-A.jpg HTTP/1.1" 200 160590 "-" "facebookexternalhit/1.1 (+http://www.facebook.com/externalhit_uatext.php)" "www.metrocrimedaily.com"
69.63.184.116 - - [20/Jan/2023:16:23:05 -0800] "GET /instagram-atlanta/01-20-2023-1719595-A.jpg HTTP/1.1" 200 87746 "-" "facebookexternalhit/1.1 (+http://www.facebook.com/externalhit_uatext.php)" "www.metrocrimedaily.com"
69.63.184.116 - - [20/Jan/2023:16:24:39 -0800] "GET /instagram-dallas/01-20-2023-1737244-A.jpg HTTP/1.1" 200 185247 "-" "facebookexternalhit/1.1 (+http://www.facebook.com/externalhit_uatext.php)" "www.metrocrimedaily.com"
69.63.184.1 - - [20/Jan/2023:16:25:50 -0800] "GET /instagram-memphis/01-20-2023-1809592-A.jpg HTTP/1.1" 200 83851 "-" "facebookexternalhit/1.1 (+http://www.facebook.com/externalhit_uatext.php)" "www.metrocrimedaily.com"
69.63.184.118 - - [20/Jan/2023:16:26:19 -0800] "GET /instagram-memphis/01-20-2023-1809593-A.jpg HTTP/1.1" 200 198312 "-" "facebookexternalhit/1.1 (+http://www.facebook.com/externalhit_uatext.php)" "www.metrocrimedaily.com"
69.63.184.117 - - [20/Jan/2023:16:26:46 -0800] "GET /instagram-memphis/01-20-2023-1809594-A.jpg HTTP/1.1" 200 180926 "-" "facebookexternalhit/1.1 (+http://www.facebook.com/externalhit_uatext.php)" "www.metrocrimedaily.com"
69.63.184.116 - - [20/Jan/2023:16:27:13 -0800] "GET /instagram-memphis/01-20-2023-1809595-A.jpg HTTP/1.1" 200 125112 "-" "facebookexternalhit/1.1 (+http://www.facebook.com/externalhit_uatext.php)" "www.metrocrimedaily.com"
69.63.184.117 - - [20/Jan/2023:16:27:41 -0800] "GET /instagram-memphis/01-20-2023-1809596-A.jpg HTTP/1.1" 200 154766 "-" "facebookexternalhit/1.1 (+http://www.facebook.com/externalhit_uatext.php)" "www.metrocrimedaily.com"
69.63.184.119 - - [20/Jan/2023:16:28:10 -0800] "GET /instagram-memphis/01-20-2023-1809597-A.jpg HTTP/1.1" 200 126752 "-" "facebookexternalhit/1.1 (+http://www.facebook.com/externalhit_uatext.php)" "www.metrocrimedaily.com"
172.58.123.236 - - [20/Jan/2023:16:29:30 -0800] "GET / HTTP/1.1" 200 135236 "https://www.google.com/" "Mozilla/5.0 (iPhone; CPU iPhone OS 15_6_1 like Mac OS X) AppleWebKit/605.1.15 (KHTML, like Gecko) Version/15.6.1 Mobile/15E148 Safari/604.1" "www.metrocrimedaily.com"
172.58.123.236 - - [20/Jan/2023:16:29:30 -0800] "GET /styles-mcd.css HTTP/1.1" 200 1159 "http://www.metrocrimedaily.com/" "Mozilla/5.0 (iPhone; CPU iPhone OS 15_6_1 like Mac OS X) AppleWebKit/605.1.15 (KHTML, like Gecko) Version/15.6.1 Mobile/15E148 Safari/604.1" "www.metrocrimedaily.com"
172.58.123.236 - - [20/Jan/2023:16:29:31 -0800] "GET /images/crimeinthed-logo.jpg HTTP/1.1" 200 14960 "http://www.metrocrimedaily.com/" "Mozilla/5.0 (iPhone; CPU iPhone OS 15_6_1 like Mac OS X) AppleWebKit/605.1.15 (KHTML, like Gecko) Version/15.6.1 Mobile/15E148 Safari/604.1" "www.metrocrimedaily.com"
172.58.123.236 - - [20/Jan/2023:16:29:31 -0800] "GET /images/police-tape.jpg HTTP/1.1" 200 50766 "http://www.metrocrimedaily.com/" "Mozilla/5.0 (iPhone; CPU iPhone OS 15_6_1 like Mac OS X) AppleWebKit/605.1.15 (KHTML, like Gecko) Version/15.6.1 Mobile/15E148 Safari/604.1" "metrocrimedaily.com"
172.58.123.236 - - [20/Jan/2023:16:29:38 -0800] "GET /images/youtube-logo-tiny.png HTTP/1.1" 200 689 "http://www.metrocrimedaily.com/" "Mozilla/5.0 (iPhone; CPU iPhone OS 15_6_1 like Mac OS X) AppleWebKit/605.1.15 (KHTML, like Gecko) Version/15.6.1 Mobile/15E148 Safari/604.1" "www.metrocrimedaily.com"
172.58.123.236 - - [20/Jan/2023:16:29:39 -0800] "GET /images/twitter-logo-b-tiny.png HTTP/1.1" 200 1600 "http://www.metrocrimedaily.com/" "Mozilla/5.0 (iPhone; CPU iPhone OS 15_6_1 like Mac OS X) AppleWebKit/605.1.15 (KHTML, like Gecko) Version/15.6.1 Mobile/15E148 Safari/604.1" "www.metrocrimedaily.com"
172.58.123.236 - - [20/Jan/2023:16:29:40 -0800] "GET /images/facebook-logo-tiny.png HTTP/1.1" 200 1280 "http://www.metrocrimedaily.com/" "Mozilla/5.0 (iPhone; CPU iPhone OS 15_6_1 like Mac OS X) AppleWebKit/605.1.15 (KHTML, like Gecko) Version/15.6.1 Mobile/15E148 Safari/604.1" "www.metrocrimedaily.com"
109.70.148.39 - - [20/Jan/2023:16:30:13 -0800] "GET /wp-login.php HTTP/1.1" 404 88 "" "Mozilla/5.0 (Windows NT 10.0; Win64; x64; rv:108.0) Gecko/20100101 Firefox/108.0" "metrocrimedaily.com"
69.63.184.5 - - [20/Jan/2023:16:35:23 -0800] "GET /instagram-houston/01-20-2023-1804023-A.jpg HTTP/1.1" 200 86913 "-" "facebookexternalhit/1.1 (+http://www.facebook.com/externalhit_uatext.php)" "www.metrocrimedaily.com"
172.58.123.0 - - [20/Jan/2023:16:36:01 -0800] "GET /favicon.ico HTTP/1.1" 404 88 "http://www.metrocrimedaily.com/" "Mozilla/5.0 (iPhone; CPU iPhone OS 15_6_1 like Mac OS X) AppleWebKit/605.1.15 (KHTML, like Gecko) Version/15.6.1 Mobile/15E148 Safari/604.1" "www.metrocrimedaily.com"
69.63.184.116 - - [20/Jan/2023:16:38:43 -0800] "GET /instagram-atlanta/01-20-2023-1719596-A.jpg HTTP/1.1" 200 132738 "-" "facebookexternalhit/1.1 (+http://www.facebook.com/externalhit_uatext.php)" "www.metrocrimedaily.com"
69.63.184.117 - - [20/Jan/2023:16:40:25 -0800] "GET /instagram-dallas/01-20-2023-1737245-A.jpg HTTP/1.1" 200 126225 "-" "facebookexternalhit/1.1 (+http://www.facebook.com/externalhit_uatext.php)" "www.metrocrimedaily.com"
45.85.146.176 - - [20/Jan/2023:16:41:16 -0800] "GET /wp-login.php HTTP/1.1" 404 88 "" "Mozilla/5.0 (Windows NT 10.0; Win64; x64; rv:108.0) Gecko/20100101 Firefox/108.0" "metrocrimedaily.com"
69.63.184.120 - - [20/Jan/2023:16:42:17 -0800] "GET /instagram-losangeles/01-20-2023-1841571-A.jpg HTTP/1.1" 200 176916 "-" "facebookexternalhit/1.1 (+http://www.facebook.com/externalhit_uatext.php)" "www.metrocrimedaily.com"
69.63.184.116 - - [20/Jan/2023:16:43:53 -0800] "GET /instagram-detroit/01-20-2023-1842061-A.jpg HTTP/1.1" 200 80166 "-" "facebookexternalhit/1.1 (+http://www.facebook.com/externalhit_uatext.php)" "www.metrocrimedaily.com"
68.49.4.39 - - [20/Jan/2023:16:44:42 -0800] "GET / HTTP/1.1" 200 135236 "https://www.google.com/url?q=http://www.metrocrimedaily.com/&sa=U&sqi=2&ved=2ahUKEwirgrW9t9f8AhXglokEHf4_BYgQFnoECAQQAQ&usg=AOvVaw1kCRRHJAWan-zBSA_S_a4u" "Mozilla/5.0 (iPhone; CPU iPhone OS 16_1 like Mac OS X) AppleWebKit/605.1.15 (KHTML, like Gecko) GSA/246.1.501310880 Mobile/15E148 Safari/604.1" "www.metrocrimedaily.com"
85.218.200.104 - - [20/Jan/2023:16:49:32 -0800] "GET /03/license.txt HTTP/1.1" 404 88 "-" "Mozilla/5.0 (X11; Ubuntu; Linux x86_64; rv:62.0) Gecko/20100101 Firefox/62.0" "metrocrimedaily.com"
69.63.184.116 - - [20/Jan/2023:16:50:55 -0800] "GET /instagram-houston/01-20-2023-1804024-A.jpg HTTP/1.1" 200 234060 "-" "facebookexternalhit/1.1 (+http://www.facebook.com/externalhit_uatext.php)" "www.metrocrimedaily.com"
66.249.70.134 - - [20/Jan/2023:16:53:42 -0800] "GET /robots.txt HTTP/1.1" 404 88 "-" "Mozilla/5.0 (compatible; Googlebot/2.1; +http://www.google.com/bot.html)" "metrocrimedaily.com"
69.63.184.4 - - [20/Jan/2023:16:54:19 -0800] "GET /instagram-atlanta/01-20-2023-1719597-A.jpg HTTP/1.1" 200 118457 "-" "facebookexternalhit/1.1 (+http://www.facebook.com/externalhit_uatext.php)" "www.metrocrimedaily.com"
88.99.119.166 - - [20/Jan/2023:16:57:21 -0800] "GET /wp-login.php HTTP/1.1" 404 88 "" "Mozilla/5.0 (Windows NT 10.0; Win64; x64; rv:108.0) Gecko/20100101 Firefox/108.0" "metrocrimedaily.com"
69.63.184.120 - - [20/Jan/2023:16:59:24 -0800] "GET /instagram-detroit/01-20-2023-1842062-A.jpg HTTP/1.1" 200 67026 "-" "facebookexternalhit/1.1 (+http://www.facebook.com/externalhit_uatext.php)" "www.metrocrimedaily.com"
213.238.181.239 - - [20/Jan/2023:17:00:43 -0800] "GET /wp-login.php HTTP/1.1" 404 88 "" "Mozilla/5.0 (Windows NT 10.0; Win64; x64; rv:108.0) Gecko/20100101 Firefox/108.0" "metrocrimedaily.com"
207.46.13.46 - - [20/Jan/2023:17:01:08 -0800] "GET / HTTP/1.1" 200 135236 "-" "Mozilla/5.0 AppleWebKit/537.36 (KHTML, like Gecko; compatible; bingbot/2.0; +http://www.bing.com/bingbot.htm) Chrome/103.0.5060.134 Safari/537.36" "www.metrocrimedaily.com"
69.63.184.117 - - [20/Jan/2023:17:01:38 -0800] "GET /instagram-chicago/01-20-2023-1901161-A.jpg HTTP/1.1" 200 99316 "-" "facebookexternalhit/1.1 (+http://www.facebook.com/externalhit_uatext.php)" "www.metrocrimedaily.com"
40.88.21.235 - - [20/Jan/2023:17:02:09 -0800] "GET / HTTP/1.1" 200 135236 "http://metrocrimedaily.com/" "Mozilla/5.0 (compatible; DuckDuckGo-Favicons-Bot/1.0; +http://duckduckgo.com)" "metrocrimedaily.com"
40.88.21.235 - - [20/Jan/2023:17:02:10 -0800] "GET /favicon.ico HTTP/1.1" 404 88 "http://metrocrimedaily.com/favicon.ico" "Mozilla/5.0 (compatible; DuckDuckGo-Favicons-Bot/1.0; +http://duckduckgo.com)" "metrocrimedaily.com"
69.63.184.3 - - [20/Jan/2023:17:04:35 -0800] "GET /instagram-newyork/01-20-2023-1904151-A.jpg HTTP/1.1" 200 72372 "-" "facebookexternalhit/1.1 (+http://www.facebook.com/externalhit_uatext.php)" "www.metrocrimedaily.com"
69.63.184.117 - - [20/Jan/2023:17:06:27 -0800] "GET /instagram-houston/01-20-2023-1804025-A.jpg HTTP/1.1" 200 187845 "-" "facebookexternalhit/1.1 (+http://www.facebook.com/externalhit_uatext.php)" "www.metrocrimedaily.com"
69.63.184.117 - - [20/Jan/2023:17:09:54 -0800] "GET /instagram-atlanta/01-20-2023-1719598-A.jpg HTTP/1.1" 200 136069 "-" "facebookexternalhit/1.1 (+http://www.facebook.com/externalhit_uatext.php)" "www.metrocrimedaily.com"
76.184.252.42 - - [20/Jan/2023:17:14:47 -0800] "GET /images/police-tape.jpg HTTP/1.1" 200 50766 "-" "Wget/1.20.3 (mingw32)" "metrocrimedaily.com"
69.63.184.116 - - [20/Jan/2023:17:14:56 -0800] "GET /instagram-detroit/01-20-2023-1842063-A.jpg HTTP/1.1" 200 54864 "-" "facebookexternalhit/1.1 (+http://www.facebook.com/externalhit_uatext.php)" "www.metrocrimedaily.com"
69.63.184.116 - - [20/Jan/2023:17:17:15 -0800] "GET /instagram-chicago/01-20-2023-1901162-A.jpg HTTP/1.1" 200 109158 "-" "facebookexternalhit/1.1 (+http://www.facebook.com/externalhit_uatext.php)" "www.metrocrimedaily.com"
69.63.184.116 - - [20/Jan/2023:17:19:32 -0800] "GET /instagram-memphis/01-20-2023-1918531-A.jpg HTTP/1.1" 200 156456 "-" "facebookexternalhit/1.1 (+http://www.facebook.com/externalhit_uatext.php)" "www.metrocrimedaily.com"
69.63.184.118 - - [20/Jan/2023:17:21:57 -0800] "GET /instagram-houston/01-20-2023-1804026-A.jpg HTTP/1.1" 200 187037 "-" "facebookexternalhit/1.1 (+http://www.facebook.com/externalhit_uatext.php)" "www.metrocrimedaily.com"
69.63.184.4 - - [20/Jan/2023:17:24:17 -0800] "GET /instagram-stlouis/01-20-2023-1923561-A.jpg HTTP/1.1" 200 162600 "-" "facebookexternalhit/1.1 (+http://www.facebook.com/externalhit_uatext.php)" "www.metrocrimedaily.com"
69.63.184.5 - - [20/Jan/2023:17:25:29 -0800] "GET /instagram-atlanta/01-20-2023-1719599-A.jpg HTTP/1.1" 200 113524 "-" "facebookexternalhit/1.1 (+http://www.facebook.com/externalhit_uatext.php)" "www.metrocrimedaily.com"
68.55.51.193 - - [20/Jan/2023:17:28:37 -0800] "GET / HTTP/1.1" 200 135236 "https://www.google.com/" "Mozilla/5.0 (Linux; Android 13; SM-G998U) AppleWebKit/537.36 (KHTML, like Gecko) Chrome/109.0.0.0 Mobile Safari/537.36" "www.metrocrimedaily.com"
68.55.51.193 - - [20/Jan/2023:17:28:37 -0800] "GET /styles-mcd.css HTTP/1.1" 200 1159 "http://www.metrocrimedaily.com/" "Mozilla/5.0 (Linux; Android 13; SM-G998U) AppleWebKit/537.36 (KHTML, like Gecko) Chrome/109.0.0.0 Mobile Safari/537.36" "www.metrocrimedaily.com"
68.55.51.193 - - [20/Jan/2023:17:28:37 -0800] "GET /images/crimeinthed-logo.jpg HTTP/1.1" 200 14960 "http://www.metrocrimedaily.com/" "Mozilla/5.0 (Linux; Android 13; SM-G998U) AppleWebKit/537.36 (KHTML, like Gecko) Chrome/109.0.0.0 Mobile Safari/537.36" "www.metrocrimedaily.com"
68.55.51.193 - - [20/Jan/2023:17:28:37 -0800] "GET /images/police-tape.jpg HTTP/1.1" 200 50766 "http://www.metrocrimedaily.com/" "Mozilla/5.0 (Linux; Android 13; SM-G998U) AppleWebKit/537.36 (KHTML, like Gecko) Chrome/109.0.0.0 Mobile Safari/537.36" "metrocrimedaily.com"
68.55.51.193 - - [20/Jan/2023:17:28:38 -0800] "GET /images/twitter-logo-b-tiny.png HTTP/1.1" 200 1600 "http://www.metrocrimedaily.com/" "Mozilla/5.0 (Linux; Android 13; SM-G998U) AppleWebKit/537.36 (KHTML, like Gecko) Chrome/109.0.0.0 Mobile Safari/537.36" "www.metrocrimedaily.com"
68.55.51.193 - - [20/Jan/2023:17:28:38 -0800] "GET /images/facebook-logo-tiny.png HTTP/1.1" 200 1280 "http://www.metrocrimedaily.com/" "Mozilla/5.0 (Linux; Android 13; SM-G998U) AppleWebKit/537.36 (KHTML, like Gecko) Chrome/109.0.0.0 Mobile Safari/537.36" "www.metrocrimedaily.com"
68.55.51.193 - - [20/Jan/2023:17:28:38 -0800] "GET /images/youtube-logo-tiny.png HTTP/1.1" 200 689 "http://www.metrocrimedaily.com/" "Mozilla/5.0 (Linux; Android 13; SM-G998U) AppleWebKit/537.36 (KHTML, like Gecko) Chrome/109.0.0.0 Mobile Safari/537.36" "www.metrocrimedaily.com"
69.63.184.116 - - [20/Jan/2023:17:30:26 -0800] "GET /instagram-detroit/01-20-2023-1842064-A.jpg HTTP/1.1" 200 170130 "-" "facebookexternalhit/1.1 (+http://www.facebook.com/externalhit_uatext.php)" "www.metrocrimedaily.com"
69.63.184.117 - - [20/Jan/2023:17:32:48 -0800] "GET /instagram-chicago/01-20-2023-1901163-A.jpg HTTP/1.1" 200 78264 "-" "facebookexternalhit/1.1 (+http://www.facebook.com/externalhit_uatext.php)" "www.metrocrimedaily.com"
69.63.184.2 - - [20/Jan/2023:17:33:42 -0800] "GET /instagram-losangeles/01-20-2023-1933191-A.jpg HTTP/1.1" 200 310130 "-" "facebookexternalhit/1.1 (+http://www.facebook.com/externalhit_uatext.php)" "www.metrocrimedaily.com"
69.63.184.120 - - [20/Jan/2023:17:35:03 -0800] "GET /instagram-memphis/01-20-2023-1918532-A.jpg HTTP/1.1" 200 104169 "-" "facebookexternalhit/1.1 (+http://www.facebook.com/externalhit_uatext.php)" "www.metrocrimedaily.com"
69.63.184.117 - - [20/Jan/2023:17:35:31 -0800] "GET /instagram-memphis/01-20-2023-1918533-A.jpg HTTP/1.1" 200 95662 "-" "facebookexternalhit/1.1 (+http://www.facebook.com/externalhit_uatext.php)" "www.metrocrimedaily.com"
69.63.184.1 - - [20/Jan/2023:17:35:58 -0800] "GET /instagram-memphis/01-20-2023-1918534-A.jpg HTTP/1.1" 200 129798 "-" "facebookexternalhit/1.1 (+http://www.facebook.com/externalhit_uatext.php)" "www.metrocrimedaily.com"
69.63.184.5 - - [20/Jan/2023:17:36:26 -0800] "GET /instagram-memphis/01-20-2023-1918535-A.jpg HTTP/1.1" 200 100339 "-" "facebookexternalhit/1.1 (+http://www.facebook.com/externalhit_uatext.php)" "www.metrocrimedaily.com"
69.63.184.116 - - [20/Jan/2023:17:36:56 -0800] "GET /instagram-memphis/01-20-2023-1918536-A.jpg HTTP/1.1" 200 137202 "-" "facebookexternalhit/1.1 (+http://www.facebook.com/externalhit_uatext.php)" "www.metrocrimedaily.com"
69.63.184.3 - - [20/Jan/2023:17:37:25 -0800] "GET /instagram-memphis/01-20-2023-1918537-A.jpg HTTP/1.1" 200 108847 "-" "facebookexternalhit/1.1 (+http://www.facebook.com/externalhit_uatext.php)" "www.metrocrimedaily.com"
69.63.184.2 - - [20/Jan/2023:17:37:32 -0800] "GET /instagram-houston/01-20-2023-1804027-A.jpg HTTP/1.1" 200 205189 "-" "facebookexternalhit/1.1 (+http://www.facebook.com/externalhit_uatext.php)" "www.metrocrimedaily.com"
69.63.184.3 - - [20/Jan/2023:17:39:49 -0800] "GET /instagram-stlouis/01-20-2023-1923562-A.jpg HTTP/1.1" 200 244753 "-" "facebookexternalhit/1.1 (+http://www.facebook.com/externalhit_uatext.php)" "www.metrocrimedaily.com"
69.63.184.4 - - [20/Jan/2023:17:46:02 -0800] "GET /instagram-detroit/01-20-2023-1842065-A.jpg HTTP/1.1" 200 83834 "-" "facebookexternalhit/1.1 (+http://www.facebook.com/externalhit_uatext.php)" "www.metrocrimedaily.com"
69.63.184.5 - - [20/Jan/2023:17:46:33 -0800] "GET /instagram-dallas/01-20-2023-1946111-A.jpg HTTP/1.1" 200 87244 "-" "facebookexternalhit/1.1 (+http://www.facebook.com/externalhit_uatext.php)" "www.metrocrimedaily.com"
69.63.184.5 - - [20/Jan/2023:17:48:23 -0800] "GET /instagram-chicago/01-20-2023-1901164-A.jpg HTTP/1.1" 200 111560 "-" "facebookexternalhit/1.1 (+http://www.facebook.com/externalhit_uatext.php)" "www.metrocrimedaily.com"
69.63.184.116 - - [20/Jan/2023:17:53:03 -0800] "GET /instagram-houston/01-20-2023-1804028-A.jpg HTTP/1.1" 200 195869 "-" "facebookexternalhit/1.1 (+http://www.facebook.com/externalhit_uatext.php)" "www.metrocrimedaily.com"
69.63.184.120 - - [20/Jan/2023:17:53:31 -0800] "GET /instagram-houston/01-20-2023-1804029-A.jpg HTTP/1.1" 200 175906 "-" "facebookexternalhit/1.1 (+http://www.facebook.com/externalhit_uatext.php)" "www.metrocrimedaily.com"
69.63.184.3 - - [20/Jan/2023:17:53:59 -0800] "GET /instagram-houston/01-20-2023-18040210-A.jpg HTTP/1.1" 200 172196 "-" "facebookexternalhit/1.1 (+http://www.facebook.com/externalhit_uatext.php)" "www.metrocrimedaily.com"
69.63.184.120 - - [20/Jan/2023:17:54:27 -0800] "GET /instagram-houston/01-20-2023-18040211-A.jpg HTTP/1.1" 200 149885 "-" "facebookexternalhit/1.1 (+http://www.facebook.com/externalhit_uatext.php)" "www.metrocrimedaily.com"
69.63.184.116 - - [20/Jan/2023:17:54:53 -0800] "GET /instagram-houston/01-20-2023-18040212-A.jpg HTTP/1.1" 200 174569 "-" "facebookexternalhit/1.1 (+http://www.facebook.com/externalhit_uatext.php)" "www.metrocrimedaily.com"
69.63.184.1 - - [20/Jan/2023:17:55:18 -0800] "GET /instagram-houston/01-20-2023-18040213-A.jpg HTTP/1.1" 200 61300 "-" "facebookexternalhit/1.1 (+http://www.facebook.com/externalhit_uatext.php)" "www.metrocrimedaily.com"
69.63.184.3 - - [20/Jan/2023:17:55:20 -0800] "GET /instagram-stlouis/01-20-2023-1923563-A.jpg HTTP/1.1" 200 113433 "-" "facebookexternalhit/1.1 (+http://www.facebook.com/externalhit_uatext.php)" "www.metrocrimedaily.com"
69.63.184.4 - - [20/Jan/2023:17:55:44 -0800] "GET /instagram-houston/01-20-2023-18040214-A.jpg HTTP/1.1" 200 214634 "-" "facebookexternalhit/1.1 (+http://www.facebook.com/externalhit_uatext.php)" "www.metrocrimedaily.com"
69.63.184.5 - - [20/Jan/2023:17:56:11 -0800] "GET /instagram-houston/01-20-2023-18040215-A.jpg HTTP/1.1" 200 185851 "-" "facebookexternalhit/1.1 (+http://www.facebook.com/externalhit_uatext.php)" "www.metrocrimedaily.com"
69.63.184.116 - - [20/Jan/2023:18:01:35 -0800] "GET /instagram-detroit/01-20-2023-1842066-A.jpg HTTP/1.1" 200 99919 "-" "facebookexternalhit/1.1 (+http://www.facebook.com/externalhit_uatext.php)" "www.metrocrimedaily.com"
69.63.184.118 - - [20/Jan/2023:18:01:56 -0800] "GET /instagram-memphis/01-20-2023-2001351-A.jpg HTTP/1.1" 200 142463 "-" "facebookexternalhit/1.1 (+http://www.facebook.com/externalhit_uatext.php)" "www.metrocrimedaily.com"
69.63.184.2 - - [20/Jan/2023:18:02:08 -0800] "GET /instagram-dallas/01-20-2023-1946112-A.jpg HTTP/1.1" 200 197304 "-" "facebookexternalhit/1.1 (+http://www.facebook.com/externalhit_uatext.php)" "www.metrocrimedaily.com"
69.63.184.116 - - [20/Jan/2023:18:03:58 -0800] "GET /instagram-chicago/01-20-2023-1901165-A.jpg HTTP/1.1" 200 83788 "-" "facebookexternalhit/1.1 (+http://www.facebook.com/externalhit_uatext.php)" "www.metrocrimedaily.com"
103.55.39.107 - - [20/Jan/2023:18:09:14 -0800] "GET /wp-login.php HTTP/1.1" 404 88 "" "Mozilla/5.0 (Windows NT 10.0; Win64; x64; rv:108.0) Gecko/20100101 Firefox/108.0" "metrocrimedaily.com"
69.63.184.1 - - [20/Jan/2023:18:10:50 -0800] "GET /instagram-stlouis/01-20-2023-1923564-A.jpg HTTP/1.1" 200 210940 "-" "facebookexternalhit/1.1 (+http://www.facebook.com/externalhit_uatext.php)" "www.metrocrimedaily.com"
69.63.184.2 - - [20/Jan/2023:18:11:16 -0800] "GET /instagram-stlouis/01-20-2023-1923565-A.jpg HTTP/1.1" 200 311255 "-" "facebookexternalhit/1.1 (+http://www.facebook.com/externalhit_uatext.php)" "www.metrocrimedaily.com"
69.63.184.116 - - [20/Jan/2023:18:11:45 -0800] "GET /instagram-stlouis/01-20-2023-1923566-A.jpg HTTP/1.1" 200 201512 "-" "facebookexternalhit/1.1 (+http://www.facebook.com/externalhit_uatext.php)" "www.metrocrimedaily.com"
69.63.184.119 - - [20/Jan/2023:18:12:13 -0800] "GET /instagram-stlouis/01-20-2023-1923567-A.jpg HTTP/1.1" 200 211018 "-" "facebookexternalhit/1.1 (+http://www.facebook.com/externalhit_uatext.php)" "www.metrocrimedaily.com"
69.63.184.117 - - [20/Jan/2023:18:12:40 -0800] "GET /instagram-stlouis/01-20-2023-1923568-A.jpg HTTP/1.1" 200 84544 "-" "facebookexternalhit/1.1 (+http://www.facebook.com/externalhit_uatext.php)" "www.metrocrimedaily.com"
69.63.184.1 - - [20/Jan/2023:18:13:07 -0800] "GET /instagram-stlouis/01-20-2023-1923569-A.jpg HTTP/1.1" 200 175502 "-" "facebookexternalhit/1.1 (+http://www.facebook.com/externalhit_uatext.php)" "www.metrocrimedaily.com"
69.63.184.116 - - [20/Jan/2023:18:13:33 -0800] "GET /instagram-stlouis/01-20-2023-19235610-A.jpg HTTP/1.1" 200 179212 "-" "facebookexternalhit/1.1 (+http://www.facebook.com/externalhit_uatext.php)" "www.metrocrimedaily.com"
69.63.184.3 - - [20/Jan/2023:18:14:01 -0800] "GET /instagram-stlouis/01-20-2023-19235611-A.jpg HTTP/1.1" 200 218882 "-" "facebookexternalhit/1.1 (+http://www.facebook.com/externalhit_uatext.php)" "www.metrocrimedaily.com"
76.184.252.42 - - [20/Jan/2023:18:16:56 -0800] "GET /images/police-tape.jpg HTTP/1.1" 200 50766 "-" "Wget/1.20.3 (mingw32)" "metrocrimedaily.com"
69.63.184.118 - - [20/Jan/2023:18:17:08 -0800] "GET /instagram-detroit/01-20-2023-1842067-A.jpg HTTP/1.1" 200 52429 "-" "facebookexternalhit/1.1 (+http://www.facebook.com/externalhit_uatext.php)" "www.metrocrimedaily.com"
69.63.184.120 - - [20/Jan/2023:18:17:44 -0800] "GET /instagram-dallas/01-20-2023-1946113-A.jpg HTTP/1.1" 200 197304 "-" "facebookexternalhit/1.1 (+http://www.facebook.com/externalhit_uatext.php)" "www.metrocrimedaily.com"
69.63.184.5 - - [20/Jan/2023:18:19:34 -0800] "GET /instagram-chicago/01-20-2023-1901166-A.jpg HTTP/1.1" 200 186131 "-" "facebookexternalhit/1.1 (+http://www.facebook.com/externalhit_uatext.php)" "www.metrocrimedaily.com"
69.63.184.3 - - [20/Jan/2023:18:30:04 -0800] "GET /instagram-losangeles/01-20-2023-2029431-A.jpg HTTP/1.1" 200 103518 "-" "facebookexternalhit/1.1 (+http://www.facebook.com/externalhit_uatext.php)" "www.metrocrimedaily.com"
69.63.184.119 - - [20/Jan/2023:18:32:41 -0800] "GET /instagram-detroit/01-20-2023-1842068-A.jpg HTTP/1.1" 200 190650 "-" "facebookexternalhit/1.1 (+http://www.facebook.com/externalhit_uatext.php)" "www.metrocrimedaily.com"
69.63.184.4 - - [20/Jan/2023:18:33:18 -0800] "GET /instagram-dallas/01-20-2023-1946114-A.jpg HTTP/1.1" 200 121501 "-" "facebookexternalhit/1.1 (+http://www.facebook.com/externalhit_uatext.php)" "www.metrocrimedaily.com"
69.63.184.117 - - [20/Jan/2023:18:35:11 -0800] "GET /instagram-chicago/01-20-2023-1901167-A.jpg HTTP/1.1" 200 92678 "-" "facebookexternalhit/1.1 (+http://www.facebook.com/externalhit_uatext.php)" "www.metrocrimedaily.com"
69.63.184.117 - - [20/Jan/2023:18:45:35 -0800] "GET /instagram-losangeles/01-20-2023-2029432-A.jpg HTTP/1.1" 200 220643 "-" "facebookexternalhit/1.1 (+http://www.facebook.com/externalhit_uatext.php)" "www.metrocrimedaily.com"
69.63.184.120 - - [20/Jan/2023:18:48:15 -0800] "GET /instagram-detroit/01-20-2023-1842069-A.jpg HTTP/1.1" 200 158185 "-" "facebookexternalhit/1.1 (+http://www.facebook.com/externalhit_uatext.php)" "www.metrocrimedaily.com"
69.63.184.3 - - [20/Jan/2023:18:48:53 -0800] "GET /instagram-dallas/01-20-2023-1946115-A.jpg HTTP/1.1" 200 157675 "-" "facebookexternalhit/1.1 (+http://www.facebook.com/externalhit_uatext.php)" "www.metrocrimedaily.com"
69.63.184.2 - - [20/Jan/2023:18:50:49 -0800] "GET /instagram-chicago/01-20-2023-1901168-A.jpg HTTP/1.1" 200 207739 "-" "facebookexternalhit/1.1 (+http://www.facebook.com/externalhit_uatext.php)" "www.metrocrimedaily.com"
77.245.149.38 - - [20/Jan/2023:18:53:46 -0800] "GET /wp-login.php HTTP/1.1" 404 88 "" "Mozilla/5.0 (Windows NT 10.0; Win64; x64; rv:108.0) Gecko/20100101 Firefox/108.0" "metrocrimedaily.com"
69.63.184.3 - - [20/Jan/2023:19:01:05 -0800] "GET /instagram-losangeles/01-20-2023-2029433-A.jpg HTTP/1.1" 200 116459 "-" "facebookexternalhit/1.1 (+http://www.facebook.com/externalhit_uatext.php)" "www.metrocrimedaily.com"
69.63.184.116 - - [20/Jan/2023:19:01:26 -0800] "GET /instagram-stlouis/01-20-2023-2101051-A.jpg HTTP/1.1" 200 136131 "-" "facebookexternalhit/1.1 (+http://www.facebook.com/externalhit_uatext.php)" "www.metrocrimedaily.com"
69.63.184.1 - - [20/Jan/2023:19:01:53 -0800] "GET /instagram-stlouis/01-20-2023-2101052-A.jpg HTTP/1.1" 200 119587 "-" "facebookexternalhit/1.1 (+http://www.facebook.com/externalhit_uatext.php)" "www.metrocrimedaily.com"
69.63.184.120 - - [20/Jan/2023:19:02:22 -0800] "GET /instagram-stlouis/01-20-2023-2101053-A.jpg HTTP/1.1" 200 103854 "-" "facebookexternalhit/1.1 (+http://www.facebook.com/externalhit_uatext.php)" "www.metrocrimedaily.com"
69.63.184.116 - - [20/Jan/2023:19:02:49 -0800] "GET /instagram-stlouis/01-20-2023-2101054-A.jpg HTTP/1.1" 200 119784 "-" "facebookexternalhit/1.1 (+http://www.facebook.com/externalhit_uatext.php)" "www.metrocrimedaily.com"
207.46.13.46 - - [20/Jan/2023:19:02:50 -0800] "GET / HTTP/1.1" 200 135236 "-" "Mozilla/5.0 AppleWebKit/537.36 (KHTML, like Gecko; compatible; bingbot/2.0; +http://www.bing.com/bingbot.htm) Chrome/103.0.5060.134 Safari/537.36" "metrocrimedaily.com"
76.184.252.42 - - [20/Jan/2023:19:03:36 -0800] "GET /images/police-tape.jpg HTTP/1.1" 200 50766 "-" "Wget/1.20.3 (mingw32)" "metrocrimedaily.com"
69.63.184.116 - - [20/Jan/2023:19:03:45 -0800] "GET /instagram-detroit/01-20-2023-18420610-A.jpg HTTP/1.1" 200 62796 "-" "facebookexternalhit/1.1 (+http://www.facebook.com/externalhit_uatext.php)" "www.metrocrimedaily.com"
69.63.184.119 - - [20/Jan/2023:19:04:29 -0800] "GET /instagram-dallas/01-20-2023-1946116-A.jpg HTTP/1.1" 200 176046 "-" "facebookexternalhit/1.1 (+http://www.facebook.com/externalhit_uatext.php)" "www.metrocrimedaily.com"
13.57.153.111 - - [20/Jan/2023:19:05:35 -0800] "GET /wp-login.php HTTP/1.1" 404 88 "" "Mozilla/5.0 (Windows NT 10.0; Win64; x64; rv:108.0) Gecko/20100101 Firefox/108.0" "metrocrimedaily.com"
213.145.233.155 - - [20/Jan/2023:19:11:09 -0800] "GET /wp-login.php HTTP/1.1" 404 88 "" "Mozilla/5.0 (Windows NT 10.0; Win64; x64; rv:108.0) Gecko/20100101 Firefox/108.0" "metrocrimedaily.com"
69.63.184.4 - - [20/Jan/2023:19:11:38 -0800] "GET /instagram-houston/01-20-2023-2111181-A.jpg HTTP/1.1" 200 163515 "-" "facebookexternalhit/1.1 (+http://www.facebook.com/externalhit_uatext.php)" "www.metrocrimedaily.com"
69.63.184.3 - - [20/Jan/2023:19:12:05 -0800] "GET /instagram-houston/01-20-2023-2111182-A.jpg HTTP/1.1" 200 91241 "-" "facebookexternalhit/1.1 (+http://www.facebook.com/externalhit_uatext.php)" "www.metrocrimedaily.com"
69.63.184.3 - - [20/Jan/2023:19:12:32 -0800] "GET /instagram-houston/01-20-2023-2111183-A.jpg HTTP/1.1" 200 172898 "-" "facebookexternalhit/1.1 (+http://www.facebook.com/externalhit_uatext.php)" "www.metrocrimedaily.com"
69.63.184.120 - - [20/Jan/2023:19:13:01 -0800] "GET /instagram-houston/01-20-2023-2111184-A.jpg HTTP/1.1" 200 129506 "-" "facebookexternalhit/1.1 (+http://www.facebook.com/externalhit_uatext.php)" "www.metrocrimedaily.com"
69.63.184.119 - - [20/Jan/2023:19:13:28 -0800] "GET /instagram-houston/01-20-2023-2111185-A.jpg HTTP/1.1" 200 95857 "-" "facebookexternalhit/1.1 (+http://www.facebook.com/externalhit_uatext.php)" "www.metrocrimedaily.com"
209.188.7.148 - - [20/Jan/2023:19:13:51 -0800] "GET /wp-login.php HTTP/1.1" 404 88 "" "Mozilla/5.0 (Windows NT 10.0; Win64; x64; rv:108.0) Gecko/20100101 Firefox/108.0" "metrocrimedaily.com"
69.63.184.116 - - [20/Jan/2023:19:13:55 -0800] "GET /instagram-houston/01-20-2023-2111186-A.jpg HTTP/1.1" 200 217964 "-" "facebookexternalhit/1.1 (+http://www.facebook.com/externalhit_uatext.php)" "www.metrocrimedaily.com"
69.63.184.117 - - [20/Jan/2023:19:14:22 -0800] "GET /instagram-houston/01-20-2023-2111187-A.jpg HTTP/1.1" 200 90148 "-" "facebookexternalhit/1.1 (+http://www.facebook.com/externalhit_uatext.php)" "www.metrocrimedaily.com"
69.63.184.120 - - [20/Jan/2023:19:14:50 -0800] "GET /instagram-houston/01-20-2023-2111188-A.jpg HTTP/1.1" 200 113779 "-" "facebookexternalhit/1.1 (+http://www.facebook.com/externalhit_uatext.php)" "www.metrocrimedaily.com"
69.63.184.118 - - [20/Jan/2023:19:15:17 -0800] "GET /instagram-houston/01-20-2023-2111189-A.jpg HTTP/1.1" 200 172898 "-" "facebookexternalhit/1.1 (+http://www.facebook.com/externalhit_uatext.php)" "www.metrocrimedaily.com"
69.63.184.119 - - [20/Jan/2023:19:15:44 -0800] "GET /instagram-houston/01-20-2023-21111810-A.jpg HTTP/1.1" 200 224458 "-" "facebookexternalhit/1.1 (+http://www.facebook.com/externalhit_uatext.php)" "www.metrocrimedaily.com"
69.63.184.1 - - [20/Jan/2023:19:16:11 -0800] "GET /instagram-houston/01-20-2023-21111811-A.jpg HTTP/1.1" 200 96430 "-" "facebookexternalhit/1.1 (+http://www.facebook.com/externalhit_uatext.php)" "www.metrocrimedaily.com"
69.63.184.3 - - [20/Jan/2023:19:16:38 -0800] "GET /instagram-houston/01-20-2023-21111812-A.jpg HTTP/1.1" 200 96918 "-" "facebookexternalhit/1.1 (+http://www.facebook.com/externalhit_uatext.php)" "www.metrocrimedaily.com"
69.63.184.119 - - [20/Jan/2023:19:17:06 -0800] "GET /instagram-houston/01-20-2023-21111813-A.jpg HTTP/1.1" 200 173819 "-" "facebookexternalhit/1.1 (+http://www.facebook.com/externalhit_uatext.php)" "www.metrocrimedaily.com"
69.63.184.4 - - [20/Jan/2023:19:17:36 -0800] "GET /instagram-houston/01-20-2023-21111814-A.jpg HTTP/1.1" 200 185642 "-" "facebookexternalhit/1.1 (+http://www.facebook.com/externalhit_uatext.php)" "www.metrocrimedaily.com"
14.225.255.250 - - [20/Jan/2023:19:20:00 -0800] "GET /wp-login.php HTTP/1.1" 404 88 "" "Mozilla/5.0 (Windows NT 10.0; Win64; x64; rv:108.0) Gecko/20100101 Firefox/108.0" "metrocrimedaily.com"
34.214.189.24 - - [20/Jan/2023:19:22:01 -0800] "GET / HTTP/1.1" 200 137066 "-" "Mozilla/5.0 (X11; Linux x86_64) AppleWebKit/537.36 (KHTML, like Gecko) Chrome/83.0.4103.97 Safari/537.36" "metrocrimedaily.com"
164.90.170.66 - - [20/Jan/2023:19:22:02 -0800] "GET /wp-login.php HTTP/1.1" 404 88 "" "Mozilla/5.0 (Windows NT 10.0; Win64; x64; rv:108.0) Gecko/20100101 Firefox/108.0" "metrocrimedaily.com"
34.222.47.29 - - [20/Jan/2023:19:22:26 -0800] "GET /favicon.ico HTTP/1.1" 404 88 "-" "Mozilla/5.0 (X11; Linux x86_64) AppleWebKit/537.36 (KHTML, like Gecko) Chrome/83.0.4103.97 Safari/537.36" "metrocrimedaily.com"
34.222.47.29 - - [20/Jan/2023:19:22:28 -0800] "GET / HTTP/1.1" 200 137066 "-" "Mozilla/5.0 (X11; Linux x86_64) AppleWebKit/537.36 (KHTML, like Gecko) Chrome/83.0.4103.97 Safari/537.36" "metrocrimedaily.com"
69.63.184.116 - - [20/Jan/2023:19:43:26 -0800] "GET /instagram-atlanta/01-20-2023-2142171-A.jpg HTTP/1.1" 200 74790 "-" "facebookexternalhit/1.1 (+http://www.facebook.com/externalhit_uatext.php)" "www.metrocrimedaily.com"
69.63.184.2 - - [20/Jan/2023:19:49:27 -0800] "GET /instagram-dallas/01-20-2023-2149041-A.jpg HTTP/1.1" 200 168942 "-" "facebookexternalhit/1.1 (+http://www.facebook.com/externalhit_uatext.php)" "www.metrocrimedaily.com"
69.63.184.116 - - [20/Jan/2023:19:52:05 -0800] "GET /instagram-losangeles/01-20-2023-2151441-A.jpg HTTP/1.1" 200 196648 "-" "facebookexternalhit/1.1 (+http://www.facebook.com/externalhit_uatext.php)" "www.metrocrimedaily.com"
69.63.184.4 - - [20/Jan/2023:19:59:07 -0800] "GET /instagram-atlanta/01-20-2023-2142172-A.jpg HTTP/1.1" 200 126380 "-" "facebookexternalhit/1.1 (+http://www.facebook.com/externalhit_uatext.php)" "www.metrocrimedaily.com"
69.63.184.116 - - [20/Jan/2023:19:59:18 -0800] "GET /instagram-chicago/01-20-2023-2158561-A.jpg HTTP/1.1" 200 101182 "-" "facebookexternalhit/1.1 (+http://www.facebook.com/externalhit_uatext.php)" "www.metrocrimedaily.com"
69.63.184.117 - - [20/Jan/2023:19:59:47 -0800] "GET /instagram-memphis/01-20-2023-2159261-A.jpg HTTP/1.1" 200 117033 "-" "facebookexternalhit/1.1 (+http://www.facebook.com/externalhit_uatext.php)" "www.metrocrimedaily.com"
69.63.184.118 - - [20/Jan/2023:20:01:12 -0800] "GET /instagram-houston/01-20-2023-2200521-A.jpg HTTP/1.1" 200 75325 "-" "facebookexternalhit/1.1 (+http://www.facebook.com/externalhit_uatext.php)" "www.metrocrimedaily.com"
69.63.184.3 - - [20/Jan/2023:20:01:39 -0800] "GET /instagram-houston/01-20-2023-2200522-A.jpg HTTP/1.1" 200 186370 "-" "facebookexternalhit/1.1 (+http://www.facebook.com/externalhit_uatext.php)" "www.metrocrimedaily.com"
69.63.184.111 - - [20/Jan/2023:20:05:05 -0800] "GET /instagram-dallas/01-20-2023-2149042-A.jpg HTTP/1.1" 200 175317 "-" "facebookexternalhit/1.1 (+http://www.facebook.com/externalhit_uatext.php)" "www.metrocrimedaily.com"
194.195.113.95 - - [20/Jan/2023:20:07:30 -0800] "GET /wp-content/themes/seotheme/db.php?u HTTP/1.1" 404 88 "www.google.com" "Mozlila/5.0 (Linux; Android 7.0; SM-G892A Bulid/NRD90M; wv) AppleWebKit/537.36 (KHTML, like Gecko) Version/4.0 Chrome/60.0.3112.107 Moblie Safari/537.36" "metrocrimedaily.com"
194.195.113.95 - - [20/Jan/2023:20:07:43 -0800] "GET /wp-content/themes/seotheme/db.php?u HTTP/1.1" 404 88 "www.google.com" "Mozlila/5.0 (Linux; Android 7.0; SM-G892A Bulid/NRD90M; wv) AppleWebKit/537.36 (KHTML, like Gecko) Version/4.0 Chrome/60.0.3112.107 Moblie Safari/537.36" "metrocrimedaily.com"
69.63.184.2 - - [20/Jan/2023:20:14:45 -0800] "GET /instagram-atlanta/01-20-2023-2142173-A.jpg HTTP/1.1" 200 153695 "-" "facebookexternalhit/1.1 (+http://www.facebook.com/externalhit_uatext.php)" "www.metrocrimedaily.com"
69.63.184.119 - - [20/Jan/2023:20:14:54 -0800] "GET /instagram-chicago/01-20-2023-2158562-A.jpg HTTP/1.1" 200 79606 "-" "facebookexternalhit/1.1 (+http://www.facebook.com/externalhit_uatext.php)" "www.metrocrimedaily.com"
69.63.184.3 - - [20/Jan/2023:20:15:18 -0800] "GET /instagram-memphis/01-20-2023-2159262-A.jpg HTTP/1.1" 200 115621 "-" "facebookexternalhit/1.1 (+http://www.facebook.com/externalhit_uatext.php)" "www.metrocrimedaily.com"
69.63.184.4 - - [20/Jan/2023:20:18:29 -0800] "GET /instagram-detroit/01-20-2023-2217461-A.jpg HTTP/1.1" 200 76579 "-" "facebookexternalhit/1.1 (+http://www.facebook.com/externalhit_uatext.php)" "www.metrocrimedaily.com"
69.63.184.3 - - [20/Jan/2023:20:20:42 -0800] "GET /instagram-dallas/01-20-2023-2149043-A.jpg HTTP/1.1" 200 201987 "-" "facebookexternalhit/1.1 (+http://www.facebook.com/externalhit_uatext.php)" "www.metrocrimedaily.com"
69.63.184.5 - - [20/Jan/2023:20:21:13 -0800] "GET /instagram-dallas/01-20-2023-2149044-A.jpg HTTP/1.1" 200 98578 "-" "facebookexternalhit/1.1 (+http://www.facebook.com/externalhit_uatext.php)" "www.metrocrimedaily.com"
69.63.184.1 - - [20/Jan/2023:20:30:32 -0800] "GET /instagram-atlanta/01-20-2023-2142174-A.jpg HTTP/1.1" 200 128554 "-" "facebookexternalhit/1.1 (+http://www.facebook.com/externalhit_uatext.php)" "www.metrocrimedaily.com"
69.63.184.4 - - [20/Jan/2023:20:30:35 -0800] "GET /instagram-chicago/01-20-2023-2158563-A.jpg HTTP/1.1" 200 334407 "-" "facebookexternalhit/1.1 (+http://www.facebook.com/externalhit_uatext.php)" "www.metrocrimedaily.com"
220.135.120.154 - - [20/Jan/2023:20:31:08 -0800] "GET /1/license.txt HTTP/1.1" 404 88 "-" "Mozilla/5.0 (X11; Ubuntu; Linux x86_64; rv:62.0) Gecko/20100101 Firefox/62.0" "metrocrimedaily.com"
37.187.55.231 - - [20/Jan/2023:20:32:15 -0800] "GET /wp-login.php HTTP/1.1" 404 88 "" "Mozilla/5.0 (Windows NT 10.0; Win64; x64; rv:108.0) Gecko/20100101 Firefox/108.0" "metrocrimedaily.com"
69.63.184.119 - - [20/Jan/2023:20:34:02 -0800] "GET /instagram-detroit/01-20-2023-2217462-A.jpg HTTP/1.1" 200 77124 "-" "facebookexternalhit/1.1 (+http://www.facebook.com/externalhit_uatext.php)" "www.metrocrimedaily.com"
47.88.61.91 - - [20/Jan/2023:20:41:13 -0800] "GET /wp-login.php HTTP/1.1" 404 88 "" "Mozilla/5.0 (Windows NT 10.0; Win64; x64; rv:108.0) Gecko/20100101 Firefox/108.0" "metrocrimedaily.com"
69.63.184.4 - - [20/Jan/2023:20:43:00 -0800] "GET /instagram-losangeles/01-20-2023-2242361-A.jpg HTTP/1.1" 200 241346 "-" "facebookexternalhit/1.1 (+http://www.facebook.com/externalhit_uatext.php)" "www.metrocrimedaily.com"
69.63.184.116 - - [20/Jan/2023:20:45:43 -0800] "GET /instagram-houston/01-20-2023-2245231-A.jpg HTTP/1.1" 200 103819 "-" "facebookexternalhit/1.1 (+http://www.facebook.com/externalhit_uatext.php)" "www.metrocrimedaily.com"
69.63.184.118 - - [20/Jan/2023:20:46:11 -0800] "GET /instagram-atlanta/01-20-2023-2142175-A.jpg HTTP/1.1" 200 139568 "-" "facebookexternalhit/1.1 (+http://www.facebook.com/externalhit_uatext.php)" "www.metrocrimedaily.com"
69.63.184.1 - - [20/Jan/2023:20:46:15 -0800] "GET /instagram-chicago/01-20-2023-2158564-A.jpg HTTP/1.1" 200 130788 "-" "facebookexternalhit/1.1 (+http://www.facebook.com/externalhit_uatext.php)" "www.metrocrimedaily.com"
69.63.184.119 - - [20/Jan/2023:20:49:34 -0800] "GET /instagram-detroit/01-20-2023-2217463-A.jpg HTTP/1.1" 200 91360 "-" "facebookexternalhit/1.1 (+http://www.facebook.com/externalhit_uatext.php)" "www.metrocrimedaily.com"
69.63.184.118 - - [20/Jan/2023:20:50:04 -0800] "GET /instagram-detroit/01-20-2023-2217464-A.jpg HTTP/1.1" 200 53739 "-" "facebookexternalhit/1.1 (+http://www.facebook.com/externalhit_uatext.php)" "www.metrocrimedaily.com"
69.63.184.1 - - [20/Jan/2023:20:50:31 -0800] "GET /instagram-detroit/01-20-2023-2217465-A.jpg HTTP/1.1" 200 162921 "-" "facebookexternalhit/1.1 (+http://www.facebook.com/externalhit_uatext.php)" "www.metrocrimedaily.com"
69.63.184.117 - - [20/Jan/2023:20:51:03 -0800] "GET /instagram-detroit/01-20-2023-2217466-A.jpg HTTP/1.1" 200 167786 "-" "facebookexternalhit/1.1 (+http://www.facebook.com/externalhit_uatext.php)" "www.metrocrimedaily.com"
69.63.184.120 - - [20/Jan/2023:20:51:30 -0800] "GET /instagram-detroit/01-20-2023-2217467-A.jpg HTTP/1.1" 200 84490 "-" "facebookexternalhit/1.1 (+http://www.facebook.com/externalhit_uatext.php)" "www.metrocrimedaily.com"
69.63.184.3 - - [20/Jan/2023:20:52:01 -0800] "GET /instagram-detroit/01-20-2023-2217468-A.jpg HTTP/1.1" 200 55960 "-" "facebookexternalhit/1.1 (+http://www.facebook.com/externalhit_uatext.php)" "www.metrocrimedaily.com"
69.63.184.2 - - [20/Jan/2023:20:54:50 -0800] "GET /instagram-memphis/01-20-2023-2254301-A.jpg HTTP/1.1" 200 118035 "-" "facebookexternalhit/1.1 (+http://www.facebook.com/externalhit_uatext.php)" "www.metrocrimedaily.com"
159.253.37.203 - - [20/Jan/2023:20:58:12 -0800] "GET /wp-login.php HTTP/1.1" 404 88 "" "Mozilla/5.0 (Windows NT 10.0; Win64; x64; rv:108.0) Gecko/20100101 Firefox/108.0" "metrocrimedaily.com"
69.63.184.3 - - [20/Jan/2023:20:58:50 -0800] "GET /instagram-stlouis/01-20-2023-2258291-A.jpg HTTP/1.1" 200 121794 "-" "facebookexternalhit/1.1 (+http://www.facebook.com/externalhit_uatext.php)" "www.metrocrimedaily.com"
98.209.165.60 - - [20/Jan/2023:20:59:36 -0800] "GET / HTTP/1.1" 200 138428 "-" "Mozilla/5.0 (iPhone; CPU iPhone OS 15_7 like Mac OS X) AppleWebKit/605.1.15 (KHTML, like Gecko) Version/15.6,2 Mobile/15E148 Safari/604.1" "www.metrocrimedaily.com"
69.63.184.119 - - [20/Jan/2023:21:01:14 -0800] "GET /instagram-houston/01-20-2023-2245232-A.jpg HTTP/1.1" 200 154778 "-" "facebookexternalhit/1.1 (+http://www.facebook.com/externalhit_uatext.php)" "www.metrocrimedaily.com"
69.63.184.118 - - [20/Jan/2023:21:01:49 -0800] "GET /instagram-atlanta/01-20-2023-2142176-A.jpg HTTP/1.1" 200 96470 "-" "facebookexternalhit/1.1 (+http://www.facebook.com/externalhit_uatext.php)" "www.metrocrimedaily.com"
69.63.184.4 - - [20/Jan/2023:21:01:52 -0800] "GET /instagram-chicago/01-20-2023-2158565-A.jpg HTTP/1.1" 200 99993 "-" "facebookexternalhit/1.1 (+http://www.facebook.com/externalhit_uatext.php)" "www.metrocrimedaily.com"
69.63.184.5 - - [20/Jan/2023:21:05:47 -0800] "GET /instagram-dallas/01-20-2023-2305261-A.jpg HTTP/1.1" 200 103498 "-" "facebookexternalhit/1.1 (+http://www.facebook.com/externalhit_uatext.php)" "www.metrocrimedaily.com"
69.63.184.4 - - [20/Jan/2023:21:14:21 -0800] "GET /instagram-stlouis/01-20-2023-2258292-A.jpg HTTP/1.1" 200 153456 "-" "facebookexternalhit/1.1 (+http://www.facebook.com/externalhit_uatext.php)" "www.metrocrimedaily.com"
69.63.184.1 - - [20/Jan/2023:21:17:30 -0800] "GET /instagram-atlanta/01-20-2023-2142177-A.jpg HTTP/1.1" 200 186999 "-" "facebookexternalhit/1.1 (+http://www.facebook.com/externalhit_uatext.php)" "www.metrocrimedaily.com"
69.63.184.4 - - [20/Jan/2023:21:17:38 -0800] "GET /instagram-chicago/01-20-2023-2158566-A.jpg HTTP/1.1" 200 390365 "-" "facebookexternalhit/1.1 (+http://www.facebook.com/externalhit_uatext.php)" "www.metrocrimedaily.com"
69.63.184.5 - - [20/Jan/2023:21:21:21 -0800] "GET /instagram-dallas/01-20-2023-2305262-A.jpg HTTP/1.1" 200 169623 "-" "facebookexternalhit/1.1 (+http://www.facebook.com/externalhit_uatext.php)" "www.metrocrimedaily.com"
167.86.100.73 - - [20/Jan/2023:21:23:37 -0800] "GET /wp-login.php HTTP/1.1" 404 88 "" "Mozilla/5.0 (Windows NT 10.0; Win64; x64; rv:108.0) Gecko/20100101 Firefox/108.0" "metrocrimedaily.com"
51.210.150.127 - - [20/Jan/2023:21:26:12 -0800] "GET /wp-login.php HTTP/1.1" 404 88 "" "Mozilla/5.0 (Windows NT 10.0; Win64; x64; rv:108.0) Gecko/20100101 Firefox/108.0" "metrocrimedaily.com"
69.63.184.118 - - [20/Jan/2023:21:33:13 -0800] "GET /instagram-atlanta/01-20-2023-2142178-A.jpg HTTP/1.1" 200 73145 "-" "facebookexternalhit/1.1 (+http://www.facebook.com/externalhit_uatext.php)" "www.metrocrimedaily.com"
69.63.184.5 - - [20/Jan/2023:21:33:16 -0800] "GET /instagram-chicago/01-20-2023-2158567-A.jpg HTTP/1.1" 200 232628 "-" "facebookexternalhit/1.1 (+http://www.facebook.com/externalhit_uatext.php)" "www.metrocrimedaily.com"
69.63.184.3 - - [20/Jan/2023:21:35:28 -0800] "GET /instagram-memphis/01-20-2023-2335081-A.jpg HTTP/1.1" 200 112636 "-" "facebookexternalhit/1.1 (+http://www.facebook.com/externalhit_uatext.php)" "www.metrocrimedaily.com"
69.63.184.4 - - [20/Jan/2023:21:36:55 -0800] "GET /instagram-dallas/01-20-2023-2305263-A.jpg HTTP/1.1" 200 102041 "-" "facebookexternalhit/1.1 (+http://www.facebook.com/externalhit_uatext.php)" "www.metrocrimedaily.com"
69.63.184.118 - - [20/Jan/2023:21:37:26 -0800] "GET /instagram-dallas/01-20-2023-2305264-A.jpg HTTP/1.1" 200 90291 "-" "facebookexternalhit/1.1 (+http://www.facebook.com/externalhit_uatext.php)" "www.metrocrimedaily.com"
213.238.180.143 - - [20/Jan/2023:21:41:13 -0800] "GET /wp-login.php HTTP/1.1" 404 88 "" "Mozilla/5.0 (Windows NT 10.0; Win64; x64; rv:108.0) Gecko/20100101 Firefox/108.0" "metrocrimedaily.com"
98.224.178.54 - - [20/Jan/2023:21:43:56 -0800] "GET / HTTP/1.1" 200 138428 "-" "Mozilla/5.0 (iPhone; CPU iPhone OS 16_1_2 like Mac OS X) AppleWebKit/605.1.15 (KHTML, like Gecko) Version/16.1 Mobile/15E148 Safari/604.1" "www.metrocrimedaily.com"
98.224.178.54 - - [20/Jan/2023:21:43:56 -0800] "GET /styles-mcd.css HTTP/1.1" 200 1159 "http://www.metrocrimedaily.com/" "Mozilla/5.0 (iPhone; CPU iPhone OS 16_1_2 like Mac OS X) AppleWebKit/605.1.15 (KHTML, like Gecko) Version/16.1 Mobile/15E148 Safari/604.1" "www.metrocrimedaily.com"
76.184.252.42 - - [20/Jan/2023:21:48:41 -0800] "GET /images/police-tape.jpg HTTP/1.1" 200 50766 "-" "Wget/1.20.3 (mingw32)" "metrocrimedaily.com"
69.63.184.116 - - [20/Jan/2023:21:48:51 -0800] "GET /instagram-atlanta/01-20-2023-2142179-A.jpg HTTP/1.1" 200 97347 "-" "facebookexternalhit/1.1 (+http://www.facebook.com/externalhit_uatext.php)" "www.metrocrimedaily.com"
69.63.184.2 - - [20/Jan/2023:21:48:52 -0800] "GET /instagram-detroit/01-20-2023-2348301-A.jpg HTTP/1.1" 200 62335 "-" "facebookexternalhit/1.1 (+http://www.facebook.com/externalhit_uatext.php)" "www.metrocrimedaily.com"
69.63.184.5 - - [20/Jan/2023:21:48:54 -0800] "GET /instagram-chicago/01-20-2023-2158568-A.jpg HTTP/1.1" 200 70389 "-" "facebookexternalhit/1.1 (+http://www.facebook.com/externalhit_uatext.php)" "www.metrocrimedaily.com"
76.184.252.42 - - [20/Jan/2023:21:49:09 -0800] "GET /images/police-tape.jpg HTTP/1.1" 200 50766 "-" "Wget/1.20.3 (mingw32)" "metrocrimedaily.com"
69.63.184.111 - - [20/Jan/2023:21:49:18 -0800] "GET /instagram-detroit/01-20-2023-2348302-A.jpg HTTP/1.1" 200 52347 "-" "facebookexternalhit/1.1 (+http://www.facebook.com/externalhit_uatext.php)" "www.metrocrimedaily.com"
69.63.184.118 - - [20/Jan/2023:21:54:09 -0800] "GET /instagram-houston/01-20-2023-2353481-A.jpg HTTP/1.1" 200 189604 "-" "facebookexternalhit/1.1 (+http://www.facebook.com/externalhit_uatext.php)" "www.metrocrimedaily.com"
69.63.184.116 - - [20/Jan/2023:22:04:28 -0800] "GET /instagram-atlanta/01-20-2023-21421710-A.jpg HTTP/1.1" 200 137088 "-" "facebookexternalhit/1.1 (+http://www.facebook.com/externalhit_uatext.php)" "www.metrocrimedaily.com"
51.210.150.127 - - [20/Jan/2023:22:06:16 -0800] "GET /wp-login.php HTTP/1.1" 404 88 "" "Mozilla/5.0 (Windows NT 10.0; Win64; x64; rv:108.0) Gecko/20100101 Firefox/108.0" "metrocrimedaily.com"
73.161.45.16 - - [20/Jan/2023:22:08:03 -0800] "GET /styles-mcd.css HTTP/1.1" 200 1159 "-" "Mozilla/5.0 (Linux; Android 12; SM-G970U) AppleWebKit/537.36 (KHTML, like Gecko) Chrome/109.0.0.0 Mobile Safari/537.36" "www.metrocrimedaily.com"
73.161.45.16 - - [20/Jan/2023:22:08:03 -0800] "GET / HTTP/1.1" 200 138699 "https://www.google.com/" "Mozilla/5.0 (Linux; Android 12; SM-G970U) AppleWebKit/537.36 (KHTML, like Gecko) Chrome/109.0.0.0 Mobile Safari/537.36" "www.metrocrimedaily.com"
73.161.45.16 - - [20/Jan/2023:22:08:03 -0800] "GET /images/crimeinthed-logo.jpg HTTP/1.1" 200 14960 "http://www.metrocrimedaily.com/" "Mozilla/5.0 (Linux; Android 12; SM-G970U) AppleWebKit/537.36 (KHTML, like Gecko) Chrome/109.0.0.0 Mobile Safari/537.36" "www.metrocrimedaily.com"
73.161.45.16 - - [20/Jan/2023:22:08:04 -0800] "GET /images/police-tape.jpg HTTP/1.1" 200 50766 "http://www.metrocrimedaily.com/" "Mozilla/5.0 (Linux; Android 12; SM-G970U) AppleWebKit/537.36 (KHTML, like Gecko) Chrome/109.0.0.0 Mobile Safari/537.36" "metrocrimedaily.com"
73.161.45.16 - - [20/Jan/2023:22:08:04 -0800] "GET /images/youtube-logo-tiny.png HTTP/1.1" 200 689 "http://www.metrocrimedaily.com/" "Mozilla/5.0 (Linux; Android 12; SM-G970U) AppleWebKit/537.36 (KHTML, like Gecko) Chrome/109.0.0.0 Mobile Safari/537.36" "www.metrocrimedaily.com"
73.161.45.16 - - [20/Jan/2023:22:08:04 -0800] "GET /images/facebook-logo-tiny.png HTTP/1.1" 200 1280 "http://www.metrocrimedaily.com/" "Mozilla/5.0 (Linux; Android 12; SM-G970U) AppleWebKit/537.36 (KHTML, like Gecko) Chrome/109.0.0.0 Mobile Safari/537.36" "www.metrocrimedaily.com"
73.161.45.16 - - [20/Jan/2023:22:08:04 -0800] "GET /images/twitter-logo-b-tiny.png HTTP/1.1" 200 1600 "http://www.metrocrimedaily.com/" "Mozilla/5.0 (Linux; Android 12; SM-G970U) AppleWebKit/537.36 (KHTML, like Gecko) Chrome/109.0.0.0 Mobile Safari/537.36" "www.metrocrimedaily.com"
40.77.167.54 - - [20/Jan/2023:22:09:23 -0800] "GET /instagram-dallas/12-26-2022-1708471-Man-Shot-and-Killed-After-Checking-Residents--Bal.txt HTTP/1.1" 404 88 "-" "Mozilla/5.0 AppleWebKit/537.36 (KHTML, like Gecko; compatible; bingbot/2.0; +http://www.bing.com/bingbot.htm) Chrome/103.0.5060.134 Safari/537.36" "www.metrocrimedaily.com"
185.181.60.12 - - [20/Jan/2023:22:14:38 -0800] "GET / HTTP/1.1" 200 138699 "-" "Mozilla/5.0 (Windows NT 10.0; Win64; x64) AppleWebKit/537.36 (KHTML, like Gecko) Chrome/91.0.4472.114 Safari/537.36 Edg/91.0.864.54" "metrocrimedaily.com"
77.75.79.31 - - [20/Jan/2023:22:20:01 -0800] "GET /robots.txt HTTP/1.1" 404 88 "-" "Mozilla/5.0 (compatible; SeznamBot/4.0-RC1; +http://napoveda.seznam.cz/seznambot-intro/)" "metrocrimedaily.com"
77.75.79.31 - - [20/Jan/2023:22:20:01 -0800] "GET /contact-us.html HTTP/1.1" 200 765 "-" "Mozilla/5.0 (compatible; SeznamBot/4.0-RC1; +http://napoveda.seznam.cz/seznambot-intro/)" "metrocrimedaily.com"
137.116.141.77 - - [20/Jan/2023:22:21:43 -0800] "GET /wp-login.php HTTP/1.1" 404 88 "" "Mozilla/5.0 (Windows NT 10.0; Win64; x64; rv:108.0) Gecko/20100101 Firefox/108.0" "metrocrimedaily.com"
217.13.219.167 - - [20/Jan/2023:22:24:16 -0800] "GET /wp-login.php HTTP/1.1" 404 88 "" "Mozilla/5.0 (Windows NT 10.0; Win64; x64; rv:108.0) Gecko/20100101 Firefox/108.0" "metrocrimedaily.com"
69.63.184.4 - - [20/Jan/2023:22:25:50 -0800] "GET /instagram-chicago/01-21-2023-0025281-A.jpg HTTP/1.1" 200 97775 "-" "facebookexternalhit/1.1 (+http://www.facebook.com/externalhit_uatext.php)" "www.metrocrimedaily.com"
69.63.184.120 - - [20/Jan/2023:22:26:20 -0800] "GET /instagram-stlouis/01-21-2023-0025591-A.jpg HTTP/1.1" 200 268859 "-" "facebookexternalhit/1.1 (+http://www.facebook.com/externalhit_uatext.php)" "www.metrocrimedaily.com"
