76.184.252.42 - - [19/Jan/2023:16:04:33 -0800] "GET /images/police-tape.jpg HTTP/1.1" 200 50766 "-" "Wget/1.20.3 (mingw32)" "metrocrimedaily.com"
69.63.184.5 - - [19/Jan/2023:16:04:42 -0800] "GET /instagram-detroit/01-19-2023-1803152-A.jpg HTTP/1.1" 200 61976 "-" "facebookexternalhit/1.1 (+http://www.facebook.com/externalhit_uatext.php)" "www.metrocrimedaily.com"
207.46.13.46 - - [19/Jan/2023:16:04:49 -0800] "GET / HTTP/1.1" 200 124504 "-" "Mozilla/5.0 (compatible; bingbot/2.0; +http://www.bing.com/bingbot.htm)" "metrocrimedaily.com"
69.63.184.117 - - [19/Jan/2023:16:10:38 -0800] "GET /instagram-stlouis/01-19-2023-1810181-A.jpg HTTP/1.1" 200 203927 "-" "facebookexternalhit/1.1 (+http://www.facebook.com/externalhit_uatext.php)" "www.metrocrimedaily.com"
69.63.184.2 - - [19/Jan/2023:16:15:20 -0800] "GET /instagram-memphis/01-19-2023-1814431-A.jpg HTTP/1.1" 200 107852 "-" "facebookexternalhit/1.1 (+http://www.facebook.com/externalhit_uatext.php)" "www.metrocrimedaily.com"
69.63.184.5 - - [19/Jan/2023:16:15:38 -0800] "GET /instagram-dallas/01-19-2023-1815151-A.jpg HTTP/1.1" 200 227700 "-" "facebookexternalhit/1.1 (+http://www.facebook.com/externalhit_uatext.php)" "www.metrocrimedaily.com"
69.63.184.118 - - [19/Jan/2023:16:15:48 -0800] "GET /instagram-memphis/01-19-2023-1814432-A.jpg HTTP/1.1" 200 226007 "-" "facebookexternalhit/1.1 (+http://www.facebook.com/externalhit_uatext.php)" "www.metrocrimedaily.com"
69.63.184.116 - - [19/Jan/2023:16:16:09 -0800] "GET /instagram-dallas/01-19-2023-1815152-A.jpg HTTP/1.1" 200 164018 "-" "facebookexternalhit/1.1 (+http://www.facebook.com/externalhit_uatext.php)" "www.metrocrimedaily.com"
69.63.184.1 - - [19/Jan/2023:16:16:15 -0800] "GET /instagram-memphis/01-19-2023-1814433-A.jpg HTTP/1.1" 200 145355 "-" "facebookexternalhit/1.1 (+http://www.facebook.com/externalhit_uatext.php)" "www.metrocrimedaily.com"
69.63.184.120 - - [19/Jan/2023:16:16:39 -0800] "GET /instagram-dallas/01-19-2023-1815153-A.jpg HTTP/1.1" 200 124184 "-" "facebookexternalhit/1.1 (+http://www.facebook.com/externalhit_uatext.php)" "www.metrocrimedaily.com"
69.63.184.2 - - [19/Jan/2023:16:16:42 -0800] "GET /instagram-memphis/01-19-2023-1814434-A.jpg HTTP/1.1" 200 168716 "-" "facebookexternalhit/1.1 (+http://www.facebook.com/externalhit_uatext.php)" "www.metrocrimedaily.com"
69.63.184.119 - - [19/Jan/2023:16:17:07 -0800] "GET /instagram-memphis/01-19-2023-1814435-A.jpg HTTP/1.1" 200 143775 "-" "facebookexternalhit/1.1 (+http://www.facebook.com/externalhit_uatext.php)" "www.metrocrimedaily.com"
69.63.184.1 - - [19/Jan/2023:16:18:02 -0800] "GET /instagram-atlanta/01-19-2023-1730424-A.jpg HTTP/1.1" 200 179067 "-" "facebookexternalhit/1.1 (+http://www.facebook.com/externalhit_uatext.php)" "www.metrocrimedaily.com"
69.63.184.5 - - [19/Jan/2023:16:20:13 -0800] "GET /instagram-detroit/01-19-2023-1803153-A.jpg HTTP/1.1" 200 100680 "-" "facebookexternalhit/1.1 (+http://www.facebook.com/externalhit_uatext.php)" "www.metrocrimedaily.com"
69.63.184.4 - - [19/Jan/2023:16:25:35 -0800] "GET /instagram-houston/01-19-2023-1825151-A.jpg HTTP/1.1" 200 140543 "-" "facebookexternalhit/1.1 (+http://www.facebook.com/externalhit_uatext.php)" "www.metrocrimedaily.com"
69.63.184.117 - - [19/Jan/2023:16:26:10 -0800] "GET /instagram-stlouis/01-19-2023-1810182-A.jpg HTTP/1.1" 200 266094 "-" "facebookexternalhit/1.1 (+http://www.facebook.com/externalhit_uatext.php)" "www.metrocrimedaily.com"
66.249.70.42 - - [19/Jan/2023:16:27:16 -0800] "GET /robots.txt HTTP/1.1" 404 88 "-" "Mozilla/5.0 (compatible; Googlebot/2.1; +http://www.google.com/bot.html)" "metrocrimedaily.com"
69.63.184.118 - - [19/Jan/2023:16:33:40 -0800] "GET /instagram-atlanta/01-19-2023-1730425-A.jpg HTTP/1.1" 200 94444 "-" "facebookexternalhit/1.1 (+http://www.facebook.com/externalhit_uatext.php)" "www.metrocrimedaily.com"
69.63.184.5 - - [19/Jan/2023:16:35:46 -0800] "GET /instagram-detroit/01-19-2023-1803154-A.jpg HTTP/1.1" 200 113864 "-" "facebookexternalhit/1.1 (+http://www.facebook.com/externalhit_uatext.php)" "www.metrocrimedaily.com"
69.63.184.117 - - [19/Jan/2023:16:36:13 -0800] "GET /instagram-detroit/01-19-2023-1803155-A.jpg HTTP/1.1" 200 83845 "-" "facebookexternalhit/1.1 (+http://www.facebook.com/externalhit_uatext.php)" "www.metrocrimedaily.com"
69.63.184.117 - - [19/Jan/2023:16:36:41 -0800] "GET /instagram-detroit/01-19-2023-1803156-A.jpg HTTP/1.1" 200 104478 "-" "facebookexternalhit/1.1 (+http://www.facebook.com/externalhit_uatext.php)" "www.metrocrimedaily.com"
69.63.184.118 - - [19/Jan/2023:16:37:07 -0800] "GET /instagram-detroit/01-19-2023-1803157-A.jpg HTTP/1.1" 200 61253 "-" "facebookexternalhit/1.1 (+http://www.facebook.com/externalhit_uatext.php)" "www.metrocrimedaily.com"
69.63.184.5 - - [19/Jan/2023:16:37:35 -0800] "GET /instagram-detroit/01-19-2023-1803158-A.jpg HTTP/1.1" 200 118200 "-" "facebookexternalhit/1.1 (+http://www.facebook.com/externalhit_uatext.php)" "www.metrocrimedaily.com"
69.63.184.116 - - [19/Jan/2023:16:38:01 -0800] "GET /instagram-detroit/01-19-2023-1803159-A.jpg HTTP/1.1" 200 76978 "-" "facebookexternalhit/1.1 (+http://www.facebook.com/externalhit_uatext.php)" "www.metrocrimedaily.com"
69.63.184.118 - - [19/Jan/2023:16:38:32 -0800] "GET /instagram-detroit/01-19-2023-18031510-A.jpg HTTP/1.1" 200 98281 "-" "facebookexternalhit/1.1 (+http://www.facebook.com/externalhit_uatext.php)" "www.metrocrimedaily.com"
69.63.184.1 - - [19/Jan/2023:16:38:59 -0800] "GET /instagram-detroit/01-19-2023-18031511-A.jpg HTTP/1.1" 200 185665 "-" "facebookexternalhit/1.1 (+http://www.facebook.com/externalhit_uatext.php)" "www.metrocrimedaily.com"
69.63.184.3 - - [19/Jan/2023:16:39:21 -0800] "GET /instagram-detroit/01-19-2023-18031512-A.jpg HTTP/1.1" 200 154852 "-" "facebookexternalhit/1.1 (+http://www.facebook.com/externalhit_uatext.php)" "www.metrocrimedaily.com"
69.63.184.5 - - [19/Jan/2023:16:41:07 -0800] "GET /instagram-houston/01-19-2023-1825152-A.jpg HTTP/1.1" 200 73201 "-" "facebookexternalhit/1.1 (+http://www.facebook.com/externalhit_uatext.php)" "www.metrocrimedaily.com"
69.63.184.119 - - [19/Jan/2023:16:44:26 -0800] "GET /instagram-newyork/01-19-2023-1844071-A.jpg HTTP/1.1" 200 223671 "-" "facebookexternalhit/1.1 (+http://www.facebook.com/externalhit_uatext.php)" "www.metrocrimedaily.com"
69.63.184.1 - - [19/Jan/2023:16:45:42 -0800] "GET /instagram-neworleans/01-19-2023-1845231-A.jpg HTTP/1.1" 200 93804 "-" "facebookexternalhit/1.1 (+http://www.facebook.com/externalhit_uatext.php)" "www.metrocrimedaily.com"
51.222.253.4 - - [19/Jan/2023:16:48:53 -0800] "GET /instagram-chicago/post-later/?C=N;O=D HTTP/1.1" 200 2250 "-" "Mozilla/5.0 (compatible; AhrefsBot/7.0; +http://ahrefs.com/robot/)" "metrocrimedaily.com"
69.63.184.1 - - [19/Jan/2023:16:49:16 -0800] "GET /instagram-atlanta/01-19-2023-1730426-A.jpg HTTP/1.1" 200 190774 "-" "facebookexternalhit/1.1 (+http://www.facebook.com/externalhit_uatext.php)" "www.metrocrimedaily.com"
69.63.184.118 - - [19/Jan/2023:16:50:39 -0800] "GET /instagram-dallas/01-19-2023-1850161-A.jpg HTTP/1.1" 200 126225 "-" "facebookexternalhit/1.1 (+http://www.facebook.com/externalhit_uatext.php)" "www.metrocrimedaily.com"
69.63.184.120 - - [19/Jan/2023:16:56:40 -0800] "GET /instagram-houston/01-19-2023-1825153-A.jpg HTTP/1.1" 200 175154 "-" "facebookexternalhit/1.1 (+http://www.facebook.com/externalhit_uatext.php)" "www.metrocrimedaily.com"
69.63.184.116 - - [19/Jan/2023:17:01:14 -0800] "GET /instagram-neworleans/01-19-2023-1845232-A.jpg HTTP/1.1" 200 208923 "-" "facebookexternalhit/1.1 (+http://www.facebook.com/externalhit_uatext.php)" "www.metrocrimedaily.com"
69.63.184.4 - - [19/Jan/2023:17:02:43 -0800] "GET /instagram-chicago/01-19-2023-1902191-A.jpg HTTP/1.1" 200 178550 "-" "facebookexternalhit/1.1 (+http://www.facebook.com/externalhit_uatext.php)" "www.metrocrimedaily.com"
69.63.184.5 - - [19/Jan/2023:17:04:50 -0800] "GET /instagram-atlanta/01-19-2023-1730427-A.jpg HTTP/1.1" 200 188387 "-" "facebookexternalhit/1.1 (+http://www.facebook.com/externalhit_uatext.php)" "www.metrocrimedaily.com"
69.63.184.116 - - [19/Jan/2023:17:12:10 -0800] "GET /instagram-houston/01-19-2023-1825154-A.jpg HTTP/1.1" 200 179569 "-" "facebookexternalhit/1.1 (+http://www.facebook.com/externalhit_uatext.php)" "www.metrocrimedaily.com"
69.63.184.118 - - [19/Jan/2023:17:15:28 -0800] "GET /instagram-memphis/01-19-2023-1915071-A.jpg HTTP/1.1" 200 142329 "-" "facebookexternalhit/1.1 (+http://www.facebook.com/externalhit_uatext.php)" "www.metrocrimedaily.com"
69.63.184.116 - - [19/Jan/2023:17:16:44 -0800] "GET /instagram-neworleans/01-19-2023-1845233-A.jpg HTTP/1.1" 200 123143 "-" "facebookexternalhit/1.1 (+http://www.facebook.com/externalhit_uatext.php)" "www.metrocrimedaily.com"
68.40.66.72 - - [19/Jan/2023:17:18:07 -0800] "GET / HTTP/1.1" 200 126662 "https://www.google.com/" "Mozilla/5.0 (Windows NT 10.0; Win64; x64) AppleWebKit/537.36 (KHTML, like Gecko) Chrome/109.0.0.0 Safari/537.36" "www.metrocrimedaily.com"
68.40.66.72 - - [19/Jan/2023:17:18:07 -0800] "GET /styles-mcd.css HTTP/1.1" 200 1159 "http://www.metrocrimedaily.com/" "Mozilla/5.0 (Windows NT 10.0; Win64; x64) AppleWebKit/537.36 (KHTML, like Gecko) Chrome/109.0.0.0 Safari/537.36" "www.metrocrimedaily.com"
68.40.66.72 - - [19/Jan/2023:17:18:07 -0800] "GET /images/crimeinthed-logo.jpg HTTP/1.1" 200 14960 "http://www.metrocrimedaily.com/" "Mozilla/5.0 (Windows NT 10.0; Win64; x64) AppleWebKit/537.36 (KHTML, like Gecko) Chrome/109.0.0.0 Safari/537.36" "www.metrocrimedaily.com"
68.40.66.72 - - [19/Jan/2023:17:18:07 -0800] "GET /images/police-tape.jpg HTTP/1.1" 200 50766 "http://www.metrocrimedaily.com/" "Mozilla/5.0 (Windows NT 10.0; Win64; x64) AppleWebKit/537.36 (KHTML, like Gecko) Chrome/109.0.0.0 Safari/537.36" "metrocrimedaily.com"
68.40.66.72 - - [19/Jan/2023:17:18:09 -0800] "GET /images/facebook-logo-tiny.png HTTP/1.1" 200 1280 "http://www.metrocrimedaily.com/" "Mozilla/5.0 (Windows NT 10.0; Win64; x64) AppleWebKit/537.36 (KHTML, like Gecko) Chrome/109.0.0.0 Safari/537.36" "www.metrocrimedaily.com"
68.40.66.72 - - [19/Jan/2023:17:18:09 -0800] "GET /images/youtube-logo-tiny.png HTTP/1.1" 200 689 "http://www.metrocrimedaily.com/" "Mozilla/5.0 (Windows NT 10.0; Win64; x64) AppleWebKit/537.36 (KHTML, like Gecko) Chrome/109.0.0.0 Safari/537.36" "www.metrocrimedaily.com"
68.40.66.72 - - [19/Jan/2023:17:18:09 -0800] "GET /images/twitter-logo-b-tiny.png HTTP/1.1" 200 1600 "http://www.metrocrimedaily.com/" "Mozilla/5.0 (Windows NT 10.0; Win64; x64) AppleWebKit/537.36 (KHTML, like Gecko) Chrome/109.0.0.0 Safari/537.36" "www.metrocrimedaily.com"
69.63.184.116 - - [19/Jan/2023:17:18:19 -0800] "GET /instagram-chicago/01-19-2023-1902192-A.jpg HTTP/1.1" 200 218221 "-" "facebookexternalhit/1.1 (+http://www.facebook.com/externalhit_uatext.php)" "www.metrocrimedaily.com"
173.255.235.72 - - [19/Jan/2023:17:18:23 -0800] "GET /wp-login.php HTTP/1.1" 404 88 "" "Mozilla/5.0 (Windows NT 10.0; Win64; x64; rv:108.0) Gecko/20100101 Firefox/108.0" "metrocrimedaily.com"
54.255.84.63 - - [19/Jan/2023:17:18:30 -0800] "GET /wp-login.php HTTP/1.1" 404 88 "" "Mozilla/5.0 (Windows NT 10.0; Win64; x64; rv:108.0) Gecko/20100101 Firefox/108.0" "metrocrimedaily.com"
69.63.184.120 - - [19/Jan/2023:17:18:49 -0800] "GET /instagram-chicago/01-19-2023-1902193-A.jpg HTTP/1.1" 200 96714 "-" "facebookexternalhit/1.1 (+http://www.facebook.com/externalhit_uatext.php)" "www.metrocrimedaily.com"
68.40.66.72 - - [19/Jan/2023:17:19:09 -0800] "GET /index.html HTTP/1.1" 200 126662 "http://www.metrocrimedaily.com/" "Mozilla/5.0 (Windows NT 10.0; Win64; x64) AppleWebKit/537.36 (KHTML, like Gecko) Chrome/109.0.0.0 Safari/537.36" "www.metrocrimedaily.com"
69.63.184.112 - - [19/Jan/2023:17:19:21 -0800] "GET /instagram-chicago/01-19-2023-1902194-A.jpg HTTP/1.1" 200 148623 "-" "facebookexternalhit/1.1 (+http://www.facebook.com/externalhit_uatext.php)" "www.metrocrimedaily.com"
69.63.184.4 - - [19/Jan/2023:17:19:51 -0800] "GET /instagram-chicago/01-19-2023-1902195-A.jpg HTTP/1.1" 200 94905 "-" "facebookexternalhit/1.1 (+http://www.facebook.com/externalhit_uatext.php)" "www.metrocrimedaily.com"
69.63.184.118 - - [19/Jan/2023:17:20:25 -0800] "GET /instagram-chicago/01-19-2023-1902196-A.jpg HTTP/1.1" 200 118275 "-" "facebookexternalhit/1.1 (+http://www.facebook.com/externalhit_uatext.php)" "www.metrocrimedaily.com"
69.63.184.117 - - [19/Jan/2023:17:20:28 -0800] "GET /instagram-atlanta/01-19-2023-1730428-A.jpg HTTP/1.1" 200 155437 "-" "facebookexternalhit/1.1 (+http://www.facebook.com/externalhit_uatext.php)" "www.metrocrimedaily.com"
69.63.184.116 - - [19/Jan/2023:17:20:56 -0800] "GET /instagram-chicago/01-19-2023-1902197-A.jpg HTTP/1.1" 200 81042 "-" "facebookexternalhit/1.1 (+http://www.facebook.com/externalhit_uatext.php)" "www.metrocrimedaily.com"
69.63.184.3 - - [19/Jan/2023:17:21:27 -0800] "GET /instagram-chicago/01-19-2023-1902198-A.jpg HTTP/1.1" 200 255251 "-" "facebookexternalhit/1.1 (+http://www.facebook.com/externalhit_uatext.php)" "www.metrocrimedaily.com"
172.5.208.153 - - [19/Jan/2023:17:24:09 -0800] "GET / HTTP/1.1" 200 126662 "https://www.google.com/" "Mozilla/5.0 (Macintosh; Intel Mac OS X 10_15_7) AppleWebKit/605.1.15 (KHTML, like Gecko) Version/16.0 Safari/605.1.15" "www.metrocrimedaily.com"
172.5.208.153 - - [19/Jan/2023:17:24:09 -0800] "GET /styles-mcd.css HTTP/1.1" 200 1159 "http://www.metrocrimedaily.com/" "Mozilla/5.0 (Macintosh; Intel Mac OS X 10_15_7) AppleWebKit/605.1.15 (KHTML, like Gecko) Version/16.0 Safari/605.1.15" "www.metrocrimedaily.com"
172.5.208.153 - - [19/Jan/2023:17:24:09 -0800] "GET /images/crimeinthed-logo.jpg HTTP/1.1" 200 14960 "http://www.metrocrimedaily.com/" "Mozilla/5.0 (Macintosh; Intel Mac OS X 10_15_7) AppleWebKit/605.1.15 (KHTML, like Gecko) Version/16.0 Safari/605.1.15" "www.metrocrimedaily.com"
172.5.208.153 - - [19/Jan/2023:17:24:09 -0800] "GET /images/facebook-logo-tiny.png HTTP/1.1" 200 1280 "http://www.metrocrimedaily.com/" "Mozilla/5.0 (Macintosh; Intel Mac OS X 10_15_7) AppleWebKit/605.1.15 (KHTML, like Gecko) Version/16.0 Safari/605.1.15" "www.metrocrimedaily.com"
172.5.208.153 - - [19/Jan/2023:17:24:09 -0800] "GET /images/youtube-logo-tiny.png HTTP/1.1" 200 689 "http://www.metrocrimedaily.com/" "Mozilla/5.0 (Macintosh; Intel Mac OS X 10_15_7) AppleWebKit/605.1.15 (KHTML, like Gecko) Version/16.0 Safari/605.1.15" "www.metrocrimedaily.com"
172.5.208.153 - - [19/Jan/2023:17:24:09 -0800] "GET /images/police-tape.jpg HTTP/1.1" 200 50766 "http://www.metrocrimedaily.com/" "Mozilla/5.0 (Macintosh; Intel Mac OS X 10_15_7) AppleWebKit/605.1.15 (KHTML, like Gecko) Version/16.0 Safari/605.1.15" "metrocrimedaily.com"
172.5.208.153 - - [19/Jan/2023:17:24:09 -0800] "GET /images/twitter-logo-b-tiny.png HTTP/1.1" 200 1600 "http://www.metrocrimedaily.com/" "Mozilla/5.0 (Macintosh; Intel Mac OS X 10_15_7) AppleWebKit/605.1.15 (KHTML, like Gecko) Version/16.0 Safari/605.1.15" "www.metrocrimedaily.com"
172.5.208.153 - - [19/Jan/2023:17:24:36 -0800] "GET /favicon.ico HTTP/1.1" 404 88 "http://www.metrocrimedaily.com/" "Mozilla/5.0 (Macintosh; Intel Mac OS X 10_15_7) AppleWebKit/605.1.15 (KHTML, like Gecko) Version/16.0 Safari/605.1.15" "www.metrocrimedaily.com"
185.204.0.204 - - [19/Jan/2023:17:27:11 -0800] "GET /wp-login.php HTTP/1.1" 404 88 "" "Mozilla/5.0 (Windows NT 10.0; Win64; x64; rv:108.0) Gecko/20100101 Firefox/108.0" "metrocrimedaily.com"
69.63.184.3 - - [19/Jan/2023:17:27:45 -0800] "GET /instagram-houston/01-19-2023-1825155-A.jpg HTTP/1.1" 200 241205 "-" "facebookexternalhit/1.1 (+http://www.facebook.com/externalhit_uatext.php)" "www.metrocrimedaily.com"
69.63.184.4 - - [19/Jan/2023:17:28:36 -0800] "GET /instagram-stlouis/01-19-2023-1928151-A.jpg HTTP/1.1" 200 174729 "-" "facebookexternalhit/1.1 (+http://www.facebook.com/externalhit_uatext.php)" "www.metrocrimedaily.com"
51.222.253.19 - - [19/Jan/2023:17:29:01 -0800] "GET / HTTP/1.1" 200 126662 "-" "Mozilla/5.0 (compatible; AhrefsBot/7.0; +http://ahrefs.com/robot/)" "www.metrocrimedaily.com"
69.63.184.117 - - [19/Jan/2023:17:29:06 -0800] "GET /instagram-stlouis/01-19-2023-1928152-A.jpg HTTP/1.1" 200 193038 "-" "facebookexternalhit/1.1 (+http://www.facebook.com/externalhit_uatext.php)" "www.metrocrimedaily.com"
69.63.184.2 - - [19/Jan/2023:17:29:14 -0800] "GET /instagram-losangeles/01-19-2023-1928531-A.jpg HTTP/1.1" 200 158847 "-" "facebookexternalhit/1.1 (+http://www.facebook.com/externalhit_uatext.php)" "www.metrocrimedaily.com"
69.63.184.120 - - [19/Jan/2023:17:29:38 -0800] "GET /instagram-stlouis/01-19-2023-1928153-A.jpg HTTP/1.1" 200 166338 "-" "facebookexternalhit/1.1 (+http://www.facebook.com/externalhit_uatext.php)" "www.metrocrimedaily.com"
69.63.184.4 - - [19/Jan/2023:17:30:09 -0800] "GET /instagram-stlouis/01-19-2023-1928154-A.jpg HTTP/1.1" 200 326144 "-" "facebookexternalhit/1.1 (+http://www.facebook.com/externalhit_uatext.php)" "www.metrocrimedaily.com"
69.63.184.117 - - [19/Jan/2023:17:30:36 -0800] "GET /instagram-stlouis/01-19-2023-1928155-A.jpg HTTP/1.1" 200 159465 "-" "facebookexternalhit/1.1 (+http://www.facebook.com/externalhit_uatext.php)" "www.metrocrimedaily.com"
69.63.184.4 - - [19/Jan/2023:17:31:00 -0800] "GET /instagram-memphis/01-19-2023-1915072-A.jpg HTTP/1.1" 200 120028 "-" "facebookexternalhit/1.1 (+http://www.facebook.com/externalhit_uatext.php)" "www.metrocrimedaily.com"
69.63.184.4 - - [19/Jan/2023:17:31:03 -0800] "GET /instagram-stlouis/01-19-2023-1928156-A.jpg HTTP/1.1" 200 216750 "-" "facebookexternalhit/1.1 (+http://www.facebook.com/externalhit_uatext.php)" "www.metrocrimedaily.com"
69.63.184.116 - - [19/Jan/2023:17:31:28 -0800] "GET /instagram-memphis/01-19-2023-1915073-A.jpg HTTP/1.1" 200 293992 "-" "facebookexternalhit/1.1 (+http://www.facebook.com/externalhit_uatext.php)" "www.metrocrimedaily.com"
69.63.184.116 - - [19/Jan/2023:17:33:12 -0800] "GET /instagram-newyork/01-19-2023-1932531-A.jpg HTTP/1.1" 200 198886 "-" "facebookexternalhit/1.1 (+http://www.facebook.com/externalhit_uatext.php)" "www.metrocrimedaily.com"
69.63.184.118 - - [19/Jan/2023:17:36:04 -0800] "GET /instagram-atlanta/01-19-2023-1730429-A.jpg HTTP/1.1" 200 109200 "-" "facebookexternalhit/1.1 (+http://www.facebook.com/externalhit_uatext.php)" "www.metrocrimedaily.com"
162.55.211.60 - - [19/Jan/2023:17:37:47 -0800] "GET / HTTP/1.1" 200 126662 "-" "Mozilla/5.0 (compatible; Yellowbrandprotectionbot/1.0; +https://www.yellowbp.com/bot.html)" "www.metrocrimedaily.com"
51.222.253.6 - - [19/Jan/2023:17:39:06 -0800] "GET /robots.txt HTTP/1.1" 404 88 "-" "Mozilla/5.0 (compatible; AhrefsBot/7.0; +http://ahrefs.com/robot/)" "metrocrimedaily.com"
178.208.67.57 - - [19/Jan/2023:17:39:07 -0800] "GET /wp-login.php HTTP/1.1" 404 88 "" "Mozilla/5.0 (Windows NT 10.0; Win64; x64; rv:108.0) Gecko/20100101 Firefox/108.0" "metrocrimedaily.com"
51.222.253.11 - - [19/Jan/2023:17:39:07 -0800] "GET /instagram-chicago/post-later/?C=M;O=D HTTP/1.1" 200 2573 "-" "Mozilla/5.0 (compatible; AhrefsBot/7.0; +http://ahrefs.com/robot/)" "metrocrimedaily.com"
69.63.184.3 - - [19/Jan/2023:17:43:18 -0800] "GET /instagram-houston/01-19-2023-1825156-A.jpg HTTP/1.1" 200 150340 "-" "facebookexternalhit/1.1 (+http://www.facebook.com/externalhit_uatext.php)" "www.metrocrimedaily.com"
69.63.184.4 - - [19/Jan/2023:17:43:45 -0800] "GET /instagram-houston/01-19-2023-1825157-A.jpg HTTP/1.1" 200 97915 "-" "facebookexternalhit/1.1 (+http://www.facebook.com/externalhit_uatext.php)" "www.metrocrimedaily.com"
69.63.184.119 - - [19/Jan/2023:17:44:11 -0800] "GET /instagram-houston/01-19-2023-1825158-A.jpg HTTP/1.1" 200 159108 "-" "facebookexternalhit/1.1 (+http://www.facebook.com/externalhit_uatext.php)" "www.metrocrimedaily.com"
69.63.184.117 - - [19/Jan/2023:17:44:38 -0800] "GET /instagram-houston/01-19-2023-1825159-A.jpg HTTP/1.1" 200 158486 "-" "facebookexternalhit/1.1 (+http://www.facebook.com/externalhit_uatext.php)" "www.metrocrimedaily.com"
69.63.184.120 - - [19/Jan/2023:17:44:42 -0800] "GET /instagram-losangeles/01-19-2023-1928532-A.jpg HTTP/1.1" 200 198686 "-" "facebookexternalhit/1.1 (+http://www.facebook.com/externalhit_uatext.php)" "www.metrocrimedaily.com"
69.63.184.1 - - [19/Jan/2023:17:45:05 -0800] "GET /instagram-houston/01-19-2023-18251510-A.jpg HTTP/1.1" 200 103403 "-" "facebookexternalhit/1.1 (+http://www.facebook.com/externalhit_uatext.php)" "www.metrocrimedaily.com"
69.63.184.5 - - [19/Jan/2023:17:45:33 -0800] "GET /instagram-houston/01-19-2023-18251511-A.jpg HTTP/1.1" 200 185054 "-" "facebookexternalhit/1.1 (+http://www.facebook.com/externalhit_uatext.php)" "www.metrocrimedaily.com"
69.63.184.117 - - [19/Jan/2023:17:46:00 -0800] "GET /instagram-houston/01-19-2023-18251512-A.jpg HTTP/1.1" 200 174332 "-" "facebookexternalhit/1.1 (+http://www.facebook.com/externalhit_uatext.php)" "www.metrocrimedaily.com"
69.63.184.120 - - [19/Jan/2023:17:46:27 -0800] "GET /instagram-houston/01-19-2023-18251513-A.jpg HTTP/1.1" 200 201349 "-" "facebookexternalhit/1.1 (+http://www.facebook.com/externalhit_uatext.php)" "www.metrocrimedaily.com"
69.63.184.2 - - [19/Jan/2023:17:46:54 -0800] "GET /instagram-houston/01-19-2023-18251514-A.jpg HTTP/1.1" 200 167345 "-" "facebookexternalhit/1.1 (+http://www.facebook.com/externalhit_uatext.php)" "www.metrocrimedaily.com"
51.222.253.16 - - [19/Jan/2023:17:48:51 -0800] "GET /instagram-chicago/post-later/?C=S;O=D HTTP/1.1" 200 2650 "-" "Mozilla/5.0 (compatible; AhrefsBot/7.0; +http://ahrefs.com/robot/)" "metrocrimedaily.com"
69.63.184.5 - - [19/Jan/2023:17:51:44 -0800] "GET /instagram-atlanta/01-19-2023-17304210-A.jpg HTTP/1.1" 200 88090 "-" "facebookexternalhit/1.1 (+http://www.facebook.com/externalhit_uatext.php)" "www.metrocrimedaily.com"
76.184.252.42 - - [19/Jan/2023:17:55:02 -0800] "GET /images/police-tape.jpg HTTP/1.1" 200 50766 "-" "Wget/1.20.3 (mingw32)" "metrocrimedaily.com"
69.63.184.117 - - [19/Jan/2023:17:55:33 -0800] "GET /instagram-detroit/01-19-2023-1954501-A.jpg HTTP/1.1" 200 61077 "-" "facebookexternalhit/1.1 (+http://www.facebook.com/externalhit_uatext.php)" "www.metrocrimedaily.com"
51.222.253.14 - - [19/Jan/2023:17:58:58 -0800] "GET /instagram-chicago/post-later/01-18-2023-2315511-Driver-fires-shots-at-would-be-carjackers-in-Oak-.txt HTTP/1.1" 200 520 "-" "Mozilla/5.0 (compatible; AhrefsBot/7.0; +http://ahrefs.com/robot/)" "metrocrimedaily.com"
69.63.184.4 - - [19/Jan/2023:18:00:13 -0800] "GET /instagram-losangeles/01-19-2023-1928533-A.jpg HTTP/1.1" 200 174894 "-" "facebookexternalhit/1.1 (+http://www.facebook.com/externalhit_uatext.php)" "www.metrocrimedaily.com"
69.63.184.120 - - [19/Jan/2023:18:00:55 -0800] "GET /instagram-neworleans/01-19-2023-2000361-A.jpg HTTP/1.1" 200 222625 "-" "facebookexternalhit/1.1 (+http://www.facebook.com/externalhit_uatext.php)" "www.metrocrimedaily.com"
69.63.184.117 - - [19/Jan/2023:18:02:12 -0800] "GET /instagram-chicago/01-19-2023-2001481-A.jpg HTTP/1.1" 200 209102 "-" "facebookexternalhit/1.1 (+http://www.facebook.com/externalhit_uatext.php)" "www.metrocrimedaily.com"
69.63.184.116 - - [19/Jan/2023:18:02:44 -0800] "GET /instagram-chicago/01-19-2023-2001482-A.jpg HTTP/1.1" 200 105695 "-" "facebookexternalhit/1.1 (+http://www.facebook.com/externalhit_uatext.php)" "www.metrocrimedaily.com"
103.74.123.3 - - [19/Jan/2023:18:05:38 -0800] "GET /wp-login.php HTTP/1.1" 404 88 "" "Mozilla/5.0 (Windows NT 10.0; Win64; x64; rv:108.0) Gecko/20100101 Firefox/108.0" "metrocrimedaily.com"
69.63.184.119 - - [19/Jan/2023:18:07:20 -0800] "GET /instagram-atlanta/01-19-2023-17304211-A.jpg HTTP/1.1" 200 257276 "-" "facebookexternalhit/1.1 (+http://www.facebook.com/externalhit_uatext.php)" "www.metrocrimedaily.com"
51.222.253.16 - - [19/Jan/2023:18:09:31 -0800] "GET /instagram-chicago/post-later/01-18-2023-2315512-CPD-meets-with-concerned-Southsiders-after-recent.txt HTTP/1.1" 200 1072 "-" "Mozilla/5.0 (compatible; AhrefsBot/7.0; +http://ahrefs.com/robot/)" "metrocrimedaily.com"
69.63.184.5 - - [19/Jan/2023:18:11:03 -0800] "GET /instagram-detroit/01-19-2023-1954502-A.jpg HTTP/1.1" 200 153526 "-" "facebookexternalhit/1.1 (+http://www.facebook.com/externalhit_uatext.php)" "www.metrocrimedaily.com"
50.233.35.94 - - [19/Jan/2023:18:11:25 -0800] "GET / HTTP/1.1" 200 126662 "https://www.google.com/" "Mozilla/5.0 (Windows NT 10.0; Win64; x64) AppleWebKit/537.36 (KHTML, like Gecko) Chrome/106.0.0.0 Safari/537.36" "www.metrocrimedaily.com"
50.233.35.94 - - [19/Jan/2023:18:11:25 -0800] "GET /styles-mcd.css HTTP/1.1" 200 1159 "http://www.metrocrimedaily.com/" "Mozilla/5.0 (Windows NT 10.0; Win64; x64) AppleWebKit/537.36 (KHTML, like Gecko) Chrome/106.0.0.0 Safari/537.36" "www.metrocrimedaily.com"
50.233.35.94 - - [19/Jan/2023:18:11:25 -0800] "GET /images/crimeinthed-logo.jpg HTTP/1.1" 200 14960 "http://www.metrocrimedaily.com/" "Mozilla/5.0 (Windows NT 10.0; Win64; x64) AppleWebKit/537.36 (KHTML, like Gecko) Chrome/106.0.0.0 Safari/537.36" "www.metrocrimedaily.com"
50.233.35.94 - - [19/Jan/2023:18:11:25 -0800] "GET /images/police-tape.jpg HTTP/1.1" 200 50766 "http://www.metrocrimedaily.com/" "Mozilla/5.0 (Windows NT 10.0; Win64; x64) AppleWebKit/537.36 (KHTML, like Gecko) Chrome/106.0.0.0 Safari/537.36" "metrocrimedaily.com"
50.233.35.94 - - [19/Jan/2023:18:11:26 -0800] "GET /images/facebook-logo-tiny.png HTTP/1.1" 200 1280 "http://www.metrocrimedaily.com/" "Mozilla/5.0 (Windows NT 10.0; Win64; x64) AppleWebKit/537.36 (KHTML, like Gecko) Chrome/106.0.0.0 Safari/537.36" "www.metrocrimedaily.com"
50.233.35.94 - - [19/Jan/2023:18:11:26 -0800] "GET /images/youtube-logo-tiny.png HTTP/1.1" 200 689 "http://www.metrocrimedaily.com/" "Mozilla/5.0 (Windows NT 10.0; Win64; x64) AppleWebKit/537.36 (KHTML, like Gecko) Chrome/106.0.0.0 Safari/537.36" "www.metrocrimedaily.com"
50.233.35.94 - - [19/Jan/2023:18:11:26 -0800] "GET /images/twitter-logo-b-tiny.png HTTP/1.1" 200 1600 "http://www.metrocrimedaily.com/" "Mozilla/5.0 (Windows NT 10.0; Win64; x64) AppleWebKit/537.36 (KHTML, like Gecko) Chrome/106.0.0.0 Safari/537.36" "www.metrocrimedaily.com"
50.233.35.94 - - [19/Jan/2023:18:11:46 -0800] "GET /favicon.ico HTTP/1.1" 404 88 "http://www.metrocrimedaily.com/" "Mozilla/5.0 (Windows NT 10.0; Win64; x64) AppleWebKit/537.36 (KHTML, like Gecko) Chrome/106.0.0.0 Safari/537.36" "www.metrocrimedaily.com"
66.249.70.39 - - [19/Jan/2023:18:12:57 -0800] "GET /styles.css HTTP/1.1" 404 88 "http://metrocrimedaily.com/social-media-menu.html" "Mozilla/5.0 (Linux; Android 6.0.1; Nexus 5X Build/MMB29P) AppleWebKit/537.36 (KHTML, like Gecko) Chrome/108.0.5359.130 Mobile Safari/537.36 (compatible; Googlebot/2.1; +http://www.google.com/bot.html)" "metrocrimedaily.com"
66.249.70.39 - - [19/Jan/2023:18:12:58 -0800] "GET /styles.css HTTP/1.1" 404 88 "http://metrocrimedaily.com/social-media-menu.html" "Mozilla/5.0 (Linux; Android 6.0.1; Nexus 5X Build/MMB29P) AppleWebKit/537.36 (KHTML, like Gecko) Chrome/108.0.5359.130 Mobile Safari/537.36 (compatible; Googlebot/2.1; +http://www.google.com/bot.html)" "metrocrimedaily.com"
157.55.39.167 - - [19/Jan/2023:18:13:21 -0800] "GET /instagram-dallas/12-22-2022-1738223-Skin-Patch-Predicts-Heart-Attack-and-Strokes-.txt HTTP/1.1" 404 88 "-" "Mozilla/5.0 AppleWebKit/537.36 (KHTML, like Gecko; compatible; bingbot/2.0; +http://www.bing.com/bingbot.htm) Chrome/103.0.5060.134 Safari/537.36" "www.metrocrimedaily.com"
34.207.241.106 - - [19/Jan/2023:18:13:28 -0800] "GET /robots.txt HTTP/1.1" 404 88 "-" "Mozilla/5.0 AppleWebKit (KHTML, like Gecko) Chrome Safari" "www.metrocrimedaily.com"
34.207.241.106 - - [19/Jan/2023:18:13:28 -0800] "GET /robots.txt HTTP/1.1" 404 88 "-" "Mozilla/5.0 AppleWebKit (KHTML, like Gecko) Chrome Safari" "www.metrocrimedaily.com"
52.204.81.87 - - [19/Jan/2023:18:16:01 -0800] "GET / HTTP/1.1" 200 126662 "-" "Mozilla/5.0 (compatible; proximic; +https://www.comscore.com/Web-Crawler)" "www.metrocrimedaily.com"
69.63.184.119 - - [19/Jan/2023:18:18:15 -0800] "GET /instagram-dallas/01-19-2023-2017511-A.jpg HTTP/1.1" 200 383091 "-" "facebookexternalhit/1.1 (+http://www.facebook.com/externalhit_uatext.php)" "www.metrocrimedaily.com"
51.222.253.8 - - [19/Jan/2023:18:21:17 -0800] "GET /instagram-chicago/post-later/01-18-2023-2347211-Man-stabbed--2-injured-in-fight-outside-Northwest.txt HTTP/1.1" 200 521 "-" "Mozilla/5.0 (compatible; AhrefsBot/7.0; +http://ahrefs.com/robot/)" "metrocrimedaily.com"
167.172.81.236 - - [19/Jan/2023:18:24:37 -0800] "GET / HTTP/1.1" 200 1090399 "-" "Mozilla/5.0 (Windows NT 10.0; Win64; x64) AppleWebKit/537.36 (KHTML, like Gecko) Chrome/76.0.3809.132 Safari/537.36" "metrocrimedaily.com"
167.172.81.236 - - [19/Jan/2023:18:24:43 -0800] "GET /?author=1 HTTP/1.1" 200 1090399 "-" "Mozilla/5.0 (Windows NT 10.0; Win64; x64) AppleWebKit/537.36 (KHTML, like Gecko) Chrome/76.0.3809.132 Safari/537.36" "metrocrimedaily.com"
167.172.81.236 - - [19/Jan/2023:18:24:48 -0800] "GET /wp-json/wp/v2/users/ HTTP/1.1" 404 73 "-" "Mozilla/5.0 (Windows NT 10.0; Win64; x64) AppleWebKit/537.36 (KHTML, like Gecko) Chrome/76.0.3809.132 Safari/537.36" "metrocrimedaily.com"
167.172.81.236 - - [19/Jan/2023:18:24:49 -0800] "GET /wp-json/oembed/1.0/embed?url=http://metrocrimedaily.com HTTP/1.1" 404 73 "-" "Mozilla/5.0 (Windows NT 10.0; Win64; x64) AppleWebKit/537.36 (KHTML, like Gecko) Chrome/76.0.3809.132 Safari/537.36" "metrocrimedaily.com"
167.172.81.236 - - [19/Jan/2023:18:24:49 -0800] "POST /xmlrpc.php HTTP/1.1" 404 73 "-" "Mozilla/5.0 (Windows NT 10.0; Win64; x64) AppleWebKit/537.36 (KHTML, like Gecko) Chrome/76.0.3809.132 Safari/537.36" "metrocrimedaily.com"
69.63.184.5 - - [19/Jan/2023:18:26:33 -0800] "GET /instagram-detroit/01-19-2023-1954503-A.jpg HTTP/1.1" 200 56193 "-" "facebookexternalhit/1.1 (+http://www.facebook.com/externalhit_uatext.php)" "www.metrocrimedaily.com"
172.96.191.20 - - [19/Jan/2023:18:28:16 -0800] "GET /wp-login.php HTTP/1.1" 404 88 "" "Mozilla/5.0 (Windows NT 10.0; Win64; x64; rv:108.0) Gecko/20100101 Firefox/108.0" "metrocrimedaily.com"
51.222.253.3 - - [19/Jan/2023:18:32:20 -0800] "GET /instagram-chicago/post-later/01-19-2023-0541591-Tom-Skilling--Q-A-With-WGN-TV---s-chief-meteorolo.txt HTTP/1.1" 200 1182 "-" "Mozilla/5.0 (compatible; AhrefsBot/7.0; +http://ahrefs.com/robot/)" "metrocrimedaily.com"
114.119.136.246 - - [19/Jan/2023:18:33:14 -0800] "GET /robots.txt HTTP/1.1" 404 88 "-" "Mozilla/5.0 (compatible;PetalBot;+https://webmaster.petalsearch.com/site/petalbot)" "metrocrimedaily.com"
66.249.70.39 - - [19/Jan/2023:18:35:49 -0800] "GET /instagram-atlanta/01-12-2023-2104264-A.jpg HTTP/1.1" 200 82735 "-" "Googlebot-Image/1.0" "metrocrimedaily.com"
66.249.70.47 - - [19/Jan/2023:18:35:50 -0800] "GET /instagram-atlanta/01-12-2023-1639161-A.jpg HTTP/1.1" 200 151117 "-" "Googlebot-Image/1.0" "metrocrimedaily.com"
66.249.70.41 - - [19/Jan/2023:18:35:51 -0800] "GET /instagram-atlanta/01-12-2023-2104266-A.jpg HTTP/1.1" 200 201757 "-" "Googlebot-Image/1.0" "metrocrimedaily.com"
66.249.70.43 - - [19/Jan/2023:18:35:52 -0800] "GET /instagram-atlanta/01-12-2023-2104263-A.jpg HTTP/1.1" 200 181998 "-" "Googlebot-Image/1.0" "metrocrimedaily.com"
66.249.70.49 - - [19/Jan/2023:18:35:52 -0800] "GET /instagram-atlanta/01-12-2023-1731481-A.jpg HTTP/1.1" 200 144558 "-" "Googlebot-Image/1.0" "metrocrimedaily.com"
66.249.70.39 - - [19/Jan/2023:18:35:52 -0800] "GET /instagram-atlanta/01-13-2023-0909232-A.jpg HTTP/1.1" 200 73318 "-" "Googlebot-Image/1.0" "metrocrimedaily.com"
66.249.70.43 - - [19/Jan/2023:18:35:53 -0800] "GET /instagram-atlanta/01-12-2023-2104265-A.jpg HTTP/1.1" 200 88585 "-" "Googlebot-Image/1.0" "metrocrimedaily.com"
66.249.70.45 - - [19/Jan/2023:18:35:53 -0800] "GET /instagram-atlanta/01-13-2023-0909231-A.jpg HTTP/1.1" 200 290197 "-" "Googlebot-Image/1.0" "metrocrimedaily.com"
66.249.70.45 - - [19/Jan/2023:18:35:54 -0800] "GET /instagram-atlanta/01-12-2023-2104262-A.jpg HTTP/1.1" 200 183279 "-" "Googlebot-Image/1.0" "metrocrimedaily.com"
66.249.70.43 - - [19/Jan/2023:18:35:56 -0800] "GET /instagram-atlanta/01-12-2023-2104261-A.jpg HTTP/1.1" 200 163126 "-" "Googlebot-Image/1.0" "metrocrimedaily.com"
46.101.179.205 - - [19/Jan/2023:18:36:08 -0800] "GET /wp-login.php HTTP/1.1" 404 88 "" "Mozilla/5.0 (Windows NT 10.0; Win64; x64; rv:108.0) Gecko/20100101 Firefox/108.0" "metrocrimedaily.com"
5.183.188.156 - - [19/Jan/2023:18:39:05 -0800] "GET /wp-login.php HTTP/1.1" 404 88 "" "Mozilla/5.0 (Windows NT 10.0; Win64; x64; rv:108.0) Gecko/20100101 Firefox/108.0" "metrocrimedaily.com"
66.249.70.39 - - [19/Jan/2023:18:40:06 -0800] "GET /styles-2b1.css HTTP/1.1" 404 88 "http://metrocrimedaily.com/cw-privacy-policy.html" "Mozilla/5.0 (Linux; Android 6.0.1; Nexus 5X Build/MMB29P) AppleWebKit/537.36 (KHTML, like Gecko) Chrome/108.0.5359.130 Mobile Safari/537.36 (compatible; Googlebot/2.1; +http://www.google.com/bot.html)" "metrocrimedaily.com"
66.249.70.41 - - [19/Jan/2023:18:40:06 -0800] "GET /styles-2b1.css HTTP/1.1" 404 88 "http://metrocrimedaily.com/cw-privacy-policy.html" "Mozilla/5.0 (Linux; Android 6.0.1; Nexus 5X Build/MMB29P) AppleWebKit/537.36 (KHTML, like Gecko) Chrome/108.0.5359.130 Mobile Safari/537.36 (compatible; Googlebot/2.1; +http://www.google.com/bot.html)" "metrocrimedaily.com"
69.63.184.120 - - [19/Jan/2023:18:42:06 -0800] "GET /instagram-detroit/01-19-2023-1954504-A.jpg HTTP/1.1" 200 117567 "-" "facebookexternalhit/1.1 (+http://www.facebook.com/externalhit_uatext.php)" "www.metrocrimedaily.com"
76.184.252.42 - - [19/Jan/2023:18:42:24 -0800] "GET /images/police-tape.jpg HTTP/1.1" 200 50766 "-" "Wget/1.20.3 (mingw32)" "metrocrimedaily.com"
69.63.184.1 - - [19/Jan/2023:18:42:33 -0800] "GET /instagram-detroit/01-19-2023-1954505-A.jpg HTTP/1.1" 200 62661 "-" "facebookexternalhit/1.1 (+http://www.facebook.com/externalhit_uatext.php)" "www.metrocrimedaily.com"
69.63.184.2 - - [19/Jan/2023:18:43:02 -0800] "GET /instagram-detroit/01-19-2023-1954506-A.jpg HTTP/1.1" 200 62633 "-" "facebookexternalhit/1.1 (+http://www.facebook.com/externalhit_uatext.php)" "www.metrocrimedaily.com"
51.222.253.8 - - [19/Jan/2023:18:43:07 -0800] "GET /instagram-chicago/post-later/01-19-2023-1315546----Unknown-substance----sickens-Illinois-prison-s.txt HTTP/1.1" 200 1107 "-" "Mozilla/5.0 (compatible; AhrefsBot/7.0; +http://ahrefs.com/robot/)" "metrocrimedaily.com"
69.63.184.119 - - [19/Jan/2023:18:43:28 -0800] "GET /instagram-detroit/01-19-2023-1954507-A.jpg HTTP/1.1" 200 219819 "-" "facebookexternalhit/1.1 (+http://www.facebook.com/externalhit_uatext.php)" "www.metrocrimedaily.com"
216.244.66.243 - - [19/Jan/2023:18:48:52 -0800] "GET /robots.txt HTTP/1.1" 404 73 "-" "Mozilla/5.0 (compatible; DotBot/1.2; +https://opensiteexplorer.org/dotbot; help@moz.com)" "metrocrimedaily.com"
99.48.171.102 - - [19/Jan/2023:18:50:53 -0800] "GET /styles-mcd.css HTTP/1.1" 200 1159 "http://www.metrocrimedaily.com/" "Mozilla/5.0 (Macintosh; Intel Mac OS X 10_15_7) AppleWebKit/605.1.15 (KHTML, like Gecko) Version/15.5 Safari/605.1.15" "www.metrocrimedaily.com"
99.48.171.102 - - [19/Jan/2023:18:50:53 -0800] "GET /images/crimeinthed-logo.jpg HTTP/1.1" 200 14960 "http://www.metrocrimedaily.com/" "Mozilla/5.0 (Macintosh; Intel Mac OS X 10_15_7) AppleWebKit/605.1.15 (KHTML, like Gecko) Version/15.5 Safari/605.1.15" "www.metrocrimedaily.com"
99.48.171.102 - - [19/Jan/2023:18:50:53 -0800] "GET /images/police-tape.jpg HTTP/1.1" 200 50766 "http://www.metrocrimedaily.com/" "Mozilla/5.0 (Macintosh; Intel Mac OS X 10_15_7) AppleWebKit/605.1.15 (KHTML, like Gecko) Version/15.5 Safari/605.1.15" "metrocrimedaily.com"
99.48.171.102 - - [19/Jan/2023:18:50:52 -0800] "GET / HTTP/1.1" 200 127911 "https://www.google.com/" "Mozilla/5.0 (Macintosh; Intel Mac OS X 10_15_7) AppleWebKit/605.1.15 (KHTML, like Gecko) Version/15.5 Safari/605.1.15" "www.metrocrimedaily.com"
99.48.171.102 - - [19/Jan/2023:18:50:53 -0800] "GET /images/facebook-logo-tiny.png HTTP/1.1" 200 1280 "http://www.metrocrimedaily.com/" "Mozilla/5.0 (Macintosh; Intel Mac OS X 10_15_7) AppleWebKit/605.1.15 (KHTML, like Gecko) Version/15.5 Safari/605.1.15" "www.metrocrimedaily.com"
99.48.171.102 - - [19/Jan/2023:18:50:53 -0800] "GET /images/youtube-logo-tiny.png HTTP/1.1" 200 689 "http://www.metrocrimedaily.com/" "Mozilla/5.0 (Macintosh; Intel Mac OS X 10_15_7) AppleWebKit/605.1.15 (KHTML, like Gecko) Version/15.5 Safari/605.1.15" "www.metrocrimedaily.com"
99.48.171.102 - - [19/Jan/2023:18:50:54 -0800] "GET /images/twitter-logo-b-tiny.png HTTP/1.1" 200 1600 "http://www.metrocrimedaily.com/" "Mozilla/5.0 (Macintosh; Intel Mac OS X 10_15_7) AppleWebKit/605.1.15 (KHTML, like Gecko) Version/15.5 Safari/605.1.15" "www.metrocrimedaily.com"
99.48.171.102 - - [19/Jan/2023:18:51:15 -0800] "GET /favicon.ico HTTP/1.1" 404 88 "http://www.metrocrimedaily.com/" "Mozilla/5.0 (Macintosh; Intel Mac OS X 10_15_7) AppleWebKit/605.1.15 (KHTML, like Gecko) Version/15.5 Safari/605.1.15" "www.metrocrimedaily.com"
69.63.184.117 - - [19/Jan/2023:18:53:25 -0800] "GET /instagram-houston/01-19-2023-2053031-A.jpg HTTP/1.1" 200 93860 "-" "facebookexternalhit/1.1 (+http://www.facebook.com/externalhit_uatext.php)" "www.metrocrimedaily.com"
69.63.184.3 - - [19/Jan/2023:18:53:54 -0800] "GET /instagram-houston/01-19-2023-2053032-A.jpg HTTP/1.1" 200 162844 "-" "facebookexternalhit/1.1 (+http://www.facebook.com/externalhit_uatext.php)" "www.metrocrimedaily.com"
216.244.66.243 - - [19/Jan/2023:18:53:54 -0800] "GET / HTTP/1.1" 200 1100065 "-" "Mozilla/5.0 (compatible; DotBot/1.2; +https://opensiteexplorer.org/dotbot; help@moz.com)" "metrocrimedaily.com"
69.63.184.119 - - [19/Jan/2023:18:54:23 -0800] "GET /instagram-houston/01-19-2023-2053033-A.jpg HTTP/1.1" 200 220842 "-" "facebookexternalhit/1.1 (+http://www.facebook.com/externalhit_uatext.php)" "www.metrocrimedaily.com"
69.63.184.118 - - [19/Jan/2023:18:54:51 -0800] "GET /instagram-houston/01-19-2023-2053034-A.jpg HTTP/1.1" 200 185788 "-" "facebookexternalhit/1.1 (+http://www.facebook.com/externalhit_uatext.php)" "www.metrocrimedaily.com"
51.222.253.3 - - [19/Jan/2023:18:55:04 -0800] "GET /instagram-chicago/post-later/01-19-2023-1315547-Daughter-accused-of-killing--dismembering-parents.txt HTTP/1.1" 200 1110 "-" "Mozilla/5.0 (compatible; AhrefsBot/7.0; +http://ahrefs.com/robot/)" "metrocrimedaily.com"
69.63.184.2 - - [19/Jan/2023:18:55:17 -0800] "GET /instagram-houston/01-19-2023-2053035-A.jpg HTTP/1.1" 200 95167 "-" "facebookexternalhit/1.1 (+http://www.facebook.com/externalhit_uatext.php)" "www.metrocrimedaily.com"
69.63.184.2 - - [19/Jan/2023:18:55:43 -0800] "GET /instagram-houston/01-19-2023-2053036-A.jpg HTTP/1.1" 200 176050 "-" "facebookexternalhit/1.1 (+http://www.facebook.com/externalhit_uatext.php)" "www.metrocrimedaily.com"
69.63.184.3 - - [19/Jan/2023:18:56:10 -0800] "GET /instagram-houston/01-19-2023-2053037-A.jpg HTTP/1.1" 200 186088 "-" "facebookexternalhit/1.1 (+http://www.facebook.com/externalhit_uatext.php)" "www.metrocrimedaily.com"
69.63.184.117 - - [19/Jan/2023:18:56:36 -0800] "GET /instagram-houston/01-19-2023-2053038-A.jpg HTTP/1.1" 200 88933 "-" "facebookexternalhit/1.1 (+http://www.facebook.com/externalhit_uatext.php)" "www.metrocrimedaily.com"
69.63.184.120 - - [19/Jan/2023:18:57:04 -0800] "GET /instagram-houston/01-19-2023-2053039-A.jpg HTTP/1.1" 200 172419 "-" "facebookexternalhit/1.1 (+http://www.facebook.com/externalhit_uatext.php)" "www.metrocrimedaily.com"
69.63.184.1 - - [19/Jan/2023:18:57:32 -0800] "GET /instagram-houston/01-19-2023-20530310-A.jpg HTTP/1.1" 200 168270 "-" "facebookexternalhit/1.1 (+http://www.facebook.com/externalhit_uatext.php)" "www.metrocrimedaily.com"
69.63.184.111 - - [19/Jan/2023:18:57:59 -0800] "GET /instagram-houston/01-19-2023-20530311-A.jpg HTTP/1.1" 200 167304 "-" "facebookexternalhit/1.1 (+http://www.facebook.com/externalhit_uatext.php)" "www.metrocrimedaily.com"
69.63.184.119 - - [19/Jan/2023:18:59:54 -0800] "GET /instagram-chicago/01-19-2023-2059301-A.jpg HTTP/1.1" 200 303897 "-" "facebookexternalhit/1.1 (+http://www.facebook.com/externalhit_uatext.php)" "www.metrocrimedaily.com"
69.63.184.119 - - [19/Jan/2023:18:59:57 -0800] "GET /instagram-neworleans/01-19-2023-2059381-A.jpg HTTP/1.1" 200 324138 "-" "facebookexternalhit/1.1 (+http://www.facebook.com/externalhit_uatext.php)" "www.metrocrimedaily.com"
18.237.11.203 - - [19/Jan/2023:19:05:17 -0800] "GET / HTTP/1.1" 200 127911 "-" "Mozilla/5.0 (X11; Linux x86_64) AppleWebKit/537.36 (KHTML, like Gecko) Chrome/83.0.4103.97 Safari/537.36" "metrocrimedaily.com"
76.184.252.42 - - [19/Jan/2023:19:05:27 -0800] "GET / HTTP/1.1" 200 127911 "-" "Mozilla/5.0 (Windows NT 10.0; Win64; x64) AppleWebKit/537.36 (KHTML, like Gecko) Chrome/108.0.0.0 Safari/537.36 Edg/108.0.1462.76" "www.metrocrimedaily.com"
35.185.241.102 - - [19/Jan/2023:19:05:27 -0800] "GET / HTTP/1.1" 200 1100065 "-" "Mozilla/5.0 (Windows NT 6.1; WOW64; Trident/7.0; rv:11.0) like Gecko" "www.metrocrimedaily.com"
34.211.37.69 - - [19/Jan/2023:19:06:30 -0800] "GET /favicon.ico HTTP/1.1" 404 88 "-" "Mozilla/5.0 (X11; Linux x86_64) AppleWebKit/537.36 (KHTML, like Gecko) Chrome/83.0.4103.97 Safari/537.36" "metrocrimedaily.com"
34.211.37.69 - - [19/Jan/2023:19:06:31 -0800] "GET / HTTP/1.1" 200 127911 "-" "Mozilla/5.0 (X11; Linux x86_64) AppleWebKit/537.36 (KHTML, like Gecko) Chrome/83.0.4103.97 Safari/537.36" "metrocrimedaily.com"
51.222.253.17 - - [19/Jan/2023:19:06:34 -0800] "GET /instagram-chicago/post-later/01-19-2023-1315548-Protecting-rights-or-ignoring-the-law--McHenry-Co.txt HTTP/1.1" 200 1077 "-" "Mozilla/5.0 (compatible; AhrefsBot/7.0; +http://ahrefs.com/robot/)" "metrocrimedaily.com"
52.26.221.7 - - [19/Jan/2023:19:06:54 -0800] "GET / HTTP/1.1" 200 127911 "-" "Mozilla/5.0 (X11; Linux x86_64) AppleWebKit/537.36 (KHTML, like Gecko) Chrome/83.0.4103.97 Safari/537.36" "metrocrimedaily.com"
54.186.95.236 - - [19/Jan/2023:19:06:55 -0800] "GET / HTTP/1.1" 200 127911 "-" "Mozilla/5.0 (X11; Linux x86_64) AppleWebKit/537.36 (KHTML, like Gecko) Chrome/83.0.4103.97 Safari/537.36" "metrocrimedaily.com"
52.13.76.144 - - [19/Jan/2023:19:07:12 -0800] "GET /favicon.ico HTTP/1.1" 404 88 "-" "Mozilla/5.0 (X11; Linux x86_64) AppleWebKit/537.36 (KHTML, like Gecko) Chrome/83.0.4103.97 Safari/537.36" "metrocrimedaily.com"
52.13.76.144 - - [19/Jan/2023:19:07:12 -0800] "GET / HTTP/1.1" 200 127911 "-" "Mozilla/5.0 (X11; Linux x86_64) AppleWebKit/537.36 (KHTML, like Gecko) Chrome/83.0.4103.97 Safari/537.36" "metrocrimedaily.com"
54.186.23.162 - - [19/Jan/2023:19:07:33 -0800] "GET /favicon.ico HTTP/1.1" 404 88 "-" "Mozilla/5.0 (X11; Linux x86_64) AppleWebKit/537.36 (KHTML, like Gecko) Chrome/83.0.4103.97 Safari/537.36" "metrocrimedaily.com"
54.186.23.162 - - [19/Jan/2023:19:07:37 -0800] "GET / HTTP/1.1" 200 127911 "-" "Mozilla/5.0 (X11; Linux x86_64) AppleWebKit/537.36 (KHTML, like Gecko) Chrome/83.0.4103.97 Safari/537.36" "metrocrimedaily.com"
207.46.13.124 - - [19/Jan/2023:19:10:34 -0800] "GET /instagram-dallas/12-26-2022-1214281-Man-dressed-as-woman-allegedly-took-photos-of-wom.txt HTTP/1.1" 404 88 "-" "Mozilla/5.0 AppleWebKit/537.36 (KHTML, like Gecko; compatible; bingbot/2.0; +http://www.bing.com/bingbot.htm) Chrome/103.0.5060.134 Safari/537.36" "www.metrocrimedaily.com"
69.63.184.2 - - [19/Jan/2023:19:12:39 -0800] "GET /instagram-losangeles/01-19-2023-2112191-A.jpg HTTP/1.1" 200 230616 "-" "facebookexternalhit/1.1 (+http://www.facebook.com/externalhit_uatext.php)" "www.metrocrimedaily.com"
69.63.184.2 - - [19/Jan/2023:19:13:03 -0800] "GET /instagram-dallas/01-19-2023-2112411-A.jpg HTTP/1.1" 200 118142 "-" "facebookexternalhit/1.1 (+http://www.facebook.com/externalhit_uatext.php)" "www.metrocrimedaily.com"
185.229.66.15 - - [19/Jan/2023:19:13:43 -0800] "GET /wp-login.php HTTP/1.1" 404 88 "" "Mozilla/5.0 (Windows NT 10.0; Win64; x64; rv:108.0) Gecko/20100101 Firefox/108.0" "metrocrimedaily.com"
172.58.8.110 - - [19/Jan/2023:19:14:30 -0800] "GET / HTTP/1.1" 200 127911 "http://www.google.com/" "Mozilla/5.0 (Linux; Android 12; SM-A037U) AppleWebKit/537.36 (KHTML, like Gecko) Chrome/99.0.4844.88 Mobile Safari/537.36" "www.metrocrimedaily.com"
172.58.8.110 - - [19/Jan/2023:19:14:32 -0800] "GET /styles-mcd.css HTTP/1.1" 200 1159 "http://www.metrocrimedaily.com/" "Mozilla/5.0 (Linux; Android 12; SM-A037U) AppleWebKit/537.36 (KHTML, like Gecko) Chrome/99.0.4844.88 Mobile Safari/537.36" "www.metrocrimedaily.com"
172.58.8.110 - - [19/Jan/2023:19:14:38 -0800] "GET /images/crimeinthed-logo.jpg HTTP/1.1" 200 14960 "http://www.metrocrimedaily.com/" "Mozilla/5.0 (Linux; Android 12; SM-A037U) AppleWebKit/537.36 (KHTML, like Gecko) Chrome/99.0.4844.88 Mobile Safari/537.36" "www.metrocrimedaily.com"
172.58.8.110 - - [19/Jan/2023:19:14:38 -0800] "GET /images/police-tape.jpg HTTP/1.1" 200 50766 "http://www.metrocrimedaily.com/" "Mozilla/5.0 (Linux; Android 12; SM-A037U) AppleWebKit/537.36 (KHTML, like Gecko) Chrome/99.0.4844.88 Mobile Safari/537.36" "metrocrimedaily.com"
69.63.184.2 - - [19/Jan/2023:19:16:04 -0800] "GET /instagram-memphis/01-19-2023-2115451-A.jpg HTTP/1.1" 200 75320 "-" "facebookexternalhit/1.1 (+http://www.facebook.com/externalhit_uatext.php)" "www.metrocrimedaily.com"
51.222.253.8 - - [19/Jan/2023:19:16:28 -0800] "GET /index.html HTTP/1.1" 200 127911 "-" "Mozilla/5.0 (compatible; AhrefsBot/7.0; +http://ahrefs.com/robot/)" "metrocrimedaily.com"
51.222.253.3 - - [19/Jan/2023:19:16:41 -0800] "GET /styles-mcd.css HTTP/1.1" 200 1159 "-" "Mozilla/5.0 (compatible; AhrefsBot/7.0; +http://ahrefs.com/robot/)" "metrocrimedaily.com"
51.222.253.1 - - [19/Jan/2023:19:16:42 -0800] "GET /images/twitter-logo-b-tiny.png HTTP/1.1" 200 1600 "-" "Mozilla/5.0 (compatible; AhrefsBot/7.0; +http://ahrefs.com/robot/)" "metrocrimedaily.com"
51.222.253.3 - - [19/Jan/2023:19:16:42 -0800] "GET /images/crimeinthed-logo.jpg HTTP/1.1" 200 14960 "-" "Mozilla/5.0 (compatible; AhrefsBot/7.0; +http://ahrefs.com/robot/)" "metrocrimedaily.com"
51.222.253.11 - - [19/Jan/2023:19:16:43 -0800] "GET /images/facebook-logo-tiny.png HTTP/1.1" 200 1280 "-" "Mozilla/5.0 (compatible; AhrefsBot/7.0; +http://ahrefs.com/robot/)" "metrocrimedaily.com"
51.222.253.5 - - [19/Jan/2023:19:16:43 -0800] "GET /images/youtube-logo-tiny.png HTTP/1.1" 200 689 "-" "Mozilla/5.0 (compatible; AhrefsBot/7.0; +http://ahrefs.com/robot/)" "metrocrimedaily.com"
4.231.227.182 - - [19/Jan/2023:19:21:54 -0800] "GET / HTTP/1.1" 200 1100065 "-" "Mozilla/5.0 (Windows NT 10.0; Win64; x64) AppleWebKit/537.36 (KHTML, like Gecko) Chrome/89.0.4389.114 Safari/537.36" "metrocrimedaily.com"
4.231.227.182 - - [19/Jan/2023:19:21:58 -0800] "GET / HTTP/1.1" 200 1100065 "-" "Mozilla/5.0 (Windows NT 10.0; Win64; x64) AppleWebKit/537.36 (KHTML, like Gecko) Chrome/89.0.4389.114 Safari/537.36" "metrocrimedaily.com"
4.231.227.182 - - [19/Jan/2023:19:22:01 -0800] "GET /wp-includes/wlwmanifest.xml HTTP/1.1" 404 73 "-" "Mozilla/5.0 (Windows NT 10.0; Win64; x64) AppleWebKit/537.36 (KHTML, like Gecko) Chrome/89.0.4389.114 Safari/537.36" "metrocrimedaily.com"
4.231.227.182 - - [19/Jan/2023:19:22:01 -0800] "GET /xmlrpc.php?rsd HTTP/1.1" 404 73 "-" "Mozilla/5.0 (Windows NT 10.0; Win64; x64) AppleWebKit/537.36 (KHTML, like Gecko) Chrome/89.0.4389.114 Safari/537.36" "metrocrimedaily.com"
4.231.227.182 - - [19/Jan/2023:19:22:01 -0800] "GET / HTTP/1.1" 200 1100065 "-" "Mozilla/5.0 (Windows NT 10.0; Win64; x64) AppleWebKit/537.36 (KHTML, like Gecko) Chrome/89.0.4389.114 Safari/537.36" "metrocrimedaily.com"
4.231.227.182 - - [19/Jan/2023:19:22:05 -0800] "GET /?author=1 HTTP/1.1" 200 1100065 "-" "Mozilla/5.0 (Windows NT 10.0; Win64; x64) AppleWebKit/537.36 (KHTML, like Gecko) Chrome/89.0.4389.114 Safari/537.36" "metrocrimedaily.com"
4.231.227.182 - - [19/Jan/2023:19:22:09 -0800] "GET /?author=2 HTTP/1.1" 200 1100065 "-" "Mozilla/5.0 (Windows NT 10.0; Win64; x64) AppleWebKit/537.36 (KHTML, like Gecko) Chrome/89.0.4389.114 Safari/537.36" "metrocrimedaily.com"
4.231.227.182 - - [19/Jan/2023:19:22:12 -0800] "GET /?author=3 HTTP/1.1" 200 1100065 "-" "Mozilla/5.0 (Windows NT 10.0; Win64; x64) AppleWebKit/537.36 (KHTML, like Gecko) Chrome/89.0.4389.114 Safari/537.36" "metrocrimedaily.com"
4.231.227.182 - - [19/Jan/2023:19:22:16 -0800] "GET /wp-json/wp/v2/users/ HTTP/1.1" 404 73 "-" "Mozilla/5.0 (Windows NT 10.0; Win64; x64) AppleWebKit/537.36 (KHTML, like Gecko) Chrome/89.0.4389.114 Safari/537.36" "metrocrimedaily.com"
4.231.227.182 - - [19/Jan/2023:19:22:16 -0800] "GET /wp-json/oembed/1.0/embed?url=http://metrocrimedaily.com HTTP/1.1" 404 73 "-" "Mozilla/5.0 (Windows NT 10.0; Win64; x64) AppleWebKit/537.36 (KHTML, like Gecko) Chrome/89.0.4389.114 Safari/537.36" "metrocrimedaily.com"
4.231.227.182 - - [19/Jan/2023:19:22:16 -0800] "POST /xmlrpc.php HTTP/1.1" 404 73 "-" "Mozilla/5.0 (Windows NT 10.0; Win64; x64) AppleWebKit/537.36 (KHTML, like Gecko) Chrome/89.0.4389.114 Safari/537.36" "metrocrimedaily.com"
69.63.184.1 - - [19/Jan/2023:19:24:20 -0800] "GET /instagram-atlanta/01-19-2023-2123421-A.jpg HTTP/1.1" 200 298515 "-" "facebookexternalhit/1.1 (+http://www.facebook.com/externalhit_uatext.php)" "www.metrocrimedaily.com"
3.108.135.52 - - [19/Jan/2023:19:25:09 -0800] "GET /wp-login.php HTTP/1.1" 404 88 "" "Mozilla/5.0 (Windows NT 10.0; Win64; x64; rv:108.0) Gecko/20100101 Firefox/108.0" "metrocrimedaily.com"
67.205.132.31 - - [19/Jan/2023:19:26:40 -0800] "GET /wp-login.php HTTP/1.1" 404 88 "" "Mozilla/5.0 (Windows NT 10.0; Win64; x64; rv:108.0) Gecko/20100101 Firefox/108.0" "metrocrimedaily.com"
174.247.208.244 - - [19/Jan/2023:19:26:51 -0800] "GET / HTTP/1.1" 200 127911 "https://www.google.com/" "Mozilla/5.0 (Linux; Android 11; B140DL) AppleWebKit/537.36 (KHTML, like Gecko) SamsungBrowser/19.0 Chrome/102.0.5005.125 Mobile Safari/537.36" "www.metrocrimedaily.com"
174.247.208.244 - - [19/Jan/2023:19:26:51 -0800] "GET /styles-mcd.css HTTP/1.1" 200 1159 "http://www.metrocrimedaily.com/" "Mozilla/5.0 (Linux; Android 11; B140DL) AppleWebKit/537.36 (KHTML, like Gecko) SamsungBrowser/19.0 Chrome/102.0.5005.125 Mobile Safari/537.36" "www.metrocrimedaily.com"
