174.247.208.244 - - [19/Jan/2023:19:26:51 -0800] "GET /images/crimeinthed-logo.jpg HTTP/1.1" 200 14960 "http://www.metrocrimedaily.com/" "Mozilla/5.0 (Linux; Android 11; B140DL) AppleWebKit/537.36 (KHTML, like Gecko) SamsungBrowser/19.0 Chrome/102.0.5005.125 Mobile Safari/537.36" "www.metrocrimedaily.com"
174.247.208.244 - - [19/Jan/2023:19:26:51 -0800] "GET /images/police-tape.jpg HTTP/1.1" 200 50766 "http://www.metrocrimedaily.com/" "Mozilla/5.0 (Linux; Android 11; B140DL) AppleWebKit/537.36 (KHTML, like Gecko) SamsungBrowser/19.0 Chrome/102.0.5005.125 Mobile Safari/537.36" "metrocrimedaily.com"
69.63.184.120 - - [19/Jan/2023:19:26:56 -0800] "GET /instagram-stlouis/01-19-2023-2126371-A.jpg HTTP/1.1" 200 181513 "-" "facebookexternalhit/1.1 (+http://www.facebook.com/externalhit_uatext.php)" "www.metrocrimedaily.com"
69.63.184.4 - - [19/Jan/2023:19:27:53 -0800] "GET /instagram-newyork/01-19-2023-2127351-A.jpg HTTP/1.1" 200 76943 "-" "facebookexternalhit/1.1 (+http://www.facebook.com/externalhit_uatext.php)" "www.metrocrimedaily.com"
69.63.184.3 - - [19/Jan/2023:19:28:12 -0800] "GET /instagram-losangeles/01-19-2023-2112192-A.jpg HTTP/1.1" 200 195409 "-" "facebookexternalhit/1.1 (+http://www.facebook.com/externalhit_uatext.php)" "www.metrocrimedaily.com"
69.63.184.1 - - [19/Jan/2023:19:28:40 -0800] "GET /instagram-dallas/01-19-2023-2112412-A.jpg HTTP/1.1" 200 144525 "-" "facebookexternalhit/1.1 (+http://www.facebook.com/externalhit_uatext.php)" "www.metrocrimedaily.com"
51.222.253.17 - - [19/Jan/2023:19:28:47 -0800] "GET /instagram-chicago/post-later/01-19-2023-1902192-Suspect-who-prosecutors-say-taunted-carjacking-vi.txt HTTP/1.1" 200 1033 "-" "Mozilla/5.0 (compatible; AhrefsBot/7.0; +http://ahrefs.com/robot/)" "metrocrimedaily.com"
69.63.184.119 - - [19/Jan/2023:19:31:39 -0800] "GET /instagram-memphis/01-19-2023-2115452-A.jpg HTTP/1.1" 200 124993 "-" "facebookexternalhit/1.1 (+http://www.facebook.com/externalhit_uatext.php)" "www.metrocrimedaily.com"
66.249.70.41 - - [19/Jan/2023:19:34:51 -0800] "GET /instagram-dallas/01-11-2023-1933532-A.jpg HTTP/1.1" 200 168241 "-" "Googlebot-Image/1.0" "metrocrimedaily.com"
66.249.70.39 - - [19/Jan/2023:19:34:53 -0800] "GET /instagram-dallas/01-11-2023-1933535-A.jpg HTTP/1.1" 200 193357 "-" "Googlebot-Image/1.0" "metrocrimedaily.com"
66.249.70.43 - - [19/Jan/2023:19:34:55 -0800] "GET /instagram-dallas/01-11-2023-1933533-A.jpg HTTP/1.1" 200 160845 "-" "Googlebot-Image/1.0" "metrocrimedaily.com"
66.249.70.41 - - [19/Jan/2023:19:34:57 -0800] "GET /instagram-dallas/01-11-2023-1933537-A.jpg HTTP/1.1" 200 133295 "-" "Googlebot-Image/1.0" "metrocrimedaily.com"
66.249.70.41 - - [19/Jan/2023:19:34:59 -0800] "GET /instagram-dallas/01-11-2023-19335311-A.jpg HTTP/1.1" 200 117438 "-" "Googlebot-Image/1.0" "metrocrimedaily.com"
66.249.70.39 - - [19/Jan/2023:19:35:00 -0800] "GET /instagram-dallas/01-11-2023-1933536-A.jpg HTTP/1.1" 200 452585 "-" "Googlebot-Image/1.0" "metrocrimedaily.com"
69.63.184.116 - - [19/Jan/2023:19:35:03 -0800] "GET /instagram-chicago/01-19-2023-2134401-A.jpg HTTP/1.1" 200 102168 "-" "facebookexternalhit/1.1 (+http://www.facebook.com/externalhit_uatext.php)" "www.metrocrimedaily.com"
66.249.70.39 - - [19/Jan/2023:19:35:09 -0800] "GET /instagram-dallas/01-11-2023-19335312-A.jpg HTTP/1.1" 200 194491 "-" "Googlebot-Image/1.0" "metrocrimedaily.com"
66.249.70.39 - - [19/Jan/2023:19:35:10 -0800] "GET /instagram-dallas/01-11-2023-1933534-A.jpg HTTP/1.1" 200 166803 "-" "Googlebot-Image/1.0" "metrocrimedaily.com"
66.249.70.39 - - [19/Jan/2023:19:35:10 -0800] "GET /instagram-dallas/01-11-2023-19335310-A.jpg HTTP/1.1" 200 127587 "-" "Googlebot-Image/1.0" "metrocrimedaily.com"
66.249.70.39 - - [19/Jan/2023:19:35:20 -0800] "GET /instagram-dallas/01-11-2023-1933531-A.jpg HTTP/1.1" 200 178367 "-" "Googlebot-Image/1.0" "metrocrimedaily.com"
172.105.56.46 - - [19/Jan/2023:19:38:25 -0800] "GET /wp-login.php HTTP/1.1" 404 88 "" "Mozilla/5.0 (Windows NT 10.0; Win64; x64; rv:108.0) Gecko/20100101 Firefox/108.0" "metrocrimedaily.com"
69.63.184.1 - - [19/Jan/2023:19:39:56 -0800] "GET /instagram-atlanta/01-19-2023-2123422-A.jpg HTTP/1.1" 200 112484 "-" "facebookexternalhit/1.1 (+http://www.facebook.com/externalhit_uatext.php)" "www.metrocrimedaily.com"
51.222.253.4 - - [19/Jan/2023:19:41:41 -0800] "GET /instagram-chicago/post-later/01-19-2023-1902193-Man-charged-with-robbing-woman-in-downtown-Geneva.txt HTTP/1.1" 200 682 "-" "Mozilla/5.0 (compatible; AhrefsBot/7.0; +http://ahrefs.com/robot/)" "metrocrimedaily.com"
69.63.184.116 - - [19/Jan/2023:19:45:47 -0800] "GET /instagram-detroit/01-19-2023-2145201-A.jpg HTTP/1.1" 200 176845 "-" "facebookexternalhit/1.1 (+http://www.facebook.com/externalhit_uatext.php)" "www.metrocrimedaily.com"
69.63.184.117 - - [19/Jan/2023:19:47:12 -0800] "GET /instagram-memphis/01-19-2023-2115453-A.jpg HTTP/1.1" 200 210773 "-" "facebookexternalhit/1.1 (+http://www.facebook.com/externalhit_uatext.php)" "www.metrocrimedaily.com"
162.19.86.132 - - [19/Jan/2023:19:48:03 -0800] "GET /wp-login.php HTTP/1.1" 404 88 "" "Mozilla/5.0 (Windows NT 10.0; Win64; x64; rv:108.0) Gecko/20100101 Firefox/108.0" "metrocrimedaily.com"
69.63.184.2 - - [19/Jan/2023:19:48:09 -0800] "GET /instagram-houston/01-19-2023-2147491-A.jpg HTTP/1.1" 200 187004 "-" "facebookexternalhit/1.1 (+http://www.facebook.com/externalhit_uatext.php)" "www.metrocrimedaily.com"
69.63.189.1 - - [19/Jan/2023:19:48:36 -0800] "GET /instagram-houston/01-19-2023-2147492-A.jpg HTTP/1.1" 200 161942 "-" "facebookexternalhit/1.1 (+http://www.facebook.com/externalhit_uatext.php)" "www.metrocrimedaily.com"
89.45.67.2 - - [19/Jan/2023:19:52:54 -0800] "GET /wp-login.php HTTP/1.1" 404 88 "" "Mozilla/5.0 (Windows NT 10.0; Win64; x64; rv:108.0) Gecko/20100101 Firefox/108.0" "metrocrimedaily.com"
51.222.253.1 - - [19/Jan/2023:19:53:45 -0800] "GET /instagram-chicago/post-later/01-19-2023-1902194-Man-shot-in-the-chest-by-people-in-stolen-truck-a.txt HTTP/1.1" 200 368 "-" "Mozilla/5.0 (compatible; AhrefsBot/7.0; +http://ahrefs.com/robot/)" "metrocrimedaily.com"
69.63.189.3 - - [19/Jan/2023:19:55:31 -0800] "GET /instagram-atlanta/01-19-2023-2123423-A.jpg HTTP/1.1" 200 166794 "-" "facebookexternalhit/1.1 (+http://www.facebook.com/externalhit_uatext.php)" "www.metrocrimedaily.com"
69.63.184.119 - - [19/Jan/2023:20:01:18 -0800] "GET /instagram-detroit/01-19-2023-2145202-A.jpg HTTP/1.1" 200 60432 "-" "facebookexternalhit/1.1 (+http://www.facebook.com/externalhit_uatext.php)" "www.metrocrimedaily.com"
103.20.234.2 - - [19/Jan/2023:20:06:00 -0800] "GET /wp-login.php HTTP/1.1" 404 88 "" "Mozilla/5.0 (Windows NT 10.0; Win64; x64; rv:108.0) Gecko/20100101 Firefox/108.0" "metrocrimedaily.com"
51.222.253.13 - - [19/Jan/2023:20:06:01 -0800] "GET /instagram-chicago/post-later/01-19-2023-1902195-Alec-Baldwin-to-be-charged-with-involuntary-mansl.txt HTTP/1.1" 200 605 "-" "Mozilla/5.0 (compatible; AhrefsBot/7.0; +http://ahrefs.com/robot/)" "metrocrimedaily.com"
69.63.184.119 - - [19/Jan/2023:20:11:08 -0800] "GET /instagram-atlanta/01-19-2023-2123424-A.jpg HTTP/1.1" 200 73453 "-" "facebookexternalhit/1.1 (+http://www.facebook.com/externalhit_uatext.php)" "www.metrocrimedaily.com"
172.56.13.46 - - [19/Jan/2023:20:15:29 -0800] "GET /styles-mcd.css HTTP/1.1" 200 1159 "-" "Mozilla/5.0 (Linux; Android 11; G40) AppleWebKit/537.36 (KHTML, like Gecko) Chrome/94.0.4606.85 Mobile Safari/537.36" "www.metrocrimedaily.com"
172.56.13.46 - - [19/Jan/2023:20:15:29 -0800] "GET / HTTP/1.1" 200 127911 "http://www.google.com/" "Mozilla/5.0 (Linux; Android 11; G40) AppleWebKit/537.36 (KHTML, like Gecko) Chrome/94.0.4606.85 Mobile Safari/537.36" "www.metrocrimedaily.com"
172.56.13.46 - - [19/Jan/2023:20:15:29 -0800] "GET /images/crimeinthed-logo.jpg HTTP/1.1" 200 14960 "http://www.metrocrimedaily.com/" "Mozilla/5.0 (Linux; Android 11; G40) AppleWebKit/537.36 (KHTML, like Gecko) Chrome/94.0.4606.85 Mobile Safari/537.36" "www.metrocrimedaily.com"
172.56.13.46 - - [19/Jan/2023:20:15:29 -0800] "GET /images/police-tape.jpg HTTP/1.1" 200 50766 "http://www.metrocrimedaily.com/" "Mozilla/5.0 (Linux; Android 11; G40) AppleWebKit/537.36 (KHTML, like Gecko) Chrome/94.0.4606.85 Mobile Safari/537.36" "metrocrimedaily.com"
172.56.13.46 - - [19/Jan/2023:20:15:34 -0800] "GET /images/youtube-logo-tiny.png HTTP/1.1" 200 689 "http://www.metrocrimedaily.com/" "Mozilla/5.0 (Linux; Android 11; G40) AppleWebKit/537.36 (KHTML, like Gecko) Chrome/94.0.4606.85 Mobile Safari/537.36" "www.metrocrimedaily.com"
172.56.13.46 - - [19/Jan/2023:20:15:34 -0800] "GET /images/facebook-logo-tiny.png HTTP/1.1" 200 1280 "http://www.metrocrimedaily.com/" "Mozilla/5.0 (Linux; Android 11; G40) AppleWebKit/537.36 (KHTML, like Gecko) Chrome/94.0.4606.85 Mobile Safari/537.36" "www.metrocrimedaily.com"
172.56.13.46 - - [19/Jan/2023:20:15:34 -0800] "GET /images/twitter-logo-b-tiny.png HTTP/1.1" 200 1600 "http://www.metrocrimedaily.com/" "Mozilla/5.0 (Linux; Android 11; G40) AppleWebKit/537.36 (KHTML, like Gecko) Chrome/94.0.4606.85 Mobile Safari/537.36" "www.metrocrimedaily.com"
172.56.13.46 - - [19/Jan/2023:20:15:44 -0800] "GET /favicon.ico HTTP/1.1" 404 88 "http://www.metrocrimedaily.com/" "Mozilla/5.0 (Linux; Android 11; G40) AppleWebKit/537.36 (KHTML, like Gecko) Chrome/94.0.4606.85 Mobile Safari/537.36" "www.metrocrimedaily.com"
157.55.39.5 - - [19/Jan/2023:20:18:51 -0800] "GET /instagram-detroit/12-21-2022-1129422-Detroit-man-charged-for-impersonating-a-police-of.txt HTTP/1.1" 404 88 "-" "Mozilla/5.0 AppleWebKit/537.36 (KHTML, like Gecko; compatible; bingbot/2.0; +http://www.bing.com/bingbot.htm) Chrome/103.0.5060.134 Safari/537.36" "www.metrocrimedaily.com"
69.63.184.3 - - [19/Jan/2023:20:18:56 -0800] "GET /instagram-losangeles/01-19-2023-2218361-A.jpg HTTP/1.1" 200 288396 "-" "facebookexternalhit/1.1 (+http://www.facebook.com/externalhit_uatext.php)" "www.metrocrimedaily.com"
51.222.253.2 - - [19/Jan/2023:20:20:05 -0800] "GET /instagram-chicago/post-later/01-19-2023-1902196-Developmentally-disabled-man-may-lose-sight--tast.txt HTTP/1.1" 200 1080 "-" "Mozilla/5.0 (compatible; AhrefsBot/7.0; +http://ahrefs.com/robot/)" "metrocrimedaily.com"
207.46.13.109 - - [19/Jan/2023:20:21:07 -0800] "GET /privacy-policy.html HTTP/1.1" 200 2353 "-" "Mozilla/5.0 AppleWebKit/537.36 (KHTML, like Gecko; compatible; bingbot/2.0; +http://www.bing.com/bingbot.htm) Chrome/103.0.5060.134 Safari/537.36" "www.metrocrimedaily.com"
66.249.70.43 - - [19/Jan/2023:20:22:31 -0800] "GET /instagram-houston/01-11-2023-1117541-A.jpg HTTP/1.1" 200 179492 "-" "Googlebot-Image/1.0" "metrocrimedaily.com"
66.249.70.41 - - [19/Jan/2023:20:22:31 -0800] "GET /instagram-houston/01-11-2023-1117543-A.jpg HTTP/1.1" 200 218144 "-" "Googlebot-Image/1.0" "metrocrimedaily.com"
66.249.70.43 - - [19/Jan/2023:20:22:32 -0800] "GET /instagram-houston/01-11-2023-1117544-A.jpg HTTP/1.1" 200 162317 "-" "Googlebot-Image/1.0" "metrocrimedaily.com"
66.249.70.41 - - [19/Jan/2023:20:22:32 -0800] "GET /instagram-houston/01-11-2023-1117542-A.jpg HTTP/1.1" 200 195411 "-" "Googlebot-Image/1.0" "metrocrimedaily.com"
66.249.70.39 - - [19/Jan/2023:20:22:33 -0800] "GET /instagram-houston/01-11-2023-0923071-A.jpg HTTP/1.1" 200 196053 "-" "Googlebot-Image/1.0" "metrocrimedaily.com"
66.249.70.39 - - [19/Jan/2023:20:22:33 -0800] "GET /instagram-houston/01-11-2023-1430271-A.jpg HTTP/1.1" 200 195044 "-" "Googlebot-Image/1.0" "metrocrimedaily.com"
66.249.70.41 - - [19/Jan/2023:20:22:35 -0800] "GET /instagram-houston/01-11-2023-1117545-A.jpg HTTP/1.1" 200 120865 "-" "Googlebot-Image/1.0" "metrocrimedaily.com"
66.249.70.39 - - [19/Jan/2023:20:22:36 -0800] "GET /instagram-houston/01-11-2023-0923072-A.jpg HTTP/1.1" 200 143591 "-" "Googlebot-Image/1.0" "metrocrimedaily.com"
66.249.70.41 - - [19/Jan/2023:20:22:37 -0800] "GET /instagram-houston/01-11-2023-1117546-A.jpg HTTP/1.1" 200 120170 "-" "Googlebot-Image/1.0" "metrocrimedaily.com"
66.249.70.39 - - [19/Jan/2023:20:22:38 -0800] "GET /instagram-houston/01-11-2023-1117547-A.jpg HTTP/1.1" 200 132781 "-" "Googlebot-Image/1.0" "metrocrimedaily.com"
69.63.184.118 - - [19/Jan/2023:20:24:46 -0800] "GET /instagram-stlouis/01-19-2023-2224261-A.jpg HTTP/1.1" 200 162779 "-" "facebookexternalhit/1.1 (+http://www.facebook.com/externalhit_uatext.php)" "www.metrocrimedaily.com"
69.63.184.4 - - [19/Jan/2023:20:24:55 -0800] "GET /instagram-dallas/01-19-2023-2224331-A.jpg HTTP/1.1" 200 374230 "-" "facebookexternalhit/1.1 (+http://www.facebook.com/externalhit_uatext.php)" "www.metrocrimedaily.com"
69.63.184.3 - - [19/Jan/2023:20:26:45 -0800] "GET /instagram-atlanta/01-19-2023-2123425-A.jpg HTTP/1.1" 200 177506 "-" "facebookexternalhit/1.1 (+http://www.facebook.com/externalhit_uatext.php)" "www.metrocrimedaily.com"
66.249.70.39 - - [19/Jan/2023:20:27:22 -0800] "GET /instagram-detroit/01-12-2023-1633581-A.jpg HTTP/1.1" 200 81893 "-" "Googlebot-Image/1.0" "metrocrimedaily.com"
66.249.70.39 - - [19/Jan/2023:20:27:22 -0800] "GET /instagram-detroit/01-12-2023-1633584-A.jpg HTTP/1.1" 200 95156 "-" "Googlebot-Image/1.0" "metrocrimedaily.com"
66.249.70.39 - - [19/Jan/2023:20:27:23 -0800] "GET /instagram-detroit/01-12-2023-1633587-A.jpg HTTP/1.1" 200 86187 "-" "Googlebot-Image/1.0" "metrocrimedaily.com"
66.249.70.41 - - [19/Jan/2023:20:27:24 -0800] "GET /instagram-detroit/01-12-2023-1633583-A.jpg HTTP/1.1" 200 140923 "-" "Googlebot-Image/1.0" "metrocrimedaily.com"
66.249.70.41 - - [19/Jan/2023:20:27:26 -0800] "GET /instagram-detroit/01-12-2023-1633589-A.jpg HTTP/1.1" 200 102291 "-" "Googlebot-Image/1.0" "metrocrimedaily.com"
66.249.70.39 - - [19/Jan/2023:20:27:26 -0800] "GET /instagram-detroit/01-12-2023-1633582-A.jpg HTTP/1.1" 200 150901 "-" "Googlebot-Image/1.0" "metrocrimedaily.com"
66.249.70.39 - - [19/Jan/2023:20:27:27 -0800] "GET /instagram-detroit/01-12-2023-16335810-A.jpg HTTP/1.1" 200 111399 "-" "Googlebot-Image/1.0" "metrocrimedaily.com"
66.249.70.41 - - [19/Jan/2023:20:27:29 -0800] "GET /instagram-detroit/01-12-2023-1633586-A.jpg HTTP/1.1" 200 91356 "-" "Googlebot-Image/1.0" "metrocrimedaily.com"
66.249.70.41 - - [19/Jan/2023:20:27:29 -0800] "GET /instagram-detroit/01-12-2023-1633585-A.jpg HTTP/1.1" 200 206089 "-" "Googlebot-Image/1.0" "metrocrimedaily.com"
66.249.70.39 - - [19/Jan/2023:20:27:31 -0800] "GET /instagram-detroit/01-12-2023-1633588-A.jpg HTTP/1.1" 200 210494 "-" "Googlebot-Image/1.0" "metrocrimedaily.com"
68.58.188.65 - - [19/Jan/2023:20:29:24 -0800] "GET /styles-mcd.css HTTP/1.1" 200 1159 "-" "Mozilla/5.0 (Linux; Android 9; SM-A102U) AppleWebKit/537.36 (KHTML, like Gecko) Chrome/107.0.0.0 Mobile Safari/537.36" "www.metrocrimedaily.com"
68.58.188.65 - - [19/Jan/2023:20:29:24 -0800] "GET / HTTP/1.1" 200 128390 "https://www.google.com/" "Mozilla/5.0 (Linux; Android 9; SM-A102U) AppleWebKit/537.36 (KHTML, like Gecko) Chrome/107.0.0.0 Mobile Safari/537.36" "www.metrocrimedaily.com"
68.58.188.65 - - [19/Jan/2023:20:29:25 -0800] "GET /images/crimeinthed-logo.jpg HTTP/1.1" 200 14960 "http://www.metrocrimedaily.com/" "Mozilla/5.0 (Linux; Android 9; SM-A102U) AppleWebKit/537.36 (KHTML, like Gecko) Chrome/107.0.0.0 Mobile Safari/537.36" "www.metrocrimedaily.com"
68.58.188.65 - - [19/Jan/2023:20:29:25 -0800] "GET /images/police-tape.jpg HTTP/1.1" 200 50766 "http://www.metrocrimedaily.com/" "Mozilla/5.0 (Linux; Android 9; SM-A102U) AppleWebKit/537.36 (KHTML, like Gecko) Chrome/107.0.0.0 Mobile Safari/537.36" "metrocrimedaily.com"
69.63.184.116 - - [19/Jan/2023:20:29:27 -0800] "GET /instagram-houston/01-19-2023-2229081-A.jpg HTTP/1.1" 200 200538 "-" "facebookexternalhit/1.1 (+http://www.facebook.com/externalhit_uatext.php)" "www.metrocrimedaily.com"
68.58.188.65 - - [19/Jan/2023:20:29:31 -0800] "GET /images/facebook-logo-tiny.png HTTP/1.1" 200 1280 "http://www.metrocrimedaily.com/" "Mozilla/5.0 (Linux; Android 9; SM-A102U) AppleWebKit/537.36 (KHTML, like Gecko) Chrome/107.0.0.0 Mobile Safari/537.36" "www.metrocrimedaily.com"
68.58.188.65 - - [19/Jan/2023:20:29:31 -0800] "GET /images/youtube-logo-tiny.png HTTP/1.1" 200 689 "http://www.metrocrimedaily.com/" "Mozilla/5.0 (Linux; Android 9; SM-A102U) AppleWebKit/537.36 (KHTML, like Gecko) Chrome/107.0.0.0 Mobile Safari/537.36" "www.metrocrimedaily.com"
68.58.188.65 - - [19/Jan/2023:20:29:31 -0800] "GET /images/twitter-logo-b-tiny.png HTTP/1.1" 200 1600 "http://www.metrocrimedaily.com/" "Mozilla/5.0 (Linux; Android 9; SM-A102U) AppleWebKit/537.36 (KHTML, like Gecko) Chrome/107.0.0.0 Mobile Safari/537.36" "www.metrocrimedaily.com"
51.222.253.20 - - [19/Jan/2023:20:31:49 -0800] "GET /instagram-chicago/post-later/01-19-2023-1902197-Investigators-say-they-re-making-progress-in-solv.txt HTTP/1.1" 200 511 "-" "Mozilla/5.0 (compatible; AhrefsBot/7.0; +http://ahrefs.com/robot/)" "metrocrimedaily.com"
69.63.184.117 - - [19/Jan/2023:20:40:17 -0800] "GET /instagram-memphis/01-19-2023-2239551-A.jpg HTTP/1.1" 200 214058 "-" "facebookexternalhit/1.1 (+http://www.facebook.com/externalhit_uatext.php)" "www.metrocrimedaily.com"
69.63.184.4 - - [19/Jan/2023:20:40:30 -0800] "GET /instagram-dallas/01-19-2023-2224332-A.jpg HTTP/1.1" 200 132718 "-" "facebookexternalhit/1.1 (+http://www.facebook.com/externalhit_uatext.php)" "www.metrocrimedaily.com"
69.63.184.2 - - [19/Jan/2023:20:42:21 -0800] "GET /instagram-atlanta/01-19-2023-2123426-A.jpg HTTP/1.1" 200 221464 "-" "facebookexternalhit/1.1 (+http://www.facebook.com/externalhit_uatext.php)" "www.metrocrimedaily.com"
69.63.184.116 - - [19/Jan/2023:20:43:20 -0800] "GET /instagram-neworleans/01-19-2023-2242591-A.jpg HTTP/1.1" 200 524326 "-" "facebookexternalhit/1.1 (+http://www.facebook.com/externalhit_uatext.php)" "www.metrocrimedaily.com"
5.61.53.12 - - [19/Jan/2023:20:43:53 -0800] "GET /wp-login.php HTTP/1.1" 404 88 "" "Mozilla/5.0 (Windows NT 10.0; Win64; x64; rv:108.0) Gecko/20100101 Firefox/108.0" "metrocrimedaily.com"
51.222.253.14 - - [19/Jan/2023:20:43:57 -0800] "GET /instagram-chicago/post-later/01-19-2023-1902198-Illinois-Man---s-Family-Files-Lawsuit-After-Param.txt HTTP/1.1" 200 1145 "-" "Mozilla/5.0 (compatible; AhrefsBot/7.0; +http://ahrefs.com/robot/)" "metrocrimedaily.com"
112.18.252.222 - - [19/Jan/2023:20:44:20 -0800] "GET /wp-login.php HTTP/1.1" 404 88 "" "Mozilla/5.0 (Windows NT 10.0; Win64; x64; rv:108.0) Gecko/20100101 Firefox/108.0" "metrocrimedaily.com"
69.63.184.119 - - [19/Jan/2023:20:44:59 -0800] "GET /instagram-houston/01-19-2023-2229082-A.jpg HTTP/1.1" 200 77363 "-" "facebookexternalhit/1.1 (+http://www.facebook.com/externalhit_uatext.php)" "www.metrocrimedaily.com"
5.101.157.14 - - [19/Jan/2023:20:46:18 -0800] "GET /wp-login.php HTTP/1.1" 404 88 "" "Mozilla/5.0 (Windows NT 10.0; Win64; x64; rv:108.0) Gecko/20100101 Firefox/108.0" "metrocrimedaily.com"
69.63.184.119 - - [19/Jan/2023:20:49:29 -0800] "GET /instagram-newyork/01-19-2023-2249031-A.jpg HTTP/1.1" 200 148543 "-" "facebookexternalhit/1.1 (+http://www.facebook.com/externalhit_uatext.php)" "www.metrocrimedaily.com"
66.249.70.39 - - [19/Jan/2023:20:49:41 -0800] "GET /instagram-chicago/01-13-2023-1433482-A.jpg HTTP/1.1" 200 337826 "-" "Googlebot-Image/1.0" "metrocrimedaily.com"
66.249.70.39 - - [19/Jan/2023:20:49:42 -0800] "GET /instagram-chicago/01-13-2023-1642261-A.jpg HTTP/1.1" 200 280952 "-" "Googlebot-Image/1.0" "metrocrimedaily.com"
66.249.70.41 - - [19/Jan/2023:20:49:42 -0800] "GET /instagram-chicago/01-13-2023-1433481-A.jpg HTTP/1.1" 200 150869 "-" "Googlebot-Image/1.0" "metrocrimedaily.com"
66.249.70.41 - - [19/Jan/2023:20:49:42 -0800] "GET /instagram-chicago/01-13-2023-1310151-A.jpg HTTP/1.1" 200 293983 "-" "Googlebot-Image/1.0" "metrocrimedaily.com"
66.249.70.43 - - [19/Jan/2023:20:49:42 -0800] "GET /instagram-chicago/01-13-2023-1552161-A.jpg HTTP/1.1" 200 101028 "-" "Googlebot-Image/1.0" "metrocrimedaily.com"
66.249.70.39 - - [19/Jan/2023:20:49:43 -0800] "GET /instagram-chicago/01-13-2023-1642262-A.jpg HTTP/1.1" 200 103990 "-" "Googlebot-Image/1.0" "metrocrimedaily.com"
66.249.70.41 - - [19/Jan/2023:20:49:43 -0800] "GET /instagram-chicago/01-13-2023-1116573-A.jpg HTTP/1.1" 200 75041 "-" "Googlebot-Image/1.0" "metrocrimedaily.com"
66.249.70.39 - - [19/Jan/2023:20:49:43 -0800] "GET /instagram-chicago/01-13-2023-1310153-A.jpg HTTP/1.1" 200 337826 "-" "Googlebot-Image/1.0" "metrocrimedaily.com"
66.249.70.43 - - [19/Jan/2023:20:49:44 -0800] "GET /instagram-chicago/01-13-2023-1310152-A.jpg HTTP/1.1" 200 293983 "-" "Googlebot-Image/1.0" "metrocrimedaily.com"
66.249.70.41 - - [19/Jan/2023:20:49:45 -0800] "GET /instagram-chicago/01-13-2023-1433483-A.jpg HTTP/1.1" 200 167794 "-" "Googlebot-Image/1.0" "metrocrimedaily.com"
69.63.184.2 - - [19/Jan/2023:20:55:50 -0800] "GET /instagram-memphis/01-19-2023-2239552-A.jpg HTTP/1.1" 200 153006 "-" "facebookexternalhit/1.1 (+http://www.facebook.com/externalhit_uatext.php)" "www.metrocrimedaily.com"
69.63.184.2 - - [19/Jan/2023:20:57:50 -0800] "GET /instagram-stlouis/01-19-2023-2257301-A.jpg HTTP/1.1" 200 358207 "-" "facebookexternalhit/1.1 (+http://www.facebook.com/externalhit_uatext.php)" "www.metrocrimedaily.com"
69.63.184.4 - - [19/Jan/2023:20:57:56 -0800] "GET /instagram-atlanta/01-19-2023-2123427-A.jpg HTTP/1.1" 200 208792 "-" "facebookexternalhit/1.1 (+http://www.facebook.com/externalhit_uatext.php)" "www.metrocrimedaily.com"
69.63.184.2 - - [19/Jan/2023:20:58:28 -0800] "GET /instagram-atlanta/01-19-2023-2123428-A.jpg HTTP/1.1" 200 142377 "-" "facebookexternalhit/1.1 (+http://www.facebook.com/externalhit_uatext.php)" "www.metrocrimedaily.com"
69.63.184.116 - - [19/Jan/2023:20:58:52 -0800] "GET /instagram-neworleans/01-19-2023-2242592-A.jpg HTTP/1.1" 200 179298 "-" "facebookexternalhit/1.1 (+http://www.facebook.com/externalhit_uatext.php)" "www.metrocrimedaily.com"
185.60.170.226 - - [19/Jan/2023:20:59:40 -0800] "GET /wp-login.php HTTP/1.1" 404 88 "" "Mozilla/5.0 (Windows NT 10.0; Win64; x64; rv:108.0) Gecko/20100101 Firefox/108.0" "metrocrimedaily.com"
69.63.184.2 - - [19/Jan/2023:21:00:30 -0800] "GET /instagram-houston/01-19-2023-2229083-A.jpg HTTP/1.1" 200 150152 "-" "facebookexternalhit/1.1 (+http://www.facebook.com/externalhit_uatext.php)" "www.metrocrimedaily.com"
77.222.54.217 - - [19/Jan/2023:21:06:44 -0800] "GET /wp-login.php HTTP/1.1" 404 88 "" "Mozilla/5.0 (Windows NT 10.0; Win64; x64; rv:108.0) Gecko/20100101 Firefox/108.0" "metrocrimedaily.com"
162.214.105.95 - - [19/Jan/2023:21:07:29 -0800] "GET /wp-login.php HTTP/1.1" 404 88 "" "Mozilla/5.0 (Windows NT 10.0; Win64; x64; rv:108.0) Gecko/20100101 Firefox/108.0" "metrocrimedaily.com"
173.231.229.149 - - [19/Jan/2023:21:08:14 -0800] "GET /wp-login.php HTTP/1.1" 404 88 "" "Mozilla/5.0 (Windows NT 10.0; Win64; x64; rv:108.0) Gecko/20100101 Firefox/108.0" "metrocrimedaily.com"
69.63.184.2 - - [19/Jan/2023:21:11:03 -0800] "GET /instagram-detroit/01-19-2023-2310331-A.jpg HTTP/1.1" 200 275677 "-" "facebookexternalhit/1.1 (+http://www.facebook.com/externalhit_uatext.php)" "www.metrocrimedaily.com"
69.63.184.119 - - [19/Jan/2023:21:11:20 -0800] "GET /instagram-memphis/01-19-2023-2239553-A.jpg HTTP/1.1" 200 78537 "-" "facebookexternalhit/1.1 (+http://www.facebook.com/externalhit_uatext.php)" "www.metrocrimedaily.com"
5.45.125.70 - - [19/Jan/2023:21:12:38 -0800] "GET /wp-login.php HTTP/1.1" 404 88 "" "Mozilla/5.0 (Windows NT 10.0; Win64; x64; rv:108.0) Gecko/20100101 Firefox/108.0" "metrocrimedaily.com"
69.63.184.1 - - [19/Jan/2023:21:13:23 -0800] "GET /instagram-stlouis/01-19-2023-2257302-A.jpg HTTP/1.1" 200 245123 "-" "facebookexternalhit/1.1 (+http://www.facebook.com/externalhit_uatext.php)" "www.metrocrimedaily.com"
77.222.54.217 - - [19/Jan/2023:21:14:17 -0800] "GET /wp-login.php HTTP/1.1" 404 88 "" "Mozilla/5.0 (Windows NT 10.0; Win64; x64; rv:108.0) Gecko/20100101 Firefox/108.0" "metrocrimedaily.com"
69.63.184.5 - - [19/Jan/2023:21:14:59 -0800] "GET /instagram-losangeles/01-19-2023-2314401-A.jpg HTTP/1.1" 200 127095 "-" "facebookexternalhit/1.1 (+http://www.facebook.com/externalhit_uatext.php)" "www.metrocrimedaily.com"
69.63.184.4 - - [19/Jan/2023:21:27:01 -0800] "GET /instagram-memphis/01-19-2023-2239554-A.jpg HTTP/1.1" 200 156185 "-" "facebookexternalhit/1.1 (+http://www.facebook.com/externalhit_uatext.php)" "www.metrocrimedaily.com"
69.63.184.120 - - [19/Jan/2023:21:28:35 -0800] "GET /instagram-memphis/01-19-2023-2239555-A.jpg HTTP/1.1" 200 171881 "-" "facebookexternalhit/1.1 (+http://www.facebook.com/externalhit_uatext.php)" "www.metrocrimedaily.com"
69.63.184.116 - - [19/Jan/2023:21:29:04 -0800] "GET /instagram-stlouis/01-19-2023-2257303-A.jpg HTTP/1.1" 200 214904 "-" "facebookexternalhit/1.1 (+http://www.facebook.com/externalhit_uatext.php)" "www.metrocrimedaily.com"
69.63.184.117 - - [19/Jan/2023:21:30:30 -0800] "GET /instagram-losangeles/01-19-2023-2314402-A.jpg HTTP/1.1" 200 225850 "-" "facebookexternalhit/1.1 (+http://www.facebook.com/externalhit_uatext.php)" "www.metrocrimedaily.com"
69.63.184.2 - - [19/Jan/2023:21:37:03 -0800] "GET /instagram-dallas/01-19-2023-2336401-A.jpg HTTP/1.1" 200 225690 "-" "facebookexternalhit/1.1 (+http://www.facebook.com/externalhit_uatext.php)" "www.metrocrimedaily.com"
69.63.184.5 - - [19/Jan/2023:21:38:01 -0800] "GET /instagram-newyork/01-19-2023-2337421-A.jpg HTTP/1.1" 200 118532 "-" "facebookexternalhit/1.1 (+http://www.facebook.com/externalhit_uatext.php)" "www.metrocrimedaily.com"
157.55.39.152 - - [19/Jan/2023:21:46:51 -0800] "GET /instagram-dallas/12-21-2022-1155431-Mesquite-deadly-shooting-a-result-of-road-rage--p.txt HTTP/1.1" 404 88 "-" "Mozilla/5.0 AppleWebKit/537.36 (KHTML, like Gecko; compatible; bingbot/2.0; +http://www.bing.com/bingbot.htm) Chrome/103.0.5060.134 Safari/537.36" "www.metrocrimedaily.com"
69.63.184.116 - - [19/Jan/2023:21:52:37 -0800] "GET /instagram-dallas/01-19-2023-2336402-A.jpg HTTP/1.1" 200 137935 "-" "facebookexternalhit/1.1 (+http://www.facebook.com/externalhit_uatext.php)" "www.metrocrimedaily.com"
51.222.253.10 - - [19/Jan/2023:21:52:38 -0800] "GET / HTTP/1.1" 200 128537 "-" "Mozilla/5.0 (compatible; AhrefsBot/7.0; +http://ahrefs.com/robot/)" "metrocrimedaily.com"
69.63.184.116 - - [19/Jan/2023:21:54:26 -0800] "GET /instagram-houston/01-19-2023-2354061-A.jpg HTTP/1.1" 200 149004 "-" "facebookexternalhit/1.1 (+http://www.facebook.com/externalhit_uatext.php)" "www.metrocrimedaily.com"
51.222.253.8 - - [19/Jan/2023:21:54:33 -0800] "GET /images/police-tape.jpg HTTP/1.1" 200 50766 "-" "Mozilla/5.0 (compatible; AhrefsBot/7.0; +http://ahrefs.com/robot/)" "metrocrimedaily.com"
69.63.184.1 - - [19/Jan/2023:21:57:38 -0800] "GET /instagram-atlanta/01-19-2023-2356421-A.jpg HTTP/1.1" 200 112330 "-" "facebookexternalhit/1.1 (+http://www.facebook.com/externalhit_uatext.php)" "www.metrocrimedaily.com"
69.63.184.119 - - [19/Jan/2023:21:58:08 -0800] "GET /instagram-atlanta/01-19-2023-2356422-A.jpg HTTP/1.1" 200 199986 "-" "facebookexternalhit/1.1 (+http://www.facebook.com/externalhit_uatext.php)" "www.metrocrimedaily.com"
69.63.184.3 - - [19/Jan/2023:21:58:38 -0800] "GET /instagram-atlanta/01-19-2023-2356423-A.jpg HTTP/1.1" 200 123292 "-" "facebookexternalhit/1.1 (+http://www.facebook.com/externalhit_uatext.php)" "www.metrocrimedaily.com"
172.56.89.3 - - [19/Jan/2023:21:59:00 -0800] "GET / HTTP/1.1" 200 128537 "-" "Mozilla/5.0 (Linux; Android 12; SM-A135U) AppleWebKit/537.36 (KHTML, like Gecko) Chrome/108.0.0.0 Mobile Safari/537.36" "www.metrocrimedaily.com"
172.56.89.3 - - [19/Jan/2023:21:59:00 -0800] "GET /styles-mcd.css HTTP/1.1" 200 1159 "-" "Mozilla/5.0 (Linux; Android 12; SM-A135U) AppleWebKit/537.36 (KHTML, like Gecko) Chrome/108.0.0.0 Mobile Safari/537.36" "www.metrocrimedaily.com"
172.56.89.3 - - [19/Jan/2023:21:59:00 -0800] "GET /images/crimeinthed-logo.jpg HTTP/1.1" 200 14960 "http://www.metrocrimedaily.com/" "Mozilla/5.0 (Linux; Android 12; SM-A135U) AppleWebKit/537.36 (KHTML, like Gecko) Chrome/108.0.0.0 Mobile Safari/537.36" "www.metrocrimedaily.com"
172.56.89.3 - - [19/Jan/2023:21:59:01 -0800] "GET /images/police-tape.jpg HTTP/1.1" 200 50766 "http://www.metrocrimedaily.com/" "Mozilla/5.0 (Linux; Android 12; SM-A135U) AppleWebKit/537.36 (KHTML, like Gecko) Chrome/108.0.0.0 Mobile Safari/537.36" "metrocrimedaily.com"
172.56.89.3 - - [19/Jan/2023:21:59:09 -0800] "GET /images/facebook-logo-tiny.png HTTP/1.1" 200 1280 "http://www.metrocrimedaily.com/" "Mozilla/5.0 (Linux; Android 12; SM-A135U) AppleWebKit/537.36 (KHTML, like Gecko) Chrome/108.0.0.0 Mobile Safari/537.36" "www.metrocrimedaily.com"
172.56.89.3 - - [19/Jan/2023:21:59:09 -0800] "GET /images/youtube-logo-tiny.png HTTP/1.1" 200 689 "http://www.metrocrimedaily.com/" "Mozilla/5.0 (Linux; Android 12; SM-A135U) AppleWebKit/537.36 (KHTML, like Gecko) Chrome/108.0.0.0 Mobile Safari/537.36" "www.metrocrimedaily.com"
172.56.89.3 - - [19/Jan/2023:21:59:09 -0800] "GET /images/twitter-logo-b-tiny.png HTTP/1.1" 200 1600 "http://www.metrocrimedaily.com/" "Mozilla/5.0 (Linux; Android 12; SM-A135U) AppleWebKit/537.36 (KHTML, like Gecko) Chrome/108.0.0.0 Mobile Safari/537.36" "www.metrocrimedaily.com"
69.63.184.4 - - [19/Jan/2023:21:59:11 -0800] "GET /instagram-atlanta/01-19-2023-2356424-A.jpg HTTP/1.1" 200 235834 "-" "facebookexternalhit/1.1 (+http://www.facebook.com/externalhit_uatext.php)" "www.metrocrimedaily.com"
69.63.184.120 - - [19/Jan/2023:22:00:16 -0800] "GET /instagram-atlanta/01-19-2023-2356425-A.jpg HTTP/1.1" 200 130866 "-" "facebookexternalhit/1.1 (+http://www.facebook.com/externalhit_uatext.php)" "www.metrocrimedaily.com"
69.63.184.118 - - [19/Jan/2023:22:00:52 -0800] "GET /instagram-atlanta/01-19-2023-2356426-A.jpg HTTP/1.1" 200 157251 "-" "facebookexternalhit/1.1 (+http://www.facebook.com/externalhit_uatext.php)" "www.metrocrimedaily.com"
69.63.184.3 - - [19/Jan/2023:22:01:43 -0800] "GET /instagram-atlanta/01-19-2023-2356427-A.jpg HTTP/1.1" 200 270856 "-" "facebookexternalhit/1.1 (+http://www.facebook.com/externalhit_uatext.php)" "www.metrocrimedaily.com"
69.63.184.3 - - [19/Jan/2023:22:02:34 -0800] "GET /instagram-atlanta/01-19-2023-2356428-A.jpg HTTP/1.1" 200 166939 "-" "facebookexternalhit/1.1 (+http://www.facebook.com/externalhit_uatext.php)" "www.metrocrimedaily.com"
69.63.184.118 - - [19/Jan/2023:22:02:56 -0800] "GET /instagram-detroit/01-20-2023-0002041-A.jpg HTTP/1.1" 200 166806 "-" "facebookexternalhit/1.1 (+http://www.facebook.com/externalhit_uatext.php)" "www.metrocrimedaily.com"
69.63.184.4 - - [19/Jan/2023:22:04:48 -0800] "GET /instagram-memphis/01-20-2023-0004291-A.jpg HTTP/1.1" 200 82745 "-" "facebookexternalhit/1.1 (+http://www.facebook.com/externalhit_uatext.php)" "www.metrocrimedaily.com"
69.63.184.119 - - [19/Jan/2023:22:09:57 -0800] "GET /instagram-houston/01-19-2023-2354062-A.jpg HTTP/1.1" 200 170338 "-" "facebookexternalhit/1.1 (+http://www.facebook.com/externalhit_uatext.php)" "www.metrocrimedaily.com"
69.63.184.119 - - [19/Jan/2023:22:10:24 -0800] "GET /instagram-houston/01-19-2023-2354063-A.jpg HTTP/1.1" 200 200538 "-" "facebookexternalhit/1.1 (+http://www.facebook.com/externalhit_uatext.php)" "www.metrocrimedaily.com"
69.63.184.116 - - [19/Jan/2023:22:10:51 -0800] "GET /instagram-houston/01-19-2023-2354064-A.jpg HTTP/1.1" 200 231344 "-" "facebookexternalhit/1.1 (+http://www.facebook.com/externalhit_uatext.php)" "www.metrocrimedaily.com"
69.63.184.4 - - [19/Jan/2023:22:11:20 -0800] "GET /instagram-houston/01-19-2023-2354065-A.jpg HTTP/1.1" 200 73125 "-" "facebookexternalhit/1.1 (+http://www.facebook.com/externalhit_uatext.php)" "www.metrocrimedaily.com"
69.63.184.1 - - [19/Jan/2023:22:11:47 -0800] "GET /instagram-houston/01-19-2023-2354066-A.jpg HTTP/1.1" 200 69232 "-" "facebookexternalhit/1.1 (+http://www.facebook.com/externalhit_uatext.php)" "www.metrocrimedaily.com"
167.172.81.236 - - [19/Jan/2023:22:21:24 -0800] "GET /xmlrpc.php HTTP/1.1" 404 88 "-" "Mozilla/5.0 (Macintosh; Intel Mac OS X 10.15; rv:77.0) Gecko/20100101 Firefox/77.0" "metrocrimedaily.com"
69.63.184.5 - - [19/Jan/2023:22:26:32 -0800] "GET /instagram-dallas/01-20-2023-0026091-A.jpg HTTP/1.1" 200 120442 "-" "facebookexternalhit/1.1 (+http://www.facebook.com/externalhit_uatext.php)" "www.metrocrimedaily.com"
69.63.184.3 - - [19/Jan/2023:22:29:02 -0800] "GET /instagram-losangeles/01-20-2023-0028421-A.jpg HTTP/1.1" 200 135302 "-" "facebookexternalhit/1.1 (+http://www.facebook.com/externalhit_uatext.php)" "www.metrocrimedaily.com"
216.244.66.243 - - [19/Jan/2023:22:30:54 -0800] "GET /robots.txt HTTP/1.1" 404 73 "-" "Mozilla/5.0 (compatible; DotBot/1.2; +https://opensiteexplorer.org/dotbot; help@moz.com)" "metrocrimedaily.com"
157.55.39.152 - - [19/Jan/2023:22:32:56 -0800] "GET /instagram-atlanta/12-20-2022-0619071-Man-accused-of-shooting-ex--her-new-boyfriend-in-.txt HTTP/1.1" 404 88 "-" "Mozilla/5.0 AppleWebKit/537.36 (KHTML, like Gecko; compatible; bingbot/2.0; +http://www.bing.com/bingbot.htm) Chrome/103.0.5060.134 Safari/537.36" "www.metrocrimedaily.com"
69.63.184.116 - - [19/Jan/2023:22:35:20 -0800] "GET /instagram-memphis/01-20-2023-0004292-A.jpg HTTP/1.1" 200 161109 "-" "facebookexternalhit/1.1 (+http://www.facebook.com/externalhit_uatext.php)" "www.metrocrimedaily.com"
69.63.184.120 - - [19/Jan/2023:22:35:48 -0800] "GET /instagram-memphis/01-20-2023-0004293-A.jpg HTTP/1.1" 200 92294 "-" "facebookexternalhit/1.1 (+http://www.facebook.com/externalhit_uatext.php)" "www.metrocrimedaily.com"
69.63.184.117 - - [19/Jan/2023:22:36:18 -0800] "GET /instagram-memphis/01-20-2023-0004294-A.jpg HTTP/1.1" 200 83837 "-" "facebookexternalhit/1.1 (+http://www.facebook.com/externalhit_uatext.php)" "www.metrocrimedaily.com"
216.244.66.243 - - [19/Jan/2023:22:37:21 -0800] "GET /gov-svc-detroit.html HTTP/1.1" 200 6607 "-" "Mozilla/5.0 (compatible; DotBot/1.2; +https://opensiteexplorer.org/dotbot; help@moz.com)" "metrocrimedaily.com"
40.77.167.106 - - [19/Jan/2023:22:37:48 -0800] "GET /robots.txt HTTP/1.1" 404 88 "-" "Mozilla/5.0 AppleWebKit/537.36 (KHTML, like Gecko; compatible; bingbot/2.0; +http://www.bing.com/bingbot.htm) Chrome/103.0.5060.134 Safari/537.36" "metrocrimedaily.com"
40.77.167.106 - - [19/Jan/2023:22:37:48 -0800] "GET /robots.txt HTTP/1.1" 404 88 "-" "Mozilla/5.0 AppleWebKit/537.36 (KHTML, like Gecko; compatible; bingbot/2.0; +http://www.bing.com/bingbot.htm) Chrome/103.0.5060.134 Safari/537.36" "metrocrimedaily.com"
157.55.39.152 - - [19/Jan/2023:22:37:56 -0800] "GET /index-houston.html HTTP/1.1" 200 201506 "-" "Mozilla/5.0 AppleWebKit/537.36 (KHTML, like Gecko; compatible; bingbot/2.0; +http://www.bing.com/bingbot.htm) Chrome/103.0.5060.134 Safari/537.36" "metrocrimedaily.com"
207.46.13.46 - - [19/Jan/2023:22:38:01 -0800] "GET / HTTP/1.1" 200 128809 "-" "Mozilla/5.0 AppleWebKit/537.36 (KHTML, like Gecko; compatible; bingbot/2.0; +http://www.bing.com/bingbot.htm) Chrome/103.0.5060.134 Safari/537.36" "metrocrimedaily.com"
172.96.191.15 - - [19/Jan/2023:22:39:05 -0800] "GET /wp-login.php HTTP/1.1" 404 88 "" "Mozilla/5.0 (Windows NT 10.0; Win64; x64; rv:108.0) Gecko/20100101 Firefox/108.0" "metrocrimedaily.com"
157.55.39.152 - - [19/Jan/2023:22:52:06 -0800] "GET /instagram-atlanta/12-22-2022-1800072-FTX-founder-Sam-Bankman-Fried-allowed-$250-millio.txt HTTP/1.1" 404 88 "-" "Mozilla/5.0 AppleWebKit/537.36 (KHTML, like Gecko; compatible; bingbot/2.0; +http://www.bing.com/bingbot.htm) Chrome/103.0.5060.134 Safari/537.36" "www.metrocrimedaily.com"
69.63.184.117 - - [19/Jan/2023:22:55:09 -0800] "GET /instagram-houston/01-20-2023-0054491-A.jpg HTTP/1.1" 200 74595 "-" "facebookexternalhit/1.1 (+http://www.facebook.com/externalhit_uatext.php)" "www.metrocrimedaily.com"
69.63.184.4 - - [19/Jan/2023:22:59:33 -0800] "GET /instagram-losangeles/01-20-2023-0028422-A.jpg HTTP/1.1" 200 154278 "-" "facebookexternalhit/1.1 (+http://www.facebook.com/externalhit_uatext.php)" "www.metrocrimedaily.com"
107.127.35.74 - - [19/Jan/2023:23:01:48 -0800] "GET / HTTP/1.1" 200 128809 "-" "Mozilla/5.0 (iPhone; CPU iPhone OS 16_2 like Mac OS X) AppleWebKit/605.1.15 (KHTML, like Gecko) Version/16.2 Mobile/15E148 Safari/604.1" "www.metrocrimedaily.com"
107.127.35.74 - - [19/Jan/2023:23:01:48 -0800] "GET /styles-mcd.css HTTP/1.1" 200 1159 "http://www.metrocrimedaily.com/" "Mozilla/5.0 (iPhone; CPU iPhone OS 16_2 like Mac OS X) AppleWebKit/605.1.15 (KHTML, like Gecko) Version/16.2 Mobile/15E148 Safari/604.1" "www.metrocrimedaily.com"
107.127.35.74 - - [19/Jan/2023:23:01:48 -0800] "GET /images/crimeinthed-logo.jpg HTTP/1.1" 200 14960 "http://www.metrocrimedaily.com/" "Mozilla/5.0 (iPhone; CPU iPhone OS 16_2 like Mac OS X) AppleWebKit/605.1.15 (KHTML, like Gecko) Version/16.2 Mobile/15E148 Safari/604.1" "www.metrocrimedaily.com"
107.127.35.74 - - [19/Jan/2023:23:01:48 -0800] "GET /images/facebook-logo-tiny.png HTTP/1.1" 200 1280 "http://www.metrocrimedaily.com/" "Mozilla/5.0 (iPhone; CPU iPhone OS 16_2 like Mac OS X) AppleWebKit/605.1.15 (KHTML, like Gecko) Version/16.2 Mobile/15E148 Safari/604.1" "www.metrocrimedaily.com"
107.127.35.74 - - [19/Jan/2023:23:01:48 -0800] "GET /images/police-tape.jpg HTTP/1.1" 200 50766 "http://www.metrocrimedaily.com/" "Mozilla/5.0 (iPhone; CPU iPhone OS 16_2 like Mac OS X) AppleWebKit/605.1.15 (KHTML, like Gecko) Version/16.2 Mobile/15E148 Safari/604.1" "metrocrimedaily.com"
107.127.35.74 - - [19/Jan/2023:23:01:48 -0800] "GET /images/youtube-logo-tiny.png HTTP/1.1" 200 689 "http://www.metrocrimedaily.com/" "Mozilla/5.0 (iPhone; CPU iPhone OS 16_2 like Mac OS X) AppleWebKit/605.1.15 (KHTML, like Gecko) Version/16.2 Mobile/15E148 Safari/604.1" "www.metrocrimedaily.com"
107.127.35.74 - - [19/Jan/2023:23:01:48 -0800] "GET /images/twitter-logo-b-tiny.png HTTP/1.1" 200 1600 "http://www.metrocrimedaily.com/" "Mozilla/5.0 (iPhone; CPU iPhone OS 16_2 like Mac OS X) AppleWebKit/605.1.15 (KHTML, like Gecko) Version/16.2 Mobile/15E148 Safari/604.1" "www.metrocrimedaily.com"
107.127.35.74 - - [19/Jan/2023:23:02:08 -0800] "GET /apple-touch-icon-120x120-precomposed.png HTTP/1.1" 404 88 "-" "MobileSafari/8614.3.7.0.6 CFNetwork/1402.0.8 Darwin/22.2.0" "www.metrocrimedaily.com"
107.127.35.74 - - [19/Jan/2023:23:02:08 -0800] "GET /apple-touch-icon-120x120.png HTTP/1.1" 404 88 "-" "MobileSafari/8614.3.7.0.6 CFNetwork/1402.0.8 Darwin/22.2.0" "www.metrocrimedaily.com"
107.127.35.74 - - [19/Jan/2023:23:02:08 -0800] "GET /apple-touch-icon-precomposed.png HTTP/1.1" 404 88 "-" "MobileSafari/8614.3.7.0.6 CFNetwork/1402.0.8 Darwin/22.2.0" "www.metrocrimedaily.com"
107.127.35.74 - - [19/Jan/2023:23:02:09 -0800] "GET /apple-touch-icon.png HTTP/1.1" 404 88 "-" "MobileSafari/8614.3.7.0.6 CFNetwork/1402.0.8 Darwin/22.2.0" "www.metrocrimedaily.com"
78.46.82.123 - - [19/Jan/2023:23:14:27 -0800] "GET /wp-login.php HTTP/1.1" 404 88 "" "Mozilla/5.0 (Windows NT 10.0; Win64; x64; rv:108.0) Gecko/20100101 Firefox/108.0" "metrocrimedaily.com"
217.13.219.167 - - [19/Jan/2023:23:16:58 -0800] "GET /wp-login.php HTTP/1.1" 404 88 "" "Mozilla/5.0 (Windows NT 10.0; Win64; x64; rv:108.0) Gecko/20100101 Firefox/108.0" "metrocrimedaily.com"
69.63.184.4 - - [19/Jan/2023:23:25:44 -0800] "GET /instagram-houston/01-20-2023-0054492-A.jpg HTTP/1.1" 200 216532 "-" "facebookexternalhit/1.1 (+http://www.facebook.com/externalhit_uatext.php)" "www.metrocrimedaily.com"
51.222.253.9 - - [19/Jan/2023:23:25:50 -0800] "GET / HTTP/1.1" 200 128809 "-" "Mozilla/5.0 (compatible; AhrefsBot/7.0; +http://ahrefs.com/robot/)" "www.metrocrimedaily.com"
172.58.122.193 - - [19/Jan/2023:23:28:41 -0800] "GET / HTTP/1.1" 200 128809 "https://www.google.com/" "Mozilla/5.0 (Linux; Android 12; SM-G990U) AppleWebKit/537.36 (KHTML, like Gecko) Chrome/109.0.0.0 Mobile Safari/537.36" "www.metrocrimedaily.com"
172.58.122.193 - - [19/Jan/2023:23:28:42 -0800] "GET /styles-mcd.css HTTP/1.1" 200 1159 "http://www.metrocrimedaily.com/" "Mozilla/5.0 (Linux; Android 12; SM-G990U) AppleWebKit/537.36 (KHTML, like Gecko) Chrome/109.0.0.0 Mobile Safari/537.36" "www.metrocrimedaily.com"
172.58.122.193 - - [19/Jan/2023:23:28:42 -0800] "GET /images/crimeinthed-logo.jpg HTTP/1.1" 200 14960 "http://www.metrocrimedaily.com/" "Mozilla/5.0 (Linux; Android 12; SM-G990U) AppleWebKit/537.36 (KHTML, like Gecko) Chrome/109.0.0.0 Mobile Safari/537.36" "www.metrocrimedaily.com"
172.58.122.193 - - [19/Jan/2023:23:28:42 -0800] "GET /images/police-tape.jpg HTTP/1.1" 200 50766 "http://www.metrocrimedaily.com/" "Mozilla/5.0 (Linux; Android 12; SM-G990U) AppleWebKit/537.36 (KHTML, like Gecko) Chrome/109.0.0.0 Mobile Safari/537.36" "metrocrimedaily.com"
172.58.122.193 - - [19/Jan/2023:23:28:45 -0800] "GET /images/youtube-logo-tiny.png HTTP/1.1" 200 689 "http://www.metrocrimedaily.com/" "Mozilla/5.0 (Linux; Android 12; SM-G990U) AppleWebKit/537.36 (KHTML, like Gecko) Chrome/109.0.0.0 Mobile Safari/537.36" "www.metrocrimedaily.com"
172.58.122.193 - - [19/Jan/2023:23:28:45 -0800] "GET /images/facebook-logo-tiny.png HTTP/1.1" 200 1280 "http://www.metrocrimedaily.com/" "Mozilla/5.0 (Linux; Android 12; SM-G990U) AppleWebKit/537.36 (KHTML, like Gecko) Chrome/109.0.0.0 Mobile Safari/537.36" "www.metrocrimedaily.com"
172.58.122.193 - - [19/Jan/2023:23:28:45 -0800] "GET /images/twitter-logo-b-tiny.png HTTP/1.1" 200 1600 "http://www.metrocrimedaily.com/" "Mozilla/5.0 (Linux; Android 12; SM-G990U) AppleWebKit/537.36 (KHTML, like Gecko) Chrome/109.0.0.0 Mobile Safari/537.36" "www.metrocrimedaily.com"
172.58.122.193 - - [19/Jan/2023:23:28:49 -0800] "GET /favicon.ico HTTP/1.1" 404 88 "http://www.metrocrimedaily.com/" "Mozilla/5.0 (Linux; Android 12; SM-G990U) AppleWebKit/537.36 (KHTML, like Gecko) Chrome/109.0.0.0 Mobile Safari/537.36" "www.metrocrimedaily.com"
207.46.13.46 - - [19/Jan/2023:23:32:03 -0800] "GET /instagram-chicago/12-20-2022-0755471-German-court-convicts-97-year-old-ex-secretary-at.txt HTTP/1.1" 404 88 "-" "Mozilla/5.0 AppleWebKit/537.36 (KHTML, like Gecko; compatible; bingbot/2.0; +http://www.bing.com/bingbot.htm) Chrome/103.0.5060.134 Safari/537.36" "www.metrocrimedaily.com"
69.63.184.118 - - [19/Jan/2023:23:32:12 -0800] "GET /instagram-newyork/01-20-2023-0131531-A.jpg HTTP/1.1" 200 105585 "-" "facebookexternalhit/1.1 (+http://www.facebook.com/externalhit_uatext.php)" "www.metrocrimedaily.com"
109.70.148.39 - - [19/Jan/2023:23:37:10 -0800] "GET /wp-login.php HTTP/1.1" 404 88 "" "Mozilla/5.0 (Windows NT 10.0; Win64; x64; rv:108.0) Gecko/20100101 Firefox/108.0" "metrocrimedaily.com"
67.227.228.177 - - [19/Jan/2023:23:46:15 -0800] "GET /wp-login.php HTTP/1.1" 404 88 "" "Mozilla/5.0 (Windows NT 10.0; Win64; x64; rv:108.0) Gecko/20100101 Firefox/108.0" "metrocrimedaily.com"
69.63.184.1 - - [19/Jan/2023:23:49:33 -0800] "GET /instagram-atlanta/01-20-2023-0149101-A.jpg HTTP/1.1" 200 143428 "-" "facebookexternalhit/1.1 (+http://www.facebook.com/externalhit_uatext.php)" "www.metrocrimedaily.com"
69.63.184.2 - - [20/Jan/2023:00:11:25 -0800] "GET /instagram-losangeles/01-20-2023-0210471-A.jpg HTTP/1.1" 200 248266 "-" "facebookexternalhit/1.1 (+http://www.facebook.com/externalhit_uatext.php)" "www.metrocrimedaily.com"
51.222.253.19 - - [20/Jan/2023:00:17:30 -0800] "GET / HTTP/1.1" 200 128809 "-" "Mozilla/5.0 (compatible; AhrefsBot/7.0; +http://ahrefs.com/robot/)" "metrocrimedaily.com"
51.222.253.10 - - [20/Jan/2023:00:17:48 -0800] "GET /images/youtube-logo-tiny.png HTTP/1.1" 200 689 "-" "Mozilla/5.0 (compatible; AhrefsBot/7.0; +http://ahrefs.com/robot/)" "metrocrimedaily.com"
51.222.253.3 - - [20/Jan/2023:00:17:49 -0800] "GET /images/twitter-logo-b-tiny.png HTTP/1.1" 200 1600 "-" "Mozilla/5.0 (compatible; AhrefsBot/7.0; +http://ahrefs.com/robot/)" "metrocrimedaily.com"
51.222.253.3 - - [20/Jan/2023:00:17:49 -0800] "GET /images/facebook-logo-tiny.png HTTP/1.1" 200 1280 "-" "Mozilla/5.0 (compatible; AhrefsBot/7.0; +http://ahrefs.com/robot/)" "metrocrimedaily.com"
51.222.253.1 - - [20/Jan/2023:00:17:50 -0800] "GET /images/crimeinthed-logo.jpg HTTP/1.1" 200 14960 "-" "Mozilla/5.0 (compatible; AhrefsBot/7.0; +http://ahrefs.com/robot/)" "metrocrimedaily.com"
69.63.184.116 - - [20/Jan/2023:00:25:38 -0800] "GET /instagram-atlanta/01-20-2023-0225161-A.jpg HTTP/1.1" 404 88 "-" "facebookexternalhit/1.1 (+http://www.facebook.com/externalhit_uatext.php)" "www.metrocrimedaily.com"
69.63.184.3 - - [20/Jan/2023:00:26:45 -0800] "GET /instagram-stlouis/01-20-2023-0226271-A.jpg HTTP/1.1" 404 88 "-" "facebookexternalhit/1.1 (+http://www.facebook.com/externalhit_uatext.php)" "www.metrocrimedaily.com"
114.119.159.79 - - [20/Jan/2023:00:30:48 -0800] "GET /robots.txt HTTP/1.1" 404 88 "-" "Mozilla/5.0 (compatible;PetalBot;+https://webmaster.petalsearch.com/site/petalbot)" "www.metrocrimedaily.com"
51.222.253.18 - - [20/Jan/2023:00:34:43 -0800] "GET /instagram-detroit/post-later/?C=D;O=A HTTP/1.1" 200 5939 "-" "Mozilla/5.0 (compatible; AhrefsBot/7.0; +http://ahrefs.com/robot/)" "metrocrimedaily.com"
45.85.146.176 - - [20/Jan/2023:00:40:00 -0800] "GET /wp-login.php HTTP/1.1" 404 88 "" "Mozilla/5.0 (Windows NT 10.0; Win64; x64; rv:108.0) Gecko/20100101 Firefox/108.0" "metrocrimedaily.com"
69.63.184.1 - - [20/Jan/2023:00:41:58 -0800] "GET /instagram-losangeles/01-20-2023-0210472-A.jpg HTTP/1.1" 404 88 "-" "facebookexternalhit/1.1 (+http://www.facebook.com/externalhit_uatext.php)" "www.metrocrimedaily.com"
188.127.241.204 - - [20/Jan/2023:00:43:14 -0800] "GET /wp-login.php HTTP/1.1" 404 88 "" "Mozilla/5.0 (Windows NT 10.0; Win64; x64; rv:108.0) Gecko/20100101 Firefox/108.0" "metrocrimedaily.com"
157.55.39.84 - - [20/Jan/2023:00:49:02 -0800] "GET /robots.txt HTTP/1.1" 404 88 "-" "Mozilla/5.0 (compatible; bingbot/2.0; +http://www.bing.com/bingbot.htm)" "www.metrocrimedaily.com"
157.55.39.84 - - [20/Jan/2023:00:49:02 -0800] "GET /robots.txt HTTP/1.1" 404 88 "-" "Mozilla/5.0 (compatible; bingbot/2.0; +http://www.bing.com/bingbot.htm)" "www.metrocrimedaily.com"
207.46.13.46 - - [20/Jan/2023:00:49:10 -0800] "GET / HTTP/1.1" 200 128809 "-" "Mozilla/5.0 AppleWebKit/537.36 (KHTML, like Gecko; compatible; bingbot/2.0; +http://www.bing.com/bingbot.htm) Chrome/103.0.5060.134 Safari/537.36" "www.metrocrimedaily.com"
157.55.39.152 - - [20/Jan/2023:00:51:28 -0800] "GET /instagram-dallas/12-22-2022-0723241-Missing-man-last-seen-in-Denison-Wednesday-evenin.txt HTTP/1.1" 404 88 "-" "Mozilla/5.0 AppleWebKit/537.36 (KHTML, like Gecko; compatible; bingbot/2.0; +http://www.bing.com/bingbot.htm) Chrome/103.0.5060.134 Safari/537.36" "www.metrocrimedaily.com"
51.222.253.5 - - [20/Jan/2023:00:52:17 -0800] "GET /instagram-detroit/post-later/?C=M;O=A HTTP/1.1" 200 5936 "-" "Mozilla/5.0 (compatible; AhrefsBot/7.0; +http://ahrefs.com/robot/)" "metrocrimedaily.com"
207.46.13.46 - - [20/Jan/2023:00:59:02 -0800] "GET / HTTP/1.1" 200 128809 "-" "Mozilla/5.0 AppleWebKit/537.36 (KHTML, like Gecko; compatible; bingbot/2.0; +http://www.bing.com/bingbot.htm) Chrome/103.0.5060.134 Safari/537.36" "www.metrocrimedaily.com"
66.249.70.122 - - [20/Jan/2023:01:04:22 -0800] "GET /=.%20=.%20= HTTP/1.1" 404 88 "-" "Mozilla/5.0 (Linux; Android 6.0.1; Nexus 5X Build/MMB29P) AppleWebKit/537.36 (KHTML, like Gecko) Chrome/109.0.5414.74 Mobile Safari/537.36 (compatible; Googlebot/2.1; +http://www.google.com/bot.html)" "www.metrocrimedaily.com"
51.222.253.10 - - [20/Jan/2023:01:11:25 -0800] "GET /instagram-dallas/?C=D;O=A HTTP/1.1" 200 10618 "-" "Mozilla/5.0 (compatible; AhrefsBot/7.0; +http://ahrefs.com/robot/)" "metrocrimedaily.com"
69.63.184.5 - - [20/Jan/2023:01:20:42 -0800] "GET /instagram-houston/01-20-2023-0320231-A.jpg HTTP/1.1" 404 88 "-" "facebookexternalhit/1.1 (+http://www.facebook.com/externalhit_uatext.php)" "www.metrocrimedaily.com"
66.249.70.137 - - [20/Jan/2023:01:25:13 -0800] "GET /robots.txt HTTP/1.1" 404 88 "-" "Mozilla/5.0 (compatible; Googlebot/2.1; +http://www.google.com/bot.html)" "metrocrimedaily.com"
51.222.253.6 - - [20/Jan/2023:01:30:30 -0800] "GET /instagram-detroit/post-later/?C=S;O=A HTTP/1.1" 200 6139 "-" "Mozilla/5.0 (compatible; AhrefsBot/7.0; +http://ahrefs.com/robot/)" "metrocrimedaily.com"
69.63.184.5 - - [20/Jan/2023:01:41:24 -0800] "GET /instagram-atlanta/01-20-2023-0341011-A.jpg HTTP/1.1" 404 88 "-" "facebookexternalhit/1.1 (+http://www.facebook.com/externalhit_uatext.php)" "www.metrocrimedaily.com"
69.63.184.116 - - [20/Jan/2023:01:41:48 -0800] "GET /instagram-atlanta/01-20-2023-0341012-A.jpg HTTP/1.1" 404 88 "-" "facebookexternalhit/1.1 (+http://www.facebook.com/externalhit_uatext.php)" "www.metrocrimedaily.com"
51.222.253.16 - - [20/Jan/2023:01:49:48 -0800] "GET /instagram-dallas/post-later/ HTTP/1.1" 200 5327 "-" "Mozilla/5.0 (compatible; AhrefsBot/7.0; +http://ahrefs.com/robot/)" "metrocrimedaily.com"
51.222.253.11 - - [20/Jan/2023:01:58:41 -0800] "GET /instagram-dallas/?C=N;O=A HTTP/1.1" 200 10618 "-" "Mozilla/5.0 (compatible; AhrefsBot/7.0; +http://ahrefs.com/robot/)" "metrocrimedaily.com"
51.222.253.1 - - [20/Jan/2023:02:00:47 -0800] "GET /instagram-chicago/?C=N;O=D HTTP/1.1" 200 7985 "-" "Mozilla/5.0 (compatible; AhrefsBot/7.0; +http://ahrefs.com/robot/)" "metrocrimedaily.com"
51.222.253.4 - - [20/Jan/2023:02:02:51 -0800] "GET /instagram-dallas/post-later/?C=N;O=D HTTP/1.1" 200 5390 "-" "Mozilla/5.0 (compatible; AhrefsBot/7.0; +http://ahrefs.com/robot/)" "metrocrimedaily.com"
51.222.253.5 - - [20/Jan/2023:02:04:48 -0800] "GET /instagram-detroit/post-later/01-12-2023-16335811-Michigan-football-s-Mazi-Smith-gets-12-months-pro.txt HTTP/1.1" 200 1072 "-" "Mozilla/5.0 (compatible; AhrefsBot/7.0; +http://ahrefs.com/robot/)" "metrocrimedaily.com"
207.46.13.109 - - [20/Jan/2023:02:04:49 -0800] "GET /instagram-dallas/12-20-2022-2319081-What-s-next-for-Aaron-Dean-after-conviction-and-s.txt HTTP/1.1" 404 88 "-" "Mozilla/5.0 AppleWebKit/537.36 (KHTML, like Gecko; compatible; bingbot/2.0; +http://www.bing.com/bingbot.htm) Chrome/103.0.5060.134 Safari/537.36" "www.metrocrimedaily.com"
51.222.253.15 - - [20/Jan/2023:02:06:43 -0800] "GET /instagram-detroit/post-later/01-12-2023-2017513-Man-pleads-for-safe-return-of-emotional-support-d.txt HTTP/1.1" 200 1131 "-" "Mozilla/5.0 (compatible; AhrefsBot/7.0; +http://ahrefs.com/robot/)" "metrocrimedaily.com"
