76.184.252.42 - - [20/Jan/2023:08:39:55 -0800] "GET /post-mcd-stories.html HTTP/1.1" 200 6538 "http://www.metrocrimedaily.com/?C=N;O=A" "Mozilla/5.0 (Windows NT 10.0; Win64; x64) AppleWebKit/537.36 (KHTML, like Gecko) Chrome/108.0.0.0 Safari/537.36 Edg/108.0.1462.76" "www.metrocrimedaily.com"
76.184.252.42 - - [20/Jan/2023:08:39:55 -0800] "GET /main-menu.html HTTP/1.1" 200 897 "http://www.metrocrimedaily.com/?C=N;O=A" "Mozilla/5.0 (Windows NT 10.0; Win64; x64) AppleWebKit/537.36 (KHTML, like Gecko) Chrome/108.0.0.0 Safari/537.36 Edg/108.0.1462.76" "www.metrocrimedaily.com"
76.184.252.42 - - [20/Jan/2023:08:39:55 -0800] "GET /styles.css HTTP/1.1" 404 88 "http://www.metrocrimedaily.com/social-media-menu.html" "Mozilla/5.0 (Windows NT 10.0; Win64; x64) AppleWebKit/537.36 (KHTML, like Gecko) Chrome/108.0.0.0 Safari/537.36 Edg/108.0.1462.76" "www.metrocrimedaily.com"
76.184.252.42 - - [20/Jan/2023:08:39:55 -0800] "GET /styles-links.css HTTP/1.1" 200 369 "http://www.metrocrimedaily.com/social-media-menu.html" "Mozilla/5.0 (Windows NT 10.0; Win64; x64) AppleWebKit/537.36 (KHTML, like Gecko) Chrome/108.0.0.0 Safari/537.36 Edg/108.0.1462.76" "www.metrocrimedaily.com"
35.245.188.175 - - [20/Jan/2023:08:39:55 -0800] "GET / HTTP/1.1" 200 1250 "-" "Mozilla/5.0 (Windows NT 6.1; WOW64; Trident/7.0; rv:11.0) like Gecko" "www.metrocrimedaily.com"
76.184.252.42 - - [20/Jan/2023:08:40:24 -0800] "GET /?C=N;O=A HTTP/1.1" 304 - "-" "Mozilla/5.0 (Windows NT 10.0; Win64; x64) AppleWebKit/537.36 (KHTML, like Gecko) Chrome/108.0.0.0 Safari/537.36 Edg/108.0.1462.76" "www.metrocrimedaily.com"
76.184.252.42 - - [20/Jan/2023:08:40:24 -0800] "GET /styles.css HTTP/1.1" 404 88 "http://www.metrocrimedaily.com/social-media-menu.html" "Mozilla/5.0 (Windows NT 10.0; Win64; x64) AppleWebKit/537.36 (KHTML, like Gecko) Chrome/108.0.0.0 Safari/537.36 Edg/108.0.1462.76" "www.metrocrimedaily.com"
69.63.184.1 - - [20/Jan/2023:08:40:34 -0800] "GET /instagram-stlouis/01-20-2023-1040131-A.jpg HTTP/1.1" 200 67304 "-" "facebookexternalhit/1.1 (+http://www.facebook.com/externalhit_uatext.php)" "www.metrocrimedaily.com"
69.63.184.118 - - [20/Jan/2023:08:41:03 -0800] "GET /instagram-losangeles/01-20-2023-1040421-A.jpg HTTP/1.1" 200 441958 "-" "facebookexternalhit/1.1 (+http://www.facebook.com/externalhit_uatext.php)" "www.metrocrimedaily.com"
51.222.253.7 - - [20/Jan/2023:08:41:24 -0800] "GET /instagram-dallas/post-later/01-19-2023-1438403-Supreme-Court-Probe-Fails-to-Find-Who-Leaked-Abor.txt HTTP/1.1" 200 945 "-" "Mozilla/5.0 (compatible; AhrefsBot/7.0; +http://ahrefs.com/robot/)" "metrocrimedaily.com"
69.63.184.120 - - [20/Jan/2023:08:44:34 -0800] "GET /instagram-atlanta/01-20-2023-1044111-A.jpg HTTP/1.1" 200 99437 "-" "facebookexternalhit/1.1 (+http://www.facebook.com/externalhit_uatext.php)" "www.metrocrimedaily.com"
51.222.253.10 - - [20/Jan/2023:08:44:37 -0800] "GET /instagram-dallas/post-later/01-19-2023-1438405-Dallas-City-Attorney-Chris-Caso-Calls-it-Quits-a-.txt HTTP/1.1" 200 344 "-" "Mozilla/5.0 (compatible; AhrefsBot/7.0; +http://ahrefs.com/robot/)" "metrocrimedaily.com"
51.222.253.4 - - [20/Jan/2023:08:46:43 -0800] "GET /instagram-dallas/post-later/01-19-2023-1438406-Supreme-Court-Probe-Fails-to-Identify-Person-Who-.txt HTTP/1.1" 200 1127 "-" "Mozilla/5.0 (compatible; AhrefsBot/7.0; +http://ahrefs.com/robot/)" "metrocrimedaily.com"
172.58.123.99 - - [20/Jan/2023:08:47:07 -0800] "GET / HTTP/1.1" 200 719 "-" "Mozilla/5.0 (Linux; Android 10; 9032Z) AppleWebKit/537.36 (KHTML, like Gecko) Chrome/109.0.0.0 Mobile Safari/537.36" "www.metrocrimedaily.com"
172.58.123.99 - - [20/Jan/2023:08:47:07 -0800] "GET /styles-mcd.css HTTP/1.1" 200 1159 "-" "Mozilla/5.0 (Linux; Android 10; 9032Z) AppleWebKit/537.36 (KHTML, like Gecko) Chrome/109.0.0.0 Mobile Safari/537.36" "www.metrocrimedaily.com"
172.58.123.99 - - [20/Jan/2023:08:47:07 -0800] "GET /social-media-menu.html HTTP/1.1" 200 554 "http://www.metrocrimedaily.com/" "Mozilla/5.0 (Linux; Android 10; 9032Z) AppleWebKit/537.36 (KHTML, like Gecko) Chrome/109.0.0.0 Mobile Safari/537.36" "www.metrocrimedaily.com"
172.58.123.99 - - [20/Jan/2023:08:47:07 -0800] "GET /post-mcd-stories.html HTTP/1.1" 200 6538 "http://www.metrocrimedaily.com/" "Mozilla/5.0 (Linux; Android 10; 9032Z) AppleWebKit/537.36 (KHTML, like Gecko) Chrome/109.0.0.0 Mobile Safari/537.36" "www.metrocrimedaily.com"
172.58.123.99 - - [20/Jan/2023:08:47:08 -0800] "GET /main-menu.html HTTP/1.1" 200 897 "http://www.metrocrimedaily.com/" "Mozilla/5.0 (Linux; Android 10; 9032Z) AppleWebKit/537.36 (KHTML, like Gecko) Chrome/109.0.0.0 Mobile Safari/537.36" "www.metrocrimedaily.com"
172.58.123.99 - - [20/Jan/2023:08:47:08 -0800] "GET /styles.css HTTP/1.1" 404 88 "http://www.metrocrimedaily.com/social-media-menu.html" "Mozilla/5.0 (Linux; Android 10; 9032Z) AppleWebKit/537.36 (KHTML, like Gecko) Chrome/109.0.0.0 Mobile Safari/537.36" "www.metrocrimedaily.com"
172.58.123.99 - - [20/Jan/2023:08:47:08 -0800] "GET /styles-links.css HTTP/1.1" 200 369 "http://www.metrocrimedaily.com/social-media-menu.html" "Mozilla/5.0 (Linux; Android 10; 9032Z) AppleWebKit/537.36 (KHTML, like Gecko) Chrome/109.0.0.0 Mobile Safari/537.36" "www.metrocrimedaily.com"
172.58.123.99 - - [20/Jan/2023:08:47:08 -0800] "GET /images/facebook-logo-tiny.png HTTP/1.1" 200 1280 "http://www.metrocrimedaily.com/social-media-menu.html" "Mozilla/5.0 (Linux; Android 10; 9032Z) AppleWebKit/537.36 (KHTML, like Gecko) Chrome/109.0.0.0 Mobile Safari/537.36" "www.metrocrimedaily.com"
172.58.123.99 - - [20/Jan/2023:08:47:08 -0800] "GET /images/twitter-logo-b-tiny.png HTTP/1.1" 200 1600 "http://www.metrocrimedaily.com/social-media-menu.html" "Mozilla/5.0 (Linux; Android 10; 9032Z) AppleWebKit/537.36 (KHTML, like Gecko) Chrome/109.0.0.0 Mobile Safari/537.36" "www.metrocrimedaily.com"
172.58.123.99 - - [20/Jan/2023:08:47:08 -0800] "GET /images/youtube-logo-tiny.png HTTP/1.1" 200 689 "http://www.metrocrimedaily.com/social-media-menu.html" "Mozilla/5.0 (Linux; Android 10; 9032Z) AppleWebKit/537.36 (KHTML, like Gecko) Chrome/109.0.0.0 Mobile Safari/537.36" "www.metrocrimedaily.com"
172.58.123.99 - - [20/Jan/2023:08:47:08 -0800] "GET /images/police-tape.jpg HTTP/1.1" 200 50766 "http://www.metrocrimedaily.com/" "Mozilla/5.0 (Linux; Android 10; 9032Z) AppleWebKit/537.36 (KHTML, like Gecko) Chrome/109.0.0.0 Mobile Safari/537.36" "metrocrimedaily.com"
172.58.123.99 - - [20/Jan/2023:08:47:08 -0800] "GET /images/crimeinthed-logo.jpg HTTP/1.1" 200 14960 "http://www.metrocrimedaily.com/main-menu.html" "Mozilla/5.0 (Linux; Android 10; 9032Z) AppleWebKit/537.36 (KHTML, like Gecko) Chrome/109.0.0.0 Mobile Safari/537.36" "www.metrocrimedaily.com"
172.58.123.99 - - [20/Jan/2023:08:47:19 -0800] "GET /favicon.ico HTTP/1.1" 404 88 "http://www.metrocrimedaily.com/" "Mozilla/5.0 (Linux; Android 10; 9032Z) AppleWebKit/537.36 (KHTML, like Gecko) Chrome/109.0.0.0 Mobile Safari/537.36" "www.metrocrimedaily.com"
51.222.253.11 - - [20/Jan/2023:08:49:04 -0800] "GET /instagram-dallas/post-later/01-19-2023-1438407-McKinney-man-accused-of-killing-8-year-old-son-ha.txt HTTP/1.1" 200 189 "-" "Mozilla/5.0 (compatible; AhrefsBot/7.0; +http://ahrefs.com/robot/)" "metrocrimedaily.com"
69.63.184.6 - - [20/Jan/2023:08:49:15 -0800] "GET /instagram-memphis/01-20-2023-1048551-A.jpg HTTP/1.1" 200 202242 "-" "facebookexternalhit/1.1 (+http://www.facebook.com/externalhit_uatext.php)" "www.metrocrimedaily.com"
51.222.253.5 - - [20/Jan/2023:08:51:26 -0800] "GET /instagram-dallas/post-later/01-19-2023-1815151-16-year-old-found-dead-in-creek-with-multiple-gun.txt HTTP/1.1" 200 49 "-" "Mozilla/5.0 (compatible; AhrefsBot/7.0; +http://ahrefs.com/robot/)" "metrocrimedaily.com"
114.119.160.84 - - [20/Jan/2023:08:53:49 -0800] "GET /robots.txt HTTP/1.1" 404 88 "-" "Mozilla/5.0 (compatible;PetalBot;+https://webmaster.petalsearch.com/site/petalbot)" "metrocrimedaily.com"
51.222.253.13 - - [20/Jan/2023:08:53:50 -0800] "GET /instagram-dallas/post-later/01-19-2023-1815152-Kayla-Kelley-latest--Authorities-believe-man-susp.txt HTTP/1.1" 200 190 "-" "Mozilla/5.0 (compatible; AhrefsBot/7.0; +http://ahrefs.com/robot/)" "metrocrimedaily.com"
69.63.184.116 - - [20/Jan/2023:08:54:07 -0800] "GET /instagram-chicago/01-20-2023-1053421-A.jpg HTTP/1.1" 200 252307 "-" "facebookexternalhit/1.1 (+http://www.facebook.com/externalhit_uatext.php)" "www.metrocrimedaily.com"
51.222.253.6 - - [20/Jan/2023:08:56:02 -0800] "GET /instagram-dallas/post-later/01-19-2023-1815153-Dallas-police-make-23-arrests-in-prostitution-sti.txt HTTP/1.1" 200 1053 "-" "Mozilla/5.0 (compatible; AhrefsBot/7.0; +http://ahrefs.com/robot/)" "metrocrimedaily.com"
51.222.253.17 - - [20/Jan/2023:08:58:18 -0800] "GET /instagram-dallas/post-later/01-19-2023-2336402-Dallas-Community-Comes-Together-to-Honor-11-Year-.txt HTTP/1.1" 200 94 "-" "Mozilla/5.0 (compatible; AhrefsBot/7.0; +http://ahrefs.com/robot/)" "metrocrimedaily.com"
81.177.165.24 - - [20/Jan/2023:09:00:14 -0800] "GET /wp-login.php HTTP/1.1" 404 88 "" "Mozilla/5.0 (Windows NT 10.0; Win64; x64; rv:108.0) Gecko/20100101 Firefox/108.0" "metrocrimedaily.com"
51.222.253.16 - - [20/Jan/2023:09:00:27 -0800] "GET /robots.txt HTTP/1.1" 404 88 "-" "Mozilla/5.0 (compatible; AhrefsBot/7.0; +http://ahrefs.com/robot/)" "metrocrimedaily.com"
51.222.253.10 - - [20/Jan/2023:09:00:28 -0800] "GET / HTTP/1.1" 200 719 "-" "Mozilla/5.0 (compatible; AhrefsBot/7.0; +http://ahrefs.com/robot/)" "metrocrimedaily.com"
51.222.253.13 - - [20/Jan/2023:09:02:14 -0800] "GET /instagram-detroit/post-later/ HTTP/1.1" 200 5939 "-" "Mozilla/5.0 (compatible; AhrefsBot/7.0; +http://ahrefs.com/robot/)" "metrocrimedaily.com"
51.222.253.18 - - [20/Jan/2023:09:04:11 -0800] "GET /instagram-dallas/post-later/01-18-2023-1419307-Have-we-seen-the-last-of-Tom-Brady-in-the-NFL--.txt HTTP/1.1" 200 1088 "-" "Mozilla/5.0 (compatible; AhrefsBot/7.0; +http://ahrefs.com/robot/)" "metrocrimedaily.com"
51.222.253.18 - - [20/Jan/2023:09:05:58 -0800] "GET /instagram-dallas/post-later/01-19-2023-1438404-Dallas-city-attorney-announces-retirement-plans-.txt HTTP/1.1" 200 614 "-" "Mozilla/5.0 (compatible; AhrefsBot/7.0; +http://ahrefs.com/robot/)" "metrocrimedaily.com"
51.222.253.18 - - [20/Jan/2023:09:07:37 -0800] "GET /instagram-dallas/post-later/01-19-2023-1704203-Boeing-Ordered-to-Be-Arraigned-on-Felony-Charges-.txt HTTP/1.1" 200 1120 "-" "Mozilla/5.0 (compatible; AhrefsBot/7.0; +http://ahrefs.com/robot/)" "metrocrimedaily.com"
69.63.184.118 - - [20/Jan/2023:09:07:43 -0800] "GET /instagram-houston/01-20-2023-1107231-A.jpg HTTP/1.1" 200 131327 "-" "facebookexternalhit/1.1 (+http://www.facebook.com/externalhit_uatext.php)" "www.metrocrimedaily.com"
51.222.253.2 - - [20/Jan/2023:09:09:29 -0800] "GET /instagram-dallas/post-later/01-20-2023-0026091-Polar-Bear-Camouflaged-in-Snowstorm-Before-It-Mau.txt HTTP/1.1" 200 1167 "-" "Mozilla/5.0 (compatible; AhrefsBot/7.0; +http://ahrefs.com/robot/)" "metrocrimedaily.com"
51.222.253.14 - - [20/Jan/2023:09:11:18 -0800] "GET /instagram-dallas/01-13-2023-0605391-Fort-Worth-police-release-shooting-video--What-it.txt HTTP/1.1" 200 49 "-" "Mozilla/5.0 (compatible; AhrefsBot/7.0; +http://ahrefs.com/robot/)" "metrocrimedaily.com"
51.222.253.16 - - [20/Jan/2023:09:13:16 -0800] "GET /instagram-dallas/01-13-2023-1331082-Dallas-Zoo--Clouded-leopard-missing--believed-to-.txt HTTP/1.1" 200 49 "-" "Mozilla/5.0 (compatible; AhrefsBot/7.0; +http://ahrefs.com/robot/)" "metrocrimedaily.com"
51.222.253.19 - - [20/Jan/2023:09:15:18 -0800] "GET /instagram-dallas/01-13-2023-1331085-Here-are-notable-times-animals-have-escaped-Dalla.txt HTTP/1.1" 200 1031 "-" "Mozilla/5.0 (compatible; AhrefsBot/7.0; +http://ahrefs.com/robot/)" "metrocrimedaily.com"
51.222.253.13 - - [20/Jan/2023:09:17:13 -0800] "GET /instagram-dallas/01-13-2023-1542541-Judge-Lets-Writer-s-Rape-Claim-Proceed-Against-Do.txt HTTP/1.1" 200 1108 "-" "Mozilla/5.0 (compatible; AhrefsBot/7.0; +http://ahrefs.com/robot/)" "metrocrimedaily.com"
51.222.253.11 - - [20/Jan/2023:09:18:59 -0800] "GET /instagram-dallas/01-13-2023-1542542-Actor-Ezra-Miller-Gets-Fine--Probation-After-Home.txt HTTP/1.1" 200 1130 "-" "Mozilla/5.0 (compatible; AhrefsBot/7.0; +http://ahrefs.com/robot/)" "metrocrimedaily.com"
51.222.253.2 - - [20/Jan/2023:09:20:53 -0800] "GET /instagram-dallas/01-13-2023-1542544-Rescuers-Seek-Survivors-After-Storms-Kill-9-Acros.txt HTTP/1.1" 200 1144 "-" "Mozilla/5.0 (compatible; AhrefsBot/7.0; +http://ahrefs.com/robot/)" "metrocrimedaily.com"
69.63.184.1 - - [20/Jan/2023:09:21:33 -0800] "GET /instagram-detroit/01-20-2023-1120371-A.jpg HTTP/1.1" 200 100330 "-" "facebookexternalhit/1.1 (+http://www.facebook.com/externalhit_uatext.php)" "www.metrocrimedaily.com"
69.63.184.116 - - [20/Jan/2023:09:22:13 -0800] "GET /instagram-dallas/01-20-2023-1121481-A.jpg HTTP/1.1" 200 173703 "-" "facebookexternalhit/1.1 (+http://www.facebook.com/externalhit_uatext.php)" "www.metrocrimedaily.com"
51.222.253.17 - - [20/Jan/2023:09:22:47 -0800] "GET /instagram-dallas/01-13-2023-1542545-WANTED--Fort-Worth-PD-Searching-for-Teen-Accused-.txt HTTP/1.1" 200 1030 "-" "Mozilla/5.0 (compatible; AhrefsBot/7.0; +http://ahrefs.com/robot/)" "metrocrimedaily.com"
51.222.253.3 - - [20/Jan/2023:09:24:36 -0800] "GET /instagram-dallas/01-13-2023-1542546-Robbie-Knievel--Daredevil-Son-of-Evel-Knievel--Di.txt HTTP/1.1" 200 1147 "-" "Mozilla/5.0 (compatible; AhrefsBot/7.0; +http://ahrefs.com/robot/)" "metrocrimedaily.com"
51.222.253.8 - - [20/Jan/2023:09:26:20 -0800] "GET /instagram-dallas/01-13-2023-2042481-Robbie-Knievel--son-of-daredevil-Evel-Knievel--di.txt HTTP/1.1" 200 1177 "-" "Mozilla/5.0 (compatible; AhrefsBot/7.0; +http://ahrefs.com/robot/)" "metrocrimedaily.com"
51.222.253.10 - - [20/Jan/2023:09:28:15 -0800] "GET /instagram-dallas/01-14-2023-0917112-Dallas-police-investigating-I-35-highway-shooting.txt HTTP/1.1" 200 49 "-" "Mozilla/5.0 (compatible; AhrefsBot/7.0; +http://ahrefs.com/robot/)" "metrocrimedaily.com"
51.222.253.14 - - [20/Jan/2023:09:30:02 -0800] "GET /instagram-dallas/01-14-2023-1508082--Jiggle-the-can-opener---Twitter-had-a-day-with-t.txt HTTP/1.1" 200 184 "-" "Mozilla/5.0 (compatible; AhrefsBot/7.0; +http://ahrefs.com/robot/)" "metrocrimedaily.com"
213.238.180.143 - - [20/Jan/2023:09:31:36 -0800] "GET /wp-login.php HTTP/1.1" 404 88 "" "Mozilla/5.0 (Windows NT 10.0; Win64; x64; rv:108.0) Gecko/20100101 Firefox/108.0" "metrocrimedaily.com"
51.222.253.16 - - [20/Jan/2023:09:32:04 -0800] "GET /instagram-dallas/01-14-2023-1614021-Fort-Worth-men-accused-of-smuggling-illegal-immig.txt HTTP/1.1" 200 589 "-" "Mozilla/5.0 (compatible; AhrefsBot/7.0; +http://ahrefs.com/robot/)" "metrocrimedaily.com"
98.214.152.23 - - [20/Jan/2023:09:34:08 -0800] "GET /01/license.txt HTTP/1.1" 404 88 "-" "Mozilla/5.0 (X11; Ubuntu; Linux x86_64; rv:62.0) Gecko/20100101 Firefox/62.0" "metrocrimedaily.com"
51.222.253.2 - - [20/Jan/2023:09:34:34 -0800] "GET /instagram-dallas/01-14-2023-1709501-Cloud-Shot-Up-in-Front-of-Hawaiian-Airlines-Plane.txt HTTP/1.1" 200 1088 "-" "Mozilla/5.0 (compatible; AhrefsBot/7.0; +http://ahrefs.com/robot/)" "metrocrimedaily.com"
162.198.121.227 - - [20/Jan/2023:09:36:36 -0800] "GET / HTTP/1.1" 200 719 "-" "Mozilla/5.0 (iPhone; CPU iPhone OS 16_2 like Mac OS X) AppleWebKit/605.1.15 (KHTML, like Gecko) Version/16.2 Mobile/15E148 Safari/604.1" "www.metrocrimedaily.com"
162.198.121.227 - - [20/Jan/2023:09:36:36 -0800] "GET /styles-mcd.css HTTP/1.1" 200 1159 "http://www.metrocrimedaily.com/" "Mozilla/5.0 (iPhone; CPU iPhone OS 16_2 like Mac OS X) AppleWebKit/605.1.15 (KHTML, like Gecko) Version/16.2 Mobile/15E148 Safari/604.1" "www.metrocrimedaily.com"
51.222.253.17 - - [20/Jan/2023:09:36:43 -0800] "GET /instagram-dallas/01-14-2023-1819161-Rowlett-police-investigating-shooting-at-Twin-Sta.txt HTTP/1.1" 200 433 "-" "Mozilla/5.0 (compatible; AhrefsBot/7.0; +http://ahrefs.com/robot/)" "metrocrimedaily.com"
51.222.253.15 - - [20/Jan/2023:09:38:41 -0800] "GET /instagram-dallas/01-14-2023-1819162-Police-investigating-suspicious-death-at-Denton-h.txt HTTP/1.1" 200 387 "-" "Mozilla/5.0 (compatible; AhrefsBot/7.0; +http://ahrefs.com/robot/)" "metrocrimedaily.com"
51.222.253.1 - - [20/Jan/2023:09:40:24 -0800] "GET /instagram-dallas/01-14-2023-2024284-Fort-Worth-Police-Arrest-Suspect-in-Connection-wi.txt HTTP/1.1" 200 1114 "-" "Mozilla/5.0 (compatible; AhrefsBot/7.0; +http://ahrefs.com/robot/)" "metrocrimedaily.com"
51.222.253.7 - - [20/Jan/2023:09:42:24 -0800] "GET /instagram-dallas/01-14-2023-2308361-Dallas-police-say-another-cut-in-fencing-at-Dalla.txt HTTP/1.1" 200 178 "-" "Mozilla/5.0 (compatible; AhrefsBot/7.0; +http://ahrefs.com/robot/)" "metrocrimedaily.com"
51.222.253.9 - - [20/Jan/2023:09:44:13 -0800] "GET /instagram-dallas/01-15-2023-0946131-Off-duty-Fort-Worth-detective-arrested--accused-o.txt HTTP/1.1" 200 49 "-" "Mozilla/5.0 (compatible; AhrefsBot/7.0; +http://ahrefs.com/robot/)" "metrocrimedaily.com"
51.222.253.19 - - [20/Jan/2023:09:46:09 -0800] "GET /instagram-dallas/01-15-2023-1518071----A-Treasure-of-Humanity---102-Year-Old-Nazi-Pro.txt HTTP/1.1" 200 750 "-" "Mozilla/5.0 (compatible; AhrefsBot/7.0; +http://ahrefs.com/robot/)" "metrocrimedaily.com"
69.63.184.120 - - [20/Jan/2023:09:46:56 -0800] "GET /instagram-losangeles/01-20-2023-1146351-A.jpg HTTP/1.1" 200 169274 "-" "facebookexternalhit/1.1 (+http://www.facebook.com/externalhit_uatext.php)" "www.metrocrimedaily.com"
51.222.253.2 - - [20/Jan/2023:09:47:57 -0800] "GET /instagram-dallas/01-15-2023-1844152-Young-boy-fatally-shot-at-Dallas-apartment-comple.txt HTTP/1.1" 200 49 "-" "Mozilla/5.0 (compatible; AhrefsBot/7.0; +http://ahrefs.com/robot/)" "metrocrimedaily.com"
51.222.253.5 - - [20/Jan/2023:09:49:49 -0800] "GET /instagram-dallas/01-15-2023-2032192-Dallas-Police--Underage-Girl-Shoots--Kills-Young-.txt HTTP/1.1" 200 552 "-" "Mozilla/5.0 (compatible; AhrefsBot/7.0; +http://ahrefs.com/robot/)" "metrocrimedaily.com"
69.63.184.4 - - [20/Jan/2023:09:49:57 -0800] "GET /instagram-stlouis/01-20-2023-1149351-A.jpg HTTP/1.1" 200 463975 "-" "facebookexternalhit/1.1 (+http://www.facebook.com/externalhit_uatext.php)" "www.metrocrimedaily.com"
51.222.253.11 - - [20/Jan/2023:09:51:28 -0800] "GET /instagram-dallas/01-15-2023-2032193-Authorities-seek-information-on-missing-woman-in-.txt HTTP/1.1" 200 530 "-" "Mozilla/5.0 (compatible; AhrefsBot/7.0; +http://ahrefs.com/robot/)" "metrocrimedaily.com"
69.63.184.116 - - [20/Jan/2023:09:52:07 -0800] "GET /instagram-detroit/01-20-2023-1120372-A.jpg HTTP/1.1" 200 126245 "-" "facebookexternalhit/1.1 (+http://www.facebook.com/externalhit_uatext.php)" "www.metrocrimedaily.com"
51.222.253.9 - - [20/Jan/2023:09:53:21 -0800] "GET /instagram-dallas/01-15-2023-2032194-Fort-Worth-police-credit-the-public-with-helping-.txt HTTP/1.1" 200 1053 "-" "Mozilla/5.0 (compatible; AhrefsBot/7.0; +http://ahrefs.com/robot/)" "metrocrimedaily.com"
157.230.178.254 - - [20/Jan/2023:09:54:38 -0800] "GET /wp-login.php HTTP/1.1" 404 88 "" "Mozilla/5.0 (Windows NT 10.0; Win64; x64; rv:108.0) Gecko/20100101 Firefox/108.0" "metrocrimedaily.com"
51.222.253.8 - - [20/Jan/2023:09:55:26 -0800] "GET /instagram-dallas/01-15-2023-2032195-Girl-fatally-shoots-boy-at-Dallas-apartment-compl.txt HTTP/1.1" 200 707 "-" "Mozilla/5.0 (compatible; AhrefsBot/7.0; +http://ahrefs.com/robot/)" "metrocrimedaily.com"
51.222.253.18 - - [20/Jan/2023:09:57:31 -0800] "GET /instagram-dallas/01-15-2023-2222501-Alabama-Basketball-Player-Darius-Miles-Charged-Wi.txt HTTP/1.1" 200 1107 "-" "Mozilla/5.0 (compatible; AhrefsBot/7.0; +http://ahrefs.com/robot/)" "metrocrimedaily.com"
157.55.39.5 - - [20/Jan/2023:09:58:27 -0800] "GET /instagram-dallas/12-21-2022-2050362-This-Hollywood-Icon-Inspired-Margot-Robbie-s-Red-.txt HTTP/1.1" 404 88 "-" "Mozilla/5.0 AppleWebKit/537.36 (KHTML, like Gecko; compatible; bingbot/2.0; +http://www.bing.com/bingbot.htm) Chrome/103.0.5060.134 Safari/537.36" "www.metrocrimedaily.com"
51.222.253.13 - - [20/Jan/2023:09:59:29 -0800] "GET /instagram-dallas/01-15-2023-2316312-Teenager-arrested-in-connection-to-fatal-shooting.txt HTTP/1.1" 200 49 "-" "Mozilla/5.0 (compatible; AhrefsBot/7.0; +http://ahrefs.com/robot/)" "metrocrimedaily.com"
51.222.253.2 - - [20/Jan/2023:10:01:21 -0800] "GET /instagram-dallas/01-16-2023-0334311-FAA-Releases-Recording-of-Dallas-Air-Show-Plane-C.txt HTTP/1.1" 200 94 "-" "Mozilla/5.0 (compatible; AhrefsBot/7.0; +http://ahrefs.com/robot/)" "metrocrimedaily.com"
207.46.13.46 - - [20/Jan/2023:10:03:12 -0800] "GET / HTTP/1.1" 200 719 "-" "Mozilla/5.0 AppleWebKit/537.36 (KHTML, like Gecko; compatible; bingbot/2.0; +http://www.bing.com/bingbot.htm) Chrome/103.0.5060.134 Safari/537.36" "www.metrocrimedaily.com"
51.222.253.12 - - [20/Jan/2023:10:03:27 -0800] "GET /instagram-dallas/01-16-2023-0613391-Missing-Texas-woman--Man-arrested-in-connection-t.txt HTTP/1.1" 200 49 "-" "Mozilla/5.0 (compatible; AhrefsBot/7.0; +http://ahrefs.com/robot/)" "metrocrimedaily.com"
51.222.253.12 - - [20/Jan/2023:10:05:33 -0800] "GET /instagram-dallas/01-16-2023-0722032-Officials-Searching-for-33-Year-Old-Missing-Woman.txt HTTP/1.1" 200 536 "-" "Mozilla/5.0 (compatible; AhrefsBot/7.0; +http://ahrefs.com/robot/)" "metrocrimedaily.com"
69.63.184.119 - - [20/Jan/2023:10:06:35 -0800] "GET /instagram-memphis/01-20-2023-1206151-A.jpg HTTP/1.1" 200 168568 "-" "facebookexternalhit/1.1 (+http://www.facebook.com/externalhit_uatext.php)" "www.metrocrimedaily.com"
51.222.253.15 - - [20/Jan/2023:10:07:26 -0800] "GET /instagram-dallas/01-16-2023-1004441-$2-million-in-jewelry-stolen-after-concrete-wall-.txt HTTP/1.1" 200 671 "-" "Mozilla/5.0 (compatible; AhrefsBot/7.0; +http://ahrefs.com/robot/)" "metrocrimedaily.com"
51.222.253.12 - - [20/Jan/2023:10:09:13 -0800] "GET /instagram-dallas/01-16-2023-1814041-Man-s-bond-set-at-$1-million-after-arrest-in-conn.txt HTTP/1.1" 200 49 "-" "Mozilla/5.0 (compatible; AhrefsBot/7.0; +http://ahrefs.com/robot/)" "metrocrimedaily.com"
51.222.253.9 - - [20/Jan/2023:10:11:15 -0800] "GET /instagram-dallas/01-16-2023-1920502-Family-of-11-year-old-boy-fatally-shot-in-Dallas-.txt HTTP/1.1" 200 49 "-" "Mozilla/5.0 (compatible; AhrefsBot/7.0; +http://ahrefs.com/robot/)" "metrocrimedaily.com"
51.222.253.15 - - [20/Jan/2023:10:13:21 -0800] "GET /instagram-dallas/01-17-2023-0315401-Losing-GOP-Candidate-Who-Was-Angry-Over-His--Rigg.txt HTTP/1.1" 200 1190 "-" "Mozilla/5.0 (compatible; AhrefsBot/7.0; +http://ahrefs.com/robot/)" "metrocrimedaily.com"
51.222.253.6 - - [20/Jan/2023:10:15:26 -0800] "GET /instagram-dallas/01-17-2023-0918301-Fort-Pierce--Florida-shooting--8-shot-during-MLK-.txt HTTP/1.1" 200 677 "-" "Mozilla/5.0 (compatible; AhrefsBot/7.0; +http://ahrefs.com/robot/)" "metrocrimedaily.com"
51.222.253.3 - - [20/Jan/2023:10:17:29 -0800] "GET /instagram-dallas/01-17-2023-0918302-Fatal-crash-involving-pickup-shuts-down-I-30-in-M.txt HTTP/1.1" 200 424 "-" "Mozilla/5.0 (compatible; AhrefsBot/7.0; +http://ahrefs.com/robot/)" "metrocrimedaily.com"
51.222.253.17 - - [20/Jan/2023:10:19:23 -0800] "GET /instagram-dallas/01-17-2023-1133331-Lisa-Marie-Presley-Suffered-a-Cardiac-Arrest--The.txt HTTP/1.1" 200 1086 "-" "Mozilla/5.0 (compatible; AhrefsBot/7.0; +http://ahrefs.com/robot/)" "metrocrimedaily.com"
69.63.184.5 - - [20/Jan/2023:10:20:34 -0800] "GET /instagram-stlouis/01-20-2023-1149352-A.jpg HTTP/1.1" 200 95061 "-" "facebookexternalhit/1.1 (+http://www.facebook.com/externalhit_uatext.php)" "www.metrocrimedaily.com"
51.222.253.3 - - [20/Jan/2023:10:21:21 -0800] "GET /instagram-dallas/01-17-2023-1339371-Biden-Is----Fully-Cooperating--With-DOJ-Probe-of-.txt HTTP/1.1" 200 800 "-" "Mozilla/5.0 (compatible; AhrefsBot/7.0; +http://ahrefs.com/robot/)" "metrocrimedaily.com"
69.63.184.5 - - [20/Jan/2023:10:22:08 -0800] "GET /instagram-memphis/01-20-2023-1206152-A.jpg HTTP/1.1" 200 114716 "-" "facebookexternalhit/1.1 (+http://www.facebook.com/externalhit_uatext.php)" "www.metrocrimedaily.com"
51.222.253.2 - - [20/Jan/2023:10:23:23 -0800] "GET /instagram-dallas/01-17-2023-1701131-Oklahoma-Caregivers-Accused-of-Killing-4-Year-Old.txt HTTP/1.1" 200 1046 "-" "Mozilla/5.0 (compatible; AhrefsBot/7.0; +http://ahrefs.com/robot/)" "metrocrimedaily.com"
51.222.253.6 - - [20/Jan/2023:10:25:13 -0800] "GET /instagram-dallas/01-17-2023-1921271-Missing-Collin-County-woman-was-dating-alleged-ki.txt HTTP/1.1" 200 537 "-" "Mozilla/5.0 (compatible; AhrefsBot/7.0; +http://ahrefs.com/robot/)" "metrocrimedaily.com"
51.222.253.9 - - [20/Jan/2023:10:27:14 -0800] "GET /instagram-dallas/01-17-2023-1921274-Search-Crew-Asked-to-Help-in-Missing-Kayla-Kelley.txt HTTP/1.1" 200 1099 "-" "Mozilla/5.0 (compatible; AhrefsBot/7.0; +http://ahrefs.com/robot/)" "metrocrimedaily.com"
69.63.184.1 - - [20/Jan/2023:10:28:11 -0800] "GET /instagram-houston/01-20-2023-1227501-A.jpg HTTP/1.1" 200 95950 "-" "facebookexternalhit/1.1 (+http://www.facebook.com/externalhit_uatext.php)" "www.metrocrimedaily.com"
51.222.253.20 - - [20/Jan/2023:10:29:14 -0800] "GET /instagram-dallas/01-17-2023-2103381-Capitol-Police-Investigated-More-Than-7-500-Threa.txt HTTP/1.1" 200 742 "-" "Mozilla/5.0 (compatible; AhrefsBot/7.0; +http://ahrefs.com/robot/)" "metrocrimedaily.com"
69.63.184.117 - - [20/Jan/2023:10:29:43 -0800] "GET /instagram-newyork/01-20-2023-1229221-A.jpg HTTP/1.1" 200 73379 "-" "facebookexternalhit/1.1 (+http://www.facebook.com/externalhit_uatext.php)" "www.metrocrimedaily.com"
51.222.253.16 - - [20/Jan/2023:10:31:25 -0800] "GET /instagram-dallas/01-17-2023-2349121-Arrests-made-in-burglaries-targeting-South-Asian-.txt HTTP/1.1" 200 189 "-" "Mozilla/5.0 (compatible; AhrefsBot/7.0; +http://ahrefs.com/robot/)" "metrocrimedaily.com"
51.222.253.18 - - [20/Jan/2023:10:33:13 -0800] "GET /instagram-dallas/01-18-2023-0645281-$2-million-jewelry-heist--New-photos-show-how-sus.txt HTTP/1.1" 200 216 "-" "Mozilla/5.0 (compatible; AhrefsBot/7.0; +http://ahrefs.com/robot/)" "metrocrimedaily.com"
69.63.184.118 - - [20/Jan/2023:10:33:50 -0800] "GET /instagram-chicago/01-20-2023-1233241-A.jpg HTTP/1.1" 200 120034 "-" "facebookexternalhit/1.1 (+http://www.facebook.com/externalhit_uatext.php)" "www.metrocrimedaily.com"
51.222.253.2 - - [20/Jan/2023:10:35:12 -0800] "GET /instagram-dallas/01-18-2023-0754462-3-arrested-in-North-Texas-burglary-ring--police-s.txt HTTP/1.1" 200 49 "-" "Mozilla/5.0 (compatible; AhrefsBot/7.0; +http://ahrefs.com/robot/)" "metrocrimedaily.com"
69.63.184.120 - - [20/Jan/2023:10:35:51 -0800] "GET /instagram-dallas/01-20-2023-1235301-A.jpg HTTP/1.1" 200 123322 "-" "facebookexternalhit/1.1 (+http://www.facebook.com/externalhit_uatext.php)" "www.metrocrimedaily.com"
69.63.184.118 - - [20/Jan/2023:10:36:09 -0800] "GET /instagram-stlouis/01-20-2023-1149353-A.jpg HTTP/1.1" 200 364658 "-" "facebookexternalhit/1.1 (+http://www.facebook.com/externalhit_uatext.php)" "www.metrocrimedaily.com"
51.222.253.13 - - [20/Jan/2023:10:37:23 -0800] "GET /instagram-dallas/01-18-2023-0939043-Plano-police-arrest-alleged-jewelry-thieves-who-t.txt HTTP/1.1" 200 479 "-" "Mozilla/5.0 (compatible; AhrefsBot/7.0; +http://ahrefs.com/robot/)" "metrocrimedaily.com"
69.63.184.5 - - [20/Jan/2023:10:37:43 -0800] "GET /instagram-memphis/01-20-2023-1206153-A.jpg HTTP/1.1" 200 84963 "-" "facebookexternalhit/1.1 (+http://www.facebook.com/externalhit_uatext.php)" "www.metrocrimedaily.com"
51.222.253.7 - - [20/Jan/2023:10:39:39 -0800] "GET /instagram-dallas/01-18-2023-1200501-2-Gainesville-teens-fatally-shot--police-searchin.txt HTTP/1.1" 200 463 "-" "Mozilla/5.0 (compatible; AhrefsBot/7.0; +http://ahrefs.com/robot/)" "metrocrimedaily.com"
51.222.253.9 - - [20/Jan/2023:10:41:45 -0800] "GET /instagram-dallas/01-18-2023-1200504-The-US-is-expected-to-reach-its-debt-limit-tomorr.txt HTTP/1.1" 200 1090 "-" "Mozilla/5.0 (compatible; AhrefsBot/7.0; +http://ahrefs.com/robot/)" "metrocrimedaily.com"
69.63.184.120 - - [20/Jan/2023:10:43:47 -0800] "GET /instagram-houston/01-20-2023-1227502-A.jpg HTTP/1.1" 200 205274 "-" "facebookexternalhit/1.1 (+http://www.facebook.com/externalhit_uatext.php)" "www.metrocrimedaily.com"
51.222.253.20 - - [20/Jan/2023:10:44:22 -0800] "GET /instagram-dallas/01-18-2023-1419301-McKinney-man-accused-of-killing-8-year-old-son-ha.txt HTTP/1.1" 200 900 "-" "Mozilla/5.0 (compatible; AhrefsBot/7.0; +http://ahrefs.com/robot/)" "metrocrimedaily.com"
54.36.148.190 - - [20/Jan/2023:10:46:03 -0800] "GET /robots.txt HTTP/1.1" 404 88 "-" "Mozilla/5.0 (compatible; AhrefsBot/7.0; +http://ahrefs.com/robot/)" "www.metrocrimedaily.com"
51.222.253.4 - - [20/Jan/2023:10:46:04 -0800] "GET / HTTP/1.1" 200 133102 "-" "Mozilla/5.0 (compatible; AhrefsBot/7.0; +http://ahrefs.com/robot/)" "www.metrocrimedaily.com"
51.222.253.18 - - [20/Jan/2023:10:48:38 -0800] "GET /styles-mcd.css HTTP/1.1" 200 1159 "-" "Mozilla/5.0 (compatible; AhrefsBot/7.0; +http://ahrefs.com/robot/)" "www.metrocrimedaily.com"
51.222.253.15 - - [20/Jan/2023:10:48:39 -0800] "GET /images/twitter-logo-b-tiny.png HTTP/1.1" 200 1600 "-" "Mozilla/5.0 (compatible; AhrefsBot/7.0; +http://ahrefs.com/robot/)" "www.metrocrimedaily.com"
51.222.253.6 - - [20/Jan/2023:10:48:39 -0800] "GET /images/facebook-logo-tiny.png HTTP/1.1" 200 1280 "-" "Mozilla/5.0 (compatible; AhrefsBot/7.0; +http://ahrefs.com/robot/)" "www.metrocrimedaily.com"
51.222.253.14 - - [20/Jan/2023:10:48:40 -0800] "GET / HTTP/1.1" 200 133102 "-" "Mozilla/5.0 (compatible; AhrefsBot/7.0; +http://ahrefs.com/robot/)" "www.metrocrimedaily.com"
51.222.253.10 - - [20/Jan/2023:10:48:44 -0800] "GET / HTTP/1.1" 200 133102 "-" "Mozilla/5.0 (compatible; AhrefsBot/7.0; +http://ahrefs.com/robot/)" "metrocrimedaily.com"
51.222.253.15 - - [20/Jan/2023:10:48:45 -0800] "GET /images/youtube-logo-tiny.png HTTP/1.1" 200 689 "-" "Mozilla/5.0 (compatible; AhrefsBot/7.0; +http://ahrefs.com/robot/)" "www.metrocrimedaily.com"
69.63.184.4 - - [20/Jan/2023:10:49:31 -0800] "GET /instagram-chicago/01-20-2023-1233242-A.jpg HTTP/1.1" 200 91980 "-" "facebookexternalhit/1.1 (+http://www.facebook.com/externalhit_uatext.php)" "www.metrocrimedaily.com"
155.190.22.3 - - [20/Jan/2023:10:51:19 -0800] "GET / HTTP/1.1" 200 133102 "https://www.bing.com/" "Mozilla/5.0 (Windows NT 10.0; Win64; x64) AppleWebKit/537.36 (KHTML, like Gecko) Chrome/109.0.0.0 Safari/537.36 Edg/109.0.1518.55" "metrocrimedaily.com"
155.190.22.3 - - [20/Jan/2023:10:51:20 -0800] "GET /images/facebook-logo-tiny.png HTTP/1.1" 200 1280 "http://metrocrimedaily.com/" "Mozilla/5.0 (Windows NT 10.0; Win64; x64) AppleWebKit/537.36 (KHTML, like Gecko) Chrome/109.0.0.0 Safari/537.36 Edg/109.0.1518.55" "metrocrimedaily.com"
155.190.22.3 - - [20/Jan/2023:10:51:20 -0800] "GET /styles-mcd.css HTTP/1.1" 200 1159 "http://metrocrimedaily.com/" "Mozilla/5.0 (Windows NT 10.0; Win64; x64) AppleWebKit/537.36 (KHTML, like Gecko) Chrome/109.0.0.0 Safari/537.36 Edg/109.0.1518.55" "metrocrimedaily.com"
155.190.22.3 - - [20/Jan/2023:10:51:20 -0800] "GET /images/twitter-logo-b-tiny.png HTTP/1.1" 200 1600 "http://metrocrimedaily.com/" "Mozilla/5.0 (Windows NT 10.0; Win64; x64) AppleWebKit/537.36 (KHTML, like Gecko) Chrome/109.0.0.0 Safari/537.36 Edg/109.0.1518.55" "metrocrimedaily.com"
155.190.22.3 - - [20/Jan/2023:10:51:20 -0800] "GET /images/youtube-logo-tiny.png HTTP/1.1" 200 689 "http://metrocrimedaily.com/" "Mozilla/5.0 (Windows NT 10.0; Win64; x64) AppleWebKit/537.36 (KHTML, like Gecko) Chrome/109.0.0.0 Safari/537.36 Edg/109.0.1518.55" "metrocrimedaily.com"
155.190.22.3 - - [20/Jan/2023:10:51:20 -0800] "GET /images/police-tape.jpg HTTP/1.1" 200 50766 "http://metrocrimedaily.com/" "Mozilla/5.0 (Windows NT 10.0; Win64; x64) AppleWebKit/537.36 (KHTML, like Gecko) Chrome/109.0.0.0 Safari/537.36 Edg/109.0.1518.55" "metrocrimedaily.com"
155.190.22.3 - - [20/Jan/2023:10:51:20 -0800] "GET /images/crimeinthed-logo.jpg HTTP/1.1" 200 14960 "http://metrocrimedaily.com/" "Mozilla/5.0 (Windows NT 10.0; Win64; x64) AppleWebKit/537.36 (KHTML, like Gecko) Chrome/109.0.0.0 Safari/537.36 Edg/109.0.1518.55" "metrocrimedaily.com"
66.249.70.137 - - [20/Jan/2023:10:51:20 -0800] "GET /=.%20=.%20= HTTP/1.1" 404 88 "-" "Mozilla/5.0 (Linux; Android 6.0.1; Nexus 5X Build/MMB29P) AppleWebKit/537.36 (KHTML, like Gecko) Chrome/109.0.5414.74 Mobile Safari/537.36 (compatible; Googlebot/2.1; +http://www.google.com/bot.html)" "metrocrimedaily.com"
69.63.184.118 - - [20/Jan/2023:10:51:30 -0800] "GET /instagram-dallas/01-20-2023-1235302-A.jpg HTTP/1.1" 200 106959 "-" "facebookexternalhit/1.1 (+http://www.facebook.com/externalhit_uatext.php)" "www.metrocrimedaily.com"
51.222.253.11 - - [20/Jan/2023:10:51:38 -0800] "GET /instagram-detroit/post-later/?C=N;O=A HTTP/1.1" 200 5939 "-" "Mozilla/5.0 (compatible; AhrefsBot/7.0; +http://ahrefs.com/robot/)" "metrocrimedaily.com"
69.63.184.2 - - [20/Jan/2023:10:51:49 -0800] "GET /instagram-stlouis/01-20-2023-1149354-A.jpg HTTP/1.1" 200 147530 "-" "facebookexternalhit/1.1 (+http://www.facebook.com/externalhit_uatext.php)" "www.metrocrimedaily.com"
69.63.184.4 - - [20/Jan/2023:10:53:21 -0800] "GET /instagram-losangeles/01-20-2023-1252521-A.jpg HTTP/1.1" 200 105932 "-" "facebookexternalhit/1.1 (+http://www.facebook.com/externalhit_uatext.php)" "www.metrocrimedaily.com"
69.63.184.118 - - [20/Jan/2023:10:53:22 -0800] "GET /instagram-memphis/01-20-2023-1206154-A.jpg HTTP/1.1" 200 182301 "-" "facebookexternalhit/1.1 (+http://www.facebook.com/externalhit_uatext.php)" "www.metrocrimedaily.com"
51.222.253.14 - - [20/Jan/2023:10:54:04 -0800] "GET /instagram-dallas/01-13-2023-1112502-Missing-leopard-shuts-down-the-Dallas-Zoo-as-crew.txt HTTP/1.1" 200 654 "-" "Mozilla/5.0 (compatible; AhrefsBot/7.0; +http://ahrefs.com/robot/)" "metrocrimedaily.com"
51.222.253.17 - - [20/Jan/2023:10:56:50 -0800] "GET /instagram-dallas/01-13-2023-1112503-Idaho-murders--5-key-pieces-of-evidence-against-B.txt HTTP/1.1" 200 1091 "-" "Mozilla/5.0 (compatible; AhrefsBot/7.0; +http://ahrefs.com/robot/)" "metrocrimedaily.com"
69.63.184.4 - - [20/Jan/2023:10:59:20 -0800] "GET /instagram-houston/01-20-2023-1227503-A.jpg HTTP/1.1" 200 200538 "-" "facebookexternalhit/1.1 (+http://www.facebook.com/externalhit_uatext.php)" "www.metrocrimedaily.com"
51.222.253.11 - - [20/Jan/2023:10:59:37 -0800] "GET /instagram-dallas/01-13-2023-1331081-Dallas-Zoo-Update-on-Search-for-Missing-Clouded-L.txt HTTP/1.1" 200 94 "-" "Mozilla/5.0 (compatible; AhrefsBot/7.0; +http://ahrefs.com/robot/)" "metrocrimedaily.com"
51.222.253.10 - - [20/Jan/2023:11:02:11 -0800] "GET /instagram-dallas/01-13-2023-1542543-School-Searched-1st-Grader-s-Backpack-Before-Teac.txt HTTP/1.1" 200 1031 "-" "Mozilla/5.0 (compatible; AhrefsBot/7.0; +http://ahrefs.com/robot/)" "metrocrimedaily.com"
51.222.253.16 - - [20/Jan/2023:11:05:14 -0800] "GET /instagram-dallas/01-14-2023-0350321-Indiana-University-Says-Student-Was-Targeted-in-B.txt HTTP/1.1" 200 590 "-" "Mozilla/5.0 (compatible; AhrefsBot/7.0; +http://ahrefs.com/robot/)" "metrocrimedaily.com"
51.222.253.18 - - [20/Jan/2023:11:07:50 -0800] "GET /instagram-dallas/01-14-2023-1508081-Man-crashes-on-I-35-while-driving-to-hospital-aft.txt HTTP/1.1" 200 455 "-" "Mozilla/5.0 (compatible; AhrefsBot/7.0; +http://ahrefs.com/robot/)" "metrocrimedaily.com"
69.63.184.4 - - [20/Jan/2023:11:09:02 -0800] "GET /instagram-memphis/01-20-2023-1206155-A.jpg HTTP/1.1" 200 105069 "-" "facebookexternalhit/1.1 (+http://www.facebook.com/externalhit_uatext.php)" "www.metrocrimedaily.com"
51.222.253.15 - - [20/Jan/2023:11:10:49 -0800] "GET /instagram-dallas/01-14-2023-1709502-Mistaken-Identity-Gang-Killing-of-15-Year-Old-Boy.txt HTTP/1.1" 200 939 "-" "Mozilla/5.0 (compatible; AhrefsBot/7.0; +http://ahrefs.com/robot/)" "metrocrimedaily.com"
51.222.253.18 - - [20/Jan/2023:11:13:39 -0800] "GET /instagram-dallas/01-14-2023-1925431-2-arrested-for-murder-at-Irving-apartments-.txt HTTP/1.1" 200 565 "-" "Mozilla/5.0 (compatible; AhrefsBot/7.0; +http://ahrefs.com/robot/)" "metrocrimedaily.com"
69.63.184.5 - - [20/Jan/2023:11:14:52 -0800] "GET /instagram-houston/01-20-2023-1227504-A.jpg HTTP/1.1" 200 222107 "-" "facebookexternalhit/1.1 (+http://www.facebook.com/externalhit_uatext.php)" "www.metrocrimedaily.com"
51.222.253.10 - - [20/Jan/2023:11:16:26 -0800] "GET /instagram-dallas/01-14-2023-2024281-Serial-armed-robbery-suspect-accused-of-killing-d.txt HTTP/1.1" 200 564 "-" "Mozilla/5.0 (compatible; AhrefsBot/7.0; +http://ahrefs.com/robot/)" "metrocrimedaily.com"
192.42.116.204 - - [20/Jan/2023:11:16:48 -0800] "GET / HTTP/1.1" 200 133102 "-" "Mozilla/5.0 (Windows NT 10.0; Win64; x64) AppleWebKit/537.36 (KHTML, like Gecko) Chrome/109.0.0.0 Safari/537.36" "metrocrimedaily.com"
192.42.116.204 - - [20/Jan/2023:11:16:49 -0800] "GET /images/crimeinthed-logo.jpg HTTP/1.1" 200 14960 "http://metrocrimedaily.com/" "Mozilla/5.0 (Windows NT 10.0; Win64; x64) AppleWebKit/537.36 (KHTML, like Gecko) Chrome/109.0.0.0 Safari/537.36" "metrocrimedaily.com"
192.42.116.204 - - [20/Jan/2023:11:16:49 -0800] "GET /styles-mcd.css HTTP/1.1" 200 1159 "http://metrocrimedaily.com/" "Mozilla/5.0 (Windows NT 10.0; Win64; x64) AppleWebKit/537.36 (KHTML, like Gecko) Chrome/109.0.0.0 Safari/537.36" "metrocrimedaily.com"
192.42.116.204 - - [20/Jan/2023:11:16:52 -0800] "GET /images/police-tape.jpg HTTP/1.1" 200 50766 "http://metrocrimedaily.com/" "Mozilla/5.0 (Windows NT 10.0; Win64; x64) AppleWebKit/537.36 (KHTML, like Gecko) Chrome/109.0.0.0 Safari/537.36" "metrocrimedaily.com"
192.42.116.204 - - [20/Jan/2023:11:17:05 -0800] "GET /images/facebook-logo-tiny.png HTTP/1.1" 200 1280 "http://metrocrimedaily.com/" "Mozilla/5.0 (Windows NT 10.0; Win64; x64) AppleWebKit/537.36 (KHTML, like Gecko) Chrome/109.0.0.0 Safari/537.36" "metrocrimedaily.com"
192.42.116.204 - - [20/Jan/2023:11:17:06 -0800] "GET /images/twitter-logo-b-tiny.png HTTP/1.1" 200 1600 "http://metrocrimedaily.com/" "Mozilla/5.0 (Windows NT 10.0; Win64; x64) AppleWebKit/537.36 (KHTML, like Gecko) Chrome/109.0.0.0 Safari/537.36" "metrocrimedaily.com"
192.42.116.204 - - [20/Jan/2023:11:17:06 -0800] "GET /images/youtube-logo-tiny.png HTTP/1.1" 200 689 "http://metrocrimedaily.com/" "Mozilla/5.0 (Windows NT 10.0; Win64; x64) AppleWebKit/537.36 (KHTML, like Gecko) Chrome/109.0.0.0 Safari/537.36" "metrocrimedaily.com"
192.42.116.204 - - [20/Jan/2023:11:17:31 -0800] "GET /favicon.ico HTTP/1.1" 404 88 "http://metrocrimedaily.com/" "Mozilla/5.0 (Windows NT 10.0; Win64; x64) AppleWebKit/537.36 (KHTML, like Gecko) Chrome/109.0.0.0 Safari/537.36" "metrocrimedaily.com"
51.222.253.11 - - [20/Jan/2023:11:19:02 -0800] "GET /instagram-dallas/01-14-2023-2024283-Arlington-police-investigating-motel-murder-.txt HTTP/1.1" 200 480 "-" "Mozilla/5.0 (compatible; AhrefsBot/7.0; +http://ahrefs.com/robot/)" "metrocrimedaily.com"
69.63.189.3 - - [20/Jan/2023:11:20:16 -0800] "GET /instagram-atlanta/01-20-2023-1319521-A.jpg HTTP/1.1" 200 152380 "-" "facebookexternalhit/1.1 (+http://www.facebook.com/externalhit_uatext.php)" "www.metrocrimedaily.com"
172.58.122.205 - - [20/Jan/2023:11:20:32 -0800] "GET / HTTP/1.1" 200 133102 "https://www.google.com/url?q=http://www.metrocrimedaily.com/&sa=U&ved=2ahUKEwiVrtiD79b8AhXnjYkEHYGzCMoQFnoECAIQAQ&usg=AOvVaw2wkbknJo7g5LceRvxpxGqW" "Mozilla/5.0 (iPhone; CPU iPhone OS 16_1 like Mac OS X) AppleWebKit/605.1.15 (KHTML, like Gecko) GSA/246.1.501310880 Mobile/15E148 Safari/604.1" "www.metrocrimedaily.com"
172.58.122.205 - - [20/Jan/2023:11:20:32 -0800] "GET /styles-mcd.css HTTP/1.1" 200 1159 "http://www.metrocrimedaily.com/" "Mozilla/5.0 (iPhone; CPU iPhone OS 16_1 like Mac OS X) AppleWebKit/605.1.15 (KHTML, like Gecko) GSA/246.1.501310880 Mobile/15E148 Safari/604.1" "www.metrocrimedaily.com"
172.58.122.205 - - [20/Jan/2023:11:20:33 -0800] "GET /images/crimeinthed-logo.jpg HTTP/1.1" 200 14960 "http://www.metrocrimedaily.com/" "Mozilla/5.0 (iPhone; CPU iPhone OS 16_1 like Mac OS X) AppleWebKit/605.1.15 (KHTML, like Gecko) GSA/246.1.501310880 Mobile/15E148 Safari/604.1" "www.metrocrimedaily.com"
172.58.122.205 - - [20/Jan/2023:11:20:33 -0800] "GET /images/police-tape.jpg HTTP/1.1" 200 50766 "http://www.metrocrimedaily.com/" "Mozilla/5.0 (iPhone; CPU iPhone OS 16_1 like Mac OS X) AppleWebKit/605.1.15 (KHTML, like Gecko) GSA/246.1.501310880 Mobile/15E148 Safari/604.1" "metrocrimedaily.com"
172.58.122.205 - - [20/Jan/2023:11:20:33 -0800] "GET /images/facebook-logo-tiny.png HTTP/1.1" 200 1280 "http://www.metrocrimedaily.com/" "Mozilla/5.0 (iPhone; CPU iPhone OS 16_1 like Mac OS X) AppleWebKit/605.1.15 (KHTML, like Gecko) GSA/246.1.501310880 Mobile/15E148 Safari/604.1" "www.metrocrimedaily.com"
172.58.122.205 - - [20/Jan/2023:11:20:33 -0800] "GET /images/youtube-logo-tiny.png HTTP/1.1" 200 689 "http://www.metrocrimedaily.com/" "Mozilla/5.0 (iPhone; CPU iPhone OS 16_1 like Mac OS X) AppleWebKit/605.1.15 (KHTML, like Gecko) GSA/246.1.501310880 Mobile/15E148 Safari/604.1" "www.metrocrimedaily.com"
172.58.122.205 - - [20/Jan/2023:11:20:33 -0800] "GET /images/twitter-logo-b-tiny.png HTTP/1.1" 200 1600 "http://www.metrocrimedaily.com/" "Mozilla/5.0 (iPhone; CPU iPhone OS 16_1 like Mac OS X) AppleWebKit/605.1.15 (KHTML, like Gecko) GSA/246.1.501310880 Mobile/15E148 Safari/604.1" "www.metrocrimedaily.com"
51.222.253.20 - - [20/Jan/2023:11:21:45 -0800] "GET /instagram-dallas/01-15-2023-0003482-Baltimore-Man-Tried-4-Times-for-the-Same-Murder-S.txt HTTP/1.1" 200 1170 "-" "Mozilla/5.0 (compatible; AhrefsBot/7.0; +http://ahrefs.com/robot/)" "metrocrimedaily.com"
51.222.253.9 - - [20/Jan/2023:11:24:22 -0800] "GET /instagram-dallas/01-15-2023-1052251-Three-injured-during-shooting-in-Rowlett--Texas-.txt HTTP/1.1" 200 49 "-" "Mozilla/5.0 (compatible; AhrefsBot/7.0; +http://ahrefs.com/robot/)" "metrocrimedaily.com"
69.63.189.116 - - [20/Jan/2023:11:24:32 -0800] "GET /instagram-memphis/01-20-2023-1206156-A.jpg HTTP/1.1" 200 180656 "-" "facebookexternalhit/1.1 (+http://www.facebook.com/externalhit_uatext.php)" "www.metrocrimedaily.com"
69.63.189.119 - - [20/Jan/2023:11:26:01 -0800] "GET /instagram-detroit/01-20-2023-1325371-A.jpg HTTP/1.1" 200 94939 "-" "facebookexternalhit/1.1 (+http://www.facebook.com/externalhit_uatext.php)" "www.metrocrimedaily.com"
51.222.253.2 - - [20/Jan/2023:11:27:13 -0800] "GET /instagram-dallas/01-15-2023-1201331-Florida-man-who-bought-mansion--Maserati-using-CO.txt HTTP/1.1" 200 913 "-" "Mozilla/5.0 (compatible; AhrefsBot/7.0; +http://ahrefs.com/robot/)" "metrocrimedaily.com"
51.222.253.11 - - [20/Jan/2023:11:29:52 -0800] "GET /instagram-dallas/01-15-2023-1201332-Three-injured-in-Rowlett-shooting--police-say-.txt HTTP/1.1" 200 560 "-" "Mozilla/5.0 (compatible; AhrefsBot/7.0; +http://ahrefs.com/robot/)" "metrocrimedaily.com"
69.63.184.3 - - [20/Jan/2023:11:30:23 -0800] "GET /instagram-houston/01-20-2023-1227505-A.jpg HTTP/1.1" 200 222107 "-" "facebookexternalhit/1.1 (+http://www.facebook.com/externalhit_uatext.php)" "www.metrocrimedaily.com"
68.55.10.30 - - [20/Jan/2023:11:31:55 -0800] "GET / HTTP/1.1" 200 133102 "https://www.google.com/" "Mozilla/5.0 (iPhone; CPU iPhone OS 15_7_2 like Mac OS X) AppleWebKit/605.1.15 (KHTML, like Gecko) Version/15.6.4 Mobile/15E148 Safari/604.1" "www.metrocrimedaily.com"
68.55.10.30 - - [20/Jan/2023:11:31:55 -0800] "GET /styles-mcd.css HTTP/1.1" 200 1159 "http://www.metrocrimedaily.com/" "Mozilla/5.0 (iPhone; CPU iPhone OS 15_7_2 like Mac OS X) AppleWebKit/605.1.15 (KHTML, like Gecko) Version/15.6.4 Mobile/15E148 Safari/604.1" "www.metrocrimedaily.com"
68.55.10.30 - - [20/Jan/2023:11:31:56 -0800] "GET /images/crimeinthed-logo.jpg HTTP/1.1" 200 14960 "http://www.metrocrimedaily.com/" "Mozilla/5.0 (iPhone; CPU iPhone OS 15_7_2 like Mac OS X) AppleWebKit/605.1.15 (KHTML, like Gecko) Version/15.6.4 Mobile/15E148 Safari/604.1" "www.metrocrimedaily.com"
68.55.10.30 - - [20/Jan/2023:11:31:56 -0800] "GET /images/youtube-logo-tiny.png HTTP/1.1" 200 689 "http://www.metrocrimedaily.com/" "Mozilla/5.0 (iPhone; CPU iPhone OS 15_7_2 like Mac OS X) AppleWebKit/605.1.15 (KHTML, like Gecko) Version/15.6.4 Mobile/15E148 Safari/604.1" "www.metrocrimedaily.com"
68.55.10.30 - - [20/Jan/2023:11:31:56 -0800] "GET /images/facebook-logo-tiny.png HTTP/1.1" 200 1280 "http://www.metrocrimedaily.com/" "Mozilla/5.0 (iPhone; CPU iPhone OS 15_7_2 like Mac OS X) AppleWebKit/605.1.15 (KHTML, like Gecko) Version/15.6.4 Mobile/15E148 Safari/604.1" "www.metrocrimedaily.com"
68.55.10.30 - - [20/Jan/2023:11:31:56 -0800] "GET /images/twitter-logo-b-tiny.png HTTP/1.1" 200 1600 "http://www.metrocrimedaily.com/" "Mozilla/5.0 (iPhone; CPU iPhone OS 15_7_2 like Mac OS X) AppleWebKit/605.1.15 (KHTML, like Gecko) Version/15.6.4 Mobile/15E148 Safari/604.1" "www.metrocrimedaily.com"
68.55.10.30 - - [20/Jan/2023:11:31:56 -0800] "GET /images/police-tape.jpg HTTP/1.1" 200 50766 "http://www.metrocrimedaily.com/" "Mozilla/5.0 (iPhone; CPU iPhone OS 15_7_2 like Mac OS X) AppleWebKit/605.1.15 (KHTML, like Gecko) Version/15.6.4 Mobile/15E148 Safari/604.1" "metrocrimedaily.com"
68.55.10.30 - - [20/Jan/2023:11:32:04 -0800] "GET /favicon.ico HTTP/1.1" 404 88 "http://www.metrocrimedaily.com/" "Mozilla/5.0 (iPhone; CPU iPhone OS 15_7_2 like Mac OS X) AppleWebKit/605.1.15 (KHTML, like Gecko) Version/15.6.4 Mobile/15E148 Safari/604.1" "www.metrocrimedaily.com"
51.222.253.10 - - [20/Jan/2023:11:32:41 -0800] "GET /instagram-dallas/01-15-2023-1844151-Family-of-man-who-worked-at-UNT-hoping-for-answer.txt HTTP/1.1" 200 1080 "-" "Mozilla/5.0 (compatible; AhrefsBot/7.0; +http://ahrefs.com/robot/)" "metrocrimedaily.com"
51.222.253.16 - - [20/Jan/2023:11:35:17 -0800] "GET /instagram-dallas/01-15-2023-1844154-Young-boy-fatally-shot-at-Dallas-apartment-comple.txt HTTP/1.1" 200 484 "-" "Mozilla/5.0 (compatible; AhrefsBot/7.0; +http://ahrefs.com/robot/)" "metrocrimedaily.com"
69.63.184.5 - - [20/Jan/2023:11:35:55 -0800] "GET /instagram-atlanta/01-20-2023-1319522-A.jpg HTTP/1.1" 200 128412 "-" "facebookexternalhit/1.1 (+http://www.facebook.com/externalhit_uatext.php)" "www.metrocrimedaily.com"
69.63.184.116 - - [20/Jan/2023:11:36:25 -0800] "GET /instagram-atlanta/01-20-2023-1319523-A.jpg HTTP/1.1" 200 128219 "-" "facebookexternalhit/1.1 (+http://www.facebook.com/externalhit_uatext.php)" "www.metrocrimedaily.com"
69.63.184.118 - - [20/Jan/2023:11:36:55 -0800] "GET /instagram-atlanta/01-20-2023-1319524-A.jpg HTTP/1.1" 200 228788 "-" "facebookexternalhit/1.1 (+http://www.facebook.com/externalhit_uatext.php)" "www.metrocrimedaily.com"
51.222.253.8 - - [20/Jan/2023:11:38:06 -0800] "GET /instagram-dallas/01-15-2023-2032191-Man-arrested-in-connection-to-missing-woman-s-dis.txt HTTP/1.1" 200 496 "-" "Mozilla/5.0 (compatible; AhrefsBot/7.0; +http://ahrefs.com/robot/)" "metrocrimedaily.com"
69.63.184.120 - - [20/Jan/2023:11:40:05 -0800] "GET /instagram-memphis/01-20-2023-1206157-A.jpg HTTP/1.1" 200 128807 "-" "facebookexternalhit/1.1 (+http://www.facebook.com/externalhit_uatext.php)" "www.metrocrimedaily.com"
69.63.184.4 - - [20/Jan/2023:11:40:41 -0800] "GET /instagram-dallas/01-20-2023-1340201-A.jpg HTTP/1.1" 200 197389 "-" "facebookexternalhit/1.1 (+http://www.facebook.com/externalhit_uatext.php)" "www.metrocrimedaily.com"
51.222.253.9 - - [20/Jan/2023:11:40:46 -0800] "GET /instagram-dallas/01-16-2023-1141071--.txt HTTP/1.1" 200 20 "-" "Mozilla/5.0 (compatible; AhrefsBot/7.0; +http://ahrefs.com/robot/)" "metrocrimedaily.com"
69.63.184.4 - - [20/Jan/2023:11:41:37 -0800] "GET /instagram-detroit/01-20-2023-1325372-A.jpg HTTP/1.1" 200 52214 "-" "facebookexternalhit/1.1 (+http://www.facebook.com/externalhit_uatext.php)" "www.metrocrimedaily.com"
51.222.253.12 - - [20/Jan/2023:11:43:37 -0800] "GET /instagram-dallas/01-16-2023-1435071-Man-shot-to-death-in-car-in-front-of-parents--Hou.txt HTTP/1.1" 200 624 "-" "Mozilla/5.0 (compatible; AhrefsBot/7.0; +http://ahrefs.com/robot/)" "metrocrimedaily.com"
51.222.253.5 - - [20/Jan/2023:11:46:11 -0800] "GET /instagram-dallas/01-16-2023-1920501-Family-of-6--including-baby--found-shot-to-death-.txt HTTP/1.1" 200 751 "-" "Mozilla/5.0 (compatible; AhrefsBot/7.0; +http://ahrefs.com/robot/)" "metrocrimedaily.com"
5.75.133.100 - - [20/Jan/2023:11:48:41 -0800] "GET /wp-login.php HTTP/1.1" 404 88 "" "Mozilla/5.0 (Windows NT 10.0; Win64; x64; rv:108.0) Gecko/20100101 Firefox/108.0" "www.metrocrimedaily.com"
51.222.253.16 - - [20/Jan/2023:11:49:08 -0800] "GET /instagram-dallas/01-16-2023-2147231-8-People-Shot-at-Florida-Car-Show-.txt HTTP/1.1" 200 605 "-" "Mozilla/5.0 (compatible; AhrefsBot/7.0; +http://ahrefs.com/robot/)" "metrocrimedaily.com"
51.222.253.13 - - [20/Jan/2023:11:51:53 -0800] "GET /instagram-dallas/01-17-2023-0739051-Fatal-Crash-Shuts-Down-WB-I-30-in-Mesquite-.txt HTTP/1.1" 200 559 "-" "Mozilla/5.0 (compatible; AhrefsBot/7.0; +http://ahrefs.com/robot/)" "metrocrimedaily.com"
51.222.253.18 - - [20/Jan/2023:11:54:44 -0800] "GET /instagram-dallas/01-17-2023-0918303-Former-NFL-Player-Jerrell-Powe-Arrested-in-Missis.txt HTTP/1.1" 200 729 "-" "Mozilla/5.0 (compatible; AhrefsBot/7.0; +http://ahrefs.com/robot/)" "metrocrimedaily.com"
69.63.184.120 - - [20/Jan/2023:11:55:37 -0800] "GET /instagram-memphis/01-20-2023-1206158-A.jpg HTTP/1.1" 200 95006 "-" "facebookexternalhit/1.1 (+http://www.facebook.com/externalhit_uatext.php)" "www.metrocrimedaily.com"
97.70.167.142 - - [20/Jan/2023:11:55:53 -0800] "GET / HTTP/1.1" 200 133102 "https://www.google.com/" "Mozilla/5.0 (iPhone; CPU iPhone OS 16_0_3 like Mac OS X) AppleWebKit/605.1.15 (KHTML, like Gecko) Version/16.0 Mobile/15E148 Safari/604.1" "www.metrocrimedaily.com"
97.70.167.142 - - [20/Jan/2023:11:55:53 -0800] "GET /styles-mcd.css HTTP/1.1" 200 1159 "http://www.metrocrimedaily.com/" "Mozilla/5.0 (iPhone; CPU iPhone OS 16_0_3 like Mac OS X) AppleWebKit/605.1.15 (KHTML, like Gecko) Version/16.0 Mobile/15E148 Safari/604.1" "www.metrocrimedaily.com"
97.70.167.142 - - [20/Jan/2023:11:55:53 -0800] "GET /images/crimeinthed-logo.jpg HTTP/1.1" 200 14960 "http://www.metrocrimedaily.com/" "Mozilla/5.0 (iPhone; CPU iPhone OS 16_0_3 like Mac OS X) AppleWebKit/605.1.15 (KHTML, like Gecko) Version/16.0 Mobile/15E148 Safari/604.1" "www.metrocrimedaily.com"
