51.222.253.17 - - [20/Jan/2023:02:09:20 -0800] "GET /instagram-detroit/post-later/01-12-2023-2017515-Richmond-Community-Schools-to-resume-classes-Frid.txt HTTP/1.1" 200 423 "-" "Mozilla/5.0 (compatible; AhrefsBot/7.0; +http://ahrefs.com/robot/)" "metrocrimedaily.com"
51.222.253.12 - - [20/Jan/2023:02:11:36 -0800] "GET /instagram-detroit/post-later/01-13-2023-0350141-Man-beaten-by-family-of-his-alleged-teen-rape-vic.txt HTTP/1.1" 200 1003 "-" "Mozilla/5.0 (compatible; AhrefsBot/7.0; +http://ahrefs.com/robot/)" "metrocrimedaily.com"
69.63.184.1 - - [20/Jan/2023:02:13:18 -0800] "GET /instagram-newyork/01-20-2023-0412591-A.jpg HTTP/1.1" 404 88 "-" "facebookexternalhit/1.1 (+http://www.facebook.com/externalhit_uatext.php)" "www.metrocrimedaily.com"
51.222.253.14 - - [20/Jan/2023:02:13:30 -0800] "GET /instagram-detroit/post-later/01-13-2023-0720061-Police-investigating-possible-link-between-Ulta-t.txt HTTP/1.1" 200 724 "-" "Mozilla/5.0 (compatible; AhrefsBot/7.0; +http://ahrefs.com/robot/)" "metrocrimedaily.com"
51.222.253.16 - - [20/Jan/2023:02:15:43 -0800] "GET /instagram-detroit/post-later/01-13-2023-0816361-Morning-4--Police-say-teen-confessed-to-murdering.txt HTTP/1.1" 200 615 "-" "Mozilla/5.0 (compatible; AhrefsBot/7.0; +http://ahrefs.com/robot/)" "metrocrimedaily.com"
103.153.3.21 - - [20/Jan/2023:02:17:30 -0800] "GET /wp-login.php HTTP/1.1" 404 88 "" "Mozilla/5.0 (Windows NT 10.0; Win64; x64; rv:108.0) Gecko/20100101 Firefox/108.0" "metrocrimedaily.com"
69.63.184.116 - - [20/Jan/2023:02:17:47 -0800] "GET /instagram-atlanta/01-20-2023-0417241-A.jpg HTTP/1.1" 404 88 "-" "facebookexternalhit/1.1 (+http://www.facebook.com/externalhit_uatext.php)" "www.metrocrimedaily.com"
51.222.253.12 - - [20/Jan/2023:02:18:02 -0800] "GET /instagram-detroit/post-later/01-13-2023-0816362-State-Police--Shots-fired-at-Livingston-County-ma.txt HTTP/1.1" 200 662 "-" "Mozilla/5.0 (compatible; AhrefsBot/7.0; +http://ahrefs.com/robot/)" "metrocrimedaily.com"
51.222.253.16 - - [20/Jan/2023:02:20:12 -0800] "GET /instagram-detroit/post-later/01-13-2023-1011122-Thief-in-Macomb-County-drops-trail-of-stolen-item.txt HTTP/1.1" 200 744 "-" "Mozilla/5.0 (compatible; AhrefsBot/7.0; +http://ahrefs.com/robot/)" "metrocrimedaily.com"
51.222.253.3 - - [20/Jan/2023:02:22:19 -0800] "GET /instagram-detroit/post-later/01-13-2023-1113021-Warren-Police-investigate-threat-reported-by---%C3%82%C2%A3b.txt HTTP/1.1" 200 1101 "-" "Mozilla/5.0 (compatible; AhrefsBot/7.0; +http://ahrefs.com/robot/)" "metrocrimedaily.com"
69.63.184.3 - - [20/Jan/2023:02:22:20 -0800] "GET /instagram-chicago/01-20-2023-0421581-A.jpg HTTP/1.1" 404 88 "-" "facebookexternalhit/1.1 (+http://www.facebook.com/externalhit_uatext.php)" "www.metrocrimedaily.com"
51.222.253.20 - - [20/Jan/2023:02:24:31 -0800] "GET /instagram-detroit/post-later/01-13-2023-1113024-Detroit-Police-surround-home-believing-double-mur.txt HTTP/1.1" 200 755 "-" "Mozilla/5.0 (compatible; AhrefsBot/7.0; +http://ahrefs.com/robot/)" "metrocrimedaily.com"
51.222.253.8 - - [20/Jan/2023:02:26:49 -0800] "GET /instagram-detroit/post-later/01-13-2023-2225286-62-year-old-man-charged-with-soliciting-money-fro.txt HTTP/1.1" 200 629 "-" "Mozilla/5.0 (compatible; AhrefsBot/7.0; +http://ahrefs.com/robot/)" "metrocrimedaily.com"
103.200.23.139 - - [20/Jan/2023:02:28:26 -0800] "GET /wp-login.php HTTP/1.1" 404 88 "" "Mozilla/5.0 (Windows NT 10.0; Win64; x64; rv:108.0) Gecko/20100101 Firefox/108.0" "metrocrimedaily.com"
51.222.253.12 - - [20/Jan/2023:02:29:04 -0800] "GET /instagram-detroit/post-later/01-16-2023-0926051-DPD-confirms-officer-involved-shooting-at-a-gas-s.txt HTTP/1.1" 200 901 "-" "Mozilla/5.0 (compatible; AhrefsBot/7.0; +http://ahrefs.com/robot/)" "metrocrimedaily.com"
66.249.70.118 - - [20/Jan/2023:02:30:15 -0800] "GET /robots.txt HTTP/1.1" 404 88 "-" "Mozilla/5.0 (compatible; Googlebot/2.1; +http://www.google.com/bot.html)" "www.metrocrimedaily.com"
51.222.253.19 - - [20/Jan/2023:02:30:59 -0800] "GET /instagram-detroit/post-later/01-16-2023-1023402-Macomb-County-official-who-pleaded-guilty-to-exto.txt HTTP/1.1" 200 1008 "-" "Mozilla/5.0 (compatible; AhrefsBot/7.0; +http://ahrefs.com/robot/)" "metrocrimedaily.com"
51.222.253.14 - - [20/Jan/2023:02:33:13 -0800] "GET /instagram-detroit/post-later/01-17-2023-1359316-19-year-old-charged-in-fatal-shooting-of-Detroit-.txt HTTP/1.1" 200 1114 "-" "Mozilla/5.0 (compatible; AhrefsBot/7.0; +http://ahrefs.com/robot/)" "metrocrimedaily.com"
51.222.253.9 - - [20/Jan/2023:02:35:32 -0800] "GET /instagram-detroit/post-later/01-17-2023-1359318-Police-announce-arrest-in-deadly-carjacking-of-Tr.txt HTTP/1.1" 200 1145 "-" "Mozilla/5.0 (compatible; AhrefsBot/7.0; +http://ahrefs.com/robot/)" "metrocrimedaily.com"
51.222.253.9 - - [20/Jan/2023:02:37:58 -0800] "GET /instagram-detroit/post-later/01-17-2023-1632553-Amber-Hagerman---s-murder-inspired-AMBER-Alerts%3B-.txt HTTP/1.1" 200 1123 "-" "Mozilla/5.0 (compatible; AhrefsBot/7.0; +http://ahrefs.com/robot/)" "metrocrimedaily.com"
51.222.253.10 - - [20/Jan/2023:02:40:09 -0800] "GET /instagram-detroit/post-later/01-17-2023-1817165-Dearborn-bank-robber-caught-in-port-a-potty-sente.txt HTTP/1.1" 200 978 "-" "Mozilla/5.0 (compatible; AhrefsBot/7.0; +http://ahrefs.com/robot/)" "metrocrimedaily.com"
82.22.120.207 - - [20/Jan/2023:02:40:52 -0800] "GET /0/license.txt HTTP/1.1" 404 88 "-" "Mozilla/5.0 (X11; Ubuntu; Linux x86_64; rv:62.0) Gecko/20100101 Firefox/62.0" "metrocrimedaily.com"
51.222.253.13 - - [20/Jan/2023:02:42:24 -0800] "GET /instagram-detroit/post-later/01-17-2023-2021284-Officials-say-there-s-been-a--sharp-increase--in-.txt HTTP/1.1" 200 771 "-" "Mozilla/5.0 (compatible; AhrefsBot/7.0; +http://ahrefs.com/robot/)" "metrocrimedaily.com"
51.222.253.14 - - [20/Jan/2023:02:44:41 -0800] "GET /instagram-detroit/post-later/01-17-2023-2021287-New-Baltimore-police-want-help-identifying-suspec.txt HTTP/1.1" 200 475 "-" "Mozilla/5.0 (compatible; AhrefsBot/7.0; +http://ahrefs.com/robot/)" "metrocrimedaily.com"
69.63.184.118 - - [20/Jan/2023:02:46:17 -0800] "GET /instagram-newyork/01-20-2023-0445591-A.jpg HTTP/1.1" 404 88 "-" "facebookexternalhit/1.1 (+http://www.facebook.com/externalhit_uatext.php)" "www.metrocrimedaily.com"
51.222.253.19 - - [20/Jan/2023:02:47:08 -0800] "GET /instagram-detroit/post-later/01-17-2023-2152002-Dearborn-bank-robber-found-in-portable-potty-sent.txt HTTP/1.1" 200 1200 "-" "Mozilla/5.0 (compatible; AhrefsBot/7.0; +http://ahrefs.com/robot/)" "metrocrimedaily.com"
51.222.253.7 - - [20/Jan/2023:02:49:24 -0800] "GET /instagram-detroit/post-later/01-17-2023-2356292-Detroit-police-shoot-armed-suspect-who-locked-sel.txt HTTP/1.1" 200 1045 "-" "Mozilla/5.0 (compatible; AhrefsBot/7.0; +http://ahrefs.com/robot/)" "metrocrimedaily.com"
51.222.253.7 - - [20/Jan/2023:02:51:41 -0800] "GET /instagram-detroit/post-later/01-18-2023-0103481-Man-arrested-in-fatal-shooting-of-Detroit-mother%3B.txt HTTP/1.1" 200 1049 "-" "Mozilla/5.0 (compatible; AhrefsBot/7.0; +http://ahrefs.com/robot/)" "metrocrimedaily.com"
51.222.253.10 - - [20/Jan/2023:02:54:07 -0800] "GET /instagram-detroit/post-later/01-18-2023-14370211-Woman-acquitted-after-2-children-shot-at-her-Dear.txt HTTP/1.1" 200 494 "-" "Mozilla/5.0 (compatible; AhrefsBot/7.0; +http://ahrefs.com/robot/)" "metrocrimedaily.com"
51.222.253.14 - - [20/Jan/2023:02:56:15 -0800] "GET /instagram-detroit/post-later/01-18-2023-14370212-41-year-old-Warren-woman-killed-while-walking-on-.txt HTTP/1.1" 200 425 "-" "Mozilla/5.0 (compatible; AhrefsBot/7.0; +http://ahrefs.com/robot/)" "metrocrimedaily.com"
51.222.253.16 - - [20/Jan/2023:02:58:37 -0800] "GET /instagram-detroit/post-later/01-18-2023-14370213-Murder-still-unsolved-after-woman-killed-the-day-.txt HTTP/1.1" 200 510 "-" "Mozilla/5.0 (compatible; AhrefsBot/7.0; +http://ahrefs.com/robot/)" "metrocrimedaily.com"
5.9.19.146 - - [20/Jan/2023:02:59:56 -0800] "GET /wp-login.php HTTP/1.1" 404 88 "" "Mozilla/5.0 (Windows NT 10.0; Win64; x64; rv:108.0) Gecko/20100101 Firefox/108.0" "metrocrimedaily.com"
51.222.253.18 - - [20/Jan/2023:03:01:00 -0800] "GET /instagram-detroit/post-later/01-18-2023-17293410-Community-leaders-and-gun-violence-survivors-come.txt HTTP/1.1" 200 1073 "-" "Mozilla/5.0 (compatible; AhrefsBot/7.0; +http://ahrefs.com/robot/)" "metrocrimedaily.com"
109.70.148.37 - - [20/Jan/2023:03:02:11 -0800] "GET /wp-login.php HTTP/1.1" 404 88 "" "Mozilla/5.0 (Windows NT 10.0; Win64; x64; rv:108.0) Gecko/20100101 Firefox/108.0" "metrocrimedaily.com"
51.222.253.6 - - [20/Jan/2023:03:03:26 -0800] "GET /instagram-detroit/post-later/01-18-2023-17293411-Detroit-police-asking-for-help-identifying-men-in.txt HTTP/1.1" 200 631 "-" "Mozilla/5.0 (compatible; AhrefsBot/7.0; +http://ahrefs.com/robot/)" "metrocrimedaily.com"
51.222.253.7 - - [20/Jan/2023:03:05:40 -0800] "GET /instagram-detroit/post-later/01-18-2023-17293412-Dearborn-woman-found-not-guilty-in-daycare-shooti.txt HTTP/1.1" 200 762 "-" "Mozilla/5.0 (compatible; AhrefsBot/7.0; +http://ahrefs.com/robot/)" "metrocrimedaily.com"
51.222.253.2 - - [20/Jan/2023:03:07:57 -0800] "GET /instagram-detroit/post-later/01-18-2023-17293413-5-women-arraigned-on-charges-in-Ulta-shoplifting-.txt HTTP/1.1" 200 651 "-" "Mozilla/5.0 (compatible; AhrefsBot/7.0; +http://ahrefs.com/robot/)" "metrocrimedaily.com"
51.222.253.11 - - [20/Jan/2023:03:10:18 -0800] "GET /instagram-detroit/post-later/01-18-2023-17293414-Feds--Dearborn-woman-convicted-in-scheme-to-steal.txt HTTP/1.1" 200 739 "-" "Mozilla/5.0 (compatible; AhrefsBot/7.0; +http://ahrefs.com/robot/)" "metrocrimedaily.com"
51.222.253.10 - - [20/Jan/2023:03:12:30 -0800] "GET /instagram-detroit/post-later/01-18-2023-17293415-Cohen-meets-Trump-prosecutors-amid-renewed-hush-m.txt HTTP/1.1" 200 1127 "-" "Mozilla/5.0 (compatible; AhrefsBot/7.0; +http://ahrefs.com/robot/)" "metrocrimedaily.com"
51.222.253.11 - - [20/Jan/2023:03:14:46 -0800] "GET /instagram-detroit/post-later/01-18-2023-1729344-Theft-investigation-ends-on-Wyandotte-K-9%3B-praise.txt HTTP/1.1" 200 1112 "-" "Mozilla/5.0 (compatible; AhrefsBot/7.0; +http://ahrefs.com/robot/)" "metrocrimedaily.com"
51.222.253.12 - - [20/Jan/2023:03:17:05 -0800] "GET /instagram-detroit/post-later/01-18-2023-1729347-Detroit-police-searching-for-missing--vulnerable-.txt HTTP/1.1" 200 472 "-" "Mozilla/5.0 (compatible; AhrefsBot/7.0; +http://ahrefs.com/robot/)" "metrocrimedaily.com"
51.222.253.13 - - [20/Jan/2023:03:19:22 -0800] "GET /instagram-detroit/post-later/01-18-2023-1729348-Detroit-man-connected-to-2-fatal-shootings-in-Dec.txt HTTP/1.1" 200 917 "-" "Mozilla/5.0 (compatible; AhrefsBot/7.0; +http://ahrefs.com/robot/)" "metrocrimedaily.com"
45.252.248.7 - - [20/Jan/2023:03:20:24 -0800] "GET /wp-login.php HTTP/1.1" 404 88 "" "Mozilla/5.0 (Windows NT 10.0; Win64; x64; rv:108.0) Gecko/20100101 Firefox/108.0" "metrocrimedaily.com"
69.63.184.5 - - [20/Jan/2023:03:20:56 -0800] "GET /instagram-houston/01-20-2023-0520381-A.jpg HTTP/1.1" 404 88 "-" "facebookexternalhit/1.1 (+http://www.facebook.com/externalhit_uatext.php)" "www.metrocrimedaily.com"
69.63.184.119 - - [20/Jan/2023:03:21:16 -0800] "GET /instagram-houston/01-20-2023-0520382-A.jpg HTTP/1.1" 404 88 "-" "facebookexternalhit/1.1 (+http://www.facebook.com/externalhit_uatext.php)" "www.metrocrimedaily.com"
51.222.253.6 - - [20/Jan/2023:03:21:24 -0800] "GET /instagram-detroit/post-later/01-18-2023-1920276-Detroit-Police-Fire-and-Pension-Fund--DPD--WWE-in.txt HTTP/1.1" 200 969 "-" "Mozilla/5.0 (compatible; AhrefsBot/7.0; +http://ahrefs.com/robot/)" "metrocrimedaily.com"
51.222.253.5 - - [20/Jan/2023:03:23:40 -0800] "GET /instagram-detroit/post-later/01-19-2023-0243221--Absurd---Mother-of-Zion-Foster-blasts-prison-rel.txt HTTP/1.1" 200 1119 "-" "Mozilla/5.0 (compatible; AhrefsBot/7.0; +http://ahrefs.com/robot/)" "metrocrimedaily.com"
51.222.253.3 - - [20/Jan/2023:03:25:58 -0800] "GET /instagram-detroit/post-later/01-19-2023-12073010-17-year-old-girl-still-missing-days-after-leaving.txt HTTP/1.1" 200 467 "-" "Mozilla/5.0 (compatible; AhrefsBot/7.0; +http://ahrefs.com/robot/)" "metrocrimedaily.com"
51.222.253.17 - - [20/Jan/2023:03:28:08 -0800] "GET /instagram-detroit/post-later/01-19-2023-12073011-Michigan-mother-charged-with-murder-after-4-year-.txt HTTP/1.1" 200 623 "-" "Mozilla/5.0 (compatible; AhrefsBot/7.0; +http://ahrefs.com/robot/)" "metrocrimedaily.com"
51.222.253.20 - - [20/Jan/2023:03:30:39 -0800] "GET /instagram-detroit/post-later/01-19-2023-1207308-Oakland-County-deputy-being-investigated-after-in.txt HTTP/1.1" 200 1082 "-" "Mozilla/5.0 (compatible; AhrefsBot/7.0; +http://ahrefs.com/robot/)" "metrocrimedaily.com"
51.222.253.16 - - [20/Jan/2023:03:32:57 -0800] "GET /instagram-detroit/post-later/01-19-2023-18031510-Lakeland-HS-student-killed-in-crash-after-apparen.txt HTTP/1.1" 200 540 "-" "Mozilla/5.0 (compatible; AhrefsBot/7.0; +http://ahrefs.com/robot/)" "metrocrimedaily.com"
69.63.184.3 - - [20/Jan/2023:03:33:11 -0800] "GET /instagram-atlanta/01-20-2023-0532491-A.jpg HTTP/1.1" 404 88 "-" "facebookexternalhit/1.1 (+http://www.facebook.com/externalhit_uatext.php)" "www.metrocrimedaily.com"
69.63.184.5 - - [20/Jan/2023:03:33:34 -0800] "GET /instagram-atlanta/01-20-2023-0532492-A.jpg HTTP/1.1" 404 88 "-" "facebookexternalhit/1.1 (+http://www.facebook.com/externalhit_uatext.php)" "www.metrocrimedaily.com"
51.222.253.20 - - [20/Jan/2023:03:35:18 -0800] "GET /instagram-detroit/post-later/01-19-2023-18031512-Michigan-man-sentenced-30-years-for-sexually-assa.txt HTTP/1.1" 200 946 "-" "Mozilla/5.0 (compatible; AhrefsBot/7.0; +http://ahrefs.com/robot/)" "metrocrimedaily.com"
51.222.253.4 - - [20/Jan/2023:03:37:24 -0800] "GET /instagram-detroit/post-later/01-19-2023-1803154-Man-found-sleeping-in-strip-mall-parking-lot-tell.txt HTTP/1.1" 200 728 "-" "Mozilla/5.0 (compatible; AhrefsBot/7.0; +http://ahrefs.com/robot/)" "metrocrimedaily.com"
51.222.253.12 - - [20/Jan/2023:03:39:17 -0800] "GET /robots.txt HTTP/1.1" 404 88 "-" "Mozilla/5.0 (compatible; AhrefsBot/7.0; +http://ahrefs.com/robot/)" "www.metrocrimedaily.com"
51.222.253.10 - - [20/Jan/2023:03:39:18 -0800] "GET / HTTP/1.1" 200 128809 "-" "Mozilla/5.0 (compatible; AhrefsBot/7.0; +http://ahrefs.com/robot/)" "www.metrocrimedaily.com"
51.222.253.1 - - [20/Jan/2023:03:39:28 -0800] "GET /images/facebook-logo-tiny.png HTTP/1.1" 200 1280 "-" "Mozilla/5.0 (compatible; AhrefsBot/7.0; +http://ahrefs.com/robot/)" "www.metrocrimedaily.com"
51.222.253.4 - - [20/Jan/2023:03:39:29 -0800] "GET / HTTP/1.1" 200 128809 "-" "Mozilla/5.0 (compatible; AhrefsBot/7.0; +http://ahrefs.com/robot/)" "www.metrocrimedaily.com"
51.222.253.10 - - [20/Jan/2023:03:39:29 -0800] "GET /images/twitter-logo-b-tiny.png HTTP/1.1" 200 1600 "-" "Mozilla/5.0 (compatible; AhrefsBot/7.0; +http://ahrefs.com/robot/)" "www.metrocrimedaily.com"
51.222.253.3 - - [20/Jan/2023:03:39:30 -0800] "GET /images/youtube-logo-tiny.png HTTP/1.1" 200 689 "-" "Mozilla/5.0 (compatible; AhrefsBot/7.0; +http://ahrefs.com/robot/)" "www.metrocrimedaily.com"
51.222.253.3 - - [20/Jan/2023:03:39:30 -0800] "GET /images/crimeinthed-logo.jpg HTTP/1.1" 200 14960 "-" "Mozilla/5.0 (compatible; AhrefsBot/7.0; +http://ahrefs.com/robot/)" "www.metrocrimedaily.com"
51.222.253.13 - - [20/Jan/2023:03:41:20 -0800] "GET /instagram-detroit/post-later/01-12-2023-2017512-Teen-hospitalized-after-hair-spray-can-explodes-i.txt HTTP/1.1" 200 563 "-" "Mozilla/5.0 (compatible; AhrefsBot/7.0; +http://ahrefs.com/robot/)" "metrocrimedaily.com"
51.222.253.13 - - [20/Jan/2023:03:43:42 -0800] "GET /instagram-detroit/post-later/01-12-2023-2017514-74-year-old-Detroit-woman-reported-missing-by-her.txt HTTP/1.1" 200 407 "-" "Mozilla/5.0 (compatible; AhrefsBot/7.0; +http://ahrefs.com/robot/)" "metrocrimedaily.com"
69.63.184.118 - - [20/Jan/2023:03:43:52 -0800] "GET /instagram-stlouis/01-20-2023-0543321-A.jpg HTTP/1.1" 404 88 "-" "facebookexternalhit/1.1 (+http://www.facebook.com/externalhit_uatext.php)" "www.metrocrimedaily.com"
69.63.184.118 - - [20/Jan/2023:03:44:12 -0800] "GET /instagram-stlouis/01-20-2023-0543322-A.jpg HTTP/1.1" 404 88 "-" "facebookexternalhit/1.1 (+http://www.facebook.com/externalhit_uatext.php)" "www.metrocrimedaily.com"
51.222.253.1 - - [20/Jan/2023:03:46:10 -0800] "GET /instagram-detroit/post-later/01-12-2023-2122121-Ghost-guns--fentanyl-and-cocaine-seized-by-Detroi.txt HTTP/1.1" 200 1151 "-" "Mozilla/5.0 (compatible; AhrefsBot/7.0; +http://ahrefs.com/robot/)" "metrocrimedaily.com"
51.222.253.18 - - [20/Jan/2023:03:48:44 -0800] "GET /instagram-detroit/post-later/01-12-2023-2122122-Police-arrest-suspect-in-Southfield-Freeway-shoot.txt HTTP/1.1" 200 576 "-" "Mozilla/5.0 (compatible; AhrefsBot/7.0; +http://ahrefs.com/robot/)" "metrocrimedaily.com"
139.196.207.33 - - [20/Jan/2023:03:50:56 -0800] "GET /wp-login.php HTTP/1.1" 404 88 "" "Mozilla/5.0 (Windows NT 10.0; Win64; x64; rv:108.0) Gecko/20100101 Firefox/108.0" "metrocrimedaily.com"
51.222.253.16 - - [20/Jan/2023:03:51:06 -0800] "GET /instagram-detroit/post-later/01-12-2023-2122123-Workers-find-3-dogs-stolen-from-Detroit-shelter.-.txt HTTP/1.1" 200 1200 "-" "Mozilla/5.0 (compatible; AhrefsBot/7.0; +http://ahrefs.com/robot/)" "metrocrimedaily.com"
69.63.184.1 - - [20/Jan/2023:03:52:07 -0800] "GET /instagram-chicago/01-20-2023-0551441-A.jpg HTTP/1.1" 404 88 "-" "facebookexternalhit/1.1 (+http://www.facebook.com/externalhit_uatext.php)" "www.metrocrimedaily.com"
51.222.253.19 - - [20/Jan/2023:03:53:21 -0800] "GET /instagram-detroit/post-later/01-12-2023-2334031-Michigan-State-Police-investigating-shooting-at-G.txt HTTP/1.1" 200 591 "-" "Mozilla/5.0 (compatible; AhrefsBot/7.0; +http://ahrefs.com/robot/)" "metrocrimedaily.com"
51.222.253.9 - - [20/Jan/2023:03:56:24 -0800] "GET /instagram-detroit/post-later/01-12-2023-2334032-Detroit-teen-confesses-to-murdering-best-friend-d.txt HTTP/1.1" 200 504 "-" "Mozilla/5.0 (compatible; AhrefsBot/7.0; +http://ahrefs.com/robot/)" "metrocrimedaily.com"
51.222.253.6 - - [20/Jan/2023:03:58:37 -0800] "GET /instagram-detroit/post-later/01-13-2023-0624102-Watch-out-for-scammers-as-Mega-Millions-jackpot-r.txt HTTP/1.1" 200 645 "-" "Mozilla/5.0 (compatible; AhrefsBot/7.0; +http://ahrefs.com/robot/)" "metrocrimedaily.com"
51.222.253.19 - - [20/Jan/2023:04:01:02 -0800] "GET /instagram-detroit/post-later/01-13-2023-0720062-5-arrested-after-Ulta-beauty-store-in-Green-Oak-T.txt HTTP/1.1" 200 1084 "-" "Mozilla/5.0 (compatible; AhrefsBot/7.0; +http://ahrefs.com/robot/)" "metrocrimedaily.com"
69.63.184.4 - - [20/Jan/2023:04:03:16 -0800] "GET /instagram-detroit/01-20-2023-0602551-A.jpg HTTP/1.1" 404 88 "-" "facebookexternalhit/1.1 (+http://www.facebook.com/externalhit_uatext.php)" "www.metrocrimedaily.com"
76.184.252.42 - - [20/Jan/2023:04:03:27 -0800] "GET /images/police-tape.jpg HTTP/1.1" 200 50766 "-" "Wget/1.20.3 (mingw32)" "metrocrimedaily.com"
51.222.253.19 - - [20/Jan/2023:04:03:27 -0800] "GET /instagram-detroit/post-later/01-13-2023-0913171-Two-found-dead-in-car-on-Detroit-s-east-side--sus.txt HTTP/1.1" 200 454 "-" "Mozilla/5.0 (compatible; AhrefsBot/7.0; +http://ahrefs.com/robot/)" "metrocrimedaily.com"
69.63.184.2 - - [20/Jan/2023:04:03:37 -0800] "GET /instagram-detroit/01-20-2023-0602552-A.jpg HTTP/1.1" 404 88 "-" "facebookexternalhit/1.1 (+http://www.facebook.com/externalhit_uatext.php)" "www.metrocrimedaily.com"
69.63.184.2 - - [20/Jan/2023:04:04:38 -0800] "GET /instagram-houston/01-20-2023-0604191-A.jpg HTTP/1.1" 404 88 "-" "facebookexternalhit/1.1 (+http://www.facebook.com/externalhit_uatext.php)" "www.metrocrimedaily.com"
157.55.39.167 - - [20/Jan/2023:04:04:53 -0800] "GET /instagram-detroit/12-20-2022-1216266-Man-who-stabbed-Macomb-prison-inmate-in-October-c.txt HTTP/1.1" 404 88 "-" "Mozilla/5.0 AppleWebKit/537.36 (KHTML, like Gecko; compatible; bingbot/2.0; +http://www.bing.com/bingbot.htm) Chrome/103.0.5060.134 Safari/537.36" "www.metrocrimedaily.com"
69.63.184.118 - - [20/Jan/2023:04:04:58 -0800] "GET /instagram-houston/01-20-2023-0604192-A.jpg HTTP/1.1" 404 88 "-" "facebookexternalhit/1.1 (+http://www.facebook.com/externalhit_uatext.php)" "www.metrocrimedaily.com"
51.222.253.19 - - [20/Jan/2023:04:05:38 -0800] "GET /instagram-detroit/post-later/01-13-2023-0913172-Detroit-Police-involved-in-7-hour-barricaded-stan.txt HTTP/1.1" 200 585 "-" "Mozilla/5.0 (compatible; AhrefsBot/7.0; +http://ahrefs.com/robot/)" "metrocrimedaily.com"
12.227.13.118 - - [20/Jan/2023:04:06:43 -0800] "GET / HTTP/1.1" 200 1699 "-" "Mozilla/5.0 (Windows NT 10.0; Win64; x64) AppleWebKit/537.36 (KHTML, like Gecko) Chrome/109.0.0.0 Safari/537.36" "metrocrimedaily.com"
12.227.13.118 - - [20/Jan/2023:04:06:56 -0800] "GET / HTTP/1.1" 200 1699 "https://www.google.com/" "Mozilla/5.0 (Windows NT 10.0; Win64; x64) AppleWebKit/537.36 (KHTML, like Gecko) Chrome/109.0.0.0 Safari/537.36" "www.metrocrimedaily.com"
12.227.13.118 - - [20/Jan/2023:04:06:56 -0800] "GET /favicon.ico HTTP/1.1" 404 88 "http://www.metrocrimedaily.com/" "Mozilla/5.0 (Windows NT 10.0; Win64; x64) AppleWebKit/537.36 (KHTML, like Gecko) Chrome/109.0.0.0 Safari/537.36" "www.metrocrimedaily.com"
12.227.13.118 - - [20/Jan/2023:04:07:01 -0800] "GET /metrocrime-detroit.html HTTP/1.1" 200 1356 "http://www.metrocrimedaily.com/" "Mozilla/5.0 (Windows NT 10.0; Win64; x64) AppleWebKit/537.36 (KHTML, like Gecko) Chrome/109.0.0.0 Safari/537.36" "www.metrocrimedaily.com"
12.227.13.118 - - [20/Jan/2023:04:07:01 -0800] "GET /images/crimeinthed-logo.jpg HTTP/1.1" 200 14960 "http://www.metrocrimedaily.com/metrocrime-detroit.html" "Mozilla/5.0 (Windows NT 10.0; Win64; x64) AppleWebKit/537.36 (KHTML, like Gecko) Chrome/109.0.0.0 Safari/537.36" "www.metrocrimedaily.com"
12.227.13.118 - - [20/Jan/2023:04:07:01 -0800] "GET /social-media-menu.html HTTP/1.1" 200 554 "http://www.metrocrimedaily.com/metrocrime-detroit.html" "Mozilla/5.0 (Windows NT 10.0; Win64; x64) AppleWebKit/537.36 (KHTML, like Gecko) Chrome/109.0.0.0 Safari/537.36" "www.metrocrimedaily.com"
12.227.13.118 - - [20/Jan/2023:04:07:01 -0800] "GET /main-menu.html HTTP/1.1" 200 897 "http://www.metrocrimedaily.com/metrocrime-detroit.html" "Mozilla/5.0 (Windows NT 10.0; Win64; x64) AppleWebKit/537.36 (KHTML, like Gecko) Chrome/109.0.0.0 Safari/537.36" "www.metrocrimedaily.com"
12.227.13.118 - - [20/Jan/2023:04:07:01 -0800] "GET /images/crime-scene.jpg HTTP/1.1" 200 15225 "http://www.metrocrimedaily.com/metrocrime-detroit.html" "Mozilla/5.0 (Windows NT 10.0; Win64; x64) AppleWebKit/537.36 (KHTML, like Gecko) Chrome/109.0.0.0 Safari/537.36" "www.metrocrimedaily.com"
12.227.13.118 - - [20/Jan/2023:04:07:01 -0800] "GET /images/do-not-cross.jpg HTTP/1.1" 200 17417 "http://www.metrocrimedaily.com/metrocrime-detroit.html" "Mozilla/5.0 (Windows NT 10.0; Win64; x64) AppleWebKit/537.36 (KHTML, like Gecko) Chrome/109.0.0.0 Safari/537.36" "www.metrocrimedaily.com"
12.227.13.118 - - [20/Jan/2023:04:07:01 -0800] "GET /images/advertise-here.jpg HTTP/1.1" 200 9507 "http://www.metrocrimedaily.com/metrocrime-detroit.html" "Mozilla/5.0 (Windows NT 10.0; Win64; x64) AppleWebKit/537.36 (KHTML, like Gecko) Chrome/109.0.0.0 Safari/537.36" "www.metrocrimedaily.com"
12.227.13.118 - - [20/Jan/2023:04:07:01 -0800] "GET /styles.css HTTP/1.1" 404 88 "http://www.metrocrimedaily.com/social-media-menu.html" "Mozilla/5.0 (Windows NT 10.0; Win64; x64) AppleWebKit/537.36 (KHTML, like Gecko) Chrome/109.0.0.0 Safari/537.36" "www.metrocrimedaily.com"
12.227.13.118 - - [20/Jan/2023:04:07:01 -0800] "GET /styles-links.css HTTP/1.1" 200 369 "http://www.metrocrimedaily.com/social-media-menu.html" "Mozilla/5.0 (Windows NT 10.0; Win64; x64) AppleWebKit/537.36 (KHTML, like Gecko) Chrome/109.0.0.0 Safari/537.36" "www.metrocrimedaily.com"
12.227.13.118 - - [20/Jan/2023:04:07:01 -0800] "GET /styles-mcd.css HTTP/1.1" 200 1159 "http://www.metrocrimedaily.com/main-menu.html" "Mozilla/5.0 (Windows NT 10.0; Win64; x64) AppleWebKit/537.36 (KHTML, like Gecko) Chrome/109.0.0.0 Safari/537.36" "www.metrocrimedaily.com"
12.227.13.118 - - [20/Jan/2023:04:07:01 -0800] "GET /music/maintenance.mp3 HTTP/1.1" 200 17271371 "http://www.metrocrimedaily.com/metrocrime-detroit.html" "Mozilla/5.0 (Windows NT 10.0; Win64; x64) AppleWebKit/537.36 (KHTML, like Gecko) Chrome/109.0.0.0 Safari/537.36" "www.metrocrimedaily.com"
12.227.13.118 - - [20/Jan/2023:04:07:01 -0800] "GET /images/facebook-logo-tiny.png HTTP/1.1" 200 1280 "http://www.metrocrimedaily.com/social-media-menu.html" "Mozilla/5.0 (Windows NT 10.0; Win64; x64) AppleWebKit/537.36 (KHTML, like Gecko) Chrome/109.0.0.0 Safari/537.36" "www.metrocrimedaily.com"
12.227.13.118 - - [20/Jan/2023:04:07:01 -0800] "GET /images/youtube-logo-tiny.png HTTP/1.1" 200 689 "http://www.metrocrimedaily.com/social-media-menu.html" "Mozilla/5.0 (Windows NT 10.0; Win64; x64) AppleWebKit/537.36 (KHTML, like Gecko) Chrome/109.0.0.0 Safari/537.36" "www.metrocrimedaily.com"
12.227.13.118 - - [20/Jan/2023:04:07:01 -0800] "GET /images/twitter-logo-b-tiny.png HTTP/1.1" 200 1600 "http://www.metrocrimedaily.com/social-media-menu.html" "Mozilla/5.0 (Windows NT 10.0; Win64; x64) AppleWebKit/537.36 (KHTML, like Gecko) Chrome/109.0.0.0 Safari/537.36" "www.metrocrimedaily.com"
12.227.13.118 - - [20/Jan/2023:04:07:01 -0800] "GET /music/maintenance.mp3 HTTP/1.1" 206 17271371 "http://www.metrocrimedaily.com/music/maintenance.mp3" "Mozilla/5.0 (Windows NT 10.0; Win64; x64) AppleWebKit/537.36 (KHTML, like Gecko) Chrome/109.0.0.0 Safari/537.36" "www.metrocrimedaily.com"
12.227.13.118 - - [20/Jan/2023:04:07:14 -0800] "GET /index.html HTTP/1.1" 404 88 "http://www.metrocrimedaily.com/main-menu.html" "Mozilla/5.0 (Windows NT 10.0; Win64; x64) AppleWebKit/537.36 (KHTML, like Gecko) Chrome/109.0.0.0 Safari/537.36" "www.metrocrimedaily.com"
51.222.253.2 - - [20/Jan/2023:04:08:14 -0800] "GET /instagram-detroit/post-later/01-13-2023-1113022-82-year-old-Michigan-man-charged-with-more-sex-cr.txt HTTP/1.1" 200 441 "-" "Mozilla/5.0 (compatible; AhrefsBot/7.0; +http://ahrefs.com/robot/)" "metrocrimedaily.com"
51.222.253.8 - - [20/Jan/2023:04:10:27 -0800] "GET /instagram-detroit/post-later/01-13-2023-2225284-5-arrested-in-officer-involved-shooting-Ulta-thef.txt HTTP/1.1" 200 606 "-" "Mozilla/5.0 (compatible; AhrefsBot/7.0; +http://ahrefs.com/robot/)" "metrocrimedaily.com"
51.222.253.17 - - [20/Jan/2023:04:12:41 -0800] "GET /instagram-detroit/post-later/01-14-2023-0006161-Justice-Bernstein-s-backlash-builds-after-critici.txt HTTP/1.1" 200 1122 "-" "Mozilla/5.0 (compatible; AhrefsBot/7.0; +http://ahrefs.com/robot/)" "metrocrimedaily.com"
51.222.253.18 - - [20/Jan/2023:04:14:52 -0800] "GET /instagram-detroit/post-later/01-14-2023-0828041-Dodge-Durangos-targeted-in-Southgate--one-stolen-.txt HTTP/1.1" 200 850 "-" "Mozilla/5.0 (compatible; AhrefsBot/7.0; +http://ahrefs.com/robot/)" "metrocrimedaily.com"
69.63.184.3 - - [20/Jan/2023:04:17:03 -0800] "GET /instagram-atlanta/01-20-2023-0616101-A.jpg HTTP/1.1" 404 88 "-" "facebookexternalhit/1.1 (+http://www.facebook.com/externalhit_uatext.php)" "www.metrocrimedaily.com"
51.222.253.18 - - [20/Jan/2023:04:17:05 -0800] "GET /instagram-detroit/post-later/01-16-2023-0643031-Unidentified--Young-woman-found-shot-in-head--bur.txt HTTP/1.1" 200 724 "-" "Mozilla/5.0 (compatible; AhrefsBot/7.0; +http://ahrefs.com/robot/)" "metrocrimedaily.com"
69.63.184.118 - - [20/Jan/2023:04:17:26 -0800] "GET /instagram-atlanta/01-20-2023-0616102-A.jpg HTTP/1.1" 404 88 "-" "facebookexternalhit/1.1 (+http://www.facebook.com/externalhit_uatext.php)" "www.metrocrimedaily.com"
69.63.184.118 - - [20/Jan/2023:04:18:00 -0800] "GET /instagram-stlouis/01-20-2023-0617411-A.jpg HTTP/1.1" 404 88 "-" "facebookexternalhit/1.1 (+http://www.facebook.com/externalhit_uatext.php)" "www.metrocrimedaily.com"
69.63.184.119 - - [20/Jan/2023:04:18:21 -0800] "GET /instagram-stlouis/01-20-2023-0617412-A.jpg HTTP/1.1" 404 88 "-" "facebookexternalhit/1.1 (+http://www.facebook.com/externalhit_uatext.php)" "www.metrocrimedaily.com"
51.222.253.3 - - [20/Jan/2023:04:19:19 -0800] "GET /instagram-detroit/post-later/01-16-2023-0830281-Man-accused-in-Birmingham-purse-snatching-arreste.txt HTTP/1.1" 200 682 "-" "Mozilla/5.0 (compatible; AhrefsBot/7.0; +http://ahrefs.com/robot/)" "metrocrimedaily.com"
114.119.162.62 - - [20/Jan/2023:04:21:31 -0800] "GET /contact-us.html HTTP/1.1" 200 765 "http://www.metrocrimedaily.com/" "Mozilla/5.0 (Linux; Android 7.0;) AppleWebKit/537.36 (KHTML, like Gecko) Mobile Safari/537.36 (compatible; PetalBot;+https://webmaster.petalsearch.com/site/petalbot)" "www.metrocrimedaily.com"
51.222.253.2 - - [20/Jan/2023:04:21:38 -0800] "GET /instagram-detroit/post-later/01-16-2023-0830282-Speeding-driver-caught-with-loaded-pistol-on-I-69.txt HTTP/1.1" 200 483 "-" "Mozilla/5.0 (compatible; AhrefsBot/7.0; +http://ahrefs.com/robot/)" "metrocrimedaily.com"
69.63.184.2 - - [20/Jan/2023:04:22:18 -0800] "GET /instagram-chicago/01-20-2023-0621541-A.jpg HTTP/1.1" 404 88 "-" "facebookexternalhit/1.1 (+http://www.facebook.com/externalhit_uatext.php)" "www.metrocrimedaily.com"
51.222.253.19 - - [20/Jan/2023:04:23:50 -0800] "GET /instagram-detroit/post-later/01-16-2023-0830283-1-injured-in-officer-involved-shooting-at-gas-sta.txt HTTP/1.1" 200 312 "-" "Mozilla/5.0 (compatible; AhrefsBot/7.0; +http://ahrefs.com/robot/)" "metrocrimedaily.com"
69.63.184.120 - - [20/Jan/2023:04:26:02 -0800] "GET /instagram-newyork/01-20-2023-0625441-A.jpg HTTP/1.1" 404 88 "-" "facebookexternalhit/1.1 (+http://www.facebook.com/externalhit_uatext.php)" "www.metrocrimedaily.com"
51.222.253.20 - - [20/Jan/2023:04:26:05 -0800] "GET /instagram-detroit/post-later/01-17-2023-1632554-Cousin-of-missing-Detroit-teen-Zion-Foster-releas.txt HTTP/1.1" 200 735 "-" "Mozilla/5.0 (compatible; AhrefsBot/7.0; +http://ahrefs.com/robot/)" "metrocrimedaily.com"
51.222.253.18 - - [20/Jan/2023:04:28:42 -0800] "GET /instagram-detroit/post-later/01-17-2023-1817164-Ann-Arbor-shaken-after-a-man-caught-on-camera-fir.txt HTTP/1.1" 200 1101 "-" "Mozilla/5.0 (compatible; AhrefsBot/7.0; +http://ahrefs.com/robot/)" "metrocrimedaily.com"
69.63.184.116 - - [20/Jan/2023:04:29:46 -0800] "GET /instagram-memphis/01-20-2023-0629281-A.jpg HTTP/1.1" 404 88 "-" "facebookexternalhit/1.1 (+http://www.facebook.com/externalhit_uatext.php)" "www.metrocrimedaily.com"
51.222.253.4 - - [20/Jan/2023:04:30:59 -0800] "GET /instagram-detroit/post-later/01-17-2023-1817166----Strong-police-work.----DPD-defends-credit-card.txt HTTP/1.1" 200 1100 "-" "Mozilla/5.0 (compatible; AhrefsBot/7.0; +http://ahrefs.com/robot/)" "metrocrimedaily.com"
69.63.184.120 - - [20/Jan/2023:04:32:35 -0800] "GET /instagram-dallas/01-20-2023-0632141-A.jpg HTTP/1.1" 404 88 "-" "facebookexternalhit/1.1 (+http://www.facebook.com/externalhit_uatext.php)" "www.metrocrimedaily.com"
69.63.184.120 - - [20/Jan/2023:04:33:01 -0800] "GET /instagram-dallas/01-20-2023-0632142-A.jpg HTTP/1.1" 404 88 "-" "facebookexternalhit/1.1 (+http://www.facebook.com/externalhit_uatext.php)" "www.metrocrimedaily.com"
51.222.253.11 - - [20/Jan/2023:04:33:23 -0800] "GET /instagram-detroit/post-later/01-17-2023-1817168-State-warns-of-cannabis-delivery-drivers-being-ro.txt HTTP/1.1" 200 667 "-" "Mozilla/5.0 (compatible; AhrefsBot/7.0; +http://ahrefs.com/robot/)" "metrocrimedaily.com"
66.249.70.134 - - [20/Jan/2023:04:35:46 -0800] "GET /robots.txt HTTP/1.1" 404 88 "-" "Mozilla/5.0 (compatible; Googlebot/2.1; +http://www.google.com/bot.html)" "metrocrimedaily.com"
51.222.253.1 - - [20/Jan/2023:04:36:05 -0800] "GET /instagram-detroit/post-later/01-17-2023-1817169-Dog-rescue-captured-on-police-body-cameras-at-Ann.txt HTTP/1.1" 200 634 "-" "Mozilla/5.0 (compatible; AhrefsBot/7.0; +http://ahrefs.com/robot/)" "metrocrimedaily.com"
66.249.70.138 - - [20/Jan/2023:04:36:34 -0800] "GET /images/back-drop.jpg HTTP/1.1" 200 39594 "-" "Googlebot-Image/1.0" "metrocrimedaily.com"
66.249.70.136 - - [20/Jan/2023:04:36:34 -0800] "GET /images/crime-scene-banner-houston.jpg HTTP/1.1" 404 88 "-" "Googlebot-Image/1.0" "metrocrimedaily.com"
66.249.70.144 - - [20/Jan/2023:04:36:36 -0800] "GET /images/crime-scene-banner-stlouis.jpg HTTP/1.1" 404 88 "-" "Googlebot-Image/1.0" "metrocrimedaily.com"
66.249.70.138 - - [20/Jan/2023:04:36:40 -0800] "GET /images/advertise-here.jpg HTTP/1.1" 200 9507 "-" "Googlebot-Image/1.0" "metrocrimedaily.com"
66.249.70.138 - - [20/Jan/2023:04:36:41 -0800] "GET /images/atlanta-fulton-county.jpg HTTP/1.1" 200 7955 "-" "Googlebot-Image/1.0" "metrocrimedaily.com"
66.249.70.144 - - [20/Jan/2023:04:36:41 -0800] "GET /images/do-not-cross.jpg HTTP/1.1" 200 17417 "-" "Googlebot-Image/1.0" "metrocrimedaily.com"
66.249.70.136 - - [20/Jan/2023:04:36:41 -0800] "GET /images/mcd-blog.jpg HTTP/1.1" 200 5239 "-" "Googlebot-Image/1.0" "metrocrimedaily.com"
66.249.70.144 - - [20/Jan/2023:04:36:42 -0800] "GET /images/houston-harris-county.jpg HTTP/1.1" 200 8893 "-" "Googlebot-Image/1.0" "metrocrimedaily.com"
66.249.70.144 - - [20/Jan/2023:04:36:42 -0800] "GET /images/downtown-detroit.jpg HTTP/1.1" 200 10971 "-" "Googlebot-Image/1.0" "metrocrimedaily.com"
66.249.70.138 - - [20/Jan/2023:04:36:42 -0800] "GET /images/dallas-dallas-county.jpg HTTP/1.1" 200 8819 "-" "Googlebot-Image/1.0" "metrocrimedaily.com"
66.249.70.142 - - [20/Jan/2023:04:36:42 -0800] "GET /images/new-orleans-orleans-parish.jpg HTTP/1.1" 200 9641 "-" "Googlebot-Image/1.0" "metrocrimedaily.com"
66.249.70.140 - - [20/Jan/2023:04:36:43 -0800] "GET /images/chicago-cook-county.jpg HTTP/1.1" 200 8416 "-" "Googlebot-Image/1.0" "metrocrimedaily.com"
66.249.70.136 - - [20/Jan/2023:04:36:43 -0800] "GET /images/crime-scene.jpg HTTP/1.1" 200 15225 "-" "Googlebot-Image/1.0" "metrocrimedaily.com"
66.249.70.138 - - [20/Jan/2023:04:36:44 -0800] "GET /styles.css HTTP/1.1" 404 88 "https://metrocrimedaily.com/social-media-menu.html" "Mozilla/5.0 (Linux; Android 6.0.1; Nexus 5X Build/MMB29P) AppleWebKit/537.36 (KHTML, like Gecko) Chrome/108.0.5359.130 Mobile Safari/537.36 (compatible; Googlebot/2.1; +http://www.google.com/bot.html)" "metrocrimedaily.com"
66.249.70.136 - - [20/Jan/2023:04:36:44 -0800] "GET /images/crime-scene.jpg HTTP/1.1" 200 15225 "-" "Googlebot-Image/1.0" "metrocrimedaily.com"
66.249.70.136 - - [20/Jan/2023:04:36:45 -0800] "GET /images/chicago.jpg HTTP/1.1" 200 6623 "-" "Googlebot-Image/1.0" "metrocrimedaily.com"
66.249.70.134 - - [20/Jan/2023:04:36:46 -0800] "GET /styles.css HTTP/1.1" 404 88 "https://metrocrimedaily.com/social-media-menu.html" "Mozilla/5.0 (Linux; Android 6.0.1; Nexus 5X Build/MMB29P) AppleWebKit/537.36 (KHTML, like Gecko) Chrome/108.0.5359.130 Mobile Safari/537.36 (compatible; Googlebot/2.1; +http://www.google.com/bot.html)" "metrocrimedaily.com"
66.249.70.136 - - [20/Jan/2023:04:36:46 -0800] "GET /styles.css HTTP/1.1" 404 88 "https://metrocrimedaily.com/mcd-news-stories.html" "Mozilla/5.0 (Linux; Android 6.0.1; Nexus 5X Build/MMB29P) AppleWebKit/537.36 (KHTML, like Gecko) Chrome/108.0.5359.130 Mobile Safari/537.36 (compatible; Googlebot/2.1; +http://www.google.com/bot.html)" "metrocrimedaily.com"
66.249.70.140 - - [20/Jan/2023:04:36:46 -0800] "GET /images/crime-scene-banner-atlanta.jpg HTTP/1.1" 200 51934 "-" "Googlebot-Image/1.0" "metrocrimedaily.com"
66.249.70.138 - - [20/Jan/2023:04:36:47 -0800] "GET /styles.css HTTP/1.1" 404 88 "https://metrocrimedaily.com/social-media-menu.html" "Mozilla/5.0 (Linux; Android 6.0.1; Nexus 5X Build/MMB29P) AppleWebKit/537.36 (KHTML, like Gecko) Chrome/108.0.5359.130 Mobile Safari/537.36 (compatible; Googlebot/2.1; +http://www.google.com/bot.html)" "metrocrimedaily.com"
66.249.70.146 - - [20/Jan/2023:04:36:48 -0800] "GET /styles.css HTTP/1.1" 404 88 "https://metrocrimedaily.com/social-media-menu.html" "Mozilla/5.0 (Linux; Android 6.0.1; Nexus 5X Build/MMB29P) AppleWebKit/537.36 (KHTML, like Gecko) Chrome/108.0.5359.130 Mobile Safari/537.36 (compatible; Googlebot/2.1; +http://www.google.com/bot.html)" "metrocrimedaily.com"
66.249.70.142 - - [20/Jan/2023:04:36:49 -0800] "GET /styles.css HTTP/1.1" 404 88 "https://metrocrimedaily.com/social-media-menu.html" "Mozilla/5.0 (Linux; Android 6.0.1; Nexus 5X Build/MMB29P) AppleWebKit/537.36 (KHTML, like Gecko) Chrome/108.0.5359.130 Mobile Safari/537.36 (compatible; Googlebot/2.1; +http://www.google.com/bot.html)" "metrocrimedaily.com"
66.249.70.140 - - [20/Jan/2023:04:36:50 -0800] "GET /instagram-atlanta/01-12-2023-1639161-A.jpg HTTP/1.1" 200 151117 "-" "Googlebot-Image/1.0" "metrocrimedaily.com"
66.249.70.140 - - [20/Jan/2023:04:36:51 -0800] "GET /instagram-atlanta/01-12-2023-2104263-A.jpg HTTP/1.1" 200 181998 "-" "Googlebot-Image/1.0" "metrocrimedaily.com"
66.249.70.146 - - [20/Jan/2023:04:36:52 -0800] "GET /instagram-atlanta/01-12-2023-1731481-A.jpg HTTP/1.1" 200 144558 "-" "Googlebot-Image/1.0" "metrocrimedaily.com"
66.249.70.144 - - [20/Jan/2023:04:36:52 -0800] "GET /styles-2b1.css HTTP/1.1" 404 88 "https://metrocrimedaily.com/cw-privacy-policy.html" "Mozilla/5.0 (Linux; Android 6.0.1; Nexus 5X Build/MMB29P) AppleWebKit/537.36 (KHTML, like Gecko) Chrome/108.0.5359.130 Mobile Safari/537.36 (compatible; Googlebot/2.1; +http://www.google.com/bot.html)" "metrocrimedaily.com"
66.249.70.134 - - [20/Jan/2023:04:36:52 -0800] "GET /styles.css HTTP/1.1" 404 88 "https://metrocrimedaily.com/social-media-menu.html" "Mozilla/5.0 (Linux; Android 6.0.1; Nexus 5X Build/MMB29P) AppleWebKit/537.36 (KHTML, like Gecko) Chrome/108.0.5359.130 Mobile Safari/537.36 (compatible; Googlebot/2.1; +http://www.google.com/bot.html)" "metrocrimedaily.com"
66.249.70.146 - - [20/Jan/2023:04:36:53 -0800] "GET /instagram-atlanta/01-12-2023-2104262-A.jpg HTTP/1.1" 200 183279 "-" "Googlebot-Image/1.0" "metrocrimedaily.com"
66.249.70.138 - - [20/Jan/2023:04:36:53 -0800] "GET /styles.css HTTP/1.1" 404 88 "https://metrocrimedaily.com/social-media-menu.html" "Mozilla/5.0 (Linux; Android 6.0.1; Nexus 5X Build/MMB29P) AppleWebKit/537.36 (KHTML, like Gecko) Chrome/108.0.5359.130 Mobile Safari/537.36 (compatible; Googlebot/2.1; +http://www.google.com/bot.html)" "metrocrimedaily.com"
66.249.70.136 - - [20/Jan/2023:04:36:53 -0800] "GET /instagram-atlanta/01-12-2023-2104261-A.jpg HTTP/1.1" 200 163126 "-" "Googlebot-Image/1.0" "metrocrimedaily.com"
66.249.70.146 - - [20/Jan/2023:04:36:53 -0800] "GET /images/crime-scene-chicago-banner.jpg HTTP/1.1" 200 50989 "-" "Googlebot-Image/1.0" "metrocrimedaily.com"
66.249.70.144 - - [20/Jan/2023:04:36:55 -0800] "GET /instagram-houston/01-11-2023-0923071-A.jpg HTTP/1.1" 200 196053 "-" "Googlebot-Image/1.0" "metrocrimedaily.com"
66.249.70.136 - - [20/Jan/2023:04:36:55 -0800] "GET /instagram-houston/01-11-2023-1117542-A.jpg HTTP/1.1" 200 195411 "-" "Googlebot-Image/1.0" "metrocrimedaily.com"
66.249.70.134 - - [20/Jan/2023:04:36:55 -0800] "GET /instagram-detroit/01-12-2023-1633583-A.jpg HTTP/1.1" 200 140923 "-" "Googlebot-Image/1.0" "metrocrimedaily.com"
66.249.70.134 - - [20/Jan/2023:04:36:56 -0800] "GET /instagram-detroit/01-12-2023-16335810-A.jpg HTTP/1.1" 200 111399 "-" "Googlebot-Image/1.0" "metrocrimedaily.com"
66.249.70.140 - - [20/Jan/2023:04:36:56 -0800] "GET /instagram-detroit/01-12-2023-1633582-A.jpg HTTP/1.1" 200 150901 "-" "Googlebot-Image/1.0" "metrocrimedaily.com"
66.249.70.140 - - [20/Jan/2023:04:36:56 -0800] "GET /instagram-detroit/01-12-2023-1633581-A.jpg HTTP/1.1" 200 81893 "-" "Googlebot-Image/1.0" "metrocrimedaily.com"
66.249.70.138 - - [20/Jan/2023:04:36:57 -0800] "GET /instagram-detroit/01-12-2023-1633584-A.jpg HTTP/1.1" 200 95156 "-" "Googlebot-Image/1.0" "metrocrimedaily.com"
66.249.70.134 - - [20/Jan/2023:04:36:57 -0800] "GET /instagram-houston/01-11-2023-1117541-A.jpg HTTP/1.1" 200 179492 "-" "Googlebot-Image/1.0" "metrocrimedaily.com"
66.249.70.138 - - [20/Jan/2023:04:36:57 -0800] "GET /instagram-houston/01-11-2023-0923072-A.jpg HTTP/1.1" 200 143591 "-" "Googlebot-Image/1.0" "metrocrimedaily.com"
66.249.70.136 - - [20/Jan/2023:04:36:58 -0800] "GET /instagram-houston/01-11-2023-1117543-A.jpg HTTP/1.1" 200 218144 "-" "Googlebot-Image/1.0" "metrocrimedaily.com"
66.249.70.144 - - [20/Jan/2023:04:36:58 -0800] "GET /instagram-neworleans/01-11-2023-1233481-A.jpg HTTP/1.1" 200 186724 "-" "Googlebot-Image/1.0" "metrocrimedaily.com"
66.249.70.142 - - [20/Jan/2023:04:36:59 -0800] "GET /instagram-neworleans/01-11-2023-1331311-A.jpg HTTP/1.1" 200 624821 "-" "Googlebot-Image/1.0" "metrocrimedaily.com"
66.249.70.134 - - [20/Jan/2023:04:37:00 -0800] "GET /instagram-neworleans/01-11-2023-0844513-A.jpg HTTP/1.1" 200 144505 "-" "Googlebot-Image/1.0" "metrocrimedaily.com"
66.249.70.136 - - [20/Jan/2023:04:37:00 -0800] "GET /images/crime-watch.JPG HTTP/1.1" 200 150414 "-" "Googlebot-Image/1.0" "metrocrimedaily.com"
66.249.70.142 - - [20/Jan/2023:04:37:00 -0800] "GET /instagram-neworleans/01-11-2023-1233482-A.jpg HTTP/1.1" 200 219630 "-" "Googlebot-Image/1.0" "metrocrimedaily.com"
66.249.70.138 - - [20/Jan/2023:04:37:01 -0800] "GET /instagram-neworleans/01-11-2023-1438141-A.jpg HTTP/1.1" 200 186386 "-" "Googlebot-Image/1.0" "metrocrimedaily.com"
66.249.70.142 - - [20/Jan/2023:04:37:01 -0800] "GET /instagram-newyork/01-11-2023-1441471-A.jpg HTTP/1.1" 200 115009 "-" "Googlebot-Image/1.0" "metrocrimedaily.com"
66.249.70.134 - - [20/Jan/2023:04:37:01 -0800] "GET /instagram-newyork/01-11-2023-1108512-A.jpg HTTP/1.1" 200 123683 "-" "Googlebot-Image/1.0" "metrocrimedaily.com"
66.249.70.138 - - [20/Jan/2023:04:37:02 -0800] "GET /instagram-newyork/01-11-2023-1347411-A.jpg HTTP/1.1" 200 97475 "-" "Googlebot-Image/1.0" "metrocrimedaily.com"
66.249.70.142 - - [20/Jan/2023:04:37:02 -0800] "GET /images/crime-scene-dallas-banner.jpg HTTP/1.1" 200 39594 "-" "Googlebot-Image/1.0" "metrocrimedaily.com"
66.249.70.142 - - [20/Jan/2023:04:37:02 -0800] "GET /instagram-newyork/01-11-2023-1441472-A.jpg HTTP/1.1" 200 97884 "-" "Googlebot-Image/1.0" "metrocrimedaily.com"
66.249.70.136 - - [20/Jan/2023:04:37:02 -0800] "GET /instagram-newyork/01-11-2023-1108511-A.jpg HTTP/1.1" 200 102147 "-" "Googlebot-Image/1.0" "metrocrimedaily.com"
66.249.70.138 - - [20/Jan/2023:04:37:02 -0800] "GET /images/crime-scene-1A.jpg HTTP/1.1" 200 34146 "-" "Googlebot-Image/1.0" "metrocrimedaily.com"
66.249.70.138 - - [20/Jan/2023:04:37:09 -0800] "GET /instagram-memphis/01-11-2023-1047292-A.jpg HTTP/1.1" 200 116689 "-" "Googlebot-Image/1.0" "metrocrimedaily.com"
66.249.70.138 - - [20/Jan/2023:04:37:10 -0800] "GET /instagram-memphis/01-11-2023-1314581-A.jpg HTTP/1.1" 200 111498 "-" "Googlebot-Image/1.0" "metrocrimedaily.com"
66.249.70.136 - - [20/Jan/2023:04:37:10 -0800] "GET /instagram-memphis/01-11-2023-1047291-A.jpg HTTP/1.1" 200 222291 "-" "Googlebot-Image/1.0" "metrocrimedaily.com"
66.249.70.136 - - [20/Jan/2023:04:37:10 -0800] "GET /instagram-memphis/01-11-2023-1047294-A.jpg HTTP/1.1" 200 126117 "-" "Googlebot-Image/1.0" "metrocrimedaily.com"
66.249.70.136 - - [20/Jan/2023:04:37:10 -0800] "GET /instagram-memphis/01-11-2023-1047293-A.jpg HTTP/1.1" 200 101390 "-" "Googlebot-Image/1.0" "metrocrimedaily.com"
66.249.70.134 - - [20/Jan/2023:04:37:15 -0800] "GET /instagram-dallas/01-11-2023-1933531-A.jpg HTTP/1.1" 200 178367 "-" "Googlebot-Image/1.0" "metrocrimedaily.com"
66.249.70.138 - - [20/Jan/2023:04:37:15 -0800] "GET /instagram-dallas/01-11-2023-19335312-A.jpg HTTP/1.1" 200 194491 "-" "Googlebot-Image/1.0" "metrocrimedaily.com"
66.249.70.138 - - [20/Jan/2023:04:37:15 -0800] "GET /instagram-dallas/01-11-2023-19335311-A.jpg HTTP/1.1" 200 117438 "-" "Googlebot-Image/1.0" "metrocrimedaily.com"
66.249.70.136 - - [20/Jan/2023:04:37:16 -0800] "GET /instagram-dallas/01-11-2023-19335310-A.jpg HTTP/1.1" 200 127587 "-" "Googlebot-Image/1.0" "metrocrimedaily.com"
66.249.70.138 - - [20/Jan/2023:04:37:16 -0800] "GET /instagram-dallas/01-11-2023-1933532-A.jpg HTTP/1.1" 200 168241 "-" "Googlebot-Image/1.0" "metrocrimedaily.com"
66.249.70.136 - - [20/Jan/2023:04:37:16 -0800] "GET /instagram-chicago/01-13-2023-1310152-A.jpg HTTP/1.1" 200 293983 "-" "Googlebot-Image/1.0" "metrocrimedaily.com"
66.249.70.138 - - [20/Jan/2023:04:37:17 -0800] "GET /instagram-chicago/01-13-2023-1116573-A.jpg HTTP/1.1" 200 75041 "-" "Googlebot-Image/1.0" "metrocrimedaily.com"
66.249.70.134 - - [20/Jan/2023:04:37:17 -0800] "GET /instagram-chicago/01-13-2023-1310153-A.jpg HTTP/1.1" 200 337826 "-" "Googlebot-Image/1.0" "metrocrimedaily.com"
66.249.70.138 - - [20/Jan/2023:04:37:18 -0800] "GET /instagram-chicago/01-13-2023-1433481-A.jpg HTTP/1.1" 200 150869 "-" "Googlebot-Image/1.0" "metrocrimedaily.com"
66.249.70.138 - - [20/Jan/2023:04:37:18 -0800] "GET /instagram-chicago/01-13-2023-1310151-A.jpg HTTP/1.1" 200 293983 "-" "Googlebot-Image/1.0" "metrocrimedaily.com"
66.249.70.136 - - [20/Jan/2023:04:37:20 -0800] "GET /music/AlbumArtSmall.jpg HTTP/1.1" 200 103358 "-" "Googlebot-Image/1.0" "metrocrimedaily.com"
66.249.70.134 - - [20/Jan/2023:04:37:20 -0800] "GET /music/Folder.jpg HTTP/1.1" 200 103358 "-" "Googlebot-Image/1.0" "metrocrimedaily.com"
66.249.70.136 - - [20/Jan/2023:04:37:20 -0800] "GET /music/AlbumArt_%7BB5020207-474E-4720-30B0-772E1B5FD300%7D_Large.jpg HTTP/1.1" 200 103358 "-" "Googlebot-Image/1.0" "metrocrimedaily.com"
66.249.70.134 - - [20/Jan/2023:04:37:26 -0800] "GET /music/AlbumArt_%7BB5020207-474E-4720-30B0-772E1B5FD300%7D_Small.jpg HTTP/1.1" 200 103358 "-" "Googlebot-Image/1.0" "metrocrimedaily.com"
66.249.70.134 - - [20/Jan/2023:04:37:32 -0800] "GET /images/crime-scene-1.jpg HTTP/1.1" 200 25333 "-" "Googlebot-Image/1.0" "metrocrimedaily.com"
66.249.70.136 - - [20/Jan/2023:04:37:32 -0800] "GET /instagram-losangeles/01-11-2023-1616001-A.jpg HTTP/1.1" 200 126307 "-" "Googlebot-Image/1.0" "metrocrimedaily.com"
66.249.70.136 - - [20/Jan/2023:04:37:33 -0800] "GET /instagram-losangeles/01-11-2023-1233051-A.jpg HTTP/1.1" 200 117762 "-" "Googlebot-Image/1.0" "metrocrimedaily.com"
66.249.70.134 - - [20/Jan/2023:04:37:33 -0800] "GET /instagram-losangeles/01-11-2023-1521491-A.jpg HTTP/1.1" 200 159644 "-" "Googlebot-Image/1.0" "metrocrimedaily.com"
66.249.70.134 - - [20/Jan/2023:04:37:33 -0800] "GET /instagram-losangeles/01-11-2023-1431561-A.jpg HTTP/1.1" 200 1149707 "-" "Googlebot-Image/1.0" "metrocrimedaily.com"
66.249.70.134 - - [20/Jan/2023:04:37:35 -0800] "GET /instagram-losangeles/01-11-2023-1050171-A.jpg HTTP/1.1" 200 129446 "-" "Googlebot-Image/1.0" "metrocrimedaily.com"
66.249.70.136 - - [20/Jan/2023:04:37:50 -0800] "GET /instagram-stlouis/01-12-2023-1715592-A.jpg HTTP/1.1" 200 178656 "-" "Googlebot-Image/1.0" "metrocrimedaily.com"
66.249.70.138 - - [20/Jan/2023:04:37:50 -0800] "GET /instagram-stlouis/01-12-2023-1715593-A.jpg HTTP/1.1" 200 204898 "-" "Googlebot-Image/1.0" "metrocrimedaily.com"
66.249.70.138 - - [20/Jan/2023:04:37:51 -0800] "GET /instagram-stlouis/01-12-2023-1715595-A.jpg HTTP/1.1" 200 360099 "-" "Googlebot-Image/1.0" "metrocrimedaily.com"
66.249.70.136 - - [20/Jan/2023:04:37:51 -0800] "GET /instagram-stlouis/01-12-2023-1715591-A.jpg HTTP/1.1" 200 122124 "-" "Googlebot-Image/1.0" "metrocrimedaily.com"
66.249.70.138 - - [20/Jan/2023:04:37:52 -0800] "GET /instagram-stlouis/01-12-2023-1715594-A.jpg HTTP/1.1" 200 183799 "-" "Googlebot-Image/1.0" "metrocrimedaily.com"
51.222.253.5 - - [20/Jan/2023:04:38:29 -0800] "GET /instagram-detroit/post-later/01-17-2023-2021285-Southfield-police-want-help-identifying-suspect-i.txt HTTP/1.1" 200 622 "-" "Mozilla/5.0 (compatible; AhrefsBot/7.0; +http://ahrefs.com/robot/)" "metrocrimedaily.com"
51.222.253.6 - - [20/Jan/2023:04:40:40 -0800] "GET /instagram-detroit/post-later/01-17-2023-2021286-Metro-Detroit-man-sentenced-to-prison-for-robbing.txt HTTP/1.1" 200 799 "-" "Mozilla/5.0 (compatible; AhrefsBot/7.0; +http://ahrefs.com/robot/)" "metrocrimedaily.com"
66.249.70.120 - - [20/Jan/2023:04:41:01 -0800] "GET /images/downtown-detroit.jpg HTTP/1.1" 200 10971 "-" "Googlebot-Image/1.0" "www.metrocrimedaily.com"
66.249.70.118 - - [20/Jan/2023:04:41:05 -0800] "GET /favicon.ico HTTP/1.1" 404 88 "-" "Googlebot-Image/1.0" "www.metrocrimedaily.com"
66.249.70.118 - - [20/Jan/2023:04:41:13 -0800] "GET /favicon.ico HTTP/1.1" 404 88 "-" "Googlebot-Image/1.0" "www.metrocrimedaily.com"
66.249.70.139 - - [20/Jan/2023:04:41:15 -0800] "GET /styles.css HTTP/1.1" 404 88 "http://metrocrimedaily.com/mcd-news-stories.html" "Mozilla/5.0 (Linux; Android 6.0.1; Nexus 5X Build/MMB29P) AppleWebKit/537.36 (KHTML, like Gecko) Chrome/108.0.5359.130 Mobile Safari/537.36 (compatible; Googlebot/2.1; +http://www.google.com/bot.html)" "metrocrimedaily.com"
66.249.70.135 - - [20/Jan/2023:04:41:23 -0800] "GET /styles.css HTTP/1.1" 404 88 "http://metrocrimedaily.com/social-media-menu.html" "Mozilla/5.0 (Linux; Android 6.0.1; Nexus 5X Build/MMB29P) AppleWebKit/537.36 (KHTML, like Gecko) Chrome/108.0.5359.130 Mobile Safari/537.36 (compatible; Googlebot/2.1; +http://www.google.com/bot.html)" "metrocrimedaily.com"
66.249.70.132 - - [20/Jan/2023:04:41:25 -0800] "GET /images/crime-scene-banner-stlouis.jpg HTTP/1.1" 404 88 "-" "Googlebot-Image/1.0" "metrocrimedaily.com"
66.249.70.139 - - [20/Jan/2023:04:41:26 -0800] "GET /instagram-losangeles/01-11-2023-1616001-A.jpg HTTP/1.1" 200 126307 "-" "Googlebot-Image/1.0" "metrocrimedaily.com"
66.249.70.155 - - [20/Jan/2023:04:41:26 -0800] "GET /instagram-losangeles/01-11-2023-1233051-A.jpg HTTP/1.1" 200 117762 "-" "Googlebot-Image/1.0" "metrocrimedaily.com"
66.249.70.129 - - [20/Jan/2023:04:41:26 -0800] "GET /instagram-losangeles/01-11-2023-1050171-A.jpg HTTP/1.1" 200 129446 "-" "Googlebot-Image/1.0" "metrocrimedaily.com"
66.249.70.137 - - [20/Jan/2023:04:41:26 -0800] "GET /instagram-losangeles/01-11-2023-1431561-A.jpg HTTP/1.1" 200 1149707 "-" "Googlebot-Image/1.0" "metrocrimedaily.com"
66.249.70.155 - - [20/Jan/2023:04:41:27 -0800] "GET /instagram-losangeles/01-11-2023-2050301-A.jpg HTTP/1.1" 200 399532 "-" "Googlebot-Image/1.0" "metrocrimedaily.com"
66.249.70.139 - - [20/Jan/2023:04:41:28 -0800] "GET /instagram-losangeles/01-11-2023-1616002-A.jpg HTTP/1.1" 200 92327 "-" "Googlebot-Image/1.0" "metrocrimedaily.com"
66.249.70.159 - - [20/Jan/2023:04:41:29 -0800] "GET /instagram-losangeles/01-11-2023-2140271-A.jpg HTTP/1.1" 200 101510 "-" "Googlebot-Image/1.0" "metrocrimedaily.com"
