51.222.253.12 - - [20/Jan/2023:07:21:44 -0800] "GET /instagram-dallas/post-later/01-17-2023-2204052-Man-gets-60-years-for-murder-of-Fort-Worth-police.txt HTTP/1.1" 200 1011 "-" "Mozilla/5.0 (compatible; AhrefsBot/7.0; +http://ahrefs.com/robot/)" "metrocrimedaily.com"
51.222.253.11 - - [20/Jan/2023:07:23:34 -0800] "GET /instagram-dallas/post-later/01-17-2023-2204053-Man-accused-of-kidnapping-missing-Collin-County-w.txt HTTP/1.1" 200 1058 "-" "Mozilla/5.0 (compatible; AhrefsBot/7.0; +http://ahrefs.com/robot/)" "metrocrimedaily.com"
51.222.253.13 - - [20/Jan/2023:07:25:29 -0800] "GET /instagram-dallas/post-later/01-17-2023-2204054-Michigan-Family-Gets-Life-in-Prison-for-Killing-F.txt HTTP/1.1" 200 706 "-" "Mozilla/5.0 (compatible; AhrefsBot/7.0; +http://ahrefs.com/robot/)" "metrocrimedaily.com"
51.222.253.11 - - [20/Jan/2023:07:27:35 -0800] "GET /instagram-dallas/post-later/01-17-2023-2306311-Fort-Worth-boxing-community-mourns-loss-of-coach-.txt HTTP/1.1" 200 49 "-" "Mozilla/5.0 (compatible; AhrefsBot/7.0; +http://ahrefs.com/robot/)" "metrocrimedaily.com"
51.222.253.5 - - [20/Jan/2023:07:29:32 -0800] "GET /instagram-dallas/post-later/01-17-2023-2306312-Former-GOP-candidate-arrested-in-series-of-shooti.txt HTTP/1.1" 200 1161 "-" "Mozilla/5.0 (compatible; AhrefsBot/7.0; +http://ahrefs.com/robot/)" "metrocrimedaily.com"
51.222.253.20 - - [20/Jan/2023:07:31:34 -0800] "GET /instagram-dallas/post-later/01-17-2023-2306313-Tulare-massacre--Mother--infant-among-6-killed-ex.txt HTTP/1.1" 200 1052 "-" "Mozilla/5.0 (compatible; AhrefsBot/7.0; +http://ahrefs.com/robot/)" "metrocrimedaily.com"
51.222.253.6 - - [20/Jan/2023:07:33:42 -0800] "GET /instagram-dallas/post-later/01-17-2023-2306314-Porn-actor-Ron-Jeremy-mentally-incompetent-to-sta.txt HTTP/1.1" 200 1138 "-" "Mozilla/5.0 (compatible; AhrefsBot/7.0; +http://ahrefs.com/robot/)" "metrocrimedaily.com"
51.222.253.19 - - [20/Jan/2023:07:36:07 -0800] "GET /instagram-dallas/post-later/01-17-2023-2306315-Amber-Alert-issued-for-missing-11-month-old-girl-.txt HTTP/1.1" 200 565 "-" "Mozilla/5.0 (compatible; AhrefsBot/7.0; +http://ahrefs.com/robot/)" "metrocrimedaily.com"
51.222.253.3 - - [20/Jan/2023:07:38:26 -0800] "GET /instagram-dallas/post-later/01-17-2023-2349122--It-s-tragic---Fort-Worth-boxing-community-mourns.txt HTTP/1.1" 200 1021 "-" "Mozilla/5.0 (compatible; AhrefsBot/7.0; +http://ahrefs.com/robot/)" "metrocrimedaily.com"
69.63.184.6 - - [20/Jan/2023:07:39:18 -0800] "GET /instagram-dallas/01-20-2023-0938561-A.jpg HTTP/1.1" 404 88 "-" "facebookexternalhit/1.1 (+http://www.facebook.com/externalhit_uatext.php)" "www.metrocrimedaily.com"
69.63.184.119 - - [20/Jan/2023:07:39:59 -0800] "GET /instagram-dallas/01-20-2023-0938562-A.jpg HTTP/1.1" 404 88 "-" "facebookexternalhit/1.1 (+http://www.facebook.com/externalhit_uatext.php)" "www.metrocrimedaily.com"
69.63.184.120 - - [20/Jan/2023:07:40:36 -0800] "GET /instagram-dallas/01-20-2023-0938563-A.jpg HTTP/1.1" 404 88 "-" "facebookexternalhit/1.1 (+http://www.facebook.com/externalhit_uatext.php)" "www.metrocrimedaily.com"
51.222.253.9 - - [20/Jan/2023:07:40:38 -0800] "GET /instagram-dallas/post-later/01-17-2023-2349123-Arrests-made-in-burglaries-targeting-South-Asian-.txt HTTP/1.1" 200 1005 "-" "Mozilla/5.0 (compatible; AhrefsBot/7.0; +http://ahrefs.com/robot/)" "metrocrimedaily.com"
69.63.184.6 - - [20/Jan/2023:07:41:54 -0800] "GET /instagram-losangeles/01-20-2023-0941361-A.jpg HTTP/1.1" 404 88 "-" "facebookexternalhit/1.1 (+http://www.facebook.com/externalhit_uatext.php)" "www.metrocrimedaily.com"
69.63.184.1 - - [20/Jan/2023:07:42:14 -0800] "GET /instagram-losangeles/01-20-2023-0941362-A.jpg HTTP/1.1" 404 88 "-" "facebookexternalhit/1.1 (+http://www.facebook.com/externalhit_uatext.php)" "www.metrocrimedaily.com"
51.222.253.15 - - [20/Jan/2023:07:42:55 -0800] "GET /instagram-dallas/post-later/01-18-2023-0143441-Utah-Man-Who-Killed-Wife-and-Their-Five-Kids-Had-.txt HTTP/1.1" 200 1140 "-" "Mozilla/5.0 (compatible; AhrefsBot/7.0; +http://ahrefs.com/robot/)" "metrocrimedaily.com"
51.222.253.12 - - [20/Jan/2023:07:45:14 -0800] "GET /instagram-dallas/post-later/01-18-2023-0645282-Fort-Worth-boxing-coach-shot-to-death-by-underage.txt HTTP/1.1" 200 49 "-" "Mozilla/5.0 (compatible; AhrefsBot/7.0; +http://ahrefs.com/robot/)" "metrocrimedaily.com"
69.63.184.118 - - [20/Jan/2023:07:46:50 -0800] "GET /instagram-houston/01-20-2023-0946301-A.jpg HTTP/1.1" 404 88 "-" "facebookexternalhit/1.1 (+http://www.facebook.com/externalhit_uatext.php)" "www.metrocrimedaily.com"
69.63.184.119 - - [20/Jan/2023:07:47:10 -0800] "GET /instagram-houston/01-20-2023-0946302-A.jpg HTTP/1.1" 404 88 "-" "facebookexternalhit/1.1 (+http://www.facebook.com/externalhit_uatext.php)" "www.metrocrimedaily.com"
51.222.253.4 - - [20/Jan/2023:07:47:15 -0800] "GET /instagram-dallas/post-later/01-18-2023-0939044-Excessive-Speed-Listed-as-Cause-of-Fatal-Georgia-.txt HTTP/1.1" 200 1131 "-" "Mozilla/5.0 (compatible; AhrefsBot/7.0; +http://ahrefs.com/robot/)" "metrocrimedaily.com"
69.63.184.4 - - [20/Jan/2023:07:47:30 -0800] "GET /instagram-houston/01-20-2023-0946303-A.jpg HTTP/1.1" 404 88 "-" "facebookexternalhit/1.1 (+http://www.facebook.com/externalhit_uatext.php)" "www.metrocrimedaily.com"
178.208.67.32 - - [20/Jan/2023:07:48:31 -0800] "GET /wp-login.php HTTP/1.1" 404 88 "" "Mozilla/5.0 (Windows NT 10.0; Win64; x64; rv:108.0) Gecko/20100101 Firefox/108.0" "metrocrimedaily.com"
51.222.253.6 - - [20/Jan/2023:07:49:24 -0800] "GET /instagram-dallas/post-later/01-18-2023-0939045-Dallas-firefighter-arrested-on-child-pornography-.txt HTTP/1.1" 200 438 "-" "Mozilla/5.0 (compatible; AhrefsBot/7.0; +http://ahrefs.com/robot/)" "metrocrimedaily.com"
207.46.13.46 - - [20/Jan/2023:07:51:10 -0800] "GET /instagram-dallas/12-23-2022-1328342-Australian-Soccer-Club-Sanctioned-After-Pitch-Inv.txt HTTP/1.1" 404 88 "-" "Mozilla/5.0 AppleWebKit/537.36 (KHTML, like Gecko; compatible; bingbot/2.0; +http://www.bing.com/bingbot.htm) Chrome/103.0.5060.134 Safari/537.36" "www.metrocrimedaily.com"
51.222.253.2 - - [20/Jan/2023:07:51:22 -0800] "GET /instagram-dallas/post-later/01-18-2023-1200506-Dallas-firefighter-arrested-on-child-pornography-.txt HTTP/1.1" 200 192 "-" "Mozilla/5.0 (compatible; AhrefsBot/7.0; +http://ahrefs.com/robot/)" "metrocrimedaily.com"
172.58.122.183 - - [20/Jan/2023:07:51:49 -0800] "GET /styles-mcd.css HTTP/1.1" 200 1159 "-" "Mozilla/5.0 (Linux; Android 12; SM-G781U) AppleWebKit/537.36 (KHTML, like Gecko) Chrome/102.0.0.0 Mobile Safari/537.36" "www.metrocrimedaily.com"
172.58.122.183 - - [20/Jan/2023:07:51:55 -0800] "GET / HTTP/1.1" 200 1699 "-" "Mozilla/5.0 (Linux; Android 12; SM-G781U) AppleWebKit/537.36 (KHTML, like Gecko) Chrome/102.0.0.0 Mobile Safari/537.36" "www.metrocrimedaily.com"
172.58.122.183 - - [20/Jan/2023:07:51:56 -0800] "GET /favicon.ico HTTP/1.1" 404 88 "http://www.metrocrimedaily.com/" "Mozilla/5.0 (Linux; Android 12; SM-G781U) AppleWebKit/537.36 (KHTML, like Gecko) Chrome/102.0.0.0 Mobile Safari/537.36" "www.metrocrimedaily.com"
51.222.253.11 - - [20/Jan/2023:07:53:19 -0800] "GET /instagram-dallas/post-later/01-18-2023-1419302-Defense-attorneys-for-former-Fort-Worth-officer-A.txt HTTP/1.1" 200 748 "-" "Mozilla/5.0 (compatible; AhrefsBot/7.0; +http://ahrefs.com/robot/)" "metrocrimedaily.com"
172.58.122.183 - - [20/Jan/2023:07:53:18 -0800] "GET /instagram-detroit/ HTTP/1.1" 200 9201 "http://www.metrocrimedaily.com/" "Mozilla/5.0 (Linux; Android 12; SM-G781U) AppleWebKit/537.36 (KHTML, like Gecko) Chrome/102.0.0.0 Mobile Safari/537.36" "www.metrocrimedaily.com"
172.58.122.183 - - [20/Jan/2023:07:54:05 -0800] "GET /instagram-detroit/01-19-2023-0752351-A.jpg HTTP/1.1" 200 54589 "http://www.metrocrimedaily.com/instagram-detroit/" "Mozilla/5.0 (Linux; Android 12; SM-G781U) AppleWebKit/537.36 (KHTML, like Gecko) Chrome/102.0.0.0 Mobile Safari/537.36" "www.metrocrimedaily.com"
172.58.122.183 - - [20/Jan/2023:07:54:25 -0800] "GET /instagram-detroit/01-19-2023-0918142-A.jpg HTTP/1.1" 200 66473 "http://www.metrocrimedaily.com/instagram-detroit/" "Mozilla/5.0 (Linux; Android 12; SM-G781U) AppleWebKit/537.36 (KHTML, like Gecko) Chrome/102.0.0.0 Mobile Safari/537.36" "www.metrocrimedaily.com"
172.58.122.183 - - [20/Jan/2023:07:54:41 -0800] "GET /instagram-detroit/01-19-2023-0918141-A.jpg HTTP/1.1" 200 81773 "http://www.metrocrimedaily.com/instagram-detroit/" "Mozilla/5.0 (Linux; Android 12; SM-G781U) AppleWebKit/537.36 (KHTML, like Gecko) Chrome/102.0.0.0 Mobile Safari/537.36" "www.metrocrimedaily.com"
172.58.122.183 - - [20/Jan/2023:07:54:50 -0800] "GET /instagram-detroit/01-19-2023-0918141-Young-suspect-in-Macomb-County-bank-robbery-conti.txt HTTP/1.1" 200 1071 "http://www.metrocrimedaily.com/instagram-detroit/" "Mozilla/5.0 (Linux; Android 12; SM-G781U) AppleWebKit/537.36 (KHTML, like Gecko) Chrome/102.0.0.0 Mobile Safari/537.36" "www.metrocrimedaily.com"
172.58.122.183 - - [20/Jan/2023:07:55:08 -0800] "GET /instagram-detroit/01-19-2023-0918142-Police-searching-for-13-year-old-boy--who-went-mi.txt HTTP/1.1" 200 571 "http://www.metrocrimedaily.com/instagram-detroit/" "Mozilla/5.0 (Linux; Android 12; SM-G781U) AppleWebKit/537.36 (KHTML, like Gecko) Chrome/102.0.0.0 Mobile Safari/537.36" "www.metrocrimedaily.com"
172.58.122.183 - - [20/Jan/2023:07:55:16 -0800] "GET /instagram-detroit/01-19-2023-0752351--.txt HTTP/1.1" 200 20 "http://www.metrocrimedaily.com/instagram-detroit/" "Mozilla/5.0 (Linux; Android 12; SM-G781U) AppleWebKit/537.36 (KHTML, like Gecko) Chrome/102.0.0.0 Mobile Safari/537.36" "www.metrocrimedaily.com"
51.222.253.19 - - [20/Jan/2023:07:55:25 -0800] "GET /instagram-dallas/post-later/01-18-2023-1419303-Shooting-in-South-Dallas-kills-one--injures-anoth.txt HTTP/1.1" 200 521 "-" "Mozilla/5.0 (compatible; AhrefsBot/7.0; +http://ahrefs.com/robot/)" "metrocrimedaily.com"
172.58.122.183 - - [20/Jan/2023:07:55:29 -0800] "GET /instagram-detroit/01-19-2023-0918143-3-get-life-in-prison-after-killing-Flint-security.txt HTTP/1.1" 200 1113 "http://www.metrocrimedaily.com/instagram-detroit/" "Mozilla/5.0 (Linux; Android 12; SM-G781U) AppleWebKit/537.36 (KHTML, like Gecko) Chrome/102.0.0.0 Mobile Safari/537.36" "www.metrocrimedaily.com"
172.58.122.183 - - [20/Jan/2023:07:55:33 -0800] "GET /instagram-detroit/01-19-2023-0918143-A.jpg HTTP/1.1" 200 129768 "http://www.metrocrimedaily.com/instagram-detroit/" "Mozilla/5.0 (Linux; Android 12; SM-G781U) AppleWebKit/537.36 (KHTML, like Gecko) Chrome/102.0.0.0 Mobile Safari/537.36" "www.metrocrimedaily.com"
172.58.122.183 - - [20/Jan/2023:07:56:50 -0800] "GET /instagram-detroit/01-19-2023-1207301-A.jpg HTTP/1.1" 200 60995 "http://www.metrocrimedaily.com/instagram-detroit/" "Mozilla/5.0 (Linux; Android 12; SM-G781U) AppleWebKit/537.36 (KHTML, like Gecko) Chrome/102.0.0.0 Mobile Safari/537.36" "www.metrocrimedaily.com"
172.58.122.183 - - [20/Jan/2023:07:57:37 -0800] "GET /instagram-detroit/01-19-2023-1207301-Alec-Baldwin-to-be-charged-with-involuntary-mansl.txt HTTP/1.1" 200 1148 "http://www.metrocrimedaily.com/instagram-detroit/" "Mozilla/5.0 (Linux; Android 12; SM-G781U) AppleWebKit/537.36 (KHTML, like Gecko) Chrome/102.0.0.0 Mobile Safari/537.36" "www.metrocrimedaily.com"
51.222.253.3 - - [20/Jan/2023:07:57:40 -0800] "GET /instagram-dallas/post-later/01-18-2023-1419304-DFW-Airport-bomb-squad-training-happening-this-af.txt HTTP/1.1" 200 49 "-" "Mozilla/5.0 (compatible; AhrefsBot/7.0; +http://ahrefs.com/robot/)" "metrocrimedaily.com"
172.58.122.183 - - [20/Jan/2023:07:57:48 -0800] "GET /instagram-detroit/01-19-2023-1207302-A.jpg HTTP/1.1" 200 87673 "http://www.metrocrimedaily.com/instagram-detroit/" "Mozilla/5.0 (Linux; Android 12; SM-G781U) AppleWebKit/537.36 (KHTML, like Gecko) Chrome/102.0.0.0 Mobile Safari/537.36" "www.metrocrimedaily.com"
172.58.122.183 - - [20/Jan/2023:07:58:53 -0800] "GET /instagram-detroit/01-19-2023-1207303-A.jpg HTTP/1.1" 200 195692 "http://www.metrocrimedaily.com/instagram-detroit/" "Mozilla/5.0 (Linux; Android 12; SM-G781U) AppleWebKit/537.36 (KHTML, like Gecko) Chrome/102.0.0.0 Mobile Safari/537.36" "www.metrocrimedaily.com"
51.222.253.18 - - [20/Jan/2023:07:59:39 -0800] "GET /instagram-dallas/post-later/01-18-2023-1419305-Massachusetts-Man-Accused-in-Wife-s-Murder-Made-S.txt HTTP/1.1" 200 1053 "-" "Mozilla/5.0 (compatible; AhrefsBot/7.0; +http://ahrefs.com/robot/)" "metrocrimedaily.com"
172.58.122.183 - - [20/Jan/2023:07:59:46 -0800] "GET /instagram-detroit/01-19-2023-1207302-Police-search-for-18-year-old-in-connection-with-.txt HTTP/1.1" 200 648 "http://www.metrocrimedaily.com/instagram-detroit/" "Mozilla/5.0 (Linux; Android 12; SM-G781U) AppleWebKit/537.36 (KHTML, like Gecko) Chrome/102.0.0.0 Mobile Safari/537.36" "www.metrocrimedaily.com"
45.252.251.22 - - [20/Jan/2023:07:59:48 -0800] "GET /wp-login.php HTTP/1.1" 404 88 "" "Mozilla/5.0 (Windows NT 10.0; Win64; x64; rv:108.0) Gecko/20100101 Firefox/108.0" "metrocrimedaily.com"
172.58.122.183 - - [20/Jan/2023:08:00:08 -0800] "GET /instagram-detroit/01-19-2023-1207303-Man-who-threatened-preschoolers-in-Bloomfield-Hil.txt HTTP/1.1" 200 1044 "http://www.metrocrimedaily.com/instagram-detroit/" "Mozilla/5.0 (Linux; Android 12; SM-G781U) AppleWebKit/537.36 (KHTML, like Gecko) Chrome/102.0.0.0 Mobile Safari/537.36" "www.metrocrimedaily.com"
172.58.122.183 - - [20/Jan/2023:08:00:11 -0800] "GET /instagram-detroit/01-19-2023-1207304-A.jpg HTTP/1.1" 200 107075 "http://www.metrocrimedaily.com/instagram-detroit/" "Mozilla/5.0 (Linux; Android 12; SM-G781U) AppleWebKit/537.36 (KHTML, like Gecko) Chrome/102.0.0.0 Mobile Safari/537.36" "www.metrocrimedaily.com"
172.58.122.183 - - [20/Jan/2023:08:00:56 -0800] "GET /instagram-detroit/01-19-2023-1207304-Suspects-punch--kick-man-in-head-and-steal-his-do.txt HTTP/1.1" 200 371 "http://www.metrocrimedaily.com/instagram-detroit/" "Mozilla/5.0 (Linux; Android 12; SM-G781U) AppleWebKit/537.36 (KHTML, like Gecko) Chrome/102.0.0.0 Mobile Safari/537.36" "www.metrocrimedaily.com"
172.58.122.183 - - [20/Jan/2023:08:01:53 -0800] "GET /instagram-detroit/01-19-2023-1207305-A.jpg HTTP/1.1" 200 271304 "http://www.metrocrimedaily.com/instagram-detroit/" "Mozilla/5.0 (Linux; Android 12; SM-G781U) AppleWebKit/537.36 (KHTML, like Gecko) Chrome/102.0.0.0 Mobile Safari/537.36" "www.metrocrimedaily.com"
51.222.253.17 - - [20/Jan/2023:08:01:56 -0800] "GET /instagram-dallas/post-later/01-18-2023-1419306-Fake-Cannabis-Billionaire-Justin-Costello-Pleads-.txt HTTP/1.1" 200 964 "-" "Mozilla/5.0 (compatible; AhrefsBot/7.0; +http://ahrefs.com/robot/)" "metrocrimedaily.com"
172.58.122.183 - - [20/Jan/2023:08:02:16 -0800] "GET /instagram-detroit/01-19-2023-1207305-Woman-found-shot-to-death-in-Ann-Arbor-parking-lo.txt HTTP/1.1" 200 680 "http://www.metrocrimedaily.com/instagram-detroit/" "Mozilla/5.0 (Linux; Android 12; SM-G781U) AppleWebKit/537.36 (KHTML, like Gecko) Chrome/102.0.0.0 Mobile Safari/537.36" "www.metrocrimedaily.com"
172.58.122.183 - - [20/Jan/2023:08:02:40 -0800] "GET /instagram-detroit/01-19-2023-1207306-13-year-old-boy-missing-after-leaving-Detroit-hom.txt HTTP/1.1" 200 418 "http://www.metrocrimedaily.com/instagram-detroit/" "Mozilla/5.0 (Linux; Android 12; SM-G781U) AppleWebKit/537.36 (KHTML, like Gecko) Chrome/102.0.0.0 Mobile Safari/537.36" "www.metrocrimedaily.com"
51.222.253.10 - - [20/Jan/2023:08:04:03 -0800] "GET /instagram-dallas/post-later/01-18-2023-1419308-Parents-Say-Virginia-District-Where-1st-Grader-Sh.txt HTTP/1.1" 200 1109 "-" "Mozilla/5.0 (compatible; AhrefsBot/7.0; +http://ahrefs.com/robot/)" "metrocrimedaily.com"
157.55.39.152 - - [20/Jan/2023:08:04:19 -0800] "GET /instagram-dallas/12-26-2022-0932231-Man-Killed-His-Wife-and-Then-Turned-Gun-on-Himsel.txt HTTP/1.1" 404 88 "-" "Mozilla/5.0 AppleWebKit/537.36 (KHTML, like Gecko; compatible; bingbot/2.0; +http://www.bing.com/bingbot.htm) Chrome/103.0.5060.134 Safari/537.36" "www.metrocrimedaily.com"
172.58.122.183 - - [20/Jan/2023:08:04:22 -0800] "GET /instagram-detroit/01-19-2023-1207306-A.jpg HTTP/1.1" 200 84279 "http://www.metrocrimedaily.com/instagram-detroit/" "Mozilla/5.0 (Linux; Android 12; SM-G781U) AppleWebKit/537.36 (KHTML, like Gecko) Chrome/102.0.0.0 Mobile Safari/537.36" "www.metrocrimedaily.com"
172.58.122.183 - - [20/Jan/2023:08:04:35 -0800] "GET /instagram-detroit/01-19-2023-1207307-A.jpg HTTP/1.1" 200 72631 "http://www.metrocrimedaily.com/instagram-detroit/" "Mozilla/5.0 (Linux; Android 12; SM-G781U) AppleWebKit/537.36 (KHTML, like Gecko) Chrome/102.0.0.0 Mobile Safari/537.36" "www.metrocrimedaily.com"
172.58.122.183 - - [20/Jan/2023:08:05:03 -0800] "GET /instagram-detroit/01-19-2023-1207307-Detroit-man-charged-with-murder-after-2-fatal-sho.txt HTTP/1.1" 200 424 "http://www.metrocrimedaily.com/instagram-detroit/" "Mozilla/5.0 (Linux; Android 12; SM-G781U) AppleWebKit/537.36 (KHTML, like Gecko) Chrome/102.0.0.0 Mobile Safari/537.36" "www.metrocrimedaily.com"
172.58.122.183 - - [20/Jan/2023:08:05:09 -0800] "GET /instagram-detroit/01-19-2023-1515441-A.jpg HTTP/1.1" 200 64159 "http://www.metrocrimedaily.com/instagram-detroit/" "Mozilla/5.0 (Linux; Android 12; SM-G781U) AppleWebKit/537.36 (KHTML, like Gecko) Chrome/102.0.0.0 Mobile Safari/537.36" "www.metrocrimedaily.com"
172.58.122.183 - - [20/Jan/2023:08:05:18 -0800] "GET /instagram-detroit/01-19-2023-1515441-Woman-found-dead-inside-vehicle-in-Pittsfield-Tow.txt HTTP/1.1" 200 412 "http://www.metrocrimedaily.com/instagram-detroit/" "Mozilla/5.0 (Linux; Android 12; SM-G781U) AppleWebKit/537.36 (KHTML, like Gecko) Chrome/102.0.0.0 Mobile Safari/537.36" "www.metrocrimedaily.com"
172.58.122.183 - - [20/Jan/2023:08:05:21 -0800] "GET /instagram-detroit/01-19-2023-1515442-A.jpg HTTP/1.1" 200 264929 "http://www.metrocrimedaily.com/instagram-detroit/" "Mozilla/5.0 (Linux; Android 12; SM-G781U) AppleWebKit/537.36 (KHTML, like Gecko) Chrome/102.0.0.0 Mobile Safari/537.36" "www.metrocrimedaily.com"
172.58.122.183 - - [20/Jan/2023:08:05:44 -0800] "GET /instagram-detroit/01-19-2023-1515442-Detroit-firefighter-expected-to-be-charged-with-s.txt HTTP/1.1" 200 667 "http://www.metrocrimedaily.com/instagram-detroit/" "Mozilla/5.0 (Linux; Android 12; SM-G781U) AppleWebKit/537.36 (KHTML, like Gecko) Chrome/102.0.0.0 Mobile Safari/537.36" "www.metrocrimedaily.com"
51.222.253.14 - - [20/Jan/2023:08:06:05 -0800] "GET /instagram-dallas/post-later/01-18-2023-1419309-North-Texas-man-in-custody-for-child-sex-crimes--.txt HTTP/1.1" 200 848 "-" "Mozilla/5.0 (compatible; AhrefsBot/7.0; +http://ahrefs.com/robot/)" "metrocrimedaily.com"
69.63.184.120 - - [20/Jan/2023:08:06:36 -0800] "GET /instagram-atlanta/01-20-2023-1006061-A.jpg HTTP/1.1" 404 88 "-" "facebookexternalhit/1.1 (+http://www.facebook.com/externalhit_uatext.php)" "www.metrocrimedaily.com"
172.58.122.183 - - [20/Jan/2023:08:06:44 -0800] "GET /instagram-detroit/01-19-2023-1515443-A.jpg HTTP/1.1" 200 123239 "http://www.metrocrimedaily.com/instagram-detroit/" "Mozilla/5.0 (Linux; Android 12; SM-G781U) AppleWebKit/537.36 (KHTML, like Gecko) Chrome/102.0.0.0 Mobile Safari/537.36" "www.metrocrimedaily.com"
51.222.253.2 - - [20/Jan/2023:08:08:00 -0800] "GET /instagram-dallas/post-later/01-18-2023-1824272-Dallas-firefighter-arrested-for-possession-of-chi.txt HTTP/1.1" 200 49 "-" "Mozilla/5.0 (compatible; AhrefsBot/7.0; +http://ahrefs.com/robot/)" "metrocrimedaily.com"
172.58.122.183 - - [20/Jan/2023:08:08:11 -0800] "GET /instagram-detroit/01-19-2023-1515443-Family-members-get-life-in-prison-for-murder-of-g.txt HTTP/1.1" 200 1061 "http://www.metrocrimedaily.com/instagram-detroit/" "Mozilla/5.0 (Linux; Android 12; SM-G781U) AppleWebKit/537.36 (KHTML, like Gecko) Chrome/102.0.0.0 Mobile Safari/537.36" "www.metrocrimedaily.com"
172.58.122.183 - - [20/Jan/2023:08:08:23 -0800] "GET /instagram-detroit/01-19-2023-1515444-A.jpg HTTP/1.1" 200 96015 "http://www.metrocrimedaily.com/instagram-detroit/" "Mozilla/5.0 (Linux; Android 12; SM-G781U) AppleWebKit/537.36 (KHTML, like Gecko) Chrome/102.0.0.0 Mobile Safari/537.36" "www.metrocrimedaily.com"
172.58.122.183 - - [20/Jan/2023:08:08:42 -0800] "GET /instagram-detroit/01-19-2023-1515444-Pittsfield-Twp.-police-probe-death-of-woman-found.txt HTTP/1.1" 200 546 "http://www.metrocrimedaily.com/instagram-detroit/" "Mozilla/5.0 (Linux; Android 12; SM-G781U) AppleWebKit/537.36 (KHTML, like Gecko) Chrome/102.0.0.0 Mobile Safari/537.36" "www.metrocrimedaily.com"
172.58.122.183 - - [20/Jan/2023:08:08:52 -0800] "GET /instagram-detroit/01-19-2023-1515445-A.jpg HTTP/1.1" 200 187780 "http://www.metrocrimedaily.com/instagram-detroit/" "Mozilla/5.0 (Linux; Android 12; SM-G781U) AppleWebKit/537.36 (KHTML, like Gecko) Chrome/102.0.0.0 Mobile Safari/537.36" "www.metrocrimedaily.com"
172.58.122.183 - - [20/Jan/2023:08:09:07 -0800] "GET /instagram-detroit/01-19-2023-1515445-TSA-stopped-100-guns-at-Detroit-Metro-Airport-in-.txt HTTP/1.1" 200 862 "http://www.metrocrimedaily.com/instagram-detroit/" "Mozilla/5.0 (Linux; Android 12; SM-G781U) AppleWebKit/537.36 (KHTML, like Gecko) Chrome/102.0.0.0 Mobile Safari/537.36" "www.metrocrimedaily.com"
172.58.122.183 - - [20/Jan/2023:08:09:19 -0800] "GET /instagram-detroit/01-19-2023-1803151-5-suspects-accused-of-trying-to-steal-Ram-trucks-.txt HTTP/1.1" 200 722 "http://www.metrocrimedaily.com/instagram-detroit/" "Mozilla/5.0 (Linux; Android 12; SM-G781U) AppleWebKit/537.36 (KHTML, like Gecko) Chrome/102.0.0.0 Mobile Safari/537.36" "www.metrocrimedaily.com"
172.58.122.183 - - [20/Jan/2023:08:09:22 -0800] "GET /instagram-detroit/01-19-2023-1803151-A.jpg HTTP/1.1" 200 164889 "http://www.metrocrimedaily.com/instagram-detroit/" "Mozilla/5.0 (Linux; Android 12; SM-G781U) AppleWebKit/537.36 (KHTML, like Gecko) Chrome/102.0.0.0 Mobile Safari/537.36" "www.metrocrimedaily.com"
51.222.253.19 - - [20/Jan/2023:08:09:57 -0800] "GET /instagram-dallas/post-later/01-18-2023-1824273-Former-PTA-president-at-Mansfield-ISD-school-accu.txt HTTP/1.1" 200 457 "-" "Mozilla/5.0 (compatible; AhrefsBot/7.0; +http://ahrefs.com/robot/)" "metrocrimedaily.com"
172.58.122.183 - - [20/Jan/2023:08:09:58 -0800] "GET /instagram-detroit/01-19-2023-18031511-5-men-arrested-after-car-theft-attempt-at-Stellan.txt HTTP/1.1" 200 777 "http://www.metrocrimedaily.com/instagram-detroit/" "Mozilla/5.0 (Linux; Android 12; SM-G781U) AppleWebKit/537.36 (KHTML, like Gecko) Chrome/102.0.0.0 Mobile Safari/537.36" "www.metrocrimedaily.com"
172.58.122.183 - - [20/Jan/2023:08:10:03 -0800] "GET /instagram-detroit/01-19-2023-18031511-A.jpg HTTP/1.1" 200 185665 "http://www.metrocrimedaily.com/instagram-detroit/" "Mozilla/5.0 (Linux; Android 12; SM-G781U) AppleWebKit/537.36 (KHTML, like Gecko) Chrome/102.0.0.0 Mobile Safari/537.36" "www.metrocrimedaily.com"
172.58.122.183 - - [20/Jan/2023:08:10:26 -0800] "GET /instagram-detroit/01-19-2023-1803152-A.jpg HTTP/1.1" 200 61976 "http://www.metrocrimedaily.com/instagram-detroit/" "Mozilla/5.0 (Linux; Android 12; SM-G781U) AppleWebKit/537.36 (KHTML, like Gecko) Chrome/102.0.0.0 Mobile Safari/537.36" "www.metrocrimedaily.com"
172.58.122.183 - - [20/Jan/2023:08:10:44 -0800] "GET /instagram-detroit/01-19-2023-1803152-Doctors-emphasize-potential-risks-as-new-weight-l.txt HTTP/1.1" 200 1121 "http://www.metrocrimedaily.com/instagram-detroit/" "Mozilla/5.0 (Linux; Android 12; SM-G781U) AppleWebKit/537.36 (KHTML, like Gecko) Chrome/102.0.0.0 Mobile Safari/537.36" "www.metrocrimedaily.com"
172.58.122.183 - - [20/Jan/2023:08:10:48 -0800] "GET /instagram-detroit/01-19-2023-1803153-A.jpg HTTP/1.1" 200 100680 "http://www.metrocrimedaily.com/instagram-detroit/" "Mozilla/5.0 (Linux; Android 12; SM-G781U) AppleWebKit/537.36 (KHTML, like Gecko) Chrome/102.0.0.0 Mobile Safari/537.36" "www.metrocrimedaily.com"
172.58.122.183 - - [20/Jan/2023:08:11:00 -0800] "GET /instagram-detroit/01-19-2023-1803153-Lakeland-High-School-student-killed-in-Highland-T.txt HTTP/1.1" 200 295 "http://www.metrocrimedaily.com/instagram-detroit/" "Mozilla/5.0 (Linux; Android 12; SM-G781U) AppleWebKit/537.36 (KHTML, like Gecko) Chrome/102.0.0.0 Mobile Safari/537.36" "www.metrocrimedaily.com"
172.58.122.183 - - [20/Jan/2023:08:11:05 -0800] "GET /instagram-detroit/01-19-2023-1954501-A.jpg HTTP/1.1" 200 61077 "http://www.metrocrimedaily.com/instagram-detroit/" "Mozilla/5.0 (Linux; Android 12; SM-G781U) AppleWebKit/537.36 (KHTML, like Gecko) Chrome/102.0.0.0 Mobile Safari/537.36" "www.metrocrimedaily.com"
51.222.253.16 - - [20/Jan/2023:08:12:22 -0800] "GET /instagram-dallas/post-later/01-18-2023-1824274-Arrest-Warrant-Reveals-New-Details-Leading-Up-To-.txt HTTP/1.1" 200 1043 "-" "Mozilla/5.0 (compatible; AhrefsBot/7.0; +http://ahrefs.com/robot/)" "metrocrimedaily.com"
79.127.125.246 - - [20/Jan/2023:08:14:09 -0800] "GET /wp-login.php HTTP/1.1" 404 88 "" "Mozilla/5.0 (Windows NT 10.0; Win64; x64; rv:108.0) Gecko/20100101 Firefox/108.0" "metrocrimedaily.com"
51.222.253.11 - - [20/Jan/2023:08:14:26 -0800] "GET /instagram-dallas/post-later/01-18-2023-1824275-Beloved-Fort-Worth-boxing-coach-killed-in-shootin.txt HTTP/1.1" 200 852 "-" "Mozilla/5.0 (compatible; AhrefsBot/7.0; +http://ahrefs.com/robot/)" "metrocrimedaily.com"
69.63.184.119 - - [20/Jan/2023:08:15:53 -0800] "GET /instagram-dallas/01-20-2023-1015311-A.jpg HTTP/1.1" 404 88 "-" "facebookexternalhit/1.1 (+http://www.facebook.com/externalhit_uatext.php)" "www.metrocrimedaily.com"
51.222.253.7 - - [20/Jan/2023:08:16:31 -0800] "GET /instagram-dallas/post-later/01-18-2023-1824276-Affidavit--Missing-Collin-County-woman-recently-l.txt HTTP/1.1" 200 967 "-" "Mozilla/5.0 (compatible; AhrefsBot/7.0; +http://ahrefs.com/robot/)" "metrocrimedaily.com"
172.58.122.183 - - [20/Jan/2023:08:16:43 -0800] "GET /instagram-detroit/01-19-2023-1954501-Woman-faces-felony-mail-theft-charges-after-Troy-.txt HTTP/1.1" 200 1005 "http://www.metrocrimedaily.com/instagram-detroit/" "Mozilla/5.0 (Linux; Android 12; SM-G781U) AppleWebKit/537.36 (KHTML, like Gecko) Chrome/102.0.0.0 Mobile Safari/537.36" "www.metrocrimedaily.com"
172.58.122.183 - - [20/Jan/2023:08:16:51 -0800] "GET /instagram-detroit/01-19-2023-1954502-A.jpg HTTP/1.1" 200 153526 "http://www.metrocrimedaily.com/instagram-detroit/" "Mozilla/5.0 (Linux; Android 12; SM-G781U) AppleWebKit/537.36 (KHTML, like Gecko) Chrome/102.0.0.0 Mobile Safari/537.36" "www.metrocrimedaily.com"
69.63.184.118 - - [20/Jan/2023:08:17:37 -0800] "GET /instagram-newyork/01-20-2023-1017181-A.jpg HTTP/1.1" 404 88 "-" "facebookexternalhit/1.1 (+http://www.facebook.com/externalhit_uatext.php)" "www.metrocrimedaily.com"
51.222.253.8 - - [20/Jan/2023:08:18:39 -0800] "GET /instagram-dallas/post-later/01-18-2023-1824277-Polar-bear-kills-mother--son-in-Alaska-village--s.txt HTTP/1.1" 200 1004 "-" "Mozilla/5.0 (compatible; AhrefsBot/7.0; +http://ahrefs.com/robot/)" "metrocrimedaily.com"
172.58.122.183 - - [20/Jan/2023:08:20:32 -0800] "GET /instagram-detroit/01-19-2023-1954502-Veteran-Detroit-firefighter-accused-of-selling-dr.txt HTTP/1.1" 200 623 "http://www.metrocrimedaily.com/instagram-detroit/" "Mozilla/5.0 (Linux; Android 12; SM-G781U) AppleWebKit/537.36 (KHTML, like Gecko) Chrome/102.0.0.0 Mobile Safari/537.36" "www.metrocrimedaily.com"
172.58.122.183 - - [20/Jan/2023:08:20:35 -0800] "GET /instagram-detroit/01-19-2023-1954503-A.jpg HTTP/1.1" 200 56193 "http://www.metrocrimedaily.com/instagram-detroit/" "Mozilla/5.0 (Linux; Android 12; SM-G781U) AppleWebKit/537.36 (KHTML, like Gecko) Chrome/102.0.0.0 Mobile Safari/537.36" "www.metrocrimedaily.com"
69.63.184.118 - - [20/Jan/2023:08:20:37 -0800] "GET /instagram-chicago/01-20-2023-1020141-A.jpg HTTP/1.1" 404 88 "-" "facebookexternalhit/1.1 (+http://www.facebook.com/externalhit_uatext.php)" "www.metrocrimedaily.com"
51.222.253.4 - - [20/Jan/2023:08:20:44 -0800] "GET /instagram-dallas/post-later/01-18-2023-1824278-Gun-violence-among-teens-rising-across-DFW--Exper.txt HTTP/1.1" 200 202 "-" "Mozilla/5.0 (compatible; AhrefsBot/7.0; +http://ahrefs.com/robot/)" "metrocrimedaily.com"
69.63.184.5 - - [20/Jan/2023:08:21:00 -0800] "GET /instagram-chicago/01-20-2023-1020142-A.jpg HTTP/1.1" 404 88 "-" "facebookexternalhit/1.1 (+http://www.facebook.com/externalhit_uatext.php)" "www.metrocrimedaily.com"
79.127.125.246 - - [20/Jan/2023:08:21:32 -0800] "GET /wp-login.php HTTP/1.1" 404 88 "" "Mozilla/5.0 (Windows NT 10.0; Win64; x64; rv:108.0) Gecko/20100101 Firefox/108.0" "metrocrimedaily.com"
172.58.122.183 - - [20/Jan/2023:08:21:56 -0800] "GET /instagram-detroit/01-19-2023-1954503-Police-probe-tainted-marshmallows-found-in-Farmin.txt HTTP/1.1" 200 577 "http://www.metrocrimedaily.com/instagram-detroit/" "Mozilla/5.0 (Linux; Android 12; SM-G781U) AppleWebKit/537.36 (KHTML, like Gecko) Chrome/102.0.0.0 Mobile Safari/537.36" "www.metrocrimedaily.com"
172.58.122.183 - - [20/Jan/2023:08:21:59 -0800] "GET /instagram-detroit/01-19-2023-2145201-A.jpg HTTP/1.1" 200 176845 "http://www.metrocrimedaily.com/instagram-detroit/" "Mozilla/5.0 (Linux; Android 12; SM-G781U) AppleWebKit/537.36 (KHTML, like Gecko) Chrome/102.0.0.0 Mobile Safari/537.36" "www.metrocrimedaily.com"
172.58.122.183 - - [20/Jan/2023:08:22:15 -0800] "GET /instagram-detroit/01-19-2023-2145201-Detroit-police-seek-suspect-linked-to-double-shoo.txt HTTP/1.1" 200 515 "http://www.metrocrimedaily.com/instagram-detroit/" "Mozilla/5.0 (Linux; Android 12; SM-G781U) AppleWebKit/537.36 (KHTML, like Gecko) Chrome/102.0.0.0 Mobile Safari/537.36" "www.metrocrimedaily.com"
172.58.122.183 - - [20/Jan/2023:08:22:50 -0800] "GET /instagram-detroit/01-19-2023-2145202-A.jpg HTTP/1.1" 200 60432 "http://www.metrocrimedaily.com/instagram-detroit/" "Mozilla/5.0 (Linux; Android 12; SM-G781U) AppleWebKit/537.36 (KHTML, like Gecko) Chrome/102.0.0.0 Mobile Safari/537.36" "www.metrocrimedaily.com"
51.222.253.19 - - [20/Jan/2023:08:22:53 -0800] "GET /instagram-dallas/post-later/01-18-2023-1927015-UNT-behavioral-expert-weighs-in-on-deadly-gun-vio.txt HTTP/1.1" 200 1101 "-" "Mozilla/5.0 (compatible; AhrefsBot/7.0; +http://ahrefs.com/robot/)" "metrocrimedaily.com"
172.58.122.183 - - [20/Jan/2023:08:23:05 -0800] "GET /instagram-detroit/01-19-2023-2145202-Feds-push-for-prison-sentence-for-ex-Macomb-publi.txt HTTP/1.1" 200 1082 "http://www.metrocrimedaily.com/instagram-detroit/" "Mozilla/5.0 (Linux; Android 12; SM-G781U) AppleWebKit/537.36 (KHTML, like Gecko) Chrome/102.0.0.0 Mobile Safari/537.36" "www.metrocrimedaily.com"
172.58.122.183 - - [20/Jan/2023:08:23:09 -0800] "GET /instagram-detroit/01-20-2023-0002041-5-arrested-in-suspected-theft-ring-for-trying-to-.txt HTTP/1.1" 200 1107 "http://www.metrocrimedaily.com/instagram-detroit/" "Mozilla/5.0 (Linux; Android 12; SM-G781U) AppleWebKit/537.36 (KHTML, like Gecko) Chrome/102.0.0.0 Mobile Safari/537.36" "www.metrocrimedaily.com"
172.58.122.183 - - [20/Jan/2023:08:23:12 -0800] "GET /instagram-detroit/01-20-2023-0002041-A.jpg HTTP/1.1" 200 166806 "http://www.metrocrimedaily.com/instagram-detroit/" "Mozilla/5.0 (Linux; Android 12; SM-G781U) AppleWebKit/537.36 (KHTML, like Gecko) Chrome/102.0.0.0 Mobile Safari/537.36" "www.metrocrimedaily.com"
69.63.184.117 - - [20/Jan/2023:08:23:43 -0800] "GET /instagram-detroit/01-20-2023-1023211-A.jpg HTTP/1.1" 404 88 "-" "facebookexternalhit/1.1 (+http://www.facebook.com/externalhit_uatext.php)" "www.metrocrimedaily.com"
69.63.184.118 - - [20/Jan/2023:08:24:02 -0800] "GET /instagram-detroit/01-20-2023-1023212-A.jpg HTTP/1.1" 404 88 "-" "facebookexternalhit/1.1 (+http://www.facebook.com/externalhit_uatext.php)" "www.metrocrimedaily.com"
172.58.122.184 - - [20/Jan/2023:08:24:05 -0800] "GET /instagram-detroit/ig-CWUSA-detroit-stories-to-post-later.txt HTTP/1.1" 200 16981 "http://www.metrocrimedaily.com/instagram-detroit/" "Mozilla/5.0 (Linux; Android 12; SM-G781U) AppleWebKit/537.36 (KHTML, like Gecko) Chrome/102.0.0.0 Mobile Safari/537.36" "www.metrocrimedaily.com"
172.58.122.184 - - [20/Jan/2023:08:24:09 -0800] "GET /instagram-detroit/ig-detroit-stories-to-post-later.txt HTTP/1.1" 200 7545 "http://www.metrocrimedaily.com/instagram-detroit/" "Mozilla/5.0 (Linux; Android 12; SM-G781U) AppleWebKit/537.36 (KHTML, like Gecko) Chrome/102.0.0.0 Mobile Safari/537.36" "www.metrocrimedaily.com"
172.58.122.184 - - [20/Jan/2023:08:24:12 -0800] "GET /instagram-detroit/post-later/ HTTP/1.1" 200 5939 "http://www.metrocrimedaily.com/instagram-detroit/" "Mozilla/5.0 (Linux; Android 12; SM-G781U) AppleWebKit/537.36 (KHTML, like Gecko) Chrome/102.0.0.0 Mobile Safari/537.36" "www.metrocrimedaily.com"
69.63.184.116 - - [20/Jan/2023:08:24:21 -0800] "GET /instagram-detroit/01-20-2023-1023213-A.jpg HTTP/1.1" 404 88 "-" "facebookexternalhit/1.1 (+http://www.facebook.com/externalhit_uatext.php)" "www.metrocrimedaily.com"
172.58.122.184 - - [20/Jan/2023:08:24:39 -0800] "GET /instagram-detroit/videos/ HTTP/1.1" 200 4549 "http://www.metrocrimedaily.com/instagram-detroit/" "Mozilla/5.0 (Linux; Android 12; SM-G781U) AppleWebKit/537.36 (KHTML, like Gecko) Chrome/102.0.0.0 Mobile Safari/537.36" "www.metrocrimedaily.com"
69.63.184.117 - - [20/Jan/2023:08:24:42 -0800] "GET /instagram-detroit/01-20-2023-1023214-A.jpg HTTP/1.1" 404 88 "-" "facebookexternalhit/1.1 (+http://www.facebook.com/externalhit_uatext.php)" "www.metrocrimedaily.com"
172.58.122.183 - - [20/Jan/2023:08:25:00 -0800] "GET /instagram-detroit/videos/Detroit_police_seek_suspect_linked_to_double_shooting_leaving_1_dead_on_city_s_west_side-%5bf65ecbfa-226c-492a-af59-02850874f1ab%5d.fhls-audio-1-English.mp4 HTTP/1.1" 200 112688 "http://www.metrocrimedaily.com/instagram-detroit/videos/" "Mozilla/5.0 (Linux; Android 12; SM-G781U) AppleWebKit/537.36 (KHTML, like Gecko) Chrome/102.0.0.0 Mobile Safari/537.36" "www.metrocrimedaily.com"
172.58.122.183 - - [20/Jan/2023:08:25:00 -0800] "GET /instagram-detroit/videos/Detroit_police_seek_suspect_linked_to_double_shooting_leaving_1_dead_on_city_s_west_side-%5bf65ecbfa-226c-492a-af59-02850874f1ab%5d.fhls-audio-1-English.mp4 HTTP/1.1" 206 112688 "http://www.metrocrimedaily.com/instagram-detroit/videos/Detroit_police_seek_suspect_linked_to_double_shooting_leaving_1_dead_on_city_s_west_side-%5bf65ecbfa-226c-492a-af59-02850874f1ab%5d.fhls-audio-1-English.mp4" "Mozilla/5.0 (Linux; Android 12; SM-G781U) AppleWebKit/537.36 (KHTML, like Gecko) Chrome/102.0.0.0 Mobile Safari/537.36" "www.metrocrimedaily.com"
69.63.184.116 - - [20/Jan/2023:08:25:02 -0800] "GET /instagram-detroit/01-20-2023-1023215-A.jpg HTTP/1.1" 404 88 "-" "facebookexternalhit/1.1 (+http://www.facebook.com/externalhit_uatext.php)" "www.metrocrimedaily.com"
172.58.122.183 - - [20/Jan/2023:08:25:22 -0800] "GET /instagram-detroit/videos/Detroit_police_seek_suspect_linked_to_double_shooting_leaving_1_dead_on_city_s_west_side-%5bf65ecbfa-226c-492a-af59-02850874f1ab%5d.fhls-audio-1-English.mp4 HTTP/1.1" 200 112688 "-" "Mozilla/5.0 (Linux; Android 12; SM-G781U) AppleWebKit/537.36 (KHTML, like Gecko) Chrome/102.0.0.0 Mobile Safari/537.36" "www.metrocrimedaily.com"
51.222.253.12 - - [20/Jan/2023:08:25:48 -0800] "GET /instagram-dallas/post-later/01-18-2023-2109522-Thieves-Use-Pickup-Truck-to-Drag-Away-ATM-in-Cali.txt HTTP/1.1" 200 1085 "-" "Mozilla/5.0 (compatible; AhrefsBot/7.0; +http://ahrefs.com/robot/)" "metrocrimedaily.com"
172.58.122.183 - - [20/Jan/2023:08:25:57 -0800] "GET /instagram-detroit/videos/Detroit_police_looking_for_suspect_in_Christmas_Day_shooting-%5b6318928402112%5d.mp4 HTTP/1.1" 200 3898605 "http://www.metrocrimedaily.com/instagram-detroit/videos/" "Mozilla/5.0 (Linux; Android 12; SM-G781U) AppleWebKit/537.36 (KHTML, like Gecko) Chrome/102.0.0.0 Mobile Safari/537.36" "www.metrocrimedaily.com"
172.58.122.183 - - [20/Jan/2023:08:26:00 -0800] "GET /instagram-detroit/videos/Detroit_police_looking_for_suspect_in_Christmas_Day_shooting-%5b6318928402112%5d.mp4 HTTP/1.1" 206 3898605 "http://www.metrocrimedaily.com/instagram-detroit/videos/Detroit_police_looking_for_suspect_in_Christmas_Day_shooting-%5b6318928402112%5d.mp4" "Mozilla/5.0 (Linux; Android 12; SM-G781U) AppleWebKit/537.36 (KHTML, like Gecko) Chrome/102.0.0.0 Mobile Safari/537.36" "www.metrocrimedaily.com"
172.58.122.183 - - [20/Jan/2023:08:27:25 -0800] "GET /instagram-detroit/videos/Detroit_police_responding_to_shooting_involving_officer_at_west_side_gas_station-%5b1167060%5d.mp4 HTTP/1.1" 200 52672658 "http://www.metrocrimedaily.com/instagram-detroit/videos/" "Mozilla/5.0 (Linux; Android 12; SM-G781U) AppleWebKit/537.36 (KHTML, like Gecko) Chrome/102.0.0.0 Mobile Safari/537.36" "www.metrocrimedaily.com"
76.184.252.42 - - [20/Jan/2023:08:27:53 -0800] "GET / HTTP/1.1" 200 1699 "-" "Mozilla/5.0 (Windows NT 10.0; Win64; x64) AppleWebKit/537.36 (KHTML, like Gecko) Chrome/108.0.0.0 Safari/537.36 Edg/108.0.1462.76" "www.metrocrimedaily.com"
51.222.253.10 - - [20/Jan/2023:08:27:56 -0800] "GET /instagram-dallas/post-later/01-18-2023-2206522-Female-body-found-near-home-of-man-suspected-of-k.txt HTTP/1.1" 200 945 "-" "Mozilla/5.0 (compatible; AhrefsBot/7.0; +http://ahrefs.com/robot/)" "metrocrimedaily.com"
35.245.188.175 - - [20/Jan/2023:08:27:57 -0800] "GET / HTTP/1.1" 200 10655 "-" "Mozilla/5.0 (Windows NT 6.1; WOW64; Trident/7.0; rv:11.0) like Gecko" "www.metrocrimedaily.com"
35.245.188.175 - - [20/Jan/2023:08:27:57 -0800] "GET / HTTP/1.1" 200 10655 "-" "Mozilla/5.0 (Windows NT 6.1; WOW64; Trident/7.0; rv:11.0) like Gecko" "www.metrocrimedaily.com"
172.58.122.183 - - [20/Jan/2023:08:28:01 -0800] "GET /instagram-detroit/videos/Detroit_police_seek_suspect_linked_to_double_shooting_leaving_1_dead_on_city_s_west_side-%5bf65ecbfa-226c-492a-af59-02850874f1ab%5d.fhls-6646.mp4 HTTP/1.1" 200 4533808 "http://www.metrocrimedaily.com/instagram-detroit/videos/" "Mozilla/5.0 (Linux; Android 12; SM-G781U) AppleWebKit/537.36 (KHTML, like Gecko) Chrome/102.0.0.0 Mobile Safari/537.36" "www.metrocrimedaily.com"
172.58.122.183 - - [20/Jan/2023:08:28:03 -0800] "GET /instagram-detroit/videos/Detroit_police_seek_suspect_linked_to_double_shooting_leaving_1_dead_on_city_s_west_side-%5bf65ecbfa-226c-492a-af59-02850874f1ab%5d.fhls-6646.mp4 HTTP/1.1" 206 4533808 "http://www.metrocrimedaily.com/instagram-detroit/videos/Detroit_police_seek_suspect_linked_to_double_shooting_leaving_1_dead_on_city_s_west_side-%5bf65ecbfa-226c-492a-af59-02850874f1ab%5d.fhls-6646.mp4" "Mozilla/5.0 (Linux; Android 12; SM-G781U) AppleWebKit/537.36 (KHTML, like Gecko) Chrome/102.0.0.0 Mobile Safari/537.36" "www.metrocrimedaily.com"
172.58.122.183 - - [20/Jan/2023:08:27:27 -0800] "GET /instagram-detroit/videos/Detroit_police_responding_to_shooting_involving_officer_at_west_side_gas_station-%5b1167060%5d.mp4 HTTP/1.1" 206 52672658 "http://www.metrocrimedaily.com/instagram-detroit/videos/Detroit_police_responding_to_shooting_involving_officer_at_west_side_gas_station-%5b1167060%5d.mp4" "Mozilla/5.0 (Linux; Android 12; SM-G781U) AppleWebKit/537.36 (KHTML, like Gecko) Chrome/102.0.0.0 Mobile Safari/537.36" "www.metrocrimedaily.com"
76.184.252.42 - - [20/Jan/2023:08:28:32 -0800] "GET / HTTP/1.1" 200 1699 "-" "Mozilla/5.0 (Windows NT 10.0; Win64; x64) AppleWebKit/537.36 (KHTML, like Gecko) Chrome/108.0.0.0 Safari/537.36 Edg/108.0.1462.76" "www.metrocrimedaily.com"
76.184.252.42 - - [20/Jan/2023:08:28:54 -0800] "GET /?C=M;O=A HTTP/1.1" 200 1679 "http://www.metrocrimedaily.com/" "Mozilla/5.0 (Windows NT 10.0; Win64; x64) AppleWebKit/537.36 (KHTML, like Gecko) Chrome/108.0.0.0 Safari/537.36 Edg/108.0.1462.76" "www.metrocrimedaily.com"
76.184.252.42 - - [20/Jan/2023:08:28:56 -0800] "GET /?C=M;O=D HTTP/1.1" 200 1676 "http://www.metrocrimedaily.com/?C=M;O=A" "Mozilla/5.0 (Windows NT 10.0; Win64; x64) AppleWebKit/537.36 (KHTML, like Gecko) Chrome/108.0.0.0 Safari/537.36 Edg/108.0.1462.76" "www.metrocrimedaily.com"
79.127.125.246 - - [20/Jan/2023:08:29:00 -0800] "GET /wp-login.php HTTP/1.1" 404 88 "" "Mozilla/5.0 (Windows NT 10.0; Win64; x64; rv:108.0) Gecko/20100101 Firefox/108.0" "metrocrimedaily.com"
172.58.122.183 - - [20/Jan/2023:08:27:37 -0800] "GET /instagram-detroit/videos/Detroit_police_responding_to_shooting_involving_officer_at_west_side_gas_station-%5b1167060%5d.mp4 HTTP/1.1" 206 17557554 "-" "Mozilla/5.0 (Linux; Android 12; SM-G781U) AppleWebKit/537.36 (KHTML, like Gecko) Chrome/102.0.0.0 Mobile Safari/537.36" "www.metrocrimedaily.com"
172.58.122.183 - - [20/Jan/2023:08:28:56 -0800] "GET /instagram-detroit/videos/DIA_art_collector_head_to_court_over_stolen_painting_allegations-%5b1168842%5d.mp4 HTTP/1.1" 206 59071651 "http://www.metrocrimedaily.com/instagram-detroit/videos/DIA_art_collector_head_to_court_over_stolen_painting_allegations-%5b1168842%5d.mp4" "Mozilla/5.0 (Linux; Android 12; SM-G781U) AppleWebKit/537.36 (KHTML, like Gecko) Chrome/102.0.0.0 Mobile Safari/537.36" "www.metrocrimedaily.com"
157.55.39.5 - - [20/Jan/2023:08:29:39 -0800] "GET /index.html HTTP/1.1" 404 88 "-" "Mozilla/5.0 AppleWebKit/537.36 (KHTML, like Gecko; compatible; bingbot/2.0; +http://www.bing.com/bingbot.htm) Chrome/103.0.5060.134 Safari/537.36" "metrocrimedaily.com"
76.184.252.42 - - [20/Jan/2023:08:29:47 -0800] "GET /?C=N;O=A HTTP/1.1" 200 1699 "http://www.metrocrimedaily.com/?C=M;O=D" "Mozilla/5.0 (Windows NT 10.0; Win64; x64) AppleWebKit/537.36 (KHTML, like Gecko) Chrome/108.0.0.0 Safari/537.36 Edg/108.0.1462.76" "www.metrocrimedaily.com"
172.58.122.183 - - [20/Jan/2023:08:28:54 -0800] "GET /instagram-detroit/videos/DIA_art_collector_head_to_court_over_stolen_painting_allegations-%5b1168842%5d.mp4 HTTP/1.1" 200 59071651 "http://www.metrocrimedaily.com/instagram-detroit/videos/" "Mozilla/5.0 (Linux; Android 12; SM-G781U) AppleWebKit/537.36 (KHTML, like Gecko) Chrome/102.0.0.0 Mobile Safari/537.36" "www.metrocrimedaily.com"
172.58.122.183 - - [20/Jan/2023:08:27:37 -0800] "GET /instagram-detroit/videos/Detroit_police_responding_to_shooting_involving_officer_at_west_side_gas_station-%5b1167060%5d.mp4 HTTP/1.1" 206 35115106 "-" "Mozilla/5.0 (Linux; Android 12; SM-G781U) AppleWebKit/537.36 (KHTML, like Gecko) Chrome/102.0.0.0 Mobile Safari/537.36" "www.metrocrimedaily.com"
51.222.253.19 - - [20/Jan/2023:08:30:12 -0800] "GET /instagram-dallas/post-later/01-18-2023-2206523-Body-Found-in-Grand-Prairie-as-Search-Continues-f.txt HTTP/1.1" 200 1024 "-" "Mozilla/5.0 (compatible; AhrefsBot/7.0; +http://ahrefs.com/robot/)" "metrocrimedaily.com"
172.58.122.183 - - [20/Jan/2023:08:29:59 -0800] "GET /instagram-detroit/videos/DIA_art_collector_head_to_court_over_stolen_painting_allegations-%5b1168842%5d.mp4 HTTP/1.1" 206 52943507 "http://www.metrocrimedaily.com/instagram-detroit/videos/DIA_art_collector_head_to_court_over_stolen_painting_allegations-%5b1168842%5d.mp4" "Mozilla/5.0 (Linux; Android 12; SM-G781U) AppleWebKit/537.36 (KHTML, like Gecko) Chrome/102.0.0.0 Mobile Safari/537.36" "www.metrocrimedaily.com"
69.63.184.1 - - [20/Jan/2023:08:31:11 -0800] "GET /instagram-houston/01-20-2023-1030521-A.jpg HTTP/1.1" 404 88 "-" "facebookexternalhit/1.1 (+http://www.facebook.com/externalhit_uatext.php)" "www.metrocrimedaily.com"
172.58.122.183 - - [20/Jan/2023:08:27:37 -0800] "GET /instagram-detroit/videos/Detroit_police_responding_to_shooting_involving_officer_at_west_side_gas_station-%5b1167060%5d.mp4 HTTP/1.1" 200 52672658 "-" "Mozilla/5.0 (Linux; Android 12; SM-G781U) AppleWebKit/537.36 (KHTML, like Gecko) Chrome/102.0.0.0 Mobile Safari/537.36" "www.metrocrimedaily.com"
172.58.122.183 - - [20/Jan/2023:08:31:15 -0800] "GET /instagram-detroit/videos/Detroit_police_looking_for_suspect_in_Christmas_Day_shooting-%5b6318928402112%5d.mp4 HTTP/1.1" 200 3898605 "-" "Mozilla/5.0 (Linux; Android 12; SM-G781U) AppleWebKit/537.36 (KHTML, like Gecko) Chrome/102.0.0.0 Mobile Safari/537.36" "www.metrocrimedaily.com"
69.63.184.6 - - [20/Jan/2023:08:31:31 -0800] "GET /instagram-houston/01-20-2023-1030522-A.jpg HTTP/1.1" 404 88 "-" "facebookexternalhit/1.1 (+http://www.facebook.com/externalhit_uatext.php)" "www.metrocrimedaily.com"
172.58.122.183 - - [20/Jan/2023:08:31:37 -0800] "GET /instagram-detroit/videos/Detroit_police_responding_to_shooting_involving_officer_at_west_side_gas_station-%5b1167060%5d.mp4 HTTP/1.1" 304 - "http://www.metrocrimedaily.com/instagram-detroit/videos/" "Mozilla/5.0 (Linux; Android 12; SM-G781U) AppleWebKit/537.36 (KHTML, like Gecko) Chrome/102.0.0.0 Mobile Safari/537.36" "www.metrocrimedaily.com"
172.58.122.183 - - [20/Jan/2023:08:31:37 -0800] "GET /instagram-detroit/videos/Detroit_police_looking_for_suspect_in_Christmas_Day_shooting-%5b6318928402112%5d.mp4 HTTP/1.1" 206 2533272 "-" "Mozilla/5.0 (Linux; Android 12; SM-G781U) AppleWebKit/537.36 (KHTML, like Gecko) Chrome/102.0.0.0 Mobile Safari/537.36" "www.metrocrimedaily.com"
172.58.122.183 - - [20/Jan/2023:08:31:38 -0800] "GET /instagram-detroit/videos/Detroit_police_responding_to_shooting_involving_officer_at_west_side_gas_station-%5b1167060%5d.mp4 HTTP/1.1" 206 47980914 "http://www.metrocrimedaily.com/instagram-detroit/videos/Detroit_police_responding_to_shooting_involving_officer_at_west_side_gas_station-%5b1167060%5d.mp4" "Mozilla/5.0 (Linux; Android 12; SM-G781U) AppleWebKit/537.36 (KHTML, like Gecko) Chrome/102.0.0.0 Mobile Safari/537.36" "www.metrocrimedaily.com"
76.139.246.220 - - [20/Jan/2023:08:32:00 -0800] "GET / HTTP/1.1" 200 1699 "https://www.google.com/" "Mozilla/5.0 (iPhone; CPU iPhone OS 15_2_1 like Mac OS X) AppleWebKit/605.1.15 (KHTML, like Gecko) Version/15.2 Mobile/15E148 Safari/604.1" "www.metrocrimedaily.com"
172.58.122.183 - - [20/Jan/2023:08:30:11 -0800] "GET /instagram-detroit/videos/DIA_art_collector_head_to_court_over_stolen_painting_allegations-%5b1168842%5d.mp4 HTTP/1.1" 200 59071651 "-" "Mozilla/5.0 (Linux; Android 12; SM-G781U) AppleWebKit/537.36 (KHTML, like Gecko) Chrome/102.0.0.0 Mobile Safari/537.36" "www.metrocrimedaily.com"
172.58.122.183 - - [20/Jan/2023:08:32:04 -0800] "GET /instagram-detroit/videos/Detroit_police_seek_suspect_linked_to_double_shooting_leaving_1_dead_on_city_s_west_side-%5bf65ecbfa-226c-492a-af59-02850874f1ab%5d.mp4 HTTP/1.1" 200 4510951 "http://www.metrocrimedaily.com/instagram-detroit/videos/" "Mozilla/5.0 (Linux; Android 12; SM-G781U) AppleWebKit/537.36 (KHTML, like Gecko) Chrome/102.0.0.0 Mobile Safari/537.36" "www.metrocrimedaily.com"
172.58.122.183 - - [20/Jan/2023:08:32:04 -0800] "GET /instagram-detroit/videos/Detroit_police_seek_suspect_linked_to_double_shooting_leaving_1_dead_on_city_s_west_side-%5bf65ecbfa-226c-492a-af59-02850874f1ab%5d.mp4 HTTP/1.1" 206 4510951 "http://www.metrocrimedaily.com/instagram-detroit/videos/Detroit_police_seek_suspect_linked_to_double_shooting_leaving_1_dead_on_city_s_west_side-%5bf65ecbfa-226c-492a-af59-02850874f1ab%5d.mp4" "Mozilla/5.0 (Linux; Android 12; SM-G781U) AppleWebKit/537.36 (KHTML, like Gecko) Chrome/102.0.0.0 Mobile Safari/537.36" "www.metrocrimedaily.com"
51.222.253.20 - - [20/Jan/2023:08:32:11 -0800] "GET /instagram-dallas/post-later/01-18-2023-2308271-Trump-Mistook-Rape-Accuser-E.-Jean-Carroll-for-Ex.txt HTTP/1.1" 200 766 "-" "Mozilla/5.0 (compatible; AhrefsBot/7.0; +http://ahrefs.com/robot/)" "metrocrimedaily.com"
172.58.122.183 - - [20/Jan/2023:08:32:29 -0800] "GET /instagram-detroit/videos/Hassan_Chokr_now_facing_federal_charges_for_being_a_felon_in_possession_of_a_gun-%5b1168602%5d.mp4 HTTP/1.1" 200 42618994 "http://www.metrocrimedaily.com/instagram-detroit/videos/" "Mozilla/5.0 (Linux; Android 12; SM-G781U) AppleWebKit/537.36 (KHTML, like Gecko) Chrome/102.0.0.0 Mobile Safari/537.36" "www.metrocrimedaily.com"
172.58.122.183 - - [20/Jan/2023:08:30:19 -0800] "GET /instagram-detroit/videos/DIA_art_collector_head_to_court_over_stolen_painting_allegations-%5b1168842%5d.mp4 HTTP/1.1" 206 19690551 "-" "Mozilla/5.0 (Linux; Android 12; SM-G781U) AppleWebKit/537.36 (KHTML, like Gecko) Chrome/102.0.0.0 Mobile Safari/537.36" "www.metrocrimedaily.com"
172.58.122.183 - - [20/Jan/2023:08:30:11 -0800] "GET /instagram-detroit/videos/DIA_art_collector_head_to_court_over_stolen_painting_allegations-%5b1168842%5d.mp4 HTTP/1.1" 206 39381101 "-" "Mozilla/5.0 (Linux; Android 12; SM-G781U) AppleWebKit/537.36 (KHTML, like Gecko) Chrome/102.0.0.0 Mobile Safari/537.36" "www.metrocrimedaily.com"
172.58.122.183 - - [20/Jan/2023:08:32:29 -0800] "GET /instagram-detroit/videos/Hassan_Chokr_now_facing_federal_charges_for_being_a_felon_in_possession_of_a_gun-%5b1168602%5d.mp4 HTTP/1.1" 206 42618994 "http://www.metrocrimedaily.com/instagram-detroit/videos/Hassan_Chokr_now_facing_federal_charges_for_being_a_felon_in_possession_of_a_gun-%5b1168602%5d.mp4" "Mozilla/5.0 (Linux; Android 12; SM-G781U) AppleWebKit/537.36 (KHTML, like Gecko) Chrome/102.0.0.0 Mobile Safari/537.36" "www.metrocrimedaily.com"
172.58.122.183 - - [20/Jan/2023:08:33:43 -0800] "GET /instagram-detroit/videos/Detroit_police_seek_suspect_linked_to_double_shooting_leaving_1_dead_on_city_s_west_side-%5bf65ecbfa-226c-492a-af59-02850874f1ab%5d.mp4 HTTP/1.1" 200 4510951 "-" "Mozilla/5.0 (Linux; Android 12; SM-G781U) AppleWebKit/537.36 (KHTML, like Gecko) Chrome/102.0.0.0 Mobile Safari/537.36" "www.metrocrimedaily.com"
51.222.253.16 - - [20/Jan/2023:08:34:22 -0800] "GET /instagram-dallas/post-later/01-18-2023-2308272-North-Texas-woman-says-she-was-run-over-by-neighb.txt HTTP/1.1" 200 208 "-" "Mozilla/5.0 (compatible; AhrefsBot/7.0; +http://ahrefs.com/robot/)" "metrocrimedaily.com"
51.222.253.17 - - [20/Jan/2023:08:36:37 -0800] "GET /instagram-dallas/post-later/01-18-2023-2308273-Body-Found-in-Grand-Prairie-During-Search-for-Mis.txt HTTP/1.1" 200 1060 "-" "Mozilla/5.0 (compatible; AhrefsBot/7.0; +http://ahrefs.com/robot/)" "metrocrimedaily.com"
51.222.253.12 - - [20/Jan/2023:08:39:06 -0800] "GET /instagram-dallas/post-later/01-18-2023-2308274-Female-body-found-near-home-of-man-suspected-of-k.txt HTTP/1.1" 200 199 "-" "Mozilla/5.0 (compatible; AhrefsBot/7.0; +http://ahrefs.com/robot/)" "metrocrimedaily.com"
76.184.252.42 - - [20/Jan/2023:08:39:55 -0800] "GET /social-media-menu.html HTTP/1.1" 200 554 "http://www.metrocrimedaily.com/?C=N;O=A" "Mozilla/5.0 (Windows NT 10.0; Win64; x64) AppleWebKit/537.36 (KHTML, like Gecko) Chrome/108.0.0.0 Safari/537.36 Edg/108.0.1462.76" "www.metrocrimedaily.com"
