69.63.184.117 - - [16/Jan/2023:16:02:43 -0800] "GET /instagram-detroit/01-16-2023-1731103-A.jpg HTTP/1.1" 200 208114 "-" "facebookexternalhit/1.1 (+http://www.facebook.com/externalhit_uatext.php)" "www.metrocrimedaily.com"
69.63.184.120 - - [16/Jan/2023:16:04:40 -0800] "GET /instagram-memphis/01-16-2023-1804171-A.jpg HTTP/1.1" 200 119582 "-" "facebookexternalhit/1.1 (+http://www.facebook.com/externalhit_uatext.php)" "www.metrocrimedaily.com"
69.63.184.116 - - [16/Jan/2023:16:09:46 -0800] "GET /instagram-losangeles/01-16-2023-1809261-A.jpg HTTP/1.1" 200 96515 "-" "facebookexternalhit/1.1 (+http://www.facebook.com/externalhit_uatext.php)" "www.metrocrimedaily.com"
40.88.21.235 - - [16/Jan/2023:16:13:01 -0800] "GET / HTTP/1.1" 200 99560 "http://metrocrimedaily.com/" "Mozilla/5.0 (compatible; DuckDuckGo-Favicons-Bot/1.0; +http://duckduckgo.com)" "metrocrimedaily.com"
40.88.21.235 - - [16/Jan/2023:16:13:01 -0800] "GET /favicon.ico HTTP/1.1" 404 88 "http://metrocrimedaily.com/favicon.ico" "Mozilla/5.0 (compatible; DuckDuckGo-Favicons-Bot/1.0; +http://duckduckgo.com)" "metrocrimedaily.com"
69.63.184.119 - - [16/Jan/2023:16:14:25 -0800] "GET /instagram-dallas/01-16-2023-1814041-A.jpg HTTP/1.1" 200 190270 "-" "facebookexternalhit/1.1 (+http://www.facebook.com/externalhit_uatext.php)" "www.metrocrimedaily.com"
69.63.184.5 - - [16/Jan/2023:16:25:18 -0800] "GET /instagram-losangeles/01-16-2023-1809262-A.jpg HTTP/1.1" 200 131949 "-" "facebookexternalhit/1.1 (+http://www.facebook.com/externalhit_uatext.php)" "www.metrocrimedaily.com"
69.63.184.5 - - [16/Jan/2023:16:25:41 -0800] "GET /instagram-losangeles/01-16-2023-1809263-A.jpg HTTP/1.1" 200 108871 "-" "facebookexternalhit/1.1 (+http://www.facebook.com/externalhit_uatext.php)" "www.metrocrimedaily.com"
13.39.105.191 - - [16/Jan/2023:16:26:44 -0800] "GET / HTTP/1.1" 200 100033 "-" "Mozilla/4.0 (compatible; MSIE 6.0; Windows CE; IEMobile 7.11)" "metrocrimedaily.com"
13.39.105.191 - - [16/Jan/2023:16:27:00 -0800] "GET /connect.facebook.net/en_US/sdk.js HTTP/1.1" 404 88 "-" "Mozilla/5.0 (compatible; MSIE 9.0; Windows NT 6.1; Trident/5.0)" "metrocrimedaily.com"
13.39.105.191 - - [16/Jan/2023:16:27:00 -0800] "GET /pagead2.googlesyndication.com/pagead/js/adsbygoogle.js HTTP/1.1" 404 88 "-" "Mozilla/5.0 (Linux; Android 9; Pixel XL) AppleWebKit/537.36 (KHTML, like Gecko) Chrome/76.0.3809.111 Mobile Safari/537.36" "metrocrimedaily.com"
51.222.253.11 - - [16/Jan/2023:16:32:40 -0800] "GET /instagram-dallas/videos/ HTTP/1.1" 200 514 "-" "Mozilla/5.0 (compatible; AhrefsBot/7.0; +http://ahrefs.com/robot/)" "metrocrimedaily.com"
69.63.184.4 - - [16/Jan/2023:16:34:21 -0800] "GET /instagram-chicago/01-16-2023-1834011-A.jpg HTTP/1.1" 200 70566 "-" "facebookexternalhit/1.1 (+http://www.facebook.com/externalhit_uatext.php)" "www.metrocrimedaily.com"
157.55.39.5 - - [16/Jan/2023:16:41:32 -0800] "GET /instagram-dallas/12-21-2022-2050362-This-Hollywood-Icon-Inspired-Margot-Robbie-s-Red-.txt HTTP/1.1" 404 88 "-" "Mozilla/5.0 AppleWebKit/537.36 (KHTML, like Gecko; compatible; bingbot/2.0; +http://www.bing.com/bingbot.htm) Chrome/103.0.5060.134 Safari/537.36" "www.metrocrimedaily.com"
114.119.153.121 - - [16/Jan/2023:16:43:36 -0800] "GET /gov-svc-detroit.html HTTP/1.1" 200 2125 "https://metrocrimedaily.com/" "Mozilla/5.0 (Linux; Android 7.0;) AppleWebKit/537.36 (KHTML, like Gecko) Mobile Safari/537.36 (compatible; PetalBot;+https://webmaster.petalsearch.com/site/petalbot)" "metrocrimedaily.com"
69.63.184.119 - - [16/Jan/2023:16:45:53 -0800] "GET /instagram-stlouis/01-16-2023-1845321-A.jpg HTTP/1.1" 200 154851 "-" "facebookexternalhit/1.1 (+http://www.facebook.com/externalhit_uatext.php)" "www.metrocrimedaily.com"
69.63.184.3 - - [16/Jan/2023:16:47:28 -0800] "GET /instagram-memphis/01-16-2023-1847071-A.jpg HTTP/1.1" 200 97015 "-" "facebookexternalhit/1.1 (+http://www.facebook.com/externalhit_uatext.php)" "www.metrocrimedaily.com"
69.63.184.120 - - [16/Jan/2023:16:49:56 -0800] "GET /instagram-chicago/01-16-2023-1834012-A.jpg HTTP/1.1" 200 185566 "-" "facebookexternalhit/1.1 (+http://www.facebook.com/externalhit_uatext.php)" "www.metrocrimedaily.com"
69.63.184.118 - - [16/Jan/2023:16:59:25 -0800] "GET /instagram-neworleans/01-16-2023-1859041-A.jpg HTTP/1.1" 200 184159 "-" "facebookexternalhit/1.1 (+http://www.facebook.com/externalhit_uatext.php)" "www.metrocrimedaily.com"
69.63.184.118 - - [16/Jan/2023:17:13:37 -0800] "GET /instagram-detroit/01-16-2023-1913011-A.jpg HTTP/1.1" 200 182704 "-" "facebookexternalhit/1.1 (+http://www.facebook.com/externalhit_uatext.php)" "www.metrocrimedaily.com"
69.63.184.4 - - [16/Jan/2023:17:14:56 -0800] "GET /instagram-neworleans/01-16-2023-1859042-A.jpg HTTP/1.1" 200 312723 "-" "facebookexternalhit/1.1 (+http://www.facebook.com/externalhit_uatext.php)" "www.metrocrimedaily.com"
69.63.184.2 - - [16/Jan/2023:17:21:13 -0800] "GET /instagram-dallas/01-16-2023-1920501-A.jpg HTTP/1.1" 200 55344 "-" "facebookexternalhit/1.1 (+http://www.facebook.com/externalhit_uatext.php)" "www.metrocrimedaily.com"
69.63.184.3 - - [16/Jan/2023:17:21:27 -0800] "GET /instagram-losangeles/01-16-2023-1921071-A.jpg HTTP/1.1" 200 110173 "-" "facebookexternalhit/1.1 (+http://www.facebook.com/externalhit_uatext.php)" "www.metrocrimedaily.com"
107.175.159.240 - - [16/Jan/2023:17:22:56 -0800] "GET / HTTP/1.1" 200 100033 "-" "Mozilla/5.0 (Windows NT 6.1; WOW64; rv:40.0) Gecko/20100101 Firefox/40.1" "metrocrimedaily.com"
69.63.184.3 - - [16/Jan/2023:17:29:10 -0800] "GET /instagram-detroit/01-16-2023-1913012-A.jpg HTTP/1.1" 200 219872 "-" "facebookexternalhit/1.1 (+http://www.facebook.com/externalhit_uatext.php)" "www.metrocrimedaily.com"
69.63.184.1 - - [16/Jan/2023:17:30:28 -0800] "GET /instagram-neworleans/01-16-2023-1859043-A.jpg HTTP/1.1" 200 388060 "-" "facebookexternalhit/1.1 (+http://www.facebook.com/externalhit_uatext.php)" "www.metrocrimedaily.com"
68.40.218.86 - - [16/Jan/2023:17:33:56 -0800] "GET / HTTP/1.1" 200 100033 "-" "Mozilla/5.0 (iPhone; CPU iPhone OS 15_1 like Mac OS X) AppleWebKit/605.1.15 (KHTML, like Gecko) Version/15.1 Mobile/15E148 Safari/604.1" "www.metrocrimedaily.com"
69.63.184.119 - - [16/Jan/2023:17:36:46 -0800] "GET /instagram-dallas/01-16-2023-1920502-A.jpg HTTP/1.1" 200 188862 "-" "facebookexternalhit/1.1 (+http://www.facebook.com/externalhit_uatext.php)" "www.metrocrimedaily.com"
69.63.184.119 - - [16/Jan/2023:17:36:59 -0800] "GET /instagram-losangeles/01-16-2023-1921072-A.jpg HTTP/1.1" 200 306411 "-" "facebookexternalhit/1.1 (+http://www.facebook.com/externalhit_uatext.php)" "www.metrocrimedaily.com"
69.63.184.5 - - [16/Jan/2023:17:44:53 -0800] "GET /instagram-memphis/01-16-2023-1944321-A.jpg HTTP/1.1" 200 117761 "-" "facebookexternalhit/1.1 (+http://www.facebook.com/externalhit_uatext.php)" "www.metrocrimedaily.com"
69.63.184.5 - - [16/Jan/2023:17:51:14 -0800] "GET /instagram-stlouis/01-16-2023-1950541-A.jpg HTTP/1.1" 200 191651 "-" "facebookexternalhit/1.1 (+http://www.facebook.com/externalhit_uatext.php)" "www.metrocrimedaily.com"
69.63.184.120 - - [16/Jan/2023:17:52:17 -0800] "GET /instagram-dallas/01-16-2023-1920503-A.jpg HTTP/1.1" 200 164455 "-" "facebookexternalhit/1.1 (+http://www.facebook.com/externalhit_uatext.php)" "www.metrocrimedaily.com"
69.63.184.3 - - [16/Jan/2023:17:52:31 -0800] "GET /instagram-losangeles/01-16-2023-1921073-A.jpg HTTP/1.1" 200 259857 "-" "facebookexternalhit/1.1 (+http://www.facebook.com/externalhit_uatext.php)" "www.metrocrimedaily.com"
69.63.184.2 - - [16/Jan/2023:18:06:44 -0800] "GET /instagram-stlouis/01-16-2023-1950542-A.jpg HTTP/1.1" 200 192548 "-" "facebookexternalhit/1.1 (+http://www.facebook.com/externalhit_uatext.php)" "www.metrocrimedaily.com"
69.63.184.3 - - [16/Jan/2023:18:07:49 -0800] "GET /instagram-dallas/01-16-2023-1920504-A.jpg HTTP/1.1" 200 151679 "-" "facebookexternalhit/1.1 (+http://www.facebook.com/externalhit_uatext.php)" "www.metrocrimedaily.com"
69.63.184.4 - - [16/Jan/2023:18:23:23 -0800] "GET /instagram-dallas/01-16-2023-1920505-A.jpg HTTP/1.1" 200 148794 "-" "facebookexternalhit/1.1 (+http://www.facebook.com/externalhit_uatext.php)" "www.metrocrimedaily.com"
69.63.184.119 - - [16/Jan/2023:18:23:51 -0800] "GET /instagram-dallas/01-16-2023-1920506-A.jpg HTTP/1.1" 200 101791 "-" "facebookexternalhit/1.1 (+http://www.facebook.com/externalhit_uatext.php)" "www.metrocrimedaily.com"
69.63.184.119 - - [16/Jan/2023:18:26:37 -0800] "GET /instagram-memphis/01-16-2023-2026171-A.jpg HTTP/1.1" 200 100555 "-" "facebookexternalhit/1.1 (+http://www.facebook.com/externalhit_uatext.php)" "www.metrocrimedaily.com"
69.63.184.119 - - [16/Jan/2023:18:45:56 -0800] "GET /instagram-houston/01-16-2023-2045361-A.jpg HTTP/1.1" 200 152664 "-" "facebookexternalhit/1.1 (+http://www.facebook.com/externalhit_uatext.php)" "www.metrocrimedaily.com"
69.63.184.117 - - [16/Jan/2023:18:51:06 -0800] "GET /instagram-chicago/01-16-2023-2050441-A.jpg HTTP/1.1" 200 107375 "-" "facebookexternalhit/1.1 (+http://www.facebook.com/externalhit_uatext.php)" "www.metrocrimedaily.com"
207.46.13.46 - - [16/Jan/2023:18:54:27 -0800] "GET /instagram-dallas/12-23-2022-1328342-Australian-Soccer-Club-Sanctioned-After-Pitch-Inv.txt HTTP/1.1" 404 88 "-" "Mozilla/5.0 AppleWebKit/537.36 (KHTML, like Gecko; compatible; bingbot/2.0; +http://www.bing.com/bingbot.htm) Chrome/103.0.5060.134 Safari/537.36" "www.metrocrimedaily.com"
69.63.184.119 - - [16/Jan/2023:18:57:25 -0800] "GET /instagram-dallas/01-16-2023-2057041-A.jpg HTTP/1.1" 200 288909 "-" "facebookexternalhit/1.1 (+http://www.facebook.com/externalhit_uatext.php)" "www.metrocrimedaily.com"
69.63.184.120 - - [16/Jan/2023:19:07:47 -0800] "GET /instagram-neworleans/01-16-2023-2107271-A.jpg HTTP/1.1" 200 163229 "-" "facebookexternalhit/1.1 (+http://www.facebook.com/externalhit_uatext.php)" "www.metrocrimedaily.com"
51.222.253.11 - - [16/Jan/2023:19:28:35 -0800] "GET /robots.txt HTTP/1.1" 404 88 "-" "Mozilla/5.0 (compatible; AhrefsBot/7.0; +http://ahrefs.com/robot/)" "metrocrimedaily.com"
51.222.253.12 - - [16/Jan/2023:19:28:36 -0800] "GET / HTTP/1.1" 200 100459 "-" "Mozilla/5.0 (compatible; AhrefsBot/7.0; +http://ahrefs.com/robot/)" "metrocrimedaily.com"
69.63.184.5 - - [16/Jan/2023:19:30:30 -0800] "GET /instagram-memphis/01-16-2023-2130091-A.jpg HTTP/1.1" 200 106910 "-" "facebookexternalhit/1.1 (+http://www.facebook.com/externalhit_uatext.php)" "www.metrocrimedaily.com"
34.219.42.203 - - [16/Jan/2023:19:33:25 -0800] "GET / HTTP/1.1" 200 100459 "-" "Mozilla/5.0 (X11; Linux x86_64) AppleWebKit/537.36 (KHTML, like Gecko) Chrome/83.0.4103.97 Safari/537.36" "metrocrimedaily.com"
35.86.148.14 - - [16/Jan/2023:19:33:27 -0800] "GET / HTTP/1.1" 200 100459 "-" "Mozilla/5.0 (X11; Linux x86_64) AppleWebKit/537.36 (KHTML, like Gecko) Chrome/83.0.4103.97 Safari/537.36" "metrocrimedaily.com"
35.91.202.178 - - [16/Jan/2023:19:33:55 -0800] "GET /favicon.ico HTTP/1.1" 404 88 "-" "Mozilla/5.0 (X11; Linux x86_64) AppleWebKit/537.36 (KHTML, like Gecko) Chrome/83.0.4103.97 Safari/537.36" "metrocrimedaily.com"
34.216.137.113 - - [16/Jan/2023:19:33:56 -0800] "GET /favicon.ico HTTP/1.1" 404 88 "-" "Mozilla/5.0 (X11; Linux x86_64) AppleWebKit/537.36 (KHTML, like Gecko) Chrome/83.0.4103.97 Safari/537.36" "metrocrimedaily.com"
34.216.137.113 - - [16/Jan/2023:19:33:57 -0800] "GET / HTTP/1.1" 200 100459 "-" "Mozilla/5.0 (X11; Linux x86_64) AppleWebKit/537.36 (KHTML, like Gecko) Chrome/83.0.4103.97 Safari/537.36" "metrocrimedaily.com"
35.91.202.178 - - [16/Jan/2023:19:33:59 -0800] "GET / HTTP/1.1" 200 100459 "-" "Mozilla/5.0 (X11; Linux x86_64) AppleWebKit/537.36 (KHTML, like Gecko) Chrome/83.0.4103.97 Safari/537.36" "metrocrimedaily.com"
207.46.13.109 - - [16/Jan/2023:19:34:45 -0800] "GET /instagram-atlanta/12-20-2022-1835544-Judge--Convicted-killer-Scott-Peterson-will-not-g.txt HTTP/1.1" 404 88 "-" "Mozilla/5.0 (compatible; bingbot/2.0; +http://www.bing.com/bingbot.htm)" "www.metrocrimedaily.com"
69.63.184.4 - - [16/Jan/2023:19:38:32 -0800] "GET /instagram-chicago/01-16-2023-2138101-A.jpg HTTP/1.1" 200 864445 "-" "facebookexternalhit/1.1 (+http://www.facebook.com/externalhit_uatext.php)" "www.metrocrimedaily.com"
207.46.13.115 - - [16/Jan/2023:19:39:19 -0800] "GET /instagram-atlanta/12-23-2022-1714494-Photo--New-person-of-interest-in-deadly-shooting-.txt HTTP/1.1" 404 88 "-" "Mozilla/5.0 AppleWebKit/537.36 (KHTML, like Gecko; compatible; bingbot/2.0; +http://www.bing.com/bingbot.htm) Chrome/103.0.5060.134 Safari/537.36" "www.metrocrimedaily.com"
69.63.184.120 - - [16/Jan/2023:19:39:32 -0800] "GET /instagram-houston/01-16-2023-2139101-A.jpg HTTP/1.1" 200 845988 "-" "facebookexternalhit/1.1 (+http://www.facebook.com/externalhit_uatext.php)" "www.metrocrimedaily.com"
69.63.184.5 - - [16/Jan/2023:19:47:43 -0800] "GET /instagram-dallas/01-16-2023-2147231-A.jpg HTTP/1.1" 200 93046 "-" "facebookexternalhit/1.1 (+http://www.facebook.com/externalhit_uatext.php)" "www.metrocrimedaily.com"
69.63.184.117 - - [16/Jan/2023:19:57:04 -0800] "GET /instagram-neworleans/01-16-2023-2156441-A.jpg HTTP/1.1" 200 111394 "-" "facebookexternalhit/1.1 (+http://www.facebook.com/externalhit_uatext.php)" "www.metrocrimedaily.com"
69.63.184.2 - - [16/Jan/2023:19:57:52 -0800] "GET /instagram-losangeles/01-16-2023-2157321-A.jpg HTTP/1.1" 200 95383 "-" "facebookexternalhit/1.1 (+http://www.facebook.com/externalhit_uatext.php)" "www.metrocrimedaily.com"
207.46.13.115 - - [16/Jan/2023:20:01:20 -0800] "GET /instagram-atlanta/12-25-2022-0712261-Career-burglar-arrested-in-connection-to-8-metro-.txt HTTP/1.1" 404 88 "-" "Mozilla/5.0 (compatible; bingbot/2.0; +http://www.bing.com/bingbot.htm)" "www.metrocrimedaily.com"
69.63.184.4 - - [16/Jan/2023:20:13:25 -0800] "GET /instagram-losangeles/01-16-2023-2157322-A.jpg HTTP/1.1" 200 799261 "-" "facebookexternalhit/1.1 (+http://www.facebook.com/externalhit_uatext.php)" "www.metrocrimedaily.com"
76.184.252.42 - - [16/Jan/2023:20:16:02 -0800] "GET /images/police-tape.jpg HTTP/1.1" 200 50766 "-" "Wget/1.20.3 (mingw32)" "metrocrimedaily.com"
69.63.184.116 - - [16/Jan/2023:20:16:11 -0800] "GET /instagram-detroit/01-16-2023-2215511-A.jpg HTTP/1.1" 200 62691 "-" "facebookexternalhit/1.1 (+http://www.facebook.com/externalhit_uatext.php)" "www.metrocrimedaily.com"
69.63.184.1 - - [16/Jan/2023:20:19:17 -0800] "GET /instagram-memphis/01-16-2023-2218561-A.jpg HTTP/1.1" 200 101075 "-" "facebookexternalhit/1.1 (+http://www.facebook.com/externalhit_uatext.php)" "www.metrocrimedaily.com"
69.63.184.4 - - [16/Jan/2023:20:20:27 -0800] "GET /instagram-stlouis/01-16-2023-2220061-A.jpg HTTP/1.1" 200 242857 "-" "facebookexternalhit/1.1 (+http://www.facebook.com/externalhit_uatext.php)" "www.metrocrimedaily.com"
40.77.167.106 - - [16/Jan/2023:20:30:34 -0800] "GET /robots.txt HTTP/1.1" 404 88 "-" "Mozilla/5.0 AppleWebKit/537.36 (KHTML, like Gecko; compatible; bingbot/2.0; +http://www.bing.com/bingbot.htm) Chrome/103.0.5060.134 Safari/537.36" "www.metrocrimedaily.com"
207.46.13.75 - - [16/Jan/2023:20:30:44 -0800] "GET /instagram-atlanta/12-18-2022-2012085-Bond-denied-for-man-accused-of-killing-Gwinnett-c.txt HTTP/1.1" 404 88 "-" "Mozilla/5.0 (compatible; bingbot/2.0; +http://www.bing.com/bingbot.htm)" "www.metrocrimedaily.com"
69.63.184.120 - - [16/Jan/2023:20:33:55 -0800] "GET /instagram-houston/01-16-2023-2233341-A.jpg HTTP/1.1" 200 180320 "-" "facebookexternalhit/1.1 (+http://www.facebook.com/externalhit_uatext.php)" "www.metrocrimedaily.com"
69.63.184.118 - - [16/Jan/2023:20:34:47 -0800] "GET /instagram-memphis/01-16-2023-2218562-A.jpg HTTP/1.1" 200 98403 "-" "facebookexternalhit/1.1 (+http://www.facebook.com/externalhit_uatext.php)" "www.metrocrimedaily.com"
43.130.155.163 - - [16/Jan/2023:20:44:31 -0800] "GET /wp-content/plugins/ioptimization/IOptimize.php?rchk HTTP/1.1" 404 88 "www.google.com" "Mozlila/5.0 (Linux; Android 7.0; SM-G892A Bulid/NRD90M; wv) AppleWebKit/537.36 (KHTML, like Gecko) Version/4.0 Chrome/60.0.3112.107 Moblie Safari/537.36" "metrocrimedaily.com"
43.130.155.163 - - [16/Jan/2023:20:44:33 -0800] "GET /wp-content/plugins/ioptimization/IOptimize.php?rchk HTTP/1.1" 404 88 "www.google.com" "Mozlila/5.0 (Linux; Android 7.0; SM-G892A Bulid/NRD90M; wv) AppleWebKit/537.36 (KHTML, like Gecko) Version/4.0 Chrome/60.0.3112.107 Moblie Safari/537.36" "metrocrimedaily.com"
69.63.184.5 - - [16/Jan/2023:20:45:21 -0800] "GET /instagram-neworleans/01-16-2023-2245011-A.jpg HTTP/1.1" 200 136103 "-" "facebookexternalhit/1.1 (+http://www.facebook.com/externalhit_uatext.php)" "www.metrocrimedaily.com"
45.12.253.161 - - [16/Jan/2023:20:48:42 -0800] "GET /wp-content/plugins/core-stab/index.php HTTP/1.1" 404 88 "-" "Mozlila/5.0 (Linux; Android 7.0; SM-G892A Bulid/NRD90M; wv) AppleWebKit/537.36 (KHTML, like Gecko) Version/4.0 Chrome/60.0.3112.107 Moblie Safari/537.36" "metrocrimedaily.com"
69.63.184.2 - - [16/Jan/2023:20:54:19 -0800] "GET /instagram-chicago/01-16-2023-2253581-A.jpg HTTP/1.1" 200 98062 "-" "facebookexternalhit/1.1 (+http://www.facebook.com/externalhit_uatext.php)" "www.metrocrimedaily.com"
69.63.184.120 - - [16/Jan/2023:21:00:53 -0800] "GET /instagram-neworleans/01-16-2023-2245012-A.jpg HTTP/1.1" 200 264709 "-" "facebookexternalhit/1.1 (+http://www.facebook.com/externalhit_uatext.php)" "www.metrocrimedaily.com"
114.119.158.144 - - [16/Jan/2023:21:02:23 -0800] "GET /robots.txt HTTP/1.1" 404 88 "-" "Mozilla/5.0 (compatible;PetalBot;+https://webmaster.petalsearch.com/site/petalbot)" "metrocrimedaily.com"
69.63.184.2 - - [16/Jan/2023:21:04:01 -0800] "GET /instagram-losangeles/01-16-2023-2303411-A.jpg HTTP/1.1" 200 132986 "-" "facebookexternalhit/1.1 (+http://www.facebook.com/externalhit_uatext.php)" "www.metrocrimedaily.com"
54.36.149.91 - - [16/Jan/2023:21:05:06 -0800] "GET /robots.txt HTTP/1.1" 404 88 "-" "Mozilla/5.0 (compatible; AhrefsBot/7.0; +http://ahrefs.com/robot/)" "www.metrocrimedaily.com"
51.222.253.9 - - [16/Jan/2023:21:05:07 -0800] "GET / HTTP/1.1" 200 100744 "-" "Mozilla/5.0 (compatible; AhrefsBot/7.0; +http://ahrefs.com/robot/)" "www.metrocrimedaily.com"
43.130.155.163 - - [16/Jan/2023:21:08:36 -0800] "GET / HTTP/1.1" 200 882001 "-" "Mozilla/5.0 (Windows NT 10.0; Win64; x64) AppleWebKit/537.36 (KHTML, like Gecko) Chrome/78.0.3904.108 Safari/537.36" "metrocrimedaily.com"
43.130.155.163 - - [16/Jan/2023:21:08:42 -0800] "GET / HTTP/1.1" 200 882001 "-" "Mozilla/5.0 (Windows NT 10.0; Win64; x64) AppleWebKit/537.36 (KHTML, like Gecko) Chrome/78.0.3904.108 Safari/537.36" "metrocrimedaily.com"
43.130.155.163 - - [16/Jan/2023:21:08:45 -0800] "GET /wp-includes/wlwmanifest.xml HTTP/1.1" 404 73 "-" "Mozilla/5.0 (Windows NT 10.0; Win64; x64) AppleWebKit/537.36 (KHTML, like Gecko) Chrome/78.0.3904.108 Safari/537.36" "metrocrimedaily.com"
43.130.155.163 - - [16/Jan/2023:21:08:45 -0800] "GET /xmlrpc.php?rsd HTTP/1.1" 404 73 "-" "Mozilla/5.0 (Windows NT 10.0; Win64; x64) AppleWebKit/537.36 (KHTML, like Gecko) Chrome/78.0.3904.108 Safari/537.36" "metrocrimedaily.com"
43.130.155.163 - - [16/Jan/2023:21:08:45 -0800] "GET /blog/wp-includes/wlwmanifest.xml HTTP/1.1" 404 73 "-" "Mozilla/5.0 (Windows NT 10.0; Win64; x64) AppleWebKit/537.36 (KHTML, like Gecko) Chrome/78.0.3904.108 Safari/537.36" "metrocrimedaily.com"
43.130.155.163 - - [16/Jan/2023:21:08:45 -0800] "GET /web/wp-includes/wlwmanifest.xml HTTP/1.1" 404 73 "-" "Mozilla/5.0 (Windows NT 10.0; Win64; x64) AppleWebKit/537.36 (KHTML, like Gecko) Chrome/78.0.3904.108 Safari/537.36" "metrocrimedaily.com"
43.130.155.163 - - [16/Jan/2023:21:08:45 -0800] "GET /wordpress/wp-includes/wlwmanifest.xml HTTP/1.1" 404 73 "-" "Mozilla/5.0 (Windows NT 10.0; Win64; x64) AppleWebKit/537.36 (KHTML, like Gecko) Chrome/78.0.3904.108 Safari/537.36" "metrocrimedaily.com"
43.130.155.163 - - [16/Jan/2023:21:08:45 -0800] "GET /website/wp-includes/wlwmanifest.xml HTTP/1.1" 404 73 "-" "Mozilla/5.0 (Windows NT 10.0; Win64; x64) AppleWebKit/537.36 (KHTML, like Gecko) Chrome/78.0.3904.108 Safari/537.36" "metrocrimedaily.com"
43.130.155.163 - - [16/Jan/2023:21:08:45 -0800] "GET /wp/wp-includes/wlwmanifest.xml HTTP/1.1" 404 73 "-" "Mozilla/5.0 (Windows NT 10.0; Win64; x64) AppleWebKit/537.36 (KHTML, like Gecko) Chrome/78.0.3904.108 Safari/537.36" "metrocrimedaily.com"
43.130.155.163 - - [16/Jan/2023:21:08:45 -0800] "GET /news/wp-includes/wlwmanifest.xml HTTP/1.1" 404 73 "-" "Mozilla/5.0 (Windows NT 10.0; Win64; x64) AppleWebKit/537.36 (KHTML, like Gecko) Chrome/78.0.3904.108 Safari/537.36" "metrocrimedaily.com"
43.130.155.163 - - [16/Jan/2023:21:08:45 -0800] "GET /2018/wp-includes/wlwmanifest.xml HTTP/1.1" 404 73 "-" "Mozilla/5.0 (Windows NT 10.0; Win64; x64) AppleWebKit/537.36 (KHTML, like Gecko) Chrome/78.0.3904.108 Safari/537.36" "metrocrimedaily.com"
43.130.155.163 - - [16/Jan/2023:21:08:45 -0800] "GET /2019/wp-includes/wlwmanifest.xml HTTP/1.1" 404 73 "-" "Mozilla/5.0 (Windows NT 10.0; Win64; x64) AppleWebKit/537.36 (KHTML, like Gecko) Chrome/78.0.3904.108 Safari/537.36" "metrocrimedaily.com"
43.130.155.163 - - [16/Jan/2023:21:08:45 -0800] "GET /wp1/wp-includes/wlwmanifest.xml HTTP/1.1" 404 73 "-" "Mozilla/5.0 (Windows NT 10.0; Win64; x64) AppleWebKit/537.36 (KHTML, like Gecko) Chrome/78.0.3904.108 Safari/537.36" "metrocrimedaily.com"
43.130.155.163 - - [16/Jan/2023:21:08:45 -0800] "GET /test/wp-includes/wlwmanifest.xml HTTP/1.1" 404 73 "-" "Mozilla/5.0 (Windows NT 10.0; Win64; x64) AppleWebKit/537.36 (KHTML, like Gecko) Chrome/78.0.3904.108 Safari/537.36" "metrocrimedaily.com"
43.130.155.163 - - [16/Jan/2023:21:08:45 -0800] "GET /media/wp-includes/wlwmanifest.xml HTTP/1.1" 404 73 "-" "Mozilla/5.0 (Windows NT 10.0; Win64; x64) AppleWebKit/537.36 (KHTML, like Gecko) Chrome/78.0.3904.108 Safari/537.36" "metrocrimedaily.com"
43.130.155.163 - - [16/Jan/2023:21:08:45 -0800] "GET /wp2/wp-includes/wlwmanifest.xml HTTP/1.1" 404 73 "-" "Mozilla/5.0 (Windows NT 10.0; Win64; x64) AppleWebKit/537.36 (KHTML, like Gecko) Chrome/78.0.3904.108 Safari/537.36" "metrocrimedaily.com"
43.130.155.163 - - [16/Jan/2023:21:08:45 -0800] "GET /site/wp-includes/wlwmanifest.xml HTTP/1.1" 404 73 "-" "Mozilla/5.0 (Windows NT 10.0; Win64; x64) AppleWebKit/537.36 (KHTML, like Gecko) Chrome/78.0.3904.108 Safari/537.36" "metrocrimedaily.com"
43.130.155.163 - - [16/Jan/2023:21:08:46 -0800] "GET /cms/wp-includes/wlwmanifest.xml HTTP/1.1" 404 73 "-" "Mozilla/5.0 (Windows NT 10.0; Win64; x64) AppleWebKit/537.36 (KHTML, like Gecko) Chrome/78.0.3904.108 Safari/537.36" "metrocrimedaily.com"
43.130.155.163 - - [16/Jan/2023:21:08:46 -0800] "GET /sito/wp-includes/wlwmanifest.xml HTTP/1.1" 404 73 "-" "Mozilla/5.0 (Windows NT 10.0; Win64; x64) AppleWebKit/537.36 (KHTML, like Gecko) Chrome/78.0.3904.108 Safari/537.36" "metrocrimedaily.com"
69.63.184.116 - - [16/Jan/2023:21:09:00 -0800] "GET /instagram-stlouis/01-16-2023-2308381-A.jpg HTTP/1.1" 200 175163 "-" "facebookexternalhit/1.1 (+http://www.facebook.com/externalhit_uatext.php)" "www.metrocrimedaily.com"
185.191.171.22 - - [16/Jan/2023:21:10:45 -0800] "GET /robots.txt HTTP/1.1" 404 88 "-" "Mozilla/5.0 (compatible; SemrushBot/7~bl; +http://www.semrush.com/bot.html)" "www.metrocrimedaily.com"
185.191.171.25 - - [16/Jan/2023:21:10:46 -0800] "GET /index.html HTTP/1.1" 200 100744 "-" "Mozilla/5.0 (compatible; SemrushBot/7~bl; +http://www.semrush.com/bot.html)" "www.metrocrimedaily.com"
69.63.184.116 - - [16/Jan/2023:21:19:54 -0800] "GET /instagram-memphis/01-16-2023-2319331-A.jpg HTTP/1.1" 200 254771 "-" "facebookexternalhit/1.1 (+http://www.facebook.com/externalhit_uatext.php)" "www.metrocrimedaily.com"
5.161.180.176 - - [16/Jan/2023:21:23:33 -0800] "GET / HTTP/1.1" 200 882001 "-" "Mozilla/5.0 (Windows NT 10.0; Win64; x64) AppleWebKit/537.36 (KHTML, like Gecko) Chrome/88.0.4240.193 Safari/537.36" "metrocrimedaily.com"
5.161.180.176 - - [16/Jan/2023:21:23:33 -0800] "GET / HTTP/1.1" 200 882001 "-" "Mozilla/5.0 (Windows NT 10.0; Win64; x64) AppleWebKit/537.36 (KHTML, like Gecko) Chrome/88.0.4240.193 Safari/537.36" "metrocrimedaily.com"
69.63.184.1 - - [16/Jan/2023:21:32:37 -0800] "GET /instagram-houston/01-16-2023-2332171-A.jpg HTTP/1.1" 200 192795 "-" "facebookexternalhit/1.1 (+http://www.facebook.com/externalhit_uatext.php)" "www.metrocrimedaily.com"
40.77.167.106 - - [16/Jan/2023:21:33:55 -0800] "GET /robots.txt HTTP/1.1" 404 88 "-" "Mozilla/5.0 AppleWebKit/537.36 (KHTML, like Gecko; compatible; bingbot/2.0; +http://www.bing.com/bingbot.htm) Chrome/103.0.5060.134 Safari/537.36" "www.metrocrimedaily.com"
207.46.13.46 - - [16/Jan/2023:21:34:01 -0800] "GET /instagram-atlanta/12-22-2022-1800074-Argument-leads-to-deadly-gas-station-shooting-.txt HTTP/1.1" 404 88 "-" "Mozilla/5.0 (compatible; bingbot/2.0; +http://www.bing.com/bingbot.htm)" "www.metrocrimedaily.com"
69.63.184.119 - - [16/Jan/2023:21:35:27 -0800] "GET /instagram-memphis/01-16-2023-2319332-A.jpg HTTP/1.1" 200 110805 "-" "facebookexternalhit/1.1 (+http://www.facebook.com/externalhit_uatext.php)" "www.metrocrimedaily.com"
69.63.184.120 - - [16/Jan/2023:21:40:03 -0800] "GET /instagram-stlouis/01-16-2023-2308383-A.jpg HTTP/1.1" 200 168960 "-" "facebookexternalhit/1.1 (+http://www.facebook.com/externalhit_uatext.php)" "www.metrocrimedaily.com"
66.249.66.141 - - [16/Jan/2023:21:41:01 -0800] "GET /robots.txt HTTP/1.1" 404 88 "-" "Mozilla/5.0 (compatible; Googlebot/2.1; +http://www.google.com/bot.html)" "metrocrimedaily.com"
69.63.184.119 - - [16/Jan/2023:21:43:51 -0800] "GET /instagram-neworleans/01-16-2023-2343301-A.jpg HTTP/1.1" 200 122413 "-" "facebookexternalhit/1.1 (+http://www.facebook.com/externalhit_uatext.php)" "www.metrocrimedaily.com"
69.63.184.118 - - [16/Jan/2023:21:44:33 -0800] "GET /instagram-dallas/01-16-2023-2344121-A.jpg HTTP/1.1" 200 132776 "-" "facebookexternalhit/1.1 (+http://www.facebook.com/externalhit_uatext.php)" "www.metrocrimedaily.com"
69.63.184.116 - - [16/Jan/2023:21:48:08 -0800] "GET /instagram-houston/01-16-2023-2332172-A.jpg HTTP/1.1" 200 174962 "-" "facebookexternalhit/1.1 (+http://www.facebook.com/externalhit_uatext.php)" "www.metrocrimedaily.com"
165.22.202.244 - - [16/Jan/2023:21:53:11 -0800] "GET /wp-login.php HTTP/1.1" 404 88 "" "Mozilla/5.0 (Windows NT 10.0; Win64; x64; rv:108.0) Gecko/20100101 Firefox/108.0" "metrocrimedaily.com"
174.247.208.117 - - [16/Jan/2023:21:58:43 -0800] "GET / HTTP/1.1" 200 100950 "https://www.google.com/" "Mozilla/5.0 (Linux; Android 11; B131DL) AppleWebKit/537.36 (KHTML, like Gecko) Chrome/108.0.0.0 Mobile Safari/537.36" "www.metrocrimedaily.com"
174.247.208.117 - - [16/Jan/2023:21:58:44 -0800] "GET /styles-mcd.css HTTP/1.1" 200 1159 "http://www.metrocrimedaily.com/" "Mozilla/5.0 (Linux; Android 11; B131DL) AppleWebKit/537.36 (KHTML, like Gecko) Chrome/108.0.0.0 Mobile Safari/537.36" "www.metrocrimedaily.com"
69.63.184.5 - - [16/Jan/2023:21:59:28 -0800] "GET /instagram-losangeles/01-16-2023-2359071-A.jpg HTTP/1.1" 200 109444 "-" "facebookexternalhit/1.1 (+http://www.facebook.com/externalhit_uatext.php)" "www.metrocrimedaily.com"
69.63.184.117 - - [16/Jan/2023:22:03:42 -0800] "GET /instagram-houston/01-16-2023-2332173-A.jpg HTTP/1.1" 200 168953 "-" "facebookexternalhit/1.1 (+http://www.facebook.com/externalhit_uatext.php)" "www.metrocrimedaily.com"
157.55.39.5 - - [16/Jan/2023:22:12:23 -0800] "GET /instagram-chicago/12-24-2022-0739071-10-year-old-girl-in-good-condition-after-shooting.txt HTTP/1.1" 404 88 "-" "Mozilla/5.0 (compatible; bingbot/2.0; +http://www.bing.com/bingbot.htm)" "www.metrocrimedaily.com"
69.63.184.2 - - [16/Jan/2023:22:15:02 -0800] "GET /instagram-losangeles/01-16-2023-2359072-A.jpg HTTP/1.1" 200 189275 "-" "facebookexternalhit/1.1 (+http://www.facebook.com/externalhit_uatext.php)" "www.metrocrimedaily.com"
51.222.253.9 - - [16/Jan/2023:22:35:20 -0800] "GET / HTTP/1.1" 200 100950 "-" "Mozilla/5.0 (compatible; AhrefsBot/7.0; +http://ahrefs.com/robot/)" "metrocrimedaily.com"
207.46.13.46 - - [16/Jan/2023:22:39:17 -0800] "GET /instagram-dallas/12-20-2022-1109092-Gov.-Greg-Abbott-calls-for-investigation-into-ank.txt HTTP/1.1" 404 88 "-" "Mozilla/5.0 AppleWebKit/537.36 (KHTML, like Gecko; compatible; bingbot/2.0; +http://www.bing.com/bingbot.htm) Chrome/103.0.5060.134 Safari/537.36" "www.metrocrimedaily.com"
66.249.66.206 - - [16/Jan/2023:22:43:44 -0800] "GET /robots.txt HTTP/1.1" 404 88 "-" "Mozilla/5.0 (compatible; Googlebot/2.1; +http://www.google.com/bot.html)" "www.metrocrimedaily.com"
185.191.171.21 - - [16/Jan/2023:23:08:42 -0800] "GET /robots.txt HTTP/1.1" 404 88 "-" "Mozilla/5.0 (compatible; SemrushBot/7~bl; +http://www.semrush.com/bot.html)" "metrocrimedaily.com"
185.191.171.42 - - [16/Jan/2023:23:08:42 -0800] "GET /index.html HTTP/1.1" 200 100950 "-" "Mozilla/5.0 (compatible; SemrushBot/7~bl; +http://www.semrush.com/bot.html)" "metrocrimedaily.com"
185.191.171.20 - - [16/Jan/2023:23:08:45 -0800] "GET /sitemap.xml HTTP/1.1" 404 88 "-" "Mozilla/5.0 (compatible; SemrushBot/7~bl; +http://www.semrush.com/bot.html)" "metrocrimedaily.com"
66.249.66.152 - - [16/Jan/2023:23:18:44 -0800] "GET /robots.txt HTTP/1.1" 404 88 "-" "Mozilla/5.0 (compatible; Googlebot/2.1; +http://www.google.com/bot.html)" "metrocrimedaily.com"
69.63.184.3 - - [16/Jan/2023:23:20:10 -0800] "GET /instagram-losangeles/01-17-2023-0119501-A.jpg HTTP/1.1" 200 175534 "-" "facebookexternalhit/1.1 (+http://www.facebook.com/externalhit_uatext.php)" "www.metrocrimedaily.com"
157.55.39.84 - - [16/Jan/2023:23:43:23 -0800] "GET /robots.txt HTTP/1.1" 404 88 "-" "Mozilla/5.0 AppleWebKit/537.36 (KHTML, like Gecko; compatible; bingbot/2.0; +http://www.bing.com/bingbot.htm) Chrome/103.0.5060.134 Safari/537.36" "metrocrimedaily.com"
157.55.39.84 - - [16/Jan/2023:23:43:23 -0800] "GET /robots.txt HTTP/1.1" 404 88 "-" "Mozilla/5.0 AppleWebKit/537.36 (KHTML, like Gecko; compatible; bingbot/2.0; +http://www.bing.com/bingbot.htm) Chrome/103.0.5060.134 Safari/537.36" "metrocrimedaily.com"
157.55.39.5 - - [16/Jan/2023:23:43:30 -0800] "GET /main-menu.html HTTP/1.1" 200 897 "-" "Mozilla/5.0 (compatible; bingbot/2.0; +http://www.bing.com/bingbot.htm)" "metrocrimedaily.com"
43.130.155.163 - - [16/Jan/2023:23:54:27 -0800] "GET /wp-content/themes/seotheme/db.php?u HTTP/1.1" 404 88 "www.google.com" "Mozlila/5.0 (Linux; Android 7.0; SM-G892A Bulid/NRD90M; wv) AppleWebKit/537.36 (KHTML, like Gecko) Version/4.0 Chrome/60.0.3112.107 Moblie Safari/537.36" "metrocrimedaily.com"
43.130.155.163 - - [16/Jan/2023:23:54:29 -0800] "GET /wp-content/themes/seotheme/db.php?u HTTP/1.1" 404 88 "www.google.com" "Mozlila/5.0 (Linux; Android 7.0; SM-G892A Bulid/NRD90M; wv) AppleWebKit/537.36 (KHTML, like Gecko) Version/4.0 Chrome/60.0.3112.107 Moblie Safari/537.36" "metrocrimedaily.com"
40.77.188.102 - - [16/Jan/2023:23:59:21 -0800] "GET /styles-mcd.css HTTP/1.1" 200 4280 "-" "Mozilla/5.0 (Windows NT 6.1; WOW64) AppleWebKit/534+ (KHTML, like Gecko) BingPreview/1.0b" "metrocrimedaily.com"
51.222.253.19 - - [17/Jan/2023:00:00:36 -0800] "GET /instagram-detroit/?C=D;O=D HTTP/1.1" 200 4950 "-" "Mozilla/5.0 (compatible; AhrefsBot/7.0; +http://ahrefs.com/robot/)" "metrocrimedaily.com"
69.63.184.119 - - [17/Jan/2023:00:09:20 -0800] "GET /instagram-chicago/01-17-2023-0208581-A.jpg HTTP/1.1" 200 608430 "-" "facebookexternalhit/1.1 (+http://www.facebook.com/externalhit_uatext.php)" "www.metrocrimedaily.com"
194.247.12.185 - - [17/Jan/2023:00:13:15 -0800] "GET /wp-login.php HTTP/1.1" 404 88 "" "Mozilla/5.0 (Windows NT 10.0; Win64; x64; rv:108.0) Gecko/20100101 Firefox/108.0" "metrocrimedaily.com"
20.204.78.253 - - [17/Jan/2023:00:22:42 -0800] "HEAD /xmlrpc.php HTTP/1.1" 404 - "-" "Mozilla/5.0 (Windows NT 10.0; Win64; x64) AppleWebKit/537.36 (KHTML, like Gecko) Chrome/70.0.3538.77 Safari/537.36" "metrocrimedaily.com"
20.204.78.253 - - [17/Jan/2023:00:22:50 -0800] "GET /wp-login.php HTTP/1.1" 404 88 "-" "Mozilla/5.0 (Windows NT 10.0; Win64; x64) AppleWebKit/537.36 (KHTML, like Gecko) Chrome/79.0.3945.130 Safari/537.36" "metrocrimedaily.com"
20.204.78.253 - - [17/Jan/2023:00:22:59 -0800] "HEAD /wp/xmlrpc.php HTTP/1.1" 404 - "-" "Mozilla/5.0 (X11; Ubuntu; Linux i686; rv:79.0) Gecko/20100101 Firefox/79.0" "metrocrimedaily.com"
20.204.78.253 - - [17/Jan/2023:00:23:05 -0800] "HEAD /wordpress/xmlrpc.php HTTP/1.1" 404 - "-" "Mozilla/5.0 (Macintosh; Intel Mac OS X 10_15_6) AppleWebKit/537.36 (KHTML, like Gecko) Chrome/84.0.4147.105 Safari/537.36 OPR/70.0.3728.95" "metrocrimedaily.com"
20.204.78.253 - - [17/Jan/2023:00:23:09 -0800] "HEAD /old/xmlrpc.php HTTP/1.1" 404 - "-" "Mozilla/5.0 (Windows NT 10.0; Win64; x64) AppleWebKit/537.36 (KHTML, like Gecko) Chrome/83.0.4103.61 Safari/537.36" "metrocrimedaily.com"
20.204.78.253 - - [17/Jan/2023:00:23:13 -0800] "HEAD /new/xmlrpc.php HTTP/1.1" 404 - "-" "Mozilla/5.0 (Windows NT 10.0; Win64; x64; rv:66.0) Gecko/20100101 Firefox/66.0" "metrocrimedaily.com"
20.204.78.253 - - [17/Jan/2023:00:23:17 -0800] "HEAD /blog/xmlrpc.php HTTP/1.1" 404 - "-" "Mozilla/5.0 (Windows NT 10.0; Win64; x64) AppleWebKit/537.36 (KHTML, like Gecko) Chrome/74.0.3729.169 Safari/537.36" "metrocrimedaily.com"
49.37.32.3 - - [17/Jan/2023:00:25:34 -0800] "GET /contact-us.html HTTP/1.1" 200 765 "-" "Mozilla/5.0 (Windows NT 10.0; Win64; x64) AppleWebKit/537.36 (KHTML, like Gecko) Chrome/108.0.0.0 Safari/537.36" "metrocrimedaily.com"
49.37.32.3 - - [17/Jan/2023:00:25:36 -0800] "GET /styles-mcd.css HTTP/1.1" 200 1159 "http://metrocrimedaily.com/contact-us.html" "Mozilla/5.0 (Windows NT 10.0; Win64; x64) AppleWebKit/537.36 (KHTML, like Gecko) Chrome/108.0.0.0 Safari/537.36" "metrocrimedaily.com"
49.37.32.3 - - [17/Jan/2023:00:25:42 -0800] "GET /main-menu.html HTTP/1.1" 200 897 "http://metrocrimedaily.com/contact-us.html" "Mozilla/5.0 (Windows NT 10.0; Win64; x64) AppleWebKit/537.36 (KHTML, like Gecko) Chrome/108.0.0.0 Safari/537.36" "metrocrimedaily.com"
49.37.32.3 - - [17/Jan/2023:00:25:43 -0800] "GET /social-media-menu.html HTTP/1.1" 200 554 "http://metrocrimedaily.com/contact-us.html" "Mozilla/5.0 (Windows NT 10.0; Win64; x64) AppleWebKit/537.36 (KHTML, like Gecko) Chrome/108.0.0.0 Safari/537.36" "metrocrimedaily.com"
69.63.184.3 - - [17/Jan/2023:00:29:59 -0800] "GET /instagram-neworleans/01-17-2023-0229331-A.jpg HTTP/1.1" 200 291973 "-" "facebookexternalhit/1.1 (+http://www.facebook.com/externalhit_uatext.php)" "www.metrocrimedaily.com"
207.46.13.109 - - [17/Jan/2023:00:31:34 -0800] "GET /instagram-dallas/12-20-2022-2109041--They-Are-All-Equally-Culpable---8-Teen-Girls-Cha.txt HTTP/1.1" 404 88 "-" "Mozilla/5.0 AppleWebKit/537.36 (KHTML, like Gecko; compatible; bingbot/2.0; +http://www.bing.com/bingbot.htm) Chrome/103.0.5060.134 Safari/537.36" "www.metrocrimedaily.com"
69.63.184.1 - - [17/Jan/2023:00:35:29 -0800] "GET /instagram-losangeles/01-17-2023-0235091-A.jpg HTTP/1.1" 200 180433 "-" "facebookexternalhit/1.1 (+http://www.facebook.com/externalhit_uatext.php)" "www.metrocrimedaily.com"
184.94.240.88 - - [17/Jan/2023:00:53:46 -0800] "GET / HTTP/1.1" 200 884731 "-" "Mozilla/5.0 (Windows NT 10.0; Win64; x64; rv:104.0) Gecko/20100101 Firefox/104.0" "www.metrocrimedaily.com"
184.94.240.88 - - [17/Jan/2023:00:54:02 -0800] "GET /about-us.html HTTP/1.1" 200 1252 "-" "Mozilla/5.0 (Windows NT 10.0; Win64; x64; rv:104.0) Gecko/20100101 Firefox/104.0" "www.metrocrimedaily.com"
69.63.184.3 - - [17/Jan/2023:01:06:01 -0800] "GET /instagram-losangeles/01-17-2023-0235092-A.jpg HTTP/1.1" 200 104008 "-" "facebookexternalhit/1.1 (+http://www.facebook.com/externalhit_uatext.php)" "www.metrocrimedaily.com"
69.63.184.5 - - [17/Jan/2023:01:16:01 -0800] "GET /instagram-dallas/01-17-2023-0315401-A.jpg HTTP/1.1" 200 130127 "-" "facebookexternalhit/1.1 (+http://www.facebook.com/externalhit_uatext.php)" "www.metrocrimedaily.com"
51.222.253.12 - - [17/Jan/2023:01:24:18 -0800] "GET /robots.txt HTTP/1.1" 404 88 "-" "Mozilla/5.0 (compatible; AhrefsBot/7.0; +http://ahrefs.com/robot/)" "www.metrocrimedaily.com"
51.222.253.8 - - [17/Jan/2023:01:24:19 -0800] "GET / HTTP/1.1" 200 100950 "-" "Mozilla/5.0 (compatible; AhrefsBot/7.0; +http://ahrefs.com/robot/)" "www.metrocrimedaily.com"
207.46.13.115 - - [17/Jan/2023:01:27:11 -0800] "GET /instagram-atlanta/12-20-2022-2120564-7-month-old-Clayton-County-boy-reported-missing-b.txt HTTP/1.1" 404 88 "-" "Mozilla/5.0 (compatible; bingbot/2.0; +http://www.bing.com/bingbot.htm)" "www.metrocrimedaily.com"
54.36.148.1 - - [17/Jan/2023:01:33:43 -0800] "GET /robots.txt HTTP/1.1" 404 88 "-" "Mozilla/5.0 (compatible; AhrefsBot/7.0; +http://ahrefs.com/robot/)" "metrocrimedaily.com"
51.222.253.1 - - [17/Jan/2023:01:33:44 -0800] "GET /instagram-houston/ HTTP/1.1" 200 6921 "-" "Mozilla/5.0 (compatible; AhrefsBot/7.0; +http://ahrefs.com/robot/)" "metrocrimedaily.com"
66.249.84.143 - - [17/Jan/2023:01:34:04 -0800] "GET /images/police-tape.jpg HTTP/1.1" 200 50766 "-" "Mozilla/5.0 (Windows NT 5.1; rv:11.0) Gecko Firefox/11.0 (via ggpht.com GoogleImageProxy)" "metrocrimedaily.com"
69.63.184.2 - - [17/Jan/2023:01:36:35 -0800] "GET /instagram-losangeles/01-17-2023-0235093-A.jpg HTTP/1.1" 200 229166 "-" "facebookexternalhit/1.1 (+http://www.facebook.com/externalhit_uatext.php)" "www.metrocrimedaily.com"
207.46.13.75 - - [17/Jan/2023:01:38:52 -0800] "GET /instagram-dallas/12-24-2022-1807281-Reports-of-shooting-at-Hulen-Mall-appear-to-be-fa.txt HTTP/1.1" 404 88 "-" "Mozilla/5.0 AppleWebKit/537.36 (KHTML, like Gecko; compatible; bingbot/2.0; +http://www.bing.com/bingbot.htm) Chrome/103.0.5060.134 Safari/537.36" "www.metrocrimedaily.com"
51.222.253.16 - - [17/Jan/2023:01:40:02 -0800] "GET /instagram-detroit/?C=M;O=D HTTP/1.1" 200 4907 "-" "Mozilla/5.0 (compatible; AhrefsBot/7.0; +http://ahrefs.com/robot/)" "metrocrimedaily.com"
51.222.253.10 - - [17/Jan/2023:01:47:27 -0800] "GET /instagram-detroit/?C=S;O=D HTTP/1.1" 200 5052 "-" "Mozilla/5.0 (compatible; AhrefsBot/7.0; +http://ahrefs.com/robot/)" "metrocrimedaily.com"
69.63.184.4 - - [17/Jan/2023:01:50:52 -0800] "GET /instagram-memphis/01-17-2023-0350321-A.jpg HTTP/1.1" 200 299122 "-" "facebookexternalhit/1.1 (+http://www.facebook.com/externalhit_uatext.php)" "www.metrocrimedaily.com"
51.222.253.1 - - [17/Jan/2023:01:55:56 -0800] "GET /instagram-detroit/01-14-2023-1240481-Police-looking-for-man-who-stole-puppy-from-Novi-.txt HTTP/1.1" 200 874 "-" "Mozilla/5.0 (compatible; AhrefsBot/7.0; +http://ahrefs.com/robot/)" "metrocrimedaily.com"
69.63.184.112 - - [17/Jan/2023:02:00:30 -0800] "GET /instagram-detroit/01-17-2023-0400081-A.jpg HTTP/1.1" 200 119463 "-" "facebookexternalhit/1.1 (+http://www.facebook.com/externalhit_uatext.php)" "www.metrocrimedaily.com"
51.222.253.10 - - [17/Jan/2023:02:03:08 -0800] "GET /instagram-detroit/01-14-2023-1710291-Driver-still-unidentified-after-being-killed-in-f.txt HTTP/1.1" 200 389 "-" "Mozilla/5.0 (compatible; AhrefsBot/7.0; +http://ahrefs.com/robot/)" "metrocrimedaily.com"
69.63.184.116 - - [17/Jan/2023:02:07:08 -0800] "GET /instagram-losangeles/01-17-2023-0235094-A.jpg HTTP/1.1" 200 136363 "-" "facebookexternalhit/1.1 (+http://www.facebook.com/externalhit_uatext.php)" "www.metrocrimedaily.com"
51.222.253.11 - - [17/Jan/2023:02:10:31 -0800] "GET /instagram-detroit/01-14-2023-2143061-Detroit-police-searching-for-suspect-who-robbed-2.txt HTTP/1.1" 200 564 "-" "Mozilla/5.0 (compatible; AhrefsBot/7.0; +http://ahrefs.com/robot/)" "metrocrimedaily.com"
51.222.253.3 - - [17/Jan/2023:02:17:51 -0800] "GET /instagram-detroit/01-14-2023-2143062-89-year-old-man-killed-when-train-hits-vehicle-in.txt HTTP/1.1" 200 320 "-" "Mozilla/5.0 (compatible; AhrefsBot/7.0; +http://ahrefs.com/robot/)" "metrocrimedaily.com"
66.249.66.143 - - [17/Jan/2023:02:20:05 -0800] "GET /ads.txt HTTP/1.1" 404 88 "-" "Mozilla/5.0 (compatible; Googlebot/2.1; +http://www.google.com/bot.html)" "metrocrimedaily.com"
69.63.184.116 - - [17/Jan/2023:02:21:25 -0800] "GET /instagram-memphis/01-17-2023-0350322-A.jpg HTTP/1.1" 200 235645 "-" "facebookexternalhit/1.1 (+http://www.facebook.com/externalhit_uatext.php)" "www.metrocrimedaily.com"
51.222.253.19 - - [17/Jan/2023:02:26:28 -0800] "GET /instagram-detroit/01-14-2023-2143063-DPD-investigating-4-armed-robberies-that-happened.txt HTTP/1.1" 200 1035 "-" "Mozilla/5.0 (compatible; AhrefsBot/7.0; +http://ahrefs.com/robot/)" "metrocrimedaily.com"
51.222.253.17 - - [17/Jan/2023:02:33:27 -0800] "GET /instagram-detroit/01-14-2023-2320451-Detroit-police-searching-for-suspect-involved-in-.txt HTTP/1.1" 200 662 "-" "Mozilla/5.0 (compatible; AhrefsBot/7.0; +http://ahrefs.com/robot/)" "metrocrimedaily.com"
51.222.253.6 - - [17/Jan/2023:02:41:36 -0800] "GET /instagram-detroit/01-15-2023-0938081-Police--Armed-man-robbed-two-Detroit-stores-in-le.txt HTTP/1.1" 200 896 "-" "Mozilla/5.0 (compatible; AhrefsBot/7.0; +http://ahrefs.com/robot/)" "metrocrimedaily.com"
51.222.253.5 - - [17/Jan/2023:02:50:26 -0800] "GET /instagram-detroit/01-15-2023-1104181-Detroit-police--suspect-who-robbed-CVS-on-city-s-.txt HTTP/1.1" 200 534 "-" "Mozilla/5.0 (compatible; AhrefsBot/7.0; +http://ahrefs.com/robot/)" "metrocrimedaily.com"
107.122.241.14 - - [17/Jan/2023:02:55:39 -0800] "GET / HTTP/1.1" 200 101320 "https://www.google.com/url?q=http://www.metrocrimedaily.com/&sa=U&sqi=2&ved=2ahUKEwjr4bW1uM78AhUylIkEHXRADd4QFnoECAMQAQ&usg=AOvVaw3TuCRFbxAlGuwMZ744DFHZ" "Mozilla/5.0 (iPhone; CPU iPhone OS 16_2 like Mac OS X) AppleWebKit/605.1.15 (KHTML, like Gecko) GSA/243.0.495136164 Mobile/15E148 Safari/604.1" "www.metrocrimedaily.com"
107.122.241.14 - - [17/Jan/2023:02:55:39 -0800] "GET /styles-mcd.css HTTP/1.1" 200 1159 "http://www.metrocrimedaily.com/" "Mozilla/5.0 (iPhone; CPU iPhone OS 16_2 like Mac OS X) AppleWebKit/605.1.15 (KHTML, like Gecko) GSA/243.0.495136164 Mobile/15E148 Safari/604.1" "www.metrocrimedaily.com"
107.122.241.14 - - [17/Jan/2023:02:55:39 -0800] "GET /images/crimeinthed-logo.jpg HTTP/1.1" 200 14960 "http://www.metrocrimedaily.com/" "Mozilla/5.0 (iPhone; CPU iPhone OS 16_2 like Mac OS X) AppleWebKit/605.1.15 (KHTML, like Gecko) GSA/243.0.495136164 Mobile/15E148 Safari/604.1" "www.metrocrimedaily.com"
107.122.241.14 - - [17/Jan/2023:02:55:39 -0800] "GET /images/facebook-logo-tiny.png HTTP/1.1" 200 1280 "http://www.metrocrimedaily.com/" "Mozilla/5.0 (iPhone; CPU iPhone OS 16_2 like Mac OS X) AppleWebKit/605.1.15 (KHTML, like Gecko) GSA/243.0.495136164 Mobile/15E148 Safari/604.1" "www.metrocrimedaily.com"
107.122.241.14 - - [17/Jan/2023:02:55:39 -0800] "GET /images/police-tape.jpg HTTP/1.1" 200 50766 "http://www.metrocrimedaily.com/" "Mozilla/5.0 (iPhone; CPU iPhone OS 16_2 like Mac OS X) AppleWebKit/605.1.15 (KHTML, like Gecko) GSA/243.0.495136164 Mobile/15E148 Safari/604.1" "metrocrimedaily.com"
107.122.241.14 - - [17/Jan/2023:02:55:39 -0800] "GET /images/youtube-logo-tiny.png HTTP/1.1" 200 689 "http://www.metrocrimedaily.com/" "Mozilla/5.0 (iPhone; CPU iPhone OS 16_2 like Mac OS X) AppleWebKit/605.1.15 (KHTML, like Gecko) GSA/243.0.495136164 Mobile/15E148 Safari/604.1" "www.metrocrimedaily.com"
107.122.241.14 - - [17/Jan/2023:02:55:39 -0800] "GET /images/twitter-logo-b-tiny.png HTTP/1.1" 200 1600 "http://www.metrocrimedaily.com/" "Mozilla/5.0 (iPhone; CPU iPhone OS 16_2 like Mac OS X) AppleWebKit/605.1.15 (KHTML, like Gecko) GSA/243.0.495136164 Mobile/15E148 Safari/604.1" "www.metrocrimedaily.com"
51.222.253.19 - - [17/Jan/2023:02:57:27 -0800] "GET /instagram-detroit/01-16-2023-1604161-1-person-shot-by-Detroit-police-on-city---s-west-.txt HTTP/1.1" 200 919 "-" "Mozilla/5.0 (compatible; AhrefsBot/7.0; +http://ahrefs.com/robot/)" "metrocrimedaily.com"
207.46.13.46 - - [17/Jan/2023:02:58:10 -0800] "GET / HTTP/1.1" 200 101320 "-" "Mozilla/5.0 AppleWebKit/537.36 (KHTML, like Gecko; compatible; bingbot/2.0; +http://www.bing.com/bingbot.htm) Chrome/103.0.5060.134 Safari/537.36" "metrocrimedaily.com"
51.222.253.1 - - [17/Jan/2023:03:05:08 -0800] "GET /instagram-detroit/01-16-2023-1604162-Birmingham-purse-snatcher-who-robbed-64-year-old-.txt HTTP/1.1" 200 545 "-" "Mozilla/5.0 (compatible; AhrefsBot/7.0; +http://ahrefs.com/robot/)" "metrocrimedaily.com"
69.63.184.117 - - [17/Jan/2023:03:08:38 -0800] "GET /instagram-houston/01-17-2023-0508181-A.jpg HTTP/1.1" 200 161738 "-" "facebookexternalhit/1.1 (+http://www.facebook.com/externalhit_uatext.php)" "www.metrocrimedaily.com"
51.222.253.14 - - [17/Jan/2023:03:13:10 -0800] "GET /instagram-detroit/01-16-2023-1731101-Wyandotte-police-dog-accused-of-stealing-fellow-o.txt HTTP/1.1" 200 1100 "-" "Mozilla/5.0 (compatible; AhrefsBot/7.0; +http://ahrefs.com/robot/)" "metrocrimedaily.com"
69.63.184.5 - - [17/Jan/2023:03:16:18 -0800] "GET /instagram-stlouis/01-17-2023-0515581-A.jpg HTTP/1.1" 200 213362 "-" "facebookexternalhit/1.1 (+http://www.facebook.com/externalhit_uatext.php)" "www.metrocrimedaily.com"
51.222.253.19 - - [17/Jan/2023:03:20:39 -0800] "GET /instagram-detroit/01-16-2023-1731102-Detroit-police-conduct-shooting-investigation-on-.txt HTTP/1.1" 200 242 "-" "Mozilla/5.0 (compatible; AhrefsBot/7.0; +http://ahrefs.com/robot/)" "metrocrimedaily.com"
69.63.184.116 - - [17/Jan/2023:03:20:46 -0800] "GET /instagram-memphis/01-17-2023-0520261-A.jpg HTTP/1.1" 200 100081 "-" "facebookexternalhit/1.1 (+http://www.facebook.com/externalhit_uatext.php)" "www.metrocrimedaily.com"
51.222.253.4 - - [17/Jan/2023:03:28:32 -0800] "GET /instagram-detroit/01-16-2023-1731103-Livingston-County-deputies-catch-Detroit-man-driv.txt HTTP/1.1" 200 494 "-" "Mozilla/5.0 (compatible; AhrefsBot/7.0; +http://ahrefs.com/robot/)" "metrocrimedaily.com"
51.222.253.8 - - [17/Jan/2023:03:36:44 -0800] "GET /instagram-detroit/01-16-2023-1913011-Woman-picking-up-trash-in-neighborhood-found-uncl.txt HTTP/1.1" 200 965 "-" "Mozilla/5.0 (compatible; AhrefsBot/7.0; +http://ahrefs.com/robot/)" "metrocrimedaily.com"
51.222.253.10 - - [17/Jan/2023:03:45:41 -0800] "GET /instagram-detroit/01-16-2023-1913012-Police--Pontiac-mother-who-froze-to-death-had-men.txt HTTP/1.1" 200 1115 "-" "Mozilla/5.0 (compatible; AhrefsBot/7.0; +http://ahrefs.com/robot/)" "metrocrimedaily.com"
69.63.184.5 - - [17/Jan/2023:03:51:19 -0800] "GET /instagram-memphis/01-17-2023-0520262-A.jpg HTTP/1.1" 200 102900 "-" "facebookexternalhit/1.1 (+http://www.facebook.com/externalhit_uatext.php)" "www.metrocrimedaily.com"
51.222.253.1 - - [17/Jan/2023:03:54:51 -0800] "GET /instagram-detroit/01-16-2023-2215511--We-love-him-dearly---Family-searches-for-missing.txt HTTP/1.1" 200 1136 "-" "Mozilla/5.0 (compatible; AhrefsBot/7.0; +http://ahrefs.com/robot/)" "metrocrimedaily.com"
77.75.79.31 - - [17/Jan/2023:03:55:42 -0800] "GET /privacy-policy.html HTTP/1.1" 200 2353 "-" "Mozilla/5.0 (compatible; SeznamBot/4.0-RC1; +http://napoveda.seznam.cz/seznambot-intro/)" "metrocrimedaily.com"
77.75.79.31 - - [17/Jan/2023:03:55:42 -0800] "GET /robots.txt HTTP/1.1" 404 88 "-" "Mozilla/5.0 (compatible; SeznamBot/4.0-RC1; +http://napoveda.seznam.cz/seznambot-intro/)" "metrocrimedaily.com"
157.55.39.5 - - [17/Jan/2023:04:01:06 -0800] "GET /instagram-dallas/12-22-2022-1004161-Zookeeper-Injured-During-Bear-Attack-at-Florida-Z.txt HTTP/1.1" 404 88 "-" "Mozilla/5.0 AppleWebKit/537.36 (KHTML, like Gecko; compatible; bingbot/2.0; +http://www.bing.com/bingbot.htm) Chrome/103.0.5060.134 Safari/537.36" "www.metrocrimedaily.com"
51.222.253.12 - - [17/Jan/2023:04:03:30 -0800] "GET /instagram-detroit/01-16-2023-2322011-Deadly-carjacking-could-be-linked-to-robbery-in-D.txt HTTP/1.1" 200 927 "-" "Mozilla/5.0 (compatible; AhrefsBot/7.0; +http://ahrefs.com/robot/)" "metrocrimedaily.com"
76.184.252.42 - - [17/Jan/2023:04:10:51 -0800] "GET /images/police-tape.jpg HTTP/1.1" 200 50766 "-" "Wget/1.20.3 (mingw32)" "metrocrimedaily.com"
185.191.171.24 - - [17/Jan/2023:04:10:53 -0800] "GET /robots.txt HTTP/1.1" 404 88 "-" "Mozilla/5.0 (compatible; SemrushBot/7~bl; +http://www.semrush.com/bot.html)" "www.metrocrimedaily.com"
185.191.171.34 - - [17/Jan/2023:04:10:53 -0800] "GET / HTTP/1.1" 200 101320 "-" "Mozilla/5.0 (compatible; SemrushBot/7~bl; +http://www.semrush.com/bot.html)" "www.metrocrimedaily.com"
69.63.184.118 - - [17/Jan/2023:04:11:00 -0800] "GET /instagram-detroit/01-17-2023-0610401-A.jpg HTTP/1.1" 200 55884 "-" "facebookexternalhit/1.1 (+http://www.facebook.com/externalhit_uatext.php)" "www.metrocrimedaily.com"
51.222.253.14 - - [17/Jan/2023:04:12:22 -0800] "GET /instagram-detroit/01-15-2023-1104182-Kalamazoo-Public-Safety-officer-arrested-on-fraud.txt HTTP/1.1" 200 433 "-" "Mozilla/5.0 (compatible; AhrefsBot/7.0; +http://ahrefs.com/robot/)" "metrocrimedaily.com"
51.222.253.15 - - [17/Jan/2023:04:21:08 -0800] "GET /instagram-detroit/01-15-2023-1104183-Man-wanted-for-robbing-two-Detroit-dollar-stores-.txt HTTP/1.1" 200 719 "-" "Mozilla/5.0 (compatible; AhrefsBot/7.0; +http://ahrefs.com/robot/)" "metrocrimedaily.com"
69.63.184.120 - - [17/Jan/2023:04:24:33 -0800] "GET /instagram-stlouis/01-17-2023-0624121-A.jpg HTTP/1.1" 200 78636 "-" "facebookexternalhit/1.1 (+http://www.facebook.com/externalhit_uatext.php)" "www.metrocrimedaily.com"
69.63.184.117 - - [17/Jan/2023:04:27:49 -0800] "GET /instagram-houston/01-17-2023-0627291-A.jpg HTTP/1.1" 200 85700 "-" "facebookexternalhit/1.1 (+http://www.facebook.com/externalhit_uatext.php)" "www.metrocrimedaily.com"
51.222.253.4 - - [17/Jan/2023:04:29:47 -0800] "GET /instagram-detroit/01-15-2023-1327391-Detroit-police-looking-for-3-suspects-with-connec.txt HTTP/1.1" 200 378 "-" "Mozilla/5.0 (compatible; AhrefsBot/7.0; +http://ahrefs.com/robot/)" "metrocrimedaily.com"
69.63.184.3 - - [17/Jan/2023:04:30:22 -0800] "GET /instagram-dallas/01-17-2023-0630021-A.jpg HTTP/1.1" 200 163683 "-" "facebookexternalhit/1.1 (+http://www.facebook.com/externalhit_uatext.php)" "www.metrocrimedaily.com"
51.222.253.12 - - [17/Jan/2023:04:38:21 -0800] "GET /instagram-detroit/01-15-2023-1327392-WATCH--Suspects-jump-into-car-at-Detroit-gas-stat.txt HTTP/1.1" 200 613 "-" "Mozilla/5.0 (compatible; AhrefsBot/7.0; +http://ahrefs.com/robot/)" "metrocrimedaily.com"
23.88.110.165 - - [17/Jan/2023:04:40:29 -0800] "GET /wp-login.php HTTP/1.1" 404 88 "" "Mozilla/5.0 (Windows NT 10.0; Win64; x64; rv:108.0) Gecko/20100101 Firefox/108.0" "metrocrimedaily.com"
51.222.253.5 - - [17/Jan/2023:04:46:45 -0800] "GET / HTTP/1.1" 200 101515 "-" "Mozilla/5.0 (compatible; AhrefsBot/7.0; +http://ahrefs.com/robot/)" "metrocrimedaily.com"
