206.189.94.238 - - [17/Jan/2023:11:42:28 -0800] "GET /wp-json/oembed/1.0/embed?url=http://metrocrimedaily.com HTTP/1.1" 404 73 "-" "Mozilla/5.0 (Windows NT 10.0; Win64; x64) AppleWebKit/537.36 (KHTML, like Gecko) Chrome/78.0.3904.108 Safari/537.36" "metrocrimedaily.com"
206.189.94.238 - - [17/Jan/2023:11:42:28 -0800] "POST /xmlrpc.php HTTP/1.1" 404 73 "-" "Mozilla/5.0 (Windows NT 10.0; Win64; x64) AppleWebKit/537.36 (KHTML, like Gecko) Chrome/78.0.3904.108 Safari/537.36" "metrocrimedaily.com"
69.63.184.118 - - [17/Jan/2023:11:54:44 -0800] "GET /instagram-newyork/01-17-2023-1150388-A.jpg HTTP/1.1" 200 142991 "-" "facebookexternalhit/1.1 (+http://www.facebook.com/externalhit_uatext.php)" "www.metrocrimedaily.com"
43.130.155.163 - - [17/Jan/2023:11:54:47 -0800] "GET /wp-content/plugins/ioptimization/IOptimize.php?rchk HTTP/1.1" 404 88 "www.google.com" "Mozlila/5.0 (Linux; Android 7.0; SM-G892A Bulid/NRD90M; wv) AppleWebKit/537.36 (KHTML, like Gecko) Version/4.0 Chrome/60.0.3112.107 Moblie Safari/537.36" "metrocrimedaily.com"
43.130.155.163 - - [17/Jan/2023:11:54:49 -0800] "GET /wp-content/plugins/ioptimization/IOptimize.php?rchk HTTP/1.1" 404 88 "www.google.com" "Mozlila/5.0 (Linux; Android 7.0; SM-G892A Bulid/NRD90M; wv) AppleWebKit/537.36 (KHTML, like Gecko) Version/4.0 Chrome/60.0.3112.107 Moblie Safari/537.36" "metrocrimedaily.com"
69.63.184.116 - - [17/Jan/2023:11:54:52 -0800] "GET /instagram-atlanta/01-17-2023-1205318-A.jpg HTTP/1.1" 200 92627 "-" "facebookexternalhit/1.1 (+http://www.facebook.com/externalhit_uatext.php)" "www.metrocrimedaily.com"
69.63.184.119 - - [17/Jan/2023:12:01:54 -0800] "GET /instagram-neworleans/01-17-2023-1401351-A.jpg HTTP/1.1" 200 59113 "-" "facebookexternalhit/1.1 (+http://www.facebook.com/externalhit_uatext.php)" "www.metrocrimedaily.com"
69.63.184.119 - - [17/Jan/2023:12:02:31 -0800] "GET /instagram-neworleans/01-17-2023-1401352-A.jpg HTTP/1.1" 200 120627 "-" "facebookexternalhit/1.1 (+http://www.facebook.com/externalhit_uatext.php)" "www.metrocrimedaily.com"
91.206.200.53 - - [17/Jan/2023:12:09:02 -0800] "GET / HTTP/1.1" 200 103419 "https://google.com/" "Mozilla/5.0 (Windows NT 10.0; Win64; x64; rv:108.0) Gecko/20100101 Firefox/108.0" "metrocrimedaily.com"
69.63.184.1 - - [17/Jan/2023:12:10:17 -0800] "GET /instagram-newyork/01-17-2023-1150389-A.jpg HTTP/1.1" 200 104448 "-" "facebookexternalhit/1.1 (+http://www.facebook.com/externalhit_uatext.php)" "www.metrocrimedaily.com"
69.63.184.120 - - [17/Jan/2023:12:10:26 -0800] "GET /instagram-atlanta/01-17-2023-1205319-A.jpg HTTP/1.1" 200 180870 "-" "facebookexternalhit/1.1 (+http://www.facebook.com/externalhit_uatext.php)" "www.metrocrimedaily.com"
69.63.184.118 - - [17/Jan/2023:12:10:53 -0800] "GET /instagram-stlouis/01-17-2023-1410321-A.jpg HTTP/1.1" 200 156955 "-" "facebookexternalhit/1.1 (+http://www.facebook.com/externalhit_uatext.php)" "www.metrocrimedaily.com"
69.63.184.3 - - [17/Jan/2023:12:11:31 -0800] "GET /instagram-losangeles/01-17-2023-1411111-A.jpg HTTP/1.1" 200 69645 "-" "facebookexternalhit/1.1 (+http://www.facebook.com/externalhit_uatext.php)" "www.metrocrimedaily.com"
69.63.184.5 - - [17/Jan/2023:12:11:41 -0800] "GET /instagram-detroit/01-17-2023-1359311-A.jpg HTTP/1.1" 200 201738 "-" "facebookexternalhit/1.1 (+http://www.facebook.com/externalhit_uatext.php)" "www.metrocrimedaily.com"
69.63.184.116 - - [17/Jan/2023:12:20:31 -0800] "GET /instagram-memphis/01-17-2023-1420111-A.jpg HTTP/1.1" 200 111626 "-" "facebookexternalhit/1.1 (+http://www.facebook.com/externalhit_uatext.php)" "www.metrocrimedaily.com"
43.130.155.163 - - [17/Jan/2023:12:25:29 -0800] "GET /wp-content/plugins/ioptimization/IOptimize.php?rchk HTTP/1.1" 404 88 "www.google.com" "Mozlila/5.0 (Linux; Android 7.0; SM-G892A Bulid/NRD90M; wv) AppleWebKit/537.36 (KHTML, like Gecko) Version/4.0 Chrome/60.0.3112.107 Moblie Safari/537.36" "metrocrimedaily.com"
43.130.155.163 - - [17/Jan/2023:12:25:30 -0800] "GET /wp-content/plugins/ioptimization/IOptimize.php?rchk HTTP/1.1" 404 88 "www.google.com" "Mozlila/5.0 (Linux; Android 7.0; SM-G892A Bulid/NRD90M; wv) AppleWebKit/537.36 (KHTML, like Gecko) Version/4.0 Chrome/60.0.3112.107 Moblie Safari/537.36" "metrocrimedaily.com"
69.63.184.3 - - [17/Jan/2023:12:25:49 -0800] "GET /instagram-newyork/01-17-2023-11503810-A.jpg HTTP/1.1" 200 97111 "-" "facebookexternalhit/1.1 (+http://www.facebook.com/externalhit_uatext.php)" "www.metrocrimedaily.com"
69.63.184.5 - - [17/Jan/2023:12:25:58 -0800] "GET /instagram-atlanta/01-17-2023-12053110-A.jpg HTTP/1.1" 200 151437 "-" "facebookexternalhit/1.1 (+http://www.facebook.com/externalhit_uatext.php)" "www.metrocrimedaily.com"
69.63.184.119 - - [17/Jan/2023:12:26:22 -0800] "GET /instagram-stlouis/01-17-2023-1410322-A.jpg HTTP/1.1" 200 403837 "-" "facebookexternalhit/1.1 (+http://www.facebook.com/externalhit_uatext.php)" "www.metrocrimedaily.com"
69.63.184.118 - - [17/Jan/2023:12:27:11 -0800] "GET /instagram-detroit/01-17-2023-1359312-A.jpg HTTP/1.1" 200 130460 "-" "facebookexternalhit/1.1 (+http://www.facebook.com/externalhit_uatext.php)" "www.metrocrimedaily.com"
69.63.184.119 - - [17/Jan/2023:12:27:59 -0800] "GET /instagram-chicago/01-17-2023-1427391-A.jpg HTTP/1.1" 200 203548 "-" "facebookexternalhit/1.1 (+http://www.facebook.com/externalhit_uatext.php)" "www.metrocrimedaily.com"
69.63.184.117 - - [17/Jan/2023:12:39:05 -0800] "GET /instagram-neworleans/01-17-2023-1438451-A.jpg HTTP/1.1" 200 162081 "-" "facebookexternalhit/1.1 (+http://www.facebook.com/externalhit_uatext.php)" "www.metrocrimedaily.com"
69.63.184.2 - - [17/Jan/2023:12:41:20 -0800] "GET /instagram-newyork/01-17-2023-11503811-A.jpg HTTP/1.1" 200 139466 "-" "facebookexternalhit/1.1 (+http://www.facebook.com/externalhit_uatext.php)" "www.metrocrimedaily.com"
69.63.184.1 - - [17/Jan/2023:12:41:33 -0800] "GET /instagram-atlanta/01-17-2023-12053111-A.jpg HTTP/1.1" 200 66212 "-" "facebookexternalhit/1.1 (+http://www.facebook.com/externalhit_uatext.php)" "www.metrocrimedaily.com"
69.63.184.116 - - [17/Jan/2023:12:41:55 -0800] "GET /instagram-stlouis/01-17-2023-1410323-A.jpg HTTP/1.1" 200 376873 "-" "facebookexternalhit/1.1 (+http://www.facebook.com/externalhit_uatext.php)" "www.metrocrimedaily.com"
207.46.13.115 - - [17/Jan/2023:12:42:03 -0800] "GET /instagram-dallas/12-19-2022-2113542-Grapevine---s-beloved--Waffle-Way--reopens-one-we.txt HTTP/1.1" 404 88 "-" "Mozilla/5.0 (compatible; bingbot/2.0; +http://www.bing.com/bingbot.htm)" "www.metrocrimedaily.com"
69.63.184.4 - - [17/Jan/2023:12:42:22 -0800] "GET /instagram-stlouis/01-17-2023-1410324-A.jpg HTTP/1.1" 200 116754 "-" "facebookexternalhit/1.1 (+http://www.facebook.com/externalhit_uatext.php)" "www.metrocrimedaily.com"
69.63.184.118 - - [17/Jan/2023:12:42:44 -0800] "GET /instagram-detroit/01-17-2023-1359313-A.jpg HTTP/1.1" 200 75094 "-" "facebookexternalhit/1.1 (+http://www.facebook.com/externalhit_uatext.php)" "www.metrocrimedaily.com"
69.63.184.1 - - [17/Jan/2023:12:42:51 -0800] "GET /instagram-stlouis/01-17-2023-1410325-A.jpg HTTP/1.1" 200 141636 "-" "facebookexternalhit/1.1 (+http://www.facebook.com/externalhit_uatext.php)" "www.metrocrimedaily.com"
69.63.184.117 - - [17/Jan/2023:12:43:21 -0800] "GET /instagram-stlouis/01-17-2023-1410326-A.jpg HTTP/1.1" 200 162337 "-" "facebookexternalhit/1.1 (+http://www.facebook.com/externalhit_uatext.php)" "www.metrocrimedaily.com"
69.63.184.118 - - [17/Jan/2023:12:43:31 -0800] "GET /instagram-chicago/01-17-2023-1427392-A.jpg HTTP/1.1" 200 88194 "-" "facebookexternalhit/1.1 (+http://www.facebook.com/externalhit_uatext.php)" "www.metrocrimedaily.com"
69.63.184.119 - - [17/Jan/2023:12:43:49 -0800] "GET /instagram-stlouis/01-17-2023-1410327-A.jpg HTTP/1.1" 200 101059 "-" "facebookexternalhit/1.1 (+http://www.facebook.com/externalhit_uatext.php)" "www.metrocrimedaily.com"
69.63.184.2 - - [17/Jan/2023:12:44:46 -0800] "GET /instagram-houston/01-17-2023-1441471-A.jpg HTTP/1.1" 200 166452 "-" "facebookexternalhit/1.1 (+http://www.facebook.com/externalhit_uatext.php)" "www.metrocrimedaily.com"
69.63.184.117 - - [17/Jan/2023:12:45:15 -0800] "GET /instagram-houston/01-17-2023-1441472-A.jpg HTTP/1.1" 200 174965 "-" "facebookexternalhit/1.1 (+http://www.facebook.com/externalhit_uatext.php)" "www.metrocrimedaily.com"
69.63.184.118 - - [17/Jan/2023:12:45:42 -0800] "GET /instagram-houston/01-17-2023-1441473-A.jpg HTTP/1.1" 200 90354 "-" "facebookexternalhit/1.1 (+http://www.facebook.com/externalhit_uatext.php)" "www.metrocrimedaily.com"
69.63.184.118 - - [17/Jan/2023:12:46:09 -0800] "GET /instagram-houston/01-17-2023-1441474-A.jpg HTTP/1.1" 200 104182 "-" "facebookexternalhit/1.1 (+http://www.facebook.com/externalhit_uatext.php)" "www.metrocrimedaily.com"
69.63.184.119 - - [17/Jan/2023:12:46:36 -0800] "GET /instagram-houston/01-17-2023-1441475-A.jpg HTTP/1.1" 200 141711 "-" "facebookexternalhit/1.1 (+http://www.facebook.com/externalhit_uatext.php)" "www.metrocrimedaily.com"
66.249.66.6 - - [17/Jan/2023:12:46:38 -0800] "GET /robots.txt HTTP/1.1" 404 88 "-" "Mozilla/5.0 (compatible; Googlebot/2.1; +http://www.google.com/bot.html)" "metrocrimedaily.com"
69.63.184.118 - - [17/Jan/2023:12:47:03 -0800] "GET /instagram-houston/01-17-2023-1441476-A.jpg HTTP/1.1" 200 157646 "-" "facebookexternalhit/1.1 (+http://www.facebook.com/externalhit_uatext.php)" "www.metrocrimedaily.com"
69.63.184.111 - - [17/Jan/2023:12:47:29 -0800] "GET /instagram-houston/01-17-2023-1441477-A.jpg HTTP/1.1" 200 137608 "-" "facebookexternalhit/1.1 (+http://www.facebook.com/externalhit_uatext.php)" "www.metrocrimedaily.com"
69.63.184.119 - - [17/Jan/2023:12:47:56 -0800] "GET /instagram-houston/01-17-2023-1441478-A.jpg HTTP/1.1" 200 157646 "-" "facebookexternalhit/1.1 (+http://www.facebook.com/externalhit_uatext.php)" "www.metrocrimedaily.com"
198.208.47.88 - - [17/Jan/2023:12:48:12 -0800] "GET / HTTP/1.1" 200 103419 "https://www.google.com/" "Mozilla/5.0 (Windows NT 10.0; WOW64) AppleWebKit/537.36 (KHTML, like Gecko) Chrome/108.0.0.0 Safari/537.36" "www.metrocrimedaily.com"
198.208.47.88 - - [17/Jan/2023:12:48:12 -0800] "GET /styles-mcd.css HTTP/1.1" 200 1159 "http://www.metrocrimedaily.com/" "Mozilla/5.0 (Windows NT 10.0; WOW64) AppleWebKit/537.36 (KHTML, like Gecko) Chrome/108.0.0.0 Safari/537.36" "www.metrocrimedaily.com"
198.208.47.88 - - [17/Jan/2023:12:48:12 -0800] "GET /images/crimeinthed-logo.jpg HTTP/1.1" 200 14960 "http://www.metrocrimedaily.com/" "Mozilla/5.0 (Windows NT 10.0; WOW64) AppleWebKit/537.36 (KHTML, like Gecko) Chrome/108.0.0.0 Safari/537.36" "www.metrocrimedaily.com"
198.208.47.88 - - [17/Jan/2023:12:48:12 -0800] "GET /images/police-tape.jpg HTTP/1.1" 200 50766 "http://www.metrocrimedaily.com/" "Mozilla/5.0 (Windows NT 10.0; WOW64) AppleWebKit/537.36 (KHTML, like Gecko) Chrome/108.0.0.0 Safari/537.36" "metrocrimedaily.com"
198.208.47.88 - - [17/Jan/2023:12:48:13 -0800] "GET /images/youtube-logo-tiny.png HTTP/1.1" 200 689 "http://www.metrocrimedaily.com/" "Mozilla/5.0 (Windows NT 10.0; WOW64) AppleWebKit/537.36 (KHTML, like Gecko) Chrome/108.0.0.0 Safari/537.36" "www.metrocrimedaily.com"
198.208.47.88 - - [17/Jan/2023:12:48:13 -0800] "GET /images/twitter-logo-b-tiny.png HTTP/1.1" 200 1600 "http://www.metrocrimedaily.com/" "Mozilla/5.0 (Windows NT 10.0; WOW64) AppleWebKit/537.36 (KHTML, like Gecko) Chrome/108.0.0.0 Safari/537.36" "www.metrocrimedaily.com"
198.208.47.88 - - [17/Jan/2023:12:48:13 -0800] "GET /images/facebook-logo-tiny.png HTTP/1.1" 200 1280 "http://www.metrocrimedaily.com/" "Mozilla/5.0 (Windows NT 10.0; WOW64) AppleWebKit/537.36 (KHTML, like Gecko) Chrome/108.0.0.0 Safari/537.36" "www.metrocrimedaily.com"
69.63.184.5 - - [17/Jan/2023:12:54:36 -0800] "GET /instagram-neworleans/01-17-2023-1438452-A.jpg HTTP/1.1" 200 121103 "-" "facebookexternalhit/1.1 (+http://www.facebook.com/externalhit_uatext.php)" "www.metrocrimedaily.com"
69.63.184.3 - - [17/Jan/2023:12:56:51 -0800] "GET /instagram-newyork/01-17-2023-11503812-A.jpg HTTP/1.1" 200 93393 "-" "facebookexternalhit/1.1 (+http://www.facebook.com/externalhit_uatext.php)" "www.metrocrimedaily.com"
69.63.184.118 - - [17/Jan/2023:12:57:08 -0800] "GET /instagram-atlanta/01-17-2023-12053112-A.jpg HTTP/1.1" 200 191354 "-" "facebookexternalhit/1.1 (+http://www.facebook.com/externalhit_uatext.php)" "www.metrocrimedaily.com"
69.63.184.118 - - [17/Jan/2023:12:58:17 -0800] "GET /instagram-detroit/01-17-2023-1359314-A.jpg HTTP/1.1" 200 70345 "-" "facebookexternalhit/1.1 (+http://www.facebook.com/externalhit_uatext.php)" "www.metrocrimedaily.com"
69.63.184.118 - - [17/Jan/2023:12:58:54 -0800] "GET /instagram-dallas/01-17-2023-1458351-A.jpg HTTP/1.1" 200 150676 "-" "facebookexternalhit/1.1 (+http://www.facebook.com/externalhit_uatext.php)" "www.metrocrimedaily.com"
69.63.184.3 - - [17/Jan/2023:12:59:04 -0800] "GET /instagram-chicago/01-17-2023-1427393-A.jpg HTTP/1.1" 200 92676 "-" "facebookexternalhit/1.1 (+http://www.facebook.com/externalhit_uatext.php)" "www.metrocrimedaily.com"
165.225.61.68 - - [17/Jan/2023:12:59:27 -0800] "GET / HTTP/1.1" 200 103419 "https://www.google.com/" "Mozilla/5.0 (Windows NT 10.0; Win64; x64) AppleWebKit/537.36 (KHTML, like Gecko) Chrome/108.0.0.0 Safari/537.36" "www.metrocrimedaily.com"
165.225.61.68 - - [17/Jan/2023:12:59:28 -0800] "GET /styles-mcd.css HTTP/1.1" 200 1159 "http://www.metrocrimedaily.com/" "Mozilla/5.0 (Windows NT 10.0; Win64; x64) AppleWebKit/537.36 (KHTML, like Gecko) Chrome/108.0.0.0 Safari/537.36" "www.metrocrimedaily.com"
165.225.61.68 - - [17/Jan/2023:12:59:28 -0800] "GET /images/crimeinthed-logo.jpg HTTP/1.1" 200 14960 "http://www.metrocrimedaily.com/" "Mozilla/5.0 (Windows NT 10.0; Win64; x64) AppleWebKit/537.36 (KHTML, like Gecko) Chrome/108.0.0.0 Safari/537.36" "www.metrocrimedaily.com"
165.225.61.68 - - [17/Jan/2023:12:59:28 -0800] "GET /images/police-tape.jpg HTTP/1.1" 200 50766 "http://www.metrocrimedaily.com/" "Mozilla/5.0 (Windows NT 10.0; Win64; x64) AppleWebKit/537.36 (KHTML, like Gecko) Chrome/108.0.0.0 Safari/537.36" "metrocrimedaily.com"
165.225.61.68 - - [17/Jan/2023:12:59:35 -0800] "GET /images/facebook-logo-tiny.png HTTP/1.1" 200 1280 "http://www.metrocrimedaily.com/" "Mozilla/5.0 (Windows NT 10.0; Win64; x64) AppleWebKit/537.36 (KHTML, like Gecko) Chrome/108.0.0.0 Safari/537.36" "www.metrocrimedaily.com"
165.225.61.68 - - [17/Jan/2023:12:59:35 -0800] "GET /images/youtube-logo-tiny.png HTTP/1.1" 200 689 "http://www.metrocrimedaily.com/" "Mozilla/5.0 (Windows NT 10.0; Win64; x64) AppleWebKit/537.36 (KHTML, like Gecko) Chrome/108.0.0.0 Safari/537.36" "www.metrocrimedaily.com"
165.225.61.68 - - [17/Jan/2023:12:59:35 -0800] "GET /images/twitter-logo-b-tiny.png HTTP/1.1" 200 1600 "http://www.metrocrimedaily.com/" "Mozilla/5.0 (Windows NT 10.0; Win64; x64) AppleWebKit/537.36 (KHTML, like Gecko) Chrome/108.0.0.0 Safari/537.36" "www.metrocrimedaily.com"
69.63.184.3 - - [17/Jan/2023:13:03:27 -0800] "GET /instagram-houston/01-17-2023-1441479-A.jpg HTTP/1.1" 200 120966 "-" "facebookexternalhit/1.1 (+http://www.facebook.com/externalhit_uatext.php)" "www.metrocrimedaily.com"
69.63.184.1 - - [17/Jan/2023:13:06:55 -0800] "GET /instagram-losangeles/01-17-2023-1506351-A.jpg HTTP/1.1" 200 553847 "-" "facebookexternalhit/1.1 (+http://www.facebook.com/externalhit_uatext.php)" "www.metrocrimedaily.com"
69.63.189.119 - - [17/Jan/2023:13:12:22 -0800] "GET /instagram-newyork/01-17-2023-11503813-A.jpg HTTP/1.1" 200 86678 "-" "facebookexternalhit/1.1 (+http://www.facebook.com/externalhit_uatext.php)" "www.metrocrimedaily.com"
69.63.189.119 - - [17/Jan/2023:13:12:40 -0800] "GET /instagram-atlanta/01-17-2023-12053113-A.jpg HTTP/1.1" 200 95519 "-" "facebookexternalhit/1.1 (+http://www.facebook.com/externalhit_uatext.php)" "www.metrocrimedaily.com"
69.63.189.116 - - [17/Jan/2023:13:13:48 -0800] "GET /instagram-detroit/01-17-2023-1359315-A.jpg HTTP/1.1" 200 78882 "-" "facebookexternalhit/1.1 (+http://www.facebook.com/externalhit_uatext.php)" "www.metrocrimedaily.com"
69.63.189.120 - - [17/Jan/2023:13:14:29 -0800] "GET /instagram-dallas/01-17-2023-1458352-A.jpg HTTP/1.1" 200 233458 "-" "facebookexternalhit/1.1 (+http://www.facebook.com/externalhit_uatext.php)" "www.metrocrimedaily.com"
69.63.189.119 - - [17/Jan/2023:13:14:37 -0800] "GET /instagram-chicago/01-17-2023-1427394-A.jpg HTTP/1.1" 200 81029 "-" "facebookexternalhit/1.1 (+http://www.facebook.com/externalhit_uatext.php)" "www.metrocrimedaily.com"
198.111.56.50 - - [17/Jan/2023:13:16:20 -0800] "GET /styles-mcd.css HTTP/1.1" 200 1159 "-" "Mozilla/5.0 (Linux; Android 13; SM-S908U1) AppleWebKit/537.36 (KHTML, like Gecko) Chrome/108.0.0.0 Mobile Safari/537.36" "www.metrocrimedaily.com"
198.111.56.50 - - [17/Jan/2023:13:16:20 -0800] "GET / HTTP/1.1" 200 103419 "-" "Mozilla/5.0 (Linux; Android 13; SM-S908U1) AppleWebKit/537.36 (KHTML, like Gecko) Chrome/108.0.0.0 Mobile Safari/537.36" "www.metrocrimedaily.com"
198.111.56.50 - - [17/Jan/2023:13:16:20 -0800] "GET /images/crimeinthed-logo.jpg HTTP/1.1" 200 14960 "http://www.metrocrimedaily.com/" "Mozilla/5.0 (Linux; Android 13; SM-S908U1) AppleWebKit/537.36 (KHTML, like Gecko) Chrome/108.0.0.0 Mobile Safari/537.36" "www.metrocrimedaily.com"
198.111.56.50 - - [17/Jan/2023:13:16:20 -0800] "GET /images/police-tape.jpg HTTP/1.1" 200 50766 "http://www.metrocrimedaily.com/" "Mozilla/5.0 (Linux; Android 13; SM-S908U1) AppleWebKit/537.36 (KHTML, like Gecko) Chrome/108.0.0.0 Mobile Safari/537.36" "metrocrimedaily.com"
198.111.56.50 - - [17/Jan/2023:13:16:20 -0800] "GET /images/facebook-logo-tiny.png HTTP/1.1" 200 1280 "http://www.metrocrimedaily.com/" "Mozilla/5.0 (Linux; Android 13; SM-S908U1) AppleWebKit/537.36 (KHTML, like Gecko) Chrome/108.0.0.0 Mobile Safari/537.36" "www.metrocrimedaily.com"
198.111.56.50 - - [17/Jan/2023:13:16:20 -0800] "GET /images/youtube-logo-tiny.png HTTP/1.1" 200 689 "http://www.metrocrimedaily.com/" "Mozilla/5.0 (Linux; Android 13; SM-S908U1) AppleWebKit/537.36 (KHTML, like Gecko) Chrome/108.0.0.0 Mobile Safari/537.36" "www.metrocrimedaily.com"
198.111.56.50 - - [17/Jan/2023:13:16:20 -0800] "GET /images/twitter-logo-b-tiny.png HTTP/1.1" 200 1600 "http://www.metrocrimedaily.com/" "Mozilla/5.0 (Linux; Android 13; SM-S908U1) AppleWebKit/537.36 (KHTML, like Gecko) Chrome/108.0.0.0 Mobile Safari/537.36" "www.metrocrimedaily.com"
198.111.56.50 - - [17/Jan/2023:13:16:54 -0800] "GET /favicon.ico HTTP/1.1" 404 88 "http://www.metrocrimedaily.com/" "Mozilla/5.0 (Linux; Android 13; SM-S908U1) AppleWebKit/537.36 (KHTML, like Gecko) Chrome/108.0.0.0 Mobile Safari/537.36" "www.metrocrimedaily.com"
69.63.189.111 - - [17/Jan/2023:13:18:30 -0800] "GET /instagram-stlouis/01-17-2023-1518101-A.jpg HTTP/1.1" 200 106773 "-" "facebookexternalhit/1.1 (+http://www.facebook.com/externalhit_uatext.php)" "www.metrocrimedaily.com"
205.169.39.63 - - [17/Jan/2023:13:18:57 -0800] "GET /styles-mcd.css HTTP/1.1" 200 1159 "-" "Mozilla/5.0 (Windows NT 10.0) AppleWebKit/537.36 (KHTML, like Gecko) Chrome/106.0.0.0 Safari/537.36" "www.metrocrimedaily.com"
205.169.39.63 - - [17/Jan/2023:13:18:57 -0800] "GET / HTTP/1.1" 200 103419 "-" "Mozilla/5.0 (Windows NT 10.0) AppleWebKit/537.36 (KHTML, like Gecko) Chrome/106.0.0.0 Safari/537.36" "www.metrocrimedaily.com"
69.63.189.5 - - [17/Jan/2023:13:18:59 -0800] "GET /instagram-houston/01-17-2023-14414710-A.jpg HTTP/1.1" 200 146709 "-" "facebookexternalhit/1.1 (+http://www.facebook.com/externalhit_uatext.php)" "www.metrocrimedaily.com"
69.63.189.5 - - [17/Jan/2023:13:19:30 -0800] "GET /instagram-houston/01-17-2023-14414711-A.jpg HTTP/1.1" 200 120859 "-" "facebookexternalhit/1.1 (+http://www.facebook.com/externalhit_uatext.php)" "www.metrocrimedaily.com"
69.63.189.120 - - [17/Jan/2023:13:19:58 -0800] "GET /instagram-houston/01-17-2023-14414712-A.jpg HTTP/1.1" 200 100014 "-" "facebookexternalhit/1.1 (+http://www.facebook.com/externalhit_uatext.php)" "www.metrocrimedaily.com"
69.63.189.119 - - [17/Jan/2023:13:20:25 -0800] "GET /instagram-houston/01-17-2023-14414713-A.jpg HTTP/1.1" 200 196231 "-" "facebookexternalhit/1.1 (+http://www.facebook.com/externalhit_uatext.php)" "www.metrocrimedaily.com"
69.63.189.4 - - [17/Jan/2023:13:20:52 -0800] "GET /instagram-houston/01-17-2023-14414714-A.jpg HTTP/1.1" 200 85700 "-" "facebookexternalhit/1.1 (+http://www.facebook.com/externalhit_uatext.php)" "www.metrocrimedaily.com"
69.63.189.116 - - [17/Jan/2023:13:21:20 -0800] "GET /instagram-houston/01-17-2023-14414715-A.jpg HTTP/1.1" 200 200704 "-" "facebookexternalhit/1.1 (+http://www.facebook.com/externalhit_uatext.php)" "www.metrocrimedaily.com"
69.63.189.3 - - [17/Jan/2023:13:21:47 -0800] "GET /instagram-houston/01-17-2023-14414716-A.jpg HTTP/1.1" 200 155226 "-" "facebookexternalhit/1.1 (+http://www.facebook.com/externalhit_uatext.php)" "www.metrocrimedaily.com"
69.63.189.2 - - [17/Jan/2023:13:22:15 -0800] "GET /instagram-houston/01-17-2023-14414717-A.jpg HTTP/1.1" 200 217863 "-" "facebookexternalhit/1.1 (+http://www.facebook.com/externalhit_uatext.php)" "www.metrocrimedaily.com"
69.63.189.113 - - [17/Jan/2023:13:22:28 -0800] "GET /instagram-losangeles/01-17-2023-1506352-A.jpg HTTP/1.1" 200 256869 "-" "facebookexternalhit/1.1 (+http://www.facebook.com/externalhit_uatext.php)" "www.metrocrimedaily.com"
69.63.189.116 - - [17/Jan/2023:13:22:41 -0800] "GET /instagram-houston/01-17-2023-14414718-A.jpg HTTP/1.1" 200 116553 "-" "facebookexternalhit/1.1 (+http://www.facebook.com/externalhit_uatext.php)" "www.metrocrimedaily.com"
69.63.189.3 - - [17/Jan/2023:13:22:55 -0800] "GET /instagram-losangeles/01-17-2023-1506353-A.jpg HTTP/1.1" 200 79966 "-" "facebookexternalhit/1.1 (+http://www.facebook.com/externalhit_uatext.php)" "www.metrocrimedaily.com"
69.63.189.5 - - [17/Jan/2023:13:23:08 -0800] "GET /instagram-houston/01-17-2023-14414719-A.jpg HTTP/1.1" 200 262842 "-" "facebookexternalhit/1.1 (+http://www.facebook.com/externalhit_uatext.php)" "www.metrocrimedaily.com"
69.63.189.117 - - [17/Jan/2023:13:23:36 -0800] "GET /instagram-houston/01-17-2023-14414720-A.jpg HTTP/1.1" 200 91369 "-" "facebookexternalhit/1.1 (+http://www.facebook.com/externalhit_uatext.php)" "www.metrocrimedaily.com"
69.63.189.5 - - [17/Jan/2023:13:24:03 -0800] "GET /instagram-houston/01-17-2023-14414721-A.jpg HTTP/1.1" 200 201378 "-" "facebookexternalhit/1.1 (+http://www.facebook.com/externalhit_uatext.php)" "www.metrocrimedaily.com"
69.63.189.3 - - [17/Jan/2023:13:24:29 -0800] "GET /instagram-houston/01-17-2023-14414722-A.jpg HTTP/1.1" 200 58971 "-" "facebookexternalhit/1.1 (+http://www.facebook.com/externalhit_uatext.php)" "www.metrocrimedaily.com"
69.63.189.3 - - [17/Jan/2023:13:24:57 -0800] "GET /instagram-houston/01-17-2023-14414723-A.jpg HTTP/1.1" 200 146194 "-" "facebookexternalhit/1.1 (+http://www.facebook.com/externalhit_uatext.php)" "www.metrocrimedaily.com"
54.36.148.185 - - [17/Jan/2023:13:25:20 -0800] "GET /robots.txt HTTP/1.1" 404 88 "-" "Mozilla/5.0 (compatible; AhrefsBot/7.0; +http://ahrefs.com/robot/)" "www.metrocrimedaily.com"
51.222.253.16 - - [17/Jan/2023:13:25:21 -0800] "GET / HTTP/1.1" 200 103419 "-" "Mozilla/5.0 (compatible; AhrefsBot/7.0; +http://ahrefs.com/robot/)" "www.metrocrimedaily.com"
51.222.253.6 - - [17/Jan/2023:13:26:17 -0800] "GET /images/facebook-logo-tiny.png HTTP/1.1" 200 1280 "-" "Mozilla/5.0 (compatible; AhrefsBot/7.0; +http://ahrefs.com/robot/)" "www.metrocrimedaily.com"
51.222.253.13 - - [17/Jan/2023:13:26:17 -0800] "GET / HTTP/1.1" 200 103419 "-" "Mozilla/5.0 (compatible; AhrefsBot/7.0; +http://ahrefs.com/robot/)" "www.metrocrimedaily.com"
51.222.253.16 - - [17/Jan/2023:13:26:18 -0800] "GET /styles-mcd.css HTTP/1.1" 200 1159 "-" "Mozilla/5.0 (compatible; AhrefsBot/7.0; +http://ahrefs.com/robot/)" "www.metrocrimedaily.com"
51.222.253.20 - - [17/Jan/2023:13:26:18 -0800] "GET /images/twitter-logo-b-tiny.png HTTP/1.1" 200 1600 "-" "Mozilla/5.0 (compatible; AhrefsBot/7.0; +http://ahrefs.com/robot/)" "www.metrocrimedaily.com"
51.222.253.20 - - [17/Jan/2023:13:26:18 -0800] "GET /images/youtube-logo-tiny.png HTTP/1.1" 200 689 "-" "Mozilla/5.0 (compatible; AhrefsBot/7.0; +http://ahrefs.com/robot/)" "www.metrocrimedaily.com"
51.222.253.10 - - [17/Jan/2023:13:26:19 -0800] "GET /images/crimeinthed-logo.jpg HTTP/1.1" 200 14960 "-" "Mozilla/5.0 (compatible; AhrefsBot/7.0; +http://ahrefs.com/robot/)" "www.metrocrimedaily.com"
69.63.189.119 - - [17/Jan/2023:13:27:54 -0800] "GET /instagram-newyork/01-17-2023-11503814-A.jpg HTTP/1.1" 200 109301 "-" "facebookexternalhit/1.1 (+http://www.facebook.com/externalhit_uatext.php)" "www.metrocrimedaily.com"
69.63.189.4 - - [17/Jan/2023:13:28:12 -0800] "GET /instagram-atlanta/01-17-2023-12053114-A.jpg HTTP/1.1" 200 93042 "-" "facebookexternalhit/1.1 (+http://www.facebook.com/externalhit_uatext.php)" "www.metrocrimedaily.com"
69.63.189.120 - - [17/Jan/2023:13:29:22 -0800] "GET /instagram-detroit/01-17-2023-1359316-A.jpg HTTP/1.1" 200 59629 "-" "facebookexternalhit/1.1 (+http://www.facebook.com/externalhit_uatext.php)" "www.metrocrimedaily.com"
76.184.252.42 - - [17/Jan/2023:13:29:40 -0800] "GET /images/police-tape.jpg HTTP/1.1" 200 50766 "-" "Wget/1.20.3 (mingw32)" "metrocrimedaily.com"
69.63.189.118 - - [17/Jan/2023:13:29:49 -0800] "GET /instagram-detroit/01-17-2023-1359317-A.jpg HTTP/1.1" 200 53711 "-" "facebookexternalhit/1.1 (+http://www.facebook.com/externalhit_uatext.php)" "www.metrocrimedaily.com"
69.63.189.1 - - [17/Jan/2023:13:30:15 -0800] "GET /instagram-detroit/01-17-2023-1359318-A.jpg HTTP/1.1" 200 87913 "-" "facebookexternalhit/1.1 (+http://www.facebook.com/externalhit_uatext.php)" "www.metrocrimedaily.com"
69.63.189.119 - - [17/Jan/2023:13:34:03 -0800] "GET /instagram-stlouis/01-17-2023-1518102-A.jpg HTTP/1.1" 200 276352 "-" "facebookexternalhit/1.1 (+http://www.facebook.com/externalhit_uatext.php)" "www.metrocrimedaily.com"
69.63.189.117 - - [17/Jan/2023:13:40:23 -0800] "GET /instagram-memphis/01-17-2023-1540041-A.jpg HTTP/1.1" 200 186814 "-" "facebookexternalhit/1.1 (+http://www.facebook.com/externalhit_uatext.php)" "www.metrocrimedaily.com"
69.63.189.116 - - [17/Jan/2023:13:43:27 -0800] "GET /instagram-newyork/01-17-2023-11503815-A.jpg HTTP/1.1" 200 123288 "-" "facebookexternalhit/1.1 (+http://www.facebook.com/externalhit_uatext.php)" "www.metrocrimedaily.com"
69.63.189.4 - - [17/Jan/2023:13:43:46 -0800] "GET /instagram-atlanta/01-17-2023-12053115-A.jpg HTTP/1.1" 200 142438 "-" "facebookexternalhit/1.1 (+http://www.facebook.com/externalhit_uatext.php)" "www.metrocrimedaily.com"
69.63.189.118 - - [17/Jan/2023:13:49:21 -0800] "GET /instagram-neworleans/01-17-2023-1549011-A.jpg HTTP/1.1" 200 212637 "-" "facebookexternalhit/1.1 (+http://www.facebook.com/externalhit_uatext.php)" "www.metrocrimedaily.com"
69.63.189.2 - - [17/Jan/2023:13:49:47 -0800] "GET /instagram-neworleans/01-17-2023-1549012-A.jpg HTTP/1.1" 200 64522 "-" "facebookexternalhit/1.1 (+http://www.facebook.com/externalhit_uatext.php)" "www.metrocrimedaily.com"
69.63.189.119 - - [17/Jan/2023:13:55:56 -0800] "GET /instagram-memphis/01-17-2023-1540042-A.jpg HTTP/1.1" 200 179055 "-" "facebookexternalhit/1.1 (+http://www.facebook.com/externalhit_uatext.php)" "www.metrocrimedaily.com"
69.63.189.117 - - [17/Jan/2023:13:58:10 -0800] "GET /instagram-losangeles/01-17-2023-1557491-A.jpg HTTP/1.1" 200 182381 "-" "facebookexternalhit/1.1 (+http://www.facebook.com/externalhit_uatext.php)" "www.metrocrimedaily.com"
51.222.253.17 - - [17/Jan/2023:13:58:57 -0800] "GET /robots.txt HTTP/1.1" 404 88 "-" "Mozilla/5.0 (compatible; AhrefsBot/7.0; +http://ahrefs.com/robot/)" "metrocrimedaily.com"
69.63.189.118 - - [17/Jan/2023:13:58:57 -0800] "GET /instagram-newyork/01-17-2023-11503816-A.jpg HTTP/1.1" 200 78699 "-" "facebookexternalhit/1.1 (+http://www.facebook.com/externalhit_uatext.php)" "www.metrocrimedaily.com"
51.222.253.18 - - [17/Jan/2023:13:58:58 -0800] "GET /index.html HTTP/1.1" 200 104872 "-" "Mozilla/5.0 (compatible; AhrefsBot/7.0; +http://ahrefs.com/robot/)" "metrocrimedaily.com"
69.63.189.119 - - [17/Jan/2023:13:59:20 -0800] "GET /instagram-atlanta/01-17-2023-12053116-A.jpg HTTP/1.1" 200 134959 "-" "facebookexternalhit/1.1 (+http://www.facebook.com/externalhit_uatext.php)" "www.metrocrimedaily.com"
51.222.253.6 - - [17/Jan/2023:13:59:27 -0800] "GET /images/youtube-logo-tiny.png HTTP/1.1" 200 689 "-" "Mozilla/5.0 (compatible; AhrefsBot/7.0; +http://ahrefs.com/robot/)" "metrocrimedaily.com"
51.222.253.4 - - [17/Jan/2023:13:59:28 -0800] "GET /images/twitter-logo-b-tiny.png HTTP/1.1" 200 1600 "-" "Mozilla/5.0 (compatible; AhrefsBot/7.0; +http://ahrefs.com/robot/)" "metrocrimedaily.com"
51.222.253.19 - - [17/Jan/2023:13:59:28 -0800] "GET /styles-mcd.css HTTP/1.1" 200 1159 "-" "Mozilla/5.0 (compatible; AhrefsBot/7.0; +http://ahrefs.com/robot/)" "metrocrimedaily.com"
51.222.253.16 - - [17/Jan/2023:13:59:28 -0800] "GET /images/facebook-logo-tiny.png HTTP/1.1" 200 1280 "-" "Mozilla/5.0 (compatible; AhrefsBot/7.0; +http://ahrefs.com/robot/)" "metrocrimedaily.com"
51.222.253.8 - - [17/Jan/2023:13:59:28 -0800] "GET /images/crimeinthed-logo.jpg HTTP/1.1" 200 14960 "-" "Mozilla/5.0 (compatible; AhrefsBot/7.0; +http://ahrefs.com/robot/)" "metrocrimedaily.com"
77.75.79.31 - - [17/Jan/2023:14:03:39 -0800] "GET /robots.txt HTTP/1.1" 404 88 "-" "Mozilla/5.0 (compatible; SeznamBot/4.0-RC1; +http://napoveda.seznam.cz/seznambot-intro/)" "metrocrimedaily.com"
77.75.79.119 - - [17/Jan/2023:14:03:39 -0800] "GET /index.html HTTP/1.1" 200 104872 "-" "Mozilla/5.0 (compatible; SeznamBot/4.0-RC1; +http://napoveda.seznam.cz/seznambot-intro/)" "metrocrimedaily.com"
69.63.184.120 - - [17/Jan/2023:14:06:52 -0800] "GET /instagram-chicago/01-17-2023-1606311-A.jpg HTTP/1.1" 200 86264 "-" "facebookexternalhit/1.1 (+http://www.facebook.com/externalhit_uatext.php)" "www.metrocrimedaily.com"
69.63.184.116 - - [17/Jan/2023:14:08:36 -0800] "GET /instagram-stlouis/01-17-2023-1608171-A.jpg HTTP/1.1" 200 167005 "-" "facebookexternalhit/1.1 (+http://www.facebook.com/externalhit_uatext.php)" "www.metrocrimedaily.com"
207.46.13.46 - - [17/Jan/2023:14:09:54 -0800] "GET / HTTP/1.1" 200 104872 "-" "Mozilla/5.0 (compatible; bingbot/2.0; +http://www.bing.com/bingbot.htm)" "www.metrocrimedaily.com"
69.63.184.120 - - [17/Jan/2023:14:10:10 -0800] "GET /instagram-dallas/01-17-2023-1609511-A.jpg HTTP/1.1" 200 160814 "-" "facebookexternalhit/1.1 (+http://www.facebook.com/externalhit_uatext.php)" "www.metrocrimedaily.com"
157.55.39.5 - - [17/Jan/2023:14:11:51 -0800] "GET /www.deadlinedetroit.com HTTP/1.1" 404 88 "-" "Mozilla/5.0 (compatible; bingbot/2.0; +http://www.bing.com/bingbot.htm)" "metrocrimedaily.com"
69.63.184.120 - - [17/Jan/2023:14:14:32 -0800] "GET /instagram-newyork/01-17-2023-11503817-A.jpg HTTP/1.1" 200 133770 "-" "facebookexternalhit/1.1 (+http://www.facebook.com/externalhit_uatext.php)" "www.metrocrimedaily.com"
69.63.184.117 - - [17/Jan/2023:14:14:55 -0800] "GET /instagram-atlanta/01-17-2023-12053117-A.jpg HTTP/1.1" 200 112603 "-" "facebookexternalhit/1.1 (+http://www.facebook.com/externalhit_uatext.php)" "www.metrocrimedaily.com"
174.210.228.99 - - [17/Jan/2023:14:20:47 -0800] "GET / HTTP/1.1" 200 104872 "-" "Mozilla/5.0 (iPhone; CPU iPhone OS 14_6 like Mac OS X) AppleWebKit/605.1.15 (KHTML, like Gecko) Version/14.1.1 Mobile/15E148 Safari/604.1" "www.metrocrimedaily.com"
174.210.228.99 - - [17/Jan/2023:14:20:47 -0800] "GET /styles-mcd.css HTTP/1.1" 200 1159 "http://www.metrocrimedaily.com/" "Mozilla/5.0 (iPhone; CPU iPhone OS 14_6 like Mac OS X) AppleWebKit/605.1.15 (KHTML, like Gecko) Version/14.1.1 Mobile/15E148 Safari/604.1" "www.metrocrimedaily.com"
174.210.228.99 - - [17/Jan/2023:14:20:47 -0800] "GET /images/crimeinthed-logo.jpg HTTP/1.1" 200 14960 "http://www.metrocrimedaily.com/" "Mozilla/5.0 (iPhone; CPU iPhone OS 14_6 like Mac OS X) AppleWebKit/605.1.15 (KHTML, like Gecko) Version/14.1.1 Mobile/15E148 Safari/604.1" "www.metrocrimedaily.com"
174.210.228.99 - - [17/Jan/2023:14:20:47 -0800] "GET /images/police-tape.jpg HTTP/1.1" 200 50766 "http://www.metrocrimedaily.com/" "Mozilla/5.0 (iPhone; CPU iPhone OS 14_6 like Mac OS X) AppleWebKit/605.1.15 (KHTML, like Gecko) Version/14.1.1 Mobile/15E148 Safari/604.1" "metrocrimedaily.com"
174.210.228.99 - - [17/Jan/2023:14:20:47 -0800] "GET /images/facebook-logo-tiny.png HTTP/1.1" 200 1280 "http://www.metrocrimedaily.com/" "Mozilla/5.0 (iPhone; CPU iPhone OS 14_6 like Mac OS X) AppleWebKit/605.1.15 (KHTML, like Gecko) Version/14.1.1 Mobile/15E148 Safari/604.1" "www.metrocrimedaily.com"
174.210.228.99 - - [17/Jan/2023:14:20:47 -0800] "GET /images/youtube-logo-tiny.png HTTP/1.1" 200 689 "http://www.metrocrimedaily.com/" "Mozilla/5.0 (iPhone; CPU iPhone OS 14_6 like Mac OS X) AppleWebKit/605.1.15 (KHTML, like Gecko) Version/14.1.1 Mobile/15E148 Safari/604.1" "www.metrocrimedaily.com"
174.210.228.99 - - [17/Jan/2023:14:20:47 -0800] "GET /images/twitter-logo-b-tiny.png HTTP/1.1" 200 1600 "http://www.metrocrimedaily.com/" "Mozilla/5.0 (iPhone; CPU iPhone OS 14_6 like Mac OS X) AppleWebKit/605.1.15 (KHTML, like Gecko) Version/14.1.1 Mobile/15E148 Safari/604.1" "www.metrocrimedaily.com"
174.210.228.99 - - [17/Jan/2023:14:21:01 -0800] "GET / HTTP/1.1" 200 104872 "-" "Mozilla/5.0 (iPhone; CPU iPhone OS 14_6 like Mac OS X) AppleWebKit/605.1.15 (KHTML, like Gecko) Version/14.1.1 Mobile/15E148 Safari/604.1" "www.metrocrimedaily.com"
174.210.228.99 - - [17/Jan/2023:14:21:01 -0800] "GET /styles-mcd.css HTTP/1.1" 200 1159 "http://www.metrocrimedaily.com/" "Mozilla/5.0 (iPhone; CPU iPhone OS 14_6 like Mac OS X) AppleWebKit/605.1.15 (KHTML, like Gecko) Version/14.1.1 Mobile/15E148 Safari/604.1" "www.metrocrimedaily.com"
69.63.184.5 - - [17/Jan/2023:14:22:24 -0800] "GET /instagram-chicago/01-17-2023-1606312-A.jpg HTTP/1.1" 200 171928 "-" "facebookexternalhit/1.1 (+http://www.facebook.com/externalhit_uatext.php)" "www.metrocrimedaily.com"
69.63.184.5 - - [17/Jan/2023:14:23:14 -0800] "GET /instagram-neworleans/01-17-2023-1622541-A.jpg HTTP/1.1" 404 88 "-" "facebookexternalhit/1.1 (+http://www.facebook.com/externalhit_uatext.php)" "www.metrocrimedaily.com"
69.63.184.4 - - [17/Jan/2023:14:24:06 -0800] "GET /instagram-stlouis/01-17-2023-1608172-A.jpg HTTP/1.1" 404 88 "-" "facebookexternalhit/1.1 (+http://www.facebook.com/externalhit_uatext.php)" "www.metrocrimedaily.com"
69.63.184.5 - - [17/Jan/2023:14:25:42 -0800] "GET /instagram-dallas/01-17-2023-1609512-A.jpg HTTP/1.1" 404 88 "-" "facebookexternalhit/1.1 (+http://www.facebook.com/externalhit_uatext.php)" "www.metrocrimedaily.com"
69.63.184.3 - - [17/Jan/2023:14:26:00 -0800] "GET /instagram-dallas/01-17-2023-1609513-A.jpg HTTP/1.1" 404 88 "-" "facebookexternalhit/1.1 (+http://www.facebook.com/externalhit_uatext.php)" "www.metrocrimedaily.com"
69.63.184.119 - - [17/Jan/2023:14:26:06 -0800] "GET /instagram-memphis/01-17-2023-1625451-A.jpg HTTP/1.1" 404 88 "-" "facebookexternalhit/1.1 (+http://www.facebook.com/externalhit_uatext.php)" "www.metrocrimedaily.com"
69.63.184.119 - - [17/Jan/2023:14:26:26 -0800] "GET /instagram-memphis/01-17-2023-1625452-A.jpg HTTP/1.1" 404 88 "-" "facebookexternalhit/1.1 (+http://www.facebook.com/externalhit_uatext.php)" "www.metrocrimedaily.com"
69.63.184.119 - - [17/Jan/2023:14:26:44 -0800] "GET /instagram-memphis/01-17-2023-1625453-A.jpg HTTP/1.1" 404 88 "-" "facebookexternalhit/1.1 (+http://www.facebook.com/externalhit_uatext.php)" "www.metrocrimedaily.com"
104.184.207.4 - - [17/Jan/2023:14:29:01 -0800] "GET / HTTP/1.1" 200 104872 "https://www.google.com/" "Mozilla/5.0 (iPhone; CPU iPhone OS 16_2 like Mac OS X) AppleWebKit/605.1.15 (KHTML, like Gecko) Version/16.2 Mobile/15E148 Safari/604.1" "www.metrocrimedaily.com"
104.184.207.4 - - [17/Jan/2023:14:29:01 -0800] "GET /styles-mcd.css HTTP/1.1" 200 1159 "http://www.metrocrimedaily.com/" "Mozilla/5.0 (iPhone; CPU iPhone OS 16_2 like Mac OS X) AppleWebKit/605.1.15 (KHTML, like Gecko) Version/16.2 Mobile/15E148 Safari/604.1" "www.metrocrimedaily.com"
104.184.207.4 - - [17/Jan/2023:14:29:01 -0800] "GET /images/crimeinthed-logo.jpg HTTP/1.1" 200 14960 "http://www.metrocrimedaily.com/" "Mozilla/5.0 (iPhone; CPU iPhone OS 16_2 like Mac OS X) AppleWebKit/605.1.15 (KHTML, like Gecko) Version/16.2 Mobile/15E148 Safari/604.1" "www.metrocrimedaily.com"
104.184.207.4 - - [17/Jan/2023:14:29:01 -0800] "GET /images/facebook-logo-tiny.png HTTP/1.1" 200 1280 "http://www.metrocrimedaily.com/" "Mozilla/5.0 (iPhone; CPU iPhone OS 16_2 like Mac OS X) AppleWebKit/605.1.15 (KHTML, like Gecko) Version/16.2 Mobile/15E148 Safari/604.1" "www.metrocrimedaily.com"
104.184.207.4 - - [17/Jan/2023:14:29:01 -0800] "GET /images/youtube-logo-tiny.png HTTP/1.1" 200 689 "http://www.metrocrimedaily.com/" "Mozilla/5.0 (iPhone; CPU iPhone OS 16_2 like Mac OS X) AppleWebKit/605.1.15 (KHTML, like Gecko) Version/16.2 Mobile/15E148 Safari/604.1" "www.metrocrimedaily.com"
104.184.207.4 - - [17/Jan/2023:14:29:01 -0800] "GET /images/police-tape.jpg HTTP/1.1" 200 50766 "http://www.metrocrimedaily.com/" "Mozilla/5.0 (iPhone; CPU iPhone OS 16_2 like Mac OS X) AppleWebKit/605.1.15 (KHTML, like Gecko) Version/16.2 Mobile/15E148 Safari/604.1" "metrocrimedaily.com"
104.184.207.4 - - [17/Jan/2023:14:29:01 -0800] "GET /images/twitter-logo-b-tiny.png HTTP/1.1" 200 1600 "http://www.metrocrimedaily.com/" "Mozilla/5.0 (iPhone; CPU iPhone OS 16_2 like Mac OS X) AppleWebKit/605.1.15 (KHTML, like Gecko) Version/16.2 Mobile/15E148 Safari/604.1" "www.metrocrimedaily.com"
69.63.184.5 - - [17/Jan/2023:14:30:04 -0800] "GET /instagram-newyork/01-17-2023-11503818-A.jpg HTTP/1.1" 200 117010 "-" "facebookexternalhit/1.1 (+http://www.facebook.com/externalhit_uatext.php)" "www.metrocrimedaily.com"
69.63.184.2 - - [17/Jan/2023:14:30:27 -0800] "GET /instagram-atlanta/01-17-2023-12053118-A.jpg HTTP/1.1" 200 105328 "-" "facebookexternalhit/1.1 (+http://www.facebook.com/externalhit_uatext.php)" "www.metrocrimedaily.com"
51.222.253.1 - - [17/Jan/2023:14:32:28 -0800] "GET /instagram-detroit/01-15-2023-2054352-Police-investigating-inmate-death-at-Monroe-Count.txt HTTP/1.1" 200 620 "-" "Mozilla/5.0 (compatible; AhrefsBot/7.0; +http://ahrefs.com/robot/)" "metrocrimedaily.com"
69.63.184.118 - - [17/Jan/2023:14:33:15 -0800] "GET /instagram-detroit/01-17-2023-1632551-A.jpg HTTP/1.1" 200 59464 "-" "facebookexternalhit/1.1 (+http://www.facebook.com/externalhit_uatext.php)" "www.metrocrimedaily.com"
69.63.184.119 - - [17/Jan/2023:14:42:07 -0800] "GET /instagram-houston/01-17-2023-1641481-A.jpg HTTP/1.1" 200 180292 "-" "facebookexternalhit/1.1 (+http://www.facebook.com/externalhit_uatext.php)" "www.metrocrimedaily.com"
69.63.184.116 - - [17/Jan/2023:14:45:38 -0800] "GET /instagram-newyork/01-17-2023-11503819-A.jpg HTTP/1.1" 200 77412 "-" "facebookexternalhit/1.1 (+http://www.facebook.com/externalhit_uatext.php)" "www.metrocrimedaily.com"
69.63.184.4 - - [17/Jan/2023:14:45:59 -0800] "GET /instagram-atlanta/01-17-2023-12053119-A.jpg HTTP/1.1" 200 125450 "-" "facebookexternalhit/1.1 (+http://www.facebook.com/externalhit_uatext.php)" "www.metrocrimedaily.com"
69.63.184.120 - - [17/Jan/2023:14:48:46 -0800] "GET /instagram-detroit/01-17-2023-1632552-A.jpg HTTP/1.1" 200 460601 "-" "facebookexternalhit/1.1 (+http://www.facebook.com/externalhit_uatext.php)" "www.metrocrimedaily.com"
69.63.184.120 - - [17/Jan/2023:14:56:14 -0800] "GET /instagram-memphis/01-17-2023-1655551-A.jpg HTTP/1.1" 200 104277 "-" "facebookexternalhit/1.1 (+http://www.facebook.com/externalhit_uatext.php)" "www.metrocrimedaily.com"
69.63.184.112 - - [17/Jan/2023:14:56:42 -0800] "GET /instagram-memphis/01-17-2023-1655552-A.jpg HTTP/1.1" 200 265047 "-" "facebookexternalhit/1.1 (+http://www.facebook.com/externalhit_uatext.php)" "www.metrocrimedaily.com"
69.63.184.120 - - [17/Jan/2023:14:57:38 -0800] "GET /instagram-houston/01-17-2023-1641482-A.jpg HTTP/1.1" 200 85197 "-" "facebookexternalhit/1.1 (+http://www.facebook.com/externalhit_uatext.php)" "www.metrocrimedaily.com"
69.63.184.5 - - [17/Jan/2023:14:58:05 -0800] "GET /instagram-houston/01-17-2023-1641483-A.jpg HTTP/1.1" 200 237440 "-" "facebookexternalhit/1.1 (+http://www.facebook.com/externalhit_uatext.php)" "www.metrocrimedaily.com"
69.63.184.2 - - [17/Jan/2023:14:58:32 -0800] "GET /instagram-houston/01-17-2023-1641484-A.jpg HTTP/1.1" 200 140414 "-" "facebookexternalhit/1.1 (+http://www.facebook.com/externalhit_uatext.php)" "www.metrocrimedaily.com"
69.63.184.116 - - [17/Jan/2023:14:59:00 -0800] "GET /instagram-houston/01-17-2023-1641485-A.jpg HTTP/1.1" 200 215225 "-" "facebookexternalhit/1.1 (+http://www.facebook.com/externalhit_uatext.php)" "www.metrocrimedaily.com"
69.63.184.1 - - [17/Jan/2023:14:59:27 -0800] "GET /instagram-houston/01-17-2023-1641486-A.jpg HTTP/1.1" 200 149833 "-" "facebookexternalhit/1.1 (+http://www.facebook.com/externalhit_uatext.php)" "www.metrocrimedaily.com"
69.63.184.120 - - [17/Jan/2023:14:59:53 -0800] "GET /instagram-houston/01-17-2023-1641487-A.jpg HTTP/1.1" 200 121903 "-" "facebookexternalhit/1.1 (+http://www.facebook.com/externalhit_uatext.php)" "www.metrocrimedaily.com"
69.63.184.118 - - [17/Jan/2023:15:00:19 -0800] "GET /instagram-houston/01-17-2023-1641488-A.jpg HTTP/1.1" 200 181883 "-" "facebookexternalhit/1.1 (+http://www.facebook.com/externalhit_uatext.php)" "www.metrocrimedaily.com"
69.63.184.119 - - [17/Jan/2023:15:00:47 -0800] "GET /instagram-houston/01-17-2023-1641489-A.jpg HTTP/1.1" 200 80678 "-" "facebookexternalhit/1.1 (+http://www.facebook.com/externalhit_uatext.php)" "www.metrocrimedaily.com"
69.63.184.3 - - [17/Jan/2023:15:00:48 -0800] "GET /instagram-neworleans/01-17-2023-1700291-A.jpg HTTP/1.1" 200 170371 "-" "facebookexternalhit/1.1 (+http://www.facebook.com/externalhit_uatext.php)" "www.metrocrimedaily.com"
69.63.184.4 - - [17/Jan/2023:15:01:10 -0800] "GET /instagram-newyork/01-17-2023-11503820-A.jpg HTTP/1.1" 200 121359 "-" "facebookexternalhit/1.1 (+http://www.facebook.com/externalhit_uatext.php)" "www.metrocrimedaily.com"
69.63.184.2 - - [17/Jan/2023:15:01:14 -0800] "GET /instagram-houston/01-17-2023-16414810-A.jpg HTTP/1.1" 200 187884 "-" "facebookexternalhit/1.1 (+http://www.facebook.com/externalhit_uatext.php)" "www.metrocrimedaily.com"
69.63.184.117 - - [17/Jan/2023:15:01:34 -0800] "GET /instagram-dallas/01-17-2023-1701131-A.jpg HTTP/1.1" 200 142062 "-" "facebookexternalhit/1.1 (+http://www.facebook.com/externalhit_uatext.php)" "www.metrocrimedaily.com"
69.63.184.1 - - [17/Jan/2023:15:01:34 -0800] "GET /instagram-atlanta/01-17-2023-12053120-A.jpg HTTP/1.1" 200 183378 "-" "facebookexternalhit/1.1 (+http://www.facebook.com/externalhit_uatext.php)" "www.metrocrimedaily.com"
69.63.184.2 - - [17/Jan/2023:15:01:42 -0800] "GET /instagram-houston/01-17-2023-16414811-A.jpg HTTP/1.1" 200 147544 "-" "facebookexternalhit/1.1 (+http://www.facebook.com/externalhit_uatext.php)" "www.metrocrimedaily.com"
69.63.184.1 - - [17/Jan/2023:15:02:10 -0800] "GET /instagram-houston/01-17-2023-16414812-A.jpg HTTP/1.1" 200 191313 "-" "facebookexternalhit/1.1 (+http://www.facebook.com/externalhit_uatext.php)" "www.metrocrimedaily.com"
69.63.184.120 - - [17/Jan/2023:15:02:38 -0800] "GET /instagram-houston/01-17-2023-16414813-A.jpg HTTP/1.1" 200 147992 "-" "facebookexternalhit/1.1 (+http://www.facebook.com/externalhit_uatext.php)" "www.metrocrimedaily.com"
69.63.184.5 - - [17/Jan/2023:15:03:04 -0800] "GET /instagram-houston/01-17-2023-16414814-A.jpg HTTP/1.1" 200 159926 "-" "facebookexternalhit/1.1 (+http://www.facebook.com/externalhit_uatext.php)" "www.metrocrimedaily.com"
69.63.184.116 - - [17/Jan/2023:15:03:30 -0800] "GET /instagram-houston/01-17-2023-16414815-A.jpg HTTP/1.1" 200 152654 "-" "facebookexternalhit/1.1 (+http://www.facebook.com/externalhit_uatext.php)" "www.metrocrimedaily.com"
69.63.184.119 - - [17/Jan/2023:15:04:17 -0800] "GET /instagram-detroit/01-17-2023-1632553-A.jpg HTTP/1.1" 200 166182 "-" "facebookexternalhit/1.1 (+http://www.facebook.com/externalhit_uatext.php)" "www.metrocrimedaily.com"
76.184.252.42 - - [17/Jan/2023:15:04:34 -0800] "GET /images/police-tape.jpg HTTP/1.1" 200 50766 "-" "Wget/1.20.3 (mingw32)" "metrocrimedaily.com"
43.130.155.163 - - [17/Jan/2023:15:04:40 -0800] "GET /wp-content/themes/seotheme/db.php?u HTTP/1.1" 404 88 "www.google.com" "Mozlila/5.0 (Linux; Android 7.0; SM-G892A Bulid/NRD90M; wv) AppleWebKit/537.36 (KHTML, like Gecko) Version/4.0 Chrome/60.0.3112.107 Moblie Safari/537.36" "metrocrimedaily.com"
69.63.184.2 - - [17/Jan/2023:15:04:43 -0800] "GET /instagram-detroit/01-17-2023-1632554-A.jpg HTTP/1.1" 200 70781 "-" "facebookexternalhit/1.1 (+http://www.facebook.com/externalhit_uatext.php)" "www.metrocrimedaily.com"
43.130.155.163 - - [17/Jan/2023:15:04:44 -0800] "GET /wp-content/themes/seotheme/db.php?u HTTP/1.1" 404 88 "www.google.com" "Mozlila/5.0 (Linux; Android 7.0; SM-G892A Bulid/NRD90M; wv) AppleWebKit/537.36 (KHTML, like Gecko) Version/4.0 Chrome/60.0.3112.107 Moblie Safari/537.36" "metrocrimedaily.com"
69.63.184.120 - - [17/Jan/2023:15:05:10 -0800] "GET /instagram-detroit/01-17-2023-1632555-A.jpg HTTP/1.1" 200 72313 "-" "facebookexternalhit/1.1 (+http://www.facebook.com/externalhit_uatext.php)" "www.metrocrimedaily.com"
54.36.148.217 - - [17/Jan/2023:15:06:19 -0800] "GET /robots.txt HTTP/1.1" 404 88 "-" "Mozilla/5.0 (compatible; AhrefsBot/7.0; +http://ahrefs.com/robot/)" "metrocrimedaily.com"
51.222.253.3 - - [17/Jan/2023:15:06:20 -0800] "GET / HTTP/1.1" 200 105750 "-" "Mozilla/5.0 (compatible; AhrefsBot/7.0; +http://ahrefs.com/robot/)" "metrocrimedaily.com"
98.243.143.92 - - [17/Jan/2023:15:06:39 -0800] "GET / HTTP/1.1" 200 105750 "-" "Mozilla/5.0 (iPhone; CPU iPhone OS 14_6 like Mac OS X) AppleWebKit/605.1.15 (KHTML, like Gecko) Version/14.1.1 Mobile/15E148 Safari/604.1" "www.metrocrimedaily.com"
98.243.143.92 - - [17/Jan/2023:15:06:39 -0800] "GET /styles-mcd.css HTTP/1.1" 200 1159 "http://www.metrocrimedaily.com/" "Mozilla/5.0 (iPhone; CPU iPhone OS 14_6 like Mac OS X) AppleWebKit/605.1.15 (KHTML, like Gecko) Version/14.1.1 Mobile/15E148 Safari/604.1" "www.metrocrimedaily.com"
69.63.184.2 - - [17/Jan/2023:15:13:14 -0800] "GET /instagram-losangeles/01-17-2023-1712551-A.jpg HTTP/1.1" 200 221465 "-" "facebookexternalhit/1.1 (+http://www.facebook.com/externalhit_uatext.php)" "www.metrocrimedaily.com"
69.63.184.119 - - [17/Jan/2023:15:13:42 -0800] "GET /instagram-losangeles/01-17-2023-1712552-A.jpg HTTP/1.1" 200 96647 "-" "facebookexternalhit/1.1 (+http://www.facebook.com/externalhit_uatext.php)" "www.metrocrimedaily.com"
69.63.184.117 - - [17/Jan/2023:15:14:55 -0800] "GET /instagram-chicago/01-17-2023-1714351-A.jpg HTTP/1.1" 200 84780 "-" "facebookexternalhit/1.1 (+http://www.facebook.com/externalhit_uatext.php)" "www.metrocrimedaily.com"
69.63.184.117 - - [17/Jan/2023:15:16:22 -0800] "GET /instagram-neworleans/01-17-2023-1700292-A.jpg HTTP/1.1" 200 120491 "-" "facebookexternalhit/1.1 (+http://www.facebook.com/externalhit_uatext.php)" "www.metrocrimedaily.com"
69.63.184.4 - - [17/Jan/2023:15:16:40 -0800] "GET /instagram-newyork/01-17-2023-11503821-A.jpg HTTP/1.1" 200 86027 "-" "facebookexternalhit/1.1 (+http://www.facebook.com/externalhit_uatext.php)" "www.metrocrimedaily.com"
69.63.184.117 - - [17/Jan/2023:15:17:08 -0800] "GET /instagram-atlanta/01-17-2023-12053121-A.jpg HTTP/1.1" 200 232597 "-" "facebookexternalhit/1.1 (+http://www.facebook.com/externalhit_uatext.php)" "www.metrocrimedaily.com"
69.63.184.119 - - [17/Jan/2023:15:26:47 -0800] "GET /instagram-stlouis/01-17-2023-1726261-A.jpg HTTP/1.1" 200 397646 "-" "facebookexternalhit/1.1 (+http://www.facebook.com/externalhit_uatext.php)" "www.metrocrimedaily.com"
69.63.184.1 - - [17/Jan/2023:15:30:28 -0800] "GET /instagram-chicago/01-17-2023-1714352-A.jpg HTTP/1.1" 200 180381 "-" "facebookexternalhit/1.1 (+http://www.facebook.com/externalhit_uatext.php)" "www.metrocrimedaily.com"
69.63.184.120 - - [17/Jan/2023:15:31:55 -0800] "GET /instagram-neworleans/01-17-2023-1700293-A.jpg HTTP/1.1" 200 508631 "-" "facebookexternalhit/1.1 (+http://www.facebook.com/externalhit_uatext.php)" "www.metrocrimedaily.com"
69.63.184.116 - - [17/Jan/2023:15:32:41 -0800] "GET /instagram-atlanta/01-17-2023-12053122-A.jpg HTTP/1.1" 200 74025 "-" "facebookexternalhit/1.1 (+http://www.facebook.com/externalhit_uatext.php)" "www.metrocrimedaily.com"
51.222.253.11 - - [17/Jan/2023:15:34:25 -0800] "GET /instagram-dallas/post-later/?C=D;O=A HTTP/1.1" 200 2098 "-" "Mozilla/5.0 (compatible; AhrefsBot/7.0; +http://ahrefs.com/robot/)" "metrocrimedaily.com"
69.63.184.5 - - [17/Jan/2023:15:42:17 -0800] "GET /instagram-stlouis/01-17-2023-1726262-A.jpg HTTP/1.1" 200 164127 "-" "facebookexternalhit/1.1 (+http://www.facebook.com/externalhit_uatext.php)" "www.metrocrimedaily.com"
68.43.234.129 - - [17/Jan/2023:15:47:38 -0800] "GET / HTTP/1.1" 200 105750 "https://www.google.com/" "Mozilla/5.0 (Windows NT 10.0; Win64; x64) AppleWebKit/537.36 (KHTML, like Gecko) Chrome/109.0.0.0 Safari/537.36" "www.metrocrimedaily.com"
68.43.234.129 - - [17/Jan/2023:15:47:38 -0800] "GET /styles-mcd.css HTTP/1.1" 200 1159 "http://www.metrocrimedaily.com/" "Mozilla/5.0 (Windows NT 10.0; Win64; x64) AppleWebKit/537.36 (KHTML, like Gecko) Chrome/109.0.0.0 Safari/537.36" "www.metrocrimedaily.com"
68.43.234.129 - - [17/Jan/2023:15:47:38 -0800] "GET /images/crimeinthed-logo.jpg HTTP/1.1" 200 14960 "http://www.metrocrimedaily.com/" "Mozilla/5.0 (Windows NT 10.0; Win64; x64) AppleWebKit/537.36 (KHTML, like Gecko) Chrome/109.0.0.0 Safari/537.36" "www.metrocrimedaily.com"
68.43.234.129 - - [17/Jan/2023:15:47:38 -0800] "GET /images/police-tape.jpg HTTP/1.1" 200 50766 "http://www.metrocrimedaily.com/" "Mozilla/5.0 (Windows NT 10.0; Win64; x64) AppleWebKit/537.36 (KHTML, like Gecko) Chrome/109.0.0.0 Safari/537.36" "metrocrimedaily.com"
68.43.234.129 - - [17/Jan/2023:15:47:38 -0800] "GET /images/twitter-logo-b-tiny.png HTTP/1.1" 200 1600 "http://www.metrocrimedaily.com/" "Mozilla/5.0 (Windows NT 10.0; Win64; x64) AppleWebKit/537.36 (KHTML, like Gecko) Chrome/109.0.0.0 Safari/537.36" "www.metrocrimedaily.com"
