51.222.253.15 - - [17/Jan/2023:04:46:51 -0800] "GET /styles-mcd.css HTTP/1.1" 200 1159 "-" "Mozilla/5.0 (compatible; AhrefsBot/7.0; +http://ahrefs.com/robot/)" "metrocrimedaily.com"
51.222.253.5 - - [17/Jan/2023:04:46:51 -0800] "GET /images/twitter-logo-b-tiny.png HTTP/1.1" 200 1600 "-" "Mozilla/5.0 (compatible; AhrefsBot/7.0; +http://ahrefs.com/robot/)" "metrocrimedaily.com"
51.222.253.15 - - [17/Jan/2023:04:46:52 -0800] "GET /images/crimeinthed-logo.jpg HTTP/1.1" 200 14960 "-" "Mozilla/5.0 (compatible; AhrefsBot/7.0; +http://ahrefs.com/robot/)" "metrocrimedaily.com"
51.222.253.5 - - [17/Jan/2023:04:46:53 -0800] "GET / HTTP/1.1" 200 101515 "-" "Mozilla/5.0 (compatible; AhrefsBot/7.0; +http://ahrefs.com/robot/)" "metrocrimedaily.com"
51.222.253.13 - - [17/Jan/2023:04:46:55 -0800] "GET /images/youtube-logo-tiny.png HTTP/1.1" 200 689 "-" "Mozilla/5.0 (compatible; AhrefsBot/7.0; +http://ahrefs.com/robot/)" "metrocrimedaily.com"
69.63.184.112 - - [17/Jan/2023:04:55:06 -0800] "GET /instagram-stlouis/01-17-2023-0624122-A.jpg HTTP/1.1" 200 212255 "-" "facebookexternalhit/1.1 (+http://www.facebook.com/externalhit_uatext.php)" "www.metrocrimedaily.com"
69.63.184.120 - - [17/Jan/2023:04:56:03 -0800] "GET /instagram-memphis/01-17-2023-0655441-A.jpg HTTP/1.1" 200 102383 "-" "facebookexternalhit/1.1 (+http://www.facebook.com/externalhit_uatext.php)" "www.metrocrimedaily.com"
69.63.184.2 - - [17/Jan/2023:04:58:22 -0800] "GET /instagram-houston/01-17-2023-0627292-A.jpg HTTP/1.1" 200 134717 "-" "facebookexternalhit/1.1 (+http://www.facebook.com/externalhit_uatext.php)" "www.metrocrimedaily.com"
51.222.253.3 - - [17/Jan/2023:04:58:32 -0800] "GET /instagram-detroit/01-15-2023-1327393-MSP--Northern-Michigan-man-arrested-after-accusin.txt HTTP/1.1" 200 801 "-" "Mozilla/5.0 (compatible; AhrefsBot/7.0; +http://ahrefs.com/robot/)" "metrocrimedaily.com"
207.46.13.115 - - [17/Jan/2023:04:58:50 -0800] "GET /instagram-atlanta/12-24-2022-0913031-Teenager-fatally-shot-at-Mall-of-America---Whoeve.txt HTTP/1.1" 404 88 "-" "Mozilla/5.0 AppleWebKit/537.36 (KHTML, like Gecko; compatible; bingbot/2.0; +http://www.bing.com/bingbot.htm) Chrome/103.0.5060.134 Safari/537.36" "www.metrocrimedaily.com"
51.222.253.15 - - [17/Jan/2023:05:11:04 -0800] "GET /instagram-detroit/01-15-2023-1327394-68-dead--4-missing-after-plane-crashes-in-Nepal-r.txt HTTP/1.1" 200 1128 "-" "Mozilla/5.0 (compatible; AhrefsBot/7.0; +http://ahrefs.com/robot/)" "metrocrimedaily.com"
54.175.143.82 - - [17/Jan/2023:05:16:46 -0800] "GET /ads.txt HTTP/1.1" 404 88 "-" "AdsTxtCrawler/1.0.2" "metrocrimedaily.com"
69.63.184.3 - - [17/Jan/2023:05:17:34 -0800] "GET /instagram-neworleans/01-17-2023-0717141-A.jpg HTTP/1.1" 200 122577 "-" "facebookexternalhit/1.1 (+http://www.facebook.com/externalhit_uatext.php)" "www.metrocrimedaily.com"
51.222.253.15 - - [17/Jan/2023:05:24:19 -0800] "GET /instagram-detroit/01-15-2023-1327395-Detroit-police-looking-for-suspect-of-an-armed-ro.txt HTTP/1.1" 200 314 "-" "Mozilla/5.0 (compatible; AhrefsBot/7.0; +http://ahrefs.com/robot/)" "metrocrimedaily.com"
69.63.184.1 - - [17/Jan/2023:05:25:39 -0800] "GET /instagram-stlouis/01-17-2023-0624123-A.jpg HTTP/1.1" 200 235608 "-" "facebookexternalhit/1.1 (+http://www.facebook.com/externalhit_uatext.php)" "www.metrocrimedaily.com"
69.63.184.5 - - [17/Jan/2023:05:26:34 -0800] "GET /instagram-memphis/01-17-2023-0655442-A.jpg HTTP/1.1" 200 98072 "-" "facebookexternalhit/1.1 (+http://www.facebook.com/externalhit_uatext.php)" "www.metrocrimedaily.com"
69.63.184.119 - - [17/Jan/2023:05:28:53 -0800] "GET /instagram-houston/01-17-2023-0627293-A.jpg HTTP/1.1" 200 167759 "-" "facebookexternalhit/1.1 (+http://www.facebook.com/externalhit_uatext.php)" "www.metrocrimedaily.com"
69.63.184.1 - - [17/Jan/2023:05:32:32 -0800] "GET /instagram-chicago/01-17-2023-0732081-A.jpg HTTP/1.1" 200 256411 "-" "facebookexternalhit/1.1 (+http://www.facebook.com/externalhit_uatext.php)" "www.metrocrimedaily.com"
51.222.253.19 - - [17/Jan/2023:05:36:26 -0800] "GET /instagram-detroit/01-15-2023-1327396-Detroit-police-looking-for-suspect-of-an-armed-ro.txt HTTP/1.1" 200 314 "-" "Mozilla/5.0 (compatible; AhrefsBot/7.0; +http://ahrefs.com/robot/)" "metrocrimedaily.com"
69.63.184.116 - - [17/Jan/2023:05:37:11 -0800] "GET /instagram-detroit/01-17-2023-0736411-A.jpg HTTP/1.1" 200 69479 "-" "facebookexternalhit/1.1 (+http://www.facebook.com/externalhit_uatext.php)" "www.metrocrimedaily.com"
69.63.184.119 - - [17/Jan/2023:05:39:25 -0800] "GET /instagram-dallas/01-17-2023-0739051-A.jpg HTTP/1.1" 200 127507 "-" "facebookexternalhit/1.1 (+http://www.facebook.com/externalhit_uatext.php)" "www.metrocrimedaily.com"
5.165.49.47 - - [17/Jan/2023:05:43:22 -0800] "GET / HTTP/1.1" 200 101515 "-" "Mozilla/4.0 (compatible; MSIE 6.0; Windows NT 5.1; SV1)" "metrocrimedaily.com"
5.165.49.47 - - [17/Jan/2023:05:43:22 -0800] "GET / HTTP/1.1" 200 101515 "-" "Mozilla/4.0 (compatible; MSIE 6.0; Windows NT 5.1; SV1)" "metrocrimedaily.com"
69.63.184.4 - - [17/Jan/2023:05:48:07 -0800] "GET /instagram-neworleans/01-17-2023-0717142-A.jpg HTTP/1.1" 200 143246 "-" "facebookexternalhit/1.1 (+http://www.facebook.com/externalhit_uatext.php)" "www.metrocrimedaily.com"
51.222.253.14 - - [17/Jan/2023:05:49:35 -0800] "GET /instagram-detroit/01-15-2023-1602041-MSP--Michigan-man-arrested-after-holding-2-women-.txt HTTP/1.1" 200 709 "-" "Mozilla/5.0 (compatible; AhrefsBot/7.0; +http://ahrefs.com/robot/)" "metrocrimedaily.com"
69.63.184.120 - - [17/Jan/2023:05:56:12 -0800] "GET /instagram-stlouis/01-17-2023-0624124-A.jpg HTTP/1.1" 200 202574 "-" "facebookexternalhit/1.1 (+http://www.facebook.com/externalhit_uatext.php)" "www.metrocrimedaily.com"
69.63.184.5 - - [17/Jan/2023:05:57:06 -0800] "GET /instagram-memphis/01-17-2023-0655443-A.jpg HTTP/1.1" 200 105102 "-" "facebookexternalhit/1.1 (+http://www.facebook.com/externalhit_uatext.php)" "www.metrocrimedaily.com"
20.90.185.211 - - [17/Jan/2023:05:57:06 -0800] "GET / HTTP/1.1" 200 890335 "-" "Mozilla/5.0 (Windows NT 10.0; Win64; x64) AppleWebKit/537.36 (KHTML, like Gecko) Chrome/89.0.4389.114 Safari/537.36" "metrocrimedaily.com"
20.90.185.211 - - [17/Jan/2023:05:57:09 -0800] "GET / HTTP/1.1" 200 890335 "-" "Mozilla/5.0 (Windows NT 10.0; Win64; x64) AppleWebKit/537.36 (KHTML, like Gecko) Chrome/89.0.4389.114 Safari/537.36" "metrocrimedaily.com"
20.90.185.211 - - [17/Jan/2023:05:57:12 -0800] "GET /wp-includes/wlwmanifest.xml HTTP/1.1" 404 73 "-" "Mozilla/5.0 (Windows NT 10.0; Win64; x64) AppleWebKit/537.36 (KHTML, like Gecko) Chrome/89.0.4389.114 Safari/537.36" "metrocrimedaily.com"
20.90.185.211 - - [17/Jan/2023:05:57:12 -0800] "GET /xmlrpc.php?rsd HTTP/1.1" 404 73 "-" "Mozilla/5.0 (Windows NT 10.0; Win64; x64) AppleWebKit/537.36 (KHTML, like Gecko) Chrome/89.0.4389.114 Safari/537.36" "metrocrimedaily.com"
20.90.185.211 - - [17/Jan/2023:05:57:12 -0800] "GET / HTTP/1.1" 200 890335 "-" "Mozilla/5.0 (Windows NT 10.0; Win64; x64) AppleWebKit/537.36 (KHTML, like Gecko) Chrome/89.0.4389.114 Safari/537.36" "metrocrimedaily.com"
20.90.185.211 - - [17/Jan/2023:05:57:15 -0800] "GET /?author=1 HTTP/1.1" 200 890335 "-" "Mozilla/5.0 (Windows NT 10.0; Win64; x64) AppleWebKit/537.36 (KHTML, like Gecko) Chrome/89.0.4389.114 Safari/537.36" "metrocrimedaily.com"
20.90.185.211 - - [17/Jan/2023:05:57:17 -0800] "GET /?author=2 HTTP/1.1" 200 890335 "-" "Mozilla/5.0 (Windows NT 10.0; Win64; x64) AppleWebKit/537.36 (KHTML, like Gecko) Chrome/89.0.4389.114 Safari/537.36" "metrocrimedaily.com"
20.90.185.211 - - [17/Jan/2023:05:57:19 -0800] "GET /?author=3 HTTP/1.1" 200 890335 "-" "Mozilla/5.0 (Windows NT 10.0; Win64; x64) AppleWebKit/537.36 (KHTML, like Gecko) Chrome/89.0.4389.114 Safari/537.36" "metrocrimedaily.com"
20.90.185.211 - - [17/Jan/2023:05:57:20 -0800] "GET /wp-json/wp/v2/users/ HTTP/1.1" 404 73 "-" "Mozilla/5.0 (Windows NT 10.0; Win64; x64) AppleWebKit/537.36 (KHTML, like Gecko) Chrome/89.0.4389.114 Safari/537.36" "metrocrimedaily.com"
20.90.185.211 - - [17/Jan/2023:05:57:21 -0800] "GET /wp-json/oembed/1.0/embed?url=http://metrocrimedaily.com HTTP/1.1" 404 73 "-" "Mozilla/5.0 (Windows NT 10.0; Win64; x64) AppleWebKit/537.36 (KHTML, like Gecko) Chrome/89.0.4389.114 Safari/537.36" "metrocrimedaily.com"
69.63.184.113 - - [17/Jan/2023:05:59:23 -0800] "GET /instagram-houston/01-17-2023-0627294-A.jpg HTTP/1.1" 200 178966 "-" "facebookexternalhit/1.1 (+http://www.facebook.com/externalhit_uatext.php)" "www.metrocrimedaily.com"
51.222.253.2 - - [17/Jan/2023:06:02:46 -0800] "GET /instagram-detroit/01-15-2023-1602042-Police--W-Michigan-man-arrested-after-taking-2-wo.txt HTTP/1.1" 200 553 "-" "Mozilla/5.0 (compatible; AhrefsBot/7.0; +http://ahrefs.com/robot/)" "metrocrimedaily.com"
69.63.184.118 - - [17/Jan/2023:06:07:45 -0800] "GET /instagram-detroit/01-17-2023-0736412-A.jpg HTTP/1.1" 200 164080 "-" "facebookexternalhit/1.1 (+http://www.facebook.com/externalhit_uatext.php)" "www.metrocrimedaily.com"
69.63.184.119 - - [17/Jan/2023:06:09:58 -0800] "GET /instagram-dallas/01-17-2023-0739052-A.jpg HTTP/1.1" 200 161928 "-" "facebookexternalhit/1.1 (+http://www.facebook.com/externalhit_uatext.php)" "www.metrocrimedaily.com"
51.222.253.1 - - [17/Jan/2023:06:16:16 -0800] "GET /instagram-detroit/01-15-2023-1602043-Monroe-County-sheriff--Jail-inmate-hung-himself-i.txt HTTP/1.1" 200 825 "-" "Mozilla/5.0 (compatible; AhrefsBot/7.0; +http://ahrefs.com/robot/)" "metrocrimedaily.com"
69.63.184.116 - - [17/Jan/2023:06:26:43 -0800] "GET /instagram-stlouis/01-17-2023-0624125-A.jpg HTTP/1.1" 200 121843 "-" "facebookexternalhit/1.1 (+http://www.facebook.com/externalhit_uatext.php)" "www.metrocrimedaily.com"
69.63.184.2 - - [17/Jan/2023:06:27:35 -0800] "GET /instagram-memphis/01-17-2023-0655444-A.jpg HTTP/1.1" 200 112622 "-" "facebookexternalhit/1.1 (+http://www.facebook.com/externalhit_uatext.php)" "www.metrocrimedaily.com"
51.222.253.9 - - [17/Jan/2023:06:29:53 -0800] "GET /instagram-detroit/01-15-2023-1602044-Police--1-dead--argument-turns-shooting-in-a-home.txt HTTP/1.1" 200 633 "-" "Mozilla/5.0 (compatible; AhrefsBot/7.0; +http://ahrefs.com/robot/)" "metrocrimedaily.com"
69.63.184.117 - - [17/Jan/2023:06:39:14 -0800] "GET /instagram-chicago/01-17-2023-0838541-A.jpg HTTP/1.1" 200 104407 "-" "facebookexternalhit/1.1 (+http://www.facebook.com/externalhit_uatext.php)" "www.metrocrimedaily.com"
69.63.184.117 - - [17/Jan/2023:06:43:28 -0800] "GET /instagram-losangeles/01-17-2023-0843081-A.jpg HTTP/1.1" 200 180657 "-" "facebookexternalhit/1.1 (+http://www.facebook.com/externalhit_uatext.php)" "www.metrocrimedaily.com"
51.222.253.10 - - [17/Jan/2023:06:44:29 -0800] "GET /instagram-detroit/01-15-2023-1800111-MSP-shares-snarky-advice--video-showing-chopper-h.txt HTTP/1.1" 200 611 "-" "Mozilla/5.0 (compatible; AhrefsBot/7.0; +http://ahrefs.com/robot/)" "metrocrimedaily.com"
51.222.253.10 - - [17/Jan/2023:06:57:30 -0800] "GET / HTTP/1.1" 200 101891 "-" "Mozilla/5.0 (compatible; AhrefsBot/7.0; +http://ahrefs.com/robot/)" "www.metrocrimedaily.com"
69.63.184.117 - - [17/Jan/2023:06:58:07 -0800] "GET /instagram-memphis/01-17-2023-0655445-A.jpg HTTP/1.1" 200 155618 "-" "facebookexternalhit/1.1 (+http://www.facebook.com/externalhit_uatext.php)" "www.metrocrimedaily.com"
69.63.184.3 - - [17/Jan/2023:06:58:12 -0800] "GET /instagram-neworleans/01-17-2023-0857531-A.jpg HTTP/1.1" 200 143585 "-" "facebookexternalhit/1.1 (+http://www.facebook.com/externalhit_uatext.php)" "www.metrocrimedaily.com"
207.46.13.75 - - [17/Jan/2023:07:01:02 -0800] "GET /instagram-atlanta/12-22-2022-1800073-Jan.-6-witness-says-lawyer-tried-to-influence-tes.txt HTTP/1.1" 404 88 "-" "Mozilla/5.0 AppleWebKit/537.36 (KHTML, like Gecko; compatible; bingbot/2.0; +http://www.bing.com/bingbot.htm) Chrome/103.0.5060.134 Safari/537.36" "www.metrocrimedaily.com"
166.137.90.60 - - [17/Jan/2023:07:03:15 -0800] "GET / HTTP/1.1" 200 101891 "https://www.google.com/" "Mozilla/5.0 (iPhone; CPU iPhone OS 15_2 like Mac OS X) AppleWebKit/605.1.15 (KHTML, like Gecko) Version/15.2 Mobile/15E148 Safari/604.1" "www.metrocrimedaily.com"
166.137.90.60 - - [17/Jan/2023:07:03:15 -0800] "GET /styles-mcd.css HTTP/1.1" 200 1159 "http://www.metrocrimedaily.com/" "Mozilla/5.0 (iPhone; CPU iPhone OS 15_2 like Mac OS X) AppleWebKit/605.1.15 (KHTML, like Gecko) Version/15.2 Mobile/15E148 Safari/604.1" "www.metrocrimedaily.com"
166.137.90.60 - - [17/Jan/2023:07:03:15 -0800] "GET /images/crimeinthed-logo.jpg HTTP/1.1" 200 14960 "http://www.metrocrimedaily.com/" "Mozilla/5.0 (iPhone; CPU iPhone OS 15_2 like Mac OS X) AppleWebKit/605.1.15 (KHTML, like Gecko) Version/15.2 Mobile/15E148 Safari/604.1" "www.metrocrimedaily.com"
166.137.90.60 - - [17/Jan/2023:07:03:15 -0800] "GET /images/facebook-logo-tiny.png HTTP/1.1" 200 1280 "http://www.metrocrimedaily.com/" "Mozilla/5.0 (iPhone; CPU iPhone OS 15_2 like Mac OS X) AppleWebKit/605.1.15 (KHTML, like Gecko) Version/15.2 Mobile/15E148 Safari/604.1" "www.metrocrimedaily.com"
166.137.90.60 - - [17/Jan/2023:07:03:15 -0800] "GET /images/police-tape.jpg HTTP/1.1" 200 50766 "http://www.metrocrimedaily.com/" "Mozilla/5.0 (iPhone; CPU iPhone OS 15_2 like Mac OS X) AppleWebKit/605.1.15 (KHTML, like Gecko) Version/15.2 Mobile/15E148 Safari/604.1" "metrocrimedaily.com"
166.137.90.60 - - [17/Jan/2023:07:03:15 -0800] "GET /images/youtube-logo-tiny.png HTTP/1.1" 200 689 "http://www.metrocrimedaily.com/" "Mozilla/5.0 (iPhone; CPU iPhone OS 15_2 like Mac OS X) AppleWebKit/605.1.15 (KHTML, like Gecko) Version/15.2 Mobile/15E148 Safari/604.1" "www.metrocrimedaily.com"
166.137.90.60 - - [17/Jan/2023:07:03:15 -0800] "GET /images/twitter-logo-b-tiny.png HTTP/1.1" 200 1600 "http://www.metrocrimedaily.com/" "Mozilla/5.0 (iPhone; CPU iPhone OS 15_2 like Mac OS X) AppleWebKit/605.1.15 (KHTML, like Gecko) Version/15.2 Mobile/15E148 Safari/604.1" "www.metrocrimedaily.com"
166.137.90.60 - - [17/Jan/2023:07:03:20 -0800] "GET /favicon.ico HTTP/1.1" 404 88 "http://www.metrocrimedaily.com/" "Mozilla/5.0 (iPhone; CPU iPhone OS 15_2 like Mac OS X) AppleWebKit/605.1.15 (KHTML, like Gecko) Version/15.2 Mobile/15E148 Safari/604.1" "www.metrocrimedaily.com"
69.63.184.118 - - [17/Jan/2023:07:09:48 -0800] "GET /instagram-chicago/01-17-2023-0838542-A.jpg HTTP/1.1" 200 63099 "-" "facebookexternalhit/1.1 (+http://www.facebook.com/externalhit_uatext.php)" "www.metrocrimedaily.com"
69.63.184.3 - - [17/Jan/2023:07:14:01 -0800] "GET /instagram-losangeles/01-17-2023-0843082-A.jpg HTTP/1.1" 200 91194 "-" "facebookexternalhit/1.1 (+http://www.facebook.com/externalhit_uatext.php)" "www.metrocrimedaily.com"
51.222.253.20 - - [17/Jan/2023:07:16:57 -0800] "GET /instagram-detroit/01-15-2023-1800112-Detroit-police-searching-for-suspect-who-robbed-C.txt HTTP/1.1" 200 444 "-" "Mozilla/5.0 (compatible; AhrefsBot/7.0; +http://ahrefs.com/robot/)" "metrocrimedaily.com"
69.63.184.120 - - [17/Jan/2023:07:18:50 -0800] "GET /instagram-dallas/01-17-2023-0918301-A.jpg HTTP/1.1" 200 59363 "-" "facebookexternalhit/1.1 (+http://www.facebook.com/externalhit_uatext.php)" "www.metrocrimedaily.com"
66.249.66.152 - - [17/Jan/2023:07:20:15 -0800] "GET /ads.txt HTTP/1.1" 404 88 "-" "Mozilla/5.0 (compatible; Googlebot/2.1; +http://www.google.com/bot.html)" "metrocrimedaily.com"
5.255.253.152 - - [17/Jan/2023:07:27:45 -0800] "GET /robots.txt HTTP/1.1" 404 73 "-" "Mozilla/5.0 (compatible; YandexBot/3.0; +http://yandex.com/bots)" "metrocrimedaily.com"
5.255.253.180 - - [17/Jan/2023:07:27:49 -0800] "GET / HTTP/1.1" 200 101891 "-" "Mozilla/5.0 (compatible; YandexBot/3.0; +http://yandex.com/bots)" "metrocrimedaily.com"
69.63.184.4 - - [17/Jan/2023:07:28:49 -0800] "GET /instagram-neworleans/01-17-2023-0857532-A.jpg HTTP/1.1" 200 196484 "-" "facebookexternalhit/1.1 (+http://www.facebook.com/externalhit_uatext.php)" "www.metrocrimedaily.com"
69.63.184.1 - - [17/Jan/2023:07:34:57 -0800] "GET /instagram-stlouis/01-17-2023-0934371-A.jpg HTTP/1.1" 200 97981 "-" "facebookexternalhit/1.1 (+http://www.facebook.com/externalhit_uatext.php)" "www.metrocrimedaily.com"
69.63.184.117 - - [17/Jan/2023:07:40:21 -0800] "GET /instagram-chicago/01-17-2023-0838543-A.jpg HTTP/1.1" 200 75899 "-" "facebookexternalhit/1.1 (+http://www.facebook.com/externalhit_uatext.php)" "www.metrocrimedaily.com"
23.28.156.140 - - [17/Jan/2023:07:41:08 -0800] "GET /index.html HTTP/1.1" 200 101891 "http://www.metrocrimedaily.com/" "Mozilla/5.0 (iPhone; CPU iPhone OS 15_6_1 like Mac OS X) AppleWebKit/605.1.15 (KHTML, like Gecko) Version/15.6.1 Mobile/15E148 Safari/604.1" "www.metrocrimedaily.com"
23.28.156.140 - - [17/Jan/2023:07:41:09 -0800] "GET /images/police-tape.jpg HTTP/1.1" 200 50766 "http://www.metrocrimedaily.com/" "Mozilla/5.0 (iPhone; CPU iPhone OS 15_6_1 like Mac OS X) AppleWebKit/605.1.15 (KHTML, like Gecko) Version/15.6.1 Mobile/15E148 Safari/604.1" "metrocrimedaily.com"
23.28.156.140 - - [17/Jan/2023:07:41:09 -0800] "GET /images/facebook-logo-tiny.png HTTP/1.1" 200 1280 "http://www.metrocrimedaily.com/index.html" "Mozilla/5.0 (iPhone; CPU iPhone OS 15_6_1 like Mac OS X) AppleWebKit/605.1.15 (KHTML, like Gecko) Version/15.6.1 Mobile/15E148 Safari/604.1" "www.metrocrimedaily.com"
69.63.184.117 - - [17/Jan/2023:07:44:15 -0800] "GET /instagram-houston/01-17-2023-0943391-A.jpg HTTP/1.1" 200 90319 "-" "facebookexternalhit/1.1 (+http://www.facebook.com/externalhit_uatext.php)" "www.metrocrimedaily.com"
69.63.184.120 - - [17/Jan/2023:07:44:24 -0800] "GET /instagram-detroit/01-17-2023-0944031-A.jpg HTTP/1.1" 200 136671 "-" "facebookexternalhit/1.1 (+http://www.facebook.com/externalhit_uatext.php)" "www.metrocrimedaily.com"
51.222.253.6 - - [17/Jan/2023:07:44:49 -0800] "GET /instagram-detroit/01-15-2023-1927041-Police--Michigan-man-arrested-after-taking-2-wome.txt HTTP/1.1" 200 519 "-" "Mozilla/5.0 (compatible; AhrefsBot/7.0; +http://ahrefs.com/robot/)" "metrocrimedaily.com"
69.63.184.118 - - [17/Jan/2023:07:49:22 -0800] "GET /instagram-dallas/01-17-2023-0918302-A.jpg HTTP/1.1" 200 156673 "-" "facebookexternalhit/1.1 (+http://www.facebook.com/externalhit_uatext.php)" "www.metrocrimedaily.com"
69.63.184.5 - - [17/Jan/2023:07:59:23 -0800] "GET /instagram-neworleans/01-17-2023-0857533-A.jpg HTTP/1.1" 200 267768 "-" "facebookexternalhit/1.1 (+http://www.facebook.com/externalhit_uatext.php)" "www.metrocrimedaily.com"
69.63.184.5 - - [17/Jan/2023:08:05:28 -0800] "GET /instagram-stlouis/01-17-2023-0934372-A.jpg HTTP/1.1" 200 218657 "-" "facebookexternalhit/1.1 (+http://www.facebook.com/externalhit_uatext.php)" "www.metrocrimedaily.com"
69.63.184.2 - - [17/Jan/2023:08:05:55 -0800] "GET /instagram-stlouis/01-17-2023-0934373-A.jpg HTTP/1.1" 200 166960 "-" "facebookexternalhit/1.1 (+http://www.facebook.com/externalhit_uatext.php)" "www.metrocrimedaily.com"
69.63.184.5 - - [17/Jan/2023:08:06:23 -0800] "GET /instagram-stlouis/01-17-2023-0934374-A.jpg HTTP/1.1" 200 132817 "-" "facebookexternalhit/1.1 (+http://www.facebook.com/externalhit_uatext.php)" "www.metrocrimedaily.com"
98.224.178.54 - - [17/Jan/2023:08:06:39 -0800] "GET / HTTP/1.1" 200 101891 "https://www.google.com/" "Mozilla/5.0 (iPhone; CPU iPhone OS 16_1_2 like Mac OS X) AppleWebKit/605.1.15 (KHTML, like Gecko) Version/16.1 Mobile/15E148 Safari/604.1" "www.metrocrimedaily.com"
98.224.178.54 - - [17/Jan/2023:08:06:39 -0800] "GET /styles-mcd.css HTTP/1.1" 200 1159 "http://www.metrocrimedaily.com/" "Mozilla/5.0 (iPhone; CPU iPhone OS 16_1_2 like Mac OS X) AppleWebKit/605.1.15 (KHTML, like Gecko) Version/16.1 Mobile/15E148 Safari/604.1" "www.metrocrimedaily.com"
98.224.178.54 - - [17/Jan/2023:08:06:39 -0800] "GET /images/crimeinthed-logo.jpg HTTP/1.1" 200 14960 "http://www.metrocrimedaily.com/" "Mozilla/5.0 (iPhone; CPU iPhone OS 16_1_2 like Mac OS X) AppleWebKit/605.1.15 (KHTML, like Gecko) Version/16.1 Mobile/15E148 Safari/604.1" "www.metrocrimedaily.com"
98.224.178.54 - - [17/Jan/2023:08:06:39 -0800] "GET /images/facebook-logo-tiny.png HTTP/1.1" 200 1280 "http://www.metrocrimedaily.com/" "Mozilla/5.0 (iPhone; CPU iPhone OS 16_1_2 like Mac OS X) AppleWebKit/605.1.15 (KHTML, like Gecko) Version/16.1 Mobile/15E148 Safari/604.1" "www.metrocrimedaily.com"
98.224.178.54 - - [17/Jan/2023:08:06:39 -0800] "GET /images/youtube-logo-tiny.png HTTP/1.1" 200 689 "http://www.metrocrimedaily.com/" "Mozilla/5.0 (iPhone; CPU iPhone OS 16_1_2 like Mac OS X) AppleWebKit/605.1.15 (KHTML, like Gecko) Version/16.1 Mobile/15E148 Safari/604.1" "www.metrocrimedaily.com"
98.224.178.54 - - [17/Jan/2023:08:06:39 -0800] "GET /images/twitter-logo-b-tiny.png HTTP/1.1" 200 1600 "http://www.metrocrimedaily.com/" "Mozilla/5.0 (iPhone; CPU iPhone OS 16_1_2 like Mac OS X) AppleWebKit/605.1.15 (KHTML, like Gecko) Version/16.1 Mobile/15E148 Safari/604.1" "www.metrocrimedaily.com"
98.224.178.54 - - [17/Jan/2023:08:06:39 -0800] "GET /images/police-tape.jpg HTTP/1.1" 200 50766 "http://www.metrocrimedaily.com/" "Mozilla/5.0 (iPhone; CPU iPhone OS 16_1_2 like Mac OS X) AppleWebKit/605.1.15 (KHTML, like Gecko) Version/16.1 Mobile/15E148 Safari/604.1" "metrocrimedaily.com"
98.224.178.54 - - [17/Jan/2023:08:06:47 -0800] "GET /favicon.ico HTTP/1.1" 404 88 "http://www.metrocrimedaily.com/" "Mozilla/5.0 (iPhone; CPU iPhone OS 16_1_2 like Mac OS X) AppleWebKit/605.1.15 (KHTML, like Gecko) Version/16.1 Mobile/15E148 Safari/604.1" "www.metrocrimedaily.com"
69.63.184.3 - - [17/Jan/2023:08:06:51 -0800] "GET /instagram-stlouis/01-17-2023-0934375-A.jpg HTTP/1.1" 200 162220 "-" "facebookexternalhit/1.1 (+http://www.facebook.com/externalhit_uatext.php)" "www.metrocrimedaily.com"
98.224.178.54 - - [17/Jan/2023:08:09:04 -0800] "GET / HTTP/1.1" 200 101891 "-" "Mozilla/5.0 (iPhone; CPU iPhone OS 16_1_2 like Mac OS X) AppleWebKit/605.1.15 (KHTML, like Gecko) Version/16.1 Mobile/15E148 Safari/604.1" "www.metrocrimedaily.com"
98.224.178.54 - - [17/Jan/2023:08:09:04 -0800] "GET /apple-touch-icon-120x120-precomposed.png HTTP/1.1" 404 88 "-" "MobileSafari/8614.2.9.0.11 CFNetwork/1399 Darwin/22.1.0" "www.metrocrimedaily.com"
98.224.178.54 - - [17/Jan/2023:08:09:05 -0800] "GET /apple-touch-icon-120x120.png HTTP/1.1" 404 88 "-" "MobileSafari/8614.2.9.0.11 CFNetwork/1399 Darwin/22.1.0" "www.metrocrimedaily.com"
98.224.178.54 - - [17/Jan/2023:08:09:05 -0800] "GET /apple-touch-icon-precomposed.png HTTP/1.1" 404 88 "-" "MobileSafari/8614.2.9.0.11 CFNetwork/1399 Darwin/22.1.0" "www.metrocrimedaily.com"
98.224.178.54 - - [17/Jan/2023:08:09:05 -0800] "GET /apple-touch-icon.png HTTP/1.1" 404 88 "-" "MobileSafari/8614.2.9.0.11 CFNetwork/1399 Darwin/22.1.0" "www.metrocrimedaily.com"
98.224.178.54 - - [17/Jan/2023:08:09:05 -0800] "GET /favicon.ico HTTP/1.1" 404 88 "-" "MobileSafari/8614.2.9.0.11 CFNetwork/1399 Darwin/22.1.0" "www.metrocrimedaily.com"
98.224.178.54 - - [17/Jan/2023:08:09:05 -0800] "GET /apple-touch-icon-120x120-precomposed.png HTTP/1.1" 404 88 "-" "MobileSafari/8614.2.9.0.11 CFNetwork/1399 Darwin/22.1.0" "www.metrocrimedaily.com"
98.224.178.54 - - [17/Jan/2023:08:09:05 -0800] "GET /apple-touch-icon-120x120.png HTTP/1.1" 404 88 "-" "MobileSafari/8614.2.9.0.11 CFNetwork/1399 Darwin/22.1.0" "www.metrocrimedaily.com"
98.224.178.54 - - [17/Jan/2023:08:09:05 -0800] "GET /apple-touch-icon-precomposed.png HTTP/1.1" 404 88 "-" "MobileSafari/8614.2.9.0.11 CFNetwork/1399 Darwin/22.1.0" "www.metrocrimedaily.com"
98.224.178.54 - - [17/Jan/2023:08:09:05 -0800] "GET /apple-touch-icon.png HTTP/1.1" 404 88 "-" "MobileSafari/8614.2.9.0.11 CFNetwork/1399 Darwin/22.1.0" "www.metrocrimedaily.com"
98.224.178.54 - - [17/Jan/2023:08:10:04 -0800] "GET /images/facebook-logo-tiny.png HTTP/1.1" 200 1280 "http://www.metrocrimedaily.com/" "Mozilla/5.0 (iPhone; CPU iPhone OS 16_1_2 like Mac OS X) AppleWebKit/605.1.15 (KHTML, like Gecko) Version/16.1 Mobile/15E148 Safari/604.1" "www.metrocrimedaily.com"
5.255.231.116 - - [17/Jan/2023:08:13:26 -0800] "GET /robots.txt HTTP/1.1" 404 73 "-" "Mozilla/5.0 (compatible; YandexBot/3.0; +http://yandex.com/bots)" "metrocrimedaily.com"
5.45.207.139 - - [17/Jan/2023:08:13:30 -0800] "GET / HTTP/1.1" 200 101891 "-" "Mozilla/5.0 (compatible; YandexBot/3.0; +http://yandex.com/bots)" "metrocrimedaily.com"
5.255.253.132 - - [17/Jan/2023:08:14:34 -0800] "GET /robots.txt HTTP/1.1" 404 73 "-" "Mozilla/5.0 (compatible; YandexBot/3.0; +http://yandex.com/bots)" "www.metrocrimedaily.com"
69.63.184.5 - - [17/Jan/2023:08:14:46 -0800] "GET /instagram-houston/01-17-2023-0943392-A.jpg HTTP/1.1" 200 102575 "-" "facebookexternalhit/1.1 (+http://www.facebook.com/externalhit_uatext.php)" "www.metrocrimedaily.com"
69.63.184.3 - - [17/Jan/2023:08:14:54 -0800] "GET /instagram-detroit/01-17-2023-0944032-A.jpg HTTP/1.1" 200 86414 "-" "facebookexternalhit/1.1 (+http://www.facebook.com/externalhit_uatext.php)" "www.metrocrimedaily.com"
5.255.253.162 - - [17/Jan/2023:08:18:48 -0800] "GET / HTTP/1.1" 200 101891 "-" "Mozilla/5.0 (compatible; YandexBot/3.0; +http://yandex.com/bots)" "www.metrocrimedaily.com"
87.250.224.67 - - [17/Jan/2023:08:19:03 -0800] "GET /robots.txt HTTP/1.1" 404 73 "-" "Mozilla/5.0 (compatible; YandexBot/3.0; +http://yandex.com/bots)" "metrocrimedaily.com"
95.108.213.3 - - [17/Jan/2023:08:19:08 -0800] "GET / HTTP/1.1" 200 101891 "-" "Mozilla/5.0 (compatible; YandexBot/3.0; +http://yandex.com/bots)" "metrocrimedaily.com"
69.63.184.2 - - [17/Jan/2023:08:19:55 -0800] "GET /instagram-dallas/01-17-2023-0918303-A.jpg HTTP/1.1" 200 139379 "-" "facebookexternalhit/1.1 (+http://www.facebook.com/externalhit_uatext.php)" "www.metrocrimedaily.com"
69.63.184.117 - - [17/Jan/2023:08:23:28 -0800] "GET /instagram-memphis/01-17-2023-1023081-A.jpg HTTP/1.1" 200 102424 "-" "facebookexternalhit/1.1 (+http://www.facebook.com/externalhit_uatext.php)" "www.metrocrimedaily.com"
69.63.184.118 - - [17/Jan/2023:08:29:54 -0800] "GET /instagram-losangeles/01-17-2023-1029331-A.jpg HTTP/1.1" 200 117788 "-" "facebookexternalhit/1.1 (+http://www.facebook.com/externalhit_uatext.php)" "www.metrocrimedaily.com"
69.63.184.120 - - [17/Jan/2023:08:29:58 -0800] "GET /instagram-neworleans/01-17-2023-0857534-A.jpg HTTP/1.1" 200 88660 "-" "facebookexternalhit/1.1 (+http://www.facebook.com/externalhit_uatext.php)" "www.metrocrimedaily.com"
36.91.100.149 - - [17/Jan/2023:08:35:17 -0800] "GET /wp-login.php HTTP/1.1" 404 88 "" "Mozilla/5.0 (Windows NT 10.0; Win64; x64; rv:108.0) Gecko/20100101 Firefox/108.0" "metrocrimedaily.com"
69.63.184.117 - - [17/Jan/2023:08:41:43 -0800] "GET /instagram-stlouis/01-17-2023-1041221-A.jpg HTTP/1.1" 200 92917 "-" "facebookexternalhit/1.1 (+http://www.facebook.com/externalhit_uatext.php)" "www.metrocrimedaily.com"
69.63.184.2 - - [17/Jan/2023:08:42:11 -0800] "GET /instagram-stlouis/01-17-2023-1041222-A.jpg HTTP/1.1" 200 165495 "-" "facebookexternalhit/1.1 (+http://www.facebook.com/externalhit_uatext.php)" "www.metrocrimedaily.com"
69.63.184.1 - - [17/Jan/2023:08:42:37 -0800] "GET /instagram-stlouis/01-17-2023-1041223-A.jpg HTTP/1.1" 200 95668 "-" "facebookexternalhit/1.1 (+http://www.facebook.com/externalhit_uatext.php)" "www.metrocrimedaily.com"
51.222.253.17 - - [17/Jan/2023:08:43:21 -0800] "GET /instagram-detroit/01-15-2023-1927042-Man-convicted-of-murder--other-counts-in-boy---s-.txt HTTP/1.1" 200 659 "-" "Mozilla/5.0 (compatible; AhrefsBot/7.0; +http://ahrefs.com/robot/)" "metrocrimedaily.com"
76.184.252.42 - - [17/Jan/2023:08:45:19 -0800] "GET /images/police-tape.jpg HTTP/1.1" 200 50766 "-" "Wget/1.20.3 (mingw32)" "metrocrimedaily.com"
69.63.184.120 - - [17/Jan/2023:08:45:20 -0800] "GET /instagram-houston/01-17-2023-0943393-A.jpg HTTP/1.1" 200 86200 "-" "facebookexternalhit/1.1 (+http://www.facebook.com/externalhit_uatext.php)" "www.metrocrimedaily.com"
69.63.184.118 - - [17/Jan/2023:08:45:28 -0800] "GET /instagram-detroit/01-17-2023-0944033-A.jpg HTTP/1.1" 200 70632 "-" "facebookexternalhit/1.1 (+http://www.facebook.com/externalhit_uatext.php)" "www.metrocrimedaily.com"
69.63.184.3 - - [17/Jan/2023:08:51:14 -0800] "GET /instagram-chicago/01-17-2023-1050541-A.jpg HTTP/1.1" 200 134494 "-" "facebookexternalhit/1.1 (+http://www.facebook.com/externalhit_uatext.php)" "www.metrocrimedaily.com"
69.63.184.3 - - [17/Jan/2023:08:54:00 -0800] "GET /instagram-memphis/01-17-2023-1023082-A.jpg HTTP/1.1" 200 149599 "-" "facebookexternalhit/1.1 (+http://www.facebook.com/externalhit_uatext.php)" "www.metrocrimedaily.com"
69.63.184.5 - - [17/Jan/2023:08:54:28 -0800] "GET /instagram-memphis/01-17-2023-1023083-A.jpg HTTP/1.1" 200 107420 "-" "facebookexternalhit/1.1 (+http://www.facebook.com/externalhit_uatext.php)" "www.metrocrimedaily.com"
69.63.184.2 - - [17/Jan/2023:08:54:55 -0800] "GET /instagram-memphis/01-17-2023-1023084-A.jpg HTTP/1.1" 200 98614 "-" "facebookexternalhit/1.1 (+http://www.facebook.com/externalhit_uatext.php)" "www.metrocrimedaily.com"
69.63.184.116 - - [17/Jan/2023:08:55:21 -0800] "GET /instagram-memphis/01-17-2023-1023085-A.jpg HTTP/1.1" 200 115125 "-" "facebookexternalhit/1.1 (+http://www.facebook.com/externalhit_uatext.php)" "www.metrocrimedaily.com"
69.63.184.3 - - [17/Jan/2023:08:55:49 -0800] "GET /instagram-memphis/01-17-2023-1023086-A.jpg HTTP/1.1" 200 109238 "-" "facebookexternalhit/1.1 (+http://www.facebook.com/externalhit_uatext.php)" "www.metrocrimedaily.com"
69.63.184.2 - - [17/Jan/2023:08:56:17 -0800] "GET /instagram-memphis/01-17-2023-1023087-A.jpg HTTP/1.1" 200 124438 "-" "facebookexternalhit/1.1 (+http://www.facebook.com/externalhit_uatext.php)" "www.metrocrimedaily.com"
69.63.184.3 - - [17/Jan/2023:09:00:30 -0800] "GET /instagram-losangeles/01-17-2023-1029332-A.jpg HTTP/1.1" 200 94708 "-" "facebookexternalhit/1.1 (+http://www.facebook.com/externalhit_uatext.php)" "www.metrocrimedaily.com"
51.222.253.8 - - [17/Jan/2023:09:05:15 -0800] "GET / HTTP/1.1" 200 101891 "-" "Mozilla/5.0 (compatible; AhrefsBot/7.0; +http://ahrefs.com/robot/)" "metrocrimedaily.com"
69.63.184.5 - - [17/Jan/2023:09:15:54 -0800] "GET /instagram-houston/01-17-2023-0943394-A.jpg HTTP/1.1" 200 581407 "-" "facebookexternalhit/1.1 (+http://www.facebook.com/externalhit_uatext.php)" "www.metrocrimedaily.com"
69.63.184.117 - - [17/Jan/2023:09:15:57 -0800] "GET /instagram-detroit/01-17-2023-0944034-A.jpg HTTP/1.1" 200 60754 "-" "facebookexternalhit/1.1 (+http://www.facebook.com/externalhit_uatext.php)" "www.metrocrimedaily.com"
69.63.184.119 - - [17/Jan/2023:09:18:29 -0800] "GET /instagram-stlouis/01-17-2023-1118081-A.jpg HTTP/1.1" 200 169989 "-" "facebookexternalhit/1.1 (+http://www.facebook.com/externalhit_uatext.php)" "www.metrocrimedaily.com"
77.81.24.54 - - [17/Jan/2023:09:21:22 -0800] "GET /license.txt HTTP/1.1" 404 88 "-" "Mozilla/5.0 (X11; Ubuntu; Linux x86_64; rv:62.0) Gecko/20100101 Firefox/62.0" "metrocrimedaily.com"
69.63.184.116 - - [17/Jan/2023:09:21:48 -0800] "GET /instagram-chicago/01-17-2023-1050542-A.jpg HTTP/1.1" 200 146305 "-" "facebookexternalhit/1.1 (+http://www.facebook.com/externalhit_uatext.php)" "www.metrocrimedaily.com"
69.63.184.120 - - [17/Jan/2023:09:30:57 -0800] "GET /instagram-memphis/01-17-2023-1130321-A.jpg HTTP/1.1" 200 275446 "-" "facebookexternalhit/1.1 (+http://www.facebook.com/externalhit_uatext.php)" "www.metrocrimedaily.com"
69.63.184.120 - - [17/Jan/2023:09:31:03 -0800] "GET /instagram-losangeles/01-17-2023-1029333-A.jpg HTTP/1.1" 200 78708 "-" "facebookexternalhit/1.1 (+http://www.facebook.com/externalhit_uatext.php)" "www.metrocrimedaily.com"
51.222.253.7 - - [17/Jan/2023:09:33:50 -0800] "GET /instagram-detroit/01-15-2023-2054351-Wealth-looms-big-as-ever-in-college-admissions-in.txt HTTP/1.1" 200 1155 "-" "Mozilla/5.0 (compatible; AhrefsBot/7.0; +http://ahrefs.com/robot/)" "metrocrimedaily.com"
69.63.184.120 - - [17/Jan/2023:09:33:56 -0800] "GET /instagram-dallas/01-17-2023-1133331-A.jpg HTTP/1.1" 200 159677 "-" "facebookexternalhit/1.1 (+http://www.facebook.com/externalhit_uatext.php)" "www.metrocrimedaily.com"
69.63.184.3 - - [17/Jan/2023:09:36:33 -0800] "GET /instagram-neworleans/01-17-2023-1136121-A.jpg HTTP/1.1" 200 170371 "-" "facebookexternalhit/1.1 (+http://www.facebook.com/externalhit_uatext.php)" "www.metrocrimedaily.com"
69.63.184.116 - - [17/Jan/2023:09:46:29 -0800] "GET /instagram-houston/01-17-2023-0943395-A.jpg HTTP/1.1" 200 164428 "-" "facebookexternalhit/1.1 (+http://www.facebook.com/externalhit_uatext.php)" "www.metrocrimedaily.com"
69.63.184.1 - - [17/Jan/2023:09:46:30 -0800] "GET /instagram-detroit/01-17-2023-0944035-A.jpg HTTP/1.1" 200 178225 "-" "facebookexternalhit/1.1 (+http://www.facebook.com/externalhit_uatext.php)" "www.metrocrimedaily.com"
69.63.184.118 - - [17/Jan/2023:09:49:01 -0800] "GET /instagram-stlouis/01-17-2023-1118082-A.jpg HTTP/1.1" 200 148915 "-" "facebookexternalhit/1.1 (+http://www.facebook.com/externalhit_uatext.php)" "www.metrocrimedaily.com"
69.63.184.116 - - [17/Jan/2023:09:51:01 -0800] "GET /instagram-newyork/01-17-2023-1150381-A.jpg HTTP/1.1" 200 91441 "-" "facebookexternalhit/1.1 (+http://www.facebook.com/externalhit_uatext.php)" "www.metrocrimedaily.com"
69.63.184.118 - - [17/Jan/2023:09:52:21 -0800] "GET /instagram-chicago/01-17-2023-1050543-A.jpg HTTP/1.1" 200 83964 "-" "facebookexternalhit/1.1 (+http://www.facebook.com/externalhit_uatext.php)" "www.metrocrimedaily.com"
87.250.224.67 - - [17/Jan/2023:09:59:14 -0800] "GET /robots.txt HTTP/1.1" 404 73 "-" "Mozilla/5.0 (compatible; YandexBot/3.0; +http://yandex.com/bots)" "metrocrimedaily.com"
87.250.224.67 - - [17/Jan/2023:09:59:18 -0800] "GET / HTTP/1.1" 200 101891 "-" "Mozilla/5.0 (compatible; YandexBot/3.0; +http://yandex.com/bots)" "metrocrimedaily.com"
95.108.213.3 - - [17/Jan/2023:09:59:23 -0800] "GET / HTTP/1.1" 200 101891 "-" "Mozilla/5.0 (compatible; YandexBot/3.0; +http://yandex.com/bots)" "metrocrimedaily.com"
5.45.207.120 - - [17/Jan/2023:09:59:32 -0800] "GET /robots.txt HTTP/1.1" 404 73 "-" "Mozilla/5.0 (compatible; YandexBot/3.0; +http://yandex.com/bots)" "www.metrocrimedaily.com"
87.250.224.172 - - [17/Jan/2023:09:59:36 -0800] "GET / HTTP/1.1" 200 101891 "-" "Mozilla/5.0 (compatible; YandexBot/3.0; +http://yandex.com/bots)" "www.metrocrimedaily.com"
5.255.231.117 - - [17/Jan/2023:09:59:45 -0800] "GET / HTTP/1.1" 200 101891 "-" "Mozilla/5.0 (compatible; YandexBot/3.0; +http://yandex.com/bots)" "metrocrimedaily.com"
69.63.184.1 - - [17/Jan/2023:10:01:35 -0800] "GET /instagram-memphis/01-17-2023-1130322-A.jpg HTTP/1.1" 200 76239 "-" "facebookexternalhit/1.1 (+http://www.facebook.com/externalhit_uatext.php)" "www.metrocrimedaily.com"
69.63.184.116 - - [17/Jan/2023:10:01:44 -0800] "GET /instagram-losangeles/01-17-2023-1029334-A.jpg HTTP/1.1" 200 107613 "-" "facebookexternalhit/1.1 (+http://www.facebook.com/externalhit_uatext.php)" "www.metrocrimedaily.com"
69.63.184.118 - - [17/Jan/2023:10:04:29 -0800] "GET /instagram-dallas/01-17-2023-1133332-A.jpg HTTP/1.1" 200 196699 "-" "facebookexternalhit/1.1 (+http://www.facebook.com/externalhit_uatext.php)" "www.metrocrimedaily.com"
69.63.184.118 - - [17/Jan/2023:10:05:51 -0800] "GET /instagram-atlanta/01-17-2023-1205311-A.jpg HTTP/1.1" 200 123950 "-" "facebookexternalhit/1.1 (+http://www.facebook.com/externalhit_uatext.php)" "www.metrocrimedaily.com"
69.63.184.4 - - [17/Jan/2023:10:07:03 -0800] "GET /instagram-neworleans/01-17-2023-1136122-A.jpg HTTP/1.1" 200 172776 "-" "facebookexternalhit/1.1 (+http://www.facebook.com/externalhit_uatext.php)" "www.metrocrimedaily.com"
66.249.66.211 - - [17/Jan/2023:10:15:06 -0800] "GET /robots.txt HTTP/1.1" 404 88 "-" "Mozilla/5.0 (compatible; Googlebot/2.1; +http://www.google.com/bot.html)" "metrocrimedaily.com"
69.63.184.5 - - [17/Jan/2023:10:17:03 -0800] "GET /instagram-houston/01-17-2023-0943396-A.jpg HTTP/1.1" 200 93002 "-" "facebookexternalhit/1.1 (+http://www.facebook.com/externalhit_uatext.php)" "www.metrocrimedaily.com"
69.63.184.4 - - [17/Jan/2023:10:17:03 -0800] "GET /instagram-detroit/01-17-2023-0944036-A.jpg HTTP/1.1" 200 63264 "-" "facebookexternalhit/1.1 (+http://www.facebook.com/externalhit_uatext.php)" "www.metrocrimedaily.com"
69.63.184.4 - - [17/Jan/2023:10:17:06 -0800] "GET /instagram-memphis/01-17-2023-1130323-A.jpg HTTP/1.1" 200 146615 "-" "facebookexternalhit/1.1 (+http://www.facebook.com/externalhit_uatext.php)" "www.metrocrimedaily.com"
69.63.184.116 - - [17/Jan/2023:10:17:15 -0800] "GET /instagram-losangeles/01-17-2023-1029335-A.jpg HTTP/1.1" 200 169769 "-" "facebookexternalhit/1.1 (+http://www.facebook.com/externalhit_uatext.php)" "www.metrocrimedaily.com"
69.63.184.4 - - [17/Jan/2023:10:17:34 -0800] "GET /instagram-memphis/01-17-2023-1130324-A.jpg HTTP/1.1" 200 118328 "-" "facebookexternalhit/1.1 (+http://www.facebook.com/externalhit_uatext.php)" "www.metrocrimedaily.com"
69.63.184.120 - - [17/Jan/2023:10:20:02 -0800] "GET /instagram-dallas/01-17-2023-1133333-A.jpg HTTP/1.1" 200 200352 "-" "facebookexternalhit/1.1 (+http://www.facebook.com/externalhit_uatext.php)" "www.metrocrimedaily.com"
69.63.184.5 - - [17/Jan/2023:10:21:26 -0800] "GET /instagram-atlanta/01-17-2023-1205312-A.jpg HTTP/1.1" 200 122839 "-" "facebookexternalhit/1.1 (+http://www.facebook.com/externalhit_uatext.php)" "www.metrocrimedaily.com"
69.63.184.3 - - [17/Jan/2023:10:21:31 -0800] "GET /instagram-newyork/01-17-2023-1150382-A.jpg HTTP/1.1" 200 101806 "-" "facebookexternalhit/1.1 (+http://www.facebook.com/externalhit_uatext.php)" "www.metrocrimedaily.com"
69.63.184.5 - - [17/Jan/2023:10:22:36 -0800] "GET /instagram-neworleans/01-17-2023-1136123-A.jpg HTTP/1.1" 200 113578 "-" "facebookexternalhit/1.1 (+http://www.facebook.com/externalhit_uatext.php)" "www.metrocrimedaily.com"
43.130.155.163 - - [17/Jan/2023:10:22:40 -0800] "GET /wp-content/themes/seotheme/db.php?u HTTP/1.1" 404 88 "www.google.com" "Mozlila/5.0 (Linux; Android 7.0; SM-G892A Bulid/NRD90M; wv) AppleWebKit/537.36 (KHTML, like Gecko) Version/4.0 Chrome/60.0.3112.107 Moblie Safari/537.36" "metrocrimedaily.com"
43.130.155.163 - - [17/Jan/2023:10:22:41 -0800] "GET /wp-content/themes/seotheme/db.php?u HTTP/1.1" 404 88 "www.google.com" "Mozlila/5.0 (Linux; Android 7.0; SM-G892A Bulid/NRD90M; wv) AppleWebKit/537.36 (KHTML, like Gecko) Version/4.0 Chrome/60.0.3112.107 Moblie Safari/537.36" "metrocrimedaily.com"
43.130.155.163 - - [17/Jan/2023:10:24:31 -0800] "GET /wp-content/plugins/seoplugins/mar.php HTTP/1.1" 404 88 "www.google.com" "Mozlila/5.0 (Linux; Android 7.0; SM-G892A Bulid/NRD90M; wv) AppleWebKit/537.36 (KHTML, like Gecko) Version/4.0 Chrome/60.0.3112.107 Moblie Safari/537.36" "metrocrimedaily.com"
43.130.155.163 - - [17/Jan/2023:10:24:32 -0800] "GET /wp-content/plugins/seoplugins/mar.php HTTP/1.1" 404 88 "www.google.com" "Mozlila/5.0 (Linux; Android 7.0; SM-G892A Bulid/NRD90M; wv) AppleWebKit/537.36 (KHTML, like Gecko) Version/4.0 Chrome/60.0.3112.107 Moblie Safari/537.36" "metrocrimedaily.com"
43.130.155.163 - - [17/Jan/2023:10:24:33 -0800] "GET /wp-content/themes/seotheme/mar.php HTTP/1.1" 404 88 "www.google.com" "Mozlila/5.0 (Linux; Android 7.0; SM-G892A Bulid/NRD90M; wv) AppleWebKit/537.36 (KHTML, like Gecko) Version/4.0 Chrome/60.0.3112.107 Moblie Safari/537.36" "metrocrimedaily.com"
43.130.155.163 - - [17/Jan/2023:10:24:35 -0800] "GET /wp-content/themes/seotheme/mar.php HTTP/1.1" 404 88 "www.google.com" "Mozlila/5.0 (Linux; Android 7.0; SM-G892A Bulid/NRD90M; wv) AppleWebKit/537.36 (KHTML, like Gecko) Version/4.0 Chrome/60.0.3112.107 Moblie Safari/537.36" "metrocrimedaily.com"
194.38.20.161 - - [17/Jan/2023:10:27:53 -0800] "GET /wp-content/plugins/seo-watcher/ofc/php-ofc-library/ofc_upload_image.php HTTP/1.1" 404 73 "-" "ALittle Client" "metrocrimedaily.com"
69.63.184.5 - - [17/Jan/2023:10:32:34 -0800] "GET /instagram-houston/01-17-2023-0943397-A.jpg HTTP/1.1" 200 101773 "-" "facebookexternalhit/1.1 (+http://www.facebook.com/externalhit_uatext.php)" "www.metrocrimedaily.com"
69.63.184.2 - - [17/Jan/2023:10:32:36 -0800] "GET /instagram-detroit/01-17-2023-0944037-A.jpg HTTP/1.1" 200 147883 "-" "facebookexternalhit/1.1 (+http://www.facebook.com/externalhit_uatext.php)" "www.metrocrimedaily.com"
69.63.189.4 - - [17/Jan/2023:10:35:36 -0800] "GET /instagram-dallas/01-17-2023-1133334-A.jpg HTTP/1.1" 200 177485 "-" "facebookexternalhit/1.1 (+http://www.facebook.com/externalhit_uatext.php)" "www.metrocrimedaily.com"
69.63.189.117 - - [17/Jan/2023:10:37:00 -0800] "GET /instagram-atlanta/01-17-2023-1205313-A.jpg HTTP/1.1" 200 96737 "-" "facebookexternalhit/1.1 (+http://www.facebook.com/externalhit_uatext.php)" "www.metrocrimedaily.com"
69.63.189.116 - - [17/Jan/2023:10:37:03 -0800] "GET /instagram-newyork/01-17-2023-1150383-A.jpg HTTP/1.1" 200 135367 "-" "facebookexternalhit/1.1 (+http://www.facebook.com/externalhit_uatext.php)" "www.metrocrimedaily.com"
69.63.189.119 - - [17/Jan/2023:10:38:08 -0800] "GET /instagram-neworleans/01-17-2023-1136124-A.jpg HTTP/1.1" 200 179449 "-" "facebookexternalhit/1.1 (+http://www.facebook.com/externalhit_uatext.php)" "www.metrocrimedaily.com"
69.63.189.5 - - [17/Jan/2023:10:48:05 -0800] "GET /instagram-houston/01-17-2023-0943398-A.jpg HTTP/1.1" 200 74255 "-" "facebookexternalhit/1.1 (+http://www.facebook.com/externalhit_uatext.php)" "www.metrocrimedaily.com"
69.63.189.4 - - [17/Jan/2023:10:49:29 -0800] "GET /instagram-memphis/01-17-2023-1249091-A.jpg HTTP/1.1" 200 248783 "-" "facebookexternalhit/1.1 (+http://www.facebook.com/externalhit_uatext.php)" "www.metrocrimedaily.com"
69.63.189.4 - - [17/Jan/2023:10:49:57 -0800] "GET /instagram-memphis/01-17-2023-1249092-A.jpg HTTP/1.1" 200 187728 "-" "facebookexternalhit/1.1 (+http://www.facebook.com/externalhit_uatext.php)" "www.metrocrimedaily.com"
69.63.189.2 - - [17/Jan/2023:10:51:11 -0800] "GET /instagram-dallas/01-17-2023-1133335-A.jpg HTTP/1.1" 200 77401 "-" "facebookexternalhit/1.1 (+http://www.facebook.com/externalhit_uatext.php)" "www.metrocrimedaily.com"
69.63.189.5 - - [17/Jan/2023:10:52:35 -0800] "GET /instagram-atlanta/01-17-2023-1205314-A.jpg HTTP/1.1" 200 67675 "-" "facebookexternalhit/1.1 (+http://www.facebook.com/externalhit_uatext.php)" "www.metrocrimedaily.com"
69.63.189.5 - - [17/Jan/2023:10:52:35 -0800] "GET /instagram-newyork/01-17-2023-1150384-A.jpg HTTP/1.1" 200 98637 "-" "facebookexternalhit/1.1 (+http://www.facebook.com/externalhit_uatext.php)" "www.metrocrimedaily.com"
69.63.189.3 - - [17/Jan/2023:10:53:04 -0800] "GET /instagram-stlouis/01-17-2023-1252431-A.jpg HTTP/1.1" 200 187279 "-" "facebookexternalhit/1.1 (+http://www.facebook.com/externalhit_uatext.php)" "www.metrocrimedaily.com"
69.63.189.4 - - [17/Jan/2023:10:58:57 -0800] "GET /instagram-chicago/01-17-2023-1258351-A.jpg HTTP/1.1" 200 94881 "-" "facebookexternalhit/1.1 (+http://www.facebook.com/externalhit_uatext.php)" "www.metrocrimedaily.com"
207.46.13.124 - - [17/Jan/2023:11:02:11 -0800] "GET /instagram-dallas/12-21-2022-1928511-Man-accused-of-killing-Athena-Strand-charged-with.txt HTTP/1.1" 404 88 "-" "Mozilla/5.0 AppleWebKit/537.36 (KHTML, like Gecko; compatible; bingbot/2.0; +http://www.bing.com/bingbot.htm) Chrome/103.0.5060.134 Safari/537.36" "www.metrocrimedaily.com"
69.63.189.117 - - [17/Jan/2023:11:02:56 -0800] "GET /instagram-losangeles/01-17-2023-1302351-A.jpg HTTP/1.1" 200 110766 "-" "facebookexternalhit/1.1 (+http://www.facebook.com/externalhit_uatext.php)" "www.metrocrimedaily.com"
69.63.189.2 - - [17/Jan/2023:11:03:37 -0800] "GET /instagram-houston/01-17-2023-0943399-A.jpg HTTP/1.1" 200 61969 "-" "facebookexternalhit/1.1 (+http://www.facebook.com/externalhit_uatext.php)" "www.metrocrimedaily.com"
69.63.189.118 - - [17/Jan/2023:11:04:05 -0800] "GET /instagram-houston/01-17-2023-09433910-A.jpg HTTP/1.1" 200 109439 "-" "facebookexternalhit/1.1 (+http://www.facebook.com/externalhit_uatext.php)" "www.metrocrimedaily.com"
69.63.189.120 - - [17/Jan/2023:11:04:32 -0800] "GET /instagram-houston/01-17-2023-09433911-A.jpg HTTP/1.1" 200 265612 "-" "facebookexternalhit/1.1 (+http://www.facebook.com/externalhit_uatext.php)" "www.metrocrimedaily.com"
69.63.189.119 - - [17/Jan/2023:11:04:59 -0800] "GET /instagram-houston/01-17-2023-09433912-A.jpg HTTP/1.1" 200 152970 "-" "facebookexternalhit/1.1 (+http://www.facebook.com/externalhit_uatext.php)" "www.metrocrimedaily.com"
69.63.189.2 - - [17/Jan/2023:11:05:26 -0800] "GET /instagram-houston/01-17-2023-09433913-A.jpg HTTP/1.1" 200 82274 "-" "facebookexternalhit/1.1 (+http://www.facebook.com/externalhit_uatext.php)" "www.metrocrimedaily.com"
69.63.189.1 - - [17/Jan/2023:11:05:53 -0800] "GET /instagram-houston/01-17-2023-09433914-A.jpg HTTP/1.1" 200 161694 "-" "facebookexternalhit/1.1 (+http://www.facebook.com/externalhit_uatext.php)" "www.metrocrimedaily.com"
69.63.189.118 - - [17/Jan/2023:11:08:08 -0800] "GET /instagram-atlanta/01-17-2023-1205315-A.jpg HTTP/1.1" 200 172468 "-" "facebookexternalhit/1.1 (+http://www.facebook.com/externalhit_uatext.php)" "www.metrocrimedaily.com"
69.63.189.119 - - [17/Jan/2023:11:08:08 -0800] "GET /instagram-newyork/01-17-2023-1150385-A.jpg HTTP/1.1" 200 118118 "-" "facebookexternalhit/1.1 (+http://www.facebook.com/externalhit_uatext.php)" "www.metrocrimedaily.com"
69.63.189.119 - - [17/Jan/2023:11:08:35 -0800] "GET /instagram-stlouis/01-17-2023-1252432-A.jpg HTTP/1.1" 200 162865 "-" "facebookexternalhit/1.1 (+http://www.facebook.com/externalhit_uatext.php)" "www.metrocrimedaily.com"
66.249.66.45 - - [17/Jan/2023:11:13:19 -0800] "GET /robots.txt HTTP/1.1" 404 88 "-" "Mozilla/5.0 (compatible; Googlebot/2.1; +http://www.google.com/bot.html)" "www.metrocrimedaily.com"
69.63.184.118 - - [17/Jan/2023:11:14:32 -0800] "GET /instagram-chicago/01-17-2023-1258352-A.jpg HTTP/1.1" 200 70091 "-" "facebookexternalhit/1.1 (+http://www.facebook.com/externalhit_uatext.php)" "www.metrocrimedaily.com"
69.63.184.1 - - [17/Jan/2023:11:18:30 -0800] "GET /instagram-losangeles/01-17-2023-1302352-A.jpg HTTP/1.1" 200 143394 "-" "facebookexternalhit/1.1 (+http://www.facebook.com/externalhit_uatext.php)" "www.metrocrimedaily.com"
69.63.184.2 - - [17/Jan/2023:11:21:57 -0800] "GET /instagram-neworleans/01-17-2023-1321381-A.jpg HTTP/1.1" 200 187982 "-" "facebookexternalhit/1.1 (+http://www.facebook.com/externalhit_uatext.php)" "www.metrocrimedaily.com"
114.119.145.115 - - [17/Jan/2023:11:22:49 -0800] "GET /robots.txt HTTP/1.1" 404 88 "-" "Mozilla/5.0 (compatible;PetalBot;+https://webmaster.petalsearch.com/site/petalbot)" "metrocrimedaily.com"
69.63.184.118 - - [17/Jan/2023:11:23:41 -0800] "GET /instagram-newyork/01-17-2023-1150386-A.jpg HTTP/1.1" 200 87165 "-" "facebookexternalhit/1.1 (+http://www.facebook.com/externalhit_uatext.php)" "www.metrocrimedaily.com"
69.63.184.119 - - [17/Jan/2023:11:23:44 -0800] "GET /instagram-atlanta/01-17-2023-1205316-A.jpg HTTP/1.1" 200 66334 "-" "facebookexternalhit/1.1 (+http://www.facebook.com/externalhit_uatext.php)" "www.metrocrimedaily.com"
69.63.184.1 - - [17/Jan/2023:11:30:07 -0800] "GET /instagram-chicago/01-17-2023-1258353-A.jpg HTTP/1.1" 200 233503 "-" "facebookexternalhit/1.1 (+http://www.facebook.com/externalhit_uatext.php)" "www.metrocrimedaily.com"
69.63.184.5 - - [17/Jan/2023:11:34:00 -0800] "GET /instagram-losangeles/01-17-2023-1302353-A.jpg HTTP/1.1" 200 166451 "-" "facebookexternalhit/1.1 (+http://www.facebook.com/externalhit_uatext.php)" "www.metrocrimedaily.com"
69.63.184.5 - - [17/Jan/2023:11:34:27 -0800] "GET /instagram-losangeles/01-17-2023-1302354-A.jpg HTTP/1.1" 200 122647 "-" "facebookexternalhit/1.1 (+http://www.facebook.com/externalhit_uatext.php)" "www.metrocrimedaily.com"
69.63.184.5 - - [17/Jan/2023:11:38:25 -0800] "GET /instagram-memphis/01-17-2023-1338051-A.jpg HTTP/1.1" 200 116458 "-" "facebookexternalhit/1.1 (+http://www.facebook.com/externalhit_uatext.php)" "www.metrocrimedaily.com"
69.63.184.5 - - [17/Jan/2023:11:39:11 -0800] "GET /instagram-newyork/01-17-2023-1150387-A.jpg HTTP/1.1" 200 86877 "-" "facebookexternalhit/1.1 (+http://www.facebook.com/externalhit_uatext.php)" "www.metrocrimedaily.com"
69.63.184.120 - - [17/Jan/2023:11:39:17 -0800] "GET /instagram-atlanta/01-17-2023-1205317-A.jpg HTTP/1.1" 200 146949 "-" "facebookexternalhit/1.1 (+http://www.facebook.com/externalhit_uatext.php)" "www.metrocrimedaily.com"
69.63.184.120 - - [17/Jan/2023:11:39:58 -0800] "GET /instagram-dallas/01-17-2023-1339371-A.jpg HTTP/1.1" 200 138914 "-" "facebookexternalhit/1.1 (+http://www.facebook.com/externalhit_uatext.php)" "www.metrocrimedaily.com"
206.189.94.238 - - [17/Jan/2023:11:41:59 -0800] "GET / HTTP/1.1" 200 904127 "-" "Mozilla/5.0 (Windows NT 10.0; Win64; x64) AppleWebKit/537.36 (KHTML, like Gecko) Chrome/78.0.3904.108 Safari/537.36" "metrocrimedaily.com"
206.189.94.238 - - [17/Jan/2023:11:42:04 -0800] "GET / HTTP/1.1" 200 904127 "-" "Mozilla/5.0 (Windows NT 10.0; Win64; x64) AppleWebKit/537.36 (KHTML, like Gecko) Chrome/78.0.3904.108 Safari/537.36" "metrocrimedaily.com"
206.189.94.238 - - [17/Jan/2023:11:42:11 -0800] "GET /wp-includes/wlwmanifest.xml HTTP/1.1" 404 73 "-" "Mozilla/5.0 (Windows NT 10.0; Win64; x64) AppleWebKit/537.36 (KHTML, like Gecko) Chrome/78.0.3904.108 Safari/537.36" "metrocrimedaily.com"
206.189.94.238 - - [17/Jan/2023:11:42:12 -0800] "GET /xmlrpc.php?rsd HTTP/1.1" 404 73 "-" "Mozilla/5.0 (Windows NT 10.0; Win64; x64) AppleWebKit/537.36 (KHTML, like Gecko) Chrome/78.0.3904.108 Safari/537.36" "metrocrimedaily.com"
206.189.94.238 - - [17/Jan/2023:11:42:12 -0800] "GET / HTTP/1.1" 200 904127 "-" "Mozilla/5.0 (Windows NT 10.0; Win64; x64) AppleWebKit/537.36 (KHTML, like Gecko) Chrome/78.0.3904.108 Safari/537.36" "metrocrimedaily.com"
206.189.94.238 - - [17/Jan/2023:11:42:17 -0800] "GET /?author=1 HTTP/1.1" 200 904127 "-" "Mozilla/5.0 (Windows NT 10.0; Win64; x64) AppleWebKit/537.36 (KHTML, like Gecko) Chrome/78.0.3904.108 Safari/537.36" "metrocrimedaily.com"
206.189.94.238 - - [17/Jan/2023:11:42:23 -0800] "GET /?author=2 HTTP/1.1" 200 904127 "-" "Mozilla/5.0 (Windows NT 10.0; Win64; x64) AppleWebKit/537.36 (KHTML, like Gecko) Chrome/78.0.3904.108 Safari/537.36" "metrocrimedaily.com"
206.189.94.238 - - [17/Jan/2023:11:42:28 -0800] "GET /wp-json/wp/v2/users/ HTTP/1.1" 404 73 "-" "Mozilla/5.0 (Windows NT 10.0; Win64; x64) AppleWebKit/537.36 (KHTML, like Gecko) Chrome/78.0.3904.108 Safari/537.36" "metrocrimedaily.com"
