207.46.13.109 - - [15/Jan/2023:23:54:06 -0800] "GET /instagram-dallas/11-27-2022-0851171-Suspect-Arrested-in-Fatal-Thanksgiving-Day-Shooti.txt HTTP/1.1" 404 88 "-" "Mozilla/5.0 (compatible; bingbot/2.0; +http://www.bing.com/bingbot.htm)" "www.metrocrimedaily.com"
69.63.184.4 - - [16/Jan/2023:00:19:56 -0800] "GET /instagram-chicago/01-16-2023-0219361-A.jpg HTTP/1.1" 200 107603 "-" "facebookexternalhit/1.1 (+http://www.facebook.com/externalhit_uatext.php)" "www.metrocrimedaily.com"
195.191.219.131 - - [16/Jan/2023:00:23:36 -0800] "GET /robots.txt HTTP/1.1" 404 73 "-" "Mozilla/5.0 (compatible; MJ12bot/v1.4.8; http://mj12bot.com/)" "metrocrimedaily.com"
195.191.219.131 - - [16/Jan/2023:00:23:38 -0800] "GET / HTTP/1.1" 200 96774 "-" "Mozilla/5.0 (compatible; MJ12bot/v1.4.8; http://mj12bot.com/)" "metrocrimedaily.com"
54.36.148.125 - - [16/Jan/2023:00:40:58 -0800] "GET /robots.txt HTTP/1.1" 404 88 "-" "Mozilla/5.0 (compatible; AhrefsBot/7.0; +http://ahrefs.com/robot/)" "metrocrimedaily.com"
51.222.253.15 - - [16/Jan/2023:00:40:59 -0800] "GET / HTTP/1.1" 200 96774 "-" "Mozilla/5.0 (compatible; AhrefsBot/7.0; +http://ahrefs.com/robot/)" "metrocrimedaily.com"
69.63.184.2 - - [16/Jan/2023:00:52:51 -0800] "GET /instagram-houston/01-16-2023-0252321-A.jpg HTTP/1.1" 200 105778 "-" "facebookexternalhit/1.1 (+http://www.facebook.com/externalhit_uatext.php)" "www.metrocrimedaily.com"
69.63.184.3 - - [16/Jan/2023:01:23:22 -0800] "GET /instagram-houston/01-16-2023-0252322-A.jpg HTTP/1.1" 200 75867 "-" "facebookexternalhit/1.1 (+http://www.facebook.com/externalhit_uatext.php)" "www.metrocrimedaily.com"
77.37.208.205 - - [16/Jan/2023:01:25:05 -0800] "GET /wp-login.php HTTP/1.1" 404 88 "" "Mozilla/5.0 (Windows NT 10.0; Win64; x64; rv:108.0) Gecko/20100101 Firefox/108.0" "metrocrimedaily.com"
69.63.184.119 - - [16/Jan/2023:01:34:54 -0800] "GET /instagram-dallas/01-16-2023-0334311-A.jpg HTTP/1.1" 200 234776 "-" "facebookexternalhit/1.1 (+http://www.facebook.com/externalhit_uatext.php)" "www.metrocrimedaily.com"
136.243.228.196 - - [16/Jan/2023:01:49:11 -0800] "GET / HTTP/1.1" 200 96774 "-" "Mozilla/5.0 (compatible; DataForSeoBot/1.0; +https://dataforseo.com/dataforseo-bot)" "metrocrimedaily.com"
69.63.184.119 - - [16/Jan/2023:02:01:19 -0800] "GET /instagram-neworleans/01-16-2023-0401001-A.jpg HTTP/1.1" 200 548908 "-" "facebookexternalhit/1.1 (+http://www.facebook.com/externalhit_uatext.php)" "www.metrocrimedaily.com"
68.54.253.218 - - [16/Jan/2023:02:22:47 -0800] "GET / HTTP/1.1" 200 96774 "https://www.google.com/" "Mozilla/5.0 (iPhone; CPU iPhone OS 16_2 like Mac OS X) AppleWebKit/605.1.15 (KHTML, like Gecko) Version/16.2 Mobile/15E148 Safari/604.1" "www.metrocrimedaily.com"
68.54.253.218 - - [16/Jan/2023:02:22:47 -0800] "GET /styles-mcd.css HTTP/1.1" 200 1159 "http://www.metrocrimedaily.com/" "Mozilla/5.0 (iPhone; CPU iPhone OS 16_2 like Mac OS X) AppleWebKit/605.1.15 (KHTML, like Gecko) Version/16.2 Mobile/15E148 Safari/604.1" "www.metrocrimedaily.com"
68.54.253.218 - - [16/Jan/2023:02:22:47 -0800] "GET /images/crimeinthed-logo.jpg HTTP/1.1" 200 14960 "http://www.metrocrimedaily.com/" "Mozilla/5.0 (iPhone; CPU iPhone OS 16_2 like Mac OS X) AppleWebKit/605.1.15 (KHTML, like Gecko) Version/16.2 Mobile/15E148 Safari/604.1" "www.metrocrimedaily.com"
68.54.253.218 - - [16/Jan/2023:02:22:47 -0800] "GET /images/facebook-logo-tiny.png HTTP/1.1" 200 1280 "http://www.metrocrimedaily.com/" "Mozilla/5.0 (iPhone; CPU iPhone OS 16_2 like Mac OS X) AppleWebKit/605.1.15 (KHTML, like Gecko) Version/16.2 Mobile/15E148 Safari/604.1" "www.metrocrimedaily.com"
68.54.253.218 - - [16/Jan/2023:02:22:47 -0800] "GET /images/youtube-logo-tiny.png HTTP/1.1" 200 689 "http://www.metrocrimedaily.com/" "Mozilla/5.0 (iPhone; CPU iPhone OS 16_2 like Mac OS X) AppleWebKit/605.1.15 (KHTML, like Gecko) Version/16.2 Mobile/15E148 Safari/604.1" "www.metrocrimedaily.com"
68.54.253.218 - - [16/Jan/2023:02:22:47 -0800] "GET /images/twitter-logo-b-tiny.png HTTP/1.1" 200 1600 "http://www.metrocrimedaily.com/" "Mozilla/5.0 (iPhone; CPU iPhone OS 16_2 like Mac OS X) AppleWebKit/605.1.15 (KHTML, like Gecko) Version/16.2 Mobile/15E148 Safari/604.1" "www.metrocrimedaily.com"
68.54.253.218 - - [16/Jan/2023:02:22:47 -0800] "GET /images/police-tape.jpg HTTP/1.1" 200 50766 "http://www.metrocrimedaily.com/" "Mozilla/5.0 (iPhone; CPU iPhone OS 16_2 like Mac OS X) AppleWebKit/605.1.15 (KHTML, like Gecko) Version/16.2 Mobile/15E148 Safari/604.1" "metrocrimedaily.com"
68.54.253.218 - - [16/Jan/2023:02:30:29 -0800] "GET / HTTP/1.1" 200 96774 "-" "Mozilla/5.0 (iPhone; CPU iPhone OS 16_2 like Mac OS X) AppleWebKit/605.1.15 (KHTML, like Gecko) Version/16.2 Mobile/15E148 Safari/604.1" "www.metrocrimedaily.com"
68.54.253.218 - - [16/Jan/2023:02:30:29 -0800] "GET /apple-touch-icon-120x120-precomposed.png HTTP/1.1" 404 88 "-" "MobileSafari/8614.3.7.0.6 CFNetwork/1402.0.8 Darwin/22.2.0" "www.metrocrimedaily.com"
68.54.253.218 - - [16/Jan/2023:02:30:29 -0800] "GET /apple-touch-icon-120x120.png HTTP/1.1" 404 88 "-" "MobileSafari/8614.3.7.0.6 CFNetwork/1402.0.8 Darwin/22.2.0" "www.metrocrimedaily.com"
68.54.253.218 - - [16/Jan/2023:02:30:29 -0800] "GET /apple-touch-icon-precomposed.png HTTP/1.1" 404 88 "-" "MobileSafari/8614.3.7.0.6 CFNetwork/1402.0.8 Darwin/22.2.0" "www.metrocrimedaily.com"
68.54.253.218 - - [16/Jan/2023:02:30:29 -0800] "GET /apple-touch-icon.png HTTP/1.1" 404 88 "-" "MobileSafari/8614.3.7.0.6 CFNetwork/1402.0.8 Darwin/22.2.0" "www.metrocrimedaily.com"
69.63.184.118 - - [16/Jan/2023:02:38:17 -0800] "GET /instagram-dallas/01-16-2023-0437551-A.jpg HTTP/1.1" 200 173455 "-" "facebookexternalhit/1.1 (+http://www.facebook.com/externalhit_uatext.php)" "www.metrocrimedaily.com"
207.46.13.109 - - [16/Jan/2023:02:43:50 -0800] "GET /instagram-chicago/12-19-2022-2020083-Businessman-sentenced-for-bilking-hospitals-seeki.txt HTTP/1.1" 404 88 "-" "Mozilla/5.0 AppleWebKit/537.36 (KHTML, like Gecko; compatible; bingbot/2.0; +http://www.bing.com/bingbot.htm) Chrome/103.0.5060.134 Safari/537.36" "www.metrocrimedaily.com"
69.63.184.118 - - [16/Jan/2023:02:44:12 -0800] "GET /instagram-stlouis/01-16-2023-0443531-A.jpg HTTP/1.1" 200 166410 "-" "facebookexternalhit/1.1 (+http://www.facebook.com/externalhit_uatext.php)" "www.metrocrimedaily.com"
207.46.13.46 - - [16/Jan/2023:02:58:16 -0800] "GET / HTTP/1.1" 200 96774 "-" "Mozilla/5.0 (compatible; bingbot/2.0; +http://www.bing.com/bingbot.htm)" "metrocrimedaily.com"
207.46.13.27 - - [16/Jan/2023:02:59:20 -0800] "GET /styles-mcd.css HTTP/1.1" 200 1159 "-" "Mozilla/5.0 AppleWebKit/537.36 (KHTML, like Gecko; compatible; bingbot/2.0; +http://www.bing.com/bingbot.htm) Chrome/103.0.5060.134 Safari/537.36" "metrocrimedaily.com"
68.183.85.239 - - [16/Jan/2023:03:10:37 -0800] "GET /wp-login.php HTTP/1.1" 404 88 "" "Mozilla/5.0 (Windows NT 10.0; Win64; x64; rv:108.0) Gecko/20100101 Firefox/108.0" "metrocrimedaily.com"
69.63.184.118 - - [16/Jan/2023:03:11:13 -0800] "GET /instagram-houston/01-16-2023-0510531-A.jpg HTTP/1.1" 200 175646 "-" "facebookexternalhit/1.1 (+http://www.facebook.com/externalhit_uatext.php)" "www.metrocrimedaily.com"
68.37.125.130 - - [16/Jan/2023:03:21:53 -0800] "GET / HTTP/1.1" 200 96774 "-" "Mozilla/5.0 (Linux; Android 10; 5007Z) AppleWebKit/537.36 (KHTML, like Gecko) Chrome/108.0.0.0 Mobile Safari/537.36" "www.metrocrimedaily.com"
68.37.125.130 - - [16/Jan/2023:03:21:53 -0800] "GET /styles-mcd.css HTTP/1.1" 200 1159 "-" "Mozilla/5.0 (Linux; Android 10; 5007Z) AppleWebKit/537.36 (KHTML, like Gecko) Chrome/108.0.0.0 Mobile Safari/537.36" "www.metrocrimedaily.com"
68.37.125.130 - - [16/Jan/2023:03:21:54 -0800] "GET /images/crimeinthed-logo.jpg HTTP/1.1" 200 14960 "http://www.metrocrimedaily.com/" "Mozilla/5.0 (Linux; Android 10; 5007Z) AppleWebKit/537.36 (KHTML, like Gecko) Chrome/108.0.0.0 Mobile Safari/537.36" "www.metrocrimedaily.com"
68.37.125.130 - - [16/Jan/2023:03:21:55 -0800] "GET /images/police-tape.jpg HTTP/1.1" 200 50766 "http://www.metrocrimedaily.com/" "Mozilla/5.0 (Linux; Android 10; 5007Z) AppleWebKit/537.36 (KHTML, like Gecko) Chrome/108.0.0.0 Mobile Safari/537.36" "metrocrimedaily.com"
68.37.125.130 - - [16/Jan/2023:03:21:56 -0800] "GET /images/facebook-logo-tiny.png HTTP/1.1" 200 1280 "http://www.metrocrimedaily.com/" "Mozilla/5.0 (Linux; Android 10; 5007Z) AppleWebKit/537.36 (KHTML, like Gecko) Chrome/108.0.0.0 Mobile Safari/537.36" "www.metrocrimedaily.com"
68.37.125.130 - - [16/Jan/2023:03:21:56 -0800] "GET /images/youtube-logo-tiny.png HTTP/1.1" 200 689 "http://www.metrocrimedaily.com/" "Mozilla/5.0 (Linux; Android 10; 5007Z) AppleWebKit/537.36 (KHTML, like Gecko) Chrome/108.0.0.0 Mobile Safari/537.36" "www.metrocrimedaily.com"
68.37.125.130 - - [16/Jan/2023:03:21:56 -0800] "GET /images/twitter-logo-b-tiny.png HTTP/1.1" 200 1600 "http://www.metrocrimedaily.com/" "Mozilla/5.0 (Linux; Android 10; 5007Z) AppleWebKit/537.36 (KHTML, like Gecko) Chrome/108.0.0.0 Mobile Safari/537.36" "www.metrocrimedaily.com"
68.37.125.130 - - [16/Jan/2023:03:22:01 -0800] "GET /favicon.ico HTTP/1.1" 404 88 "http://www.metrocrimedaily.com/" "Mozilla/5.0 (Linux; Android 10; 5007Z) AppleWebKit/537.36 (KHTML, like Gecko) Chrome/108.0.0.0 Mobile Safari/537.36" "www.metrocrimedaily.com"
93.125.75.18 - - [16/Jan/2023:03:33:19 -0800] "GET /wp-login.php HTTP/1.1" 404 88 "" "Mozilla/5.0 (Windows NT 10.0; Win64; x64; rv:108.0) Gecko/20100101 Firefox/108.0" "metrocrimedaily.com"
23.28.156.140 - - [16/Jan/2023:03:38:16 -0800] "GET /index.html HTTP/1.1" 200 96774 "http://www.metrocrimedaily.com/index.html" "Mozilla/5.0 (iPhone; CPU iPhone OS 15_6_1 like Mac OS X) AppleWebKit/605.1.15 (KHTML, like Gecko) Version/15.6.1 Mobile/15E148 Safari/604.1" "www.metrocrimedaily.com"
69.63.184.112 - - [16/Jan/2023:03:38:24 -0800] "GET /instagram-memphis/01-16-2023-0538051-A.jpg HTTP/1.1" 200 195545 "-" "facebookexternalhit/1.1 (+http://www.facebook.com/externalhit_uatext.php)" "www.metrocrimedaily.com"
54.36.148.2 - - [16/Jan/2023:03:48:00 -0800] "GET /robots.txt HTTP/1.1" 404 88 "-" "Mozilla/5.0 (compatible; AhrefsBot/7.0; +http://ahrefs.com/robot/)" "www.metrocrimedaily.com"
51.222.253.10 - - [16/Jan/2023:03:48:02 -0800] "GET / HTTP/1.1" 200 96774 "-" "Mozilla/5.0 (compatible; AhrefsBot/7.0; +http://ahrefs.com/robot/)" "www.metrocrimedaily.com"
51.222.253.9 - - [16/Jan/2023:03:48:06 -0800] "GET /images/facebook-logo-tiny.png HTTP/1.1" 200 1280 "-" "Mozilla/5.0 (compatible; AhrefsBot/7.0; +http://ahrefs.com/robot/)" "www.metrocrimedaily.com"
51.222.253.16 - - [16/Jan/2023:03:48:07 -0800] "GET / HTTP/1.1" 200 96774 "-" "Mozilla/5.0 (compatible; AhrefsBot/7.0; +http://ahrefs.com/robot/)" "www.metrocrimedaily.com"
51.222.253.7 - - [16/Jan/2023:03:48:07 -0800] "GET /images/twitter-logo-b-tiny.png HTTP/1.1" 200 1600 "-" "Mozilla/5.0 (compatible; AhrefsBot/7.0; +http://ahrefs.com/robot/)" "www.metrocrimedaily.com"
51.222.253.3 - - [16/Jan/2023:03:48:08 -0800] "GET /images/youtube-logo-tiny.png HTTP/1.1" 200 689 "-" "Mozilla/5.0 (compatible; AhrefsBot/7.0; +http://ahrefs.com/robot/)" "www.metrocrimedaily.com"
51.222.253.2 - - [16/Jan/2023:03:48:08 -0800] "GET /images/crimeinthed-logo.jpg HTTP/1.1" 200 14960 "-" "Mozilla/5.0 (compatible; AhrefsBot/7.0; +http://ahrefs.com/robot/)" "www.metrocrimedaily.com"
69.63.184.119 - - [16/Jan/2023:03:48:15 -0800] "GET /instagram-stlouis/01-16-2023-0547431-A.jpg HTTP/1.1" 200 172531 "-" "facebookexternalhit/1.1 (+http://www.facebook.com/externalhit_uatext.php)" "www.metrocrimedaily.com"
34.96.143.131 - - [16/Jan/2023:03:49:36 -0800] "GET /wp-login.php HTTP/1.1" 404 88 "" "Mozilla/5.0 (Windows NT 10.0; Win64; x64; rv:108.0) Gecko/20100101 Firefox/108.0" "metrocrimedaily.com"
69.63.184.117 - - [16/Jan/2023:04:14:02 -0800] "GET /instagram-dallas/01-16-2023-0613391-A.jpg HTTP/1.1" 200 146970 "-" "facebookexternalhit/1.1 (+http://www.facebook.com/externalhit_uatext.php)" "www.metrocrimedaily.com"
69.63.184.4 - - [16/Jan/2023:04:18:47 -0800] "GET /instagram-stlouis/01-16-2023-0547432-A.jpg HTTP/1.1" 200 199166 "-" "facebookexternalhit/1.1 (+http://www.facebook.com/externalhit_uatext.php)" "www.metrocrimedaily.com"
69.63.184.2 - - [16/Jan/2023:04:37:55 -0800] "GET /instagram-memphis/01-16-2023-0637361-A.jpg HTTP/1.1" 200 95919 "-" "facebookexternalhit/1.1 (+http://www.facebook.com/externalhit_uatext.php)" "www.metrocrimedaily.com"
69.63.184.1 - - [16/Jan/2023:04:43:25 -0800] "GET /instagram-detroit/01-16-2023-0643031-A.jpg HTTP/1.1" 200 75392 "-" "facebookexternalhit/1.1 (+http://www.facebook.com/externalhit_uatext.php)" "www.metrocrimedaily.com"
69.63.184.1 - - [16/Jan/2023:04:43:45 -0800] "GET /instagram-chicago/01-16-2023-0643221-A.jpg HTTP/1.1" 200 131808 "-" "facebookexternalhit/1.1 (+http://www.facebook.com/externalhit_uatext.php)" "www.metrocrimedaily.com"
69.63.184.4 - - [16/Jan/2023:04:49:18 -0800] "GET /instagram-stlouis/01-16-2023-0547433-A.jpg HTTP/1.1" 200 196190 "-" "facebookexternalhit/1.1 (+http://www.facebook.com/externalhit_uatext.php)" "www.metrocrimedaily.com"
138.201.106.60 - - [16/Jan/2023:05:04:00 -0800] "GET /styles-mcd.css HTTP/1.1" 200 1159 "http://www.metrocrimedaily.com/" "Mozilla/5.0 (Windows NT 6.3; Win64; x64) AppleWebKit/537.36 (KHTML, like Gecko) Chrome/108.0.0.0 Safari/537.36" "www.metrocrimedaily.com"
138.201.106.60 - - [16/Jan/2023:05:04:00 -0800] "GET /images/crimeinthed-logo.jpg HTTP/1.1" 200 14960 "http://www.metrocrimedaily.com/" "Mozilla/5.0 (Windows NT 6.3; Win64; x64) AppleWebKit/537.36 (KHTML, like Gecko) Chrome/108.0.0.0 Safari/537.36" "www.metrocrimedaily.com"
138.201.106.60 - - [16/Jan/2023:05:03:59 -0800] "GET / HTTP/1.1" 200 96956 "-" "Mozilla/5.0 (Windows NT 6.3; Win64; x64) AppleWebKit/537.36 (KHTML, like Gecko) Chrome/108.0.0.0 Safari/537.36" "www.metrocrimedaily.com"
138.201.106.60 - - [16/Jan/2023:05:04:00 -0800] "GET /images/police-tape.jpg HTTP/1.1" 200 50766 "http://www.metrocrimedaily.com/" "Mozilla/5.0 (Windows NT 6.3; Win64; x64) AppleWebKit/537.36 (KHTML, like Gecko) Chrome/108.0.0.0 Safari/537.36" "metrocrimedaily.com"
138.201.106.60 - - [16/Jan/2023:05:04:01 -0800] "GET /images/facebook-logo-tiny.png HTTP/1.1" 200 1280 "http://www.metrocrimedaily.com/" "Mozilla/5.0 (Windows NT 6.3; Win64; x64) AppleWebKit/537.36 (KHTML, like Gecko) Chrome/108.0.0.0 Safari/537.36" "www.metrocrimedaily.com"
138.201.106.60 - - [16/Jan/2023:05:04:01 -0800] "GET /images/youtube-logo-tiny.png HTTP/1.1" 200 689 "http://www.metrocrimedaily.com/" "Mozilla/5.0 (Windows NT 6.3; Win64; x64) AppleWebKit/537.36 (KHTML, like Gecko) Chrome/108.0.0.0 Safari/537.36" "www.metrocrimedaily.com"
138.201.106.60 - - [16/Jan/2023:05:04:01 -0800] "GET /images/twitter-logo-b-tiny.png HTTP/1.1" 200 1600 "http://www.metrocrimedaily.com/" "Mozilla/5.0 (Windows NT 6.3; Win64; x64) AppleWebKit/537.36 (KHTML, like Gecko) Chrome/108.0.0.0 Safari/537.36" "www.metrocrimedaily.com"
138.201.106.60 - - [16/Jan/2023:05:04:20 -0800] "GET /favicon.ico HTTP/1.1" 404 88 "http://www.metrocrimedaily.com/" "Mozilla/5.0 (Windows NT 6.3; Win64; x64) AppleWebKit/537.36 (KHTML, like Gecko) Chrome/108.0.0.0 Safari/537.36" "www.metrocrimedaily.com"
69.63.184.117 - - [16/Jan/2023:05:04:38 -0800] "GET /instagram-houston/01-16-2023-0704191-A.jpg HTTP/1.1" 200 138804 "-" "facebookexternalhit/1.1 (+http://www.facebook.com/externalhit_uatext.php)" "www.metrocrimedaily.com"
119.160.2.79 - - [16/Jan/2023:05:04:44 -0800] "GET / HTTP/1.1" 200 96956 "-" "Mozilla/5.0 (Windows NT 10.0; Win64; x64) AppleWebKit/537.36 (KHTML, like Gecko) Chrome/108.0.0.0 Safari/537.36 Edg/108.0.1462.76" "www.metrocrimedaily.com"
119.160.2.79 - - [16/Jan/2023:05:04:44 -0800] "GET /styles-mcd.css HTTP/1.1" 200 1159 "http://www.metrocrimedaily.com/" "Mozilla/5.0 (Windows NT 10.0; Win64; x64) AppleWebKit/537.36 (KHTML, like Gecko) Chrome/108.0.0.0 Safari/537.36 Edg/108.0.1462.76" "www.metrocrimedaily.com"
119.160.2.79 - - [16/Jan/2023:05:04:45 -0800] "GET /images/crimeinthed-logo.jpg HTTP/1.1" 200 14960 "http://www.metrocrimedaily.com/" "Mozilla/5.0 (Windows NT 10.0; Win64; x64) AppleWebKit/537.36 (KHTML, like Gecko) Chrome/108.0.0.0 Safari/537.36 Edg/108.0.1462.76" "www.metrocrimedaily.com"
119.160.2.79 - - [16/Jan/2023:05:04:45 -0800] "GET /images/police-tape.jpg HTTP/1.1" 200 50766 "http://www.metrocrimedaily.com/" "Mozilla/5.0 (Windows NT 10.0; Win64; x64) AppleWebKit/537.36 (KHTML, like Gecko) Chrome/108.0.0.0 Safari/537.36 Edg/108.0.1462.76" "metrocrimedaily.com"
49.37.169.196 - - [16/Jan/2023:05:05:19 -0800] "GET / HTTP/1.1" 200 96956 "-" "Mozilla/5.0 (Windows NT 10.0; Win64; x64) AppleWebKit/537.36 (KHTML, like Gecko) Chrome/109.0.0.0 Safari/537.36" "www.metrocrimedaily.com"
49.37.169.196 - - [16/Jan/2023:05:05:20 -0800] "GET /styles-mcd.css HTTP/1.1" 200 1159 "http://www.metrocrimedaily.com/" "Mozilla/5.0 (Windows NT 10.0; Win64; x64) AppleWebKit/537.36 (KHTML, like Gecko) Chrome/109.0.0.0 Safari/537.36" "www.metrocrimedaily.com"
49.37.169.196 - - [16/Jan/2023:05:05:20 -0800] "GET /images/crimeinthed-logo.jpg HTTP/1.1" 200 14960 "http://www.metrocrimedaily.com/" "Mozilla/5.0 (Windows NT 10.0; Win64; x64) AppleWebKit/537.36 (KHTML, like Gecko) Chrome/109.0.0.0 Safari/537.36" "www.metrocrimedaily.com"
49.37.169.196 - - [16/Jan/2023:05:05:20 -0800] "GET /images/police-tape.jpg HTTP/1.1" 200 50766 "http://www.metrocrimedaily.com/" "Mozilla/5.0 (Windows NT 10.0; Win64; x64) AppleWebKit/537.36 (KHTML, like Gecko) Chrome/109.0.0.0 Safari/537.36" "metrocrimedaily.com"
49.37.169.196 - - [16/Jan/2023:05:05:21 -0800] "GET /images/facebook-logo-tiny.png HTTP/1.1" 200 1280 "http://www.metrocrimedaily.com/" "Mozilla/5.0 (Windows NT 10.0; Win64; x64) AppleWebKit/537.36 (KHTML, like Gecko) Chrome/109.0.0.0 Safari/537.36" "www.metrocrimedaily.com"
49.37.169.196 - - [16/Jan/2023:05:05:21 -0800] "GET /images/youtube-logo-tiny.png HTTP/1.1" 200 689 "http://www.metrocrimedaily.com/" "Mozilla/5.0 (Windows NT 10.0; Win64; x64) AppleWebKit/537.36 (KHTML, like Gecko) Chrome/109.0.0.0 Safari/537.36" "www.metrocrimedaily.com"
49.37.169.196 - - [16/Jan/2023:05:05:21 -0800] "GET /images/twitter-logo-b-tiny.png HTTP/1.1" 200 1600 "http://www.metrocrimedaily.com/" "Mozilla/5.0 (Windows NT 10.0; Win64; x64) AppleWebKit/537.36 (KHTML, like Gecko) Chrome/109.0.0.0 Safari/537.36" "www.metrocrimedaily.com"
197.232.61.204 - - [16/Jan/2023:05:05:29 -0800] "GET / HTTP/1.1" 200 96956 "-" "Mozilla/5.0 (Windows NT 10.0; Win64; x64) AppleWebKit/537.36 (KHTML, like Gecko) Chrome/109.0.0.0 Safari/537.36" "www.metrocrimedaily.com"
197.232.61.204 - - [16/Jan/2023:05:05:29 -0800] "GET /styles-mcd.css HTTP/1.1" 200 1159 "http://www.metrocrimedaily.com/" "Mozilla/5.0 (Windows NT 10.0; Win64; x64) AppleWebKit/537.36 (KHTML, like Gecko) Chrome/109.0.0.0 Safari/537.36" "www.metrocrimedaily.com"
197.232.61.204 - - [16/Jan/2023:05:05:30 -0800] "GET /images/crimeinthed-logo.jpg HTTP/1.1" 200 14960 "http://www.metrocrimedaily.com/" "Mozilla/5.0 (Windows NT 10.0; Win64; x64) AppleWebKit/537.36 (KHTML, like Gecko) Chrome/109.0.0.0 Safari/537.36" "www.metrocrimedaily.com"
197.232.61.204 - - [16/Jan/2023:05:05:33 -0800] "GET /images/police-tape.jpg HTTP/1.1" 200 50766 "http://www.metrocrimedaily.com/" "Mozilla/5.0 (Windows NT 10.0; Win64; x64) AppleWebKit/537.36 (KHTML, like Gecko) Chrome/109.0.0.0 Safari/537.36" "metrocrimedaily.com"
197.232.61.204 - - [16/Jan/2023:05:05:38 -0800] "GET /images/youtube-logo-tiny.png HTTP/1.1" 200 689 "http://www.metrocrimedaily.com/" "Mozilla/5.0 (Windows NT 10.0; Win64; x64) AppleWebKit/537.36 (KHTML, like Gecko) Chrome/109.0.0.0 Safari/537.36" "www.metrocrimedaily.com"
197.232.61.204 - - [16/Jan/2023:05:05:40 -0800] "GET /images/facebook-logo-tiny.png HTTP/1.1" 200 1280 "http://www.metrocrimedaily.com/" "Mozilla/5.0 (Windows NT 10.0; Win64; x64) AppleWebKit/537.36 (KHTML, like Gecko) Chrome/109.0.0.0 Safari/537.36" "www.metrocrimedaily.com"
197.232.61.204 - - [16/Jan/2023:05:05:42 -0800] "GET /images/twitter-logo-b-tiny.png HTTP/1.1" 200 1600 "http://www.metrocrimedaily.com/" "Mozilla/5.0 (Windows NT 10.0; Win64; x64) AppleWebKit/537.36 (KHTML, like Gecko) Chrome/109.0.0.0 Safari/537.36" "www.metrocrimedaily.com"
69.63.184.119 - - [16/Jan/2023:05:08:26 -0800] "GET /instagram-memphis/01-16-2023-0637362-A.jpg HTTP/1.1" 200 103295 "-" "facebookexternalhit/1.1 (+http://www.facebook.com/externalhit_uatext.php)" "www.metrocrimedaily.com"
47.46.44.68 - - [16/Jan/2023:05:09:40 -0800] "GET / HTTP/1.1" 200 96956 "-" "Mozilla/5.0 (Linux; Android 13; SM-G998U) AppleWebKit/537.36 (KHTML, like Gecko) Chrome/108.0.0.0 Mobile Safari/537.36" "www.metrocrimedaily.com"
47.46.44.68 - - [16/Jan/2023:05:09:40 -0800] "GET /images/crimeinthed-logo.jpg HTTP/1.1" 200 14960 "http://www.metrocrimedaily.com/" "Mozilla/5.0 (Linux; Android 13; SM-G998U) AppleWebKit/537.36 (KHTML, like Gecko) Chrome/108.0.0.0 Mobile Safari/537.36" "www.metrocrimedaily.com"
47.46.44.68 - - [16/Jan/2023:05:09:40 -0800] "GET /styles-mcd.css HTTP/1.1" 200 1159 "http://www.metrocrimedaily.com/" "Mozilla/5.0 (Linux; Android 13; SM-G998U) AppleWebKit/537.36 (KHTML, like Gecko) Chrome/108.0.0.0 Mobile Safari/537.36" "www.metrocrimedaily.com"
47.46.44.68 - - [16/Jan/2023:05:09:40 -0800] "GET /images/police-tape.jpg HTTP/1.1" 200 50766 "http://www.metrocrimedaily.com/" "Mozilla/5.0 (Linux; Android 13; SM-G998U) AppleWebKit/537.36 (KHTML, like Gecko) Chrome/108.0.0.0 Mobile Safari/537.36" "metrocrimedaily.com"
47.46.44.68 - - [16/Jan/2023:05:09:41 -0800] "GET /images/twitter-logo-b-tiny.png HTTP/1.1" 200 1600 "http://www.metrocrimedaily.com/" "Mozilla/5.0 (Linux; Android 13; SM-G998U) AppleWebKit/537.36 (KHTML, like Gecko) Chrome/108.0.0.0 Mobile Safari/537.36" "www.metrocrimedaily.com"
47.46.44.68 - - [16/Jan/2023:05:09:41 -0800] "GET /images/facebook-logo-tiny.png HTTP/1.1" 200 1280 "http://www.metrocrimedaily.com/" "Mozilla/5.0 (Linux; Android 13; SM-G998U) AppleWebKit/537.36 (KHTML, like Gecko) Chrome/108.0.0.0 Mobile Safari/537.36" "www.metrocrimedaily.com"
47.46.44.68 - - [16/Jan/2023:05:09:41 -0800] "GET /images/youtube-logo-tiny.png HTTP/1.1" 200 689 "http://www.metrocrimedaily.com/" "Mozilla/5.0 (Linux; Android 13; SM-G998U) AppleWebKit/537.36 (KHTML, like Gecko) Chrome/108.0.0.0 Mobile Safari/537.36" "www.metrocrimedaily.com"
105.160.70.221 - - [16/Jan/2023:05:18:16 -0800] "GET / HTTP/1.1" 200 96956 "-" "Mozilla/5.0 (Windows NT 10.0; Win64; x64) AppleWebKit/537.36 (KHTML, like Gecko) Chrome/108.0.0.0 Safari/537.36" "www.metrocrimedaily.com"
105.160.70.221 - - [16/Jan/2023:05:18:17 -0800] "GET /styles-mcd.css HTTP/1.1" 200 1159 "http://www.metrocrimedaily.com/" "Mozilla/5.0 (Windows NT 10.0; Win64; x64) AppleWebKit/537.36 (KHTML, like Gecko) Chrome/108.0.0.0 Safari/537.36" "www.metrocrimedaily.com"
105.160.70.221 - - [16/Jan/2023:05:18:17 -0800] "GET /images/crimeinthed-logo.jpg HTTP/1.1" 200 14960 "http://www.metrocrimedaily.com/" "Mozilla/5.0 (Windows NT 10.0; Win64; x64) AppleWebKit/537.36 (KHTML, like Gecko) Chrome/108.0.0.0 Safari/537.36" "www.metrocrimedaily.com"
105.160.70.221 - - [16/Jan/2023:05:18:17 -0800] "GET /images/police-tape.jpg HTTP/1.1" 200 50766 "http://www.metrocrimedaily.com/" "Mozilla/5.0 (Windows NT 10.0; Win64; x64) AppleWebKit/537.36 (KHTML, like Gecko) Chrome/108.0.0.0 Safari/537.36" "metrocrimedaily.com"
105.160.70.221 - - [16/Jan/2023:05:18:18 -0800] "GET /images/youtube-logo-tiny.png HTTP/1.1" 200 689 "http://www.metrocrimedaily.com/" "Mozilla/5.0 (Windows NT 10.0; Win64; x64) AppleWebKit/537.36 (KHTML, like Gecko) Chrome/108.0.0.0 Safari/537.36" "www.metrocrimedaily.com"
105.160.70.221 - - [16/Jan/2023:05:18:18 -0800] "GET /images/facebook-logo-tiny.png HTTP/1.1" 200 1280 "http://www.metrocrimedaily.com/" "Mozilla/5.0 (Windows NT 10.0; Win64; x64) AppleWebKit/537.36 (KHTML, like Gecko) Chrome/108.0.0.0 Safari/537.36" "www.metrocrimedaily.com"
105.160.70.221 - - [16/Jan/2023:05:18:19 -0800] "GET /images/twitter-logo-b-tiny.png HTTP/1.1" 200 1600 "http://www.metrocrimedaily.com/" "Mozilla/5.0 (Windows NT 10.0; Win64; x64) AppleWebKit/537.36 (KHTML, like Gecko) Chrome/108.0.0.0 Safari/537.36" "www.metrocrimedaily.com"
105.160.70.221 - - [16/Jan/2023:05:19:28 -0800] "GET /favicon.ico HTTP/1.1" 404 88 "http://www.metrocrimedaily.com/" "Mozilla/5.0 (Windows NT 10.0; Win64; x64) AppleWebKit/537.36 (KHTML, like Gecko) Chrome/108.0.0.0 Safari/537.36" "www.metrocrimedaily.com"
69.63.184.1 - - [16/Jan/2023:05:22:25 -0800] "GET /instagram-dallas/01-16-2023-0722031-A.jpg HTTP/1.1" 200 268988 "-" "facebookexternalhit/1.1 (+http://www.facebook.com/externalhit_uatext.php)" "www.metrocrimedaily.com"
76.184.252.42 - - [16/Jan/2023:05:34:57 -0800] "GET /images/police-tape.jpg HTTP/1.1" 200 50766 "-" "Wget/1.20.3 (mingw32)" "metrocrimedaily.com"
69.63.184.116 - - [16/Jan/2023:05:35:06 -0800] "GET /instagram-detroit/01-16-2023-0734461-A.jpg HTTP/1.1" 200 53007 "-" "facebookexternalhit/1.1 (+http://www.facebook.com/externalhit_uatext.php)" "www.metrocrimedaily.com"
69.63.184.2 - - [16/Jan/2023:05:35:12 -0800] "GET /instagram-houston/01-16-2023-0704192-A.jpg HTTP/1.1" 200 63093 "-" "facebookexternalhit/1.1 (+http://www.facebook.com/externalhit_uatext.php)" "www.metrocrimedaily.com"
77.37.208.205 - - [16/Jan/2023:05:44:07 -0800] "GET /wp-login.php HTTP/1.1" 404 88 "" "Mozilla/5.0 (Windows NT 10.0; Win64; x64; rv:108.0) Gecko/20100101 Firefox/108.0" "metrocrimedaily.com"
69.63.184.118 - - [16/Jan/2023:05:44:40 -0800] "GET /instagram-chicago/01-16-2023-0744181-A.jpg HTTP/1.1" 200 339171 "-" "facebookexternalhit/1.1 (+http://www.facebook.com/externalhit_uatext.php)" "www.metrocrimedaily.com"
69.63.184.3 - - [16/Jan/2023:05:47:54 -0800] "GET /instagram-stlouis/01-16-2023-0747341-A.jpg HTTP/1.1" 200 148382 "-" "facebookexternalhit/1.1 (+http://www.facebook.com/externalhit_uatext.php)" "www.metrocrimedaily.com"
66.249.66.218 - - [16/Jan/2023:05:49:56 -0800] "GET /ads.txt HTTP/1.1" 404 88 "-" "Mozilla/5.0 (compatible; Googlebot/2.1; +http://www.google.com/bot.html)" "metrocrimedaily.com"
69.63.184.116 - - [16/Jan/2023:05:53:00 -0800] "GET /instagram-neworleans/01-16-2023-0752401-A.jpg HTTP/1.1" 200 200241 "-" "facebookexternalhit/1.1 (+http://www.facebook.com/externalhit_uatext.php)" "www.metrocrimedaily.com"
69.63.184.4 - - [16/Jan/2023:05:53:00 -0800] "GET /instagram-dallas/01-16-2023-0722032-A.jpg HTTP/1.1" 200 153779 "-" "facebookexternalhit/1.1 (+http://www.facebook.com/externalhit_uatext.php)" "www.metrocrimedaily.com"
69.63.184.117 - - [16/Jan/2023:05:58:53 -0800] "GET /instagram-losangeles/01-16-2023-0758341-A.jpg HTTP/1.1" 200 68091 "-" "facebookexternalhit/1.1 (+http://www.facebook.com/externalhit_uatext.php)" "www.metrocrimedaily.com"
3.232.133.55 - - [16/Jan/2023:06:06:30 -0800] "GET /ads.txt HTTP/1.1" 404 88 "-" "AdsTxtCrawler/1.0.2" "metrocrimedaily.com"
69.63.184.116 - - [16/Jan/2023:06:12:47 -0800] "GET /instagram-memphis/01-16-2023-0812271-A.jpg HTTP/1.1" 200 99216 "-" "facebookexternalhit/1.1 (+http://www.facebook.com/externalhit_uatext.php)" "www.metrocrimedaily.com"
69.63.184.117 - - [16/Jan/2023:06:13:14 -0800] "GET /instagram-memphis/01-16-2023-0812272-A.jpg HTTP/1.1" 200 120223 "-" "facebookexternalhit/1.1 (+http://www.facebook.com/externalhit_uatext.php)" "www.metrocrimedaily.com"
69.63.184.1 - - [16/Jan/2023:06:13:40 -0800] "GET /instagram-memphis/01-16-2023-0812273-A.jpg HTTP/1.1" 200 222252 "-" "facebookexternalhit/1.1 (+http://www.facebook.com/externalhit_uatext.php)" "www.metrocrimedaily.com"
69.63.184.1 - - [16/Jan/2023:06:14:08 -0800] "GET /instagram-memphis/01-16-2023-0812274-A.jpg HTTP/1.1" 200 116867 "-" "facebookexternalhit/1.1 (+http://www.facebook.com/externalhit_uatext.php)" "www.metrocrimedaily.com"
114.119.128.46 - - [16/Jan/2023:06:20:48 -0800] "GET / HTTP/1.1" 200 97066 "https://ai-techlab.com/kyg3q/detroit-crime-news-today.html" "Mozilla/5.0 (Linux; Android 7.0;) AppleWebKit/537.36 (KHTML, like Gecko) Mobile Safari/537.36 (compatible; PetalBot;+https://webmaster.petalsearch.com/site/petalbot)" "metrocrimedaily.com"
114.119.149.228 - - [16/Jan/2023:06:23:55 -0800] "GET /robots.txt HTTP/1.1" 404 88 "-" "Mozilla/5.0 (compatible;PetalBot;+https://webmaster.petalsearch.com/site/petalbot)" "metrocrimedaily.com"
69.63.184.2 - - [16/Jan/2023:06:29:30 -0800] "GET /instagram-losangeles/01-16-2023-0758342-A.jpg HTTP/1.1" 200 181971 "-" "facebookexternalhit/1.1 (+http://www.facebook.com/externalhit_uatext.php)" "www.metrocrimedaily.com"
69.63.184.120 - - [16/Jan/2023:06:30:49 -0800] "GET /instagram-detroit/01-16-2023-0830281-A.jpg HTTP/1.1" 200 75244 "-" "facebookexternalhit/1.1 (+http://www.facebook.com/externalhit_uatext.php)" "www.metrocrimedaily.com"
69.63.184.117 - - [16/Jan/2023:06:31:14 -0800] "GET /instagram-detroit/01-16-2023-0830282-A.jpg HTTP/1.1" 200 206795 "-" "facebookexternalhit/1.1 (+http://www.facebook.com/externalhit_uatext.php)" "www.metrocrimedaily.com"
76.184.252.42 - - [16/Jan/2023:06:31:31 -0800] "GET /images/police-tape.jpg HTTP/1.1" 200 50766 "-" "Wget/1.20.3 (mingw32)" "metrocrimedaily.com"
12.11.125.50 - - [16/Jan/2023:06:31:37 -0800] "GET / HTTP/1.1" 200 97066 "https://www.google.com/" "Mozilla/5.0 (Windows NT 10.0; Win64; x64) AppleWebKit/537.36 (KHTML, like Gecko) Chrome/108.0.0.0 Safari/537.36" "www.metrocrimedaily.com"
12.11.125.50 - - [16/Jan/2023:06:31:37 -0800] "GET /styles-mcd.css HTTP/1.1" 200 1159 "http://www.metrocrimedaily.com/" "Mozilla/5.0 (Windows NT 10.0; Win64; x64) AppleWebKit/537.36 (KHTML, like Gecko) Chrome/108.0.0.0 Safari/537.36" "www.metrocrimedaily.com"
12.11.125.50 - - [16/Jan/2023:06:31:37 -0800] "GET /images/crimeinthed-logo.jpg HTTP/1.1" 200 14960 "http://www.metrocrimedaily.com/" "Mozilla/5.0 (Windows NT 10.0; Win64; x64) AppleWebKit/537.36 (KHTML, like Gecko) Chrome/108.0.0.0 Safari/537.36" "www.metrocrimedaily.com"
12.11.125.50 - - [16/Jan/2023:06:31:37 -0800] "GET /images/police-tape.jpg HTTP/1.1" 200 50766 "http://www.metrocrimedaily.com/" "Mozilla/5.0 (Windows NT 10.0; Win64; x64) AppleWebKit/537.36 (KHTML, like Gecko) Chrome/108.0.0.0 Safari/537.36" "metrocrimedaily.com"
12.11.125.50 - - [16/Jan/2023:06:31:38 -0800] "GET /images/facebook-logo-tiny.png HTTP/1.1" 200 1280 "http://www.metrocrimedaily.com/" "Mozilla/5.0 (Windows NT 10.0; Win64; x64) AppleWebKit/537.36 (KHTML, like Gecko) Chrome/108.0.0.0 Safari/537.36" "www.metrocrimedaily.com"
12.11.125.50 - - [16/Jan/2023:06:31:38 -0800] "GET /images/youtube-logo-tiny.png HTTP/1.1" 200 689 "http://www.metrocrimedaily.com/" "Mozilla/5.0 (Windows NT 10.0; Win64; x64) AppleWebKit/537.36 (KHTML, like Gecko) Chrome/108.0.0.0 Safari/537.36" "www.metrocrimedaily.com"
12.11.125.50 - - [16/Jan/2023:06:31:38 -0800] "GET /images/twitter-logo-b-tiny.png HTTP/1.1" 200 1600 "http://www.metrocrimedaily.com/" "Mozilla/5.0 (Windows NT 10.0; Win64; x64) AppleWebKit/537.36 (KHTML, like Gecko) Chrome/108.0.0.0 Safari/537.36" "www.metrocrimedaily.com"
69.63.184.5 - - [16/Jan/2023:06:31:40 -0800] "GET /instagram-detroit/01-16-2023-0830283-A.jpg HTTP/1.1" 200 52836 "-" "facebookexternalhit/1.1 (+http://www.facebook.com/externalhit_uatext.php)" "www.metrocrimedaily.com"
69.63.184.1 - - [16/Jan/2023:06:44:06 -0800] "GET /instagram-memphis/01-16-2023-0843441-A.jpg HTTP/1.1" 200 85050 "-" "facebookexternalhit/1.1 (+http://www.facebook.com/externalhit_uatext.php)" "www.metrocrimedaily.com"
69.63.184.4 - - [16/Jan/2023:06:50:21 -0800] "GET /instagram-neworleans/01-16-2023-0850021-A.jpg HTTP/1.1" 200 276151 "-" "facebookexternalhit/1.1 (+http://www.facebook.com/externalhit_uatext.php)" "www.metrocrimedaily.com"
54.36.148.93 - - [16/Jan/2023:06:56:15 -0800] "GET /robots.txt HTTP/1.1" 404 88 "-" "Mozilla/5.0 (compatible; AhrefsBot/7.0; +http://ahrefs.com/robot/)" "metrocrimedaily.com"
51.222.253.10 - - [16/Jan/2023:06:56:16 -0800] "GET / HTTP/1.1" 200 97553 "-" "Mozilla/5.0 (compatible; AhrefsBot/7.0; +http://ahrefs.com/robot/)" "metrocrimedaily.com"
157.90.209.78 - - [16/Jan/2023:06:56:21 -0800] "GET /robots.txt HTTP/1.1" 404 88 "-" "Mozilla/5.0 (compatible; BLEXBot/1.0; +http://webmeup-crawler.com/)" "metrocrimedaily.com"
157.90.209.78 - - [16/Jan/2023:06:56:23 -0800] "GET /sitemap HTTP/1.1" 404 88 "-" "Mozilla/5.0 (compatible; BLEXBot/1.0; +http://webmeup-crawler.com/)" "metrocrimedaily.com"
157.90.209.78 - - [16/Jan/2023:06:56:27 -0800] "GET /sitemap.txt HTTP/1.1" 404 88 "-" "Mozilla/5.0 (compatible; BLEXBot/1.0; +http://webmeup-crawler.com/)" "metrocrimedaily.com"
69.63.184.116 - - [16/Jan/2023:06:57:41 -0800] "GET /instagram-chicago/01-16-2023-0857191-A.jpg HTTP/1.1" 200 73204 "-" "facebookexternalhit/1.1 (+http://www.facebook.com/externalhit_uatext.php)" "www.metrocrimedaily.com"
69.63.184.4 - - [16/Jan/2023:07:07:45 -0800] "GET /instagram-houston/01-16-2023-0907261-A.jpg HTTP/1.1" 200 58708 "-" "facebookexternalhit/1.1 (+http://www.facebook.com/externalhit_uatext.php)" "www.metrocrimedaily.com"
69.63.184.118 - - [16/Jan/2023:07:14:38 -0800] "GET /instagram-memphis/01-16-2023-0843442-A.jpg HTTP/1.1" 200 232647 "-" "facebookexternalhit/1.1 (+http://www.facebook.com/externalhit_uatext.php)" "www.metrocrimedaily.com"
194.38.20.161 - - [16/Jan/2023:07:25:31 -0800] "GET /components/com_jnews/includes/openflashchart/tmp-upload-images/255test.php?com=123&content=ZWNobyAidmRhZHNmZ2RmIjs= HTTP/1.1" 404 73 "-" "ALittle Client" "metrocrimedaily.com"
69.63.184.118 - - [16/Jan/2023:07:26:44 -0800] "GET /instagram-detroit/01-16-2023-0926051-A.jpg HTTP/1.1" 200 88443 "-" "facebookexternalhit/1.1 (+http://www.facebook.com/externalhit_uatext.php)" "www.metrocrimedaily.com"
69.63.184.1 - - [16/Jan/2023:07:28:13 -0800] "GET /instagram-chicago/01-16-2023-0857192-A.jpg HTTP/1.1" 200 61741 "-" "facebookexternalhit/1.1 (+http://www.facebook.com/externalhit_uatext.php)" "www.metrocrimedaily.com"
171.244.16.103 - - [16/Jan/2023:07:37:58 -0800] "GET /wp-login.php HTTP/1.1" 404 88 "-" "Mozilla/5.0 (Windows NT 10.0; Win64; x64; rv:96.0) Gecko/20100101 Firefox/96" "metrocrimedaily.com"
69.63.184.116 - - [16/Jan/2023:07:38:16 -0800] "GET /instagram-houston/01-16-2023-0907262-A.jpg HTTP/1.1" 200 192593 "-" "facebookexternalhit/1.1 (+http://www.facebook.com/externalhit_uatext.php)" "www.metrocrimedaily.com"
69.63.184.5 - - [16/Jan/2023:07:58:46 -0800] "GET /instagram-chicago/01-16-2023-0857193-A.jpg HTTP/1.1" 200 60312 "-" "facebookexternalhit/1.1 (+http://www.facebook.com/externalhit_uatext.php)" "www.metrocrimedaily.com"
69.63.184.4 - - [16/Jan/2023:08:05:05 -0800] "GET /instagram-dallas/01-16-2023-1004441-A.jpg HTTP/1.1" 200 160506 "-" "facebookexternalhit/1.1 (+http://www.facebook.com/externalhit_uatext.php)" "www.metrocrimedaily.com"
69.63.184.5 - - [16/Jan/2023:08:06:44 -0800] "GET /instagram-memphis/01-16-2023-1006251-A.jpg HTTP/1.1" 200 118945 "-" "facebookexternalhit/1.1 (+http://www.facebook.com/externalhit_uatext.php)" "www.metrocrimedaily.com"
69.63.184.117 - - [16/Jan/2023:08:08:50 -0800] "GET /instagram-houston/01-16-2023-0907263-A.jpg HTTP/1.1" 200 80788 "-" "facebookexternalhit/1.1 (+http://www.facebook.com/externalhit_uatext.php)" "www.metrocrimedaily.com"
69.63.184.1 - - [16/Jan/2023:08:10:55 -0800] "GET /instagram-losangeles/01-16-2023-1010361-A.jpg HTTP/1.1" 200 189712 "-" "facebookexternalhit/1.1 (+http://www.facebook.com/externalhit_uatext.php)" "www.metrocrimedaily.com"
107.6.150.132 - - [16/Jan/2023:08:18:13 -0800] "GET /wp-login.php HTTP/1.1" 404 88 "" "Mozilla/5.0 (Windows NT 10.0; Win64; x64; rv:108.0) Gecko/20100101 Firefox/108.0" "metrocrimedaily.com"
51.195.157.191 - - [16/Jan/2023:08:18:23 -0800] "GET / HTTP/1.1" 200 97768 "-" "Mozilla/5.0 (Windows NT 10.0; Win64; x64) AppleWebKit/537.36 (KHTML, like Gecko) Chrome/100.0.4896.143 Safari/537.36" "metrocrimedaily.com"
114.119.159.79 - - [16/Jan/2023:08:20:39 -0800] "GET /privacy-policy.html HTTP/1.1" 200 2353 "-" "Mozilla/5.0 (Linux; Android 7.0;) AppleWebKit/537.36 (KHTML, like Gecko) Mobile Safari/537.36 (compatible; PetalBot;+https://webmaster.petalsearch.com/site/petalbot)" "www.metrocrimedaily.com"
69.63.184.119 - - [16/Jan/2023:08:24:00 -0800] "GET /instagram-detroit/01-16-2023-1023401-A.jpg HTTP/1.1" 200 62628 "-" "facebookexternalhit/1.1 (+http://www.facebook.com/externalhit_uatext.php)" "www.metrocrimedaily.com"
69.63.184.1 - - [16/Jan/2023:08:29:24 -0800] "GET /instagram-chicago/01-16-2023-0857194-A.jpg HTTP/1.1" 200 167954 "-" "facebookexternalhit/1.1 (+http://www.facebook.com/externalhit_uatext.php)" "www.metrocrimedaily.com"
51.222.253.16 - - [16/Jan/2023:08:35:36 -0800] "GET /robots.txt HTTP/1.1" 404 88 "-" "Mozilla/5.0 (compatible; AhrefsBot/7.0; +http://ahrefs.com/robot/)" "www.metrocrimedaily.com"
51.222.253.15 - - [16/Jan/2023:08:35:37 -0800] "GET / HTTP/1.1" 200 97768 "-" "Mozilla/5.0 (compatible; AhrefsBot/7.0; +http://ahrefs.com/robot/)" "www.metrocrimedaily.com"
51.222.253.8 - - [16/Jan/2023:08:35:42 -0800] "GET /styles-mcd.css HTTP/1.1" 200 1159 "-" "Mozilla/5.0 (compatible; AhrefsBot/7.0; +http://ahrefs.com/robot/)" "www.metrocrimedaily.com"
51.222.253.16 - - [16/Jan/2023:08:35:42 -0800] "GET /images/twitter-logo-b-tiny.png HTTP/1.1" 200 1600 "-" "Mozilla/5.0 (compatible; AhrefsBot/7.0; +http://ahrefs.com/robot/)" "www.metrocrimedaily.com"
51.222.253.17 - - [16/Jan/2023:08:35:43 -0800] "GET /images/facebook-logo-tiny.png HTTP/1.1" 200 1280 "-" "Mozilla/5.0 (compatible; AhrefsBot/7.0; +http://ahrefs.com/robot/)" "www.metrocrimedaily.com"
51.222.253.3 - - [16/Jan/2023:08:35:43 -0800] "GET / HTTP/1.1" 200 97768 "-" "Mozilla/5.0 (compatible; AhrefsBot/7.0; +http://ahrefs.com/robot/)" "www.metrocrimedaily.com"
51.222.253.12 - - [16/Jan/2023:08:35:43 -0800] "GET /images/youtube-logo-tiny.png HTTP/1.1" 200 689 "-" "Mozilla/5.0 (compatible; AhrefsBot/7.0; +http://ahrefs.com/robot/)" "www.metrocrimedaily.com"
69.63.184.118 - - [16/Jan/2023:08:39:23 -0800] "GET /instagram-houston/01-16-2023-0907264-A.jpg HTTP/1.1" 200 185710 "-" "facebookexternalhit/1.1 (+http://www.facebook.com/externalhit_uatext.php)" "www.metrocrimedaily.com"
69.63.184.3 - - [16/Jan/2023:08:42:01 -0800] "GET /instagram-neworleans/01-16-2023-1041411-A.jpg HTTP/1.1" 200 90166 "-" "facebookexternalhit/1.1 (+http://www.facebook.com/externalhit_uatext.php)" "www.metrocrimedaily.com"
66.249.66.211 - - [16/Jan/2023:08:45:24 -0800] "GET /robots.txt HTTP/1.1" 404 88 "-" "Mozilla/5.0 (compatible; Googlebot/2.1; +http://www.google.com/bot.html)" "metrocrimedaily.com"
69.63.184.4 - - [16/Jan/2023:08:54:33 -0800] "GET /instagram-detroit/01-16-2023-1023402-A.jpg HTTP/1.1" 200 163153 "-" "facebookexternalhit/1.1 (+http://www.facebook.com/externalhit_uatext.php)" "www.metrocrimedaily.com"
69.63.184.5 - - [16/Jan/2023:09:00:00 -0800] "GET /instagram-chicago/01-16-2023-0857195-A.jpg HTTP/1.1" 200 329101 "-" "facebookexternalhit/1.1 (+http://www.facebook.com/externalhit_uatext.php)" "www.metrocrimedaily.com"
69.63.184.1 - - [16/Jan/2023:09:09:55 -0800] "GET /instagram-houston/01-16-2023-0907265-A.jpg HTTP/1.1" 200 178449 "-" "facebookexternalhit/1.1 (+http://www.facebook.com/externalhit_uatext.php)" "www.metrocrimedaily.com"
69.63.184.111 - - [16/Jan/2023:09:10:23 -0800] "GET /instagram-houston/01-16-2023-0907266-A.jpg HTTP/1.1" 200 178449 "-" "facebookexternalhit/1.1 (+http://www.facebook.com/externalhit_uatext.php)" "www.metrocrimedaily.com"
69.63.184.119 - - [16/Jan/2023:09:10:50 -0800] "GET /instagram-houston/01-16-2023-0907267-A.jpg HTTP/1.1" 200 168645 "-" "facebookexternalhit/1.1 (+http://www.facebook.com/externalhit_uatext.php)" "www.metrocrimedaily.com"
69.63.184.118 - - [16/Jan/2023:09:11:17 -0800] "GET /instagram-houston/01-16-2023-0907268-A.jpg HTTP/1.1" 200 71550 "-" "facebookexternalhit/1.1 (+http://www.facebook.com/externalhit_uatext.php)" "www.metrocrimedaily.com"
69.63.184.2 - - [16/Jan/2023:09:12:35 -0800] "GET /instagram-memphis/01-16-2023-1112151-A.jpg HTTP/1.1" 200 177522 "-" "facebookexternalhit/1.1 (+http://www.facebook.com/externalhit_uatext.php)" "www.metrocrimedaily.com"
69.63.184.117 - - [16/Jan/2023:09:12:56 -0800] "GET /instagram-stlouis/01-16-2023-1112361-A.jpg HTTP/1.1" 200 227752 "-" "facebookexternalhit/1.1 (+http://www.facebook.com/externalhit_uatext.php)" "www.metrocrimedaily.com"
12.228.224.226 - - [16/Jan/2023:09:34:59 -0800] "GET / HTTP/1.1" 200 98200 "-" "Mozilla/5.0 (Windows NT 10.0; Win64; x64) AppleWebKit/537.36 (KHTML, like Gecko) Chrome/108.0.0.0 Safari/537.36" "www.metrocrimedaily.com"
12.228.224.226 - - [16/Jan/2023:09:35:00 -0800] "GET /styles-mcd.css HTTP/1.1" 200 1159 "http://www.metrocrimedaily.com/" "Mozilla/5.0 (Windows NT 10.0; Win64; x64) AppleWebKit/537.36 (KHTML, like Gecko) Chrome/108.0.0.0 Safari/537.36" "www.metrocrimedaily.com"
12.228.224.226 - - [16/Jan/2023:09:35:00 -0800] "GET /images/crimeinthed-logo.jpg HTTP/1.1" 200 14960 "http://www.metrocrimedaily.com/" "Mozilla/5.0 (Windows NT 10.0; Win64; x64) AppleWebKit/537.36 (KHTML, like Gecko) Chrome/108.0.0.0 Safari/537.36" "www.metrocrimedaily.com"
12.228.224.226 - - [16/Jan/2023:09:35:00 -0800] "GET /images/police-tape.jpg HTTP/1.1" 200 50766 "http://www.metrocrimedaily.com/" "Mozilla/5.0 (Windows NT 10.0; Win64; x64) AppleWebKit/537.36 (KHTML, like Gecko) Chrome/108.0.0.0 Safari/537.36" "metrocrimedaily.com"
12.228.224.226 - - [16/Jan/2023:09:35:02 -0800] "GET /images/facebook-logo-tiny.png HTTP/1.1" 200 1280 "http://www.metrocrimedaily.com/" "Mozilla/5.0 (Windows NT 10.0; Win64; x64) AppleWebKit/537.36 (KHTML, like Gecko) Chrome/108.0.0.0 Safari/537.36" "www.metrocrimedaily.com"
12.228.224.226 - - [16/Jan/2023:09:35:02 -0800] "GET /images/youtube-logo-tiny.png HTTP/1.1" 200 689 "http://www.metrocrimedaily.com/" "Mozilla/5.0 (Windows NT 10.0; Win64; x64) AppleWebKit/537.36 (KHTML, like Gecko) Chrome/108.0.0.0 Safari/537.36" "www.metrocrimedaily.com"
12.228.224.226 - - [16/Jan/2023:09:35:02 -0800] "GET /images/twitter-logo-b-tiny.png HTTP/1.1" 200 1600 "http://www.metrocrimedaily.com/" "Mozilla/5.0 (Windows NT 10.0; Win64; x64) AppleWebKit/537.36 (KHTML, like Gecko) Chrome/108.0.0.0 Safari/537.36" "www.metrocrimedaily.com"
68.37.236.97 - - [16/Jan/2023:09:40:06 -0800] "GET / HTTP/1.1" 200 98200 "https://www.google.com/" "Mozilla/5.0 (Linux; Android 12; SAMSUNG SM-N975U1) AppleWebKit/537.36 (KHTML, like Gecko) SamsungBrowser/19.0 Chrome/102.0.5005.125 Mobile Safari/537.36" "www.metrocrimedaily.com"
68.37.236.97 - - [16/Jan/2023:09:40:06 -0800] "GET /styles-mcd.css HTTP/1.1" 200 1159 "http://www.metrocrimedaily.com/" "Mozilla/5.0 (Linux; Android 12; SAMSUNG SM-N975U1) AppleWebKit/537.36 (KHTML, like Gecko) SamsungBrowser/19.0 Chrome/102.0.5005.125 Mobile Safari/537.36" "www.metrocrimedaily.com"
68.37.236.97 - - [16/Jan/2023:09:40:07 -0800] "GET /images/crimeinthed-logo.jpg HTTP/1.1" 200 14960 "http://www.metrocrimedaily.com/" "Mozilla/5.0 (Linux; Android 12; SAMSUNG SM-N975U1) AppleWebKit/537.36 (KHTML, like Gecko) SamsungBrowser/19.0 Chrome/102.0.5005.125 Mobile Safari/537.36" "www.metrocrimedaily.com"
68.37.236.97 - - [16/Jan/2023:09:40:07 -0800] "GET /images/police-tape.jpg HTTP/1.1" 200 50766 "http://www.metrocrimedaily.com/" "Mozilla/5.0 (Linux; Android 12; SAMSUNG SM-N975U1) AppleWebKit/537.36 (KHTML, like Gecko) SamsungBrowser/19.0 Chrome/102.0.5005.125 Mobile Safari/537.36" "metrocrimedaily.com"
68.37.236.97 - - [16/Jan/2023:09:40:09 -0800] "GET /images/facebook-logo-tiny.png HTTP/1.1" 200 1280 "http://www.metrocrimedaily.com/" "Mozilla/5.0 (Linux; Android 12; SAMSUNG SM-N975U1) AppleWebKit/537.36 (KHTML, like Gecko) SamsungBrowser/19.0 Chrome/102.0.5005.125 Mobile Safari/537.36" "www.metrocrimedaily.com"
68.37.236.97 - - [16/Jan/2023:09:40:09 -0800] "GET /images/youtube-logo-tiny.png HTTP/1.1" 200 689 "http://www.metrocrimedaily.com/" "Mozilla/5.0 (Linux; Android 12; SAMSUNG SM-N975U1) AppleWebKit/537.36 (KHTML, like Gecko) SamsungBrowser/19.0 Chrome/102.0.5005.125 Mobile Safari/537.36" "www.metrocrimedaily.com"
68.37.236.97 - - [16/Jan/2023:09:40:10 -0800] "GET /images/twitter-logo-b-tiny.png HTTP/1.1" 200 1600 "http://www.metrocrimedaily.com/" "Mozilla/5.0 (Linux; Android 12; SAMSUNG SM-N975U1) AppleWebKit/537.36 (KHTML, like Gecko) SamsungBrowser/19.0 Chrome/102.0.5005.125 Mobile Safari/537.36" "www.metrocrimedaily.com"
68.37.236.97 - - [16/Jan/2023:09:40:35 -0800] "GET /favicon.ico HTTP/1.1" 404 88 "http://www.metrocrimedaily.com/" "Mozilla/5.0 (Linux; Android 12; SAMSUNG SM-N975U1) AppleWebKit/537.36 (KHTML, like Gecko) SamsungBrowser/19.0 Chrome/102.0.5005.125 Mobile Safari/537.36" "www.metrocrimedaily.com"
69.63.184.118 - - [16/Jan/2023:09:41:27 -0800] "GET /instagram-dallas/01-16-2023-1141071-A.jpg HTTP/1.1" 200 56047 "-" "facebookexternalhit/1.1 (+http://www.facebook.com/externalhit_uatext.php)" "www.metrocrimedaily.com"
69.63.184.119 - - [16/Jan/2023:09:43:12 -0800] "GET /instagram-memphis/01-16-2023-1112152-A.jpg HTTP/1.1" 200 150340 "-" "facebookexternalhit/1.1 (+http://www.facebook.com/externalhit_uatext.php)" "www.metrocrimedaily.com"
69.63.184.2 - - [16/Jan/2023:09:43:33 -0800] "GET /instagram-stlouis/01-16-2023-1112362-A.jpg HTTP/1.1" 200 199781 "-" "facebookexternalhit/1.1 (+http://www.facebook.com/externalhit_uatext.php)" "www.metrocrimedaily.com"
69.63.184.119 - - [16/Jan/2023:09:46:58 -0800] "GET /instagram-detroit/01-16-2023-1145561-A.jpg HTTP/1.1" 200 54589 "-" "facebookexternalhit/1.1 (+http://www.facebook.com/externalhit_uatext.php)" "www.metrocrimedaily.com"
69.63.184.2 - - [16/Jan/2023:09:50:30 -0800] "GET /instagram-losangeles/01-16-2023-1150091-A.jpg HTTP/1.1" 200 230513 "-" "facebookexternalhit/1.1 (+http://www.facebook.com/externalhit_uatext.php)" "www.metrocrimedaily.com"
69.63.184.5 - - [16/Jan/2023:10:01:17 -0800] "GET /instagram-houston/01-16-2023-1159531-A.jpg HTTP/1.1" 200 501998 "-" "facebookexternalhit/1.1 (+http://www.facebook.com/externalhit_uatext.php)" "www.metrocrimedaily.com"
69.63.184.117 - - [16/Jan/2023:10:01:47 -0800] "GET /instagram-houston/01-16-2023-1159532-A.jpg HTTP/1.1" 200 158898 "-" "facebookexternalhit/1.1 (+http://www.facebook.com/externalhit_uatext.php)" "www.metrocrimedaily.com"
69.63.184.116 - - [16/Jan/2023:10:02:17 -0800] "GET /instagram-houston/01-16-2023-1159533-A.jpg HTTP/1.1" 200 104225 "-" "facebookexternalhit/1.1 (+http://www.facebook.com/externalhit_uatext.php)" "www.metrocrimedaily.com"
51.222.253.20 - - [16/Jan/2023:10:02:41 -0800] "GET / HTTP/1.1" 200 98200 "-" "Mozilla/5.0 (compatible; AhrefsBot/7.0; +http://ahrefs.com/robot/)" "metrocrimedaily.com"
69.63.184.116 - - [16/Jan/2023:10:02:44 -0800] "GET /instagram-houston/01-16-2023-1159534-A.jpg HTTP/1.1" 200 61104 "-" "facebookexternalhit/1.1 (+http://www.facebook.com/externalhit_uatext.php)" "www.metrocrimedaily.com"
51.222.253.8 - - [16/Jan/2023:10:02:46 -0800] "GET /images/youtube-logo-tiny.png HTTP/1.1" 200 689 "-" "Mozilla/5.0 (compatible; AhrefsBot/7.0; +http://ahrefs.com/robot/)" "metrocrimedaily.com"
51.222.253.15 - - [16/Jan/2023:10:02:46 -0800] "GET /images/twitter-logo-b-tiny.png HTTP/1.1" 200 1600 "-" "Mozilla/5.0 (compatible; AhrefsBot/7.0; +http://ahrefs.com/robot/)" "metrocrimedaily.com"
51.222.253.3 - - [16/Jan/2023:10:02:47 -0800] "GET /images/facebook-logo-tiny.png HTTP/1.1" 200 1280 "-" "Mozilla/5.0 (compatible; AhrefsBot/7.0; +http://ahrefs.com/robot/)" "metrocrimedaily.com"
51.222.253.20 - - [16/Jan/2023:10:02:47 -0800] "GET / HTTP/1.1" 200 98200 "-" "Mozilla/5.0 (compatible; AhrefsBot/7.0; +http://ahrefs.com/robot/)" "metrocrimedaily.com"
51.222.253.8 - - [16/Jan/2023:10:02:47 -0800] "GET /images/crimeinthed-logo.jpg HTTP/1.1" 200 14960 "-" "Mozilla/5.0 (compatible; AhrefsBot/7.0; +http://ahrefs.com/robot/)" "metrocrimedaily.com"
69.63.184.5 - - [16/Jan/2023:10:06:34 -0800] "GET /instagram-neworleans/01-16-2023-1206131-A.jpg HTTP/1.1" 200 227911 "-" "facebookexternalhit/1.1 (+http://www.facebook.com/externalhit_uatext.php)" "www.metrocrimedaily.com"
207.46.13.46 - - [16/Jan/2023:10:10:56 -0800] "GET /instagram-atlanta/12-20-2022-1835541-Missing-Georgia-woman-car-last-seen-in-Atlanta--p.txt HTTP/1.1" 404 88 "-" "Mozilla/5.0 (compatible; bingbot/2.0; +http://www.bing.com/bingbot.htm)" "www.metrocrimedaily.com"
66.249.66.52 - - [16/Jan/2023:10:12:11 -0800] "GET /robots.txt HTTP/1.1" 404 88 "-" "Mozilla/5.0 (compatible; Googlebot/2.1; +http://www.google.com/bot.html)" "metrocrimedaily.com"
66.249.66.24 - - [16/Jan/2023:10:15:22 -0800] "GET /robots.txt HTTP/1.1" 404 88 "-" "Mozilla/5.0 (compatible; Googlebot/2.1; +http://www.google.com/bot.html)" "www.metrocrimedaily.com"
69.63.184.119 - - [16/Jan/2023:10:17:46 -0800] "GET /instagram-chicago/01-16-2023-1216081-A.jpg HTTP/1.1" 200 183828 "-" "facebookexternalhit/1.1 (+http://www.facebook.com/externalhit_uatext.php)" "www.metrocrimedaily.com"
69.63.184.117 - - [16/Jan/2023:10:33:22 -0800] "GET /instagram-chicago/01-16-2023-1216082-A.jpg HTTP/1.1" 200 82449 "-" "facebookexternalhit/1.1 (+http://www.facebook.com/externalhit_uatext.php)" "www.metrocrimedaily.com"
69.63.184.120 - - [16/Jan/2023:10:47:53 -0800] "GET /instagram-memphis/01-16-2023-1247331-A.jpg HTTP/1.1" 200 190851 "-" "facebookexternalhit/1.1 (+http://www.facebook.com/externalhit_uatext.php)" "www.metrocrimedaily.com"
69.63.184.1 - - [16/Jan/2023:10:48:21 -0800] "GET /instagram-memphis/01-16-2023-1247332-A.jpg HTTP/1.1" 200 110702 "-" "facebookexternalhit/1.1 (+http://www.facebook.com/externalhit_uatext.php)" "www.metrocrimedaily.com"
69.63.184.3 - - [16/Jan/2023:10:48:48 -0800] "GET /instagram-memphis/01-16-2023-1247333-A.jpg HTTP/1.1" 200 81251 "-" "facebookexternalhit/1.1 (+http://www.facebook.com/externalhit_uatext.php)" "www.metrocrimedaily.com"
69.63.184.120 - - [16/Jan/2023:10:48:58 -0800] "GET /instagram-chicago/01-16-2023-1216083-A.jpg HTTP/1.1" 200 70828 "-" "facebookexternalhit/1.1 (+http://www.facebook.com/externalhit_uatext.php)" "www.metrocrimedaily.com"
69.63.184.119 - - [16/Jan/2023:10:49:15 -0800] "GET /instagram-memphis/01-16-2023-1247334-A.jpg HTTP/1.1" 200 253243 "-" "facebookexternalhit/1.1 (+http://www.facebook.com/externalhit_uatext.php)" "www.metrocrimedaily.com"
