69.63.184.116 - - [16/Jan/2023:10:49:36 -0800] "GET /instagram-houston/01-16-2023-1249161-A.jpg HTTP/1.1" 200 170688 "-" "facebookexternalhit/1.1 (+http://www.facebook.com/externalhit_uatext.php)" "www.metrocrimedaily.com"
69.63.184.5 - - [16/Jan/2023:10:50:03 -0800] "GET /instagram-houston/01-16-2023-1249162-A.jpg HTTP/1.1" 200 99110 "-" "facebookexternalhit/1.1 (+http://www.facebook.com/externalhit_uatext.php)" "www.metrocrimedaily.com"
69.63.184.3 - - [16/Jan/2023:10:51:34 -0800] "GET /instagram-stlouis/01-16-2023-1251121-A.jpg HTTP/1.1" 200 103199 "-" "facebookexternalhit/1.1 (+http://www.facebook.com/externalhit_uatext.php)" "www.metrocrimedaily.com"
69.63.184.1 - - [16/Jan/2023:10:56:54 -0800] "GET /instagram-dallas/01-16-2023-1256321-A.jpg HTTP/1.1" 200 214371 "-" "facebookexternalhit/1.1 (+http://www.facebook.com/externalhit_uatext.php)" "www.metrocrimedaily.com"
69.63.184.117 - - [16/Jan/2023:11:01:42 -0800] "GET /instagram-losangeles/01-16-2023-1301221-A.jpg HTTP/1.1" 200 61002 "-" "facebookexternalhit/1.1 (+http://www.facebook.com/externalhit_uatext.php)" "www.metrocrimedaily.com"
69.63.184.5 - - [16/Jan/2023:11:04:30 -0800] "GET /instagram-chicago/01-16-2023-1216084-A.jpg HTTP/1.1" 200 80343 "-" "facebookexternalhit/1.1 (+http://www.facebook.com/externalhit_uatext.php)" "www.metrocrimedaily.com"
69.63.184.120 - - [16/Jan/2023:11:07:07 -0800] "GET /instagram-stlouis/01-16-2023-1251122-A.jpg HTTP/1.1" 200 252410 "-" "facebookexternalhit/1.1 (+http://www.facebook.com/externalhit_uatext.php)" "www.metrocrimedaily.com"
69.63.184.118 - - [16/Jan/2023:11:12:34 -0800] "GET /instagram-dallas/01-16-2023-1256322-A.jpg HTTP/1.1" 200 538700 "-" "facebookexternalhit/1.1 (+http://www.facebook.com/externalhit_uatext.php)" "www.metrocrimedaily.com"
69.63.184.119 - - [16/Jan/2023:11:13:29 -0800] "GET /instagram-detroit/01-16-2023-1313091-A.jpg HTTP/1.1" 200 152179 "-" "facebookexternalhit/1.1 (+http://www.facebook.com/externalhit_uatext.php)" "www.metrocrimedaily.com"
69.63.184.3 - - [16/Jan/2023:11:13:57 -0800] "GET /instagram-memphis/01-16-2023-1313361-A.jpg HTTP/1.1" 200 147978 "-" "facebookexternalhit/1.1 (+http://www.facebook.com/externalhit_uatext.php)" "www.metrocrimedaily.com"
69.63.184.2 - - [16/Jan/2023:11:17:12 -0800] "GET /instagram-losangeles/01-16-2023-1301222-A.jpg HTTP/1.1" 200 230513 "-" "facebookexternalhit/1.1 (+http://www.facebook.com/externalhit_uatext.php)" "www.metrocrimedaily.com"
69.63.184.3 - - [16/Jan/2023:11:20:04 -0800] "GET /instagram-chicago/01-16-2023-1216085-A.jpg HTTP/1.1" 200 77545 "-" "facebookexternalhit/1.1 (+http://www.facebook.com/externalhit_uatext.php)" "www.metrocrimedaily.com"
69.63.184.118 - - [16/Jan/2023:11:22:42 -0800] "GET /instagram-stlouis/01-16-2023-1251123-A.jpg HTTP/1.1" 200 182405 "-" "facebookexternalhit/1.1 (+http://www.facebook.com/externalhit_uatext.php)" "www.metrocrimedaily.com"
135.181.180.59 - - [16/Jan/2023:11:23:04 -0800] "GET /robots.txt HTTP/1.1" 404 73 "-" "Mozilla/5.0 (compatible; MJ12bot/v1.4.8; http://mj12bot.com/)" "metrocrimedaily.com"
135.181.180.59 - - [16/Jan/2023:11:23:06 -0800] "GET /www.deadlinedetroit.com HTTP/1.1" 404 88 "-" "Mozilla/5.0 (compatible; MJ12bot/v1.4.8; http://mj12bot.com/)" "metrocrimedaily.com"
69.63.184.116 - - [16/Jan/2023:11:28:10 -0800] "GET /instagram-dallas/01-16-2023-1256323-A.jpg HTTP/1.1" 200 124263 "-" "facebookexternalhit/1.1 (+http://www.facebook.com/externalhit_uatext.php)" "www.metrocrimedaily.com"
69.63.184.4 - - [16/Jan/2023:11:29:02 -0800] "GET /instagram-detroit/01-16-2023-1313092-A.jpg HTTP/1.1" 200 103115 "-" "facebookexternalhit/1.1 (+http://www.facebook.com/externalhit_uatext.php)" "www.metrocrimedaily.com"
5.101.156.170 - - [16/Jan/2023:11:32:33 -0800] "GET /wp-login.php HTTP/1.1" 404 88 "" "Mozilla/5.0 (Windows NT 10.0; Win64; x64; rv:108.0) Gecko/20100101 Firefox/108.0" "metrocrimedaily.com"
69.63.184.116 - - [16/Jan/2023:11:33:01 -0800] "GET /instagram-houston/01-16-2023-1332411-A.jpg HTTP/1.1" 200 112999 "-" "facebookexternalhit/1.1 (+http://www.facebook.com/externalhit_uatext.php)" "www.metrocrimedaily.com"
69.63.184.5 - - [16/Jan/2023:11:33:29 -0800] "GET /instagram-houston/01-16-2023-1332412-A.jpg HTTP/1.1" 200 136238 "-" "facebookexternalhit/1.1 (+http://www.facebook.com/externalhit_uatext.php)" "www.metrocrimedaily.com"
51.222.253.4 - - [16/Jan/2023:11:33:47 -0800] "GET /www.deadlinedetroit.com HTTP/1.1" 404 88 "-" "Mozilla/5.0 (compatible; AhrefsBot/7.0; +http://ahrefs.com/robot/)" "metrocrimedaily.com"
69.63.184.116 - - [16/Jan/2023:11:33:56 -0800] "GET /instagram-houston/01-16-2023-1332413-A.jpg HTTP/1.1" 200 170688 "-" "facebookexternalhit/1.1 (+http://www.facebook.com/externalhit_uatext.php)" "www.metrocrimedaily.com"
69.63.184.5 - - [16/Jan/2023:11:35:37 -0800] "GET /instagram-chicago/01-16-2023-1216086-A.jpg HTTP/1.1" 200 516772 "-" "facebookexternalhit/1.1 (+http://www.facebook.com/externalhit_uatext.php)" "www.metrocrimedaily.com"
69.63.184.2 - - [16/Jan/2023:11:38:14 -0800] "GET /instagram-stlouis/01-16-2023-1251124-A.jpg HTTP/1.1" 200 81159 "-" "facebookexternalhit/1.1 (+http://www.facebook.com/externalhit_uatext.php)" "www.metrocrimedaily.com"
172.225.28.2 - - [16/Jan/2023:11:42:07 -0800] "GET / HTTP/1.1" 200 98301 "-" "Mozilla/5.0 (Macintosh; Intel Mac OS X 10_15_6) AppleWebKit/605.1.15 (KHTML, like Gecko) Version/15.6.1 Safari/605.1.15" "www.metrocrimedaily.com"
69.63.184.118 - - [16/Jan/2023:11:43:45 -0800] "GET /instagram-dallas/01-16-2023-1256324-A.jpg HTTP/1.1" 200 109158 "-" "facebookexternalhit/1.1 (+http://www.facebook.com/externalhit_uatext.php)" "www.metrocrimedaily.com"
207.46.13.109 - - [16/Jan/2023:11:43:52 -0800] "GET /instagram-detroit/12-20-2022-2123311-Hit-and-run-driver-wanted-after-pedestrian-seriou.txt HTTP/1.1" 404 88 "-" "Mozilla/5.0 AppleWebKit/537.36 (KHTML, like Gecko; compatible; bingbot/2.0; +http://www.bing.com/bingbot.htm) Chrome/103.0.5060.134 Safari/537.36" "www.metrocrimedaily.com"
69.63.184.1 - - [16/Jan/2023:11:44:35 -0800] "GET /instagram-detroit/01-16-2023-1313093-A.jpg HTTP/1.1" 200 97978 "-" "facebookexternalhit/1.1 (+http://www.facebook.com/externalhit_uatext.php)" "www.metrocrimedaily.com"
69.63.184.117 - - [16/Jan/2023:11:51:14 -0800] "GET /instagram-chicago/01-16-2023-1216087-A.jpg HTTP/1.1" 200 77492 "-" "facebookexternalhit/1.1 (+http://www.facebook.com/externalhit_uatext.php)" "www.metrocrimedaily.com"
69.63.184.118 - - [16/Jan/2023:12:03:05 -0800] "GET /instagram-houston/01-16-2023-1402451-A.jpg HTTP/1.1" 200 86120 "-" "facebookexternalhit/1.1 (+http://www.facebook.com/externalhit_uatext.php)" "www.metrocrimedaily.com"
69.63.184.120 - - [16/Jan/2023:12:05:41 -0800] "GET /instagram-memphis/01-16-2023-1405211-A.jpg HTTP/1.1" 200 144992 "-" "facebookexternalhit/1.1 (+http://www.facebook.com/externalhit_uatext.php)" "www.metrocrimedaily.com"
69.63.184.1 - - [16/Jan/2023:12:07:53 -0800] "GET /instagram-losangeles/01-16-2023-1407331-A.jpg HTTP/1.1" 200 97687 "-" "facebookexternalhit/1.1 (+http://www.facebook.com/externalhit_uatext.php)" "www.metrocrimedaily.com"
69.63.184.120 - - [16/Jan/2023:12:09:20 -0800] "GET /instagram-neworleans/01-16-2023-1409001-A.jpg HTTP/1.1" 200 179423 "-" "facebookexternalhit/1.1 (+http://www.facebook.com/externalhit_uatext.php)" "www.metrocrimedaily.com"
114.119.159.210 - - [16/Jan/2023:12:20:02 -0800] "GET /robots.txt HTTP/1.1" 404 88 "-" "Mozilla/5.0 (compatible;PetalBot;+https://webmaster.petalsearch.com/site/petalbot)" "www.metrocrimedaily.com"
69.63.184.1 - - [16/Jan/2023:12:21:12 -0800] "GET /instagram-memphis/01-16-2023-1405212-A.jpg HTTP/1.1" 200 106228 "-" "facebookexternalhit/1.1 (+http://www.facebook.com/externalhit_uatext.php)" "www.metrocrimedaily.com"
69.63.184.116 - - [16/Jan/2023:12:24:52 -0800] "GET /instagram-neworleans/01-16-2023-1409002-A.jpg HTTP/1.1" 200 251276 "-" "facebookexternalhit/1.1 (+http://www.facebook.com/externalhit_uatext.php)" "www.metrocrimedaily.com"
69.63.184.4 - - [16/Jan/2023:12:35:31 -0800] "GET /instagram-dallas/01-16-2023-1435071-A.jpg HTTP/1.1" 200 167999 "-" "facebookexternalhit/1.1 (+http://www.facebook.com/externalhit_uatext.php)" "www.metrocrimedaily.com"
95.59.26.9 - - [16/Jan/2023:12:40:32 -0800] "GET /wp-login.php HTTP/1.1" 404 88 "" "Mozilla/5.0 (Windows NT 10.0; Win64; x64; rv:108.0) Gecko/20100101 Firefox/108.0" "metrocrimedaily.com"
164.90.170.66 - - [16/Jan/2023:12:42:03 -0800] "GET /wp-login.php HTTP/1.1" 404 88 "" "Mozilla/5.0 (Windows NT 10.0; Win64; x64; rv:108.0) Gecko/20100101 Firefox/108.0" "metrocrimedaily.com"
69.63.184.1 - - [16/Jan/2023:12:47:49 -0800] "GET /instagram-houston/01-16-2023-1447271-A.jpg HTTP/1.1" 200 110146 "-" "facebookexternalhit/1.1 (+http://www.facebook.com/externalhit_uatext.php)" "www.metrocrimedaily.com"
69.63.184.117 - - [16/Jan/2023:12:50:05 -0800] "GET /instagram-chicago/01-16-2023-1449421-A.jpg HTTP/1.1" 200 172222 "-" "facebookexternalhit/1.1 (+http://www.facebook.com/externalhit_uatext.php)" "www.metrocrimedaily.com"
69.63.184.117 - - [16/Jan/2023:12:51:07 -0800] "GET /instagram-dallas/01-16-2023-1435072-A.jpg HTTP/1.1" 200 62454 "-" "facebookexternalhit/1.1 (+http://www.facebook.com/externalhit_uatext.php)" "www.metrocrimedaily.com"
69.63.184.120 - - [16/Jan/2023:12:51:38 -0800] "GET /instagram-dallas/01-16-2023-1435073-A.jpg HTTP/1.1" 200 76228 "-" "facebookexternalhit/1.1 (+http://www.facebook.com/externalhit_uatext.php)" "www.metrocrimedaily.com"
69.63.184.2 - - [16/Jan/2023:12:52:09 -0800] "GET /instagram-detroit/01-16-2023-1451491-A.jpg HTTP/1.1" 200 111397 "-" "facebookexternalhit/1.1 (+http://www.facebook.com/externalhit_uatext.php)" "www.metrocrimedaily.com"
69.63.184.4 - - [16/Jan/2023:12:52:09 -0800] "GET /instagram-dallas/01-16-2023-1435074-A.jpg HTTP/1.1" 200 283497 "-" "facebookexternalhit/1.1 (+http://www.facebook.com/externalhit_uatext.php)" "www.metrocrimedaily.com"
69.63.184.116 - - [16/Jan/2023:12:52:35 -0800] "GET /instagram-stlouis/01-16-2023-1452121-A.jpg HTTP/1.1" 200 121176 "-" "facebookexternalhit/1.1 (+http://www.facebook.com/externalhit_uatext.php)" "www.metrocrimedaily.com"
69.63.184.117 - - [16/Jan/2023:12:52:40 -0800] "GET /instagram-dallas/01-16-2023-1435075-A.jpg HTTP/1.1" 200 255849 "-" "facebookexternalhit/1.1 (+http://www.facebook.com/externalhit_uatext.php)" "www.metrocrimedaily.com"
207.46.13.155 - - [16/Jan/2023:12:52:54 -0800] "GET /instagram-chicago/11-30-2022-1609511-Suburban-man-charged-after-authorities-find-appro.txt HTTP/1.1" 404 88 "-" "Mozilla/5.0 (compatible; bingbot/2.0; +http://www.bing.com/bingbot.htm)" "www.metrocrimedaily.com"
69.63.184.2 - - [16/Jan/2023:12:53:13 -0800] "GET /instagram-dallas/01-16-2023-1435076-A.jpg HTTP/1.1" 200 88951 "-" "facebookexternalhit/1.1 (+http://www.facebook.com/externalhit_uatext.php)" "www.metrocrimedaily.com"
69.63.184.116 - - [16/Jan/2023:12:58:19 -0800] "GET /instagram-losangeles/01-16-2023-1457591-A.jpg HTTP/1.1" 200 121405 "-" "facebookexternalhit/1.1 (+http://www.facebook.com/externalhit_uatext.php)" "www.metrocrimedaily.com"
51.222.253.4 - - [16/Jan/2023:13:00:20 -0800] "GET /robots.txt HTTP/1.1" 404 88 "-" "Mozilla/5.0 (compatible; AhrefsBot/7.0; +http://ahrefs.com/robot/)" "metrocrimedaily.com"
51.222.253.12 - - [16/Jan/2023:13:00:21 -0800] "GET /instagram-detroit/?C=N;O=D HTTP/1.1" 200 4451 "-" "Mozilla/5.0 (compatible; AhrefsBot/7.0; +http://ahrefs.com/robot/)" "metrocrimedaily.com"
69.63.184.4 - - [16/Jan/2023:13:03:18 -0800] "GET /instagram-houston/01-16-2023-1447272-A.jpg HTTP/1.1" 200 76599 "-" "facebookexternalhit/1.1 (+http://www.facebook.com/externalhit_uatext.php)" "www.metrocrimedaily.com"
69.63.184.120 - - [16/Jan/2023:13:05:40 -0800] "GET /instagram-chicago/01-16-2023-1449422-A.jpg HTTP/1.1" 200 88453 "-" "facebookexternalhit/1.1 (+http://www.facebook.com/externalhit_uatext.php)" "www.metrocrimedaily.com"
69.63.184.2 - - [16/Jan/2023:13:06:13 -0800] "GET /instagram-chicago/01-16-2023-1449423-A.jpg HTTP/1.1" 200 249987 "-" "facebookexternalhit/1.1 (+http://www.facebook.com/externalhit_uatext.php)" "www.metrocrimedaily.com"
69.63.184.120 - - [16/Jan/2023:13:06:45 -0800] "GET /instagram-chicago/01-16-2023-1449424-A.jpg HTTP/1.1" 200 565163 "-" "facebookexternalhit/1.1 (+http://www.facebook.com/externalhit_uatext.php)" "www.metrocrimedaily.com"
69.63.184.116 - - [16/Jan/2023:13:07:17 -0800] "GET /instagram-chicago/01-16-2023-1449425-A.jpg HTTP/1.1" 200 131170 "-" "facebookexternalhit/1.1 (+http://www.facebook.com/externalhit_uatext.php)" "www.metrocrimedaily.com"
69.63.184.3 - - [16/Jan/2023:13:18:49 -0800] "GET /instagram-houston/01-16-2023-1447273-A.jpg HTTP/1.1" 200 282370 "-" "facebookexternalhit/1.1 (+http://www.facebook.com/externalhit_uatext.php)" "www.metrocrimedaily.com"
69.63.184.2 - - [16/Jan/2023:13:28:50 -0800] "GET /instagram-dallas/01-16-2023-1528271-A.jpg HTTP/1.1" 200 302773 "-" "facebookexternalhit/1.1 (+http://www.facebook.com/externalhit_uatext.php)" "www.metrocrimedaily.com"
69.63.184.120 - - [16/Jan/2023:13:33:09 -0800] "GET /instagram-memphis/01-16-2023-1532491-A.jpg HTTP/1.1" 200 106582 "-" "facebookexternalhit/1.1 (+http://www.facebook.com/externalhit_uatext.php)" "www.metrocrimedaily.com"
69.63.184.117 - - [16/Jan/2023:13:39:47 -0800] "GET /instagram-stlouis/01-16-2023-1539261-A.jpg HTTP/1.1" 200 625555 "-" "facebookexternalhit/1.1 (+http://www.facebook.com/externalhit_uatext.php)" "www.metrocrimedaily.com"
69.63.184.120 - - [16/Jan/2023:13:57:39 -0800] "GET /instagram-neworleans/01-16-2023-1557191-A.jpg HTTP/1.1" 200 148530 "-" "facebookexternalhit/1.1 (+http://www.facebook.com/externalhit_uatext.php)" "www.metrocrimedaily.com"
69.63.184.3 - - [16/Jan/2023:13:57:50 -0800] "GET /instagram-houston/01-16-2023-1557291-A.jpg HTTP/1.1" 200 56161 "-" "facebookexternalhit/1.1 (+http://www.facebook.com/externalhit_uatext.php)" "www.metrocrimedaily.com"
69.63.184.119 - - [16/Jan/2023:14:02:45 -0800] "GET /instagram-memphis/01-16-2023-1602261-A.jpg HTTP/1.1" 200 99432 "-" "facebookexternalhit/1.1 (+http://www.facebook.com/externalhit_uatext.php)" "www.metrocrimedaily.com"
69.63.184.2 - - [16/Jan/2023:14:03:12 -0800] "GET /instagram-memphis/01-16-2023-1602262-A.jpg HTTP/1.1" 200 80706 "-" "facebookexternalhit/1.1 (+http://www.facebook.com/externalhit_uatext.php)" "www.metrocrimedaily.com"
69.63.184.120 - - [16/Jan/2023:14:04:36 -0800] "GET /instagram-detroit/01-16-2023-1604161-A.jpg HTTP/1.1" 200 190942 "-" "facebookexternalhit/1.1 (+http://www.facebook.com/externalhit_uatext.php)" "www.metrocrimedaily.com"
69.63.184.118 - - [16/Jan/2023:14:20:06 -0800] "GET /instagram-detroit/01-16-2023-1604162-A.jpg HTTP/1.1" 200 81445 "-" "facebookexternalhit/1.1 (+http://www.facebook.com/externalhit_uatext.php)" "www.metrocrimedaily.com"
69.63.184.5 - - [16/Jan/2023:14:22:26 -0800] "GET /instagram-dallas/01-16-2023-1622031-A.jpg HTTP/1.1" 200 197895 "-" "facebookexternalhit/1.1 (+http://www.facebook.com/externalhit_uatext.php)" "www.metrocrimedaily.com"
69.63.184.116 - - [16/Jan/2023:14:22:57 -0800] "GET /instagram-dallas/01-16-2023-1622032-A.jpg HTTP/1.1" 200 76228 "-" "facebookexternalhit/1.1 (+http://www.facebook.com/externalhit_uatext.php)" "www.metrocrimedaily.com"
69.63.184.117 - - [16/Jan/2023:14:23:27 -0800] "GET /instagram-dallas/01-16-2023-1622033-A.jpg HTTP/1.1" 200 137086 "-" "facebookexternalhit/1.1 (+http://www.facebook.com/externalhit_uatext.php)" "www.metrocrimedaily.com"
173.233.105.83 - - [16/Jan/2023:14:25:38 -0800] "GET / HTTP/1.1" 200 99183 "-" "Mozilla/5.0 (Linux; Android 13; SM-S901U) AppleWebKit/537.36 (KHTML, like Gecko) Chrome/109.0.0.0 Mobile Safari/537.36" "www.metrocrimedaily.com"
173.233.105.83 - - [16/Jan/2023:14:25:39 -0800] "GET /styles-mcd.css HTTP/1.1" 200 1159 "http://www.metrocrimedaily.com/" "Mozilla/5.0 (Linux; Android 13; SM-S901U) AppleWebKit/537.36 (KHTML, like Gecko) Chrome/109.0.0.0 Mobile Safari/537.36" "www.metrocrimedaily.com"
173.233.105.83 - - [16/Jan/2023:14:25:39 -0800] "GET /images/crimeinthed-logo.jpg HTTP/1.1" 200 14960 "http://www.metrocrimedaily.com/" "Mozilla/5.0 (Linux; Android 13; SM-S901U) AppleWebKit/537.36 (KHTML, like Gecko) Chrome/109.0.0.0 Mobile Safari/537.36" "www.metrocrimedaily.com"
173.233.105.83 - - [16/Jan/2023:14:25:39 -0800] "GET /images/police-tape.jpg HTTP/1.1" 200 50766 "http://www.metrocrimedaily.com/" "Mozilla/5.0 (Linux; Android 13; SM-S901U) AppleWebKit/537.36 (KHTML, like Gecko) Chrome/109.0.0.0 Mobile Safari/537.36" "metrocrimedaily.com"
173.233.105.83 - - [16/Jan/2023:14:25:39 -0800] "GET /images/facebook-logo-tiny.png HTTP/1.1" 200 1280 "http://www.metrocrimedaily.com/" "Mozilla/5.0 (Linux; Android 13; SM-S901U) AppleWebKit/537.36 (KHTML, like Gecko) Chrome/109.0.0.0 Mobile Safari/537.36" "www.metrocrimedaily.com"
173.233.105.83 - - [16/Jan/2023:14:25:39 -0800] "GET /images/twitter-logo-b-tiny.png HTTP/1.1" 200 1600 "http://www.metrocrimedaily.com/" "Mozilla/5.0 (Linux; Android 13; SM-S901U) AppleWebKit/537.36 (KHTML, like Gecko) Chrome/109.0.0.0 Mobile Safari/537.36" "www.metrocrimedaily.com"
173.233.105.83 - - [16/Jan/2023:14:25:39 -0800] "GET /images/youtube-logo-tiny.png HTTP/1.1" 200 689 "http://www.metrocrimedaily.com/" "Mozilla/5.0 (Linux; Android 13; SM-S901U) AppleWebKit/537.36 (KHTML, like Gecko) Chrome/109.0.0.0 Mobile Safari/537.36" "www.metrocrimedaily.com"
173.233.105.83 - - [16/Jan/2023:14:26:01 -0800] "GET /favicon.ico HTTP/1.1" 404 88 "http://www.metrocrimedaily.com/" "Mozilla/5.0 (Linux; Android 13; SM-S901U) AppleWebKit/537.36 (KHTML, like Gecko) Chrome/109.0.0.0 Mobile Safari/537.36" "www.metrocrimedaily.com"
69.63.184.117 - - [16/Jan/2023:14:29:12 -0800] "GET /instagram-stlouis/01-16-2023-1628511-A.jpg HTTP/1.1" 200 261608 "-" "facebookexternalhit/1.1 (+http://www.facebook.com/externalhit_uatext.php)" "www.metrocrimedaily.com"
69.63.184.3 - - [16/Jan/2023:14:30:01 -0800] "GET /instagram-memphis/01-16-2023-1629411-A.jpg HTTP/1.1" 200 87054 "-" "facebookexternalhit/1.1 (+http://www.facebook.com/externalhit_uatext.php)" "www.metrocrimedaily.com"
172.58.123.226 - - [16/Jan/2023:14:33:16 -0800] "GET / HTTP/1.1" 200 99183 "-" "Mozilla/5.0 (Linux; Android 12; moto g stylus 5G) AppleWebKit/537.36 (KHTML, like Gecko) Chrome/109.0.0.0 Mobile Safari/537.36" "www.metrocrimedaily.com"
172.58.123.226 - - [16/Jan/2023:14:33:16 -0800] "GET /styles-mcd.css HTTP/1.1" 200 1159 "-" "Mozilla/5.0 (Linux; Android 12; moto g stylus 5G) AppleWebKit/537.36 (KHTML, like Gecko) Chrome/109.0.0.0 Mobile Safari/537.36" "www.metrocrimedaily.com"
172.58.123.226 - - [16/Jan/2023:14:33:17 -0800] "GET /images/crimeinthed-logo.jpg HTTP/1.1" 200 14960 "http://www.metrocrimedaily.com/" "Mozilla/5.0 (Linux; Android 12; moto g stylus 5G) AppleWebKit/537.36 (KHTML, like Gecko) Chrome/109.0.0.0 Mobile Safari/537.36" "www.metrocrimedaily.com"
172.58.123.226 - - [16/Jan/2023:14:33:18 -0800] "GET /images/police-tape.jpg HTTP/1.1" 200 50766 "http://www.metrocrimedaily.com/" "Mozilla/5.0 (Linux; Android 12; moto g stylus 5G) AppleWebKit/537.36 (KHTML, like Gecko) Chrome/109.0.0.0 Mobile Safari/537.36" "metrocrimedaily.com"
172.58.123.226 - - [16/Jan/2023:14:33:18 -0800] "GET /images/facebook-logo-tiny.png HTTP/1.1" 200 1280 "http://www.metrocrimedaily.com/" "Mozilla/5.0 (Linux; Android 12; moto g stylus 5G) AppleWebKit/537.36 (KHTML, like Gecko) Chrome/109.0.0.0 Mobile Safari/537.36" "www.metrocrimedaily.com"
172.58.123.226 - - [16/Jan/2023:14:33:18 -0800] "GET /images/youtube-logo-tiny.png HTTP/1.1" 200 689 "http://www.metrocrimedaily.com/" "Mozilla/5.0 (Linux; Android 12; moto g stylus 5G) AppleWebKit/537.36 (KHTML, like Gecko) Chrome/109.0.0.0 Mobile Safari/537.36" "www.metrocrimedaily.com"
172.58.123.226 - - [16/Jan/2023:14:33:18 -0800] "GET /images/twitter-logo-b-tiny.png HTTP/1.1" 200 1600 "http://www.metrocrimedaily.com/" "Mozilla/5.0 (Linux; Android 12; moto g stylus 5G) AppleWebKit/537.36 (KHTML, like Gecko) Chrome/109.0.0.0 Mobile Safari/537.36" "www.metrocrimedaily.com"
172.58.123.226 - - [16/Jan/2023:14:33:26 -0800] "GET /favicon.ico HTTP/1.1" 404 88 "http://www.metrocrimedaily.com/" "Mozilla/5.0 (Linux; Android 12; moto g stylus 5G) AppleWebKit/537.36 (KHTML, like Gecko) Chrome/109.0.0.0 Mobile Safari/537.36" "www.metrocrimedaily.com"
82.18.232.125 - - [16/Jan/2023:14:40:46 -0800] "GET / HTTP/1.1" 200 99560 "https://www.google.com/" "Mozilla/5.0 (Windows NT 10.0; Win64; x64) AppleWebKit/537.36 (KHTML, like Gecko) Chrome/109.0.0.0 Safari/537.36 Edg/109.0.1518.55" "www.metrocrimedaily.com"
82.18.232.125 - - [16/Jan/2023:14:40:47 -0800] "GET /styles-mcd.css HTTP/1.1" 200 1159 "http://www.metrocrimedaily.com/" "Mozilla/5.0 (Windows NT 10.0; Win64; x64) AppleWebKit/537.36 (KHTML, like Gecko) Chrome/109.0.0.0 Safari/537.36 Edg/109.0.1518.55" "www.metrocrimedaily.com"
82.18.232.125 - - [16/Jan/2023:14:40:47 -0800] "GET /images/crimeinthed-logo.jpg HTTP/1.1" 200 14960 "http://www.metrocrimedaily.com/" "Mozilla/5.0 (Windows NT 10.0; Win64; x64) AppleWebKit/537.36 (KHTML, like Gecko) Chrome/109.0.0.0 Safari/537.36 Edg/109.0.1518.55" "www.metrocrimedaily.com"
82.18.232.125 - - [16/Jan/2023:14:40:47 -0800] "GET /images/police-tape.jpg HTTP/1.1" 200 50766 "http://www.metrocrimedaily.com/" "Mozilla/5.0 (Windows NT 10.0; Win64; x64) AppleWebKit/537.36 (KHTML, like Gecko) Chrome/109.0.0.0 Safari/537.36 Edg/109.0.1518.55" "metrocrimedaily.com"
82.18.232.125 - - [16/Jan/2023:14:40:47 -0800] "GET /images/facebook-logo-tiny.png HTTP/1.1" 200 1280 "http://www.metrocrimedaily.com/" "Mozilla/5.0 (Windows NT 10.0; Win64; x64) AppleWebKit/537.36 (KHTML, like Gecko) Chrome/109.0.0.0 Safari/537.36 Edg/109.0.1518.55" "www.metrocrimedaily.com"
82.18.232.125 - - [16/Jan/2023:14:40:47 -0800] "GET /images/youtube-logo-tiny.png HTTP/1.1" 200 689 "http://www.metrocrimedaily.com/" "Mozilla/5.0 (Windows NT 10.0; Win64; x64) AppleWebKit/537.36 (KHTML, like Gecko) Chrome/109.0.0.0 Safari/537.36 Edg/109.0.1518.55" "www.metrocrimedaily.com"
82.18.232.125 - - [16/Jan/2023:14:40:47 -0800] "GET /images/twitter-logo-b-tiny.png HTTP/1.1" 200 1600 "http://www.metrocrimedaily.com/" "Mozilla/5.0 (Windows NT 10.0; Win64; x64) AppleWebKit/537.36 (KHTML, like Gecko) Chrome/109.0.0.0 Safari/537.36 Edg/109.0.1518.55" "www.metrocrimedaily.com"
82.18.232.125 - - [16/Jan/2023:14:40:50 -0800] "GET /favicon.ico HTTP/1.1" 404 88 "http://www.metrocrimedaily.com/" "Mozilla/5.0 (Windows NT 10.0; Win64; x64) AppleWebKit/537.36 (KHTML, like Gecko) Chrome/109.0.0.0 Safari/537.36 Edg/109.0.1518.55" "www.metrocrimedaily.com"
51.222.253.8 - - [16/Jan/2023:14:44:30 -0800] "GET / HTTP/1.1" 200 99560 "-" "Mozilla/5.0 (compatible; AhrefsBot/7.0; +http://ahrefs.com/robot/)" "www.metrocrimedaily.com"
69.63.184.116 - - [16/Jan/2023:14:44:43 -0800] "GET /instagram-stlouis/01-16-2023-1628512-A.jpg HTTP/1.1" 200 265100 "-" "facebookexternalhit/1.1 (+http://www.facebook.com/externalhit_uatext.php)" "www.metrocrimedaily.com"
37.140.192.145 - - [16/Jan/2023:14:47:40 -0800] "GET /wp-login.php HTTP/1.1" 404 88 "" "Mozilla/5.0 (Windows NT 10.0; Win64; x64; rv:108.0) Gecko/20100101 Firefox/108.0" "www.metrocrimedaily.com"
69.63.184.4 - - [16/Jan/2023:14:56:12 -0800] "GET /instagram-memphis/01-16-2023-1655521-A.jpg HTTP/1.1" 200 123112 "-" "facebookexternalhit/1.1 (+http://www.facebook.com/externalhit_uatext.php)" "www.metrocrimedaily.com"
69.63.184.5 - - [16/Jan/2023:14:59:25 -0800] "GET /instagram-dallas/01-16-2023-1659011-A.jpg HTTP/1.1" 200 154147 "-" "facebookexternalhit/1.1 (+http://www.facebook.com/externalhit_uatext.php)" "www.metrocrimedaily.com"
69.63.184.118 - - [16/Jan/2023:15:04:18 -0800] "GET /instagram-houston/01-16-2023-1703511-A.jpg HTTP/1.1" 200 98108 "-" "facebookexternalhit/1.1 (+http://www.facebook.com/externalhit_uatext.php)" "www.metrocrimedaily.com"
69.63.184.1 - - [16/Jan/2023:15:07:24 -0800] "GET /instagram-neworleans/01-16-2023-1707021-A.jpg HTTP/1.1" 200 435952 "-" "facebookexternalhit/1.1 (+http://www.facebook.com/externalhit_uatext.php)" "www.metrocrimedaily.com"
164.90.170.66 - - [16/Jan/2023:15:08:26 -0800] "GET /wp-login.php HTTP/1.1" 404 88 "" "Mozilla/5.0 (Windows NT 10.0; Win64; x64; rv:108.0) Gecko/20100101 Firefox/108.0" "metrocrimedaily.com"
69.63.184.118 - - [16/Jan/2023:15:19:50 -0800] "GET /instagram-houston/01-16-2023-1703512-A.jpg HTTP/1.1" 200 112331 "-" "facebookexternalhit/1.1 (+http://www.facebook.com/externalhit_uatext.php)" "www.metrocrimedaily.com"
69.63.184.2 - - [16/Jan/2023:15:31:39 -0800] "GET /instagram-detroit/01-16-2023-1731101-A.jpg HTTP/1.1" 200 185126 "-" "facebookexternalhit/1.1 (+http://www.facebook.com/externalhit_uatext.php)" "www.metrocrimedaily.com"
69.63.184.120 - - [16/Jan/2023:15:35:20 -0800] "GET /instagram-houston/01-16-2023-1703513-A.jpg HTTP/1.1" 200 151806 "-" "facebookexternalhit/1.1 (+http://www.facebook.com/externalhit_uatext.php)" "www.metrocrimedaily.com"
207.46.13.109 - - [16/Jan/2023:15:38:23 -0800] "GET /instagram-detroit/12-22-2022-1157381-10-year-old-stabbed-by-9-year-old-with-pocket-kni.txt HTTP/1.1" 404 88 "-" "Mozilla/5.0 AppleWebKit/537.36 (KHTML, like Gecko; compatible; bingbot/2.0; +http://www.bing.com/bingbot.htm) Chrome/103.0.5060.134 Safari/537.36" "www.metrocrimedaily.com"
69.63.184.116 - - [16/Jan/2023:15:42:32 -0800] "GET /instagram-chicago/01-16-2023-1742071-A.jpg HTTP/1.1" 200 161984 "-" "facebookexternalhit/1.1 (+http://www.facebook.com/externalhit_uatext.php)" "www.metrocrimedaily.com"
172.58.87.102 - - [16/Jan/2023:15:45:19 -0800] "GET / HTTP/1.1" 200 99560 "-" "Mozilla/5.0 (Linux; Android 11; Wiko U316AT Build/RP1A.200720.011) AppleWebKit/537.36 (KHTML, like Gecko) Chrome/93.0.4577.62 Mobile Safari/537.36" "www.metrocrimedaily.com"
172.58.87.102 - - [16/Jan/2023:15:45:19 -0800] "GET /styles-mcd.css HTTP/1.1" 200 1159 "http://www.metrocrimedaily.com/" "Mozilla/5.0 (Linux; Android 11; Wiko U316AT Build/RP1A.200720.011) AppleWebKit/537.36 (KHTML, like Gecko) Chrome/93.0.4577.62 Mobile Safari/537.36" "www.metrocrimedaily.com"
172.58.87.102 - - [16/Jan/2023:15:45:20 -0800] "GET /images/crimeinthed-logo.jpg HTTP/1.1" 200 14960 "http://www.metrocrimedaily.com/" "Mozilla/5.0 (Linux; Android 11; Wiko U316AT Build/RP1A.200720.011) AppleWebKit/537.36 (KHTML, like Gecko) Chrome/93.0.4577.62 Mobile Safari/537.36" "www.metrocrimedaily.com"
172.58.87.102 - - [16/Jan/2023:15:45:28 -0800] "GET /images/facebook-logo-tiny.png HTTP/1.1" 200 1280 "http://www.metrocrimedaily.com/" "Mozilla/5.0 (Linux; Android 11; Wiko U316AT Build/RP1A.200720.011) AppleWebKit/537.36 (KHTML, like Gecko) Chrome/93.0.4577.62 Mobile Safari/537.36" "www.metrocrimedaily.com"
172.58.87.102 - - [16/Jan/2023:15:45:37 -0800] "GET /images/youtube-logo-tiny.png HTTP/1.1" 200 689 "http://www.metrocrimedaily.com/" "Mozilla/5.0 (Linux; Android 11; Wiko U316AT Build/RP1A.200720.011) AppleWebKit/537.36 (KHTML, like Gecko) Chrome/93.0.4577.62 Mobile Safari/537.36" "www.metrocrimedaily.com"
172.58.87.102 - - [16/Jan/2023:15:45:44 -0800] "GET /images/twitter-logo-b-tiny.png HTTP/1.1" 200 1600 "http://www.metrocrimedaily.com/" "Mozilla/5.0 (Linux; Android 11; Wiko U316AT Build/RP1A.200720.011) AppleWebKit/537.36 (KHTML, like Gecko) Chrome/93.0.4577.62 Mobile Safari/537.36" "www.metrocrimedaily.com"
172.58.87.102 - - [16/Jan/2023:15:46:04 -0800] "GET /www.clickondetroit.com HTTP/1.1" 404 88 "http://www.metrocrimedaily.com/" "Mozilla/5.0 (Linux; Android 11; Wiko U316AT Build/RP1A.200720.011) AppleWebKit/537.36 (KHTML, like Gecko) Chrome/93.0.4577.62 Mobile Safari/537.36" "www.metrocrimedaily.com"
172.58.87.102 - - [16/Jan/2023:15:46:26 -0800] "GET /favicon.ico HTTP/1.1" 404 88 "http://www.metrocrimedaily.com/www.clickondetroit.com" "Mozilla/5.0 (Linux; Android 11; Wiko U316AT Build/RP1A.200720.011) AppleWebKit/537.36 (KHTML, like Gecko) Chrome/93.0.4577.62 Mobile Safari/537.36" "www.metrocrimedaily.com"
69.63.184.116 - - [16/Jan/2023:15:47:11 -0800] "GET /instagram-detroit/01-16-2023-1731102-A.jpg HTTP/1.1" 200 155731 "-" "facebookexternalhit/1.1 (+http://www.facebook.com/externalhit_uatext.php)" "www.metrocrimedaily.com"
172.58.87.102 - - [16/Jan/2023:15:47:14 -0800] "GET /favicon.ico HTTP/1.1" 404 88 "http://www.metrocrimedaily.com/" "Mozilla/5.0 (Linux; Android 11; Wiko U316AT Build/RP1A.200720.011) AppleWebKit/537.36 (KHTML, like Gecko) Chrome/93.0.4577.62 Mobile Safari/537.36" "www.metrocrimedaily.com"
172.58.87.102 - - [16/Jan/2023:15:48:27 -0800] "GET / HTTP/1.1" 200 99560 "-" "Mozilla/5.0 (Linux; Android 11; Wiko U316AT Build/RP1A.200720.011) AppleWebKit/537.36 (KHTML, like Gecko) Chrome/93.0.4577.62 Mobile Safari/537.36" "www.metrocrimedaily.com"
172.58.87.102 - - [16/Jan/2023:15:48:31 -0800] "GET /images/police-tape.jpg HTTP/1.1" 200 50766 "http://www.metrocrimedaily.com/" "Mozilla/5.0 (Linux; Android 11; Wiko U316AT Build/RP1A.200720.011) AppleWebKit/537.36 (KHTML, like Gecko) Chrome/93.0.4577.62 Mobile Safari/537.36" "metrocrimedaily.com"
69.63.184.5 - - [16/Jan/2023:15:50:51 -0800] "GET /instagram-houston/01-16-2023-1703514-A.jpg HTTP/1.1" 200 179636 "-" "facebookexternalhit/1.1 (+http://www.facebook.com/externalhit_uatext.php)" "www.metrocrimedaily.com"
69.63.184.118 - - [16/Jan/2023:15:55:48 -0800] "GET /instagram-neworleans/01-16-2023-1755071-A.jpg HTTP/1.1" 200 134331 "-" "facebookexternalhit/1.1 (+http://www.facebook.com/externalhit_uatext.php)" "www.metrocrimedaily.com"
69.63.184.119 - - [16/Jan/2023:15:57:18 -0800] "GET /instagram-stlouis/01-16-2023-1756571-A.jpg HTTP/1.1" 200 85275 "-" "facebookexternalhit/1.1 (+http://www.facebook.com/externalhit_uatext.php)" "www.metrocrimedaily.com"
