69.63.184.120 - - [13/Jan/2023:16:00:27 -0800] "GET /instagram-stlouis/01-13-2023-1729043-A.jpg HTTP/1.1" 200 208140 "-" "facebookexternalhit/1.1 (+http://www.facebook.com/externalhit_uatext.php)" "www.metrocrimedaily.com"
51.222.253.5 - - [13/Jan/2023:16:03:55 -0800] "GET /contact-us.html HTTP/1.1" 200 765 "-" "Mozilla/5.0 (compatible; AhrefsBot/7.0; +http://ahrefs.com/robot/)" "metrocrimedaily.com"
69.63.184.118 - - [13/Jan/2023:16:08:02 -0800] "GET /instagram-detroit/01-13-2023-1735463-A.jpg HTTP/1.1" 200 95649 "-" "facebookexternalhit/1.1 (+http://www.facebook.com/externalhit_uatext.php)" "www.metrocrimedaily.com"
92.204.128.97 - - [13/Jan/2023:16:08:44 -0800] "GET /wp-login.php HTTP/1.1" 404 88 "" "Mozilla/5.0 (Windows NT 10.0; Win64; x64; rv:108.0) Gecko/20100101 Firefox/108.0" "metrocrimedaily.com"
69.63.184.3 - - [13/Jan/2023:16:10:50 -0800] "GET /instagram-chicago/01-13-2023-1810291-A.jpg HTTP/1.1" 200 69343 "-" "facebookexternalhit/1.1 (+http://www.facebook.com/externalhit_uatext.php)" "www.metrocrimedaily.com"
69.63.184.3 - - [13/Jan/2023:16:15:59 -0800] "GET /instagram-stlouis/01-13-2023-1729044-A.jpg HTTP/1.1" 200 200444 "-" "facebookexternalhit/1.1 (+http://www.facebook.com/externalhit_uatext.php)" "www.metrocrimedaily.com"
66.227.141.70 - - [13/Jan/2023:16:19:02 -0800] "GET / HTTP/1.1" 200 87761 "https://www.google.com/" "Mozilla/5.0 (Windows NT 10.0; Win64; x64) AppleWebKit/537.36 (KHTML, like Gecko) Chrome/109.0.0.0 Safari/537.36" "www.metrocrimedaily.com"
66.227.141.70 - - [13/Jan/2023:16:19:02 -0800] "GET /styles-mcd.css HTTP/1.1" 200 1159 "http://www.metrocrimedaily.com/" "Mozilla/5.0 (Windows NT 10.0; Win64; x64) AppleWebKit/537.36 (KHTML, like Gecko) Chrome/109.0.0.0 Safari/537.36" "www.metrocrimedaily.com"
66.227.141.70 - - [13/Jan/2023:16:19:02 -0800] "GET /images/crimeinthed-logo.jpg HTTP/1.1" 200 14960 "http://www.metrocrimedaily.com/" "Mozilla/5.0 (Windows NT 10.0; Win64; x64) AppleWebKit/537.36 (KHTML, like Gecko) Chrome/109.0.0.0 Safari/537.36" "www.metrocrimedaily.com"
66.227.141.70 - - [13/Jan/2023:16:19:02 -0800] "GET /images/police-tape.jpg HTTP/1.1" 200 50766 "http://www.metrocrimedaily.com/" "Mozilla/5.0 (Windows NT 10.0; Win64; x64) AppleWebKit/537.36 (KHTML, like Gecko) Chrome/109.0.0.0 Safari/537.36" "metrocrimedaily.com"
66.227.141.70 - - [13/Jan/2023:16:19:03 -0800] "GET /images/facebook-logo-tiny.png HTTP/1.1" 200 1280 "http://www.metrocrimedaily.com/" "Mozilla/5.0 (Windows NT 10.0; Win64; x64) AppleWebKit/537.36 (KHTML, like Gecko) Chrome/109.0.0.0 Safari/537.36" "www.metrocrimedaily.com"
66.227.141.70 - - [13/Jan/2023:16:19:03 -0800] "GET /images/youtube-logo-tiny.png HTTP/1.1" 200 689 "http://www.metrocrimedaily.com/" "Mozilla/5.0 (Windows NT 10.0; Win64; x64) AppleWebKit/537.36 (KHTML, like Gecko) Chrome/109.0.0.0 Safari/537.36" "www.metrocrimedaily.com"
66.227.141.70 - - [13/Jan/2023:16:19:03 -0800] "GET /images/twitter-logo-b-tiny.png HTTP/1.1" 200 1600 "http://www.metrocrimedaily.com/" "Mozilla/5.0 (Windows NT 10.0; Win64; x64) AppleWebKit/537.36 (KHTML, like Gecko) Chrome/109.0.0.0 Safari/537.36" "www.metrocrimedaily.com"
69.63.189.116 - - [13/Jan/2023:16:23:35 -0800] "GET /instagram-detroit/01-13-2023-1735464-A.jpg HTTP/1.1" 200 200579 "-" "facebookexternalhit/1.1 (+http://www.facebook.com/externalhit_uatext.php)" "www.metrocrimedaily.com"
69.63.189.3 - - [13/Jan/2023:16:26:23 -0800] "GET /instagram-chicago/01-13-2023-1810292-A.jpg HTTP/1.1" 200 98081 "-" "facebookexternalhit/1.1 (+http://www.facebook.com/externalhit_uatext.php)" "www.metrocrimedaily.com"
69.63.184.2 - - [13/Jan/2023:16:31:31 -0800] "GET /instagram-stlouis/01-13-2023-1729045-A.jpg HTTP/1.1" 200 379629 "-" "facebookexternalhit/1.1 (+http://www.facebook.com/externalhit_uatext.php)" "www.metrocrimedaily.com"
69.63.184.3 - - [13/Jan/2023:16:34:40 -0800] "GET /instagram-neworleans/01-13-2023-1834211-A.jpg HTTP/1.1" 200 162897 "-" "facebookexternalhit/1.1 (+http://www.facebook.com/externalhit_uatext.php)" "www.metrocrimedaily.com"
69.63.184.116 - - [13/Jan/2023:16:41:56 -0800] "GET /instagram-chicago/01-13-2023-1810293-A.jpg HTTP/1.1" 200 154130 "-" "facebookexternalhit/1.1 (+http://www.facebook.com/externalhit_uatext.php)" "www.metrocrimedaily.com"
69.63.184.3 - - [13/Jan/2023:16:44:15 -0800] "GET /instagram-memphis/01-13-2023-1843561-A.jpg HTTP/1.1" 200 89690 "-" "facebookexternalhit/1.1 (+http://www.facebook.com/externalhit_uatext.php)" "www.metrocrimedaily.com"
69.63.184.119 - - [13/Jan/2023:16:47:02 -0800] "GET /instagram-stlouis/01-13-2023-1729046-A.jpg HTTP/1.1" 200 163902 "-" "facebookexternalhit/1.1 (+http://www.facebook.com/externalhit_uatext.php)" "www.metrocrimedaily.com"
69.63.184.118 - - [13/Jan/2023:16:51:03 -0800] "GET /instagram-dallas/01-13-2023-1850421-A.jpg HTTP/1.1" 200 148078 "-" "facebookexternalhit/1.1 (+http://www.facebook.com/externalhit_uatext.php)" "www.metrocrimedaily.com"
69.63.184.3 - - [13/Jan/2023:16:51:30 -0800] "GET /instagram-dallas/01-13-2023-1850422-A.jpg HTTP/1.1" 200 216549 "-" "facebookexternalhit/1.1 (+http://www.facebook.com/externalhit_uatext.php)" "www.metrocrimedaily.com"
69.63.184.116 - - [13/Jan/2023:16:51:59 -0800] "GET /instagram-dallas/01-13-2023-1850423-A.jpg HTTP/1.1" 200 160179 "-" "facebookexternalhit/1.1 (+http://www.facebook.com/externalhit_uatext.php)" "www.metrocrimedaily.com"
69.63.184.5 - - [13/Jan/2023:16:52:25 -0800] "GET /instagram-dallas/01-13-2023-1850424-A.jpg HTTP/1.1" 200 59541 "-" "facebookexternalhit/1.1 (+http://www.facebook.com/externalhit_uatext.php)" "www.metrocrimedaily.com"
69.63.184.4 - - [13/Jan/2023:16:52:51 -0800] "GET /instagram-dallas/01-13-2023-1850425-A.jpg HTTP/1.1" 200 177642 "-" "facebookexternalhit/1.1 (+http://www.facebook.com/externalhit_uatext.php)" "www.metrocrimedaily.com"
69.63.184.120 - - [13/Jan/2023:16:53:19 -0800] "GET /instagram-dallas/01-13-2023-1850426-A.jpg HTTP/1.1" 200 154705 "-" "facebookexternalhit/1.1 (+http://www.facebook.com/externalhit_uatext.php)" "www.metrocrimedaily.com"
69.63.184.1 - - [13/Jan/2023:16:53:45 -0800] "GET /instagram-dallas/01-13-2023-1850427-A.jpg HTTP/1.1" 200 58393 "-" "facebookexternalhit/1.1 (+http://www.facebook.com/externalhit_uatext.php)" "www.metrocrimedaily.com"
69.63.184.5 - - [13/Jan/2023:16:54:12 -0800] "GET /instagram-dallas/01-13-2023-1850428-A.jpg HTTP/1.1" 200 259124 "-" "facebookexternalhit/1.1 (+http://www.facebook.com/externalhit_uatext.php)" "www.metrocrimedaily.com"
69.63.184.120 - - [13/Jan/2023:16:54:41 -0800] "GET /instagram-dallas/01-13-2023-1850429-A.jpg HTTP/1.1" 200 206806 "-" "facebookexternalhit/1.1 (+http://www.facebook.com/externalhit_uatext.php)" "www.metrocrimedaily.com"
69.63.184.120 - - [13/Jan/2023:16:57:30 -0800] "GET /instagram-chicago/01-13-2023-1810294-A.jpg HTTP/1.1" 200 81489 "-" "facebookexternalhit/1.1 (+http://www.facebook.com/externalhit_uatext.php)" "www.metrocrimedaily.com"
69.63.184.1 - - [13/Jan/2023:16:57:57 -0800] "GET /instagram-chicago/01-13-2023-1810295-A.jpg HTTP/1.1" 200 61737 "-" "facebookexternalhit/1.1 (+http://www.facebook.com/externalhit_uatext.php)" "www.metrocrimedaily.com"
51.222.253.14 - - [13/Jan/2023:17:24:35 -0800] "GET /instagram-monroe/?C=M;O=D HTTP/1.1" 200 357 "-" "Mozilla/5.0 (compatible; AhrefsBot/7.0; +http://ahrefs.com/robot/)" "metrocrimedaily.com"
69.63.184.2 - - [13/Jan/2023:17:30:11 -0800] "GET /instagram-dallas/01-13-2023-1929501-A.jpg HTTP/1.1" 200 119719 "-" "facebookexternalhit/1.1 (+http://www.facebook.com/externalhit_uatext.php)" "www.metrocrimedaily.com"
69.63.184.3 - - [13/Jan/2023:17:31:52 -0800] "GET /instagram-memphis/01-13-2023-1931311-A.jpg HTTP/1.1" 200 135237 "-" "facebookexternalhit/1.1 (+http://www.facebook.com/externalhit_uatext.php)" "www.metrocrimedaily.com"
69.63.184.118 - - [13/Jan/2023:17:37:07 -0800] "GET /instagram-losangeles/01-13-2023-1936461-A.jpg HTTP/1.1" 200 502337 "-" "facebookexternalhit/1.1 (+http://www.facebook.com/externalhit_uatext.php)" "www.metrocrimedaily.com"
66.249.66.87 - - [13/Jan/2023:17:38:40 -0800] "GET /robots.txt HTTP/1.1" 404 88 "-" "Mozilla/5.0 (compatible; Googlebot/2.1; +http://www.google.com/bot.html)" "www.metrocrimedaily.com"
69.63.184.120 - - [13/Jan/2023:17:39:06 -0800] "GET /instagram-stlouis/01-13-2023-1938471-A.jpg HTTP/1.1" 200 183027 "-" "facebookexternalhit/1.1 (+http://www.facebook.com/externalhit_uatext.php)" "www.metrocrimedaily.com"
69.63.184.5 - - [13/Jan/2023:17:44:47 -0800] "GET /instagram-chicago/01-13-2023-1944261-A.jpg HTTP/1.1" 200 98048 "-" "facebookexternalhit/1.1 (+http://www.facebook.com/externalhit_uatext.php)" "www.metrocrimedaily.com"
69.63.184.116 - - [13/Jan/2023:17:45:31 -0800] "GET /instagram-detroit/01-13-2023-1944261-A.jpg HTTP/1.1" 200 207423 "-" "facebookexternalhit/1.1 (+http://www.facebook.com/externalhit_uatext.php)" "www.metrocrimedaily.com"
69.63.184.5 - - [13/Jan/2023:17:47:20 -0800] "GET /instagram-memphis/01-13-2023-1931312-A.jpg HTTP/1.1" 200 133121 "-" "facebookexternalhit/1.1 (+http://www.facebook.com/externalhit_uatext.php)" "www.metrocrimedaily.com"
69.63.184.3 - - [13/Jan/2023:17:49:51 -0800] "GET /instagram-neworleans/01-13-2023-1949321-A.jpg HTTP/1.1" 200 133622 "-" "facebookexternalhit/1.1 (+http://www.facebook.com/externalhit_uatext.php)" "www.metrocrimedaily.com"
69.63.184.3 - - [13/Jan/2023:17:54:39 -0800] "GET /instagram-stlouis/01-13-2023-1938472-A.jpg HTTP/1.1" 200 271206 "-" "facebookexternalhit/1.1 (+http://www.facebook.com/externalhit_uatext.php)" "www.metrocrimedaily.com"
69.63.184.118 - - [13/Jan/2023:18:00:26 -0800] "GET /instagram-chicago/01-13-2023-1944262-A.jpg HTTP/1.1" 200 243380 "-" "facebookexternalhit/1.1 (+http://www.facebook.com/externalhit_uatext.php)" "www.metrocrimedaily.com"
76.184.252.42 - - [13/Jan/2023:18:00:52 -0800] "GET /images/police-tape.jpg HTTP/1.1" 200 50766 "-" "Wget/1.20.3 (mingw32)" "metrocrimedaily.com"
69.63.184.1 - - [13/Jan/2023:18:01:01 -0800] "GET /instagram-detroit/01-13-2023-1944262-A.jpg HTTP/1.1" 200 53407 "-" "facebookexternalhit/1.1 (+http://www.facebook.com/externalhit_uatext.php)" "www.metrocrimedaily.com"
69.63.184.119 - - [13/Jan/2023:18:02:51 -0800] "GET /instagram-memphis/01-13-2023-1931313-A.jpg HTTP/1.1" 200 118930 "-" "facebookexternalhit/1.1 (+http://www.facebook.com/externalhit_uatext.php)" "www.metrocrimedaily.com"
66.249.66.7 - - [13/Jan/2023:18:04:04 -0800] "GET /robots.txt HTTP/1.1" 404 88 "-" "Mozilla/5.0 (compatible; Googlebot/2.1; +http://www.google.com/bot.html)" "metrocrimedaily.com"
86.105.49.109 - - [13/Jan/2023:18:04:19 -0800] "GET /&prev=search&pto=aue HTTP/1.1" 404 88 "-" "Mozilla/5.0 (X11; Linux x86_64) AppleWebKit/537.36 (KHTML, like Gecko) Chrome/70.0.3538.67 Safari/537.36" "www.metrocrimedaily.com"
69.63.184.118 - - [13/Jan/2023:18:05:24 -0800] "GET /instagram-neworleans/01-13-2023-1949322-A.jpg HTTP/1.1" 200 327597 "-" "facebookexternalhit/1.1 (+http://www.facebook.com/externalhit_uatext.php)" "www.metrocrimedaily.com"
207.46.13.109 - - [13/Jan/2023:18:05:34 -0800] "GET /instagram-detroit/12-21-2022-1401513-36-year-old-man-killed-in-shooting-at-Madison-Hei.txt HTTP/1.1" 404 88 "-" "Mozilla/5.0 AppleWebKit/537.36 (KHTML, like Gecko; compatible; bingbot/2.0; +http://www.bing.com/bingbot.htm) Chrome/103.0.5060.134 Safari/537.36" "www.metrocrimedaily.com"
185.191.171.13 - - [13/Jan/2023:18:09:11 -0800] "GET /robots.txt HTTP/1.1" 404 88 "-" "Mozilla/5.0 (compatible; SemrushBot/7~bl; +http://www.semrush.com/bot.html)" "metrocrimedaily.com"
185.191.171.34 - - [13/Jan/2023:18:09:12 -0800] "GET / HTTP/1.1" 200 88604 "-" "Mozilla/5.0 (compatible; SemrushBot/7~bl; +http://www.semrush.com/bot.html)" "metrocrimedaily.com"
69.63.184.120 - - [13/Jan/2023:18:10:11 -0800] "GET /instagram-stlouis/01-13-2023-1938473-A.jpg HTTP/1.1" 200 178949 "-" "facebookexternalhit/1.1 (+http://www.facebook.com/externalhit_uatext.php)" "www.metrocrimedaily.com"
69.63.184.4 - - [13/Jan/2023:18:10:39 -0800] "GET /instagram-stlouis/01-13-2023-1938474-A.jpg HTTP/1.1" 200 90322 "-" "facebookexternalhit/1.1 (+http://www.facebook.com/externalhit_uatext.php)" "www.metrocrimedaily.com"
69.63.184.5 - - [13/Jan/2023:18:11:06 -0800] "GET /instagram-stlouis/01-13-2023-1938475-A.jpg HTTP/1.1" 200 274586 "-" "facebookexternalhit/1.1 (+http://www.facebook.com/externalhit_uatext.php)" "www.metrocrimedaily.com"
69.63.184.116 - - [13/Jan/2023:18:11:33 -0800] "GET /instagram-stlouis/01-13-2023-1938476-A.jpg HTTP/1.1" 200 199755 "-" "facebookexternalhit/1.1 (+http://www.facebook.com/externalhit_uatext.php)" "www.metrocrimedaily.com"
69.63.184.116 - - [13/Jan/2023:18:12:00 -0800] "GET /instagram-stlouis/01-13-2023-1938477-A.jpg HTTP/1.1" 200 67813 "-" "facebookexternalhit/1.1 (+http://www.facebook.com/externalhit_uatext.php)" "www.metrocrimedaily.com"
69.63.184.2 - - [13/Jan/2023:18:12:29 -0800] "GET /instagram-stlouis/01-13-2023-1938478-A.jpg HTTP/1.1" 200 182794 "-" "facebookexternalhit/1.1 (+http://www.facebook.com/externalhit_uatext.php)" "www.metrocrimedaily.com"
69.63.184.120 - - [13/Jan/2023:18:12:56 -0800] "GET /instagram-stlouis/01-13-2023-1938479-A.jpg HTTP/1.1" 200 181378 "-" "facebookexternalhit/1.1 (+http://www.facebook.com/externalhit_uatext.php)" "www.metrocrimedaily.com"
69.63.184.120 - - [13/Jan/2023:18:15:59 -0800] "GET /instagram-chicago/01-13-2023-1944263-A.jpg HTTP/1.1" 200 152003 "-" "facebookexternalhit/1.1 (+http://www.facebook.com/externalhit_uatext.php)" "www.metrocrimedaily.com"
69.63.184.116 - - [13/Jan/2023:18:16:26 -0800] "GET /instagram-chicago/01-13-2023-1944264-A.jpg HTTP/1.1" 200 97489 "-" "facebookexternalhit/1.1 (+http://www.facebook.com/externalhit_uatext.php)" "www.metrocrimedaily.com"
69.63.184.4 - - [13/Jan/2023:18:16:31 -0800] "GET /instagram-detroit/01-13-2023-1944263-A.jpg HTTP/1.1" 200 53890 "-" "facebookexternalhit/1.1 (+http://www.facebook.com/externalhit_uatext.php)" "www.metrocrimedaily.com"
69.63.184.116 - - [13/Jan/2023:18:16:54 -0800] "GET /instagram-chicago/01-13-2023-1944265-A.jpg HTTP/1.1" 200 96814 "-" "facebookexternalhit/1.1 (+http://www.facebook.com/externalhit_uatext.php)" "www.metrocrimedaily.com"
69.63.184.2 - - [13/Jan/2023:18:17:23 -0800] "GET /instagram-chicago/01-13-2023-1944266-A.jpg HTTP/1.1" 200 201225 "-" "facebookexternalhit/1.1 (+http://www.facebook.com/externalhit_uatext.php)" "www.metrocrimedaily.com"
51.222.253.13 - - [13/Jan/2023:18:23:58 -0800] "GET /instagram-monroe/?C=S;O=D HTTP/1.1" 200 357 "-" "Mozilla/5.0 (compatible; AhrefsBot/7.0; +http://ahrefs.com/robot/)" "metrocrimedaily.com"
76.184.252.42 - - [13/Jan/2023:18:31:51 -0800] "GET /images/police-tape.jpg HTTP/1.1" 200 50766 "-" "Wget/1.20.3 (mingw32)" "metrocrimedaily.com"
69.63.184.4 - - [13/Jan/2023:18:32:01 -0800] "GET /instagram-detroit/01-13-2023-1944264-A.jpg HTTP/1.1" 200 62303 "-" "facebookexternalhit/1.1 (+http://www.facebook.com/externalhit_uatext.php)" "www.metrocrimedaily.com"
69.63.184.116 - - [13/Jan/2023:18:32:21 -0800] "GET /instagram-losangeles/01-13-2023-2032011-A.jpg HTTP/1.1" 200 170829 "-" "facebookexternalhit/1.1 (+http://www.facebook.com/externalhit_uatext.php)" "www.metrocrimedaily.com"
69.63.184.120 - - [13/Jan/2023:18:42:23 -0800] "GET /instagram-memphis/01-13-2023-2042031-A.jpg HTTP/1.1" 200 118609 "-" "facebookexternalhit/1.1 (+http://www.facebook.com/externalhit_uatext.php)" "www.metrocrimedaily.com"
69.63.184.119 - - [13/Jan/2023:18:43:12 -0800] "GET /instagram-dallas/01-13-2023-2042481-A.jpg HTTP/1.1" 200 146722 "-" "facebookexternalhit/1.1 (+http://www.facebook.com/externalhit_uatext.php)" "www.metrocrimedaily.com"
94.250.250.48 - - [13/Jan/2023:18:44:47 -0800] "GET /wp-login.php HTTP/1.1" 404 88 "" "Mozilla/5.0 (Windows NT 10.0; Win64; x64; rv:108.0) Gecko/20100101 Firefox/108.0" "metrocrimedaily.com"
76.184.252.42 - - [13/Jan/2023:18:47:25 -0800] "GET /images/police-tape.jpg HTTP/1.1" 200 50766 "-" "Wget/1.20.3 (mingw32)" "metrocrimedaily.com"
69.63.184.5 - - [13/Jan/2023:18:47:35 -0800] "GET /instagram-detroit/01-13-2023-1944265-A.jpg HTTP/1.1" 200 53245 "-" "facebookexternalhit/1.1 (+http://www.facebook.com/externalhit_uatext.php)" "www.metrocrimedaily.com"
69.63.184.116 - - [13/Jan/2023:18:47:53 -0800] "GET /instagram-losangeles/01-13-2023-2032012-A.jpg HTTP/1.1" 200 65466 "-" "facebookexternalhit/1.1 (+http://www.facebook.com/externalhit_uatext.php)" "www.metrocrimedaily.com"
69.63.184.1 - - [13/Jan/2023:18:53:47 -0800] "GET /instagram-chicago/01-13-2023-2053251-A.jpg HTTP/1.1" 200 77090 "-" "facebookexternalhit/1.1 (+http://www.facebook.com/externalhit_uatext.php)" "www.metrocrimedaily.com"
69.63.184.120 - - [13/Jan/2023:18:54:15 -0800] "GET /instagram-chicago/01-13-2023-2053252-A.jpg HTTP/1.1" 200 134620 "-" "facebookexternalhit/1.1 (+http://www.facebook.com/externalhit_uatext.php)" "www.metrocrimedaily.com"
69.63.184.4 - - [13/Jan/2023:18:54:44 -0800] "GET /instagram-chicago/01-13-2023-2053253-A.jpg HTTP/1.1" 200 250073 "-" "facebookexternalhit/1.1 (+http://www.facebook.com/externalhit_uatext.php)" "www.metrocrimedaily.com"
69.63.184.4 - - [13/Jan/2023:18:54:49 -0800] "GET /instagram-stlouis/01-13-2023-2053291-A.jpg HTTP/1.1" 200 269595 "-" "facebookexternalhit/1.1 (+http://www.facebook.com/externalhit_uatext.php)" "www.metrocrimedaily.com"
69.63.184.117 - - [13/Jan/2023:18:56:12 -0800] "GET /instagram-stlouis/01-13-2023-2053292-A.jpg HTTP/1.1" 200 108964 "-" "facebookexternalhit/1.1 (+http://www.facebook.com/externalhit_uatext.php)" "www.metrocrimedaily.com"
69.63.184.4 - - [13/Jan/2023:18:57:00 -0800] "GET /instagram-stlouis/01-13-2023-2053293-A.jpg HTTP/1.1" 200 65464 "-" "facebookexternalhit/1.1 (+http://www.facebook.com/externalhit_uatext.php)" "www.metrocrimedaily.com"
69.63.184.1 - - [13/Jan/2023:18:57:50 -0800] "GET /instagram-stlouis/01-13-2023-2053294-A.jpg HTTP/1.1" 200 271594 "-" "facebookexternalhit/1.1 (+http://www.facebook.com/externalhit_uatext.php)" "www.metrocrimedaily.com"
69.63.184.5 - - [13/Jan/2023:18:58:46 -0800] "GET /instagram-dallas/01-13-2023-2042482-A.jpg HTTP/1.1" 200 82628 "-" "facebookexternalhit/1.1 (+http://www.facebook.com/externalhit_uatext.php)" "www.metrocrimedaily.com"
69.63.184.116 - - [13/Jan/2023:19:03:07 -0800] "GET /instagram-detroit/01-13-2023-1944266-A.jpg HTTP/1.1" 200 60503 "-" "facebookexternalhit/1.1 (+http://www.facebook.com/externalhit_uatext.php)" "www.metrocrimedaily.com"
69.63.184.117 - - [13/Jan/2023:19:03:38 -0800] "GET /instagram-losangeles/01-13-2023-2032013-A.jpg HTTP/1.1" 200 143248 "-" "facebookexternalhit/1.1 (+http://www.facebook.com/externalhit_uatext.php)" "www.metrocrimedaily.com"
207.46.13.109 - - [13/Jan/2023:19:07:10 -0800] "GET /instagram-dallas/12-19-2022-2113541-Gunfire-in-the-parking-lot-disrupts-classes-at-Ir.txt HTTP/1.1" 404 88 "-" "Mozilla/5.0 AppleWebKit/537.36 (KHTML, like Gecko; compatible; bingbot/2.0; +http://www.bing.com/bingbot.htm) Chrome/103.0.5060.134 Safari/537.36" "www.metrocrimedaily.com"
35.87.25.254 - - [13/Jan/2023:19:18:02 -0800] "GET / HTTP/1.1" 200 88604 "-" "Mozilla/5.0 (X11; Linux x86_64) AppleWebKit/537.36 (KHTML, like Gecko) Chrome/83.0.4103.97 Safari/537.36" "metrocrimedaily.com"
35.87.25.254 - - [13/Jan/2023:19:18:02 -0800] "GET / HTTP/1.1" 200 88604 "-" "Mozilla/5.0 (X11; Linux x86_64) AppleWebKit/537.36 (KHTML, like Gecko) Chrome/83.0.4103.97 Safari/537.36" "metrocrimedaily.com"
52.25.199.134 - - [13/Jan/2023:19:18:18 -0800] "GET / HTTP/1.1" 200 88604 "-" "Mozilla/5.0 (X11; Linux x86_64) AppleWebKit/537.36 (KHTML, like Gecko) Chrome/83.0.4103.97 Safari/537.36" "metrocrimedaily.com"
52.40.209.21 - - [13/Jan/2023:19:18:22 -0800] "GET /favicon.ico HTTP/1.1" 404 88 "-" "Mozilla/5.0 (X11; Linux x86_64) AppleWebKit/537.36 (KHTML, like Gecko) Chrome/83.0.4103.97 Safari/537.36" "metrocrimedaily.com"
52.40.209.21 - - [13/Jan/2023:19:18:24 -0800] "GET / HTTP/1.1" 200 88604 "-" "Mozilla/5.0 (X11; Linux x86_64) AppleWebKit/537.36 (KHTML, like Gecko) Chrome/83.0.4103.97 Safari/537.36" "metrocrimedaily.com"
34.208.112.72 - - [13/Jan/2023:19:25:36 -0800] "GET / HTTP/1.1" 200 89743 "-" "Mozilla/5.0 (X11; Linux x86_64) AppleWebKit/537.36 (KHTML, like Gecko) Chrome/83.0.4103.97 Safari/537.36" "metrocrimedaily.com"
54.188.13.126 - - [13/Jan/2023:19:25:59 -0800] "GET /favicon.ico HTTP/1.1" 404 88 "-" "Mozilla/5.0 (X11; Linux x86_64) AppleWebKit/537.36 (KHTML, like Gecko) Chrome/83.0.4103.97 Safari/537.36" "metrocrimedaily.com"
54.188.13.126 - - [13/Jan/2023:19:26:02 -0800] "GET / HTTP/1.1" 200 89743 "-" "Mozilla/5.0 (X11; Linux x86_64) AppleWebKit/537.36 (KHTML, like Gecko) Chrome/83.0.4103.97 Safari/537.36" "metrocrimedaily.com"
5.188.159.171 - - [13/Jan/2023:19:29:04 -0800] "GET /wp-login.php HTTP/1.1" 404 88 "" "Mozilla/5.0 (Windows NT 10.0; Win64; x64; rv:108.0) Gecko/20100101 Firefox/108.0" "metrocrimedaily.com"
69.63.184.2 - - [13/Jan/2023:19:29:11 -0800] "GET /instagram-memphis/01-13-2023-2128511-A.jpg HTTP/1.1" 200 95587 "-" "facebookexternalhit/1.1 (+http://www.facebook.com/externalhit_uatext.php)" "www.metrocrimedaily.com"
66.249.66.152 - - [13/Jan/2023:19:38:42 -0800] "GET /robots.txt HTTP/1.1" 404 88 "-" "Mozilla/5.0 (compatible; Googlebot/2.1; +http://www.google.com/bot.html)" "metrocrimedaily.com"
51.254.199.11 - - [13/Jan/2023:19:42:38 -0800] "GET / HTTP/1.1" 200 89743 "-" "Mozilla/5.0 (Macintosh; Intel Mac OS X 10.14; rv:68.0) Gecko/20100101 Firefox/68.0" "metrocrimedaily.com"
69.63.184.2 - - [13/Jan/2023:19:44:47 -0800] "GET /instagram-memphis/01-13-2023-2128512-A.jpg HTTP/1.1" 200 112968 "-" "facebookexternalhit/1.1 (+http://www.facebook.com/externalhit_uatext.php)" "www.metrocrimedaily.com"
69.63.189.2 - - [13/Jan/2023:19:53:48 -0800] "GET /instagram-losangeles/01-13-2023-2153291-A.jpg HTTP/1.1" 200 170460 "-" "facebookexternalhit/1.1 (+http://www.facebook.com/externalhit_uatext.php)" "www.metrocrimedaily.com"
69.63.189.116 - - [13/Jan/2023:20:00:20 -0800] "GET /instagram-memphis/01-13-2023-2128513-A.jpg HTTP/1.1" 200 127053 "-" "facebookexternalhit/1.1 (+http://www.facebook.com/externalhit_uatext.php)" "www.metrocrimedaily.com"
69.63.184.4 - - [13/Jan/2023:20:27:16 -0800] "GET /instagram-detroit/01-13-2023-2225281-A.jpg HTTP/1.1" 200 157822 "-" "facebookexternalhit/1.1 (+http://www.facebook.com/externalhit_uatext.php)" "www.metrocrimedaily.com"
69.63.184.5 - - [13/Jan/2023:20:29:39 -0800] "GET /instagram-stlouis/01-13-2023-2229201-A.jpg HTTP/1.1" 200 309672 "-" "facebookexternalhit/1.1 (+http://www.facebook.com/externalhit_uatext.php)" "www.metrocrimedaily.com"
69.63.184.116 - - [13/Jan/2023:20:29:48 -0800] "GET /instagram-losangeles/01-13-2023-2229291-A.jpg HTTP/1.1" 200 194593 "-" "facebookexternalhit/1.1 (+http://www.facebook.com/externalhit_uatext.php)" "www.metrocrimedaily.com"
129.222.1.152 - - [13/Jan/2023:20:37:07 -0800] "GET / HTTP/1.1" 200 89743 "https://www.google.com/" "Mozilla/5.0 (iPhone; CPU iPhone OS 16_1_1 like Mac OS X) AppleWebKit/605.1.15 (KHTML, like Gecko) Version/16.1 Mobile/15E148 Safari/604.1" "www.metrocrimedaily.com"
129.222.1.152 - - [13/Jan/2023:20:37:07 -0800] "GET /styles-mcd.css HTTP/1.1" 200 1159 "http://www.metrocrimedaily.com/" "Mozilla/5.0 (iPhone; CPU iPhone OS 16_1_1 like Mac OS X) AppleWebKit/605.1.15 (KHTML, like Gecko) Version/16.1 Mobile/15E148 Safari/604.1" "www.metrocrimedaily.com"
129.222.1.152 - - [13/Jan/2023:20:37:07 -0800] "GET /images/crimeinthed-logo.jpg HTTP/1.1" 200 14960 "http://www.metrocrimedaily.com/" "Mozilla/5.0 (iPhone; CPU iPhone OS 16_1_1 like Mac OS X) AppleWebKit/605.1.15 (KHTML, like Gecko) Version/16.1 Mobile/15E148 Safari/604.1" "www.metrocrimedaily.com"
129.222.1.152 - - [13/Jan/2023:20:37:07 -0800] "GET /images/police-tape.jpg HTTP/1.1" 200 50766 "http://www.metrocrimedaily.com/" "Mozilla/5.0 (iPhone; CPU iPhone OS 16_1_1 like Mac OS X) AppleWebKit/605.1.15 (KHTML, like Gecko) Version/16.1 Mobile/15E148 Safari/604.1" "metrocrimedaily.com"
129.222.1.152 - - [13/Jan/2023:20:37:08 -0800] "GET /images/facebook-logo-tiny.png HTTP/1.1" 200 1280 "http://www.metrocrimedaily.com/" "Mozilla/5.0 (iPhone; CPU iPhone OS 16_1_1 like Mac OS X) AppleWebKit/605.1.15 (KHTML, like Gecko) Version/16.1 Mobile/15E148 Safari/604.1" "www.metrocrimedaily.com"
129.222.1.152 - - [13/Jan/2023:20:37:08 -0800] "GET /images/youtube-logo-tiny.png HTTP/1.1" 200 689 "http://www.metrocrimedaily.com/" "Mozilla/5.0 (iPhone; CPU iPhone OS 16_1_1 like Mac OS X) AppleWebKit/605.1.15 (KHTML, like Gecko) Version/16.1 Mobile/15E148 Safari/604.1" "www.metrocrimedaily.com"
129.222.1.152 - - [13/Jan/2023:20:37:08 -0800] "GET /images/twitter-logo-b-tiny.png HTTP/1.1" 200 1600 "http://www.metrocrimedaily.com/" "Mozilla/5.0 (iPhone; CPU iPhone OS 16_1_1 like Mac OS X) AppleWebKit/605.1.15 (KHTML, like Gecko) Version/16.1 Mobile/15E148 Safari/604.1" "www.metrocrimedaily.com"
129.222.1.152 - - [13/Jan/2023:20:37:11 -0800] "GET /favicon.ico HTTP/1.1" 404 88 "http://www.metrocrimedaily.com/" "Mozilla/5.0 (iPhone; CPU iPhone OS 16_1_1 like Mac OS X) AppleWebKit/605.1.15 (KHTML, like Gecko) Version/16.1 Mobile/15E148 Safari/604.1" "www.metrocrimedaily.com"
69.63.184.118 - - [13/Jan/2023:20:37:21 -0800] "GET /instagram-neworleans/01-13-2023-2236491-A.jpg HTTP/1.1" 200 156958 "-" "facebookexternalhit/1.1 (+http://www.facebook.com/externalhit_uatext.php)" "www.metrocrimedaily.com"
69.63.184.3 - - [13/Jan/2023:20:42:45 -0800] "GET /instagram-detroit/01-13-2023-2225282-A.jpg HTTP/1.1" 200 168029 "-" "facebookexternalhit/1.1 (+http://www.facebook.com/externalhit_uatext.php)" "www.metrocrimedaily.com"
69.63.184.118 - - [13/Jan/2023:20:45:17 -0800] "GET /instagram-memphis/01-13-2023-2244571-A.jpg HTTP/1.1" 200 174953 "-" "facebookexternalhit/1.1 (+http://www.facebook.com/externalhit_uatext.php)" "www.metrocrimedaily.com"
69.63.184.5 - - [13/Jan/2023:20:52:52 -0800] "GET /instagram-neworleans/01-13-2023-2236492-A.jpg HTTP/1.1" 200 146692 "-" "facebookexternalhit/1.1 (+http://www.facebook.com/externalhit_uatext.php)" "www.metrocrimedaily.com"
69.63.184.116 - - [13/Jan/2023:20:53:52 -0800] "GET /instagram-chicago/01-13-2023-2253291-A.jpg HTTP/1.1" 200 149844 "-" "facebookexternalhit/1.1 (+http://www.facebook.com/externalhit_uatext.php)" "www.metrocrimedaily.com"
51.222.253.17 - - [13/Jan/2023:20:55:59 -0800] "GET /robots.txt HTTP/1.1" 404 88 "-" "Mozilla/5.0 (compatible; AhrefsBot/7.0; +http://ahrefs.com/robot/)" "www.metrocrimedaily.com"
51.222.253.17 - - [13/Jan/2023:20:56:00 -0800] "GET / HTTP/1.1" 200 89743 "-" "Mozilla/5.0 (compatible; AhrefsBot/7.0; +http://ahrefs.com/robot/)" "www.metrocrimedaily.com"
51.222.253.13 - - [13/Jan/2023:20:56:56 -0800] "GET /images/facebook-logo-tiny.png HTTP/1.1" 200 1280 "-" "Mozilla/5.0 (compatible; AhrefsBot/7.0; +http://ahrefs.com/robot/)" "www.metrocrimedaily.com"
51.222.253.10 - - [13/Jan/2023:20:56:56 -0800] "GET / HTTP/1.1" 200 89743 "-" "Mozilla/5.0 (compatible; AhrefsBot/7.0; +http://ahrefs.com/robot/)" "www.metrocrimedaily.com"
51.222.253.20 - - [13/Jan/2023:20:56:57 -0800] "GET /images/twitter-logo-b-tiny.png HTTP/1.1" 200 1600 "-" "Mozilla/5.0 (compatible; AhrefsBot/7.0; +http://ahrefs.com/robot/)" "www.metrocrimedaily.com"
51.222.253.9 - - [13/Jan/2023:20:56:57 -0800] "GET /images/youtube-logo-tiny.png HTTP/1.1" 200 689 "-" "Mozilla/5.0 (compatible; AhrefsBot/7.0; +http://ahrefs.com/robot/)" "www.metrocrimedaily.com"
51.222.253.20 - - [13/Jan/2023:20:56:57 -0800] "GET /images/crimeinthed-logo.jpg HTTP/1.1" 200 14960 "-" "Mozilla/5.0 (compatible; AhrefsBot/7.0; +http://ahrefs.com/robot/)" "www.metrocrimedaily.com"
69.63.184.116 - - [13/Jan/2023:20:58:19 -0800] "GET /instagram-detroit/01-13-2023-2225283-A.jpg HTTP/1.1" 200 197846 "-" "facebookexternalhit/1.1 (+http://www.facebook.com/externalhit_uatext.php)" "www.metrocrimedaily.com"
69.63.184.117 - - [13/Jan/2023:21:00:50 -0800] "GET /instagram-memphis/01-13-2023-2244572-A.jpg HTTP/1.1" 200 179150 "-" "facebookexternalhit/1.1 (+http://www.facebook.com/externalhit_uatext.php)" "www.metrocrimedaily.com"
69.63.184.117 - - [13/Jan/2023:21:05:02 -0800] "GET /instagram-losangeles/01-13-2023-2304431-A.jpg HTTP/1.1" 200 216692 "-" "facebookexternalhit/1.1 (+http://www.facebook.com/externalhit_uatext.php)" "www.metrocrimedaily.com"
69.63.184.4 - - [13/Jan/2023:21:13:49 -0800] "GET /instagram-detroit/01-13-2023-2225284-A.jpg HTTP/1.1" 200 178818 "-" "facebookexternalhit/1.1 (+http://www.facebook.com/externalhit_uatext.php)" "www.metrocrimedaily.com"
69.63.184.5 - - [13/Jan/2023:21:14:15 -0800] "GET /instagram-detroit/01-13-2023-2225285-A.jpg HTTP/1.1" 200 91175 "-" "facebookexternalhit/1.1 (+http://www.facebook.com/externalhit_uatext.php)" "www.metrocrimedaily.com"
69.63.184.3 - - [13/Jan/2023:21:14:41 -0800] "GET /instagram-detroit/01-13-2023-2225286-A.jpg HTTP/1.1" 200 75154 "-" "facebookexternalhit/1.1 (+http://www.facebook.com/externalhit_uatext.php)" "www.metrocrimedaily.com"
69.63.184.4 - - [13/Jan/2023:21:23:45 -0800] "GET /instagram-stlouis/01-13-2023-2323221-A.jpg HTTP/1.1" 200 292668 "-" "facebookexternalhit/1.1 (+http://www.facebook.com/externalhit_uatext.php)" "www.metrocrimedaily.com"
69.63.184.120 - - [13/Jan/2023:21:36:03 -0800] "GET /instagram-neworleans/01-13-2023-2335431-A.jpg HTTP/1.1" 200 437196 "-" "facebookexternalhit/1.1 (+http://www.facebook.com/externalhit_uatext.php)" "www.metrocrimedaily.com"
69.63.184.3 - - [13/Jan/2023:21:39:19 -0800] "GET /instagram-stlouis/01-13-2023-2323222-A.jpg HTTP/1.1" 200 240578 "-" "facebookexternalhit/1.1 (+http://www.facebook.com/externalhit_uatext.php)" "www.metrocrimedaily.com"
69.63.184.1 - - [13/Jan/2023:21:54:53 -0800] "GET /instagram-stlouis/01-13-2023-2323223-A.jpg HTTP/1.1" 200 141611 "-" "facebookexternalhit/1.1 (+http://www.facebook.com/externalhit_uatext.php)" "www.metrocrimedaily.com"
69.63.184.119 - - [13/Jan/2023:22:07:07 -0800] "GET /instagram-detroit/01-14-2023-0006161-A.jpg HTTP/1.1" 200 158097 "-" "facebookexternalhit/1.1 (+http://www.facebook.com/externalhit_uatext.php)" "www.metrocrimedaily.com"
69.63.184.117 - - [13/Jan/2023:22:10:26 -0800] "GET /instagram-stlouis/01-13-2023-2323224-A.jpg HTTP/1.1" 200 152088 "-" "facebookexternalhit/1.1 (+http://www.facebook.com/externalhit_uatext.php)" "www.metrocrimedaily.com"
68.40.218.86 - - [13/Jan/2023:22:13:17 -0800] "GET /images/crimeinthed-logo.jpg HTTP/1.1" 304 - "http://www.metrocrimedaily.com/" "Mozilla/5.0 (iPhone; CPU iPhone OS 15_1 like Mac OS X) AppleWebKit/605.1.15 (KHTML, like Gecko) Version/15.1 Mobile/15E148 Safari/604.1" "www.metrocrimedaily.com"
68.40.218.86 - - [13/Jan/2023:22:13:17 -0800] "GET /images/police-tape.jpg HTTP/1.1" 304 - "http://www.metrocrimedaily.com/" "Mozilla/5.0 (iPhone; CPU iPhone OS 15_1 like Mac OS X) AppleWebKit/605.1.15 (KHTML, like Gecko) Version/15.1 Mobile/15E148 Safari/604.1" "metrocrimedaily.com"
68.40.218.86 - - [13/Jan/2023:22:13:17 -0800] "GET / HTTP/1.1" 200 91106 "-" "Mozilla/5.0 (iPhone; CPU iPhone OS 15_1 like Mac OS X) AppleWebKit/605.1.15 (KHTML, like Gecko) Version/15.1 Mobile/15E148 Safari/604.1" "www.metrocrimedaily.com"
54.36.148.116 - - [13/Jan/2023:22:19:07 -0800] "GET /robots.txt HTTP/1.1" 404 88 "-" "Mozilla/5.0 (compatible; AhrefsBot/7.0; +http://ahrefs.com/robot/)" "www.metrocrimedaily.com"
51.222.253.16 - - [13/Jan/2023:22:19:08 -0800] "GET / HTTP/1.1" 200 91106 "-" "Mozilla/5.0 (compatible; AhrefsBot/7.0; +http://ahrefs.com/robot/)" "www.metrocrimedaily.com"
51.222.253.11 - - [13/Jan/2023:22:19:15 -0800] "GET /styles-mcd.css HTTP/1.1" 200 1159 "-" "Mozilla/5.0 (compatible; AhrefsBot/7.0; +http://ahrefs.com/robot/)" "www.metrocrimedaily.com"
51.222.253.6 - - [13/Jan/2023:22:19:16 -0800] "GET /images/twitter-logo-b-tiny.png HTTP/1.1" 200 1600 "-" "Mozilla/5.0 (compatible; AhrefsBot/7.0; +http://ahrefs.com/robot/)" "www.metrocrimedaily.com"
51.222.253.10 - - [13/Jan/2023:22:19:17 -0800] "GET /images/facebook-logo-tiny.png HTTP/1.1" 200 1280 "-" "Mozilla/5.0 (compatible; AhrefsBot/7.0; +http://ahrefs.com/robot/)" "www.metrocrimedaily.com"
51.222.253.17 - - [13/Jan/2023:22:19:18 -0800] "GET / HTTP/1.1" 200 91106 "-" "Mozilla/5.0 (compatible; AhrefsBot/7.0; +http://ahrefs.com/robot/)" "www.metrocrimedaily.com"
51.222.253.15 - - [13/Jan/2023:22:19:19 -0800] "GET /images/youtube-logo-tiny.png HTTP/1.1" 200 689 "-" "Mozilla/5.0 (compatible; AhrefsBot/7.0; +http://ahrefs.com/robot/)" "www.metrocrimedaily.com"
207.46.13.46 - - [13/Jan/2023:22:40:42 -0800] "GET /instagram-atlanta/12-21-2022-2340115-Critically-Missing-Adult--Police-search-for-73-ye.txt HTTP/1.1" 404 88 "-" "Mozilla/5.0 AppleWebKit/537.36 (KHTML, like Gecko; compatible; bingbot/2.0; +http://www.bing.com/bingbot.htm) Chrome/103.0.5060.134 Safari/537.36" "www.metrocrimedaily.com"
51.222.253.6 - - [13/Jan/2023:22:54:37 -0800] "GET /robots.txt HTTP/1.1" 404 88 "-" "Mozilla/5.0 (compatible; AhrefsBot/7.0; +http://ahrefs.com/robot/)" "metrocrimedaily.com"
51.222.253.2 - - [13/Jan/2023:22:54:38 -0800] "GET /about-us.html HTTP/1.1" 200 706 "-" "Mozilla/5.0 (compatible; AhrefsBot/7.0; +http://ahrefs.com/robot/)" "metrocrimedaily.com"
51.222.253.11 - - [13/Jan/2023:23:31:04 -0800] "GET /privacy-policy.html HTTP/1.1" 200 2353 "-" "Mozilla/5.0 (compatible; AhrefsBot/7.0; +http://ahrefs.com/robot/)" "metrocrimedaily.com"
172.58.122.128 - - [13/Jan/2023:23:31:11 -0800] "GET /styles-mcd.css HTTP/1.1" 200 1159 "-" "Mozilla/5.0 (Linux; Android 11; REVVL V+ 5G) AppleWebKit/537.36 (KHTML, like Gecko) Chrome/108.0.0.0 Mobile Safari/537.36" "www.metrocrimedaily.com"
172.58.122.128 - - [13/Jan/2023:23:31:11 -0800] "GET / HTTP/1.1" 200 91106 "-" "Mozilla/5.0 (Linux; Android 11; REVVL V+ 5G) AppleWebKit/537.36 (KHTML, like Gecko) Chrome/108.0.0.0 Mobile Safari/537.36" "www.metrocrimedaily.com"
172.58.122.128 - - [13/Jan/2023:23:31:11 -0800] "GET /images/crimeinthed-logo.jpg HTTP/1.1" 200 14960 "http://www.metrocrimedaily.com/" "Mozilla/5.0 (Linux; Android 11; REVVL V+ 5G) AppleWebKit/537.36 (KHTML, like Gecko) Chrome/108.0.0.0 Mobile Safari/537.36" "www.metrocrimedaily.com"
172.58.122.128 - - [13/Jan/2023:23:31:12 -0800] "GET /images/police-tape.jpg HTTP/1.1" 200 50766 "http://www.metrocrimedaily.com/" "Mozilla/5.0 (Linux; Android 11; REVVL V+ 5G) AppleWebKit/537.36 (KHTML, like Gecko) Chrome/108.0.0.0 Mobile Safari/537.36" "metrocrimedaily.com"
207.46.13.115 - - [13/Jan/2023:23:31:13 -0800] "GET /instagram-dallas/12-22-2022-1738221-Arrest-made-in-Fort-Worth-hit-and-run-that-killed.txt HTTP/1.1" 404 88 "-" "Mozilla/5.0 AppleWebKit/537.36 (KHTML, like Gecko; compatible; bingbot/2.0; +http://www.bing.com/bingbot.htm) Chrome/103.0.5060.134 Safari/537.36" "www.metrocrimedaily.com"
172.58.122.128 - - [13/Jan/2023:23:31:13 -0800] "GET /images/facebook-logo-tiny.png HTTP/1.1" 200 1280 "http://www.metrocrimedaily.com/" "Mozilla/5.0 (Linux; Android 11; REVVL V+ 5G) AppleWebKit/537.36 (KHTML, like Gecko) Chrome/108.0.0.0 Mobile Safari/537.36" "www.metrocrimedaily.com"
172.58.122.128 - - [13/Jan/2023:23:31:13 -0800] "GET /images/youtube-logo-tiny.png HTTP/1.1" 200 689 "http://www.metrocrimedaily.com/" "Mozilla/5.0 (Linux; Android 11; REVVL V+ 5G) AppleWebKit/537.36 (KHTML, like Gecko) Chrome/108.0.0.0 Mobile Safari/537.36" "www.metrocrimedaily.com"
172.58.122.128 - - [13/Jan/2023:23:31:13 -0800] "GET /images/twitter-logo-b-tiny.png HTTP/1.1" 200 1600 "http://www.metrocrimedaily.com/" "Mozilla/5.0 (Linux; Android 11; REVVL V+ 5G) AppleWebKit/537.36 (KHTML, like Gecko) Chrome/108.0.0.0 Mobile Safari/537.36" "www.metrocrimedaily.com"
66.249.66.139 - - [14/Jan/2023:00:08:46 -0800] "GET /ads.txt HTTP/1.1" 404 88 "-" "Mozilla/5.0 (compatible; Googlebot/2.1; +http://www.google.com/bot.html)" "metrocrimedaily.com"
74.84.150.150 - - [14/Jan/2023:00:17:08 -0800] "GET /robots.txt HTTP/1.1" 404 88 "-" "test" "metrocrimedaily.com"
74.84.150.150 - - [14/Jan/2023:00:17:08 -0800] "GET / HTTP/1.1" 200 91106 "-" "test" "metrocrimedaily.com"
51.222.253.19 - - [14/Jan/2023:00:19:50 -0800] "GET /robots.txt HTTP/1.1" 404 88 "-" "Mozilla/5.0 (compatible; AhrefsBot/7.0; +http://ahrefs.com/robot/)" "metrocrimedaily.com"
51.222.253.4 - - [14/Jan/2023:00:19:51 -0800] "GET / HTTP/1.1" 200 91106 "-" "Mozilla/5.0 (compatible; AhrefsBot/7.0; +http://ahrefs.com/robot/)" "metrocrimedaily.com"
51.222.253.16 - - [14/Jan/2023:00:19:55 -0800] "GET /images/youtube-logo-tiny.png HTTP/1.1" 200 689 "-" "Mozilla/5.0 (compatible; AhrefsBot/7.0; +http://ahrefs.com/robot/)" "metrocrimedaily.com"
51.222.253.19 - - [14/Jan/2023:00:19:55 -0800] "GET /images/twitter-logo-b-tiny.png HTTP/1.1" 200 1600 "-" "Mozilla/5.0 (compatible; AhrefsBot/7.0; +http://ahrefs.com/robot/)" "metrocrimedaily.com"
51.222.253.6 - - [14/Jan/2023:00:19:56 -0800] "GET /images/facebook-logo-tiny.png HTTP/1.1" 200 1280 "-" "Mozilla/5.0 (compatible; AhrefsBot/7.0; +http://ahrefs.com/robot/)" "metrocrimedaily.com"
51.222.253.8 - - [14/Jan/2023:00:19:56 -0800] "GET / HTTP/1.1" 200 91106 "-" "Mozilla/5.0 (compatible; AhrefsBot/7.0; +http://ahrefs.com/robot/)" "metrocrimedaily.com"
51.222.253.14 - - [14/Jan/2023:00:19:57 -0800] "GET /images/crimeinthed-logo.jpg HTTP/1.1" 200 14960 "-" "Mozilla/5.0 (compatible; AhrefsBot/7.0; +http://ahrefs.com/robot/)" "metrocrimedaily.com"
69.63.184.119 - - [14/Jan/2023:00:30:29 -0800] "GET /instagram-losangeles/01-14-2023-0230091-A.jpg HTTP/1.1" 200 222915 "-" "facebookexternalhit/1.1 (+http://www.facebook.com/externalhit_uatext.php)" "www.metrocrimedaily.com"
185.191.171.4 - - [14/Jan/2023:00:46:25 -0800] "GET /robots.txt HTTP/1.1" 404 88 "-" "Mozilla/5.0 (compatible; SemrushBot/7~bl; +http://www.semrush.com/bot.html)" "metrocrimedaily.com"
185.191.171.37 - - [14/Jan/2023:00:46:26 -0800] "GET /index.html HTTP/1.1" 200 91106 "-" "Mozilla/5.0 (compatible; SemrushBot/7~bl; +http://www.semrush.com/bot.html)" "metrocrimedaily.com"
207.46.13.109 - - [14/Jan/2023:01:09:33 -0800] "GET /instagram-chicago/11-30-2022-1149153----She-was-not-just-attending-a-rally------Naperv.txt HTTP/1.1" 404 88 "-" "Mozilla/5.0 (compatible; bingbot/2.0; +http://www.bing.com/bingbot.htm)" "www.metrocrimedaily.com"
51.222.253.16 - - [14/Jan/2023:01:10:31 -0800] "GET / HTTP/1.1" 200 91106 "-" "Mozilla/5.0 (compatible; AhrefsBot/7.0; +http://ahrefs.com/robot/)" "metrocrimedaily.com"
69.63.184.3 - - [14/Jan/2023:01:50:54 -0800] "GET /instagram-dallas/01-14-2023-0350321-A.jpg HTTP/1.1" 200 237809 "-" "facebookexternalhit/1.1 (+http://www.facebook.com/externalhit_uatext.php)" "www.metrocrimedaily.com"
51.222.253.16 - - [14/Jan/2023:01:52:02 -0800] "GET /instagram-monroe/?C=N;O=D HTTP/1.1" 200 357 "-" "Mozilla/5.0 (compatible; AhrefsBot/7.0; +http://ahrefs.com/robot/)" "metrocrimedaily.com"
99.6.124.16 - - [14/Jan/2023:02:56:39 -0800] "GET / HTTP/1.1" 200 91106 "-" "Mozilla/5.0 (Android 10; Mobile; rv:108.0) Gecko/108.0 Firefox/108.0" "www.metrocrimedaily.com"
99.6.124.16 - - [14/Jan/2023:02:56:39 -0800] "GET /styles-mcd.css HTTP/1.1" 200 1159 "http://www.metrocrimedaily.com/" "Mozilla/5.0 (Android 10; Mobile; rv:108.0) Gecko/108.0 Firefox/108.0" "www.metrocrimedaily.com"
99.6.124.16 - - [14/Jan/2023:02:56:39 -0800] "GET /images/crimeinthed-logo.jpg HTTP/1.1" 200 14960 "http://www.metrocrimedaily.com/" "Mozilla/5.0 (Android 10; Mobile; rv:108.0) Gecko/108.0 Firefox/108.0" "www.metrocrimedaily.com"
99.6.124.16 - - [14/Jan/2023:02:56:40 -0800] "GET /images/police-tape.jpg HTTP/1.1" 200 50766 "http://www.metrocrimedaily.com/" "Mozilla/5.0 (Android 10; Mobile; rv:108.0) Gecko/108.0 Firefox/108.0" "metrocrimedaily.com"
99.6.124.16 - - [14/Jan/2023:02:56:43 -0800] "GET /images/facebook-logo-tiny.png HTTP/1.1" 200 1280 "http://www.metrocrimedaily.com/" "Mozilla/5.0 (Android 10; Mobile; rv:108.0) Gecko/108.0 Firefox/108.0" "www.metrocrimedaily.com"
99.6.124.16 - - [14/Jan/2023:02:56:43 -0800] "GET /images/youtube-logo-tiny.png HTTP/1.1" 200 689 "http://www.metrocrimedaily.com/" "Mozilla/5.0 (Android 10; Mobile; rv:108.0) Gecko/108.0 Firefox/108.0" "www.metrocrimedaily.com"
99.6.124.16 - - [14/Jan/2023:02:56:43 -0800] "GET /images/twitter-logo-b-tiny.png HTTP/1.1" 200 1600 "http://www.metrocrimedaily.com/" "Mozilla/5.0 (Android 10; Mobile; rv:108.0) Gecko/108.0 Firefox/108.0" "www.metrocrimedaily.com"
207.46.13.46 - - [14/Jan/2023:02:58:06 -0800] "GET / HTTP/1.1" 200 91106 "-" "Mozilla/5.0 AppleWebKit/537.36 (KHTML, like Gecko; compatible; bingbot/2.0; +http://www.bing.com/bingbot.htm) Chrome/103.0.5060.134 Safari/537.36" "metrocrimedaily.com"
207.46.13.53 - - [14/Jan/2023:02:58:30 -0800] "GET /styles-mcd.css HTTP/1.1" 200 1159 "-" "Mozilla/5.0 AppleWebKit/537.36 (KHTML, like Gecko; compatible; bingbot/2.0; +http://www.bing.com/bingbot.htm) Chrome/103.0.5060.134 Safari/537.36" "metrocrimedaily.com"
207.46.13.115 - - [14/Jan/2023:03:01:43 -0800] "GET /instagram-dallas/12-23-2022-1804252-Tory-Lanez-Found-Guilty-of-Shooting-Megan-Thee-St.txt HTTP/1.1" 404 88 "-" "Mozilla/5.0 (compatible; bingbot/2.0; +http://www.bing.com/bingbot.htm)" "www.metrocrimedaily.com"
185.191.171.4 - - [14/Jan/2023:03:14:46 -0800] "GET /robots.txt HTTP/1.1" 404 88 "-" "Mozilla/5.0 (compatible; SemrushBot/7~bl; +http://www.semrush.com/bot.html)" "www.metrocrimedaily.com"
185.191.171.44 - - [14/Jan/2023:03:14:47 -0800] "GET /gov-svc-detroit.html HTTP/1.1" 200 2125 "-" "Mozilla/5.0 (compatible; SemrushBot/7~bl; +http://www.semrush.com/bot.html)" "www.metrocrimedaily.com"
185.191.171.36 - - [14/Jan/2023:03:17:05 -0800] "GET /robots.txt HTTP/1.1" 404 88 "-" "Mozilla/5.0 (compatible; SemrushBot/7~bl; +http://www.semrush.com/bot.html)" "metrocrimedaily.com"
185.191.171.6 - - [14/Jan/2023:03:17:05 -0800] "GET / HTTP/1.1" 200 91106 "-" "Mozilla/5.0 (compatible; SemrushBot/7~bl; +http://www.semrush.com/bot.html)" "metrocrimedaily.com"
114.119.145.216 - - [14/Jan/2023:03:25:36 -0800] "GET /robots.txt HTTP/1.1" 404 88 "-" "Mozilla/5.0 (compatible;PetalBot;+https://webmaster.petalsearch.com/site/petalbot)" "www.metrocrimedaily.com"
34.207.241.106 - - [14/Jan/2023:03:43:48 -0800] "GET /robots.txt HTTP/1.1" 404 88 "-" "Mozilla/5.0 AppleWebKit (KHTML, like Gecko) Chrome Safari" "www.metrocrimedaily.com"
34.207.241.106 - - [14/Jan/2023:03:43:48 -0800] "GET /robots.txt HTTP/1.1" 404 88 "-" "Mozilla/5.0 AppleWebKit (KHTML, like Gecko) Chrome Safari" "www.metrocrimedaily.com"
51.222.253.10 - - [14/Jan/2023:04:20:50 -0800] "GET /instagram-detroit/?C=D;O=A HTTP/1.1" 200 2583 "-" "Mozilla/5.0 (compatible; AhrefsBot/7.0; +http://ahrefs.com/robot/)" "metrocrimedaily.com"
157.55.39.84 - - [14/Jan/2023:04:49:24 -0800] "GET /robots.txt HTTP/1.1" 404 88 "-" "Mozilla/5.0 (compatible; bingbot/2.0; +http://www.bing.com/bingbot.htm)" "metrocrimedaily.com"
157.55.39.84 - - [14/Jan/2023:04:49:24 -0800] "GET /robots.txt HTTP/1.1" 404 88 "-" "Mozilla/5.0 (compatible; bingbot/2.0; +http://www.bing.com/bingbot.htm)" "metrocrimedaily.com"
207.46.13.46 - - [14/Jan/2023:04:49:28 -0800] "GET / HTTP/1.1" 200 91106 "-" "Mozilla/5.0 (compatible; bingbot/2.0; +http://www.bing.com/bingbot.htm)" "metrocrimedaily.com"
51.222.253.16 - - [14/Jan/2023:04:56:16 -0800] "GET /instagram-detroit/?C=M;O=A HTTP/1.1" 200 2595 "-" "Mozilla/5.0 (compatible; AhrefsBot/7.0; +http://ahrefs.com/robot/)" "metrocrimedaily.com"
69.63.184.1 - - [14/Jan/2023:04:57:02 -0800] "GET /instagram-stlouis/01-14-2023-0656421-A.jpg HTTP/1.1" 200 104065 "-" "facebookexternalhit/1.1 (+http://www.facebook.com/externalhit_uatext.php)" "www.metrocrimedaily.com"
69.63.184.1 - - [14/Jan/2023:05:15:54 -0800] "GET /instagram-memphis/01-14-2023-0715351-A.jpg HTTP/1.1" 200 123696 "-" "facebookexternalhit/1.1 (+http://www.facebook.com/externalhit_uatext.php)" "www.metrocrimedaily.com"
54.82.167.60 - - [14/Jan/2023:05:20:36 -0800] "GET /ads.txt HTTP/1.1" 404 88 "-" "AdsTxtCrawler/1.0.2" "metrocrimedaily.com"
51.222.253.16 - - [14/Jan/2023:05:32:28 -0800] "GET /privacy-policy.html HTTP/1.1" 200 2353 "-" "Mozilla/5.0 (compatible; AhrefsBot/7.0; +http://ahrefs.com/robot/)" "metrocrimedaily.com"
51.222.253.14 - - [14/Jan/2023:05:42:52 -0800] "GET / HTTP/1.1" 200 91106 "-" "Mozilla/5.0 (compatible; AhrefsBot/7.0; +http://ahrefs.com/robot/)" "www.metrocrimedaily.com"
51.222.253.14 - - [14/Jan/2023:05:45:31 -0800] "GET /instagram-detroit/?C=S;O=A HTTP/1.1" 200 2615 "-" "Mozilla/5.0 (compatible; AhrefsBot/7.0; +http://ahrefs.com/robot/)" "metrocrimedaily.com"
207.46.13.115 - - [14/Jan/2023:05:47:39 -0800] "GET /instagram-dallas/12-20-2022-1755241-Prosecutors--Family-Find-Significance-in-Aaron-De.txt HTTP/1.1" 404 88 "-" "Mozilla/5.0 (compatible; bingbot/2.0; +http://www.bing.com/bingbot.htm)" "www.metrocrimedaily.com"
51.222.253.4 - - [14/Jan/2023:05:48:12 -0800] "GET /instagram-detroit/01-12-2023-1633581-Taylor-schools-close-after-threatening-picture-of.txt HTTP/1.1" 200 428 "-" "Mozilla/5.0 (compatible; AhrefsBot/7.0; +http://ahrefs.com/robot/)" "metrocrimedaily.com"
51.222.253.6 - - [14/Jan/2023:05:50:37 -0800] "GET /instagram-detroit/01-12-2023-16335810-Michigan-State-Police-looking-for-suspect-who-bro.txt HTTP/1.1" 200 614 "-" "Mozilla/5.0 (compatible; AhrefsBot/7.0; +http://ahrefs.com/robot/)" "metrocrimedaily.com"
51.222.253.1 - - [14/Jan/2023:05:53:00 -0800] "GET /instagram-detroit/01-12-2023-1633582-Feds--Hassan-Chokr-tried-to-buy-guns-for--God-s-w.txt HTTP/1.1" 200 1012 "-" "Mozilla/5.0 (compatible; AhrefsBot/7.0; +http://ahrefs.com/robot/)" "metrocrimedaily.com"
51.222.253.15 - - [14/Jan/2023:05:55:39 -0800] "GET /instagram-detroit/01-12-2023-1633583-Dingell-remembers-heartbreak-after-entire-family-.txt HTTP/1.1" 200 1120 "-" "Mozilla/5.0 (compatible; AhrefsBot/7.0; +http://ahrefs.com/robot/)" "metrocrimedaily.com"
194.38.20.161 - - [14/Jan/2023:05:57:45 -0800] "GET /administrator/components/com_jnews/includes/openflashchart/php-ofc-library/ofc_upload_image.php HTTP/1.1" 404 73 "-" "ALittle Client" "metrocrimedaily.com"
51.222.253.2 - - [14/Jan/2023:05:58:20 -0800] "GET /instagram-detroit/01-12-2023-1633584-Dearborn-man-accused-of-antisemitic-threats-sough.txt HTTP/1.1" 200 1092 "-" "Mozilla/5.0 (compatible; AhrefsBot/7.0; +http://ahrefs.com/robot/)" "metrocrimedaily.com"
66.249.70.138 - - [14/Jan/2023:05:59:31 -0800] "GET /ads.txt HTTP/1.1" 404 88 "-" "Mozilla/5.0 (compatible; Googlebot/2.1; +http://www.google.com/bot.html)" "metrocrimedaily.com"
51.222.253.8 - - [14/Jan/2023:06:00:52 -0800] "GET /instagram-detroit/01-12-2023-1633585-89-year-old-driver-killed-in-Sumpter-Township-cra.txt HTTP/1.1" 200 397 "-" "Mozilla/5.0 (compatible; AhrefsBot/7.0; +http://ahrefs.com/robot/)" "metrocrimedaily.com"
51.222.253.7 - - [14/Jan/2023:06:03:33 -0800] "GET /instagram-detroit/01-12-2023-1633586-Cheer-coach-uses-CPR--AED-to-save-student-athlete.txt HTTP/1.1" 200 904 "-" "Mozilla/5.0 (compatible; AhrefsBot/7.0; +http://ahrefs.com/robot/)" "metrocrimedaily.com"
51.222.253.5 - - [14/Jan/2023:06:06:01 -0800] "GET /instagram-detroit/01-12-2023-1633587-Lansing-man-imprisoned-in-Russia-released-after-9.txt HTTP/1.1" 200 1123 "-" "Mozilla/5.0 (compatible; AhrefsBot/7.0; +http://ahrefs.com/robot/)" "metrocrimedaily.com"
51.222.253.14 - - [14/Jan/2023:06:09:03 -0800] "GET /instagram-detroit/01-12-2023-1633588-Former-U.S.-Marine--veteran-police-officer-bring-.txt HTTP/1.1" 200 1083 "-" "Mozilla/5.0 (compatible; AhrefsBot/7.0; +http://ahrefs.com/robot/)" "metrocrimedaily.com"
51.222.253.6 - - [14/Jan/2023:06:11:47 -0800] "GET /instagram-detroit/01-12-2023-1633589-2-men-still-wanted-after-double-murder-outside-Ha.txt HTTP/1.1" 200 436 "-" "Mozilla/5.0 (compatible; AhrefsBot/7.0; +http://ahrefs.com/robot/)" "metrocrimedaily.com"
51.222.253.14 - - [14/Jan/2023:06:14:32 -0800] "GET /instagram-detroit/01-12-2023-2017511-Animal-rescue-workers-turn-detective-overnight-to.txt HTTP/1.1" 200 1081 "-" "Mozilla/5.0 (compatible; AhrefsBot/7.0; +http://ahrefs.com/robot/)" "metrocrimedaily.com"
51.222.253.19 - - [14/Jan/2023:06:17:21 -0800] "GET /instagram-detroit/01-12-2023-2216051-Lawyers-for-ex-Grand-Rapids-officer-charged-in-de.txt HTTP/1.1" 200 788 "-" "Mozilla/5.0 (compatible; AhrefsBot/7.0; +http://ahrefs.com/robot/)" "metrocrimedaily.com"
51.222.253.1 - - [14/Jan/2023:06:19:55 -0800] "GET /instagram-detroit/01-13-2023-1221431-5-women-arrested-for-stealing-from-Ulta-at-Bright.txt HTTP/1.1" 200 715 "-" "Mozilla/5.0 (compatible; AhrefsBot/7.0; +http://ahrefs.com/robot/)" "metrocrimedaily.com"
51.222.253.14 - - [14/Jan/2023:06:22:40 -0800] "GET /instagram-detroit/01-13-2023-1221432-$25K-reward-offered-after-man-killed-while-rehabb.txt HTTP/1.1" 200 370 "-" "Mozilla/5.0 (compatible; AhrefsBot/7.0; +http://ahrefs.com/robot/)" "metrocrimedaily.com"
51.222.253.4 - - [14/Jan/2023:06:25:35 -0800] "GET /instagram-detroit/01-13-2023-1221433-Detroit-man-charged-with-murder-after-getting-in-.txt HTTP/1.1" 200 469 "-" "Mozilla/5.0 (compatible; AhrefsBot/7.0; +http://ahrefs.com/robot/)" "metrocrimedaily.com"
51.222.253.4 - - [14/Jan/2023:06:28:25 -0800] "GET /instagram-detroit/01-13-2023-1221434-Man-charged-with-making-fake-911-calls-to-distrac.txt HTTP/1.1" 200 945 "-" "Mozilla/5.0 (compatible; AhrefsBot/7.0; +http://ahrefs.com/robot/)" "metrocrimedaily.com"
69.63.184.116 - - [14/Jan/2023:06:28:26 -0800] "GET /instagram-detroit/01-14-2023-0828041-A.jpg HTTP/1.1" 200 224863 "-" "facebookexternalhit/1.1 (+http://www.facebook.com/externalhit_uatext.php)" "www.metrocrimedaily.com"
51.222.253.20 - - [14/Jan/2023:06:31:16 -0800] "GET /instagram-detroit/01-13-2023-1221435-Iowa-man--42--accused-of-retail-fraud-in-Macomb-C.txt HTTP/1.1" 200 841 "-" "Mozilla/5.0 (compatible; AhrefsBot/7.0; +http://ahrefs.com/robot/)" "metrocrimedaily.com"
69.63.184.1 - - [14/Jan/2023:06:33:44 -0800] "GET /instagram-memphis/01-14-2023-0833251-A.jpg HTTP/1.1" 200 94024 "-" "facebookexternalhit/1.1 (+http://www.facebook.com/externalhit_uatext.php)" "www.metrocrimedaily.com"
51.222.253.1 - - [14/Jan/2023:06:34:10 -0800] "GET /instagram-detroit/01-13-2023-1221436--.txt HTTP/1.1" 200 20 "-" "Mozilla/5.0 (compatible; AhrefsBot/7.0; +http://ahrefs.com/robot/)" "metrocrimedaily.com"
