69.63.184.118 - - [12/Jan/2023:16:07:17 -0800] "GET /instagram-detroit/01-12-2023-1633587-A.jpg HTTP/1.1" 200 86187 "-" "facebookexternalhit/1.1 (+http://www.facebook.com/externalhit_uatext.php)" "www.metrocrimedaily.com"
69.63.184.3 - - [12/Jan/2023:16:08:38 -0800] "GET /instagram-chicago/01-12-2023-1752472-A.jpg HTTP/1.1" 200 70195 "-" "facebookexternalhit/1.1 (+http://www.facebook.com/externalhit_uatext.php)" "www.metrocrimedaily.com"
69.63.184.5 - - [12/Jan/2023:16:12:07 -0800] "GET /instagram-houston/01-12-2023-1756152-A.jpg HTTP/1.1" 200 171516 "-" "facebookexternalhit/1.1 (+http://www.facebook.com/externalhit_uatext.php)" "www.metrocrimedaily.com"
69.63.184.4 - - [12/Jan/2023:16:17:25 -0800] "GET /instagram-neworleans/01-12-2023-1817051-A.jpg HTTP/1.1" 200 90762 "-" "facebookexternalhit/1.1 (+http://www.facebook.com/externalhit_uatext.php)" "www.metrocrimedaily.com"
69.63.184.120 - - [12/Jan/2023:16:19:21 -0800] "GET /instagram-stlouis/01-12-2023-1715597-A.jpg HTTP/1.1" 200 88433 "-" "facebookexternalhit/1.1 (+http://www.facebook.com/externalhit_uatext.php)" "www.metrocrimedaily.com"
69.63.184.4 - - [12/Jan/2023:16:22:48 -0800] "GET /instagram-detroit/01-12-2023-1633588-A.jpg HTTP/1.1" 200 210494 "-" "facebookexternalhit/1.1 (+http://www.facebook.com/externalhit_uatext.php)" "www.metrocrimedaily.com"
69.63.184.5 - - [12/Jan/2023:16:23:31 -0800] "GET /instagram-losangeles/01-12-2023-1823101-A.jpg HTTP/1.1" 200 162381 "-" "facebookexternalhit/1.1 (+http://www.facebook.com/externalhit_uatext.php)" "www.metrocrimedaily.com"
69.63.184.117 - - [12/Jan/2023:16:23:59 -0800] "GET /instagram-losangeles/01-12-2023-1823102-A.jpg HTTP/1.1" 200 156628 "-" "facebookexternalhit/1.1 (+http://www.facebook.com/externalhit_uatext.php)" "www.metrocrimedaily.com"
51.222.253.8 - - [12/Jan/2023:16:27:02 -0800] "GET /images/facebook-logo-tiny.png HTTP/1.1" 200 1280 "-" "Mozilla/5.0 (compatible; AhrefsBot/7.0; +http://ahrefs.com/robot/)" "www.metrocrimedaily.com"
51.222.253.13 - - [12/Jan/2023:16:27:03 -0800] "GET / HTTP/1.1" 200 77862 "-" "Mozilla/5.0 (compatible; AhrefsBot/7.0; +http://ahrefs.com/robot/)" "www.metrocrimedaily.com"
51.222.253.4 - - [12/Jan/2023:16:27:03 -0800] "GET /images/twitter-logo-b-tiny.png HTTP/1.1" 200 1600 "-" "Mozilla/5.0 (compatible; AhrefsBot/7.0; +http://ahrefs.com/robot/)" "www.metrocrimedaily.com"
51.222.253.11 - - [12/Jan/2023:16:27:04 -0800] "GET /images/youtube-logo-tiny.png HTTP/1.1" 200 689 "-" "Mozilla/5.0 (compatible; AhrefsBot/7.0; +http://ahrefs.com/robot/)" "www.metrocrimedaily.com"
51.222.253.8 - - [12/Jan/2023:16:27:04 -0800] "GET /images/crimeinthed-logo.jpg HTTP/1.1" 200 14960 "-" "Mozilla/5.0 (compatible; AhrefsBot/7.0; +http://ahrefs.com/robot/)" "www.metrocrimedaily.com"
69.63.184.117 - - [12/Jan/2023:16:27:40 -0800] "GET /instagram-houston/01-12-2023-1756153-A.jpg HTTP/1.1" 200 109068 "-" "facebookexternalhit/1.1 (+http://www.facebook.com/externalhit_uatext.php)" "www.metrocrimedaily.com"
69.63.184.1 - - [12/Jan/2023:16:32:55 -0800] "GET /instagram-neworleans/01-12-2023-1817052-A.jpg HTTP/1.1" 200 327723 "-" "facebookexternalhit/1.1 (+http://www.facebook.com/externalhit_uatext.php)" "www.metrocrimedaily.com"
69.63.184.119 - - [12/Jan/2023:16:34:52 -0800] "GET /instagram-stlouis/01-12-2023-1715598-A.jpg HTTP/1.1" 200 454184 "-" "facebookexternalhit/1.1 (+http://www.facebook.com/externalhit_uatext.php)" "www.metrocrimedaily.com"
69.63.184.119 - - [12/Jan/2023:16:35:18 -0800] "GET /instagram-stlouis/01-12-2023-1715599-A.jpg HTTP/1.1" 200 378073 "-" "facebookexternalhit/1.1 (+http://www.facebook.com/externalhit_uatext.php)" "www.metrocrimedaily.com"
69.63.184.118 - - [12/Jan/2023:16:35:45 -0800] "GET /instagram-stlouis/01-12-2023-17155910-A.jpg HTTP/1.1" 200 198269 "-" "facebookexternalhit/1.1 (+http://www.facebook.com/externalhit_uatext.php)" "www.metrocrimedaily.com"
69.63.184.119 - - [12/Jan/2023:16:38:20 -0800] "GET /instagram-detroit/01-12-2023-1633589-A.jpg HTTP/1.1" 200 102291 "-" "facebookexternalhit/1.1 (+http://www.facebook.com/externalhit_uatext.php)" "www.metrocrimedaily.com"
69.63.184.118 - - [12/Jan/2023:16:39:28 -0800] "GET /instagram-chicago/01-12-2023-1839081-A.jpg HTTP/1.1" 200 78850 "-" "facebookexternalhit/1.1 (+http://www.facebook.com/externalhit_uatext.php)" "www.metrocrimedaily.com"
69.63.184.119 - - [12/Jan/2023:16:43:11 -0800] "GET /instagram-houston/01-12-2023-1756154-A.jpg HTTP/1.1" 200 72244 "-" "facebookexternalhit/1.1 (+http://www.facebook.com/externalhit_uatext.php)" "www.metrocrimedaily.com"
69.63.184.118 - - [12/Jan/2023:16:43:38 -0800] "GET /instagram-houston/01-12-2023-1756155-A.jpg HTTP/1.1" 200 68782 "-" "facebookexternalhit/1.1 (+http://www.facebook.com/externalhit_uatext.php)" "www.metrocrimedaily.com"
69.63.184.120 - - [12/Jan/2023:16:44:05 -0800] "GET /instagram-houston/01-12-2023-1756156-A.jpg HTTP/1.1" 200 163578 "-" "facebookexternalhit/1.1 (+http://www.facebook.com/externalhit_uatext.php)" "www.metrocrimedaily.com"
69.63.184.119 - - [12/Jan/2023:16:44:34 -0800] "GET /instagram-houston/01-12-2023-1756157-A.jpg HTTP/1.1" 200 85037 "-" "facebookexternalhit/1.1 (+http://www.facebook.com/externalhit_uatext.php)" "www.metrocrimedaily.com"
69.63.184.116 - - [12/Jan/2023:16:45:02 -0800] "GET /instagram-houston/01-12-2023-1756158-A.jpg HTTP/1.1" 200 120855 "-" "facebookexternalhit/1.1 (+http://www.facebook.com/externalhit_uatext.php)" "www.metrocrimedaily.com"
69.63.184.5 - - [12/Jan/2023:16:45:31 -0800] "GET /instagram-houston/01-12-2023-1756159-A.jpg HTTP/1.1" 200 213018 "-" "facebookexternalhit/1.1 (+http://www.facebook.com/externalhit_uatext.php)" "www.metrocrimedaily.com"
69.63.184.117 - - [12/Jan/2023:16:45:58 -0800] "GET /instagram-houston/01-12-2023-17561510-A.jpg HTTP/1.1" 200 107381 "-" "facebookexternalhit/1.1 (+http://www.facebook.com/externalhit_uatext.php)" "www.metrocrimedaily.com"
69.63.184.3 - - [12/Jan/2023:16:46:26 -0800] "GET /instagram-houston/01-12-2023-17561511-A.jpg HTTP/1.1" 200 81988 "-" "facebookexternalhit/1.1 (+http://www.facebook.com/externalhit_uatext.php)" "www.metrocrimedaily.com"
69.63.184.3 - - [12/Jan/2023:16:46:54 -0800] "GET /instagram-houston/01-12-2023-17561512-A.jpg HTTP/1.1" 200 188516 "-" "facebookexternalhit/1.1 (+http://www.facebook.com/externalhit_uatext.php)" "www.metrocrimedaily.com"
69.63.184.117 - - [12/Jan/2023:16:50:02 -0800] "GET /instagram-memphis/01-12-2023-1849421-A.jpg HTTP/1.1" 200 97908 "-" "facebookexternalhit/1.1 (+http://www.facebook.com/externalhit_uatext.php)" "www.metrocrimedaily.com"
217.21.94.25 - - [12/Jan/2023:16:50:47 -0800] "GET /wp-login.php HTTP/1.1" 404 88 "" "Mozilla/5.0 (Windows NT 10.0; Win64; x64; rv:108.0) Gecko/20100101 Firefox/108.0" "metrocrimedaily.com"
69.63.184.3 - - [12/Jan/2023:16:53:49 -0800] "GET /instagram-detroit/01-12-2023-16335810-A.jpg HTTP/1.1" 200 111399 "-" "facebookexternalhit/1.1 (+http://www.facebook.com/externalhit_uatext.php)" "www.metrocrimedaily.com"
66.249.66.22 - - [12/Jan/2023:16:55:13 -0800] "GET /robots.txt HTTP/1.1" 404 88 "-" "Mozilla/5.0 (compatible; Googlebot/2.1; +http://www.google.com/bot.html)" "www.metrocrimedaily.com"
69.63.184.2 - - [12/Jan/2023:16:55:59 -0800] "GET /instagram-newyork/01-12-2023-1855391-A.jpg HTTP/1.1" 200 115147 "-" "facebookexternalhit/1.1 (+http://www.facebook.com/externalhit_uatext.php)" "www.metrocrimedaily.com"
69.63.184.3 - - [12/Jan/2023:17:05:35 -0800] "GET /instagram-memphis/01-12-2023-1849422-A.jpg HTTP/1.1" 200 89276 "-" "facebookexternalhit/1.1 (+http://www.facebook.com/externalhit_uatext.php)" "www.metrocrimedaily.com"
40.77.167.106 - - [12/Jan/2023:17:07:45 -0800] "GET /robots.txt HTTP/1.1" 404 88 "-" "Mozilla/5.0 (compatible; bingbot/2.0; +http://www.bing.com/bingbot.htm)" "www.metrocrimedaily.com"
207.46.13.46 - - [12/Jan/2023:17:07:47 -0800] "GET /instagram-chicago/11-30-2022-1725432-Suburban-woman-sentenced-to-18-months-probation-f.txt HTTP/1.1" 404 88 "-" "Mozilla/5.0 (compatible; bingbot/2.0; +http://www.bing.com/bingbot.htm)" "www.metrocrimedaily.com"
69.63.184.2 - - [12/Jan/2023:17:09:21 -0800] "GET /instagram-detroit/01-12-2023-16335811-A.jpg HTTP/1.1" 200 83140 "-" "facebookexternalhit/1.1 (+http://www.facebook.com/externalhit_uatext.php)" "www.metrocrimedaily.com"
66.249.66.139 - - [12/Jan/2023:17:14:25 -0800] "GET /robots.txt HTTP/1.1" 404 88 "-" "Mozilla/5.0 (compatible; Googlebot/2.1; +http://www.google.com/bot.html)" "metrocrimedaily.com"
69.63.184.116 - - [12/Jan/2023:17:15:02 -0800] "GET /instagram-chicago/01-12-2023-1914421-A.jpg HTTP/1.1" 200 85370 "-" "facebookexternalhit/1.1 (+http://www.facebook.com/externalhit_uatext.php)" "www.metrocrimedaily.com"
69.63.184.117 - - [12/Jan/2023:17:20:27 -0800] "GET /instagram-neworleans/01-12-2023-1920061-A.jpg HTTP/1.1" 200 110662 "-" "facebookexternalhit/1.1 (+http://www.facebook.com/externalhit_uatext.php)" "www.metrocrimedaily.com"
66.249.66.152 - - [12/Jan/2023:17:23:07 -0800] "GET /robots.txt HTTP/1.1" 404 88 "-" "Mozilla/5.0 (compatible; Googlebot/2.1; +http://www.google.com/bot.html)" "metrocrimedaily.com"
220.151.9.22 - - [12/Jan/2023:17:23:45 -0800] "GET / HTTP/1.1" 200 80009 "-" "Python/3.7 aiohttp/3.8.1" "metrocrimedaily.com"
69.63.184.3 - - [12/Jan/2023:17:30:36 -0800] "GET /instagram-chicago/01-12-2023-1914422-A.jpg HTTP/1.1" 200 216871 "-" "facebookexternalhit/1.1 (+http://www.facebook.com/externalhit_uatext.php)" "www.metrocrimedaily.com"
69.63.184.1 - - [12/Jan/2023:17:35:59 -0800] "GET /instagram-neworleans/01-12-2023-1920062-A.jpg HTTP/1.1" 200 108580 "-" "facebookexternalhit/1.1 (+http://www.facebook.com/externalhit_uatext.php)" "www.metrocrimedaily.com"
69.63.184.3 - - [12/Jan/2023:17:37:23 -0800] "GET /instagram-stlouis/01-12-2023-1937031-A.jpg HTTP/1.1" 200 163040 "-" "facebookexternalhit/1.1 (+http://www.facebook.com/externalhit_uatext.php)" "www.metrocrimedaily.com"
69.63.184.120 - - [12/Jan/2023:17:39:47 -0800] "GET /instagram-losangeles/01-12-2023-1939251-A.jpg HTTP/1.1" 200 245435 "-" "facebookexternalhit/1.1 (+http://www.facebook.com/externalhit_uatext.php)" "www.metrocrimedaily.com"
69.63.184.1 - - [12/Jan/2023:17:40:15 -0800] "GET /instagram-losangeles/01-12-2023-1939252-A.jpg HTTP/1.1" 200 223320 "-" "facebookexternalhit/1.1 (+http://www.facebook.com/externalhit_uatext.php)" "www.metrocrimedaily.com"
65.108.142.143 - - [12/Jan/2023:17:42:24 -0800] "GET /robots.txt HTTP/1.1" 404 73 "-" "Mozilla/5.0 (compatible; MJ12bot/v1.4.8; http://mj12bot.com/)" "metrocrimedaily.com"
65.108.142.143 - - [12/Jan/2023:17:42:26 -0800] "GET /about-us.html HTTP/1.1" 200 706 "-" "Mozilla/5.0 (compatible; MJ12bot/v1.4.8; http://mj12bot.com/)" "metrocrimedaily.com"
65.108.142.143 - - [12/Jan/2023:17:42:28 -0800] "GET /privacy-policy.html HTTP/1.1" 200 2353 "-" "Mozilla/5.0 (compatible; MJ12bot/v1.4.8; http://mj12bot.com/)" "metrocrimedaily.com"
69.63.184.2 - - [12/Jan/2023:17:45:20 -0800] "GET /instagram-newyork/01-12-2023-1945011-A.jpg HTTP/1.1" 200 93218 "-" "facebookexternalhit/1.1 (+http://www.facebook.com/externalhit_uatext.php)" "www.metrocrimedaily.com"
185.81.157.128 - - [12/Jan/2023:17:48:21 -0800] "GET /_profiler/phpinfo HTTP/1.1" 404 73 "-" "Mozilla/5.0 (Windows NT 10.0; Win64; x64; rv:58.0) Gecko/20100101 Firefox/58.0" "metrocrimedaily.com"
185.81.157.128 - - [12/Jan/2023:17:48:21 -0800] "GET /_profiler/phpinfo HTTP/1.1" 404 73 "-" "Mozilla/5.0 (Windows NT 10.0; Win64; x64; rv:58.0) Gecko/20100101 Firefox/58.0" "metrocrimedaily.com"
185.81.157.128 - - [12/Jan/2023:17:48:22 -0800] "POST / HTTP/1.1" 200 682817 "-" "Mozilla/5.0 (Windows NT 10.0; Win64; x64; rv:58.0) Gecko/20100101 Firefox/58.0" "metrocrimedaily.com"
172.58.123.10 - - [12/Jan/2023:17:50:32 -0800] "GET /styles-mcd.css HTTP/1.1" 200 1159 "-" "Mozilla/5.0 (Linux; Android 13; SM-F936U) AppleWebKit/537.36 (KHTML, like Gecko) Chrome/108.0.0.0 Mobile Safari/537.36" "www.metrocrimedaily.com"
172.58.123.10 - - [12/Jan/2023:17:50:32 -0800] "GET / HTTP/1.1" 200 80009 "https://www.google.com/" "Mozilla/5.0 (Linux; Android 13; SM-F936U) AppleWebKit/537.36 (KHTML, like Gecko) Chrome/108.0.0.0 Mobile Safari/537.36" "www.metrocrimedaily.com"
172.58.123.10 - - [12/Jan/2023:17:50:32 -0800] "GET /images/crimeinthed-logo.jpg HTTP/1.1" 200 14960 "http://www.metrocrimedaily.com/" "Mozilla/5.0 (Linux; Android 13; SM-F936U) AppleWebKit/537.36 (KHTML, like Gecko) Chrome/108.0.0.0 Mobile Safari/537.36" "www.metrocrimedaily.com"
172.58.123.10 - - [12/Jan/2023:17:50:32 -0800] "GET /images/police-tape.jpg HTTP/1.1" 200 50766 "http://www.metrocrimedaily.com/" "Mozilla/5.0 (Linux; Android 13; SM-F936U) AppleWebKit/537.36 (KHTML, like Gecko) Chrome/108.0.0.0 Mobile Safari/537.36" "metrocrimedaily.com"
172.58.123.10 - - [12/Jan/2023:17:50:33 -0800] "GET /images/youtube-logo-tiny.png HTTP/1.1" 200 689 "http://www.metrocrimedaily.com/" "Mozilla/5.0 (Linux; Android 13; SM-F936U) AppleWebKit/537.36 (KHTML, like Gecko) Chrome/108.0.0.0 Mobile Safari/537.36" "www.metrocrimedaily.com"
172.58.123.10 - - [12/Jan/2023:17:50:33 -0800] "GET /images/twitter-logo-b-tiny.png HTTP/1.1" 200 1600 "http://www.metrocrimedaily.com/" "Mozilla/5.0 (Linux; Android 13; SM-F936U) AppleWebKit/537.36 (KHTML, like Gecko) Chrome/108.0.0.0 Mobile Safari/537.36" "www.metrocrimedaily.com"
172.58.123.10 - - [12/Jan/2023:17:50:33 -0800] "GET /images/facebook-logo-tiny.png HTTP/1.1" 200 1280 "http://www.metrocrimedaily.com/" "Mozilla/5.0 (Linux; Android 13; SM-F936U) AppleWebKit/537.36 (KHTML, like Gecko) Chrome/108.0.0.0 Mobile Safari/537.36" "www.metrocrimedaily.com"
69.63.184.119 - - [12/Jan/2023:17:50:50 -0800] "GET /instagram-memphis/01-12-2023-1950041-A.jpg HTTP/1.1" 200 111472 "-" "facebookexternalhit/1.1 (+http://www.facebook.com/externalhit_uatext.php)" "www.metrocrimedaily.com"
69.63.184.1 - - [12/Jan/2023:17:51:31 -0800] "GET /instagram-neworleans/01-12-2023-1920063-A.jpg HTTP/1.1" 200 137777 "-" "facebookexternalhit/1.1 (+http://www.facebook.com/externalhit_uatext.php)" "www.metrocrimedaily.com"
69.63.184.3 - - [12/Jan/2023:17:52:53 -0800] "GET /instagram-stlouis/01-12-2023-1937032-A.jpg HTTP/1.1" 200 131012 "-" "facebookexternalhit/1.1 (+http://www.facebook.com/externalhit_uatext.php)" "www.metrocrimedaily.com"
69.63.184.5 - - [12/Jan/2023:18:01:18 -0800] "GET /instagram-houston/01-12-2023-2000481-A.jpg HTTP/1.1" 200 178077 "-" "facebookexternalhit/1.1 (+http://www.facebook.com/externalhit_uatext.php)" "www.metrocrimedaily.com"
69.63.184.4 - - [12/Jan/2023:18:02:35 -0800] "GET /instagram-dallas/01-12-2023-2002151-A.jpg HTTP/1.1" 200 592329 "-" "facebookexternalhit/1.1 (+http://www.facebook.com/externalhit_uatext.php)" "www.metrocrimedaily.com"
69.63.184.4 - - [12/Jan/2023:18:06:23 -0800] "GET /instagram-memphis/01-12-2023-1950042-A.jpg HTTP/1.1" 200 106557 "-" "facebookexternalhit/1.1 (+http://www.facebook.com/externalhit_uatext.php)" "www.metrocrimedaily.com"
69.63.184.120 - - [12/Jan/2023:18:08:26 -0800] "GET /instagram-stlouis/01-12-2023-1937033-A.jpg HTTP/1.1" 200 165125 "-" "facebookexternalhit/1.1 (+http://www.facebook.com/externalhit_uatext.php)" "www.metrocrimedaily.com"
69.63.184.112 - - [12/Jan/2023:18:08:54 -0800] "GET /instagram-stlouis/01-12-2023-1937034-A.jpg HTTP/1.1" 200 191663 "-" "facebookexternalhit/1.1 (+http://www.facebook.com/externalhit_uatext.php)" "www.metrocrimedaily.com"
69.63.184.120 - - [12/Jan/2023:18:09:22 -0800] "GET /instagram-stlouis/01-12-2023-1937035-A.jpg HTTP/1.1" 200 145457 "-" "facebookexternalhit/1.1 (+http://www.facebook.com/externalhit_uatext.php)" "www.metrocrimedaily.com"
69.63.184.117 - - [12/Jan/2023:18:09:50 -0800] "GET /instagram-stlouis/01-12-2023-1937036-A.jpg HTTP/1.1" 200 79092 "-" "facebookexternalhit/1.1 (+http://www.facebook.com/externalhit_uatext.php)" "www.metrocrimedaily.com"
69.63.184.4 - - [12/Jan/2023:18:10:17 -0800] "GET /instagram-stlouis/01-12-2023-1937037-A.jpg HTTP/1.1" 200 207952 "-" "facebookexternalhit/1.1 (+http://www.facebook.com/externalhit_uatext.php)" "www.metrocrimedaily.com"
69.63.184.4 - - [12/Jan/2023:18:10:45 -0800] "GET /instagram-stlouis/01-12-2023-1937038-A.jpg HTTP/1.1" 200 240060 "-" "facebookexternalhit/1.1 (+http://www.facebook.com/externalhit_uatext.php)" "www.metrocrimedaily.com"
51.222.253.20 - - [12/Jan/2023:18:12:57 -0800] "GET / HTTP/1.1" 200 80009 "-" "Mozilla/5.0 (compatible; AhrefsBot/7.0; +http://ahrefs.com/robot/)" "www.metrocrimedaily.com"
51.222.253.10 - - [12/Jan/2023:18:13:22 -0800] "GET /styles-mcd.css HTTP/1.1" 200 1159 "-" "Mozilla/5.0 (compatible; AhrefsBot/7.0; +http://ahrefs.com/robot/)" "www.metrocrimedaily.com"
51.222.253.13 - - [12/Jan/2023:18:13:22 -0800] "GET /images/twitter-logo-b-tiny.png HTTP/1.1" 200 1600 "-" "Mozilla/5.0 (compatible; AhrefsBot/7.0; +http://ahrefs.com/robot/)" "www.metrocrimedaily.com"
51.222.253.5 - - [12/Jan/2023:18:13:23 -0800] "GET /images/facebook-logo-tiny.png HTTP/1.1" 200 1280 "-" "Mozilla/5.0 (compatible; AhrefsBot/7.0; +http://ahrefs.com/robot/)" "www.metrocrimedaily.com"
51.222.253.16 - - [12/Jan/2023:18:13:23 -0800] "GET / HTTP/1.1" 200 80009 "-" "Mozilla/5.0 (compatible; AhrefsBot/7.0; +http://ahrefs.com/robot/)" "www.metrocrimedaily.com"
51.222.253.10 - - [12/Jan/2023:18:13:24 -0800] "GET /images/youtube-logo-tiny.png HTTP/1.1" 200 689 "-" "Mozilla/5.0 (compatible; AhrefsBot/7.0; +http://ahrefs.com/robot/)" "www.metrocrimedaily.com"
69.63.184.118 - - [12/Jan/2023:18:16:49 -0800] "GET /instagram-houston/01-12-2023-2000482-A.jpg HTTP/1.1" 200 179158 "-" "facebookexternalhit/1.1 (+http://www.facebook.com/externalhit_uatext.php)" "www.metrocrimedaily.com"
76.184.252.42 - - [12/Jan/2023:18:18:02 -0800] "GET /images/police-tape.jpg HTTP/1.1" 200 50766 "-" "Wget/1.20.3 (mingw32)" "metrocrimedaily.com"
69.63.184.116 - - [12/Jan/2023:18:18:13 -0800] "GET /instagram-detroit/01-12-2023-2017511-A.jpg HTTP/1.1" 200 71752 "-" "facebookexternalhit/1.1 (+http://www.facebook.com/externalhit_uatext.php)" "www.metrocrimedaily.com"
69.63.184.3 - - [12/Jan/2023:18:21:53 -0800] "GET /instagram-memphis/01-12-2023-1950043-A.jpg HTTP/1.1" 200 86254 "-" "facebookexternalhit/1.1 (+http://www.facebook.com/externalhit_uatext.php)" "www.metrocrimedaily.com"
69.63.184.119 - - [12/Jan/2023:18:32:20 -0800] "GET /instagram-houston/01-12-2023-2000483-A.jpg HTTP/1.1" 200 119654 "-" "facebookexternalhit/1.1 (+http://www.facebook.com/externalhit_uatext.php)" "www.metrocrimedaily.com"
69.63.184.120 - - [12/Jan/2023:18:33:45 -0800] "GET /instagram-detroit/01-12-2023-2017512-A.jpg HTTP/1.1" 200 192143 "-" "facebookexternalhit/1.1 (+http://www.facebook.com/externalhit_uatext.php)" "www.metrocrimedaily.com"
76.184.252.42 - - [12/Jan/2023:18:34:10 -0800] "GET /images/police-tape.jpg HTTP/1.1" 200 50766 "-" "Wget/1.20.3 (mingw32)" "metrocrimedaily.com"
69.63.184.117 - - [12/Jan/2023:18:34:18 -0800] "GET /instagram-detroit/01-12-2023-2017513-A.jpg HTTP/1.1" 200 61766 "-" "facebookexternalhit/1.1 (+http://www.facebook.com/externalhit_uatext.php)" "www.metrocrimedaily.com"
69.63.184.5 - - [12/Jan/2023:18:34:45 -0800] "GET /instagram-detroit/01-12-2023-2017514-A.jpg HTTP/1.1" 200 58072 "-" "facebookexternalhit/1.1 (+http://www.facebook.com/externalhit_uatext.php)" "www.metrocrimedaily.com"
69.63.184.116 - - [12/Jan/2023:18:35:11 -0800] "GET /instagram-detroit/01-12-2023-2017515-A.jpg HTTP/1.1" 200 115016 "-" "facebookexternalhit/1.1 (+http://www.facebook.com/externalhit_uatext.php)" "www.metrocrimedaily.com"
69.63.184.117 - - [12/Jan/2023:18:35:38 -0800] "GET /instagram-detroit/01-12-2023-2017516-A.jpg HTTP/1.1" 200 83659 "-" "facebookexternalhit/1.1 (+http://www.facebook.com/externalhit_uatext.php)" "www.metrocrimedaily.com"
14.29.206.197 - - [12/Jan/2023:18:41:20 -0800] "GET / HTTP/1.1" 200 80917 "-" "Mozilla/5.0 (iPhone; CPU iPhone OS 13_2_3 like Mac OS X) AppleWebKit/605.1.15 (KHTML, like Gecko) Version/13.0.3 Mobile/15E148 Safari/604.1" "metrocrimedaily.com"
194.38.20.161 - - [12/Jan/2023:18:44:12 -0800] "GET /components/com_jnews/includes/openflashchart/php-ofc-library/ofc_upload_image.php HTTP/1.1" 404 73 "-" "ALittle Client" "metrocrimedaily.com"
69.63.184.120 - - [12/Jan/2023:18:47:52 -0800] "GET /instagram-houston/01-12-2023-2000484-A.jpg HTTP/1.1" 200 83679 "-" "facebookexternalhit/1.1 (+http://www.facebook.com/externalhit_uatext.php)" "www.metrocrimedaily.com"
69.63.184.118 - - [12/Jan/2023:18:53:00 -0800] "GET /instagram-dallas/01-12-2023-2052401-A.jpg HTTP/1.1" 200 76735 "-" "facebookexternalhit/1.1 (+http://www.facebook.com/externalhit_uatext.php)" "www.metrocrimedaily.com"
69.63.184.120 - - [12/Jan/2023:19:00:34 -0800] "GET /instagram-stlouis/01-12-2023-2100131-A.jpg HTTP/1.1" 200 120863 "-" "facebookexternalhit/1.1 (+http://www.facebook.com/externalhit_uatext.php)" "www.metrocrimedaily.com"
69.63.184.111 - - [12/Jan/2023:19:01:02 -0800] "GET /instagram-stlouis/01-12-2023-2100132-A.jpg HTTP/1.1" 200 332088 "-" "facebookexternalhit/1.1 (+http://www.facebook.com/externalhit_uatext.php)" "www.metrocrimedaily.com"
54.212.88.57 - - [12/Jan/2023:19:01:10 -0800] "GET / HTTP/1.1" 200 80917 "-" "Mozilla/5.0 (X11; Linux x86_64) AppleWebKit/537.36 (KHTML, like Gecko) Chrome/83.0.4103.97 Safari/537.36" "metrocrimedaily.com"
69.63.184.117 - - [12/Jan/2023:19:01:30 -0800] "GET /instagram-stlouis/01-12-2023-2100133-A.jpg HTTP/1.1" 200 157676 "-" "facebookexternalhit/1.1 (+http://www.facebook.com/externalhit_uatext.php)" "www.metrocrimedaily.com"
69.63.184.3 - - [12/Jan/2023:19:02:00 -0800] "GET /instagram-stlouis/01-12-2023-2100134-A.jpg HTTP/1.1" 200 252429 "-" "facebookexternalhit/1.1 (+http://www.facebook.com/externalhit_uatext.php)" "www.metrocrimedaily.com"
69.63.184.2 - - [12/Jan/2023:19:02:27 -0800] "GET /instagram-stlouis/01-12-2023-2100135-A.jpg HTTP/1.1" 200 92924 "-" "facebookexternalhit/1.1 (+http://www.facebook.com/externalhit_uatext.php)" "www.metrocrimedaily.com"
69.63.184.120 - - [12/Jan/2023:19:02:54 -0800] "GET /instagram-stlouis/01-12-2023-2100136-A.jpg HTTP/1.1" 200 214929 "-" "facebookexternalhit/1.1 (+http://www.facebook.com/externalhit_uatext.php)" "www.metrocrimedaily.com"
35.89.131.220 - - [12/Jan/2023:19:02:55 -0800] "GET / HTTP/1.1" 200 80917 "-" "Mozilla/5.0 (X11; Linux x86_64) AppleWebKit/537.36 (KHTML, like Gecko) Chrome/83.0.4103.97 Safari/537.36" "metrocrimedaily.com"
69.63.184.120 - - [12/Jan/2023:19:03:28 -0800] "GET /instagram-houston/01-12-2023-2000485-A.jpg HTTP/1.1" 200 204773 "-" "facebookexternalhit/1.1 (+http://www.facebook.com/externalhit_uatext.php)" "www.metrocrimedaily.com"
69.63.184.116 - - [12/Jan/2023:19:03:56 -0800] "GET /instagram-houston/01-12-2023-2000486-A.jpg HTTP/1.1" 200 145779 "-" "facebookexternalhit/1.1 (+http://www.facebook.com/externalhit_uatext.php)" "www.metrocrimedaily.com"
69.63.184.5 - - [12/Jan/2023:19:04:23 -0800] "GET /instagram-houston/01-12-2023-2000487-A.jpg HTTP/1.1" 200 173127 "-" "facebookexternalhit/1.1 (+http://www.facebook.com/externalhit_uatext.php)" "www.metrocrimedaily.com"
69.63.184.117 - - [12/Jan/2023:19:04:47 -0800] "GET /instagram-atlanta/01-12-2023-2104261-A.jpg HTTP/1.1" 200 163126 "-" "facebookexternalhit/1.1 (+http://www.facebook.com/externalhit_uatext.php)" "www.metrocrimedaily.com"
69.63.184.119 - - [12/Jan/2023:19:04:50 -0800] "GET /instagram-houston/01-12-2023-2000488-A.jpg HTTP/1.1" 200 112620 "-" "facebookexternalhit/1.1 (+http://www.facebook.com/externalhit_uatext.php)" "www.metrocrimedaily.com"
69.63.184.5 - - [12/Jan/2023:19:05:17 -0800] "GET /instagram-houston/01-12-2023-2000489-A.jpg HTTP/1.1" 200 76962 "-" "facebookexternalhit/1.1 (+http://www.facebook.com/externalhit_uatext.php)" "www.metrocrimedaily.com"
69.63.184.116 - - [12/Jan/2023:19:05:44 -0800] "GET /instagram-houston/01-12-2023-20004810-A.jpg HTTP/1.1" 200 83560 "-" "facebookexternalhit/1.1 (+http://www.facebook.com/externalhit_uatext.php)" "www.metrocrimedaily.com"
69.63.184.5 - - [12/Jan/2023:19:06:11 -0800] "GET /instagram-houston/01-12-2023-20004811-A.jpg HTTP/1.1" 200 81502 "-" "facebookexternalhit/1.1 (+http://www.facebook.com/externalhit_uatext.php)" "www.metrocrimedaily.com"
69.63.184.2 - - [12/Jan/2023:19:06:39 -0800] "GET /instagram-houston/01-12-2023-20004812-A.jpg HTTP/1.1" 200 163864 "-" "facebookexternalhit/1.1 (+http://www.facebook.com/externalhit_uatext.php)" "www.metrocrimedaily.com"
69.63.184.118 - - [12/Jan/2023:19:07:07 -0800] "GET /instagram-houston/01-12-2023-20004813-A.jpg HTTP/1.1" 200 217578 "-" "facebookexternalhit/1.1 (+http://www.facebook.com/externalhit_uatext.php)" "www.metrocrimedaily.com"
69.63.184.3 - - [12/Jan/2023:19:07:35 -0800] "GET /instagram-houston/01-12-2023-20004814-A.jpg HTTP/1.1" 200 65699 "-" "facebookexternalhit/1.1 (+http://www.facebook.com/externalhit_uatext.php)" "www.metrocrimedaily.com"
35.88.100.249 - - [12/Jan/2023:19:10:24 -0800] "GET /favicon.ico HTTP/1.1" 404 88 "-" "Mozilla/5.0 (X11; Linux x86_64) AppleWebKit/537.36 (KHTML, like Gecko) Chrome/83.0.4103.97 Safari/537.36" "metrocrimedaily.com"
35.88.100.249 - - [12/Jan/2023:19:10:25 -0800] "GET / HTTP/1.1" 200 80917 "-" "Mozilla/5.0 (X11; Linux x86_64) AppleWebKit/537.36 (KHTML, like Gecko) Chrome/83.0.4103.97 Safari/537.36" "metrocrimedaily.com"
54.244.197.41 - - [12/Jan/2023:19:12:46 -0800] "GET / HTTP/1.1" 200 80917 "-" "Mozilla/5.0 (X11; Linux x86_64) AppleWebKit/537.36 (KHTML, like Gecko) Chrome/83.0.4103.97 Safari/537.36" "metrocrimedaily.com"
69.63.184.119 - - [12/Jan/2023:19:16:04 -0800] "GET /instagram-chicago/01-12-2023-2115441-A.jpg HTTP/1.1" 200 101028 "-" "facebookexternalhit/1.1 (+http://www.facebook.com/externalhit_uatext.php)" "www.metrocrimedaily.com"
51.222.253.5 - - [12/Jan/2023:19:16:42 -0800] "GET / HTTP/1.1" 200 80917 "-" "Mozilla/5.0 (compatible; AhrefsBot/7.0; +http://ahrefs.com/robot/)" "metrocrimedaily.com"
51.222.253.2 - - [12/Jan/2023:19:16:47 -0800] "GET /images/youtube-logo-tiny.png HTTP/1.1" 200 689 "-" "Mozilla/5.0 (compatible; AhrefsBot/7.0; +http://ahrefs.com/robot/)" "metrocrimedaily.com"
51.222.253.11 - - [12/Jan/2023:19:16:47 -0800] "GET /images/twitter-logo-b-tiny.png HTTP/1.1" 200 1600 "-" "Mozilla/5.0 (compatible; AhrefsBot/7.0; +http://ahrefs.com/robot/)" "metrocrimedaily.com"
51.222.253.6 - - [12/Jan/2023:19:16:49 -0800] "GET /images/facebook-logo-tiny.png HTTP/1.1" 200 1280 "-" "Mozilla/5.0 (compatible; AhrefsBot/7.0; +http://ahrefs.com/robot/)" "metrocrimedaily.com"
51.222.253.1 - - [12/Jan/2023:19:16:50 -0800] "GET / HTTP/1.1" 200 80917 "-" "Mozilla/5.0 (compatible; AhrefsBot/7.0; +http://ahrefs.com/robot/)" "metrocrimedaily.com"
51.222.253.9 - - [12/Jan/2023:19:17:00 -0800] "GET /images/crimeinthed-logo.jpg HTTP/1.1" 200 14960 "-" "Mozilla/5.0 (compatible; AhrefsBot/7.0; +http://ahrefs.com/robot/)" "metrocrimedaily.com"
69.63.184.119 - - [12/Jan/2023:19:20:21 -0800] "GET /instagram-atlanta/01-12-2023-2104262-A.jpg HTTP/1.1" 200 183279 "-" "facebookexternalhit/1.1 (+http://www.facebook.com/externalhit_uatext.php)" "www.metrocrimedaily.com"
34.96.143.131 - - [12/Jan/2023:19:21:15 -0800] "GET /wp-login.php HTTP/1.1" 404 88 "" "Mozilla/5.0 (Windows NT 10.0; Win64; x64; rv:108.0) Gecko/20100101 Firefox/108.0" "metrocrimedaily.com"
69.63.184.118 - - [12/Jan/2023:19:22:32 -0800] "GET /instagram-detroit/01-12-2023-2122121-A.jpg HTTP/1.1" 200 196518 "-" "facebookexternalhit/1.1 (+http://www.facebook.com/externalhit_uatext.php)" "www.metrocrimedaily.com"
69.63.184.2 - - [12/Jan/2023:19:22:58 -0800] "GET /instagram-detroit/01-12-2023-2122122-A.jpg HTTP/1.1" 200 83697 "-" "facebookexternalhit/1.1 (+http://www.facebook.com/externalhit_uatext.php)" "www.metrocrimedaily.com"
69.63.184.119 - - [12/Jan/2023:19:23:25 -0800] "GET /instagram-detroit/01-12-2023-2122123-A.jpg HTTP/1.1" 200 77712 "-" "facebookexternalhit/1.1 (+http://www.facebook.com/externalhit_uatext.php)" "www.metrocrimedaily.com"
69.63.184.120 - - [12/Jan/2023:19:30:47 -0800] "GET /instagram-neworleans/01-12-2023-2130271-A.jpg HTTP/1.1" 200 94746 "-" "facebookexternalhit/1.1 (+http://www.facebook.com/externalhit_uatext.php)" "www.metrocrimedaily.com"
69.63.184.118 - - [12/Jan/2023:19:35:57 -0800] "GET /instagram-atlanta/01-12-2023-2104263-A.jpg HTTP/1.1" 200 181998 "-" "facebookexternalhit/1.1 (+http://www.facebook.com/externalhit_uatext.php)" "www.metrocrimedaily.com"
185.129.62.62 - - [12/Jan/2023:19:39:37 -0800] "GET / HTTP/1.1" 200 81591 "http://metrocrimedaily.com" "Mozilla/5.0 (Windows NT 10.0; Win64; x64) AppleWebKit/537.36 (KHTML, like Gecko) Chrome/80.0.3987.122 Safari/537.36" "metrocrimedaily.com"
45.66.35.10 - - [12/Jan/2023:19:39:40 -0800] "GET /?author=1 HTTP/1.1" 200 81591 "http://metrocrimedaily.com/" "Mozilla/5.0 (Macintosh; Intel Mac OS X 10_12_6) AppleWebKit/603.3.8 (KHTML, like Gecko)" "metrocrimedaily.com"
185.220.103.7 - - [12/Jan/2023:19:39:41 -0800] "GET /?author=2 HTTP/1.1" 200 81591 "http://metrocrimedaily.com/" "Mozilla/5.0 (Windows; U; Windows NT 5.1; en-US; rv:1.7.10) Gecko/20050716 Firefox/1.0.6" "metrocrimedaily.com"
185.220.101.51 - - [12/Jan/2023:19:39:43 -0800] "GET /?author=3 HTTP/1.1" 200 81591 "http://metrocrimedaily.com/" "Mozilla/5.0 (Windows NT 6.3; WOW64; rv:52.0) Gecko/20100101 Firefox/52.0" "metrocrimedaily.com"
103.251.167.10 - - [12/Jan/2023:19:39:45 -0800] "GET /?author=4 HTTP/1.1" 200 81591 "http://metrocrimedaily.com/" "Mozilla/5.0 (Macintosh; Intel Mac OS X 10_15_4) AppleWebKit/605.1.15 (KHTML, like Gecko) Version/13.1.2 Safari/605.1.15" "metrocrimedaily.com"
209.141.52.23 - - [12/Jan/2023:19:39:46 -0800] "GET /?author=5 HTTP/1.1" 200 81591 "http://metrocrimedaily.com/" "Mozilla/5.0 (iPhone; CPU iPhone OS 12_0 like Mac OS X) AppleWebKit/605.1.15 (KHTML, like Gecko) Version/12.0 Mobile/15E148 Safari/604.1" "metrocrimedaily.com"
23.152.225.5 - - [12/Jan/2023:19:39:47 -0800] "GET /wp-json/wp/v2/users/1 HTTP/1.1" 404 88 "http://metrocrimedaily.com/" "Mozilla/5.0 (Windows NT 6.0) AppleWebKit/537.36 (KHTML, like Gecko) Chrome/49.0.2623.112 Safari/537.36" "metrocrimedaily.com"
185.220.100.248 - - [12/Jan/2023:19:39:48 -0800] "GET /wp-json/wp/v2/users/2 HTTP/1.1" 404 88 "http://metrocrimedaily.com/" "Mozilla/5.0 (iPhone; CPU iPhone OS 12_2 like Mac OS X) AppleWebKit/605.1.15 (KHTML, like Gecko) Version/12.1 Mobile/15E148 Safari/604.1" "metrocrimedaily.com"
23.128.248.27 - - [12/Jan/2023:19:39:48 -0800] "GET /wp-json/wp/v2/users/3 HTTP/1.1" 404 88 "http://metrocrimedaily.com/" "Mozilla/4.0 (compatible; MSIE 9.0; Windows NT 6.1)" "metrocrimedaily.com"
185.220.100.243 - - [12/Jan/2023:19:39:49 -0800] "GET /wp-json/wp/v2/users/4 HTTP/1.1" 404 88 "http://metrocrimedaily.com/" "Mozilla/5.0 (Windows NT 10.0; Win64; x64) AppleWebKit/537.36 (KHTML, like Gecko) Chrome/84.0.4147.125 Safari/537.36" "metrocrimedaily.com"
199.249.230.81 - - [12/Jan/2023:19:39:50 -0800] "GET /wp-json/wp/v2/users/5 HTTP/1.1" 404 88 "http://metrocrimedaily.com/" "Mozilla/5.0 (Windows NT 10.0; WOW64; Trident/7.0; .NET4.0C; .NET4.0E; .NET CLR 2.0.50727; .NET CLR 3.0.30729; .NET CLR 3.5.30729; rv:11.0) like Gecko" "metrocrimedaily.com"
69.63.184.119 - - [12/Jan/2023:19:43:20 -0800] "GET /instagram-dallas/01-12-2023-2143011-A.jpg HTTP/1.1" 200 128930 "-" "facebookexternalhit/1.1 (+http://www.facebook.com/externalhit_uatext.php)" "www.metrocrimedaily.com"
69.63.184.1 - - [12/Jan/2023:19:46:41 -0800] "GET /instagram-neworleans/01-12-2023-2130272-A.jpg HTTP/1.1" 200 577108 "-" "facebookexternalhit/1.1 (+http://www.facebook.com/externalhit_uatext.php)" "www.metrocrimedaily.com"
31.31.198.122 - - [12/Jan/2023:19:50:06 -0800] "GET /wp-login.php HTTP/1.1" 404 88 "" "Mozilla/5.0 (Windows NT 10.0; Win64; x64; rv:108.0) Gecko/20100101 Firefox/108.0" "www.metrocrimedaily.com"
69.63.184.119 - - [12/Jan/2023:19:51:33 -0800] "GET /instagram-atlanta/01-12-2023-2104264-A.jpg HTTP/1.1" 200 82735 "-" "facebookexternalhit/1.1 (+http://www.facebook.com/externalhit_uatext.php)" "www.metrocrimedaily.com"
69.63.184.1 - - [12/Jan/2023:19:52:00 -0800] "GET /instagram-houston/01-12-2023-2151391-A.jpg HTTP/1.1" 200 675202 "-" "facebookexternalhit/1.1 (+http://www.facebook.com/externalhit_uatext.php)" "www.metrocrimedaily.com"
5.188.159.171 - - [12/Jan/2023:19:53:07 -0800] "GET /wp-login.php HTTP/1.1" 404 88 "" "Mozilla/5.0 (Windows NT 10.0; Win64; x64; rv:108.0) Gecko/20100101 Firefox/108.0" "metrocrimedaily.com"
172.58.122.148 - - [12/Jan/2023:19:54:06 -0800] "GET / HTTP/1.1" 200 81591 "https://www.google.com/" "Mozilla/5.0 (Linux; Android 13; SM-A526U) AppleWebKit/537.36 (KHTML, like Gecko) Chrome/108.0.0.0 Mobile Safari/537.36" "www.metrocrimedaily.com"
172.58.122.148 - - [12/Jan/2023:19:54:06 -0800] "GET /styles-mcd.css HTTP/1.1" 200 1159 "http://www.metrocrimedaily.com/" "Mozilla/5.0 (Linux; Android 13; SM-A526U) AppleWebKit/537.36 (KHTML, like Gecko) Chrome/108.0.0.0 Mobile Safari/537.36" "www.metrocrimedaily.com"
172.58.122.148 - - [12/Jan/2023:19:54:06 -0800] "GET /images/crimeinthed-logo.jpg HTTP/1.1" 200 14960 "http://www.metrocrimedaily.com/" "Mozilla/5.0 (Linux; Android 13; SM-A526U) AppleWebKit/537.36 (KHTML, like Gecko) Chrome/108.0.0.0 Mobile Safari/537.36" "www.metrocrimedaily.com"
172.58.122.148 - - [12/Jan/2023:19:54:09 -0800] "GET /images/police-tape.jpg HTTP/1.1" 200 50766 "http://www.metrocrimedaily.com/" "Mozilla/5.0 (Linux; Android 13; SM-A526U) AppleWebKit/537.36 (KHTML, like Gecko) Chrome/108.0.0.0 Mobile Safari/537.36" "metrocrimedaily.com"
172.58.122.148 - - [12/Jan/2023:19:54:13 -0800] "GET /images/youtube-logo-tiny.png HTTP/1.1" 200 689 "http://www.metrocrimedaily.com/" "Mozilla/5.0 (Linux; Android 13; SM-A526U) AppleWebKit/537.36 (KHTML, like Gecko) Chrome/108.0.0.0 Mobile Safari/537.36" "www.metrocrimedaily.com"
172.58.122.148 - - [12/Jan/2023:19:54:14 -0800] "GET /images/facebook-logo-tiny.png HTTP/1.1" 200 1280 "http://www.metrocrimedaily.com/" "Mozilla/5.0 (Linux; Android 13; SM-A526U) AppleWebKit/537.36 (KHTML, like Gecko) Chrome/108.0.0.0 Mobile Safari/537.36" "www.metrocrimedaily.com"
172.58.122.148 - - [12/Jan/2023:19:54:16 -0800] "GET /images/twitter-logo-b-tiny.png HTTP/1.1" 200 1600 "http://www.metrocrimedaily.com/" "Mozilla/5.0 (Linux; Android 13; SM-A526U) AppleWebKit/537.36 (KHTML, like Gecko) Chrome/108.0.0.0 Mobile Safari/537.36" "www.metrocrimedaily.com"
69.63.184.120 - - [12/Jan/2023:19:58:30 -0800] "GET /instagram-memphis/01-12-2023-2158101-A.jpg HTTP/1.1" 200 96088 "-" "facebookexternalhit/1.1 (+http://www.facebook.com/externalhit_uatext.php)" "www.metrocrimedaily.com"
69.63.184.1 - - [12/Jan/2023:20:07:07 -0800] "GET /instagram-atlanta/01-12-2023-2104265-A.jpg HTTP/1.1" 200 88585 "-" "facebookexternalhit/1.1 (+http://www.facebook.com/externalhit_uatext.php)" "www.metrocrimedaily.com"
69.63.184.117 - - [12/Jan/2023:20:07:32 -0800] "GET /instagram-houston/01-12-2023-2151392-A.jpg HTTP/1.1" 200 146938 "-" "facebookexternalhit/1.1 (+http://www.facebook.com/externalhit_uatext.php)" "www.metrocrimedaily.com"
69.63.184.4 - - [12/Jan/2023:20:08:00 -0800] "GET /instagram-houston/01-12-2023-2151393-A.jpg HTTP/1.1" 200 675202 "-" "facebookexternalhit/1.1 (+http://www.facebook.com/externalhit_uatext.php)" "www.metrocrimedaily.com"
69.63.184.117 - - [12/Jan/2023:20:14:04 -0800] "GET /instagram-memphis/01-12-2023-2158102-A.jpg HTTP/1.1" 200 113473 "-" "facebookexternalhit/1.1 (+http://www.facebook.com/externalhit_uatext.php)" "www.metrocrimedaily.com"
69.63.184.2 - - [12/Jan/2023:20:16:27 -0800] "GET /instagram-detroit/01-12-2023-2216051-A.jpg HTTP/1.1" 200 162908 "-" "facebookexternalhit/1.1 (+http://www.facebook.com/externalhit_uatext.php)" "www.metrocrimedaily.com"
69.63.184.118 - - [12/Jan/2023:20:22:42 -0800] "GET /instagram-atlanta/01-12-2023-2104266-A.jpg HTTP/1.1" 200 201757 "-" "facebookexternalhit/1.1 (+http://www.facebook.com/externalhit_uatext.php)" "www.metrocrimedaily.com"
69.63.184.2 - - [12/Jan/2023:20:25:43 -0800] "GET /instagram-stlouis/01-12-2023-2225231-A.jpg HTTP/1.1" 200 198079 "-" "facebookexternalhit/1.1 (+http://www.facebook.com/externalhit_uatext.php)" "www.metrocrimedaily.com"
51.222.253.19 - - [12/Jan/2023:20:25:59 -0800] "GET / HTTP/1.1" 200 81591 "-" "Mozilla/5.0 (compatible; AhrefsBot/7.0; +http://ahrefs.com/robot/)" "metrocrimedaily.com"
147.78.47.249 - - [12/Jan/2023:20:26:08 -0800] "GET /_ignition/health-check/ HTTP/1.1" 404 88 "-" "Mozilla/5.0 (Windows NT 10.0; Win64; x64) AppleWebKit/537.36 (KHTML, like Gecko) Chrome/105.0.0.0 Safari/537.36" "metrocrimedaily.com"
147.78.47.249 - - [12/Jan/2023:20:26:10 -0800] "GET /public/_ignition/health-check/ HTTP/1.1" 404 88 "-" "Mozilla/5.0 (Windows NT 10.0; Win64; x64) AppleWebKit/537.36 (KHTML, like Gecko) Chrome/105.0.0.0 Safari/537.36" "metrocrimedaily.com"
147.78.47.249 - - [12/Jan/2023:20:26:12 -0800] "GET /wp-includes/wlwmanifest.xml HTTP/1.1" 404 88 "-" "Mozilla/5.0 (Windows NT 10.0; Win64; x64) AppleWebKit/537.36 (KHTML, like Gecko) Chrome/105.0.0.0 Safari/537.36" "metrocrimedaily.com"
69.63.184.117 - - [12/Jan/2023:20:29:25 -0800] "GET /instagram-neworleans/01-12-2023-2229041-A.jpg HTTP/1.1" 200 152618 "-" "facebookexternalhit/1.1 (+http://www.facebook.com/externalhit_uatext.php)" "www.metrocrimedaily.com"
69.63.184.5 - - [12/Jan/2023:20:31:50 -0800] "GET /instagram-dallas/01-12-2023-2231291-A.jpg HTTP/1.1" 200 130041 "-" "facebookexternalhit/1.1 (+http://www.facebook.com/externalhit_uatext.php)" "www.metrocrimedaily.com"
144.126.130.38 - - [12/Jan/2023:20:41:37 -0800] "GET /wp-content/plugins/seoplugins/mar.php HTTP/1.1" 404 88 "www.google.com" "Mozlila/5.0 (Linux; Android 7.0; SM-G892A Bulid/NRD90M; wv) AppleWebKit/537.36 (KHTML, like Gecko) Version/4.0 Chrome/60.0.3112.107 Moblie Safari/537.36" "metrocrimedaily.com"
144.126.130.38 - - [12/Jan/2023:20:42:09 -0800] "GET /wp-content/plugins/seoplugins/mar.php HTTP/1.1" 404 88 "www.google.com" "Mozlila/5.0 (Linux; Android 7.0; SM-G892A Bulid/NRD90M; wv) AppleWebKit/537.36 (KHTML, like Gecko) Version/4.0 Chrome/60.0.3112.107 Moblie Safari/537.36" "metrocrimedaily.com"
144.126.130.38 - - [12/Jan/2023:20:42:40 -0800] "GET /wp-content/themes/seotheme/mar.php HTTP/1.1" 404 88 "www.google.com" "Mozlila/5.0 (Linux; Android 7.0; SM-G892A Bulid/NRD90M; wv) AppleWebKit/537.36 (KHTML, like Gecko) Version/4.0 Chrome/60.0.3112.107 Moblie Safari/537.36" "metrocrimedaily.com"
144.126.130.38 - - [12/Jan/2023:20:43:14 -0800] "GET /wp-content/themes/seotheme/mar.php HTTP/1.1" 404 88 "www.google.com" "Mozlila/5.0 (Linux; Android 7.0; SM-G892A Bulid/NRD90M; wv) AppleWebKit/537.36 (KHTML, like Gecko) Version/4.0 Chrome/60.0.3112.107 Moblie Safari/537.36" "metrocrimedaily.com"
114.119.130.57 - - [12/Jan/2023:20:55:24 -0800] "GET /robots.txt HTTP/1.1" 404 88 "-" "Mozilla/5.0 (compatible;PetalBot;+https://webmaster.petalsearch.com/site/petalbot)" "www.metrocrimedaily.com"
69.63.184.118 - - [12/Jan/2023:20:57:05 -0800] "GET /instagram-houston/01-12-2023-2256441-A.jpg HTTP/1.1" 200 92896 "-" "facebookexternalhit/1.1 (+http://www.facebook.com/externalhit_uatext.php)" "www.metrocrimedaily.com"
69.63.184.118 - - [12/Jan/2023:20:57:32 -0800] "GET /instagram-houston/01-12-2023-2256442-A.jpg HTTP/1.1" 200 241686 "-" "facebookexternalhit/1.1 (+http://www.facebook.com/externalhit_uatext.php)" "www.metrocrimedaily.com"
69.63.184.3 - - [12/Jan/2023:20:57:59 -0800] "GET /instagram-houston/01-12-2023-2256443-A.jpg HTTP/1.1" 200 77049 "-" "facebookexternalhit/1.1 (+http://www.facebook.com/externalhit_uatext.php)" "www.metrocrimedaily.com"
69.63.184.118 - - [12/Jan/2023:20:58:27 -0800] "GET /instagram-houston/01-12-2023-2256444-A.jpg HTTP/1.1" 200 168465 "-" "facebookexternalhit/1.1 (+http://www.facebook.com/externalhit_uatext.php)" "www.metrocrimedaily.com"
69.63.184.116 - - [12/Jan/2023:21:13:21 -0800] "GET /instagram-losangeles/01-12-2023-2313011-A.jpg HTTP/1.1" 200 159890 "-" "facebookexternalhit/1.1 (+http://www.facebook.com/externalhit_uatext.php)" "www.metrocrimedaily.com"
69.63.184.117 - - [12/Jan/2023:21:18:12 -0800] "GET /instagram-newyork/01-12-2023-2317521-A.jpg HTTP/1.1" 200 139419 "-" "facebookexternalhit/1.1 (+http://www.facebook.com/externalhit_uatext.php)" "www.metrocrimedaily.com"
69.63.184.118 - - [12/Jan/2023:21:22:03 -0800] "GET /instagram-dallas/01-12-2023-2321431-A.jpg HTTP/1.1" 200 190287 "-" "facebookexternalhit/1.1 (+http://www.facebook.com/externalhit_uatext.php)" "www.metrocrimedaily.com"
69.63.184.118 - - [12/Jan/2023:21:22:04 -0800] "GET /instagram-stlouis/01-12-2023-2321441-A.jpg HTTP/1.1" 200 176832 "-" "facebookexternalhit/1.1 (+http://www.facebook.com/externalhit_uatext.php)" "www.metrocrimedaily.com"
51.222.253.14 - - [12/Jan/2023:21:24:20 -0800] "GET /robots.txt HTTP/1.1" 404 88 "-" "Mozilla/5.0 (compatible; AhrefsBot/7.0; +http://ahrefs.com/robot/)" "metrocrimedaily.com"
51.222.253.6 - - [12/Jan/2023:21:24:21 -0800] "GET /instagram-dallas/videos/?C=S;O=D HTTP/1.1" 200 325 "-" "Mozilla/5.0 (compatible; AhrefsBot/7.0; +http://ahrefs.com/robot/)" "metrocrimedaily.com"
69.63.184.120 - - [12/Jan/2023:21:28:57 -0800] "GET /instagram-losangeles/01-12-2023-2313012-A.jpg HTTP/1.1" 200 232650 "-" "facebookexternalhit/1.1 (+http://www.facebook.com/externalhit_uatext.php)" "www.metrocrimedaily.com"
207.46.13.115 - - [12/Jan/2023:21:32:16 -0800] "GET /instagram-dallas/11-15-2022-1955104-In-previous-videos--victims-of-Dallas-air-show-cr.txt HTTP/1.1" 404 88 "-" "Mozilla/5.0 (compatible; bingbot/2.0; +http://www.bing.com/bingbot.htm)" "www.metrocrimedaily.com"
69.63.184.117 - - [12/Jan/2023:21:35:56 -0800] "GET /instagram-detroit/01-12-2023-2334031-A.jpg HTTP/1.1" 200 113605 "-" "facebookexternalhit/1.1 (+http://www.facebook.com/externalhit_uatext.php)" "www.metrocrimedaily.com"
69.63.184.119 - - [12/Jan/2023:21:36:23 -0800] "GET /instagram-detroit/01-12-2023-2334032-A.jpg HTTP/1.1" 200 155739 "-" "facebookexternalhit/1.1 (+http://www.facebook.com/externalhit_uatext.php)" "www.metrocrimedaily.com"
76.184.252.42 - - [12/Jan/2023:21:36:40 -0800] "GET /images/police-tape.jpg HTTP/1.1" 200 50766 "-" "Wget/1.20.3 (mingw32)" "metrocrimedaily.com"
69.63.184.117 - - [12/Jan/2023:21:36:48 -0800] "GET /instagram-detroit/01-12-2023-2334033-A.jpg HTTP/1.1" 200 47834 "-" "facebookexternalhit/1.1 (+http://www.facebook.com/externalhit_uatext.php)" "www.metrocrimedaily.com"
69.63.184.117 - - [12/Jan/2023:21:37:14 -0800] "GET /instagram-detroit/01-12-2023-2334034-A.jpg HTTP/1.1" 200 76742 "-" "facebookexternalhit/1.1 (+http://www.facebook.com/externalhit_uatext.php)" "www.metrocrimedaily.com"
69.63.184.1 - - [12/Jan/2023:21:37:35 -0800] "GET /instagram-stlouis/01-12-2023-2321442-A.jpg HTTP/1.1" 200 176832 "-" "facebookexternalhit/1.1 (+http://www.facebook.com/externalhit_uatext.php)" "www.metrocrimedaily.com"
69.63.184.2 - - [12/Jan/2023:21:43:51 -0800] "GET /instagram-houston/01-12-2023-2343151-A.jpg HTTP/1.1" 200 143720 "-" "facebookexternalhit/1.1 (+http://www.facebook.com/externalhit_uatext.php)" "www.metrocrimedaily.com"
69.63.184.5 - - [12/Jan/2023:21:44:19 -0800] "GET /instagram-houston/01-12-2023-2343152-A.jpg HTTP/1.1" 200 73229 "-" "facebookexternalhit/1.1 (+http://www.facebook.com/externalhit_uatext.php)" "www.metrocrimedaily.com"
69.63.184.120 - - [12/Jan/2023:21:44:46 -0800] "GET /instagram-houston/01-12-2023-2343153-A.jpg HTTP/1.1" 200 62513 "-" "facebookexternalhit/1.1 (+http://www.facebook.com/externalhit_uatext.php)" "www.metrocrimedaily.com"
69.63.184.1 - - [12/Jan/2023:21:53:07 -0800] "GET /instagram-stlouis/01-12-2023-2321443-A.jpg HTTP/1.1" 200 151337 "-" "facebookexternalhit/1.1 (+http://www.facebook.com/externalhit_uatext.php)" "www.metrocrimedaily.com"
69.63.184.1 - - [12/Jan/2023:22:06:43 -0800] "GET /instagram-newyork/01-13-2023-0006231-A.jpg HTTP/1.1" 200 74653 "-" "facebookexternalhit/1.1 (+http://www.facebook.com/externalhit_uatext.php)" "www.metrocrimedaily.com"
69.63.184.5 - - [12/Jan/2023:22:08:41 -0800] "GET /instagram-stlouis/01-12-2023-2321444-A.jpg HTTP/1.1" 200 122291 "-" "facebookexternalhit/1.1 (+http://www.facebook.com/externalhit_uatext.php)" "www.metrocrimedaily.com"
207.46.13.115 - - [12/Jan/2023:22:10:51 -0800] "GET /instagram-dallas/12-19-2022-2113542-Grapevine---s-beloved--Waffle-Way--reopens-one-we.txt HTTP/1.1" 404 88 "-" "Mozilla/5.0 (compatible; bingbot/2.0; +http://www.bing.com/bingbot.htm)" "www.metrocrimedaily.com"
69.63.184.3 - - [12/Jan/2023:22:19:07 -0800] "GET /instagram-losangeles/01-13-2023-0018471-A.jpg HTTP/1.1" 200 109951 "-" "facebookexternalhit/1.1 (+http://www.facebook.com/externalhit_uatext.php)" "www.metrocrimedaily.com"
69.63.184.1 - - [12/Jan/2023:22:23:20 -0800] "GET /instagram-houston/01-13-2023-0022591-A.jpg HTTP/1.1" 200 160308 "-" "facebookexternalhit/1.1 (+http://www.facebook.com/externalhit_uatext.php)" "www.metrocrimedaily.com"
76.184.252.42 - - [12/Jan/2023:22:29:01 -0800] "GET /images/police-tape.jpg HTTP/1.1" 200 50766 "-" "Wget/1.20.3 (mingw32)" "metrocrimedaily.com"
69.63.184.4 - - [12/Jan/2023:22:29:10 -0800] "GET /instagram-detroit/01-13-2023-0028501-A.jpg HTTP/1.1" 200 53291 "-" "facebookexternalhit/1.1 (+http://www.facebook.com/externalhit_uatext.php)" "www.metrocrimedaily.com"
69.63.184.117 - - [12/Jan/2023:22:30:31 -0800] "GET /instagram-chicago/01-13-2023-0030111-A.jpg HTTP/1.1" 200 85326 "-" "facebookexternalhit/1.1 (+http://www.facebook.com/externalhit_uatext.php)" "www.metrocrimedaily.com"
69.63.184.120 - - [12/Jan/2023:22:37:15 -0800] "GET /instagram-stlouis/01-13-2023-0036541-A.jpg HTTP/1.1" 200 162236 "-" "facebookexternalhit/1.1 (+http://www.facebook.com/externalhit_uatext.php)" "www.metrocrimedaily.com"
69.63.184.2 - - [12/Jan/2023:23:01:52 -0800] "GET /instagram-houston/01-13-2023-0101321-A.jpg HTTP/1.1" 200 84096 "-" "facebookexternalhit/1.1 (+http://www.facebook.com/externalhit_uatext.php)" "www.metrocrimedaily.com"
68.36.144.195 - - [12/Jan/2023:23:08:39 -0800] "GET /styles-mcd.css HTTP/1.1" 200 1159 "http://www.metrocrimedaily.com/" "Mozilla/5.0 (iPhone; CPU iPhone OS 16_2 like Mac OS X) AppleWebKit/605.1.15 (KHTML, like Gecko) Version/16.2 Mobile/15E148 Safari/604.1" "www.metrocrimedaily.com"
68.36.144.195 - - [12/Jan/2023:23:08:38 -0800] "GET / HTTP/1.1" 200 82563 "-" "Mozilla/5.0 (iPhone; CPU iPhone OS 16_2 like Mac OS X) AppleWebKit/605.1.15 (KHTML, like Gecko) Version/16.2 Mobile/15E148 Safari/604.1" "www.metrocrimedaily.com"
69.63.184.117 - - [12/Jan/2023:23:29:22 -0800] "GET /instagram-losangeles/01-13-2023-0129021-A.jpg HTTP/1.1" 200 123395 "-" "facebookexternalhit/1.1 (+http://www.facebook.com/externalhit_uatext.php)" "www.metrocrimedaily.com"
66.249.66.139 - - [12/Jan/2023:23:40:14 -0800] "GET /ads.txt HTTP/1.1" 404 88 "-" "Mozilla/5.0 (compatible; Googlebot/2.1; +http://www.google.com/bot.html)" "metrocrimedaily.com"
69.63.184.120 - - [12/Jan/2023:23:45:51 -0800] "GET /instagram-houston/01-13-2023-0145301-A.jpg HTTP/1.1" 200 199000 "-" "facebookexternalhit/1.1 (+http://www.facebook.com/externalhit_uatext.php)" "www.metrocrimedaily.com"
69.63.184.116 - - [12/Jan/2023:23:47:03 -0800] "GET /instagram-dallas/01-13-2023-0146431-A.jpg HTTP/1.1" 200 132441 "-" "facebookexternalhit/1.1 (+http://www.facebook.com/externalhit_uatext.php)" "www.metrocrimedaily.com"
69.63.184.5 - - [12/Jan/2023:23:59:57 -0800] "GET /instagram-losangeles/01-13-2023-0129022-A.jpg HTTP/1.1" 200 168015 "-" "facebookexternalhit/1.1 (+http://www.facebook.com/externalhit_uatext.php)" "www.metrocrimedaily.com"
69.63.184.3 - - [13/Jan/2023:00:16:26 -0800] "GET /instagram-houston/01-13-2023-0145302-A.jpg HTTP/1.1" 200 119872 "-" "facebookexternalhit/1.1 (+http://www.facebook.com/externalhit_uatext.php)" "www.metrocrimedaily.com"
51.222.253.14 - - [13/Jan/2023:00:44:19 -0800] "GET /instagram-dallas/ HTTP/1.1" 200 2362 "-" "Mozilla/5.0 (compatible; AhrefsBot/7.0; +http://ahrefs.com/robot/)" "metrocrimedaily.com"
69.63.184.3 - - [13/Jan/2023:00:47:45 -0800] "GET /instagram-newyork/01-13-2023-0247251-A.jpg HTTP/1.1" 200 129306 "-" "facebookexternalhit/1.1 (+http://www.facebook.com/externalhit_uatext.php)" "www.metrocrimedaily.com"
207.46.13.53 - - [13/Jan/2023:00:49:44 -0800] "GET /instagram-dallas/12-23-2022-0931112-16-Foot-Python-From-Dallas-Found-in-Austin-After-.txt HTTP/1.1" 404 88 "-" "Mozilla/5.0 AppleWebKit/537.36 (KHTML, like Gecko; compatible; bingbot/2.0; +http://www.bing.com/bingbot.htm) Chrome/103.0.5060.134 Safari/537.36" "www.metrocrimedaily.com"
54.36.148.171 - - [13/Jan/2023:01:09:36 -0800] "GET /robots.txt HTTP/1.1" 404 88 "-" "Mozilla/5.0 (compatible; AhrefsBot/7.0; +http://ahrefs.com/robot/)" "www.metrocrimedaily.com"
51.222.253.7 - - [13/Jan/2023:01:09:36 -0800] "GET / HTTP/1.1" 200 82563 "-" "Mozilla/5.0 (compatible; AhrefsBot/7.0; +http://ahrefs.com/robot/)" "www.metrocrimedaily.com"
51.222.253.18 - - [13/Jan/2023:01:12:40 -0800] "GET /privacy-policy.html HTTP/1.1" 200 2353 "-" "Mozilla/5.0 (compatible; AhrefsBot/7.0; +http://ahrefs.com/robot/)" "www.metrocrimedaily.com"
69.63.184.1 - - [13/Jan/2023:01:15:44 -0800] "GET /instagram-losangeles/01-13-2023-0315231-A.jpg HTTP/1.1" 200 197432 "-" "facebookexternalhit/1.1 (+http://www.facebook.com/externalhit_uatext.php)" "www.metrocrimedaily.com"
51.222.253.16 - - [13/Jan/2023:01:16:27 -0800] "GET /instagram-dallas/01-11-2023-1933531-Two-charged-in-connection-to-Frisco-purse-snatchi.txt HTTP/1.1" 200 759 "-" "Mozilla/5.0 (compatible; AhrefsBot/7.0; +http://ahrefs.com/robot/)" "metrocrimedaily.com"
51.222.253.8 - - [13/Jan/2023:01:19:43 -0800] "GET /instagram-dallas/01-11-2023-19335310-Man-dies-in-parking-lot-after-shooting-in-north-D.txt HTTP/1.1" 200 598 "-" "Mozilla/5.0 (compatible; AhrefsBot/7.0; +http://ahrefs.com/robot/)" "metrocrimedaily.com"
51.222.253.6 - - [13/Jan/2023:01:23:39 -0800] "GET /instagram-dallas/01-11-2023-19335311-Houston-taqueria-shooting--Mother-of-taqueria-sus.txt HTTP/1.1" 200 1138 "-" "Mozilla/5.0 (compatible; AhrefsBot/7.0; +http://ahrefs.com/robot/)" "metrocrimedaily.com"
51.222.253.15 - - [13/Jan/2023:01:27:21 -0800] "GET /instagram-dallas/01-11-2023-19335312-Reckless-driving-arrest-warrant-issued-for-Cowboy.txt HTTP/1.1" 200 49 "-" "Mozilla/5.0 (compatible; AhrefsBot/7.0; +http://ahrefs.com/robot/)" "metrocrimedaily.com"
