89.117.20.171 - - [13/Jan/2023:09:23:23 -0800] "HEAD /new HTTP/1.1" 404 - "-" "Mozilla/5.0 (Windows NT 10.0; Win64; x64) AppleWebKit/537.36 (KHTML, like Gecko) Chrome/74.0.3729.169 Safari/537.36" "metrocrimedaily.com"
89.117.20.171 - - [13/Jan/2023:09:23:24 -0800] "HEAD /main HTTP/1.1" 404 - "-" "Mozilla/5.0 (Windows NT 10.0; Win64; x64) AppleWebKit/537.36 (KHTML, like Gecko) Chrome/74.0.3729.169 Safari/537.36" "metrocrimedaily.com"
89.117.20.171 - - [13/Jan/2023:09:23:24 -0800] "HEAD /home HTTP/1.1" 404 - "-" "Mozilla/5.0 (Windows NT 10.0; Win64; x64) AppleWebKit/537.36 (KHTML, like Gecko) Chrome/74.0.3729.169 Safari/537.36" "metrocrimedaily.com"
172.58.61.212 - - [13/Jan/2023:09:33:23 -0800] "GET / HTTP/1.1" 200 85745 "https://www.google.com/" "Mozilla/5.0 (iPhone; CPU iPhone OS 16_0 like Mac OS X) AppleWebKit/605.1.15 (KHTML, like Gecko) Version/16.0 Mobile/15E148 Safari/604.1" "www.metrocrimedaily.com"
172.58.59.62 - - [13/Jan/2023:09:33:24 -0800] "GET /styles-mcd.css HTTP/1.1" 200 1159 "http://www.metrocrimedaily.com/" "Mozilla/5.0 (iPhone; CPU iPhone OS 16_0 like Mac OS X) AppleWebKit/605.1.15 (KHTML, like Gecko) Version/16.0 Mobile/15E148 Safari/604.1" "www.metrocrimedaily.com"
172.58.60.9 - - [13/Jan/2023:09:33:24 -0800] "GET /images/crimeinthed-logo.jpg HTTP/1.1" 200 14960 "http://www.metrocrimedaily.com/" "Mozilla/5.0 (iPhone; CPU iPhone OS 16_0 like Mac OS X) AppleWebKit/605.1.15 (KHTML, like Gecko) Version/16.0 Mobile/15E148 Safari/604.1" "www.metrocrimedaily.com"
172.58.61.212 - - [13/Jan/2023:09:33:24 -0800] "GET /images/facebook-logo-tiny.png HTTP/1.1" 200 1280 "http://www.metrocrimedaily.com/" "Mozilla/5.0 (iPhone; CPU iPhone OS 16_0 like Mac OS X) AppleWebKit/605.1.15 (KHTML, like Gecko) Version/16.0 Mobile/15E148 Safari/604.1" "www.metrocrimedaily.com"
172.58.58.66 - - [13/Jan/2023:09:33:24 -0800] "GET /images/police-tape.jpg HTTP/1.1" 200 50766 "http://www.metrocrimedaily.com/" "Mozilla/5.0 (iPhone; CPU iPhone OS 16_0 like Mac OS X) AppleWebKit/605.1.15 (KHTML, like Gecko) Version/16.0 Mobile/15E148 Safari/604.1" "metrocrimedaily.com"
172.58.59.62 - - [13/Jan/2023:09:33:25 -0800] "GET /images/youtube-logo-tiny.png HTTP/1.1" 200 689 "http://www.metrocrimedaily.com/" "Mozilla/5.0 (iPhone; CPU iPhone OS 16_0 like Mac OS X) AppleWebKit/605.1.15 (KHTML, like Gecko) Version/16.0 Mobile/15E148 Safari/604.1" "www.metrocrimedaily.com"
172.58.61.212 - - [13/Jan/2023:09:33:25 -0800] "GET /images/twitter-logo-b-tiny.png HTTP/1.1" 200 1600 "http://www.metrocrimedaily.com/" "Mozilla/5.0 (iPhone; CPU iPhone OS 16_0 like Mac OS X) AppleWebKit/605.1.15 (KHTML, like Gecko) Version/16.0 Mobile/15E148 Safari/604.1" "www.metrocrimedaily.com"
69.63.184.118 - - [13/Jan/2023:09:35:26 -0800] "GET /instagram-losangeles/01-13-2023-1104342-A.jpg HTTP/1.1" 200 300524 "-" "facebookexternalhit/1.1 (+http://www.facebook.com/externalhit_uatext.php)" "www.metrocrimedaily.com"
69.63.184.2 - - [13/Jan/2023:09:38:30 -0800] "GET /instagram-stlouis/01-13-2023-1037063-A.jpg HTTP/1.1" 200 81202 "-" "facebookexternalhit/1.1 (+http://www.facebook.com/externalhit_uatext.php)" "www.metrocrimedaily.com"
69.63.184.119 - - [13/Jan/2023:09:38:57 -0800] "GET /instagram-stlouis/01-13-2023-1037064-A.jpg HTTP/1.1" 200 201041 "-" "facebookexternalhit/1.1 (+http://www.facebook.com/externalhit_uatext.php)" "www.metrocrimedaily.com"
69.63.184.5 - - [13/Jan/2023:09:39:25 -0800] "GET /instagram-stlouis/01-13-2023-1037065-A.jpg HTTP/1.1" 200 326975 "-" "facebookexternalhit/1.1 (+http://www.facebook.com/externalhit_uatext.php)" "www.metrocrimedaily.com"
69.63.184.118 - - [13/Jan/2023:09:39:52 -0800] "GET /instagram-stlouis/01-13-2023-1037066-A.jpg HTTP/1.1" 200 249238 "-" "facebookexternalhit/1.1 (+http://www.facebook.com/externalhit_uatext.php)" "www.metrocrimedaily.com"
69.63.184.119 - - [13/Jan/2023:09:43:47 -0800] "GET /instagram-dallas/01-13-2023-1112502-A.jpg HTTP/1.1" 200 215406 "-" "facebookexternalhit/1.1 (+http://www.facebook.com/externalhit_uatext.php)" "www.metrocrimedaily.com"
69.63.184.119 - - [13/Jan/2023:09:48:16 -0800] "GET /instagram-chicago/01-13-2023-1116572-A.jpg HTTP/1.1" 200 584670 "-" "facebookexternalhit/1.1 (+http://www.facebook.com/externalhit_uatext.php)" "www.metrocrimedaily.com"
69.63.184.1 - - [13/Jan/2023:09:53:39 -0800] "GET /instagram-neworleans/01-13-2023-1122502-A.jpg HTTP/1.1" 200 241063 "-" "facebookexternalhit/1.1 (+http://www.facebook.com/externalhit_uatext.php)" "www.metrocrimedaily.com"
207.46.13.53 - - [13/Jan/2023:10:03:15 -0800] "GET /instagram-atlanta/12-18-2022-2012085-Bond-denied-for-man-accused-of-killing-Gwinnett-c.txt HTTP/1.1" 404 88 "-" "Mozilla/5.0 (compatible; bingbot/2.0; +http://www.bing.com/bingbot.htm)" "www.metrocrimedaily.com"
69.63.184.4 - - [13/Jan/2023:10:13:18 -0800] "GET /instagram-memphis/01-13-2023-1212581-A.jpg HTTP/1.1" 200 139386 "-" "facebookexternalhit/1.1 (+http://www.facebook.com/externalhit_uatext.php)" "www.metrocrimedaily.com"
69.63.184.116 - - [13/Jan/2023:10:14:23 -0800] "GET /instagram-dallas/01-13-2023-1112503-A.jpg HTTP/1.1" 200 168007 "-" "facebookexternalhit/1.1 (+http://www.facebook.com/externalhit_uatext.php)" "www.metrocrimedaily.com"
69.63.184.4 - - [13/Jan/2023:10:17:59 -0800] "GET /instagram-newyork/01-13-2023-1217381-A.jpg HTTP/1.1" 200 60151 "-" "facebookexternalhit/1.1 (+http://www.facebook.com/externalhit_uatext.php)" "www.metrocrimedaily.com"
69.63.184.5 - - [13/Jan/2023:10:18:55 -0800] "GET /instagram-chicago/01-13-2023-1116573-A.jpg HTTP/1.1" 200 75041 "-" "facebookexternalhit/1.1 (+http://www.facebook.com/externalhit_uatext.php)" "www.metrocrimedaily.com"
69.63.184.119 - - [13/Jan/2023:10:22:04 -0800] "GET /instagram-detroit/01-13-2023-1221431-A.jpg HTTP/1.1" 200 172676 "-" "facebookexternalhit/1.1 (+http://www.facebook.com/externalhit_uatext.php)" "www.metrocrimedaily.com"
69.63.184.120 - - [13/Jan/2023:10:25:10 -0800] "GET /instagram-stlouis/01-13-2023-1224471-A.jpg HTTP/1.1" 200 176579 "-" "facebookexternalhit/1.1 (+http://www.facebook.com/externalhit_uatext.php)" "www.metrocrimedaily.com"
69.63.184.119 - - [13/Jan/2023:10:29:59 -0800] "GET /instagram-dallas/01-13-2023-1112504-A.jpg HTTP/1.1" 200 89510 "-" "facebookexternalhit/1.1 (+http://www.facebook.com/externalhit_uatext.php)" "www.metrocrimedaily.com"
23.88.110.165 - - [13/Jan/2023:10:30:30 -0800] "GET /wp-login.php HTTP/1.1" 404 88 "" "Mozilla/5.0 (Windows NT 10.0; Win64; x64; rv:108.0) Gecko/20100101 Firefox/108.0" "metrocrimedaily.com"
69.63.184.120 - - [13/Jan/2023:10:37:34 -0800] "GET /instagram-detroit/01-13-2023-1221432-A.jpg HTTP/1.1" 200 186699 "-" "facebookexternalhit/1.1 (+http://www.facebook.com/externalhit_uatext.php)" "www.metrocrimedaily.com"
69.63.184.117 - - [13/Jan/2023:10:39:19 -0800] "GET /instagram-atlanta/01-13-2023-1238561-A.jpg HTTP/1.1" 200 197939 "-" "facebookexternalhit/1.1 (+http://www.facebook.com/externalhit_uatext.php)" "www.metrocrimedaily.com"
69.63.184.113 - - [13/Jan/2023:10:40:50 -0800] "GET /instagram-stlouis/01-13-2023-1224472-A.jpg HTTP/1.1" 200 296957 "-" "facebookexternalhit/1.1 (+http://www.facebook.com/externalhit_uatext.php)" "www.metrocrimedaily.com"
69.63.184.116 - - [13/Jan/2023:10:41:17 -0800] "GET /instagram-stlouis/01-13-2023-1224473-A.jpg HTTP/1.1" 200 350714 "-" "facebookexternalhit/1.1 (+http://www.facebook.com/externalhit_uatext.php)" "www.metrocrimedaily.com"
69.63.184.5 - - [13/Jan/2023:10:41:48 -0800] "GET /instagram-stlouis/01-13-2023-1224474-A.jpg HTTP/1.1" 200 201212 "-" "facebookexternalhit/1.1 (+http://www.facebook.com/externalhit_uatext.php)" "www.metrocrimedaily.com"
69.63.184.1 - - [13/Jan/2023:10:42:15 -0800] "GET /instagram-stlouis/01-13-2023-1224475-A.jpg HTTP/1.1" 200 187288 "-" "facebookexternalhit/1.1 (+http://www.facebook.com/externalhit_uatext.php)" "www.metrocrimedaily.com"
69.63.184.1 - - [13/Jan/2023:10:42:42 -0800] "GET /instagram-stlouis/01-13-2023-1224476-A.jpg HTTP/1.1" 200 187288 "-" "facebookexternalhit/1.1 (+http://www.facebook.com/externalhit_uatext.php)" "www.metrocrimedaily.com"
69.63.184.1 - - [13/Jan/2023:10:43:09 -0800] "GET /instagram-stlouis/01-13-2023-1224477-A.jpg HTTP/1.1" 200 151038 "-" "facebookexternalhit/1.1 (+http://www.facebook.com/externalhit_uatext.php)" "www.metrocrimedaily.com"
69.63.184.116 - - [13/Jan/2023:10:45:49 -0800] "GET /instagram-losangeles/01-13-2023-1245261-A.jpg HTTP/1.1" 200 89549 "-" "facebookexternalhit/1.1 (+http://www.facebook.com/externalhit_uatext.php)" "www.metrocrimedaily.com"
69.63.184.4 - - [13/Jan/2023:10:53:04 -0800] "GET /instagram-detroit/01-13-2023-1221433-A.jpg HTTP/1.1" 200 75467 "-" "facebookexternalhit/1.1 (+http://www.facebook.com/externalhit_uatext.php)" "www.metrocrimedaily.com"
69.63.184.118 - - [13/Jan/2023:10:54:55 -0800] "GET /instagram-atlanta/01-13-2023-1238562-A.jpg HTTP/1.1" 200 108129 "-" "facebookexternalhit/1.1 (+http://www.facebook.com/externalhit_uatext.php)" "www.metrocrimedaily.com"
69.63.184.3 - - [13/Jan/2023:10:56:23 -0800] "GET /instagram-neworleans/01-13-2023-1256031-A.jpg HTTP/1.1" 200 141082 "-" "facebookexternalhit/1.1 (+http://www.facebook.com/externalhit_uatext.php)" "www.metrocrimedaily.com"
69.63.184.116 - - [13/Jan/2023:10:58:17 -0800] "GET /instagram-memphis/01-13-2023-1257581-A.jpg HTTP/1.1" 200 105568 "-" "facebookexternalhit/1.1 (+http://www.facebook.com/externalhit_uatext.php)" "www.metrocrimedaily.com"
69.63.184.120 - - [13/Jan/2023:11:01:21 -0800] "GET /instagram-losangeles/01-13-2023-1245262-A.jpg HTTP/1.1" 200 110199 "-" "facebookexternalhit/1.1 (+http://www.facebook.com/externalhit_uatext.php)" "www.metrocrimedaily.com"
51.222.253.8 - - [13/Jan/2023:11:07:47 -0800] "GET / HTTP/1.1" 200 85745 "-" "Mozilla/5.0 (compatible; AhrefsBot/7.0; +http://ahrefs.com/robot/)" "www.metrocrimedaily.com"
69.63.184.117 - - [13/Jan/2023:11:08:36 -0800] "GET /instagram-detroit/01-13-2023-1221434-A.jpg HTTP/1.1" 200 637223 "-" "facebookexternalhit/1.1 (+http://www.facebook.com/externalhit_uatext.php)" "www.metrocrimedaily.com"
69.63.184.3 - - [13/Jan/2023:11:10:41 -0800] "GET /instagram-chicago/01-13-2023-1310151-A.jpg HTTP/1.1" 200 293983 "-" "facebookexternalhit/1.1 (+http://www.facebook.com/externalhit_uatext.php)" "www.metrocrimedaily.com"
69.63.184.118 - - [13/Jan/2023:11:11:54 -0800] "GET /instagram-neworleans/01-13-2023-1256032-A.jpg HTTP/1.1" 200 111615 "-" "facebookexternalhit/1.1 (+http://www.facebook.com/externalhit_uatext.php)" "www.metrocrimedaily.com"
69.63.184.116 - - [13/Jan/2023:11:13:49 -0800] "GET /instagram-memphis/01-13-2023-1257582-A.jpg HTTP/1.1" 200 240783 "-" "facebookexternalhit/1.1 (+http://www.facebook.com/externalhit_uatext.php)" "www.metrocrimedaily.com"
69.63.184.1 - - [13/Jan/2023:11:16:59 -0800] "GET /instagram-losangeles/01-13-2023-1245263-A.jpg HTTP/1.1" 200 624482 "-" "facebookexternalhit/1.1 (+http://www.facebook.com/externalhit_uatext.php)" "www.metrocrimedaily.com"
69.63.184.1 - - [13/Jan/2023:11:22:08 -0800] "GET /instagram-stlouis/01-13-2023-1321481-A.jpg HTTP/1.1" 200 249238 "-" "facebookexternalhit/1.1 (+http://www.facebook.com/externalhit_uatext.php)" "www.metrocrimedaily.com"
69.63.184.117 - - [13/Jan/2023:11:24:07 -0800] "GET /instagram-detroit/01-13-2023-1221435-A.jpg HTTP/1.1" 200 54190 "-" "facebookexternalhit/1.1 (+http://www.facebook.com/externalhit_uatext.php)" "www.metrocrimedaily.com"
69.63.184.4 - - [13/Jan/2023:11:26:46 -0800] "GET /instagram-chicago/01-13-2023-1310152-A.jpg HTTP/1.1" 200 293983 "-" "facebookexternalhit/1.1 (+http://www.facebook.com/externalhit_uatext.php)" "www.metrocrimedaily.com"
69.63.184.2 - - [13/Jan/2023:11:27:25 -0800] "GET /instagram-neworleans/01-13-2023-1256033-A.jpg HTTP/1.1" 200 97383 "-" "facebookexternalhit/1.1 (+http://www.facebook.com/externalhit_uatext.php)" "www.metrocrimedaily.com"
174.247.208.75 - - [13/Jan/2023:11:29:27 -0800] "GET / HTTP/1.1" 200 85745 "https://www.google.com/url?q=http://www.metrocrimedaily.com/&sa=U&ved=2ahUKEwiu6O3eo8X8AhUYIDQIHRvaCnQQFnoECAQQAQ&usg=AOvVaw1YMT8IsNBB0VK5lpsfi2O0" "Mozilla/5.0 (iPhone; CPU iPhone OS 15_5 like Mac OS X) AppleWebKit/605.1.15 (KHTML, like Gecko) GSA/243.0.495136164 Mobile/15E148 Safari/604.1" "www.metrocrimedaily.com"
174.247.208.75 - - [13/Jan/2023:11:29:27 -0800] "GET /styles-mcd.css HTTP/1.1" 200 1159 "http://www.metrocrimedaily.com/" "Mozilla/5.0 (iPhone; CPU iPhone OS 15_5 like Mac OS X) AppleWebKit/605.1.15 (KHTML, like Gecko) GSA/243.0.495136164 Mobile/15E148 Safari/604.1" "www.metrocrimedaily.com"
174.247.208.75 - - [13/Jan/2023:11:29:27 -0800] "GET /images/crimeinthed-logo.jpg HTTP/1.1" 200 14960 "http://www.metrocrimedaily.com/" "Mozilla/5.0 (iPhone; CPU iPhone OS 15_5 like Mac OS X) AppleWebKit/605.1.15 (KHTML, like Gecko) GSA/243.0.495136164 Mobile/15E148 Safari/604.1" "www.metrocrimedaily.com"
174.247.208.75 - - [13/Jan/2023:11:29:27 -0800] "GET /images/facebook-logo-tiny.png HTTP/1.1" 200 1280 "http://www.metrocrimedaily.com/" "Mozilla/5.0 (iPhone; CPU iPhone OS 15_5 like Mac OS X) AppleWebKit/605.1.15 (KHTML, like Gecko) GSA/243.0.495136164 Mobile/15E148 Safari/604.1" "www.metrocrimedaily.com"
174.247.208.75 - - [13/Jan/2023:11:29:28 -0800] "GET /images/youtube-logo-tiny.png HTTP/1.1" 200 689 "http://www.metrocrimedaily.com/" "Mozilla/5.0 (iPhone; CPU iPhone OS 15_5 like Mac OS X) AppleWebKit/605.1.15 (KHTML, like Gecko) GSA/243.0.495136164 Mobile/15E148 Safari/604.1" "www.metrocrimedaily.com"
174.247.208.75 - - [13/Jan/2023:11:29:28 -0800] "GET /images/twitter-logo-b-tiny.png HTTP/1.1" 200 1600 "http://www.metrocrimedaily.com/" "Mozilla/5.0 (iPhone; CPU iPhone OS 15_5 like Mac OS X) AppleWebKit/605.1.15 (KHTML, like Gecko) GSA/243.0.495136164 Mobile/15E148 Safari/604.1" "www.metrocrimedaily.com"
174.247.208.75 - - [13/Jan/2023:11:29:28 -0800] "GET /images/police-tape.jpg HTTP/1.1" 200 50766 "http://www.metrocrimedaily.com/" "Mozilla/5.0 (iPhone; CPU iPhone OS 15_5 like Mac OS X) AppleWebKit/605.1.15 (KHTML, like Gecko) GSA/243.0.495136164 Mobile/15E148 Safari/604.1" "metrocrimedaily.com"
69.63.184.116 - - [13/Jan/2023:11:31:33 -0800] "GET /instagram-dallas/01-13-2023-1331081-A.jpg HTTP/1.1" 200 135449 "-" "facebookexternalhit/1.1 (+http://www.facebook.com/externalhit_uatext.php)" "www.metrocrimedaily.com"
69.63.184.5 - - [13/Jan/2023:11:37:41 -0800] "GET /instagram-stlouis/01-13-2023-1321482-A.jpg HTTP/1.1" 200 127536 "-" "facebookexternalhit/1.1 (+http://www.facebook.com/externalhit_uatext.php)" "www.metrocrimedaily.com"
69.63.184.120 - - [13/Jan/2023:11:39:36 -0800] "GET /instagram-detroit/01-13-2023-1221436-A.jpg HTTP/1.1" 200 59216 "-" "facebookexternalhit/1.1 (+http://www.facebook.com/externalhit_uatext.php)" "www.metrocrimedaily.com"
54.36.148.20 - - [13/Jan/2023:11:40:24 -0800] "GET /robots.txt HTTP/1.1" 404 88 "-" "Mozilla/5.0 (compatible; AhrefsBot/7.0; +http://ahrefs.com/robot/)" "metrocrimedaily.com"
51.222.253.18 - - [13/Jan/2023:11:40:25 -0800] "GET /backup-05-31-20/?C=M;O=D HTTP/1.1" 200 544 "-" "Mozilla/5.0 (compatible; AhrefsBot/7.0; +http://ahrefs.com/robot/)" "metrocrimedaily.com"
69.63.184.120 - - [13/Jan/2023:11:42:25 -0800] "GET /instagram-chicago/01-13-2023-1310153-A.jpg HTTP/1.1" 200 337826 "-" "facebookexternalhit/1.1 (+http://www.facebook.com/externalhit_uatext.php)" "www.metrocrimedaily.com"
69.63.184.117 - - [13/Jan/2023:11:47:06 -0800] "GET /instagram-dallas/01-13-2023-1331082-A.jpg HTTP/1.1" 200 167790 "-" "facebookexternalhit/1.1 (+http://www.facebook.com/externalhit_uatext.php)" "www.metrocrimedaily.com"
69.63.184.120 - - [13/Jan/2023:11:53:07 -0800] "GET /instagram-memphis/01-13-2023-1352471-A.jpg HTTP/1.1" 200 163418 "-" "facebookexternalhit/1.1 (+http://www.facebook.com/externalhit_uatext.php)" "www.metrocrimedaily.com"
69.63.184.120 - - [13/Jan/2023:11:53:14 -0800] "GET /instagram-stlouis/01-13-2023-1321483-A.jpg HTTP/1.1" 200 97558 "-" "facebookexternalhit/1.1 (+http://www.facebook.com/externalhit_uatext.php)" "www.metrocrimedaily.com"
69.63.184.119 - - [13/Jan/2023:11:53:40 -0800] "GET /instagram-stlouis/01-13-2023-1321484-A.jpg HTTP/1.1" 200 165833 "-" "facebookexternalhit/1.1 (+http://www.facebook.com/externalhit_uatext.php)" "www.metrocrimedaily.com"
69.63.184.5 - - [13/Jan/2023:11:55:09 -0800] "GET /instagram-atlanta/01-13-2023-1354341-A.jpg HTTP/1.1" 200 147150 "-" "facebookexternalhit/1.1 (+http://www.facebook.com/externalhit_uatext.php)" "www.metrocrimedaily.com"
69.63.184.4 - - [13/Jan/2023:12:02:36 -0800] "GET /instagram-dallas/01-13-2023-1331083-A.jpg HTTP/1.1" 200 128404 "-" "facebookexternalhit/1.1 (+http://www.facebook.com/externalhit_uatext.php)" "www.metrocrimedaily.com"
5.101.157.135 - - [13/Jan/2023:12:07:20 -0800] "GET /wp-login.php HTTP/1.1" 404 88 "" "Mozilla/5.0 (Windows NT 10.0; Win64; x64; rv:108.0) Gecko/20100101 Firefox/108.0" "metrocrimedaily.com"
157.55.39.62 - - [13/Jan/2023:12:07:58 -0800] "GET /instagram-dallas/12-20-2022-0656062-Missing-Texas-A-M-student-last-seen-in-College-St.txt HTTP/1.1" 404 88 "-" "Mozilla/5.0 AppleWebKit/537.36 (KHTML, like Gecko; compatible; bingbot/2.0; +http://www.bing.com/bingbot.htm) Chrome/103.0.5060.134 Safari/537.36" "www.metrocrimedaily.com"
69.63.184.119 - - [13/Jan/2023:12:10:42 -0800] "GET /instagram-atlanta/01-13-2023-1354342-A.jpg HTTP/1.1" 200 120827 "-" "facebookexternalhit/1.1 (+http://www.facebook.com/externalhit_uatext.php)" "www.metrocrimedaily.com"
51.222.253.1 - - [13/Jan/2023:12:13:07 -0800] "GET /music/?C=M;O=D HTTP/1.1" 200 662 "-" "Mozilla/5.0 (compatible; AhrefsBot/7.0; +http://ahrefs.com/robot/)" "metrocrimedaily.com"
69.63.184.117 - - [13/Jan/2023:12:15:17 -0800] "GET /instagram-neworleans/01-13-2023-1414571-A.jpg HTTP/1.1" 200 200417 "-" "facebookexternalhit/1.1 (+http://www.facebook.com/externalhit_uatext.php)" "www.metrocrimedaily.com"
69.63.184.4 - - [13/Jan/2023:12:17:24 -0800] "GET /instagram-losangeles/01-13-2023-1417051-A.jpg HTTP/1.1" 200 157411 "-" "facebookexternalhit/1.1 (+http://www.facebook.com/externalhit_uatext.php)" "www.metrocrimedaily.com"
69.63.184.2 - - [13/Jan/2023:12:18:09 -0800] "GET /instagram-dallas/01-13-2023-1331084-A.jpg HTTP/1.1" 200 209023 "-" "facebookexternalhit/1.1 (+http://www.facebook.com/externalhit_uatext.php)" "www.metrocrimedaily.com"
69.63.184.3 - - [13/Jan/2023:12:26:14 -0800] "GET /instagram-atlanta/01-13-2023-1354343-A.jpg HTTP/1.1" 200 123424 "-" "facebookexternalhit/1.1 (+http://www.facebook.com/externalhit_uatext.php)" "www.metrocrimedaily.com"
69.63.184.119 - - [13/Jan/2023:12:30:51 -0800] "GET /instagram-neworleans/01-13-2023-1414572-A.jpg HTTP/1.1" 200 219223 "-" "facebookexternalhit/1.1 (+http://www.facebook.com/externalhit_uatext.php)" "www.metrocrimedaily.com"
69.63.184.118 - - [13/Jan/2023:12:32:56 -0800] "GET /instagram-losangeles/01-13-2023-1417052-A.jpg HTTP/1.1" 200 91025 "-" "facebookexternalhit/1.1 (+http://www.facebook.com/externalhit_uatext.php)" "www.metrocrimedaily.com"
69.63.184.3 - - [13/Jan/2023:12:33:41 -0800] "GET /instagram-dallas/01-13-2023-1331085-A.jpg HTTP/1.1" 200 214774 "-" "facebookexternalhit/1.1 (+http://www.facebook.com/externalhit_uatext.php)" "www.metrocrimedaily.com"
69.63.184.1 - - [13/Jan/2023:12:34:09 -0800] "GET /instagram-chicago/01-13-2023-1433481-A.jpg HTTP/1.1" 200 150869 "-" "facebookexternalhit/1.1 (+http://www.facebook.com/externalhit_uatext.php)" "www.metrocrimedaily.com"
69.63.184.1 - - [13/Jan/2023:12:34:14 -0800] "GET /instagram-stlouis/01-13-2023-1433541-A.jpg HTTP/1.1" 200 196757 "-" "facebookexternalhit/1.1 (+http://www.facebook.com/externalhit_uatext.php)" "www.metrocrimedaily.com"
69.63.184.118 - - [13/Jan/2023:12:41:19 -0800] "GET /instagram-memphis/01-13-2023-1440591-A.jpg HTTP/1.1" 200 141017 "-" "facebookexternalhit/1.1 (+http://www.facebook.com/externalhit_uatext.php)" "www.metrocrimedaily.com"
69.63.184.118 - - [13/Jan/2023:12:45:27 -0800] "GET /instagram-newyork/01-13-2023-1445081-A.jpg HTTP/1.1" 200 151460 "-" "facebookexternalhit/1.1 (+http://www.facebook.com/externalhit_uatext.php)" "www.metrocrimedaily.com"
51.222.253.4 - - [13/Jan/2023:12:47:28 -0800] "GET / HTTP/1.1" 200 86813 "-" "Mozilla/5.0 (compatible; AhrefsBot/7.0; +http://ahrefs.com/robot/)" "www.metrocrimedaily.com"
69.63.184.119 - - [13/Jan/2023:12:48:28 -0800] "GET /instagram-losangeles/01-13-2023-1417053-A.jpg HTTP/1.1" 200 276326 "-" "facebookexternalhit/1.1 (+http://www.facebook.com/externalhit_uatext.php)" "www.metrocrimedaily.com"
69.63.184.119 - - [13/Jan/2023:12:49:44 -0800] "GET /instagram-chicago/01-13-2023-1433482-A.jpg HTTP/1.1" 200 337826 "-" "facebookexternalhit/1.1 (+http://www.facebook.com/externalhit_uatext.php)" "www.metrocrimedaily.com"
69.63.184.119 - - [13/Jan/2023:12:49:45 -0800] "GET /instagram-stlouis/01-13-2023-1433542-A.jpg HTTP/1.1" 200 366560 "-" "facebookexternalhit/1.1 (+http://www.facebook.com/externalhit_uatext.php)" "www.metrocrimedaily.com"
69.63.184.4 - - [13/Jan/2023:12:50:14 -0800] "GET /instagram-stlouis/01-13-2023-1433543-A.jpg HTTP/1.1" 200 417420 "-" "facebookexternalhit/1.1 (+http://www.facebook.com/externalhit_uatext.php)" "www.metrocrimedaily.com"
69.63.184.120 - - [13/Jan/2023:12:50:41 -0800] "GET /instagram-stlouis/01-13-2023-1433544-A.jpg HTTP/1.1" 200 160790 "-" "facebookexternalhit/1.1 (+http://www.facebook.com/externalhit_uatext.php)" "www.metrocrimedaily.com"
174.236.41.5 - - [13/Jan/2023:12:55:32 -0800] "GET / HTTP/1.1" 200 86813 "https://www.google.com/" "Mozilla/5.0 (iPhone; CPU iPhone OS 16_2 like Mac OS X) AppleWebKit/605.1.15 (KHTML, like Gecko) CriOS/108.0.5359.112 Mobile/15E148 Safari/604.1" "www.metrocrimedaily.com"
174.236.41.5 - - [13/Jan/2023:12:55:32 -0800] "GET /styles-mcd.css HTTP/1.1" 200 1159 "http://www.metrocrimedaily.com/" "Mozilla/5.0 (iPhone; CPU iPhone OS 16_2 like Mac OS X) AppleWebKit/605.1.15 (KHTML, like Gecko) CriOS/108.0.5359.112 Mobile/15E148 Safari/604.1" "www.metrocrimedaily.com"
174.236.41.5 - - [13/Jan/2023:12:55:32 -0800] "GET /images/crimeinthed-logo.jpg HTTP/1.1" 200 14960 "http://www.metrocrimedaily.com/" "Mozilla/5.0 (iPhone; CPU iPhone OS 16_2 like Mac OS X) AppleWebKit/605.1.15 (KHTML, like Gecko) CriOS/108.0.5359.112 Mobile/15E148 Safari/604.1" "www.metrocrimedaily.com"
174.236.41.5 - - [13/Jan/2023:12:55:32 -0800] "GET /images/facebook-logo-tiny.png HTTP/1.1" 200 1280 "http://www.metrocrimedaily.com/" "Mozilla/5.0 (iPhone; CPU iPhone OS 16_2 like Mac OS X) AppleWebKit/605.1.15 (KHTML, like Gecko) CriOS/108.0.5359.112 Mobile/15E148 Safari/604.1" "www.metrocrimedaily.com"
174.236.41.5 - - [13/Jan/2023:12:55:33 -0800] "GET /images/police-tape.jpg HTTP/1.1" 200 50766 "http://www.metrocrimedaily.com/" "Mozilla/5.0 (iPhone; CPU iPhone OS 16_2 like Mac OS X) AppleWebKit/605.1.15 (KHTML, like Gecko) CriOS/108.0.5359.112 Mobile/15E148 Safari/604.1" "metrocrimedaily.com"
174.236.41.5 - - [13/Jan/2023:12:55:33 -0800] "GET /images/youtube-logo-tiny.png HTTP/1.1" 200 689 "http://www.metrocrimedaily.com/" "Mozilla/5.0 (iPhone; CPU iPhone OS 16_2 like Mac OS X) AppleWebKit/605.1.15 (KHTML, like Gecko) CriOS/108.0.5359.112 Mobile/15E148 Safari/604.1" "www.metrocrimedaily.com"
174.236.41.5 - - [13/Jan/2023:12:55:33 -0800] "GET /images/twitter-logo-b-tiny.png HTTP/1.1" 200 1600 "http://www.metrocrimedaily.com/" "Mozilla/5.0 (iPhone; CPU iPhone OS 16_2 like Mac OS X) AppleWebKit/605.1.15 (KHTML, like Gecko) CriOS/108.0.5359.112 Mobile/15E148 Safari/604.1" "www.metrocrimedaily.com"
174.236.41.5 - - [13/Jan/2023:12:55:33 -0800] "GET /favicon.ico HTTP/1.1" 404 88 "-" "Mozilla/5.0 (iPhone; CPU iPhone OS 16_2 like Mac OS X) AppleWebKit/605.1.15 (KHTML, like Gecko) CriOS/108.0.5359.112 Mobile/15E148 Safari/604.1" "www.metrocrimedaily.com"
69.63.184.116 - - [13/Jan/2023:12:56:50 -0800] "GET /instagram-memphis/01-13-2023-1440592-A.jpg HTTP/1.1" 200 138676 "-" "facebookexternalhit/1.1 (+http://www.facebook.com/externalhit_uatext.php)" "www.metrocrimedaily.com"
69.63.184.116 - - [13/Jan/2023:13:02:05 -0800] "GET /instagram-detroit/01-13-2023-1501441-A.jpg HTTP/1.1" 200 88610 "-" "facebookexternalhit/1.1 (+http://www.facebook.com/externalhit_uatext.php)" "www.metrocrimedaily.com"
69.63.184.111 - - [13/Jan/2023:13:04:01 -0800] "GET /instagram-losangeles/01-13-2023-1417054-A.jpg HTTP/1.1" 200 746939 "-" "facebookexternalhit/1.1 (+http://www.facebook.com/externalhit_uatext.php)" "www.metrocrimedaily.com"
69.63.184.5 - - [13/Jan/2023:13:05:16 -0800] "GET /instagram-chicago/01-13-2023-1433483-A.jpg HTTP/1.1" 200 167794 "-" "facebookexternalhit/1.1 (+http://www.facebook.com/externalhit_uatext.php)" "www.metrocrimedaily.com"
69.63.184.119 - - [13/Jan/2023:13:13:16 -0800] "GET /instagram-neworleans/01-13-2023-1512571-A.jpg HTTP/1.1" 200 171810 "-" "facebookexternalhit/1.1 (+http://www.facebook.com/externalhit_uatext.php)" "www.metrocrimedaily.com"
69.63.184.119 - - [13/Jan/2023:13:17:36 -0800] "GET /instagram-detroit/01-13-2023-1501442-A.jpg HTTP/1.1" 200 158297 "-" "facebookexternalhit/1.1 (+http://www.facebook.com/externalhit_uatext.php)" "www.metrocrimedaily.com"
51.222.253.5 - - [13/Jan/2023:13:24:36 -0800] "GET /backup-05-31-20/?C=S;O=D HTTP/1.1" 200 545 "-" "Mozilla/5.0 (compatible; AhrefsBot/7.0; +http://ahrefs.com/robot/)" "metrocrimedaily.com"
69.63.184.117 - - [13/Jan/2023:13:33:06 -0800] "GET /instagram-detroit/01-13-2023-1501443-A.jpg HTTP/1.1" 200 98183 "-" "facebookexternalhit/1.1 (+http://www.facebook.com/externalhit_uatext.php)" "www.metrocrimedaily.com"
69.63.184.5 - - [13/Jan/2023:13:33:44 -0800] "GET /instagram-atlanta/01-13-2023-1533141-A.jpg HTTP/1.1" 200 159668 "-" "facebookexternalhit/1.1 (+http://www.facebook.com/externalhit_uatext.php)" "www.metrocrimedaily.com"
69.63.184.3 - - [13/Jan/2023:13:41:22 -0800] "GET /instagram-stlouis/01-13-2023-1541011-A.jpg HTTP/1.1" 200 118666 "-" "facebookexternalhit/1.1 (+http://www.facebook.com/externalhit_uatext.php)" "www.metrocrimedaily.com"
69.63.184.116 - - [13/Jan/2023:13:48:38 -0800] "GET /instagram-detroit/01-13-2023-1501444-A.jpg HTTP/1.1" 200 71837 "-" "facebookexternalhit/1.1 (+http://www.facebook.com/externalhit_uatext.php)" "www.metrocrimedaily.com"
69.63.184.3 - - [13/Jan/2023:13:52:11 -0800] "GET /instagram-dallas/01-13-2023-1542541-A.jpg HTTP/1.1" 200 653388 "-" "facebookexternalhit/1.1 (+http://www.facebook.com/externalhit_uatext.php)" "www.metrocrimedaily.com"
69.63.184.118 - - [13/Jan/2023:13:52:39 -0800] "GET /instagram-chicago/01-13-2023-1552161-A.jpg HTTP/1.1" 200 101028 "-" "facebookexternalhit/1.1 (+http://www.facebook.com/externalhit_uatext.php)" "www.metrocrimedaily.com"
69.63.184.2 - - [13/Jan/2023:13:55:48 -0800] "GET /instagram-losangeles/01-13-2023-1555291-A.jpg HTTP/1.1" 200 166461 "-" "facebookexternalhit/1.1 (+http://www.facebook.com/externalhit_uatext.php)" "www.metrocrimedaily.com"
69.63.184.118 - - [13/Jan/2023:13:56:55 -0800] "GET /instagram-stlouis/01-13-2023-1541012-A.jpg HTTP/1.1" 200 124680 "-" "facebookexternalhit/1.1 (+http://www.facebook.com/externalhit_uatext.php)" "www.metrocrimedaily.com"
69.63.184.1 - - [13/Jan/2023:13:57:36 -0800] "GET /instagram-neworleans/01-13-2023-1557171-A.jpg HTTP/1.1" 200 398165 "-" "facebookexternalhit/1.1 (+http://www.facebook.com/externalhit_uatext.php)" "www.metrocrimedaily.com"
51.222.253.2 - - [13/Jan/2023:14:02:42 -0800] "GET /music/?C=S;O=D HTTP/1.1" 200 655 "-" "Mozilla/5.0 (compatible; AhrefsBot/7.0; +http://ahrefs.com/robot/)" "metrocrimedaily.com"
76.184.252.42 - - [13/Jan/2023:14:04:00 -0800] "GET /images/police-tape.jpg HTTP/1.1" 200 50766 "-" "Wget/1.20.3 (mingw32)" "metrocrimedaily.com"
69.63.184.119 - - [13/Jan/2023:14:04:09 -0800] "GET /instagram-detroit/01-13-2023-1501445-A.jpg HTTP/1.1" 200 53779 "-" "facebookexternalhit/1.1 (+http://www.facebook.com/externalhit_uatext.php)" "www.metrocrimedaily.com"
69.63.189.120 - - [13/Jan/2023:14:06:51 -0800] "GET /instagram-newyork/01-13-2023-1606311-A.jpg HTTP/1.1" 200 106419 "-" "facebookexternalhit/1.1 (+http://www.facebook.com/externalhit_uatext.php)" "www.metrocrimedaily.com"
69.63.189.116 - - [13/Jan/2023:14:07:45 -0800] "GET /instagram-dallas/01-13-2023-1542542-A.jpg HTTP/1.1" 200 783031 "-" "facebookexternalhit/1.1 (+http://www.facebook.com/externalhit_uatext.php)" "www.metrocrimedaily.com"
69.63.184.120 - - [13/Jan/2023:14:12:27 -0800] "GET /instagram-stlouis/01-13-2023-1541013-A.jpg HTTP/1.1" 200 90288 "-" "facebookexternalhit/1.1 (+http://www.facebook.com/externalhit_uatext.php)" "www.metrocrimedaily.com"
69.63.184.117 - - [13/Jan/2023:14:19:40 -0800] "GET /instagram-detroit/01-13-2023-1501446-A.jpg HTTP/1.1" 200 172300 "-" "facebookexternalhit/1.1 (+http://www.facebook.com/externalhit_uatext.php)" "www.metrocrimedaily.com"
69.63.184.117 - - [13/Jan/2023:14:23:20 -0800] "GET /instagram-dallas/01-13-2023-1542543-A.jpg HTTP/1.1" 200 137061 "-" "facebookexternalhit/1.1 (+http://www.facebook.com/externalhit_uatext.php)" "www.metrocrimedaily.com"
69.63.184.117 - - [13/Jan/2023:14:25:00 -0800] "GET /instagram-memphis/01-13-2023-1624401-A.jpg HTTP/1.1" 200 129052 "-" "facebookexternalhit/1.1 (+http://www.facebook.com/externalhit_uatext.php)" "www.metrocrimedaily.com"
69.63.184.1 - - [13/Jan/2023:14:28:02 -0800] "GET /instagram-stlouis/01-13-2023-1541014-A.jpg HTTP/1.1" 200 188560 "-" "facebookexternalhit/1.1 (+http://www.facebook.com/externalhit_uatext.php)" "www.metrocrimedaily.com"
69.63.184.5 - - [13/Jan/2023:14:30:04 -0800] "GET /instagram-atlanta/01-13-2023-1629431-A.jpg HTTP/1.1" 200 142762 "-" "facebookexternalhit/1.1 (+http://www.facebook.com/externalhit_uatext.php)" "www.metrocrimedaily.com"
69.63.184.116 - - [13/Jan/2023:14:38:51 -0800] "GET /instagram-dallas/01-13-2023-1542544-A.jpg HTTP/1.1" 200 221907 "-" "facebookexternalhit/1.1 (+http://www.facebook.com/externalhit_uatext.php)" "www.metrocrimedaily.com"
69.63.184.120 - - [13/Jan/2023:14:42:47 -0800] "GET /instagram-chicago/01-13-2023-1642261-A.jpg HTTP/1.1" 200 280952 "-" "facebookexternalhit/1.1 (+http://www.facebook.com/externalhit_uatext.php)" "www.metrocrimedaily.com"
174.211.35.14 - - [13/Jan/2023:14:45:15 -0800] "GET /styles-mcd.css HTTP/1.1" 200 1159 "http://www.metrocrimedaily.com/" "Mozilla/5.0 (Windows NT 10.0; Win64; x64) AppleWebKit/537.36 (KHTML, like Gecko) Chrome/109.0.0.0 Safari/537.36" "www.metrocrimedaily.com"
174.211.35.14 - - [13/Jan/2023:14:45:15 -0800] "GET /images/crimeinthed-logo.jpg HTTP/1.1" 200 14960 "http://www.metrocrimedaily.com/" "Mozilla/5.0 (Windows NT 10.0; Win64; x64) AppleWebKit/537.36 (KHTML, like Gecko) Chrome/109.0.0.0 Safari/537.36" "www.metrocrimedaily.com"
174.211.35.14 - - [13/Jan/2023:14:45:14 -0800] "GET / HTTP/1.1" 200 87761 "https://www.google.com/" "Mozilla/5.0 (Windows NT 10.0; Win64; x64) AppleWebKit/537.36 (KHTML, like Gecko) Chrome/109.0.0.0 Safari/537.36" "www.metrocrimedaily.com"
174.211.35.14 - - [13/Jan/2023:14:45:15 -0800] "GET /images/police-tape.jpg HTTP/1.1" 200 50766 "http://www.metrocrimedaily.com/" "Mozilla/5.0 (Windows NT 10.0; Win64; x64) AppleWebKit/537.36 (KHTML, like Gecko) Chrome/109.0.0.0 Safari/537.36" "metrocrimedaily.com"
174.211.35.14 - - [13/Jan/2023:14:45:16 -0800] "GET /images/facebook-logo-tiny.png HTTP/1.1" 200 1280 "http://www.metrocrimedaily.com/" "Mozilla/5.0 (Windows NT 10.0; Win64; x64) AppleWebKit/537.36 (KHTML, like Gecko) Chrome/109.0.0.0 Safari/537.36" "www.metrocrimedaily.com"
174.211.35.14 - - [13/Jan/2023:14:45:16 -0800] "GET /images/youtube-logo-tiny.png HTTP/1.1" 200 689 "http://www.metrocrimedaily.com/" "Mozilla/5.0 (Windows NT 10.0; Win64; x64) AppleWebKit/537.36 (KHTML, like Gecko) Chrome/109.0.0.0 Safari/537.36" "www.metrocrimedaily.com"
174.211.35.14 - - [13/Jan/2023:14:45:16 -0800] "GET /images/twitter-logo-b-tiny.png HTTP/1.1" 200 1600 "http://www.metrocrimedaily.com/" "Mozilla/5.0 (Windows NT 10.0; Win64; x64) AppleWebKit/537.36 (KHTML, like Gecko) Chrome/109.0.0.0 Safari/537.36" "www.metrocrimedaily.com"
69.63.184.4 - - [13/Jan/2023:14:45:38 -0800] "GET /instagram-atlanta/01-13-2023-1629432-A.jpg HTTP/1.1" 200 163381 "-" "facebookexternalhit/1.1 (+http://www.facebook.com/externalhit_uatext.php)" "www.metrocrimedaily.com"
174.211.35.14 - - [13/Jan/2023:14:45:43 -0800] "GET / HTTP/1.1" 200 87761 "https://www.google.com/" "Mozilla/5.0 (Windows NT 10.0; Win64; x64) AppleWebKit/537.36 (KHTML, like Gecko) Chrome/109.0.0.0 Safari/537.36" "www.metrocrimedaily.com"
174.211.35.14 - - [13/Jan/2023:14:45:43 -0800] "GET /styles-mcd.css HTTP/1.1" 200 1159 "http://www.metrocrimedaily.com/" "Mozilla/5.0 (Windows NT 10.0; Win64; x64) AppleWebKit/537.36 (KHTML, like Gecko) Chrome/109.0.0.0 Safari/537.36" "www.metrocrimedaily.com"
174.211.35.14 - - [13/Jan/2023:14:45:43 -0800] "GET /images/crimeinthed-logo.jpg HTTP/1.1" 200 14960 "http://www.metrocrimedaily.com/" "Mozilla/5.0 (Windows NT 10.0; Win64; x64) AppleWebKit/537.36 (KHTML, like Gecko) Chrome/109.0.0.0 Safari/537.36" "www.metrocrimedaily.com"
174.211.35.14 - - [13/Jan/2023:14:45:43 -0800] "GET /images/police-tape.jpg HTTP/1.1" 200 50766 "http://www.metrocrimedaily.com/" "Mozilla/5.0 (Windows NT 10.0; Win64; x64) AppleWebKit/537.36 (KHTML, like Gecko) Chrome/109.0.0.0 Safari/537.36" "metrocrimedaily.com"
51.222.253.12 - - [13/Jan/2023:14:48:35 -0800] "GET / HTTP/1.1" 200 87761 "-" "Mozilla/5.0 (compatible; AhrefsBot/7.0; +http://ahrefs.com/robot/)" "metrocrimedaily.com"
69.63.184.118 - - [13/Jan/2023:14:54:24 -0800] "GET /instagram-dallas/01-13-2023-1542545-A.jpg HTTP/1.1" 200 221229 "-" "facebookexternalhit/1.1 (+http://www.facebook.com/externalhit_uatext.php)" "www.metrocrimedaily.com"
69.63.184.2 - - [13/Jan/2023:14:58:20 -0800] "GET /instagram-chicago/01-13-2023-1642262-A.jpg HTTP/1.1" 200 103990 "-" "facebookexternalhit/1.1 (+http://www.facebook.com/externalhit_uatext.php)" "www.metrocrimedaily.com"
69.63.184.1 - - [13/Jan/2023:15:04:50 -0800] "GET /instagram-memphis/01-13-2023-1704311-A.jpg HTTP/1.1" 200 82970 "-" "facebookexternalhit/1.1 (+http://www.facebook.com/externalhit_uatext.php)" "www.metrocrimedaily.com"
69.63.184.2 - - [13/Jan/2023:15:09:58 -0800] "GET /instagram-dallas/01-13-2023-1542546-A.jpg HTTP/1.1" 200 198389 "-" "facebookexternalhit/1.1 (+http://www.facebook.com/externalhit_uatext.php)" "www.metrocrimedaily.com"
69.63.184.117 - - [13/Jan/2023:15:13:55 -0800] "GET /instagram-chicago/01-13-2023-1642263-A.jpg HTTP/1.1" 200 819674 "-" "facebookexternalhit/1.1 (+http://www.facebook.com/externalhit_uatext.php)" "www.metrocrimedaily.com"
51.222.253.14 - - [13/Jan/2023:15:25:30 -0800] "GET / HTTP/1.1" 200 87761 "-" "Mozilla/5.0 (compatible; AhrefsBot/7.0; +http://ahrefs.com/robot/)" "metrocrimedaily.com"
69.63.184.116 - - [13/Jan/2023:15:25:32 -0800] "GET /instagram-dallas/01-13-2023-1542547-A.jpg HTTP/1.1" 200 62289 "-" "facebookexternalhit/1.1 (+http://www.facebook.com/externalhit_uatext.php)" "www.metrocrimedaily.com"
69.63.184.116 - - [13/Jan/2023:15:29:24 -0800] "GET /instagram-stlouis/01-13-2023-1729041-A.jpg HTTP/1.1" 200 129722 "-" "facebookexternalhit/1.1 (+http://www.facebook.com/externalhit_uatext.php)" "www.metrocrimedaily.com"
14.116.184.240 - - [13/Jan/2023:15:34:02 -0800] "GET / HTTP/1.1" 200 87761 "-" "Mozilla/5.0 (iPhone; CPU iPhone OS 13_2_3 like Mac OS X) AppleWebKit/605.1.15 (KHTML, like Gecko) Version/13.0.3 Mobile/15E148 Safari/604.1" "metrocrimedaily.com"
76.184.252.42 - - [13/Jan/2023:15:35:57 -0800] "GET /images/police-tape.jpg HTTP/1.1" 200 50766 "-" "Wget/1.20.3 (mingw32)" "metrocrimedaily.com"
69.63.184.118 - - [13/Jan/2023:15:36:29 -0800] "GET /instagram-neworleans/01-13-2023-1736081-A.jpg HTTP/1.1" 200 418385 "-" "facebookexternalhit/1.1 (+http://www.facebook.com/externalhit_uatext.php)" "www.metrocrimedaily.com"
107.6.150.132 - - [13/Jan/2023:15:36:58 -0800] "GET /wp-login.php HTTP/1.1" 404 88 "" "Mozilla/5.0 (Windows NT 10.0; Win64; x64; rv:108.0) Gecko/20100101 Firefox/108.0" "metrocrimedaily.com"
69.63.184.3 - - [13/Jan/2023:15:37:00 -0800] "GET /instagram-detroit/01-13-2023-1735461-A.jpg HTTP/1.1" 200 53192 "-" "facebookexternalhit/1.1 (+http://www.facebook.com/externalhit_uatext.php)" "www.metrocrimedaily.com"
76.184.252.42 - - [13/Jan/2023:15:37:13 -0800] "GET / HTTP/1.1" 200 87761 "-" "Mozilla/5.0 (Windows NT 10.0; Win64; x64) AppleWebKit/537.36 (KHTML, like Gecko) Chrome/108.0.0.0 Safari/537.36 Edg/108.0.1462.76" "www.metrocrimedaily.com"
76.184.252.42 - - [13/Jan/2023:15:37:13 -0800] "GET /images/crimeinthed-logo.jpg HTTP/1.1" 304 - "http://www.metrocrimedaily.com/" "Mozilla/5.0 (Windows NT 10.0; Win64; x64) AppleWebKit/537.36 (KHTML, like Gecko) Chrome/108.0.0.0 Safari/537.36 Edg/108.0.1462.76" "www.metrocrimedaily.com"
76.184.252.42 - - [13/Jan/2023:15:37:13 -0800] "GET /images/police-tape.jpg HTTP/1.1" 304 - "http://www.metrocrimedaily.com/" "Mozilla/5.0 (Windows NT 10.0; Win64; x64) AppleWebKit/537.36 (KHTML, like Gecko) Chrome/108.0.0.0 Safari/537.36 Edg/108.0.1462.76" "metrocrimedaily.com"
35.185.241.102 - - [13/Jan/2023:15:37:13 -0800] "GET / HTTP/1.1" 200 752893 "-" "Mozilla/5.0 (Windows NT 6.1; WOW64; Trident/7.0; rv:11.0) like Gecko" "www.metrocrimedaily.com"
76.184.252.42 - - [13/Jan/2023:15:37:14 -0800] "GET /images/youtube-logo-tiny.png HTTP/1.1" 304 - "http://www.metrocrimedaily.com/" "Mozilla/5.0 (Windows NT 10.0; Win64; x64) AppleWebKit/537.36 (KHTML, like Gecko) Chrome/108.0.0.0 Safari/537.36 Edg/108.0.1462.76" "www.metrocrimedaily.com"
76.184.252.42 - - [13/Jan/2023:15:37:14 -0800] "GET /images/facebook-logo-tiny.png HTTP/1.1" 304 - "http://www.metrocrimedaily.com/" "Mozilla/5.0 (Windows NT 10.0; Win64; x64) AppleWebKit/537.36 (KHTML, like Gecko) Chrome/108.0.0.0 Safari/537.36 Edg/108.0.1462.76" "www.metrocrimedaily.com"
76.184.252.42 - - [13/Jan/2023:15:37:14 -0800] "GET /images/twitter-logo-b-tiny.png HTTP/1.1" 304 - "http://www.metrocrimedaily.com/" "Mozilla/5.0 (Windows NT 10.0; Win64; x64) AppleWebKit/537.36 (KHTML, like Gecko) Chrome/108.0.0.0 Safari/537.36 Edg/108.0.1462.76" "www.metrocrimedaily.com"
69.63.184.118 - - [13/Jan/2023:15:37:27 -0800] "GET /instagram-atlanta/01-13-2023-1736481-A.jpg HTTP/1.1" 200 203468 "-" "facebookexternalhit/1.1 (+http://www.facebook.com/externalhit_uatext.php)" "www.metrocrimedaily.com"
69.63.184.5 - - [13/Jan/2023:15:41:04 -0800] "GET /instagram-dallas/01-13-2023-1542548-A.jpg HTTP/1.1" 200 158964 "-" "facebookexternalhit/1.1 (+http://www.facebook.com/externalhit_uatext.php)" "www.metrocrimedaily.com"
69.63.184.5 - - [13/Jan/2023:15:44:55 -0800] "GET /instagram-stlouis/01-13-2023-1729042-A.jpg HTTP/1.1" 200 113032 "-" "facebookexternalhit/1.1 (+http://www.facebook.com/externalhit_uatext.php)" "www.metrocrimedaily.com"
69.63.184.119 - - [13/Jan/2023:15:46:41 -0800] "GET /instagram-memphis/01-13-2023-1746221-A.jpg HTTP/1.1" 200 155221 "-" "facebookexternalhit/1.1 (+http://www.facebook.com/externalhit_uatext.php)" "www.metrocrimedaily.com"
50.21.188.79 - - [13/Jan/2023:15:50:32 -0800] "GET /robots.txt HTTP/1.1" 404 88 "-" "IonCrawl (https://www.ionos.de/terms-gtc/faq-crawler-en/)" "metrocrimedaily.com"
207.46.13.109 - - [13/Jan/2023:15:51:02 -0800] "GET /instagram-detroit/12-22-2022-1157381-10-year-old-stabbed-by-9-year-old-with-pocket-kni.txt HTTP/1.1" 404 88 "-" "Mozilla/5.0 AppleWebKit/537.36 (KHTML, like Gecko; compatible; bingbot/2.0; +http://www.bing.com/bingbot.htm) Chrome/103.0.5060.134 Safari/537.36" "www.metrocrimedaily.com"
54.36.82.134 - - [13/Jan/2023:15:51:31 -0800] "GET /wp-login.php HTTP/1.1" 404 88 "" "Mozilla/5.0 (Windows NT 10.0; Win64; x64; rv:108.0) Gecko/20100101 Firefox/108.0" "metrocrimedaily.com"
69.63.184.4 - - [13/Jan/2023:15:52:01 -0800] "GET /instagram-neworleans/01-13-2023-1736082-A.jpg HTTP/1.1" 200 190211 "-" "facebookexternalhit/1.1 (+http://www.facebook.com/externalhit_uatext.php)" "www.metrocrimedaily.com"
69.63.184.120 - - [13/Jan/2023:15:52:30 -0800] "GET /instagram-detroit/01-13-2023-1735462-A.jpg HTTP/1.1" 200 63895 "-" "facebookexternalhit/1.1 (+http://www.facebook.com/externalhit_uatext.php)" "www.metrocrimedaily.com"
50.21.188.79 - - [13/Jan/2023:15:55:17 -0800] "GET /sitemap.xml HTTP/1.1" 404 88 "-" "IonCrawl (https://www.ionos.de/terms-gtc/faq-crawler-en/)" "metrocrimedaily.com"
50.21.188.79 - - [13/Jan/2023:15:55:18 -0800] "GET / HTTP/1.1" 200 87761 "-" "IonCrawl (https://www.ionos.de/terms-gtc/faq-crawler-en/)" "metrocrimedaily.com"
50.21.188.79 - - [13/Jan/2023:15:55:20 -0800] "GET /wp-admin/admin-ajax.php HTTP/1.1" 404 88 "-" "IonCrawl (https://www.ionos.de/terms-gtc/faq-crawler-en/)" "metrocrimedaily.com"
50.21.188.79 - - [13/Jan/2023:15:56:25 -0800] "GET /contact-us.html HTTP/1.1" 200 765 "-" "IonCrawl (https://www.ionos.de/terms-gtc/faq-crawler-en/)" "metrocrimedaily.com"
50.21.188.89 - - [13/Jan/2023:15:56:28 -0800] "GET /privacy-policy.html HTTP/1.1" 200 2353 "-" "IonCrawl (https://www.ionos.de/terms-gtc/faq-crawler-en/)" "metrocrimedaily.com"
50.21.188.109 - - [13/Jan/2023:15:56:31 -0800] "GET /about-us.html HTTP/1.1" 200 706 "-" "IonCrawl (https://www.ionos.de/terms-gtc/faq-crawler-en/)" "metrocrimedaily.com"
50.21.188.99 - - [13/Jan/2023:15:58:26 -0800] "GET /www.clickondetroit.com HTTP/1.1" 404 88 "-" "IonCrawl (https://www.ionos.de/terms-gtc/faq-crawler-en/)" "metrocrimedaily.com"
50.21.188.109 - - [13/Jan/2023:15:58:27 -0800] "GET /www.deadlinedetroit.com HTTP/1.1" 404 88 "-" "IonCrawl (https://www.ionos.de/terms-gtc/faq-crawler-en/)" "metrocrimedaily.com"
50.21.188.79 - - [13/Jan/2023:15:58:33 -0800] "GET /www.audacy.com HTTP/1.1" 404 88 "-" "IonCrawl (https://www.ionos.de/terms-gtc/faq-crawler-en/)" "metrocrimedaily.com"
50.21.188.89 - - [13/Jan/2023:15:58:35 -0800] "GET /gov-svc-detroit.html HTTP/1.1" 200 2125 "-" "IonCrawl (https://www.ionos.de/terms-gtc/faq-crawler-en/)" "metrocrimedaily.com"
50.21.188.69 - - [13/Jan/2023:15:58:41 -0800] "GET /index.html HTTP/1.1" 200 87761 "-" "IonCrawl (https://www.ionos.de/terms-gtc/faq-crawler-en/)" "metrocrimedaily.com"
50.21.188.99 - - [13/Jan/2023:15:59:50 -0800] "GET /www.detroitnews.com HTTP/1.1" 404 88 "-" "IonCrawl (https://www.ionos.de/terms-gtc/faq-crawler-en/)" "metrocrimedaily.com"
