51.222.253.5 - - [13/Jan/2023:01:31:10 -0800] "GET /instagram-dallas/01-11-2023-1933532-Dallas-shooting-kills-17-year-old-boy%3B-police-ask.txt HTTP/1.1" 200 668 "-" "Mozilla/5.0 (compatible; AhrefsBot/7.0; +http://ahrefs.com/robot/)" "metrocrimedaily.com"
51.222.253.7 - - [13/Jan/2023:01:34:38 -0800] "GET /instagram-dallas/01-11-2023-1933533-Uvalde-DA-gets-initial-state-police-report-on-sch.txt HTTP/1.1" 200 1064 "-" "Mozilla/5.0 (compatible; AhrefsBot/7.0; +http://ahrefs.com/robot/)" "metrocrimedaily.com"
51.222.253.10 - - [13/Jan/2023:01:38:30 -0800] "GET /instagram-dallas/01-11-2023-1933534-Ezra-Miller-Agrees-to-Plead-Guilty-in-Vermont-Bur.txt HTTP/1.1" 200 715 "-" "Mozilla/5.0 (compatible; AhrefsBot/7.0; +http://ahrefs.com/robot/)" "metrocrimedaily.com"
172.58.122.73 - - [13/Jan/2023:01:40:14 -0800] "GET / HTTP/1.1" 200 82563 "https://www.google.com/" "Mozilla/5.0 (Linux; Android 10; 5007W) AppleWebKit/537.36 (KHTML, like Gecko) Chrome/108.0.0.0 Mobile Safari/537.36" "www.metrocrimedaily.com"
172.58.122.73 - - [13/Jan/2023:01:40:14 -0800] "GET /styles-mcd.css HTTP/1.1" 200 1159 "http://www.metrocrimedaily.com/" "Mozilla/5.0 (Linux; Android 10; 5007W) AppleWebKit/537.36 (KHTML, like Gecko) Chrome/108.0.0.0 Mobile Safari/537.36" "www.metrocrimedaily.com"
172.58.122.73 - - [13/Jan/2023:01:40:15 -0800] "GET /images/crimeinthed-logo.jpg HTTP/1.1" 200 14960 "http://www.metrocrimedaily.com/" "Mozilla/5.0 (Linux; Android 10; 5007W) AppleWebKit/537.36 (KHTML, like Gecko) Chrome/108.0.0.0 Mobile Safari/537.36" "www.metrocrimedaily.com"
172.58.122.73 - - [13/Jan/2023:01:40:15 -0800] "GET /images/police-tape.jpg HTTP/1.1" 200 50766 "http://www.metrocrimedaily.com/" "Mozilla/5.0 (Linux; Android 10; 5007W) AppleWebKit/537.36 (KHTML, like Gecko) Chrome/108.0.0.0 Mobile Safari/537.36" "metrocrimedaily.com"
172.58.122.73 - - [13/Jan/2023:01:40:17 -0800] "GET /images/facebook-logo-tiny.png HTTP/1.1" 200 1280 "http://www.metrocrimedaily.com/" "Mozilla/5.0 (Linux; Android 10; 5007W) AppleWebKit/537.36 (KHTML, like Gecko) Chrome/108.0.0.0 Mobile Safari/537.36" "www.metrocrimedaily.com"
172.58.122.73 - - [13/Jan/2023:01:40:17 -0800] "GET /images/youtube-logo-tiny.png HTTP/1.1" 200 689 "http://www.metrocrimedaily.com/" "Mozilla/5.0 (Linux; Android 10; 5007W) AppleWebKit/537.36 (KHTML, like Gecko) Chrome/108.0.0.0 Mobile Safari/537.36" "www.metrocrimedaily.com"
172.58.122.73 - - [13/Jan/2023:01:40:18 -0800] "GET /images/twitter-logo-b-tiny.png HTTP/1.1" 200 1600 "http://www.metrocrimedaily.com/" "Mozilla/5.0 (Linux; Android 10; 5007W) AppleWebKit/537.36 (KHTML, like Gecko) Chrome/108.0.0.0 Mobile Safari/537.36" "www.metrocrimedaily.com"
172.58.122.73 - - [13/Jan/2023:01:40:22 -0800] "GET /favicon.ico HTTP/1.1" 404 88 "http://www.metrocrimedaily.com/" "Mozilla/5.0 (Linux; Android 10; 5007W) AppleWebKit/537.36 (KHTML, like Gecko) Chrome/108.0.0.0 Mobile Safari/537.36" "www.metrocrimedaily.com"
51.222.253.10 - - [13/Jan/2023:01:41:57 -0800] "GET /instagram-dallas/01-11-2023-1933535-Rockwall-Heath-Coach-Investigated-After-Players-H.txt HTTP/1.1" 200 1150 "-" "Mozilla/5.0 (compatible; AhrefsBot/7.0; +http://ahrefs.com/robot/)" "metrocrimedaily.com"
51.222.253.10 - - [13/Jan/2023:01:45:08 -0800] "GET /instagram-dallas/01-11-2023-1933536-21-Foot-Killer-Whale-Dies-After-Beaching-Itself-o.txt HTTP/1.1" 200 715 "-" "Mozilla/5.0 (compatible; AhrefsBot/7.0; +http://ahrefs.com/robot/)" "metrocrimedaily.com"
69.63.184.3 - - [13/Jan/2023:01:46:18 -0800] "GET /instagram-losangeles/01-13-2023-0315232-A.jpg HTTP/1.1" 200 575758 "-" "facebookexternalhit/1.1 (+http://www.facebook.com/externalhit_uatext.php)" "www.metrocrimedaily.com"
51.222.253.10 - - [13/Jan/2023:01:48:29 -0800] "GET /instagram-dallas/01-11-2023-1933537-Dallas-police-searching-for-suspect-in-McCree-Roa.txt HTTP/1.1" 200 418 "-" "Mozilla/5.0 (compatible; AhrefsBot/7.0; +http://ahrefs.com/robot/)" "metrocrimedaily.com"
69.63.184.3 - - [13/Jan/2023:01:50:34 -0800] "GET /instagram-detroit/01-13-2023-0350141-A.jpg HTTP/1.1" 200 160172 "-" "facebookexternalhit/1.1 (+http://www.facebook.com/externalhit_uatext.php)" "www.metrocrimedaily.com"
51.222.253.17 - - [13/Jan/2023:01:52:32 -0800] "GET /instagram-dallas/01-11-2023-1933538-Road-rage-leads-to-shooting-on-Fort-Worth-freeway.txt HTTP/1.1" 200 444 "-" "Mozilla/5.0 (compatible; AhrefsBot/7.0; +http://ahrefs.com/robot/)" "metrocrimedaily.com"
51.222.253.20 - - [13/Jan/2023:01:56:03 -0800] "GET /instagram-dallas/01-11-2023-1933539----You-re-okay-sweetie-----Video-shows-rescue-of-.txt HTTP/1.1" 200 933 "-" "Mozilla/5.0 (compatible; AhrefsBot/7.0; +http://ahrefs.com/robot/)" "metrocrimedaily.com"
51.222.253.8 - - [13/Jan/2023:01:59:27 -0800] "GET /instagram-dallas/01-12-2023-0129221-South-Korea-Plans-Fund-to-Compensate-WWII-Forced-.txt HTTP/1.1" 200 1091 "-" "Mozilla/5.0 (compatible; AhrefsBot/7.0; +http://ahrefs.com/robot/)" "metrocrimedaily.com"
194.247.12.185 - - [13/Jan/2023:02:02:07 -0800] "GET /wp-login.php HTTP/1.1" 404 88 "" "Mozilla/5.0 (Windows NT 10.0; Win64; x64; rv:108.0) Gecko/20100101 Firefox/108.0" "metrocrimedaily.com"
51.222.253.5 - - [13/Jan/2023:02:02:57 -0800] "GET /instagram-dallas/01-12-2023-0342371-Bitcoin-Jumps-Above-$18-000-to-Highest-Level-in-a.txt HTTP/1.1" 200 1014 "-" "Mozilla/5.0 (compatible; AhrefsBot/7.0; +http://ahrefs.com/robot/)" "metrocrimedaily.com"
51.222.253.16 - - [13/Jan/2023:02:06:19 -0800] "GET /instagram-dallas/01-12-2023-0342372-After-a-6-Year-Old-Shot-His-Teacher--Elementary-S.txt HTTP/1.1" 200 1155 "-" "Mozilla/5.0 (compatible; AhrefsBot/7.0; +http://ahrefs.com/robot/)" "metrocrimedaily.com"
51.222.253.17 - - [13/Jan/2023:02:10:22 -0800] "GET /instagram-dallas/01-12-2023-0548411-Flight-Disruptions-Ease-After-FAA-Outage--as-Offi.txt HTTP/1.1" 200 1077 "-" "Mozilla/5.0 (compatible; AhrefsBot/7.0; +http://ahrefs.com/robot/)" "metrocrimedaily.com"
51.222.253.20 - - [13/Jan/2023:02:14:05 -0800] "GET /instagram-dallas/01-12-2023-0729491-Philly-Woman-Wrongfully-Jailed-for-Texas-Crime-Du.txt HTTP/1.1" 200 994 "-" "Mozilla/5.0 (compatible; AhrefsBot/7.0; +http://ahrefs.com/robot/)" "metrocrimedaily.com"
69.63.184.120 - - [13/Jan/2023:02:16:54 -0800] "GET /instagram-losangeles/01-13-2023-0315233-A.jpg HTTP/1.1" 200 146785 "-" "facebookexternalhit/1.1 (+http://www.facebook.com/externalhit_uatext.php)" "www.metrocrimedaily.com"
51.222.253.5 - - [13/Jan/2023:02:17:22 -0800] "GET /instagram-dallas/01-12-2023-0729492-Two-people-charged-in-connection-to-Frisco-purse-.txt HTTP/1.1" 200 49 "-" "Mozilla/5.0 (compatible; AhrefsBot/7.0; +http://ahrefs.com/robot/)" "metrocrimedaily.com"
51.222.253.8 - - [13/Jan/2023:02:21:20 -0800] "GET /instagram-dallas/01-12-2023-0936021-A-year-later--Texas-synagogue-hostages-cope--carr.txt HTTP/1.1" 200 1127 "-" "Mozilla/5.0 (compatible; AhrefsBot/7.0; +http://ahrefs.com/robot/)" "metrocrimedaily.com"
174.209.106.15 - - [13/Jan/2023:02:22:08 -0800] "GET /styles-mcd.css HTTP/1.1" 200 1159 "http://www.metrocrimedaily.com/" "Mozilla/5.0 (iPhone; CPU iPhone OS 16_0 like Mac OS X) AppleWebKit/605.1.15 (KHTML, like Gecko) CriOS/108.0.5359.112 Mobile/15E148 Safari/604.1" "www.metrocrimedaily.com"
174.209.106.15 - - [13/Jan/2023:02:22:08 -0800] "GET /favicon.ico HTTP/1.1" 404 88 "-" "Mozilla/5.0 (iPhone; CPU iPhone OS 16_0 like Mac OS X) AppleWebKit/605.1.15 (KHTML, like Gecko) CriOS/108.0.5359.112 Mobile/15E148 Safari/604.1" "www.metrocrimedaily.com"
172.58.122.11 - - [13/Jan/2023:02:24:48 -0800] "GET / HTTP/1.1" 200 82855 "https://www.google.com/" "Mozilla/5.0 (Linux; Android 11; REVVL V+ 5G) AppleWebKit/537.36 (KHTML, like Gecko) Chrome/108.0.0.0 Mobile Safari/537.36" "www.metrocrimedaily.com"
172.58.122.11 - - [13/Jan/2023:02:24:49 -0800] "GET /styles-mcd.css HTTP/1.1" 200 1159 "http://www.metrocrimedaily.com/" "Mozilla/5.0 (Linux; Android 11; REVVL V+ 5G) AppleWebKit/537.36 (KHTML, like Gecko) Chrome/108.0.0.0 Mobile Safari/537.36" "www.metrocrimedaily.com"
172.58.122.11 - - [13/Jan/2023:02:24:49 -0800] "GET /images/crimeinthed-logo.jpg HTTP/1.1" 200 14960 "http://www.metrocrimedaily.com/" "Mozilla/5.0 (Linux; Android 11; REVVL V+ 5G) AppleWebKit/537.36 (KHTML, like Gecko) Chrome/108.0.0.0 Mobile Safari/537.36" "www.metrocrimedaily.com"
172.58.122.11 - - [13/Jan/2023:02:24:49 -0800] "GET /images/police-tape.jpg HTTP/1.1" 200 50766 "http://www.metrocrimedaily.com/" "Mozilla/5.0 (Linux; Android 11; REVVL V+ 5G) AppleWebKit/537.36 (KHTML, like Gecko) Chrome/108.0.0.0 Mobile Safari/537.36" "metrocrimedaily.com"
172.58.122.11 - - [13/Jan/2023:02:24:49 -0800] "GET /images/facebook-logo-tiny.png HTTP/1.1" 200 1280 "http://www.metrocrimedaily.com/" "Mozilla/5.0 (Linux; Android 11; REVVL V+ 5G) AppleWebKit/537.36 (KHTML, like Gecko) Chrome/108.0.0.0 Mobile Safari/537.36" "www.metrocrimedaily.com"
172.58.122.11 - - [13/Jan/2023:02:24:49 -0800] "GET /images/youtube-logo-tiny.png HTTP/1.1" 200 689 "http://www.metrocrimedaily.com/" "Mozilla/5.0 (Linux; Android 11; REVVL V+ 5G) AppleWebKit/537.36 (KHTML, like Gecko) Chrome/108.0.0.0 Mobile Safari/537.36" "www.metrocrimedaily.com"
172.58.122.11 - - [13/Jan/2023:02:24:49 -0800] "GET /images/twitter-logo-b-tiny.png HTTP/1.1" 200 1600 "http://www.metrocrimedaily.com/" "Mozilla/5.0 (Linux; Android 11; REVVL V+ 5G) AppleWebKit/537.36 (KHTML, like Gecko) Chrome/108.0.0.0 Mobile Safari/537.36" "www.metrocrimedaily.com"
51.222.253.13 - - [13/Jan/2023:02:24:54 -0800] "GET /instagram-dallas/01-12-2023-1146081-Off-duty-Fort-Worth-detective-arrested--accused-o.txt HTTP/1.1" 200 494 "-" "Mozilla/5.0 (compatible; AhrefsBot/7.0; +http://ahrefs.com/robot/)" "metrocrimedaily.com"
51.222.253.3 - - [13/Jan/2023:02:28:34 -0800] "GET /instagram-dallas/01-12-2023-1251111-Special-Counsel-Named-to-Probe-Classified-Records.txt HTTP/1.1" 200 882 "-" "Mozilla/5.0 (compatible; AhrefsBot/7.0; +http://ahrefs.com/robot/)" "metrocrimedaily.com"
51.222.253.13 - - [13/Jan/2023:02:32:04 -0800] "GET /instagram-dallas/01-12-2023-1344551-20-year-old-killed-in-Richardson-shooting--police.txt HTTP/1.1" 200 424 "-" "Mozilla/5.0 (compatible; AhrefsBot/7.0; +http://ahrefs.com/robot/)" "metrocrimedaily.com"
51.222.253.4 - - [13/Jan/2023:02:35:58 -0800] "GET /instagram-dallas/01-12-2023-1344552-Fort-Worth-PD-detective-arrested-on-DWI-charge-.txt HTTP/1.1" 200 335 "-" "Mozilla/5.0 (compatible; AhrefsBot/7.0; +http://ahrefs.com/robot/)" "metrocrimedaily.com"
51.222.253.12 - - [13/Jan/2023:02:39:20 -0800] "GET /instagram-dallas/01-12-2023-1455551----Rick-and-Morty----Co-Creator-Justin-Roiland-Fa.txt HTTP/1.1" 200 707 "-" "Mozilla/5.0 (compatible; AhrefsBot/7.0; +http://ahrefs.com/robot/)" "metrocrimedaily.com"
157.55.39.62 - - [13/Jan/2023:02:42:26 -0800] "GET /instagram-atlanta/12-23-2022-1714496-Community-helps-family-of-12-year-old-killed-in-A.txt HTTP/1.1" 404 88 "-" "Mozilla/5.0 (compatible; bingbot/2.0; +http://www.bing.com/bingbot.htm)" "www.metrocrimedaily.com"
51.222.253.10 - - [13/Jan/2023:02:43:00 -0800] "GET /instagram-dallas/01-12-2023-1455552-Baton-Wielding-Driver-Stops-Tesla-on-California-F.txt HTTP/1.1" 200 799 "-" "Mozilla/5.0 (compatible; AhrefsBot/7.0; +http://ahrefs.com/robot/)" "metrocrimedaily.com"
51.222.253.19 - - [13/Jan/2023:02:46:38 -0800] "GET /instagram-dallas/01-12-2023-2002151-Fort-Worth-PD-releases-edited-footage-of-officers.txt HTTP/1.1" 200 212 "-" "Mozilla/5.0 (compatible; AhrefsBot/7.0; +http://ahrefs.com/robot/)" "metrocrimedaily.com"
69.63.184.3 - - [13/Jan/2023:02:47:28 -0800] "GET /instagram-losangeles/01-13-2023-0315234-A.jpg HTTP/1.1" 200 208362 "-" "facebookexternalhit/1.1 (+http://www.facebook.com/externalhit_uatext.php)" "www.metrocrimedaily.com"
69.63.184.4 - - [13/Jan/2023:02:50:07 -0800] "GET /instagram-memphis/01-13-2023-0449471-A.jpg HTTP/1.1" 200 95184 "-" "facebookexternalhit/1.1 (+http://www.facebook.com/externalhit_uatext.php)" "www.metrocrimedaily.com"
51.222.253.3 - - [13/Jan/2023:02:50:33 -0800] "GET /instagram-dallas/01-12-2023-2052401-Lisa-Marie-Presley-dies-at-54-after-hospitalizati.txt HTTP/1.1" 200 1076 "-" "Mozilla/5.0 (compatible; AhrefsBot/7.0; +http://ahrefs.com/robot/)" "metrocrimedaily.com"
51.222.253.9 - - [13/Jan/2023:02:54:24 -0800] "GET /instagram-dallas/01-12-2023-2143011-Unsolved-Murder-Near-UNT-Campus-Leaves-Students-o.txt HTTP/1.1" 200 1131 "-" "Mozilla/5.0 (compatible; AhrefsBot/7.0; +http://ahrefs.com/robot/)" "metrocrimedaily.com"
51.222.253.11 - - [13/Jan/2023:02:58:40 -0800] "GET /instagram-dallas/01-12-2023-2231291-Metal-Detector-to-Be-Installed-at-Virginia-School.txt HTTP/1.1" 200 435 "-" "Mozilla/5.0 (compatible; AhrefsBot/7.0; +http://ahrefs.com/robot/)" "metrocrimedaily.com"
51.222.253.14 - - [13/Jan/2023:03:02:13 -0800] "GET /instagram-dallas/01-12-2023-2321431-Dallas-air-show-crash--Air-traffic-control-record.txt HTTP/1.1" 200 205 "-" "Mozilla/5.0 (compatible; AhrefsBot/7.0; +http://ahrefs.com/robot/)" "metrocrimedaily.com"
51.222.253.5 - - [13/Jan/2023:03:05:47 -0800] "GET /instagram-dallas/01-13-2023-0146431-Japanese-Prosecutors-Charge-Alleged-Assassin-Who-.txt HTTP/1.1" 200 1116 "-" "Mozilla/5.0 (compatible; AhrefsBot/7.0; +http://ahrefs.com/robot/)" "metrocrimedaily.com"
69.63.184.120 - - [13/Jan/2023:03:24:01 -0800] "GET /instagram-houston/01-13-2023-0523401-A.jpg HTTP/1.1" 200 216671 "-" "facebookexternalhit/1.1 (+http://www.facebook.com/externalhit_uatext.php)" "www.metrocrimedaily.com"
69.63.184.116 - - [13/Jan/2023:03:30:09 -0800] "GET /instagram-stlouis/01-13-2023-0529481-A.jpg HTTP/1.1" 200 152742 "-" "facebookexternalhit/1.1 (+http://www.facebook.com/externalhit_uatext.php)" "www.metrocrimedaily.com"
103.130.218.42 - - [13/Jan/2023:03:30:19 -0800] "GET /wp-login.php HTTP/1.1" 404 88 "" "Mozilla/5.0 (Windows NT 10.0; Win64; x64; rv:108.0) Gecko/20100101 Firefox/108.0" "metrocrimedaily.com"
51.222.253.10 - - [13/Jan/2023:03:51:40 -0800] "GET /robots.txt HTTP/1.1" 404 88 "-" "Mozilla/5.0 (compatible; AhrefsBot/7.0; +http://ahrefs.com/robot/)" "www.metrocrimedaily.com"
51.222.253.15 - - [13/Jan/2023:03:51:42 -0800] "GET / HTTP/1.1" 200 82855 "-" "Mozilla/5.0 (compatible; AhrefsBot/7.0; +http://ahrefs.com/robot/)" "www.metrocrimedaily.com"
207.46.13.124 - - [13/Jan/2023:03:54:01 -0800] "GET /instagram-dallas/11-26-2022-1131411-Robert-Lewandowski-Nets-Long-Awaited-World-Cup-Go.txt HTTP/1.1" 404 88 "-" "Mozilla/5.0 AppleWebKit/537.36 (KHTML, like Gecko; compatible; bingbot/2.0; +http://www.bing.com/bingbot.htm) Chrome/103.0.5060.134 Safari/537.36" "www.metrocrimedaily.com"
69.63.184.1 - - [13/Jan/2023:04:02:01 -0800] "GET /instagram-newyork/01-13-2023-0601411-A.jpg HTTP/1.1" 200 152990 "-" "facebookexternalhit/1.1 (+http://www.facebook.com/externalhit_uatext.php)" "www.metrocrimedaily.com"
103.130.218.42 - - [13/Jan/2023:04:02:20 -0800] "GET /wp-login.php HTTP/1.1" 404 88 "" "Mozilla/5.0 (Windows NT 10.0; Win64; x64; rv:108.0) Gecko/20100101 Firefox/108.0" "metrocrimedaily.com"
157.55.39.62 - - [13/Jan/2023:04:02:34 -0800] "GET /instagram-dallas/12-19-2022-0441431-Ukraine-War-Live-Updates--Russian-Drone-Attack-Ta.txt HTTP/1.1" 404 88 "-" "Mozilla/5.0 (compatible; bingbot/2.0; +http://www.bing.com/bingbot.htm)" "www.metrocrimedaily.com"
69.63.184.117 - - [13/Jan/2023:04:06:03 -0800] "GET /instagram-dallas/01-13-2023-0605391-A.jpg HTTP/1.1" 200 120702 "-" "facebookexternalhit/1.1 (+http://www.facebook.com/externalhit_uatext.php)" "www.metrocrimedaily.com"
69.63.184.117 - - [13/Jan/2023:04:07:54 -0800] "GET /instagram-memphis/01-13-2023-0607341-A.jpg HTTP/1.1" 200 139578 "-" "facebookexternalhit/1.1 (+http://www.facebook.com/externalhit_uatext.php)" "www.metrocrimedaily.com"
76.184.252.42 - - [13/Jan/2023:04:24:21 -0800] "GET /images/police-tape.jpg HTTP/1.1" 200 50766 "-" "Wget/1.20.3 (mingw32)" "metrocrimedaily.com"
69.63.184.116 - - [13/Jan/2023:04:24:46 -0800] "GET /instagram-detroit/01-13-2023-0624101-A.jpg HTTP/1.1" 200 53832 "-" "facebookexternalhit/1.1 (+http://www.facebook.com/externalhit_uatext.php)" "www.metrocrimedaily.com"
76.184.252.42 - - [13/Jan/2023:04:25:04 -0800] "GET /images/police-tape.jpg HTTP/1.1" 200 50766 "-" "Wget/1.20.3 (mingw32)" "metrocrimedaily.com"
69.63.184.119 - - [13/Jan/2023:04:25:12 -0800] "GET /instagram-detroit/01-13-2023-0624102-A.jpg HTTP/1.1" 200 54529 "-" "facebookexternalhit/1.1 (+http://www.facebook.com/externalhit_uatext.php)" "www.metrocrimedaily.com"
69.63.184.118 - - [13/Jan/2023:04:29:58 -0800] "GET /instagram-stlouis/01-13-2023-0629371-A.jpg HTTP/1.1" 200 88593 "-" "facebookexternalhit/1.1 (+http://www.facebook.com/externalhit_uatext.php)" "www.metrocrimedaily.com"
68.37.152.160 - - [13/Jan/2023:04:41:16 -0800] "GET / HTTP/1.1" 200 83224 "https://www.google.com/" "Mozilla/5.0 (Windows NT 10.0; Win64; x64) AppleWebKit/537.36 (KHTML, like Gecko) Chrome/108.0.0.0 Safari/537.36" "www.metrocrimedaily.com"
68.37.152.160 - - [13/Jan/2023:04:41:17 -0800] "GET /styles-mcd.css HTTP/1.1" 200 1159 "http://www.metrocrimedaily.com/" "Mozilla/5.0 (Windows NT 10.0; Win64; x64) AppleWebKit/537.36 (KHTML, like Gecko) Chrome/108.0.0.0 Safari/537.36" "www.metrocrimedaily.com"
68.37.152.160 - - [13/Jan/2023:04:41:17 -0800] "GET /images/crimeinthed-logo.jpg HTTP/1.1" 200 14960 "http://www.metrocrimedaily.com/" "Mozilla/5.0 (Windows NT 10.0; Win64; x64) AppleWebKit/537.36 (KHTML, like Gecko) Chrome/108.0.0.0 Safari/537.36" "www.metrocrimedaily.com"
68.37.152.160 - - [13/Jan/2023:04:41:17 -0800] "GET /images/police-tape.jpg HTTP/1.1" 200 50766 "http://www.metrocrimedaily.com/" "Mozilla/5.0 (Windows NT 10.0; Win64; x64) AppleWebKit/537.36 (KHTML, like Gecko) Chrome/108.0.0.0 Safari/537.36" "metrocrimedaily.com"
68.37.152.160 - - [13/Jan/2023:04:41:18 -0800] "GET /images/youtube-logo-tiny.png HTTP/1.1" 200 689 "http://www.metrocrimedaily.com/" "Mozilla/5.0 (Windows NT 10.0; Win64; x64) AppleWebKit/537.36 (KHTML, like Gecko) Chrome/108.0.0.0 Safari/537.36" "www.metrocrimedaily.com"
68.37.152.160 - - [13/Jan/2023:04:41:18 -0800] "GET /images/facebook-logo-tiny.png HTTP/1.1" 200 1280 "http://www.metrocrimedaily.com/" "Mozilla/5.0 (Windows NT 10.0; Win64; x64) AppleWebKit/537.36 (KHTML, like Gecko) Chrome/108.0.0.0 Safari/537.36" "www.metrocrimedaily.com"
68.37.152.160 - - [13/Jan/2023:04:41:18 -0800] "GET /images/twitter-logo-b-tiny.png HTTP/1.1" 200 1600 "http://www.metrocrimedaily.com/" "Mozilla/5.0 (Windows NT 10.0; Win64; x64) AppleWebKit/537.36 (KHTML, like Gecko) Chrome/108.0.0.0 Safari/537.36" "www.metrocrimedaily.com"
68.37.152.160 - - [13/Jan/2023:04:41:39 -0800] "GET /favicon.ico HTTP/1.1" 404 88 "http://www.metrocrimedaily.com/" "Mozilla/5.0 (Windows NT 10.0; Win64; x64) AppleWebKit/537.36 (KHTML, like Gecko) Chrome/108.0.0.0 Safari/537.36" "www.metrocrimedaily.com"
185.224.137.204 - - [13/Jan/2023:04:43:02 -0800] "GET /wp-login.php HTTP/1.1" 404 88 "" "Mozilla/5.0 (Windows NT 10.0; Win64; x64; rv:108.0) Gecko/20100101 Firefox/108.0" "metrocrimedaily.com"
51.222.253.18 - - [13/Jan/2023:04:43:10 -0800] "GET /instagram-detroit/videos/ HTTP/1.1" 200 2677 "-" "Mozilla/5.0 (compatible; AhrefsBot/7.0; +http://ahrefs.com/robot/)" "metrocrimedaily.com"
69.63.184.120 - - [13/Jan/2023:05:00:33 -0800] "GET /instagram-stlouis/01-13-2023-0629372-A.jpg HTTP/1.1" 200 134023 "-" "facebookexternalhit/1.1 (+http://www.facebook.com/externalhit_uatext.php)" "www.metrocrimedaily.com"
69.63.184.119 - - [13/Jan/2023:05:01:00 -0800] "GET /instagram-stlouis/01-13-2023-0629373-A.jpg HTTP/1.1" 200 152805 "-" "facebookexternalhit/1.1 (+http://www.facebook.com/externalhit_uatext.php)" "www.metrocrimedaily.com"
69.63.184.116 - - [13/Jan/2023:05:02:42 -0800] "GET /instagram-memphis/01-13-2023-0702221-A.jpg HTTP/1.1" 200 147745 "-" "facebookexternalhit/1.1 (+http://www.facebook.com/externalhit_uatext.php)" "www.metrocrimedaily.com"
40.77.167.106 - - [13/Jan/2023:05:08:47 -0800] "GET /robots.txt HTTP/1.1" 404 88 "-" "Mozilla/5.0 AppleWebKit/537.36 (KHTML, like Gecko; compatible; bingbot/2.0; +http://www.bing.com/bingbot.htm) Chrome/103.0.5060.134 Safari/537.36" "metrocrimedaily.com"
207.46.13.53 - - [13/Jan/2023:05:08:57 -0800] "GET /styles-mcd.css HTTP/1.1" 200 1159 "-" "Mozilla/5.0 (compatible; bingbot/2.0; +http://www.bing.com/bingbot.htm)" "metrocrimedaily.com"
51.222.253.12 - - [13/Jan/2023:05:10:42 -0800] "GET / HTTP/1.1" 200 83224 "-" "Mozilla/5.0 (compatible; AhrefsBot/7.0; +http://ahrefs.com/robot/)" "metrocrimedaily.com"
66.249.66.39 - - [13/Jan/2023:05:15:45 -0800] "GET /robots.txt HTTP/1.1" 404 88 "-" "Mozilla/5.0 (compatible; Googlebot/2.1; +http://www.google.com/bot.html)" "metrocrimedaily.com"
69.63.184.1 - - [13/Jan/2023:05:19:36 -0800] "GET /instagram-houston/01-13-2023-0719161-A.jpg HTTP/1.1" 200 289839 "-" "facebookexternalhit/1.1 (+http://www.facebook.com/externalhit_uatext.php)" "www.metrocrimedaily.com"
69.63.184.2 - - [13/Jan/2023:05:20:26 -0800] "GET /instagram-detroit/01-13-2023-0720061-A.jpg HTTP/1.1" 200 181534 "-" "facebookexternalhit/1.1 (+http://www.facebook.com/externalhit_uatext.php)" "www.metrocrimedaily.com"
69.63.184.5 - - [13/Jan/2023:05:20:55 -0800] "GET /instagram-detroit/01-13-2023-0720062-A.jpg HTTP/1.1" 200 90897 "-" "facebookexternalhit/1.1 (+http://www.facebook.com/externalhit_uatext.php)" "www.metrocrimedaily.com"
66.249.66.222 - - [13/Jan/2023:05:21:03 -0800] "GET /ads.txt HTTP/1.1" 404 88 "-" "Mozilla/5.0 (compatible; Googlebot/2.1; +http://www.google.com/bot.html)" "metrocrimedaily.com"
64.227.161.192 - - [13/Jan/2023:05:21:14 -0800] "GET /wp-login.php HTTP/1.1" 404 88 "" "Mozilla/5.0 (Windows NT 10.0; Win64; x64; rv:108.0) Gecko/20100101 Firefox/108.0" "metrocrimedaily.com"
69.63.184.117 - - [13/Jan/2023:05:28:37 -0800] "GET /instagram-chicago/01-13-2023-0728131-A.jpg HTTP/1.1" 200 167895 "-" "facebookexternalhit/1.1 (+http://www.facebook.com/externalhit_uatext.php)" "www.metrocrimedaily.com"
66.249.66.39 - - [13/Jan/2023:05:28:53 -0800] "GET /robots.txt HTTP/1.1" 404 88 "-" "Mozilla/5.0 (compatible; Googlebot/2.1; +http://www.google.com/bot.html)" "www.metrocrimedaily.com"
69.63.184.117 - - [13/Jan/2023:05:33:56 -0800] "GET /instagram-stlouis/01-13-2023-0733351-A.jpg HTTP/1.1" 200 151626 "-" "facebookexternalhit/1.1 (+http://www.facebook.com/externalhit_uatext.php)" "www.metrocrimedaily.com"
5.101.157.14 - - [13/Jan/2023:05:44:40 -0800] "GET /wp-login.php HTTP/1.1" 404 88 "" "Mozilla/5.0 (Windows NT 10.0; Win64; x64; rv:108.0) Gecko/20100101 Firefox/108.0" "metrocrimedaily.com"
77.75.79.31 - - [13/Jan/2023:05:52:37 -0800] "GET /robots.txt HTTP/1.1" 404 88 "-" "Mozilla/5.0 (compatible; SeznamBot/4.0-RC1; +http://napoveda.seznam.cz/seznambot-intro/)" "metrocrimedaily.com"
77.75.79.119 - - [13/Jan/2023:05:52:37 -0800] "GET /index.html HTTP/1.1" 200 83615 "-" "Mozilla/5.0 (compatible; SeznamBot/4.0-RC1; +http://napoveda.seznam.cz/seznambot-intro/)" "metrocrimedaily.com"
138.246.253.24 - - [13/Jan/2023:05:58:20 -0800] "GET /robots.txt HTTP/1.1" 404 73 "-" "Mozilla/5.0 (Windows NT 10.0; Win64; x64) AppleWebKit/537.36 (KHTML, like Gecko) Chrome/103.0.5060.134 Safari/537.36" "metrocrimedaily.com"
69.63.184.1 - - [13/Jan/2023:05:59:13 -0800] "GET /instagram-chicago/01-13-2023-0728132-A.jpg HTTP/1.1" 200 144949 "-" "facebookexternalhit/1.1 (+http://www.facebook.com/externalhit_uatext.php)" "www.metrocrimedaily.com"
69.63.184.117 - - [13/Jan/2023:06:04:29 -0800] "GET /instagram-stlouis/01-13-2023-0733352-A.jpg HTTP/1.1" 200 174085 "-" "facebookexternalhit/1.1 (+http://www.facebook.com/externalhit_uatext.php)" "www.metrocrimedaily.com"
35.165.36.118 - - [13/Jan/2023:06:04:35 -0800] "GET / HTTP/1.1" 200 718264 "-" "Mozilla/5.0 (Windows NT 10.0; Win64; x64) AppleWebKit/537.36 (KHTML, like Gecko) Chrome/105.0.0.0 Safari/537.36" "www.metrocrimedaily.com"
69.63.184.3 - - [13/Jan/2023:06:04:56 -0800] "GET /instagram-stlouis/01-13-2023-0733353-A.jpg HTTP/1.1" 200 111715 "-" "facebookexternalhit/1.1 (+http://www.facebook.com/externalhit_uatext.php)" "www.metrocrimedaily.com"
69.63.184.3 - - [13/Jan/2023:06:05:01 -0800] "GET /instagram-newyork/01-13-2023-0804421-A.jpg HTTP/1.1" 200 105792 "-" "facebookexternalhit/1.1 (+http://www.facebook.com/externalhit_uatext.php)" "www.metrocrimedaily.com"
69.63.184.1 - - [13/Jan/2023:06:07:23 -0800] "GET /instagram-neworleans/01-13-2023-0807031-A.jpg HTTP/1.1" 200 263334 "-" "facebookexternalhit/1.1 (+http://www.facebook.com/externalhit_uatext.php)" "www.metrocrimedaily.com"
54.36.149.107 - - [13/Jan/2023:06:12:02 -0800] "GET /robots.txt HTTP/1.1" 404 88 "-" "Mozilla/5.0 (compatible; AhrefsBot/7.0; +http://ahrefs.com/robot/)" "metrocrimedaily.com"
51.222.253.19 - - [13/Jan/2023:06:12:04 -0800] "GET / HTTP/1.1" 200 83615 "-" "Mozilla/5.0 (compatible; AhrefsBot/7.0; +http://ahrefs.com/robot/)" "metrocrimedaily.com"
51.222.253.2 - - [13/Jan/2023:06:12:14 -0800] "GET /styles-mcd.css HTTP/1.1" 200 1159 "-" "Mozilla/5.0 (compatible; AhrefsBot/7.0; +http://ahrefs.com/robot/)" "metrocrimedaily.com"
51.222.253.8 - - [13/Jan/2023:06:12:15 -0800] "GET /images/twitter-logo-b-tiny.png HTTP/1.1" 200 1600 "-" "Mozilla/5.0 (compatible; AhrefsBot/7.0; +http://ahrefs.com/robot/)" "metrocrimedaily.com"
51.222.253.12 - - [13/Jan/2023:06:12:16 -0800] "GET /images/crimeinthed-logo.jpg HTTP/1.1" 200 14960 "-" "Mozilla/5.0 (compatible; AhrefsBot/7.0; +http://ahrefs.com/robot/)" "metrocrimedaily.com"
51.222.253.5 - - [13/Jan/2023:06:12:27 -0800] "GET / HTTP/1.1" 200 83615 "-" "Mozilla/5.0 (compatible; AhrefsBot/7.0; +http://ahrefs.com/robot/)" "metrocrimedaily.com"
51.222.253.11 - - [13/Jan/2023:06:12:28 -0800] "GET /images/youtube-logo-tiny.png HTTP/1.1" 200 689 "-" "Mozilla/5.0 (compatible; AhrefsBot/7.0; +http://ahrefs.com/robot/)" "metrocrimedaily.com"
69.63.184.118 - - [13/Jan/2023:06:15:05 -0800] "GET /instagram-losangeles/01-13-2023-0814162-A.jpg HTTP/1.1" 200 95677 "-" "facebookexternalhit/1.1 (+http://www.facebook.com/externalhit_uatext.php)" "www.metrocrimedaily.com"
69.63.184.5 - - [13/Jan/2023:06:16:57 -0800] "GET /instagram-detroit/01-13-2023-0816361-A.jpg HTTP/1.1" 200 81263 "-" "facebookexternalhit/1.1 (+http://www.facebook.com/externalhit_uatext.php)" "www.metrocrimedaily.com"
69.63.184.3 - - [13/Jan/2023:06:17:25 -0800] "GET /instagram-detroit/01-13-2023-0816362-A.jpg HTTP/1.1" 200 68021 "-" "facebookexternalhit/1.1 (+http://www.facebook.com/externalhit_uatext.php)" "www.metrocrimedaily.com"
114.119.145.142 - - [13/Jan/2023:06:23:39 -0800] "GET /robots.txt HTTP/1.1" 404 88 "-" "Mozilla/5.0 (compatible;PetalBot;+https://webmaster.petalsearch.com/site/petalbot)" "metrocrimedaily.com"
66.249.92.6 - - [13/Jan/2023:06:23:46 -0800] "GET /images/police-tape.jpg HTTP/1.1" 200 50766 "-" "Mozilla/5.0 (Macintosh; Intel Mac OS X 10_8_4) AppleWebKit/537.36 (KHTML, like Gecko) Chrome/28.0.1500.71 Safari/537.36" "metrocrimedaily.com"
66.249.92.149 - - [13/Jan/2023:06:23:47 -0800] "GET /images/police-tape.jpg HTTP/1.1" 200 50766 "-" "Mozilla/5.0 (Macintosh; Intel Mac OS X 10_8_4) AppleWebKit/537.36 (KHTML, like Gecko) Chrome/28.0.1500.71 Safari/537.36" "metrocrimedaily.com"
66.249.92.6 - - [13/Jan/2023:06:24:08 -0800] "GET /images/police-tape.jpg HTTP/1.1" 200 50766 "-" "Mozilla/5.0 (Macintosh; Intel Mac OS X 10_8_4) AppleWebKit/537.36 (KHTML, like Gecko) Chrome/28.0.1500.71 Safari/537.36" "metrocrimedaily.com"
66.249.92.8 - - [13/Jan/2023:06:24:10 -0800] "GET /images/police-tape.jpg HTTP/1.1" 200 50766 "-" "Mozilla/5.0 (Macintosh; Intel Mac OS X 10_8_4) AppleWebKit/537.36 (KHTML, like Gecko) Chrome/28.0.1500.71 Safari/537.36" "metrocrimedaily.com"
69.63.184.117 - - [13/Jan/2023:06:32:59 -0800] "GET /instagram-houston/01-13-2023-0832391-A.jpg HTTP/1.1" 200 90003 "-" "facebookexternalhit/1.1 (+http://www.facebook.com/externalhit_uatext.php)" "www.metrocrimedaily.com"
69.63.184.118 - - [13/Jan/2023:06:33:27 -0800] "GET /instagram-houston/01-13-2023-0832392-A.jpg HTTP/1.1" 200 245073 "-" "facebookexternalhit/1.1 (+http://www.facebook.com/externalhit_uatext.php)" "www.metrocrimedaily.com"
69.63.184.118 - - [13/Jan/2023:06:35:34 -0800] "GET /instagram-newyork/01-13-2023-0804422-A.jpg HTTP/1.1" 200 110356 "-" "facebookexternalhit/1.1 (+http://www.facebook.com/externalhit_uatext.php)" "www.metrocrimedaily.com"
114.119.157.217 - - [13/Jan/2023:06:37:37 -0800] "GET /robots.txt HTTP/1.1" 404 88 "-" "Mozilla/5.0 (compatible;PetalBot;+https://webmaster.petalsearch.com/site/petalbot)" "metrocrimedaily.com"
69.63.184.116 - - [13/Jan/2023:06:37:57 -0800] "GET /instagram-neworleans/01-13-2023-0807032-A.jpg HTTP/1.1" 200 305877 "-" "facebookexternalhit/1.1 (+http://www.facebook.com/externalhit_uatext.php)" "www.metrocrimedaily.com"
69.63.184.118 - - [13/Jan/2023:06:45:25 -0800] "GET /instagram-memphis/01-13-2023-0844451-A.jpg HTTP/1.1" 200 142800 "-" "facebookexternalhit/1.1 (+http://www.facebook.com/externalhit_uatext.php)" "www.metrocrimedaily.com"
69.63.184.118 - - [13/Jan/2023:06:50:43 -0800] "GET /instagram-stlouis/01-13-2023-0850221-A.jpg HTTP/1.1" 200 304247 "-" "facebookexternalhit/1.1 (+http://www.facebook.com/externalhit_uatext.php)" "www.metrocrimedaily.com"
51.222.253.6 - - [13/Jan/2023:06:52:33 -0800] "GET /www.deadlinedetroit.com HTTP/1.1" 404 88 "-" "Mozilla/5.0 (compatible; AhrefsBot/7.0; +http://ahrefs.com/robot/)" "metrocrimedaily.com"
66.249.66.222 - - [13/Jan/2023:06:58:12 -0800] "GET /robots.txt HTTP/1.1" 404 88 "-" "Mozilla/5.0 (compatible; Googlebot/2.1; +http://www.google.com/bot.html)" "metrocrimedaily.com"
69.63.184.5 - - [13/Jan/2023:07:06:14 -0800] "GET /instagram-newyork/01-13-2023-0804423-A.jpg HTTP/1.1" 200 104580 "-" "facebookexternalhit/1.1 (+http://www.facebook.com/externalhit_uatext.php)" "www.metrocrimedaily.com"
69.63.184.1 - - [13/Jan/2023:07:06:16 -0800] "GET /instagram-chicago/01-13-2023-0905551-A.jpg HTTP/1.1" 200 115848 "-" "facebookexternalhit/1.1 (+http://www.facebook.com/externalhit_uatext.php)" "www.metrocrimedaily.com"
69.63.184.1 - - [13/Jan/2023:07:09:43 -0800] "GET /instagram-atlanta/01-13-2023-0909231-A.jpg HTTP/1.1" 200 290197 "-" "facebookexternalhit/1.1 (+http://www.facebook.com/externalhit_uatext.php)" "www.metrocrimedaily.com"
69.63.184.2 - - [13/Jan/2023:07:13:37 -0800] "GET /instagram-detroit/01-13-2023-0913171-A.jpg HTTP/1.1" 200 82492 "-" "facebookexternalhit/1.1 (+http://www.facebook.com/externalhit_uatext.php)" "www.metrocrimedaily.com"
69.63.184.1 - - [13/Jan/2023:07:14:08 -0800] "GET /instagram-detroit/01-13-2023-0913172-A.jpg HTTP/1.1" 200 75712 "-" "facebookexternalhit/1.1 (+http://www.facebook.com/externalhit_uatext.php)" "www.metrocrimedaily.com"
69.63.184.118 - - [13/Jan/2023:07:20:06 -0800] "GET /instagram-houston/01-13-2023-0919461-A.jpg HTTP/1.1" 200 114321 "-" "facebookexternalhit/1.1 (+http://www.facebook.com/externalhit_uatext.php)" "www.metrocrimedaily.com"
69.63.184.4 - - [13/Jan/2023:07:20:33 -0800] "GET /instagram-houston/01-13-2023-0919462-A.jpg HTTP/1.1" 200 77042 "-" "facebookexternalhit/1.1 (+http://www.facebook.com/externalhit_uatext.php)" "www.metrocrimedaily.com"
69.63.184.120 - - [13/Jan/2023:07:21:15 -0800] "GET /instagram-stlouis/01-13-2023-0850222-A.jpg HTTP/1.1" 200 260460 "-" "facebookexternalhit/1.1 (+http://www.facebook.com/externalhit_uatext.php)" "www.metrocrimedaily.com"
69.63.184.120 - - [13/Jan/2023:07:22:45 -0800] "GET /instagram-dallas/01-13-2023-0922241-A.jpg HTTP/1.1" 200 149812 "-" "facebookexternalhit/1.1 (+http://www.facebook.com/externalhit_uatext.php)" "www.metrocrimedaily.com"
165.22.202.244 - - [13/Jan/2023:07:25:39 -0800] "GET /wp-login.php HTTP/1.1" 404 88 "" "Mozilla/5.0 (Windows NT 10.0; Win64; x64; rv:108.0) Gecko/20100101 Firefox/108.0" "metrocrimedaily.com"
69.63.184.117 - - [13/Jan/2023:07:36:50 -0800] "GET /instagram-chicago/01-13-2023-0905552-A.jpg HTTP/1.1" 200 78842 "-" "facebookexternalhit/1.1 (+http://www.facebook.com/externalhit_uatext.php)" "www.metrocrimedaily.com"
207.46.13.53 - - [13/Jan/2023:07:37:12 -0800] "GET /instagram-atlanta/12-22-2022-1800073-Jan.-6-witness-says-lawyer-tried-to-influence-tes.txt HTTP/1.1" 404 88 "-" "Mozilla/5.0 AppleWebKit/537.36 (KHTML, like Gecko; compatible; bingbot/2.0; +http://www.bing.com/bingbot.htm) Chrome/103.0.5060.134 Safari/537.36" "www.metrocrimedaily.com"
69.63.184.4 - - [13/Jan/2023:07:40:16 -0800] "GET /instagram-atlanta/01-13-2023-0909232-A.jpg HTTP/1.1" 200 73318 "-" "facebookexternalhit/1.1 (+http://www.facebook.com/externalhit_uatext.php)" "www.metrocrimedaily.com"
69.63.184.119 - - [13/Jan/2023:07:46:50 -0800] "GET /instagram-memphis/01-13-2023-0946301-A.jpg HTTP/1.1" 200 277209 "-" "facebookexternalhit/1.1 (+http://www.facebook.com/externalhit_uatext.php)" "www.metrocrimedaily.com"
207.46.13.46 - - [13/Jan/2023:07:49:00 -0800] "GET /instagram-atlanta/12-20-2022-1835541-Missing-Georgia-woman-car-last-seen-in-Atlanta--p.txt HTTP/1.1" 404 88 "-" "Mozilla/5.0 (compatible; bingbot/2.0; +http://www.bing.com/bingbot.htm)" "www.metrocrimedaily.com"
69.63.184.119 - - [13/Jan/2023:07:51:50 -0800] "GET /instagram-stlouis/01-13-2023-0850223-A.jpg HTTP/1.1" 200 109017 "-" "facebookexternalhit/1.1 (+http://www.facebook.com/externalhit_uatext.php)" "www.metrocrimedaily.com"
51.222.253.14 - - [13/Jan/2023:07:52:09 -0800] "GET /instagram-detroit/videos/?C=N;O=D HTTP/1.1" 200 2691 "-" "Mozilla/5.0 (compatible; AhrefsBot/7.0; +http://ahrefs.com/robot/)" "metrocrimedaily.com"
69.63.184.119 - - [13/Jan/2023:07:52:17 -0800] "GET /instagram-stlouis/01-13-2023-0850224-A.jpg HTTP/1.1" 200 171848 "-" "facebookexternalhit/1.1 (+http://www.facebook.com/externalhit_uatext.php)" "www.metrocrimedaily.com"
69.63.184.5 - - [13/Jan/2023:07:52:46 -0800] "GET /instagram-stlouis/01-13-2023-0850225-A.jpg HTTP/1.1" 200 157464 "-" "facebookexternalhit/1.1 (+http://www.facebook.com/externalhit_uatext.php)" "www.metrocrimedaily.com"
69.63.184.5 - - [13/Jan/2023:07:53:13 -0800] "GET /instagram-stlouis/01-13-2023-0850226-A.jpg HTTP/1.1" 200 316961 "-" "facebookexternalhit/1.1 (+http://www.facebook.com/externalhit_uatext.php)" "www.metrocrimedaily.com"
69.63.184.116 - - [13/Jan/2023:07:53:43 -0800] "GET /instagram-stlouis/01-13-2023-0850227-A.jpg HTTP/1.1" 200 145029 "-" "facebookexternalhit/1.1 (+http://www.facebook.com/externalhit_uatext.php)" "www.metrocrimedaily.com"
69.63.184.5 - - [13/Jan/2023:07:54:32 -0800] "GET /instagram-losangeles/01-13-2023-0954121-A.jpg HTTP/1.1" 200 195027 "-" "facebookexternalhit/1.1 (+http://www.facebook.com/externalhit_uatext.php)" "www.metrocrimedaily.com"
69.63.184.4 - - [13/Jan/2023:08:07:23 -0800] "GET /instagram-chicago/01-13-2023-0905553-A.jpg HTTP/1.1" 200 130508 "-" "facebookexternalhit/1.1 (+http://www.facebook.com/externalhit_uatext.php)" "www.metrocrimedaily.com"
69.63.184.1 - - [13/Jan/2023:08:10:31 -0800] "GET /instagram-newyork/01-13-2023-1010101-A.jpg HTTP/1.1" 200 82431 "-" "facebookexternalhit/1.1 (+http://www.facebook.com/externalhit_uatext.php)" "www.metrocrimedaily.com"
69.63.184.117 - - [13/Jan/2023:08:11:30 -0800] "GET /instagram-detroit/01-13-2023-1011121-A.jpg HTTP/1.1" 404 88 "-" "facebookexternalhit/1.1 (+http://www.facebook.com/externalhit_uatext.php)" "www.metrocrimedaily.com"
69.63.184.1 - - [13/Jan/2023:08:11:51 -0800] "GET /instagram-detroit/01-13-2023-1011122-A.jpg HTTP/1.1" 200 228083 "-" "facebookexternalhit/1.1 (+http://www.facebook.com/externalhit_uatext.php)" "www.metrocrimedaily.com"
69.63.184.120 - - [13/Jan/2023:08:37:27 -0800] "GET /instagram-stlouis/01-13-2023-1037061-A.jpg HTTP/1.1" 200 212584 "-" "facebookexternalhit/1.1 (+http://www.facebook.com/externalhit_uatext.php)" "www.metrocrimedaily.com"
157.90.209.78 - - [13/Jan/2023:08:39:08 -0800] "GET /robots.txt HTTP/1.1" 404 88 "-" "Mozilla/5.0 (compatible; BLEXBot/1.0; +http://webmeup-crawler.com/)" "metrocrimedaily.com"
157.90.209.78 - - [13/Jan/2023:08:39:09 -0800] "GET /sitemap HTTP/1.1" 404 88 "-" "Mozilla/5.0 (compatible; BLEXBot/1.0; +http://webmeup-crawler.com/)" "metrocrimedaily.com"
157.90.209.78 - - [13/Jan/2023:08:39:16 -0800] "GET /sitemap.txt HTTP/1.1" 404 88 "-" "Mozilla/5.0 (compatible; BLEXBot/1.0; +http://webmeup-crawler.com/)" "metrocrimedaily.com"
107.122.241.8 - - [13/Jan/2023:08:40:21 -0800] "GET / HTTP/1.1" 200 84990 "-" "Mozilla/5.0 (Linux; Android 13; SM-G996U) AppleWebKit/537.36 (KHTML, like Gecko) Chrome/108.0.0.0 Mobile Safari/537.36" "www.metrocrimedaily.com"
107.122.241.8 - - [13/Jan/2023:08:40:21 -0800] "GET /styles-mcd.css HTTP/1.1" 200 1159 "-" "Mozilla/5.0 (Linux; Android 13; SM-G996U) AppleWebKit/537.36 (KHTML, like Gecko) Chrome/108.0.0.0 Mobile Safari/537.36" "www.metrocrimedaily.com"
107.122.241.8 - - [13/Jan/2023:08:40:21 -0800] "GET /images/crimeinthed-logo.jpg HTTP/1.1" 200 14960 "http://www.metrocrimedaily.com/" "Mozilla/5.0 (Linux; Android 13; SM-G996U) AppleWebKit/537.36 (KHTML, like Gecko) Chrome/108.0.0.0 Mobile Safari/537.36" "www.metrocrimedaily.com"
107.122.241.8 - - [13/Jan/2023:08:40:21 -0800] "GET /images/police-tape.jpg HTTP/1.1" 200 50766 "http://www.metrocrimedaily.com/" "Mozilla/5.0 (Linux; Android 13; SM-G996U) AppleWebKit/537.36 (KHTML, like Gecko) Chrome/108.0.0.0 Mobile Safari/537.36" "metrocrimedaily.com"
107.122.241.8 - - [13/Jan/2023:08:40:22 -0800] "GET /images/youtube-logo-tiny.png HTTP/1.1" 200 689 "http://www.metrocrimedaily.com/" "Mozilla/5.0 (Linux; Android 13; SM-G996U) AppleWebKit/537.36 (KHTML, like Gecko) Chrome/108.0.0.0 Mobile Safari/537.36" "www.metrocrimedaily.com"
107.122.241.8 - - [13/Jan/2023:08:40:22 -0800] "GET /images/facebook-logo-tiny.png HTTP/1.1" 200 1280 "http://www.metrocrimedaily.com/" "Mozilla/5.0 (Linux; Android 13; SM-G996U) AppleWebKit/537.36 (KHTML, like Gecko) Chrome/108.0.0.0 Mobile Safari/537.36" "www.metrocrimedaily.com"
107.122.241.8 - - [13/Jan/2023:08:40:24 -0800] "GET /images/twitter-logo-b-tiny.png HTTP/1.1" 200 1600 "http://www.metrocrimedaily.com/" "Mozilla/5.0 (Linux; Android 13; SM-G996U) AppleWebKit/537.36 (KHTML, like Gecko) Chrome/108.0.0.0 Mobile Safari/537.36" "www.metrocrimedaily.com"
107.122.241.8 - - [13/Jan/2023:08:40:31 -0800] "GET /favicon.ico HTTP/1.1" 404 88 "http://www.metrocrimedaily.com/" "Mozilla/5.0 (Linux; Android 13; SM-G996U) AppleWebKit/537.36 (KHTML, like Gecko) Chrome/108.0.0.0 Mobile Safari/537.36" "www.metrocrimedaily.com"
69.63.184.118 - - [13/Jan/2023:08:41:35 -0800] "GET /instagram-houston/01-13-2023-1041151-A.jpg HTTP/1.1" 200 150951 "-" "facebookexternalhit/1.1 (+http://www.facebook.com/externalhit_uatext.php)" "www.metrocrimedaily.com"
198.208.46.74 - - [13/Jan/2023:08:41:43 -0800] "GET / HTTP/1.1" 200 84990 "https://www.google.com/" "Mozilla/5.0 (Windows NT 10.0; Win64; x64) AppleWebKit/537.36 (KHTML, like Gecko) Chrome/108.0.0.0 Safari/537.36 Edg/108.0.1462.54" "www.metrocrimedaily.com"
198.208.46.74 - - [13/Jan/2023:08:41:43 -0800] "GET /styles-mcd.css HTTP/1.1" 200 1159 "http://www.metrocrimedaily.com/" "Mozilla/5.0 (Windows NT 10.0; Win64; x64) AppleWebKit/537.36 (KHTML, like Gecko) Chrome/108.0.0.0 Safari/537.36 Edg/108.0.1462.54" "www.metrocrimedaily.com"
198.208.46.74 - - [13/Jan/2023:08:41:43 -0800] "GET /images/crimeinthed-logo.jpg HTTP/1.1" 200 14960 "http://www.metrocrimedaily.com/" "Mozilla/5.0 (Windows NT 10.0; Win64; x64) AppleWebKit/537.36 (KHTML, like Gecko) Chrome/108.0.0.0 Safari/537.36 Edg/108.0.1462.54" "www.metrocrimedaily.com"
198.208.46.74 - - [13/Jan/2023:08:41:43 -0800] "GET /images/police-tape.jpg HTTP/1.1" 200 50766 "http://www.metrocrimedaily.com/" "Mozilla/5.0 (Windows NT 10.0; Win64; x64) AppleWebKit/537.36 (KHTML, like Gecko) Chrome/108.0.0.0 Safari/537.36 Edg/108.0.1462.54" "metrocrimedaily.com"
198.208.46.74 - - [13/Jan/2023:08:41:44 -0800] "GET /images/youtube-logo-tiny.png HTTP/1.1" 200 689 "http://www.metrocrimedaily.com/" "Mozilla/5.0 (Windows NT 10.0; Win64; x64) AppleWebKit/537.36 (KHTML, like Gecko) Chrome/108.0.0.0 Safari/537.36 Edg/108.0.1462.54" "www.metrocrimedaily.com"
198.208.46.74 - - [13/Jan/2023:08:41:44 -0800] "GET /images/twitter-logo-b-tiny.png HTTP/1.1" 200 1600 "http://www.metrocrimedaily.com/" "Mozilla/5.0 (Windows NT 10.0; Win64; x64) AppleWebKit/537.36 (KHTML, like Gecko) Chrome/108.0.0.0 Safari/537.36 Edg/108.0.1462.54" "www.metrocrimedaily.com"
198.208.46.74 - - [13/Jan/2023:08:41:44 -0800] "GET /images/facebook-logo-tiny.png HTTP/1.1" 200 1280 "http://www.metrocrimedaily.com/" "Mozilla/5.0 (Windows NT 10.0; Win64; x64) AppleWebKit/537.36 (KHTML, like Gecko) Chrome/108.0.0.0 Safari/537.36 Edg/108.0.1462.54" "www.metrocrimedaily.com"
198.208.46.74 - - [13/Jan/2023:08:42:02 -0800] "GET /index.html HTTP/1.1" 200 84990 "http://www.metrocrimedaily.com/" "Mozilla/5.0 (Windows NT 10.0; Win64; x64) AppleWebKit/537.36 (KHTML, like Gecko) Chrome/108.0.0.0 Safari/537.36 Edg/108.0.1462.54" "www.metrocrimedaily.com"
12.228.224.226 - - [13/Jan/2023:08:47:31 -0800] "GET / HTTP/1.1" 200 84990 "-" "Mozilla/5.0 (Windows NT 10.0; Win64; x64) AppleWebKit/537.36 (KHTML, like Gecko) Chrome/108.0.0.0 Safari/537.36" "www.metrocrimedaily.com"
12.228.224.226 - - [13/Jan/2023:08:47:31 -0800] "GET /styles-mcd.css HTTP/1.1" 200 1159 "http://www.metrocrimedaily.com/" "Mozilla/5.0 (Windows NT 10.0; Win64; x64) AppleWebKit/537.36 (KHTML, like Gecko) Chrome/108.0.0.0 Safari/537.36" "www.metrocrimedaily.com"
12.228.224.226 - - [13/Jan/2023:08:47:31 -0800] "GET /images/crimeinthed-logo.jpg HTTP/1.1" 200 14960 "http://www.metrocrimedaily.com/" "Mozilla/5.0 (Windows NT 10.0; Win64; x64) AppleWebKit/537.36 (KHTML, like Gecko) Chrome/108.0.0.0 Safari/537.36" "www.metrocrimedaily.com"
12.228.224.226 - - [13/Jan/2023:08:47:31 -0800] "GET /images/police-tape.jpg HTTP/1.1" 200 50766 "http://www.metrocrimedaily.com/" "Mozilla/5.0 (Windows NT 10.0; Win64; x64) AppleWebKit/537.36 (KHTML, like Gecko) Chrome/108.0.0.0 Safari/537.36" "metrocrimedaily.com"
12.228.224.226 - - [13/Jan/2023:08:47:33 -0800] "GET /images/facebook-logo-tiny.png HTTP/1.1" 200 1280 "http://www.metrocrimedaily.com/" "Mozilla/5.0 (Windows NT 10.0; Win64; x64) AppleWebKit/537.36 (KHTML, like Gecko) Chrome/108.0.0.0 Safari/537.36" "www.metrocrimedaily.com"
12.228.224.226 - - [13/Jan/2023:08:47:33 -0800] "GET /images/youtube-logo-tiny.png HTTP/1.1" 200 689 "http://www.metrocrimedaily.com/" "Mozilla/5.0 (Windows NT 10.0; Win64; x64) AppleWebKit/537.36 (KHTML, like Gecko) Chrome/108.0.0.0 Safari/537.36" "www.metrocrimedaily.com"
12.228.224.226 - - [13/Jan/2023:08:47:33 -0800] "GET /images/twitter-logo-b-tiny.png HTTP/1.1" 200 1600 "http://www.metrocrimedaily.com/" "Mozilla/5.0 (Windows NT 10.0; Win64; x64) AppleWebKit/537.36 (KHTML, like Gecko) Chrome/108.0.0.0 Safari/537.36" "www.metrocrimedaily.com"
12.228.224.226 - - [13/Jan/2023:08:47:45 -0800] "GET /favicon.ico HTTP/1.1" 404 88 "http://www.metrocrimedaily.com/" "Mozilla/5.0 (Windows NT 10.0; Win64; x64) AppleWebKit/537.36 (KHTML, like Gecko) Chrome/108.0.0.0 Safari/537.36" "www.metrocrimedaily.com"
69.63.184.119 - - [13/Jan/2023:08:48:00 -0800] "GET /instagram-memphis/01-13-2023-1047411-A.jpg HTTP/1.1" 200 87772 "-" "facebookexternalhit/1.1 (+http://www.facebook.com/externalhit_uatext.php)" "www.metrocrimedaily.com"
69.63.184.3 - - [13/Jan/2023:08:52:15 -0800] "GET /instagram-atlanta/01-13-2023-1051531-A.jpg HTTP/1.1" 200 113276 "-" "facebookexternalhit/1.1 (+http://www.facebook.com/externalhit_uatext.php)" "www.metrocrimedaily.com"
69.63.184.119 - - [13/Jan/2023:09:04:54 -0800] "GET /instagram-losangeles/01-13-2023-1104341-A.jpg HTTP/1.1" 200 273091 "-" "facebookexternalhit/1.1 (+http://www.facebook.com/externalhit_uatext.php)" "www.metrocrimedaily.com"
69.63.184.3 - - [13/Jan/2023:09:07:58 -0800] "GET /instagram-stlouis/01-13-2023-1037062-A.jpg HTTP/1.1" 200 166674 "-" "facebookexternalhit/1.1 (+http://www.facebook.com/externalhit_uatext.php)" "www.metrocrimedaily.com"
69.63.184.116 - - [13/Jan/2023:09:12:08 -0800] "GET /instagram-houston/01-13-2023-1041152-A.jpg HTTP/1.1" 200 119119 "-" "facebookexternalhit/1.1 (+http://www.facebook.com/externalhit_uatext.php)" "www.metrocrimedaily.com"
69.63.184.116 - - [13/Jan/2023:09:13:11 -0800] "GET /instagram-dallas/01-13-2023-1112501-A.jpg HTTP/1.1" 200 166835 "-" "facebookexternalhit/1.1 (+http://www.facebook.com/externalhit_uatext.php)" "www.metrocrimedaily.com"
69.63.184.5 - - [13/Jan/2023:09:13:32 -0800] "GET /instagram-detroit/01-13-2023-1113021-A.jpg HTTP/1.1" 200 71430 "-" "facebookexternalhit/1.1 (+http://www.facebook.com/externalhit_uatext.php)" "www.metrocrimedaily.com"
69.63.184.2 - - [13/Jan/2023:09:13:59 -0800] "GET /instagram-detroit/01-13-2023-1113022-A.jpg HTTP/1.1" 200 148239 "-" "facebookexternalhit/1.1 (+http://www.facebook.com/externalhit_uatext.php)" "www.metrocrimedaily.com"
69.63.184.120 - - [13/Jan/2023:09:14:00 -0800] "GET /instagram-newyork/01-13-2023-1113411-A.jpg HTTP/1.1" 200 94229 "-" "facebookexternalhit/1.1 (+http://www.facebook.com/externalhit_uatext.php)" "www.metrocrimedaily.com"
69.63.184.5 - - [13/Jan/2023:09:14:25 -0800] "GET /instagram-detroit/01-13-2023-1113023-A.jpg HTTP/1.1" 200 74465 "-" "facebookexternalhit/1.1 (+http://www.facebook.com/externalhit_uatext.php)" "www.metrocrimedaily.com"
69.63.184.116 - - [13/Jan/2023:09:14:54 -0800] "GET /instagram-detroit/01-13-2023-1113024-A.jpg HTTP/1.1" 200 75596 "-" "facebookexternalhit/1.1 (+http://www.facebook.com/externalhit_uatext.php)" "www.metrocrimedaily.com"
162.17.134.142 - - [13/Jan/2023:09:15:22 -0800] "GET /styles-mcd.css HTTP/1.1" 200 1159 "-" "Mozilla/5.0 (Linux; Android 11; moto g pure) AppleWebKit/537.36 (KHTML, like Gecko) Chrome/108.0.0.0 Mobile Safari/537.36" "www.metrocrimedaily.com"
162.17.134.142 - - [13/Jan/2023:09:15:22 -0800] "GET / HTTP/1.1" 200 85745 "-" "Mozilla/5.0 (Linux; Android 11; moto g pure) AppleWebKit/537.36 (KHTML, like Gecko) Chrome/108.0.0.0 Mobile Safari/537.36" "www.metrocrimedaily.com"
162.17.134.142 - - [13/Jan/2023:09:15:23 -0800] "GET /images/crimeinthed-logo.jpg HTTP/1.1" 200 14960 "http://www.metrocrimedaily.com/" "Mozilla/5.0 (Linux; Android 11; moto g pure) AppleWebKit/537.36 (KHTML, like Gecko) Chrome/108.0.0.0 Mobile Safari/537.36" "www.metrocrimedaily.com"
162.17.134.142 - - [13/Jan/2023:09:15:24 -0800] "GET /images/police-tape.jpg HTTP/1.1" 200 50766 "http://www.metrocrimedaily.com/" "Mozilla/5.0 (Linux; Android 11; moto g pure) AppleWebKit/537.36 (KHTML, like Gecko) Chrome/108.0.0.0 Mobile Safari/537.36" "metrocrimedaily.com"
162.17.134.142 - - [13/Jan/2023:09:15:25 -0800] "GET /images/facebook-logo-tiny.png HTTP/1.1" 200 1280 "http://www.metrocrimedaily.com/" "Mozilla/5.0 (Linux; Android 11; moto g pure) AppleWebKit/537.36 (KHTML, like Gecko) Chrome/108.0.0.0 Mobile Safari/537.36" "www.metrocrimedaily.com"
162.17.134.142 - - [13/Jan/2023:09:15:25 -0800] "GET /images/youtube-logo-tiny.png HTTP/1.1" 200 689 "http://www.metrocrimedaily.com/" "Mozilla/5.0 (Linux; Android 11; moto g pure) AppleWebKit/537.36 (KHTML, like Gecko) Chrome/108.0.0.0 Mobile Safari/537.36" "www.metrocrimedaily.com"
162.17.134.142 - - [13/Jan/2023:09:15:25 -0800] "GET /images/twitter-logo-b-tiny.png HTTP/1.1" 200 1600 "http://www.metrocrimedaily.com/" "Mozilla/5.0 (Linux; Android 11; moto g pure) AppleWebKit/537.36 (KHTML, like Gecko) Chrome/108.0.0.0 Mobile Safari/537.36" "www.metrocrimedaily.com"
162.17.134.142 - - [13/Jan/2023:09:15:44 -0800] "GET /favicon.ico HTTP/1.1" 404 88 "http://www.metrocrimedaily.com/" "Mozilla/5.0 (Linux; Android 11; moto g pure) AppleWebKit/537.36 (KHTML, like Gecko) Chrome/108.0.0.0 Mobile Safari/537.36" "www.metrocrimedaily.com"
162.17.134.142 - - [13/Jan/2023:09:16:47 -0800] "GET /index.html HTTP/1.1" 200 85745 "http://www.metrocrimedaily.com/" "Mozilla/5.0 (Linux; Android 11; moto g pure) AppleWebKit/537.36 (KHTML, like Gecko) Chrome/108.0.0.0 Mobile Safari/537.36" "www.metrocrimedaily.com"
69.63.184.4 - - [13/Jan/2023:09:17:40 -0800] "GET /instagram-chicago/01-13-2023-1116571-A.jpg HTTP/1.1" 200 160341 "-" "facebookexternalhit/1.1 (+http://www.facebook.com/externalhit_uatext.php)" "www.metrocrimedaily.com"
69.63.184.4 - - [13/Jan/2023:09:18:30 -0800] "GET /instagram-memphis/01-13-2023-1047412-A.jpg HTTP/1.1" 200 109831 "-" "facebookexternalhit/1.1 (+http://www.facebook.com/externalhit_uatext.php)" "www.metrocrimedaily.com"
69.63.184.119 - - [13/Jan/2023:09:22:48 -0800] "GET /instagram-atlanta/01-13-2023-1051532-A.jpg HTTP/1.1" 200 97821 "-" "facebookexternalhit/1.1 (+http://www.facebook.com/externalhit_uatext.php)" "www.metrocrimedaily.com"
69.63.184.117 - - [13/Jan/2023:09:23:09 -0800] "GET /instagram-neworleans/01-13-2023-1122501-A.jpg HTTP/1.1" 200 158936 "-" "facebookexternalhit/1.1 (+http://www.facebook.com/externalhit_uatext.php)" "www.metrocrimedaily.com"
89.117.20.171 - - [13/Jan/2023:09:23:22 -0800] "HEAD /wordpress HTTP/1.1" 404 - "-" "Mozilla/5.0 (Windows NT 10.0; Win64; x64) AppleWebKit/537.36 (KHTML, like Gecko) Chrome/74.0.3729.169 Safari/537.36" "metrocrimedaily.com"
89.117.20.171 - - [13/Jan/2023:09:23:22 -0800] "HEAD / HTTP/1.1" 200 - "-" "Mozilla/5.0 (Windows NT 10.0; Win64; x64) AppleWebKit/537.36 (KHTML, like Gecko) Chrome/74.0.3729.169 Safari/537.36" "metrocrimedaily.com"
89.117.20.171 - - [13/Jan/2023:09:23:23 -0800] "HEAD /wp HTTP/1.1" 404 - "-" "Mozilla/5.0 (Windows NT 10.0; Win64; x64) AppleWebKit/537.36 (KHTML, like Gecko) Chrome/74.0.3729.169 Safari/537.36" "metrocrimedaily.com"
89.117.20.171 - - [13/Jan/2023:09:23:23 -0800] "HEAD /bc HTTP/1.1" 404 - "-" "Mozilla/5.0 (Windows NT 10.0; Win64; x64) AppleWebKit/537.36 (KHTML, like Gecko) Chrome/74.0.3729.169 Safari/537.36" "metrocrimedaily.com"
89.117.20.171 - - [13/Jan/2023:09:23:23 -0800] "HEAD /bk HTTP/1.1" 404 - "-" "Mozilla/5.0 (Windows NT 10.0; Win64; x64) AppleWebKit/537.36 (KHTML, like Gecko) Chrome/74.0.3729.169 Safari/537.36" "metrocrimedaily.com"
89.117.20.171 - - [13/Jan/2023:09:23:23 -0800] "HEAD /backup HTTP/1.1" 404 - "-" "Mozilla/5.0 (Windows NT 10.0; Win64; x64) AppleWebKit/537.36 (KHTML, like Gecko) Chrome/74.0.3729.169 Safari/537.36" "metrocrimedaily.com"
89.117.20.171 - - [13/Jan/2023:09:23:23 -0800] "HEAD /old HTTP/1.1" 404 - "-" "Mozilla/5.0 (Windows NT 10.0; Win64; x64) AppleWebKit/537.36 (KHTML, like Gecko) Chrome/74.0.3729.169 Safari/537.36" "metrocrimedaily.com"
