69.63.184.116 - - [06/Jan/2023:16:07:03 -0800] "GET /instagram-neworleans/01-06-2023-1720034-A.jpg HTTP/1.1" 200 151035 "-" "facebookexternalhit/1.1 (+http://www.facebook.com/externalhit_uatext.php)" "www.metrocrimedaily.com"
69.63.184.120 - - [06/Jan/2023:16:11:30 -0800] "GET /instagram-miami/01-06-2023-1755392-A.jpg HTTP/1.1" 200 236410 "-" "facebookexternalhit/1.1 (+http://www.facebook.com/externalhit_uatext.php)" "www.metrocrimedaily.com"
69.63.184.3 - - [06/Jan/2023:16:15:30 -0800] "GET /instagram-atlanta/01-06-2023-1728334-A.jpg HTTP/1.1" 200 132200 "-" "facebookexternalhit/1.1 (+http://www.facebook.com/externalhit_uatext.php)" "www.metrocrimedaily.com"
69.63.184.116 - - [06/Jan/2023:16:15:58 -0800] "GET /instagram-atlanta/01-06-2023-1728335-A.jpg HTTP/1.1" 200 101283 "-" "facebookexternalhit/1.1 (+http://www.facebook.com/externalhit_uatext.php)" "www.metrocrimedaily.com"
69.63.184.1 - - [06/Jan/2023:16:16:08 -0800] "GET /instagram-newyork/01-06-2023-1800162-A.jpg HTTP/1.1" 200 130040 "-" "facebookexternalhit/1.1 (+http://www.facebook.com/externalhit_uatext.php)" "www.metrocrimedaily.com"
69.63.184.3 - - [06/Jan/2023:16:16:27 -0800] "GET /instagram-atlanta/01-06-2023-1728336-A.jpg HTTP/1.1" 200 190457 "-" "facebookexternalhit/1.1 (+http://www.facebook.com/externalhit_uatext.php)" "www.metrocrimedaily.com"
69.63.184.116 - - [06/Jan/2023:16:16:56 -0800] "GET /instagram-atlanta/01-06-2023-1728337-A.jpg HTTP/1.1" 200 128170 "-" "facebookexternalhit/1.1 (+http://www.facebook.com/externalhit_uatext.php)" "www.metrocrimedaily.com"
69.63.184.5 - - [06/Jan/2023:16:20:22 -0800] "GET /instagram-stlouis/01-06-2023-1804292-A.jpg HTTP/1.1" 200 106255 "-" "facebookexternalhit/1.1 (+http://www.facebook.com/externalhit_uatext.php)" "www.metrocrimedaily.com"
76.184.252.42 - - [06/Jan/2023:16:22:39 -0800] "GET /images/police-tape.jpg HTTP/1.1" 200 50766 "-" "Wget/1.20.3 (mingw32)" "metrocrimedaily.com"
51.222.253.7 - - [06/Jan/2023:16:23:21 -0800] "GET /instagram-dallas/post-later/?C=D;O=A HTTP/1.1" 200 2566 "-" "Mozilla/5.0 (compatible; AhrefsBot/7.0; +http://ahrefs.com/robot/)" "www.metrocrimedaily.com"
69.63.184.4 - - [06/Jan/2023:16:23:30 -0800] "GET /instagram-detroit/01-06-2023-1822281-A.jpg HTTP/1.1" 200 53247 "-" "facebookexternalhit/1.1 (+http://www.facebook.com/externalhit_uatext.php)" "www.metrocrimedaily.com"
69.63.184.2 - - [06/Jan/2023:16:24:38 -0800] "GET /instagram-dallas/01-06-2023-1824171-A.jpg HTTP/1.1" 200 106731 "-" "facebookexternalhit/1.1 (+http://www.facebook.com/externalhit_uatext.php)" "www.metrocrimedaily.com"
20.114.73.39 - - [06/Jan/2023:16:34:14 -0800] "POST /wp-plain.php HTTP/1.1" 404 73 "www.google.com" "Mozilla/5.0 (Linux; Android 7.0; SM-G892A Bulid/NRD90M; wv) AppleWebKit/537.36 (KHTML, like Gecko) Version/4.0 Chrome/60.0.3112.107 Moblie Safari/537.36" "metrocrimedaily.com"
20.114.73.39 - - [06/Jan/2023:16:34:14 -0800] "POST /ALFA_DATA/alfacgiapi/perl.alfa HTTP/1.1" 404 73 "www.google.com" "Mozlila/5.0 (Linux; Android 7.0; SM-G892A Bulid/NRD90M; wv) AppleWebKit/537.36 (KHTML, like Gecko) Version/4.0 Chrome/60.0.3112.107 Moblie Safari/537.36" "metrocrimedaily.com"
20.114.73.39 - - [06/Jan/2023:16:34:14 -0800] "GET / HTTP/1.1" 200 367589 "-" "Mozlila/5.0 (Linux; Android 7.0; SM-G892A Bulid/NRD90M; wv) AppleWebKit/537.36 (KHTML, like Gecko) Version/4.0 Chrome/60.0.3112.107 Moblie Safari/537.36" "metrocrimedaily.com"
20.114.73.39 - - [06/Jan/2023:16:34:14 -0800] "POST /alfacgiapi/perl.alfa HTTP/1.1" 404 73 "www.google.com" "Mozlila/5.0 (Linux; Android 7.0; SM-G892A Bulid/NRD90M; wv) AppleWebKit/537.36 (KHTML, like Gecko) Version/4.0 Chrome/60.0.3112.107 Moblie Safari/537.36" "metrocrimedaily.com"
20.114.73.39 - - [06/Jan/2023:16:34:14 -0800] "GET /afvjhmfa.php?Fox=d3wL7 HTTP/1.1" 404 73 "www.google.com" "Mozilla/5.0 (Linux; Android 7.0; SM-G892A Bulid/NRD90M; wv) AppleWebKit/537.36 (KHTML, like Gecko) Version/4.0 Chrome/60.0.3112.107 Moblie Safari/537.36" "metrocrimedaily.com"
20.114.73.39 - - [06/Jan/2023:16:34:14 -0800] "POST /wp-plain.php HTTP/1.1" 404 73 "www.google.com" "Mozilla/5.0 (Linux; Android 7.0; SM-G892A Bulid/NRD90M; wv) AppleWebKit/537.36 (KHTML, like Gecko) Version/4.0 Chrome/60.0.3112.107 Moblie Safari/537.36" "metrocrimedaily.com"
20.114.73.39 - - [06/Jan/2023:16:34:14 -0800] "GET /pgtevjne.php?Fox=d3wL7 HTTP/1.1" 404 73 "www.google.com" "Mozilla/5.0 (Linux; Android 7.0; SM-G892A Bulid/NRD90M; wv) AppleWebKit/537.36 (KHTML, like Gecko) Version/4.0 Chrome/60.0.3112.107 Moblie Safari/537.36" "metrocrimedaily.com"
20.114.73.39 - - [06/Jan/2023:16:34:15 -0800] "GET /wp-content/plugins/apikey/apikey.php?test=hello HTTP/1.1" 404 73 "-" "Mozlila/5.0 (Linux; Android 7.0; SM-G892A Bulid/NRD90M; wv) AppleWebKit/537.36 (KHTML, like Gecko) Version/4.0 Chrome/60.0.3112.107 Moblie Safari/537.36" "metrocrimedaily.com"
20.114.73.39 - - [06/Jan/2023:16:34:15 -0800] "GET /plugins/content/apismtp/apismtp.php?test=hello HTTP/1.1" 404 73 "-" "Mozlila/5.0 (Linux; Android 7.0; SM-G892A Bulid/NRD90M; wv) AppleWebKit/537.36 (KHTML, like Gecko) Version/4.0 Chrome/60.0.3112.107 Moblie Safari/537.36" "metrocrimedaily.com"
20.114.73.39 - - [06/Jan/2023:16:34:15 -0800] "GET /wp-content/plugins/apikey/apikey.php.suspected?test=hello HTTP/1.1" 404 73 "-" "Mozlila/5.0 (Linux; Android 7.0; SM-G892A Bulid/NRD90M; wv) AppleWebKit/537.36 (KHTML, like Gecko) Version/4.0 Chrome/60.0.3112.107 Moblie Safari/537.36" "metrocrimedaily.com"
20.114.73.39 - - [06/Jan/2023:16:34:15 -0800] "GET /plugins/content/apismtp/apismtp.php.suspected?test=hello HTTP/1.1" 404 73 "-" "Mozlila/5.0 (Linux; Android 7.0; SM-G892A Bulid/NRD90M; wv) AppleWebKit/537.36 (KHTML, like Gecko) Version/4.0 Chrome/60.0.3112.107 Moblie Safari/537.36" "metrocrimedaily.com"
69.63.184.120 - - [06/Jan/2023:16:38:10 -0800] "GET /instagram-chicago/01-06-2023-1837421-A.jpg HTTP/1.1" 200 237330 "-" "facebookexternalhit/1.1 (+http://www.facebook.com/externalhit_uatext.php)" "www.metrocrimedaily.com"
69.63.184.5 - - [06/Jan/2023:16:39:01 -0800] "GET /instagram-detroit/01-06-2023-1822282-A.jpg HTTP/1.1" 200 77513 "-" "facebookexternalhit/1.1 (+http://www.facebook.com/externalhit_uatext.php)" "www.metrocrimedaily.com"
69.63.184.117 - - [06/Jan/2023:16:40:09 -0800] "GET /instagram-dallas/01-06-2023-1824172-A.jpg HTTP/1.1" 200 173747 "-" "facebookexternalhit/1.1 (+http://www.facebook.com/externalhit_uatext.php)" "www.metrocrimedaily.com"
69.63.184.119 - - [06/Jan/2023:16:40:37 -0800] "GET /instagram-dallas/01-06-2023-1824173-A.jpg HTTP/1.1" 200 87499 "-" "facebookexternalhit/1.1 (+http://www.facebook.com/externalhit_uatext.php)" "www.metrocrimedaily.com"
69.63.184.116 - - [06/Jan/2023:16:41:06 -0800] "GET /instagram-dallas/01-06-2023-1824174-A.jpg HTTP/1.1" 200 128373 "-" "facebookexternalhit/1.1 (+http://www.facebook.com/externalhit_uatext.php)" "www.metrocrimedaily.com"
51.222.253.6 - - [06/Jan/2023:16:42:18 -0800] "GET /instagram-dallas/post-later/?C=M;O=A HTTP/1.1" 200 2747 "-" "Mozilla/5.0 (compatible; AhrefsBot/7.0; +http://ahrefs.com/robot/)" "www.metrocrimedaily.com"
138.246.253.24 - - [06/Jan/2023:16:49:59 -0800] "GET /robots.txt HTTP/1.1" 404 73 "-" "Mozilla/5.0 (Windows NT 10.0; Win64; x64) AppleWebKit/537.36 (KHTML, like Gecko) Chrome/103.0.5060.134 Safari/537.36" "metrocrimedaily.com"
69.63.184.5 - - [06/Jan/2023:16:50:07 -0800] "GET /instagram-memphis/01-06-2023-1849471-A.jpg HTTP/1.1" 200 89984 "-" "facebookexternalhit/1.1 (+http://www.facebook.com/externalhit_uatext.php)" "www.metrocrimedaily.com"
69.63.184.120 - - [06/Jan/2023:16:53:42 -0800] "GET /instagram-chicago/01-06-2023-1837422-A.jpg HTTP/1.1" 200 505014 "-" "facebookexternalhit/1.1 (+http://www.facebook.com/externalhit_uatext.php)" "www.metrocrimedaily.com"
69.63.184.116 - - [06/Jan/2023:16:54:10 -0800] "GET /instagram-chicago/01-06-2023-1837423-A.jpg HTTP/1.1" 200 107987 "-" "facebookexternalhit/1.1 (+http://www.facebook.com/externalhit_uatext.php)" "www.metrocrimedaily.com"
69.63.184.116 - - [06/Jan/2023:16:54:32 -0800] "GET /instagram-detroit/01-06-2023-1822283-A.jpg HTTP/1.1" 200 64833 "-" "facebookexternalhit/1.1 (+http://www.facebook.com/externalhit_uatext.php)" "www.metrocrimedaily.com"
69.63.184.118 - - [06/Jan/2023:16:54:39 -0800] "GET /instagram-chicago/01-06-2023-1837424-A.jpg HTTP/1.1" 200 120164 "-" "facebookexternalhit/1.1 (+http://www.facebook.com/externalhit_uatext.php)" "www.metrocrimedaily.com"
69.63.184.117 - - [06/Jan/2023:16:56:11 -0800] "GET /instagram-neworleans/01-06-2023-1855511-A.jpg HTTP/1.1" 200 180697 "-" "facebookexternalhit/1.1 (+http://www.facebook.com/externalhit_uatext.php)" "www.metrocrimedaily.com"
69.63.184.118 - - [06/Jan/2023:16:59:40 -0800] "GET /instagram-miami/01-06-2023-1858491-A.jpg HTTP/1.1" 200 213796 "-" "facebookexternalhit/1.1 (+http://www.facebook.com/externalhit_uatext.php)" "www.metrocrimedaily.com"
51.222.253.13 - - [06/Jan/2023:17:02:19 -0800] "GET /instagram-dallas/post-later/?C=S;O=A HTTP/1.1" 200 2786 "-" "Mozilla/5.0 (compatible; AhrefsBot/7.0; +http://ahrefs.com/robot/)" "www.metrocrimedaily.com"
69.63.184.1 - - [06/Jan/2023:17:05:44 -0800] "GET /instagram-atlanta/01-06-2023-1904551-A.jpg HTTP/1.1" 200 82750 "-" "facebookexternalhit/1.1 (+http://www.facebook.com/externalhit_uatext.php)" "www.metrocrimedaily.com"
69.63.184.1 - - [06/Jan/2023:17:09:40 -0800] "GET /instagram-newyork/01-06-2023-1909201-A.jpg HTTP/1.1" 200 87317 "-" "facebookexternalhit/1.1 (+http://www.facebook.com/externalhit_uatext.php)" "www.metrocrimedaily.com"
69.63.184.116 - - [06/Jan/2023:17:10:02 -0800] "GET /instagram-detroit/01-06-2023-1822284-A.jpg HTTP/1.1" 200 88057 "-" "facebookexternalhit/1.1 (+http://www.facebook.com/externalhit_uatext.php)" "www.metrocrimedaily.com"
69.63.184.2 - - [06/Jan/2023:17:11:42 -0800] "GET /instagram-neworleans/01-06-2023-1855512-A.jpg HTTP/1.1" 200 199447 "-" "facebookexternalhit/1.1 (+http://www.facebook.com/externalhit_uatext.php)" "www.metrocrimedaily.com"
69.63.184.1 - - [06/Jan/2023:17:11:49 -0800] "GET /instagram-houston/01-06-2023-1911291-A.jpg HTTP/1.1" 200 92764 "-" "facebookexternalhit/1.1 (+http://www.facebook.com/externalhit_uatext.php)" "www.metrocrimedaily.com"
69.63.184.119 - - [06/Jan/2023:17:12:38 -0800] "GET /instagram-stlouis/01-06-2023-1912041-A.jpg HTTP/1.1" 200 234473 "-" "facebookexternalhit/1.1 (+http://www.facebook.com/externalhit_uatext.php)" "www.metrocrimedaily.com"
69.63.184.116 - - [06/Jan/2023:17:14:15 -0800] "GET /instagram-dallas/01-06-2023-1913531-A.jpg HTTP/1.1" 200 265659 "-" "facebookexternalhit/1.1 (+http://www.facebook.com/externalhit_uatext.php)" "www.metrocrimedaily.com"
69.63.184.119 - - [06/Jan/2023:17:15:11 -0800] "GET /instagram-miami/01-06-2023-1858492-A.jpg HTTP/1.1" 200 228903 "-" "facebookexternalhit/1.1 (+http://www.facebook.com/externalhit_uatext.php)" "www.metrocrimedaily.com"
73.18.233.246 - - [06/Jan/2023:17:15:25 -0800] "GET / HTTP/1.1" 200 43286 "-" "Mozilla/5.0 (iPhone; CPU iPhone OS 16_1_1 like Mac OS X) AppleWebKit/605.1.15 (KHTML, like Gecko) Version/16.1 Mobile/15E148 Safari/604.1" "www.metrocrimedaily.com"
69.63.184.2 - - [06/Jan/2023:17:21:20 -0800] "GET /instagram-atlanta/01-06-2023-1904552-A.jpg HTTP/1.1" 200 127303 "-" "facebookexternalhit/1.1 (+http://www.facebook.com/externalhit_uatext.php)" "www.metrocrimedaily.com"
69.63.184.119 - - [06/Jan/2023:17:21:49 -0800] "GET /instagram-atlanta/01-06-2023-1904553-A.jpg HTTP/1.1" 200 214111 "-" "facebookexternalhit/1.1 (+http://www.facebook.com/externalhit_uatext.php)" "www.metrocrimedaily.com"
69.63.184.2 - - [06/Jan/2023:17:22:17 -0800] "GET /instagram-atlanta/01-06-2023-1904554-A.jpg HTTP/1.1" 200 137352 "-" "facebookexternalhit/1.1 (+http://www.facebook.com/externalhit_uatext.php)" "www.metrocrimedaily.com"
51.222.253.4 - - [06/Jan/2023:17:22:57 -0800] "GET /robots.txt HTTP/1.1" 404 88 "-" "Mozilla/5.0 (compatible; AhrefsBot/7.0; +http://ahrefs.com/robot/)" "metrocrimedaily.com"
51.222.253.11 - - [06/Jan/2023:17:22:58 -0800] "GET /backup-05-31-20/?C=D;O=A HTTP/1.1" 200 544 "-" "Mozilla/5.0 (compatible; AhrefsBot/7.0; +http://ahrefs.com/robot/)" "metrocrimedaily.com"
69.63.184.5 - - [06/Jan/2023:17:25:13 -0800] "GET /instagram-newyork/01-06-2023-1909202-A.jpg HTTP/1.1" 200 92448 "-" "facebookexternalhit/1.1 (+http://www.facebook.com/externalhit_uatext.php)" "www.metrocrimedaily.com"
69.63.184.116 - - [06/Jan/2023:17:26:43 -0800] "GET /instagram-chicago/01-06-2023-1926221-A.jpg HTTP/1.1" 200 102272 "-" "facebookexternalhit/1.1 (+http://www.facebook.com/externalhit_uatext.php)" "www.metrocrimedaily.com"
69.63.184.5 - - [06/Jan/2023:17:27:15 -0800] "GET /instagram-neworleans/01-06-2023-1855513-A.jpg HTTP/1.1" 200 408541 "-" "facebookexternalhit/1.1 (+http://www.facebook.com/externalhit_uatext.php)" "www.metrocrimedaily.com"
69.63.184.4 - - [06/Jan/2023:17:27:19 -0800] "GET /instagram-houston/01-06-2023-1911292-A.jpg HTTP/1.1" 200 240510 "-" "facebookexternalhit/1.1 (+http://www.facebook.com/externalhit_uatext.php)" "www.metrocrimedaily.com"
69.63.184.1 - - [06/Jan/2023:17:28:08 -0800] "GET /instagram-stlouis/01-06-2023-1912042-A.jpg HTTP/1.1" 200 212867 "-" "facebookexternalhit/1.1 (+http://www.facebook.com/externalhit_uatext.php)" "www.metrocrimedaily.com"
69.63.184.2 - - [06/Jan/2023:17:40:42 -0800] "GET /instagram-newyork/01-06-2023-1909203-A.jpg HTTP/1.1" 200 190704 "-" "facebookexternalhit/1.1 (+http://www.facebook.com/externalhit_uatext.php)" "www.metrocrimedaily.com"
51.222.253.6 - - [06/Jan/2023:17:41:07 -0800] "GET /backup-05-31-20/?C=M;O=A HTTP/1.1" 200 545 "-" "Mozilla/5.0 (compatible; AhrefsBot/7.0; +http://ahrefs.com/robot/)" "metrocrimedaily.com"
69.63.184.116 - - [06/Jan/2023:17:42:56 -0800] "GET /instagram-houston/01-06-2023-1911293-A.jpg HTTP/1.1" 200 143442 "-" "facebookexternalhit/1.1 (+http://www.facebook.com/externalhit_uatext.php)" "www.metrocrimedaily.com"
51.222.253.12 - - [06/Jan/2023:17:48:59 -0800] "GET /instagram-dallas/post-later/01-06-2023-0324251-Jan.-6--2021--Two-Years-Later--Jailed-Rioters--Hi.txt HTTP/1.1" 200 1191 "-" "Mozilla/5.0 (compatible; AhrefsBot/7.0; +http://ahrefs.com/robot/)" "www.metrocrimedaily.com"
69.63.184.120 - - [06/Jan/2023:17:51:07 -0800] "GET /instagram-memphis/01-06-2023-1950461-A.jpg HTTP/1.1" 200 103176 "-" "facebookexternalhit/1.1 (+http://www.facebook.com/externalhit_uatext.php)" "www.metrocrimedaily.com"
51.222.253.10 - - [06/Jan/2023:17:57:18 -0800] "GET /instagram-dallas/post-later/01-06-2023-0429471-Multiple-People-Shot-Outside-Miami-Restaurant-Dur.txt HTTP/1.1" 200 729 "-" "Mozilla/5.0 (compatible; AhrefsBot/7.0; +http://ahrefs.com/robot/)" "www.metrocrimedaily.com"
69.63.184.2 - - [06/Jan/2023:17:58:28 -0800] "GET /instagram-houston/01-06-2023-1911294-A.jpg HTTP/1.1" 200 121529 "-" "facebookexternalhit/1.1 (+http://www.facebook.com/externalhit_uatext.php)" "www.metrocrimedaily.com"
69.63.184.2 - - [06/Jan/2023:18:03:46 -0800] "GET /instagram-chicago/01-06-2023-2003251-A.jpg HTTP/1.1" 200 86651 "-" "facebookexternalhit/1.1 (+http://www.facebook.com/externalhit_uatext.php)" "www.metrocrimedaily.com"
51.222.253.5 - - [06/Jan/2023:18:04:10 -0800] "GET /instagram-dallas/post-later/01-06-2023-0535311-Richard-Branson-Left-School-at-15--%C3%83%C2%B6His-Headmaste.txt HTTP/1.1" 200 1171 "-" "Mozilla/5.0 (compatible; AhrefsBot/7.0; +http://ahrefs.com/robot/)" "www.metrocrimedaily.com"
69.63.184.120 - - [06/Jan/2023:18:06:41 -0800] "GET /instagram-memphis/01-06-2023-1950462-A.jpg HTTP/1.1" 200 96672 "-" "facebookexternalhit/1.1 (+http://www.facebook.com/externalhit_uatext.php)" "www.metrocrimedaily.com"
114.119.138.230 - - [06/Jan/2023:18:10:01 -0800] "GET /robots.txt HTTP/1.1" 404 88 "-" "Mozilla/5.0 (compatible;PetalBot;+https://webmaster.petalsearch.com/site/petalbot)" "www.metrocrimedaily.com"
66.249.70.116 - - [06/Jan/2023:18:10:51 -0800] "GET /favicon.ico HTTP/1.1" 404 88 "-" "Googlebot-Image/1.0" "www.metrocrimedaily.com"
66.249.70.116 - - [06/Jan/2023:18:10:55 -0800] "GET /favicon.ico HTTP/1.1" 404 88 "-" "Googlebot-Image/1.0" "www.metrocrimedaily.com"
51.222.253.18 - - [06/Jan/2023:18:11:28 -0800] "GET /instagram-dallas/post-later/01-06-2023-0826333-3-dead--2-injured-in-far-north-Dallas-shooting-.txt HTTP/1.1" 200 483 "-" "Mozilla/5.0 (compatible; AhrefsBot/7.0; +http://ahrefs.com/robot/)" "www.metrocrimedaily.com"
69.63.184.119 - - [06/Jan/2023:18:14:02 -0800] "GET /instagram-houston/01-06-2023-1911295-A.jpg HTTP/1.1" 200 230666 "-" "facebookexternalhit/1.1 (+http://www.facebook.com/externalhit_uatext.php)" "www.metrocrimedaily.com"
69.63.184.120 - - [06/Jan/2023:18:14:16 -0800] "GET /instagram-neworleans/01-06-2023-2013561-A.jpg HTTP/1.1" 200 224372 "-" "facebookexternalhit/1.1 (+http://www.facebook.com/externalhit_uatext.php)" "www.metrocrimedaily.com"
69.63.184.120 - - [06/Jan/2023:18:18:32 -0800] "GET /instagram-dallas/01-06-2023-2018111-A.jpg HTTP/1.1" 200 281418 "-" "facebookexternalhit/1.1 (+http://www.facebook.com/externalhit_uatext.php)" "www.metrocrimedaily.com"
51.222.253.18 - - [06/Jan/2023:18:18:38 -0800] "GET /instagram-dallas/post-later/01-06-2023-1006191-3-Killed--2-Injured-in-Shooting-at-North-Dallas-A.txt HTTP/1.1" 200 792 "-" "Mozilla/5.0 (compatible; AhrefsBot/7.0; +http://ahrefs.com/robot/)" "www.metrocrimedaily.com"
69.63.184.116 - - [06/Jan/2023:18:19:19 -0800] "GET /instagram-chicago/01-06-2023-2003252-A.jpg HTTP/1.1" 200 84018 "-" "facebookexternalhit/1.1 (+http://www.facebook.com/externalhit_uatext.php)" "www.metrocrimedaily.com"
51.222.253.5 - - [06/Jan/2023:18:26:22 -0800] "GET /instagram-dallas/post-later/01-06-2023-1006192-Judge-Suspends-Law-License-of-Alex-Jones--Attorne.txt HTTP/1.1" 200 776 "-" "Mozilla/5.0 (compatible; AhrefsBot/7.0; +http://ahrefs.com/robot/)" "www.metrocrimedaily.com"
69.63.184.118 - - [06/Jan/2023:18:26:34 -0800] "GET /instagram-atlanta/01-06-2023-2026141-A.jpg HTTP/1.1" 200 188618 "-" "facebookexternalhit/1.1 (+http://www.facebook.com/externalhit_uatext.php)" "www.metrocrimedaily.com"
69.63.184.2 - - [06/Jan/2023:18:28:56 -0800] "GET /instagram-newyork/01-06-2023-2028371-A.jpg HTTP/1.1" 200 79791 "-" "facebookexternalhit/1.1 (+http://www.facebook.com/externalhit_uatext.php)" "www.metrocrimedaily.com"
69.63.184.5 - - [06/Jan/2023:18:29:38 -0800] "GET /instagram-houston/01-06-2023-1911296-A.jpg HTTP/1.1" 200 106918 "-" "facebookexternalhit/1.1 (+http://www.facebook.com/externalhit_uatext.php)" "www.metrocrimedaily.com"
69.63.184.2 - - [06/Jan/2023:18:29:50 -0800] "GET /instagram-neworleans/01-06-2023-2013562-A.jpg HTTP/1.1" 200 289227 "-" "facebookexternalhit/1.1 (+http://www.facebook.com/externalhit_uatext.php)" "www.metrocrimedaily.com"
69.63.184.116 - - [06/Jan/2023:18:34:05 -0800] "GET /instagram-dallas/01-06-2023-2018112-A.jpg HTTP/1.1" 200 372829 "-" "facebookexternalhit/1.1 (+http://www.facebook.com/externalhit_uatext.php)" "www.metrocrimedaily.com"
51.222.253.5 - - [06/Jan/2023:18:34:08 -0800] "GET /instagram-dallas/post-later/01-06-2023-1006193-Trump--Convicted-Rioters-Sued-for-Wrongful-Death-.txt HTTP/1.1" 200 987 "-" "Mozilla/5.0 (compatible; AhrefsBot/7.0; +http://ahrefs.com/robot/)" "www.metrocrimedaily.com"
69.63.184.4 - - [06/Jan/2023:18:34:43 -0800] "GET /instagram-stlouis/01-06-2023-2034231-A.jpg HTTP/1.1" 200 344978 "-" "facebookexternalhit/1.1 (+http://www.facebook.com/externalhit_uatext.php)" "www.metrocrimedaily.com"
76.184.252.42 - - [06/Jan/2023:18:36:29 -0800] "GET /images/police-tape.jpg HTTP/1.1" 200 50766 "-" "Wget/1.20.3 (mingw32)" "metrocrimedaily.com"
69.63.184.3 - - [06/Jan/2023:18:37:13 -0800] "GET /instagram-detroit/01-06-2023-2036181-A.jpg HTTP/1.1" 200 51353 "-" "facebookexternalhit/1.1 (+http://www.facebook.com/externalhit_uatext.php)" "www.metrocrimedaily.com"
69.63.184.116 - - [06/Jan/2023:18:42:06 -0800] "GET /instagram-atlanta/01-06-2023-2026142-A.jpg HTTP/1.1" 200 277287 "-" "facebookexternalhit/1.1 (+http://www.facebook.com/externalhit_uatext.php)" "www.metrocrimedaily.com"
51.222.253.8 - - [06/Jan/2023:18:42:06 -0800] "GET /instagram-dallas/post-later/01-06-2023-1046262----Avatar-2--Soars-Past----Top-Gun--With-$1.5-Bil.txt HTTP/1.1" 200 1185 "-" "Mozilla/5.0 (compatible; AhrefsBot/7.0; +http://ahrefs.com/robot/)" "www.metrocrimedaily.com"
69.63.184.119 - - [06/Jan/2023:18:42:34 -0800] "GET /instagram-atlanta/01-06-2023-2026143-A.jpg HTTP/1.1" 200 260806 "-" "facebookexternalhit/1.1 (+http://www.facebook.com/externalhit_uatext.php)" "www.metrocrimedaily.com"
69.63.184.119 - - [06/Jan/2023:18:43:03 -0800] "GET /instagram-atlanta/01-06-2023-2026144-A.jpg HTTP/1.1" 200 86400 "-" "facebookexternalhit/1.1 (+http://www.facebook.com/externalhit_uatext.php)" "www.metrocrimedaily.com"
69.63.184.3 - - [06/Jan/2023:18:45:10 -0800] "GET /instagram-houston/01-06-2023-1911297-A.jpg HTTP/1.1" 200 161014 "-" "facebookexternalhit/1.1 (+http://www.facebook.com/externalhit_uatext.php)" "www.metrocrimedaily.com"
69.63.184.117 - - [06/Jan/2023:18:49:36 -0800] "GET /instagram-dallas/01-06-2023-2018113-A.jpg HTTP/1.1" 200 120362 "-" "facebookexternalhit/1.1 (+http://www.facebook.com/externalhit_uatext.php)" "www.metrocrimedaily.com"
51.222.253.12 - - [06/Jan/2023:18:49:37 -0800] "GET /instagram-dallas/post-later/01-06-2023-1200242-Suspected-drunken-driver-crashes-into-Fort-Worth-.txt HTTP/1.1" 200 412 "-" "Mozilla/5.0 (compatible; AhrefsBot/7.0; +http://ahrefs.com/robot/)" "www.metrocrimedaily.com"
69.63.184.116 - - [06/Jan/2023:18:50:15 -0800] "GET /instagram-stlouis/01-06-2023-2034232-A.jpg HTTP/1.1" 200 144979 "-" "facebookexternalhit/1.1 (+http://www.facebook.com/externalhit_uatext.php)" "www.metrocrimedaily.com"
69.63.184.120 - - [06/Jan/2023:18:50:42 -0800] "GET /instagram-stlouis/01-06-2023-2034233-A.jpg HTTP/1.1" 200 344978 "-" "facebookexternalhit/1.1 (+http://www.facebook.com/externalhit_uatext.php)" "www.metrocrimedaily.com"
76.184.252.42 - - [06/Jan/2023:18:52:35 -0800] "GET /images/police-tape.jpg HTTP/1.1" 200 50766 "-" "Wget/1.20.3 (mingw32)" "metrocrimedaily.com"
69.63.184.119 - - [06/Jan/2023:18:52:45 -0800] "GET /instagram-detroit/01-06-2023-2036182-A.jpg HTTP/1.1" 200 60041 "-" "facebookexternalhit/1.1 (+http://www.facebook.com/externalhit_uatext.php)" "www.metrocrimedaily.com"
69.63.184.2 - - [06/Jan/2023:18:59:11 -0800] "GET /instagram-memphis/01-06-2023-2058511-A.jpg HTTP/1.1" 200 105679 "-" "facebookexternalhit/1.1 (+http://www.facebook.com/externalhit_uatext.php)" "www.metrocrimedaily.com"
69.63.184.5 - - [06/Jan/2023:18:59:39 -0800] "GET /instagram-memphis/01-06-2023-2058512-A.jpg HTTP/1.1" 200 111395 "-" "facebookexternalhit/1.1 (+http://www.facebook.com/externalhit_uatext.php)" "www.metrocrimedaily.com"
51.222.253.2 - - [06/Jan/2023:18:59:40 -0800] "GET /instagram-dallas/post-later/01-06-2023-1200243-SEC-Ends-Insider-Trading-Probe-of-Ex-Sen.-Richard.txt HTTP/1.1" 200 867 "-" "Mozilla/5.0 (compatible; AhrefsBot/7.0; +http://ahrefs.com/robot/)" "www.metrocrimedaily.com"
69.63.184.3 - - [06/Jan/2023:19:00:41 -0800] "GET /instagram-houston/01-06-2023-1911298-A.jpg HTTP/1.1" 200 298454 "-" "facebookexternalhit/1.1 (+http://www.facebook.com/externalhit_uatext.php)" "www.metrocrimedaily.com"
69.63.184.3 - - [06/Jan/2023:19:05:06 -0800] "GET /instagram-dallas/01-06-2023-2018114-A.jpg HTTP/1.1" 200 75556 "-" "facebookexternalhit/1.1 (+http://www.facebook.com/externalhit_uatext.php)" "www.metrocrimedaily.com"
69.63.184.2 - - [06/Jan/2023:19:05:34 -0800] "GET /instagram-dallas/01-06-2023-2018115-A.jpg HTTP/1.1" 200 161075 "-" "facebookexternalhit/1.1 (+http://www.facebook.com/externalhit_uatext.php)" "www.metrocrimedaily.com"
69.63.184.1 - - [06/Jan/2023:19:06:02 -0800] "GET /instagram-dallas/01-06-2023-2018116-A.jpg HTTP/1.1" 200 72557 "-" "facebookexternalhit/1.1 (+http://www.facebook.com/externalhit_uatext.php)" "www.metrocrimedaily.com"
51.222.253.1 - - [06/Jan/2023:19:08:09 -0800] "GET /instagram-dallas/post-later/01-06-2023-1200244-When-is-the-Next-Mega-Millions-Drawing--Your-Shot.txt HTTP/1.1" 200 1106 "-" "Mozilla/5.0 (compatible; AhrefsBot/7.0; +http://ahrefs.com/robot/)" "www.metrocrimedaily.com"
69.63.184.2 - - [06/Jan/2023:19:08:15 -0800] "GET /instagram-detroit/01-06-2023-2036183-A.jpg HTTP/1.1" 200 121387 "-" "facebookexternalhit/1.1 (+http://www.facebook.com/externalhit_uatext.php)" "www.metrocrimedaily.com"
69.63.184.119 - - [06/Jan/2023:19:08:20 -0800] "GET /instagram-losangeles/01-06-2023-2108001-A.jpg HTTP/1.1" 200 196021 "-" "facebookexternalhit/1.1 (+http://www.facebook.com/externalhit_uatext.php)" "www.metrocrimedaily.com"
51.222.253.3 - - [06/Jan/2023:19:15:54 -0800] "GET /instagram-dallas/post-later/01-06-2023-1200245-Dallas-shooting--Latest-update-after-3-killed--2-.txt HTTP/1.1" 200 49 "-" "Mozilla/5.0 (compatible; AhrefsBot/7.0; +http://ahrefs.com/robot/)" "www.metrocrimedaily.com"
69.63.184.120 - - [06/Jan/2023:19:16:14 -0800] "GET /instagram-houston/01-06-2023-1911299-A.jpg HTTP/1.1" 200 187012 "-" "facebookexternalhit/1.1 (+http://www.facebook.com/externalhit_uatext.php)" "www.metrocrimedaily.com"
76.184.252.42 - - [06/Jan/2023:19:23:35 -0800] "GET /images/police-tape.jpg HTTP/1.1" 200 50766 "-" "Wget/1.20.3 (mingw32)" "metrocrimedaily.com"
69.63.184.119 - - [06/Jan/2023:19:23:44 -0800] "GET /instagram-detroit/01-06-2023-2036184-A.jpg HTTP/1.1" 200 64626 "-" "facebookexternalhit/1.1 (+http://www.facebook.com/externalhit_uatext.php)" "www.metrocrimedaily.com"
69.63.184.118 - - [06/Jan/2023:19:23:51 -0800] "GET /instagram-losangeles/01-06-2023-2108002-A.jpg HTTP/1.1" 200 151051 "-" "facebookexternalhit/1.1 (+http://www.facebook.com/externalhit_uatext.php)" "www.metrocrimedaily.com"
69.63.184.5 - - [06/Jan/2023:19:24:10 -0800] "GET /instagram-detroit/01-06-2023-2036185-A.jpg HTTP/1.1" 200 394229 "-" "facebookexternalhit/1.1 (+http://www.facebook.com/externalhit_uatext.php)" "www.metrocrimedaily.com"
69.63.184.120 - - [06/Jan/2023:19:24:37 -0800] "GET /instagram-detroit/01-06-2023-2036186-A.jpg HTTP/1.1" 200 112982 "-" "facebookexternalhit/1.1 (+http://www.facebook.com/externalhit_uatext.php)" "www.metrocrimedaily.com"
69.63.184.5 - - [06/Jan/2023:19:25:04 -0800] "GET /instagram-detroit/01-06-2023-2036187-A.jpg HTTP/1.1" 200 172189 "-" "facebookexternalhit/1.1 (+http://www.facebook.com/externalhit_uatext.php)" "www.metrocrimedaily.com"
69.63.184.1 - - [06/Jan/2023:19:25:32 -0800] "GET /instagram-detroit/01-06-2023-2036188-A.jpg HTTP/1.1" 200 143631 "-" "facebookexternalhit/1.1 (+http://www.facebook.com/externalhit_uatext.php)" "www.metrocrimedaily.com"
51.222.253.1 - - [06/Jan/2023:19:25:32 -0800] "GET / HTTP/1.1" 200 44039 "-" "Mozilla/5.0 (compatible; AhrefsBot/7.0; +http://ahrefs.com/robot/)" "www.metrocrimedaily.com"
51.222.253.17 - - [06/Jan/2023:19:25:40 -0800] "GET /images/facebook-logo-tiny.png HTTP/1.1" 200 1280 "-" "Mozilla/5.0 (compatible; AhrefsBot/7.0; +http://ahrefs.com/robot/)" "www.metrocrimedaily.com"
51.222.253.12 - - [06/Jan/2023:19:25:41 -0800] "GET /images/youtube-logo-tiny.png HTTP/1.1" 200 689 "-" "Mozilla/5.0 (compatible; AhrefsBot/7.0; +http://ahrefs.com/robot/)" "www.metrocrimedaily.com"
51.222.253.9 - - [06/Jan/2023:19:25:41 -0800] "GET /images/crimeinthed-logo.jpg HTTP/1.1" 200 14960 "-" "Mozilla/5.0 (compatible; AhrefsBot/7.0; +http://ahrefs.com/robot/)" "www.metrocrimedaily.com"
69.63.184.2 - - [06/Jan/2023:19:25:59 -0800] "GET /instagram-detroit/01-06-2023-2036189-A.jpg HTTP/1.1" 200 151458 "-" "facebookexternalhit/1.1 (+http://www.facebook.com/externalhit_uatext.php)" "www.metrocrimedaily.com"
66.249.70.120 - - [06/Jan/2023:19:26:58 -0800] "GET /robots.txt HTTP/1.1" 404 88 "-" "Mozilla/5.0 (compatible; Googlebot/2.1; +http://www.google.com/bot.html)" "www.metrocrimedaily.com"
69.63.184.118 - - [06/Jan/2023:19:31:47 -0800] "GET /instagram-houston/01-06-2023-19112910-A.jpg HTTP/1.1" 200 240197 "-" "facebookexternalhit/1.1 (+http://www.facebook.com/externalhit_uatext.php)" "www.metrocrimedaily.com"
69.63.184.120 - - [06/Jan/2023:19:31:48 -0800] "GET /instagram-atlanta/01-06-2023-2130321-A.jpg HTTP/1.1" 200 127126 "-" "facebookexternalhit/1.1 (+http://www.facebook.com/externalhit_uatext.php)" "www.metrocrimedaily.com"
69.63.184.117 - - [06/Jan/2023:19:32:11 -0800] "GET /instagram-houston/01-06-2023-19112911-A.jpg HTTP/1.1" 200 101334 "-" "facebookexternalhit/1.1 (+http://www.facebook.com/externalhit_uatext.php)" "www.metrocrimedaily.com"
69.63.184.3 - - [06/Jan/2023:19:32:16 -0800] "GET /instagram-atlanta/01-06-2023-2130322-A.jpg HTTP/1.1" 200 106908 "-" "facebookexternalhit/1.1 (+http://www.facebook.com/externalhit_uatext.php)" "www.metrocrimedaily.com"
69.63.184.117 - - [06/Jan/2023:19:32:45 -0800] "GET /instagram-atlanta/01-06-2023-2130323-A.jpg HTTP/1.1" 200 256060 "-" "facebookexternalhit/1.1 (+http://www.facebook.com/externalhit_uatext.php)" "www.metrocrimedaily.com"
69.63.184.118 - - [06/Jan/2023:19:33:15 -0800] "GET /instagram-atlanta/01-06-2023-2130324-A.jpg HTTP/1.1" 200 97504 "-" "facebookexternalhit/1.1 (+http://www.facebook.com/externalhit_uatext.php)" "www.metrocrimedaily.com"
69.63.184.5 - - [06/Jan/2023:19:34:21 -0800] "GET /instagram-chicago/01-06-2023-2134011-A.jpg HTTP/1.1" 200 327225 "-" "facebookexternalhit/1.1 (+http://www.facebook.com/externalhit_uatext.php)" "www.metrocrimedaily.com"
69.63.184.4 - - [06/Jan/2023:19:39:13 -0800] "GET /instagram-miami/01-06-2023-2138511-A.jpg HTTP/1.1" 200 533214 "-" "facebookexternalhit/1.1 (+http://www.facebook.com/externalhit_uatext.php)" "www.metrocrimedaily.com"
51.222.253.11 - - [06/Jan/2023:19:40:22 -0800] "GET /backup-05-31-20/?C=S;O=A HTTP/1.1" 200 547 "-" "Mozilla/5.0 (compatible; AhrefsBot/7.0; +http://ahrefs.com/robot/)" "metrocrimedaily.com"
34.213.140.190 - - [06/Jan/2023:19:40:59 -0800] "GET / HTTP/1.1" 200 45522 "-" "Mozilla/5.0 (X11; Linux x86_64) AppleWebKit/537.36 (KHTML, like Gecko) Chrome/83.0.4103.97 Safari/537.36" "metrocrimedaily.com"
34.222.212.21 - - [06/Jan/2023:19:41:01 -0800] "GET / HTTP/1.1" 200 45522 "-" "Mozilla/5.0 (X11; Linux x86_64) AppleWebKit/537.36 (KHTML, like Gecko) Chrome/83.0.4103.97 Safari/537.36" "metrocrimedaily.com"
52.37.19.110 - - [06/Jan/2023:19:41:30 -0800] "GET /favicon.ico HTTP/1.1" 404 88 "-" "Mozilla/5.0 (X11; Linux x86_64) AppleWebKit/537.36 (KHTML, like Gecko) Chrome/83.0.4103.97 Safari/537.36" "metrocrimedaily.com"
52.37.19.110 - - [06/Jan/2023:19:41:31 -0800] "GET / HTTP/1.1" 200 45522 "-" "Mozilla/5.0 (X11; Linux x86_64) AppleWebKit/537.36 (KHTML, like Gecko) Chrome/83.0.4103.97 Safari/537.36" "metrocrimedaily.com"
35.92.6.136 - - [06/Jan/2023:19:41:59 -0800] "GET /favicon.ico HTTP/1.1" 404 88 "-" "Mozilla/5.0 (X11; Linux x86_64) AppleWebKit/537.36 (KHTML, like Gecko) Chrome/83.0.4103.97 Safari/537.36" "metrocrimedaily.com"
35.92.6.136 - - [06/Jan/2023:19:42:04 -0800] "GET / HTTP/1.1" 200 45522 "-" "Mozilla/5.0 (X11; Linux x86_64) AppleWebKit/537.36 (KHTML, like Gecko) Chrome/83.0.4103.97 Safari/537.36" "metrocrimedaily.com"
174.193.99.2 - - [06/Jan/2023:19:48:59 -0800] "GET / HTTP/1.1" 200 45522 "https://www.google.com/url?q=http://www.metrocrimedaily.com/&sa=U&ved=2ahUKEwjT3vvGxrT8AhV9kIkEHdV3DgcQFnoECAQQAQ&usg=AOvVaw1PDOwCiYv__tWd6-tXqNKD" "Mozilla/5.0 (iPhone; CPU iPhone OS 15_6 like Mac OS X) AppleWebKit/605.1.15 (KHTML, like Gecko) GSA/242.1.493995244 Mobile/15E148 Safari/604.1" "www.metrocrimedaily.com"
174.193.99.2 - - [06/Jan/2023:19:48:59 -0800] "GET /styles-mcd.css HTTP/1.1" 200 1159 "http://www.metrocrimedaily.com/" "Mozilla/5.0 (iPhone; CPU iPhone OS 15_6 like Mac OS X) AppleWebKit/605.1.15 (KHTML, like Gecko) GSA/242.1.493995244 Mobile/15E148 Safari/604.1" "www.metrocrimedaily.com"
174.193.99.2 - - [06/Jan/2023:19:48:59 -0800] "GET /images/crimeinthed-logo.jpg HTTP/1.1" 200 14960 "http://www.metrocrimedaily.com/" "Mozilla/5.0 (iPhone; CPU iPhone OS 15_6 like Mac OS X) AppleWebKit/605.1.15 (KHTML, like Gecko) GSA/242.1.493995244 Mobile/15E148 Safari/604.1" "www.metrocrimedaily.com"
174.193.99.2 - - [06/Jan/2023:19:48:59 -0800] "GET /images/police-tape.jpg HTTP/1.1" 200 50766 "http://www.metrocrimedaily.com/" "Mozilla/5.0 (iPhone; CPU iPhone OS 15_6 like Mac OS X) AppleWebKit/605.1.15 (KHTML, like Gecko) GSA/242.1.493995244 Mobile/15E148 Safari/604.1" "metrocrimedaily.com"
174.193.99.2 - - [06/Jan/2023:19:48:59 -0800] "GET /images/facebook-logo-tiny.png HTTP/1.1" 200 1280 "http://www.metrocrimedaily.com/" "Mozilla/5.0 (iPhone; CPU iPhone OS 15_6 like Mac OS X) AppleWebKit/605.1.15 (KHTML, like Gecko) GSA/242.1.493995244 Mobile/15E148 Safari/604.1" "www.metrocrimedaily.com"
174.193.99.2 - - [06/Jan/2023:19:48:59 -0800] "GET /images/youtube-logo-tiny.png HTTP/1.1" 200 689 "http://www.metrocrimedaily.com/" "Mozilla/5.0 (iPhone; CPU iPhone OS 15_6 like Mac OS X) AppleWebKit/605.1.15 (KHTML, like Gecko) GSA/242.1.493995244 Mobile/15E148 Safari/604.1" "www.metrocrimedaily.com"
174.193.99.2 - - [06/Jan/2023:19:48:59 -0800] "GET /images/twitter-logo-b-tiny.png HTTP/1.1" 200 1600 "http://www.metrocrimedaily.com/" "Mozilla/5.0 (iPhone; CPU iPhone OS 15_6 like Mac OS X) AppleWebKit/605.1.15 (KHTML, like Gecko) GSA/242.1.493995244 Mobile/15E148 Safari/604.1" "www.metrocrimedaily.com"
69.63.184.3 - - [06/Jan/2023:19:49:38 -0800] "GET /instagram-memphis/01-06-2023-2149171-A.jpg HTTP/1.1" 200 122595 "-" "facebookexternalhit/1.1 (+http://www.facebook.com/externalhit_uatext.php)" "www.metrocrimedaily.com"
69.63.184.118 - - [06/Jan/2023:19:49:40 -0800] "GET /instagram-dallas/01-06-2023-2149191-A.jpg HTTP/1.1" 200 133946 "-" "facebookexternalhit/1.1 (+http://www.facebook.com/externalhit_uatext.php)" "www.metrocrimedaily.com"
69.63.184.119 - - [06/Jan/2023:19:50:27 -0800] "GET /instagram-newyork/01-06-2023-2150071-A.jpg HTTP/1.1" 200 146741 "-" "facebookexternalhit/1.1 (+http://www.facebook.com/externalhit_uatext.php)" "www.metrocrimedaily.com"
166.170.0.51 - - [06/Jan/2023:19:51:23 -0800] "GET / HTTP/1.1" 200 45522 "https://www.google.com/" "Mozilla/5.0 (iPhone; CPU iPhone OS 15_6_1 like Mac OS X) AppleWebKit/605.1.15 (KHTML, like Gecko) Version/15.6.1 Mobile/15E148 Safari/604.1" "www.metrocrimedaily.com"
166.170.0.51 - - [06/Jan/2023:19:51:23 -0800] "GET /styles-mcd.css HTTP/1.1" 200 1159 "http://www.metrocrimedaily.com/" "Mozilla/5.0 (iPhone; CPU iPhone OS 15_6_1 like Mac OS X) AppleWebKit/605.1.15 (KHTML, like Gecko) Version/15.6.1 Mobile/15E148 Safari/604.1" "www.metrocrimedaily.com"
166.170.0.51 - - [06/Jan/2023:19:51:23 -0800] "GET /images/crimeinthed-logo.jpg HTTP/1.1" 200 14960 "http://www.metrocrimedaily.com/" "Mozilla/5.0 (iPhone; CPU iPhone OS 15_6_1 like Mac OS X) AppleWebKit/605.1.15 (KHTML, like Gecko) Version/15.6.1 Mobile/15E148 Safari/604.1" "www.metrocrimedaily.com"
166.170.0.51 - - [06/Jan/2023:19:51:23 -0800] "GET /images/police-tape.jpg HTTP/1.1" 200 50766 "http://www.metrocrimedaily.com/" "Mozilla/5.0 (iPhone; CPU iPhone OS 15_6_1 like Mac OS X) AppleWebKit/605.1.15 (KHTML, like Gecko) Version/15.6.1 Mobile/15E148 Safari/604.1" "metrocrimedaily.com"
166.170.0.51 - - [06/Jan/2023:19:51:23 -0800] "GET /images/facebook-logo-tiny.png HTTP/1.1" 200 1280 "http://www.metrocrimedaily.com/" "Mozilla/5.0 (iPhone; CPU iPhone OS 15_6_1 like Mac OS X) AppleWebKit/605.1.15 (KHTML, like Gecko) Version/15.6.1 Mobile/15E148 Safari/604.1" "www.metrocrimedaily.com"
166.170.0.51 - - [06/Jan/2023:19:51:23 -0800] "GET /images/youtube-logo-tiny.png HTTP/1.1" 200 689 "http://www.metrocrimedaily.com/" "Mozilla/5.0 (iPhone; CPU iPhone OS 15_6_1 like Mac OS X) AppleWebKit/605.1.15 (KHTML, like Gecko) Version/15.6.1 Mobile/15E148 Safari/604.1" "www.metrocrimedaily.com"
166.170.0.51 - - [06/Jan/2023:19:51:23 -0800] "GET /images/twitter-logo-b-tiny.png HTTP/1.1" 200 1600 "http://www.metrocrimedaily.com/" "Mozilla/5.0 (iPhone; CPU iPhone OS 15_6_1 like Mac OS X) AppleWebKit/605.1.15 (KHTML, like Gecko) Version/15.6.1 Mobile/15E148 Safari/604.1" "www.metrocrimedaily.com"
166.170.0.51 - - [06/Jan/2023:19:51:46 -0800] "GET /favicon.ico HTTP/1.1" 404 88 "http://www.metrocrimedaily.com/" "Mozilla/5.0 (iPhone; CPU iPhone OS 15_6_1 like Mac OS X) AppleWebKit/605.1.15 (KHTML, like Gecko) Version/15.6.1 Mobile/15E148 Safari/604.1" "www.metrocrimedaily.com"
51.222.253.18 - - [06/Jan/2023:19:54:48 -0800] "GET /instagram-chicago/videos/?C=N;O=D HTTP/1.1" 200 571 "-" "Mozilla/5.0 (compatible; AhrefsBot/7.0; +http://ahrefs.com/robot/)" "metrocrimedaily.com"
157.55.39.33 - - [06/Jan/2023:19:55:58 -0800] "GET /instagram-dallas/11-26-2022-1253281-Serbia-Charged-Over-Locker-Room-Kosovo-Flag-at-20.txt HTTP/1.1" 404 88 "-" "Mozilla/5.0 AppleWebKit/537.36 (KHTML, like Gecko; compatible; bingbot/2.0; +http://www.bing.com/bingbot.htm) Chrome/103.0.5060.134 Safari/537.36" "www.metrocrimedaily.com"
104.28.104.88 - - [06/Jan/2023:19:56:24 -0800] "GET / HTTP/1.1" 200 45522 "-" "Mozilla/5.0 (iPhone; CPU iPhone OS 15_3_1 like Mac OS X) AppleWebKit/605.1.15 (KHTML, like Gecko) Version/15.3 Mobile/15E148 Safari/604.1" "www.metrocrimedaily.com"
104.28.104.88 - - [06/Jan/2023:19:56:24 -0800] "GET /styles-mcd.css HTTP/1.1" 200 1159 "http://www.metrocrimedaily.com/" "Mozilla/5.0 (iPhone; CPU iPhone OS 15_3_1 like Mac OS X) AppleWebKit/605.1.15 (KHTML, like Gecko) Version/15.3 Mobile/15E148 Safari/604.1" "www.metrocrimedaily.com"
104.28.104.88 - - [06/Jan/2023:19:56:25 -0800] "GET /images/facebook-logo-tiny.png HTTP/1.1" 200 1280 "http://www.metrocrimedaily.com/" "Mozilla/5.0 (iPhone; CPU iPhone OS 15_3_1 like Mac OS X) AppleWebKit/605.1.15 (KHTML, like Gecko) Version/15.3 Mobile/15E148 Safari/604.1" "www.metrocrimedaily.com"
104.28.104.88 - - [06/Jan/2023:19:56:25 -0800] "GET /images/crimeinthed-logo.jpg HTTP/1.1" 200 14960 "http://www.metrocrimedaily.com/" "Mozilla/5.0 (iPhone; CPU iPhone OS 15_3_1 like Mac OS X) AppleWebKit/605.1.15 (KHTML, like Gecko) Version/15.3 Mobile/15E148 Safari/604.1" "www.metrocrimedaily.com"
104.28.104.88 - - [06/Jan/2023:19:56:25 -0800] "GET /images/youtube-logo-tiny.png HTTP/1.1" 200 689 "http://www.metrocrimedaily.com/" "Mozilla/5.0 (iPhone; CPU iPhone OS 15_3_1 like Mac OS X) AppleWebKit/605.1.15 (KHTML, like Gecko) Version/15.3 Mobile/15E148 Safari/604.1" "www.metrocrimedaily.com"
104.28.104.88 - - [06/Jan/2023:19:56:25 -0800] "GET /images/twitter-logo-b-tiny.png HTTP/1.1" 200 1600 "http://www.metrocrimedaily.com/" "Mozilla/5.0 (iPhone; CPU iPhone OS 15_3_1 like Mac OS X) AppleWebKit/605.1.15 (KHTML, like Gecko) Version/15.3 Mobile/15E148 Safari/604.1" "www.metrocrimedaily.com"
104.28.104.88 - - [06/Jan/2023:19:56:25 -0800] "GET /images/police-tape.jpg HTTP/1.1" 200 50766 "http://www.metrocrimedaily.com/" "Mozilla/5.0 (iPhone; CPU iPhone OS 15_3_1 like Mac OS X) AppleWebKit/605.1.15 (KHTML, like Gecko) Version/15.3 Mobile/15E148 Safari/604.1" "metrocrimedaily.com"
104.28.104.88 - - [06/Jan/2023:19:56:32 -0800] "GET /favicon.ico HTTP/1.1" 404 88 "http://www.metrocrimedaily.com/" "Mozilla/5.0 (iPhone; CPU iPhone OS 15_3_1 like Mac OS X) AppleWebKit/605.1.15 (KHTML, like Gecko) Version/15.3 Mobile/15E148 Safari/604.1" "www.metrocrimedaily.com"
69.63.184.4 - - [06/Jan/2023:19:57:59 -0800] "GET /instagram-stlouis/01-06-2023-2157391-A.jpg HTTP/1.1" 200 183429 "-" "facebookexternalhit/1.1 (+http://www.facebook.com/externalhit_uatext.php)" "www.metrocrimedaily.com"
69.63.184.118 - - [06/Jan/2023:19:58:27 -0800] "GET /instagram-stlouis/01-06-2023-2157392-A.jpg HTTP/1.1" 200 342022 "-" "facebookexternalhit/1.1 (+http://www.facebook.com/externalhit_uatext.php)" "www.metrocrimedaily.com"
166.170.0.51 - - [06/Jan/2023:20:00:30 -0800] "GET /www.clickondetroit.com HTTP/1.1" 404 88 "http://www.metrocrimedaily.com/" "Mozilla/5.0 (iPhone; CPU iPhone OS 15_6_1 like Mac OS X) AppleWebKit/605.1.15 (KHTML, like Gecko) Version/15.6.1 Mobile/15E148 Safari/604.1" "www.metrocrimedaily.com"
69.63.184.118 - - [06/Jan/2023:20:05:39 -0800] "GET /instagram-dallas/01-06-2023-2149192-A.jpg HTTP/1.1" 200 120585 "-" "facebookexternalhit/1.1 (+http://www.facebook.com/externalhit_uatext.php)" "www.metrocrimedaily.com"
51.222.253.5 - - [06/Jan/2023:20:08:28 -0800] "GET /instagram-houston/videos/?C=N;O=D HTTP/1.1" 200 724 "-" "Mozilla/5.0 (compatible; AhrefsBot/7.0; +http://ahrefs.com/robot/)" "metrocrimedaily.com"
69.63.184.112 - - [06/Jan/2023:20:10:56 -0800] "GET /instagram-atlanta/01-06-2023-2210351-A.jpg HTTP/1.1" 200 109141 "-" "facebookexternalhit/1.1 (+http://www.facebook.com/externalhit_uatext.php)" "www.metrocrimedaily.com"
69.63.184.3 - - [06/Jan/2023:20:13:10 -0800] "GET /instagram-memphis/01-06-2023-2212501-A.jpg HTTP/1.1" 200 95426 "-" "facebookexternalhit/1.1 (+http://www.facebook.com/externalhit_uatext.php)" "www.metrocrimedaily.com"
69.63.184.119 - - [06/Jan/2023:20:13:39 -0800] "GET /instagram-losangeles/01-06-2023-2213191-A.jpg HTTP/1.1" 200 284336 "-" "facebookexternalhit/1.1 (+http://www.facebook.com/externalhit_uatext.php)" "www.metrocrimedaily.com"
73.18.233.246 - - [06/Jan/2023:20:16:39 -0800] "GET / HTTP/1.1" 200 45522 "-" "Mozilla/5.0 (iPhone; CPU iPhone OS 16_1_1 like Mac OS X) AppleWebKit/605.1.15 (KHTML, like Gecko) Version/16.1 Mobile/15E148 Safari/604.1" "www.metrocrimedaily.com"
69.63.184.4 - - [06/Jan/2023:20:20:44 -0800] "GET /instagram-chicago/01-06-2023-2220241-A.jpg HTTP/1.1" 200 83217 "-" "facebookexternalhit/1.1 (+http://www.facebook.com/externalhit_uatext.php)" "www.metrocrimedaily.com"
69.63.184.1 - - [06/Jan/2023:20:21:16 -0800] "GET /instagram-dallas/01-06-2023-2149193-A.jpg HTTP/1.1" 200 137598 "-" "facebookexternalhit/1.1 (+http://www.facebook.com/externalhit_uatext.php)" "www.metrocrimedaily.com"
51.222.253.20 - - [06/Jan/2023:20:23:05 -0800] "GET /robots.txt HTTP/1.1" 404 88 "-" "Mozilla/5.0 (compatible; AhrefsBot/7.0; +http://ahrefs.com/robot/)" "www.metrocrimedaily.com"
51.222.253.8 - - [06/Jan/2023:20:23:06 -0800] "GET /instagram-dallas/post-later/01-06-2023-1707523-Arrest-made-in-2021-Ellis-County-crash-that-kille.txt HTTP/1.1" 200 446 "-" "Mozilla/5.0 (compatible; AhrefsBot/7.0; +http://ahrefs.com/robot/)" "www.metrocrimedaily.com"
157.55.39.33 - - [06/Jan/2023:20:23:20 -0800] "GET /instagram-chicago/11-11-2022-2235351-Highland-Park-unveils-new-temporary-memorial-hono.txt HTTP/1.1" 404 88 "-" "Mozilla/5.0 (compatible; bingbot/2.0; +http://www.bing.com/bingbot.htm)" "www.metrocrimedaily.com"
69.63.184.3 - - [06/Jan/2023:20:26:52 -0800] "GET /instagram-miami/01-06-2023-2226141-A.jpg HTTP/1.1" 200 212964 "-" "facebookexternalhit/1.1 (+http://www.facebook.com/externalhit_uatext.php)" "www.metrocrimedaily.com"
69.63.184.117 - - [06/Jan/2023:20:27:25 -0800] "GET /instagram-detroit/01-06-2023-2226591-A.jpg HTTP/1.1" 200 54589 "-" "facebookexternalhit/1.1 (+http://www.facebook.com/externalhit_uatext.php)" "www.metrocrimedaily.com"
69.63.184.119 - - [06/Jan/2023:20:30:09 -0800] "GET /instagram-stlouis/01-06-2023-2229491-A.jpg HTTP/1.1" 200 461731 "-" "facebookexternalhit/1.1 (+http://www.facebook.com/externalhit_uatext.php)" "www.metrocrimedaily.com"
69.63.184.117 - - [06/Jan/2023:20:33:18 -0800] "GET /instagram-neworleans/01-06-2023-2232581-A.jpg HTTP/1.1" 200 159139 "-" "facebookexternalhit/1.1 (+http://www.facebook.com/externalhit_uatext.php)" "www.metrocrimedaily.com"
66.249.70.137 - - [06/Jan/2023:20:33:34 -0800] "GET /ads.txt HTTP/1.1" 404 88 "-" "Mozilla/5.0 (compatible; Googlebot/2.1; +http://www.google.com/bot.html)" "metrocrimedaily.com"
73.18.233.246 - - [06/Jan/2023:20:36:02 -0800] "GET / HTTP/1.1" 304 - "-" "Mozilla/5.0 (iPhone; CPU iPhone OS 16_1_1 like Mac OS X) AppleWebKit/605.1.15 (KHTML, like Gecko) Version/16.1 Mobile/15E148 Safari/604.1" "www.metrocrimedaily.com"
69.63.184.4 - - [06/Jan/2023:20:36:51 -0800] "GET /instagram-dallas/01-06-2023-2149194-A.jpg HTTP/1.1" 200 279429 "-" "facebookexternalhit/1.1 (+http://www.facebook.com/externalhit_uatext.php)" "www.metrocrimedaily.com"
69.63.184.2 - - [06/Jan/2023:20:37:17 -0800] "GET /instagram-houston/01-06-2023-2236301-A.jpg HTTP/1.1" 200 493521 "-" "facebookexternalhit/1.1 (+http://www.facebook.com/externalhit_uatext.php)" "www.metrocrimedaily.com"
51.222.253.5 - - [06/Jan/2023:20:37:53 -0800] "GET /instagram-dallas/post-later/01-06-2023-1824172-Baby-Toy-Recalled-for-Recorded-Jokes-About-Drive-.txt HTTP/1.1" 200 1149 "-" "Mozilla/5.0 (compatible; AhrefsBot/7.0; +http://ahrefs.com/robot/)" "www.metrocrimedaily.com"
69.63.184.120 - - [06/Jan/2023:20:42:27 -0800] "GET /instagram-miami/01-06-2023-2226142-A.jpg HTTP/1.1" 200 188192 "-" "facebookexternalhit/1.1 (+http://www.facebook.com/externalhit_uatext.php)" "www.metrocrimedaily.com"
69.63.184.3 - - [06/Jan/2023:20:42:55 -0800] "GET /instagram-detroit/01-06-2023-2226592-A.jpg HTTP/1.1" 200 69144 "-" "facebookexternalhit/1.1 (+http://www.facebook.com/externalhit_uatext.php)" "www.metrocrimedaily.com"
157.55.39.84 - - [06/Jan/2023:20:45:01 -0800] "GET /robots.txt HTTP/1.1" 404 88 "-" "Mozilla/5.0 AppleWebKit/537.36 (KHTML, like Gecko; compatible; bingbot/2.0; +http://www.bing.com/bingbot.htm) Chrome/103.0.5060.134 Safari/537.36" "metrocrimedaily.com"
157.55.39.84 - - [06/Jan/2023:20:45:01 -0800] "GET /robots.txt HTTP/1.1" 404 88 "-" "Mozilla/5.0 AppleWebKit/537.36 (KHTML, like Gecko; compatible; bingbot/2.0; +http://www.bing.com/bingbot.htm) Chrome/103.0.5060.134 Safari/537.36" "metrocrimedaily.com"
157.55.39.33 - - [06/Jan/2023:20:45:03 -0800] "GET /wgno.com.%20= HTTP/1.1" 404 88 "-" "Mozilla/5.0 (compatible; bingbot/2.0; +http://www.bing.com/bingbot.htm)" "metrocrimedaily.com"
51.222.253.17 - - [06/Jan/2023:20:52:33 -0800] "GET /instagram-dallas/post-later/01-06-2023-1824173-Wisconsin-Woman-Charged-With-Repeatedly-Poisoning.txt HTTP/1.1" 200 1091 "-" "Mozilla/5.0 (compatible; AhrefsBot/7.0; +http://ahrefs.com/robot/)" "www.metrocrimedaily.com"
69.63.184.117 - - [06/Jan/2023:20:52:49 -0800] "GET /instagram-houston/01-06-2023-2236302-A.jpg HTTP/1.1" 200 191092 "-" "facebookexternalhit/1.1 (+http://www.facebook.com/externalhit_uatext.php)" "www.metrocrimedaily.com"
69.63.184.119 - - [06/Jan/2023:20:58:26 -0800] "GET /instagram-detroit/01-06-2023-2226593-A.jpg HTTP/1.1" 200 105302 "-" "facebookexternalhit/1.1 (+http://www.facebook.com/externalhit_uatext.php)" "www.metrocrimedaily.com"
69.63.184.2 - - [06/Jan/2023:20:58:55 -0800] "GET /instagram-detroit/01-06-2023-2226594-A.jpg HTTP/1.1" 200 72663 "-" "facebookexternalhit/1.1 (+http://www.facebook.com/externalhit_uatext.php)" "www.metrocrimedaily.com"
69.63.184.2 - - [06/Jan/2023:21:07:48 -0800] "GET /instagram-chicago/01-06-2023-2307271-A.jpg HTTP/1.1" 200 80494 "-" "facebookexternalhit/1.1 (+http://www.facebook.com/externalhit_uatext.php)" "www.metrocrimedaily.com"
51.222.253.1 - - [06/Jan/2023:21:08:10 -0800] "GET /instagram-dallas/post-later/01-06-2023-1824174-Police--6-Year-Old-Shoots-Teacher-in-Virginia-Cla.txt HTTP/1.1" 200 772 "-" "Mozilla/5.0 (compatible; AhrefsBot/7.0; +http://ahrefs.com/robot/)" "www.metrocrimedaily.com"
69.63.184.116 - - [06/Jan/2023:21:08:20 -0800] "GET /instagram-houston/01-06-2023-2236303-A.jpg HTTP/1.1" 200 60001 "-" "facebookexternalhit/1.1 (+http://www.facebook.com/externalhit_uatext.php)" "www.metrocrimedaily.com"
69.63.184.120 - - [06/Jan/2023:21:09:32 -0800] "GET /instagram-atlanta/01-06-2023-2308541-A.jpg HTTP/1.1" 200 78330 "-" "facebookexternalhit/1.1 (+http://www.facebook.com/externalhit_uatext.php)" "www.metrocrimedaily.com"
69.63.184.3 - - [06/Jan/2023:21:18:51 -0800] "GET /instagram-stlouis/01-06-2023-2318281-A.jpg HTTP/1.1" 200 163357 "-" "facebookexternalhit/1.1 (+http://www.facebook.com/externalhit_uatext.php)" "www.metrocrimedaily.com"
69.63.184.116 - - [06/Jan/2023:21:23:53 -0800] "GET /instagram-houston/01-06-2023-2236304-A.jpg HTTP/1.1" 200 180733 "-" "facebookexternalhit/1.1 (+http://www.facebook.com/externalhit_uatext.php)" "www.metrocrimedaily.com"
69.63.184.2 - - [06/Jan/2023:21:25:05 -0800] "GET /instagram-atlanta/01-06-2023-2308542-A.jpg HTTP/1.1" 200 144178 "-" "facebookexternalhit/1.1 (+http://www.facebook.com/externalhit_uatext.php)" "www.metrocrimedaily.com"
69.63.184.119 - - [06/Jan/2023:21:25:33 -0800] "GET /instagram-atlanta/01-06-2023-2308543-A.jpg HTTP/1.1" 200 158930 "-" "facebookexternalhit/1.1 (+http://www.facebook.com/externalhit_uatext.php)" "www.metrocrimedaily.com"
68.40.218.86 - - [06/Jan/2023:21:27:47 -0800] "GET / HTTP/1.1" 200 46058 "-" "Mozilla/5.0 (iPhone; CPU iPhone OS 15_1 like Mac OS X) AppleWebKit/605.1.15 (KHTML, like Gecko) Version/15.1 Mobile/15E148 Safari/604.1" "www.metrocrimedaily.com"
68.40.218.86 - - [06/Jan/2023:21:27:48 -0800] "GET /images/twitter-logo-b-tiny.png HTTP/1.1" 200 1600 "http://www.metrocrimedaily.com/" "Mozilla/5.0 (iPhone; CPU iPhone OS 15_1 like Mac OS X) AppleWebKit/605.1.15 (KHTML, like Gecko) Version/15.1 Mobile/15E148 Safari/604.1" "www.metrocrimedaily.com"
68.40.218.86 - - [06/Jan/2023:21:27:48 -0800] "GET /images/facebook-logo-tiny.png HTTP/1.1" 200 1280 "http://www.metrocrimedaily.com/" "Mozilla/5.0 (iPhone; CPU iPhone OS 15_1 like Mac OS X) AppleWebKit/605.1.15 (KHTML, like Gecko) Version/15.1 Mobile/15E148 Safari/604.1" "www.metrocrimedaily.com"
68.40.218.86 - - [06/Jan/2023:21:27:48 -0800] "GET /images/youtube-logo-tiny.png HTTP/1.1" 200 689 "http://www.metrocrimedaily.com/" "Mozilla/5.0 (iPhone; CPU iPhone OS 15_1 like Mac OS X) AppleWebKit/605.1.15 (KHTML, like Gecko) Version/15.1 Mobile/15E148 Safari/604.1" "www.metrocrimedaily.com"
69.63.184.1 - - [06/Jan/2023:21:34:23 -0800] "GET /instagram-stlouis/01-06-2023-2318282-A.jpg HTTP/1.1" 200 212176 "-" "facebookexternalhit/1.1 (+http://www.facebook.com/externalhit_uatext.php)" "www.metrocrimedaily.com"
69.63.184.3 - - [06/Jan/2023:21:34:46 -0800] "GET /instagram-miami/01-06-2023-2334211-A.jpg HTTP/1.1" 200 187384 "-" "facebookexternalhit/1.1 (+http://www.facebook.com/externalhit_uatext.php)" "www.metrocrimedaily.com"
69.63.184.5 - - [06/Jan/2023:21:38:01 -0800] "GET /instagram-losangeles/01-06-2023-2337411-A.jpg HTTP/1.1" 200 134781 "-" "facebookexternalhit/1.1 (+http://www.facebook.com/externalhit_uatext.php)" "www.metrocrimedaily.com"
