69.63.184.116 - - [07/Jan/2023:08:36:36 -0800] "GET /instagram-dallas/01-07-2023-1036141-A.jpg HTTP/1.1" 200 153127 "-" "facebookexternalhit/1.1 (+http://www.facebook.com/externalhit_uatext.php)" "www.metrocrimedaily.com"
69.63.184.5 - - [07/Jan/2023:08:37:16 -0800] "GET /instagram-memphis/01-07-2023-1036561-A.jpg HTTP/1.1" 200 80095 "-" "facebookexternalhit/1.1 (+http://www.facebook.com/externalhit_uatext.php)" "www.metrocrimedaily.com"
52.186.151.113 - - [07/Jan/2023:08:39:01 -0800] "GET / HTTP/1.1" 200 399359 "-" "Mozilla/5.0 (Windows NT 10.0; Win64; x64) AppleWebKit/537.36 (KHTML, like Gecko) Chrome/78.0.3904.108 Safari/537.36" "metrocrimedaily.com"
52.186.151.113 - - [07/Jan/2023:08:39:08 -0800] "GET /wp-includes/wlwmanifest.xml HTTP/1.1" 404 73 "-" "Mozilla/5.0 (Windows NT 10.0; Win64; x64) AppleWebKit/537.36 (KHTML, like Gecko) Chrome/78.0.3904.108 Safari/537.36" "metrocrimedaily.com"
52.186.151.113 - - [07/Jan/2023:08:39:11 -0800] "GET /?author=1 HTTP/1.1" 200 399359 "-" "Mozilla/5.0 (Windows NT 10.0; Win64; x64) AppleWebKit/537.36 (KHTML, like Gecko) Chrome/78.0.3904.108 Safari/537.36" "metrocrimedaily.com"
69.63.184.5 - - [07/Jan/2023:08:42:55 -0800] "GET /instagram-detroit/01-07-2023-1042321-A.jpg HTTP/1.1" 200 88092 "-" "facebookexternalhit/1.1 (+http://www.facebook.com/externalhit_uatext.php)" "www.metrocrimedaily.com"
69.63.184.1 - - [07/Jan/2023:08:43:03 -0800] "GET /instagram-atlanta/01-07-2023-0911034-A.jpg HTTP/1.1" 200 161100 "-" "facebookexternalhit/1.1 (+http://www.facebook.com/externalhit_uatext.php)" "www.metrocrimedaily.com"
172.58.184.92 - - [07/Jan/2023:08:47:20 -0800] "GET / HTTP/1.1" 200 46920 "-" "Mozilla/5.0 (Linux; Android 13; SM-S901U) AppleWebKit/537.36 (KHTML, like Gecko) Chrome/108.0.0.0 Mobile Safari/537.36" "www.metrocrimedaily.com"
172.58.184.92 - - [07/Jan/2023:08:47:20 -0800] "GET /styles-mcd.css HTTP/1.1" 200 1159 "-" "Mozilla/5.0 (Linux; Android 13; SM-S901U) AppleWebKit/537.36 (KHTML, like Gecko) Chrome/108.0.0.0 Mobile Safari/537.36" "www.metrocrimedaily.com"
172.58.184.92 - - [07/Jan/2023:08:47:20 -0800] "GET /images/crimeinthed-logo.jpg HTTP/1.1" 200 14960 "http://www.metrocrimedaily.com/" "Mozilla/5.0 (Linux; Android 13; SM-S901U) AppleWebKit/537.36 (KHTML, like Gecko) Chrome/108.0.0.0 Mobile Safari/537.36" "www.metrocrimedaily.com"
172.58.184.92 - - [07/Jan/2023:08:47:21 -0800] "GET /images/police-tape.jpg HTTP/1.1" 200 50766 "http://www.metrocrimedaily.com/" "Mozilla/5.0 (Linux; Android 13; SM-S901U) AppleWebKit/537.36 (KHTML, like Gecko) Chrome/108.0.0.0 Mobile Safari/537.36" "metrocrimedaily.com"
69.63.184.111 - - [07/Jan/2023:08:54:23 -0800] "GET /instagram-stlouis/01-07-2023-1054031-A.jpg HTTP/1.1" 200 147379 "-" "facebookexternalhit/1.1 (+http://www.facebook.com/externalhit_uatext.php)" "www.metrocrimedaily.com"
69.63.184.120 - - [07/Jan/2023:09:04:43 -0800] "GET /instagram-newyork/01-07-2023-1104221-A.jpg HTTP/1.1" 200 81265 "-" "facebookexternalhit/1.1 (+http://www.facebook.com/externalhit_uatext.php)" "www.metrocrimedaily.com"
69.63.184.1 - - [07/Jan/2023:09:05:09 -0800] "GET /instagram-houston/01-07-2023-1104491-A.jpg HTTP/1.1" 200 186205 "-" "facebookexternalhit/1.1 (+http://www.facebook.com/externalhit_uatext.php)" "www.metrocrimedaily.com"
69.63.184.117 - - [07/Jan/2023:09:07:08 -0800] "GET /instagram-dallas/01-07-2023-1036142-A.jpg HTTP/1.1" 200 116342 "-" "facebookexternalhit/1.1 (+http://www.facebook.com/externalhit_uatext.php)" "www.metrocrimedaily.com"
69.63.184.119 - - [07/Jan/2023:09:10:09 -0800] "GET /instagram-neworleans/01-07-2023-1109501-A.jpg HTTP/1.1" 200 174159 "-" "facebookexternalhit/1.1 (+http://www.facebook.com/externalhit_uatext.php)" "www.metrocrimedaily.com"
69.63.184.5 - - [07/Jan/2023:09:12:54 -0800] "GET /instagram-chicago/01-07-2023-1112321-A.jpg HTTP/1.1" 200 97715 "-" "facebookexternalhit/1.1 (+http://www.facebook.com/externalhit_uatext.php)" "www.metrocrimedaily.com"
76.184.252.42 - - [07/Jan/2023:09:13:19 -0800] "GET /images/police-tape.jpg HTTP/1.1" 200 50766 "-" "Wget/1.20.3 (mingw32)" "metrocrimedaily.com"
69.63.184.118 - - [07/Jan/2023:09:13:28 -0800] "GET /instagram-detroit/01-07-2023-1042322-A.jpg HTTP/1.1" 200 61025 "-" "facebookexternalhit/1.1 (+http://www.facebook.com/externalhit_uatext.php)" "www.metrocrimedaily.com"
69.63.184.5 - - [07/Jan/2023:09:17:21 -0800] "GET /instagram-miami/01-07-2023-1117011-A.jpg HTTP/1.1" 200 61987 "-" "facebookexternalhit/1.1 (+http://www.facebook.com/externalhit_uatext.php)" "www.metrocrimedaily.com"
54.36.149.36 - - [07/Jan/2023:09:20:06 -0800] "GET /robots.txt HTTP/1.1" 404 88 "-" "Mozilla/5.0 (compatible; AhrefsBot/7.0; +http://ahrefs.com/robot/)" "www.metrocrimedaily.com"
51.222.253.3 - - [07/Jan/2023:09:20:07 -0800] "GET / HTTP/1.1" 200 46920 "-" "Mozilla/5.0 (compatible; AhrefsBot/7.0; +http://ahrefs.com/robot/)" "www.metrocrimedaily.com"
107.122.241.78 - - [07/Jan/2023:09:21:50 -0800] "GET / HTTP/1.1" 200 46920 "https://www.google.com/" "Mozilla/5.0 (iPhone; CPU iPhone OS 16_1_1 like Mac OS X) AppleWebKit/605.1.15 (KHTML, like Gecko) Version/16.1 Mobile/15E148 Safari/604.1" "www.metrocrimedaily.com"
107.122.241.78 - - [07/Jan/2023:09:21:50 -0800] "GET /styles-mcd.css HTTP/1.1" 200 1159 "http://www.metrocrimedaily.com/" "Mozilla/5.0 (iPhone; CPU iPhone OS 16_1_1 like Mac OS X) AppleWebKit/605.1.15 (KHTML, like Gecko) Version/16.1 Mobile/15E148 Safari/604.1" "www.metrocrimedaily.com"
107.122.241.78 - - [07/Jan/2023:09:21:50 -0800] "GET /images/crimeinthed-logo.jpg HTTP/1.1" 200 14960 "http://www.metrocrimedaily.com/" "Mozilla/5.0 (iPhone; CPU iPhone OS 16_1_1 like Mac OS X) AppleWebKit/605.1.15 (KHTML, like Gecko) Version/16.1 Mobile/15E148 Safari/604.1" "www.metrocrimedaily.com"
107.122.241.78 - - [07/Jan/2023:09:21:50 -0800] "GET /images/facebook-logo-tiny.png HTTP/1.1" 200 1280 "http://www.metrocrimedaily.com/" "Mozilla/5.0 (iPhone; CPU iPhone OS 16_1_1 like Mac OS X) AppleWebKit/605.1.15 (KHTML, like Gecko) Version/16.1 Mobile/15E148 Safari/604.1" "www.metrocrimedaily.com"
107.122.241.78 - - [07/Jan/2023:09:21:50 -0800] "GET /images/police-tape.jpg HTTP/1.1" 200 50766 "http://www.metrocrimedaily.com/" "Mozilla/5.0 (iPhone; CPU iPhone OS 16_1_1 like Mac OS X) AppleWebKit/605.1.15 (KHTML, like Gecko) Version/16.1 Mobile/15E148 Safari/604.1" "metrocrimedaily.com"
107.122.241.78 - - [07/Jan/2023:09:21:50 -0800] "GET /images/youtube-logo-tiny.png HTTP/1.1" 200 689 "http://www.metrocrimedaily.com/" "Mozilla/5.0 (iPhone; CPU iPhone OS 16_1_1 like Mac OS X) AppleWebKit/605.1.15 (KHTML, like Gecko) Version/16.1 Mobile/15E148 Safari/604.1" "www.metrocrimedaily.com"
107.122.241.78 - - [07/Jan/2023:09:21:50 -0800] "GET /images/twitter-logo-b-tiny.png HTTP/1.1" 200 1600 "http://www.metrocrimedaily.com/" "Mozilla/5.0 (iPhone; CPU iPhone OS 16_1_1 like Mac OS X) AppleWebKit/605.1.15 (KHTML, like Gecko) Version/16.1 Mobile/15E148 Safari/604.1" "www.metrocrimedaily.com"
69.63.184.5 - - [07/Jan/2023:09:24:56 -0800] "GET /instagram-stlouis/01-07-2023-1054032-A.jpg HTTP/1.1" 200 63550 "-" "facebookexternalhit/1.1 (+http://www.facebook.com/externalhit_uatext.php)" "www.metrocrimedaily.com"
69.63.184.118 - - [07/Jan/2023:09:43:28 -0800] "GET /instagram-chicago/01-07-2023-1112322-A.jpg HTTP/1.1" 200 80779 "-" "facebookexternalhit/1.1 (+http://www.facebook.com/externalhit_uatext.php)" "www.metrocrimedaily.com"
69.63.184.4 - - [07/Jan/2023:09:55:27 -0800] "GET /instagram-stlouis/01-07-2023-1054033-A.jpg HTTP/1.1" 200 89687 "-" "facebookexternalhit/1.1 (+http://www.facebook.com/externalhit_uatext.php)" "www.metrocrimedaily.com"
69.63.184.117 - - [07/Jan/2023:10:04:22 -0800] "GET /instagram-atlanta/01-07-2023-1203321-A.jpg HTTP/1.1" 200 81012 "-" "facebookexternalhit/1.1 (+http://www.facebook.com/externalhit_uatext.php)" "www.metrocrimedaily.com"
69.63.184.120 - - [07/Jan/2023:10:08:02 -0800] "GET /instagram-newyork/01-07-2023-1207421-A.jpg HTTP/1.1" 200 94604 "-" "facebookexternalhit/1.1 (+http://www.facebook.com/externalhit_uatext.php)" "www.metrocrimedaily.com"
69.63.184.2 - - [07/Jan/2023:10:15:40 -0800] "GET /instagram-losangeles/01-07-2023-1215201-A.jpg HTTP/1.1" 200 111137 "-" "facebookexternalhit/1.1 (+http://www.facebook.com/externalhit_uatext.php)" "www.metrocrimedaily.com"
54.36.148.120 - - [07/Jan/2023:10:18:12 -0800] "GET /robots.txt HTTP/1.1" 404 88 "-" "Mozilla/5.0 (compatible; AhrefsBot/7.0; +http://ahrefs.com/robot/)" "metrocrimedaily.com"
51.222.253.13 - - [07/Jan/2023:10:18:13 -0800] "GET /instagram-houston/videos/ HTTP/1.1" 200 842 "-" "Mozilla/5.0 (compatible; AhrefsBot/7.0; +http://ahrefs.com/robot/)" "metrocrimedaily.com"
69.63.184.5 - - [07/Jan/2023:10:19:55 -0800] "GET /instagram-atlanta/01-07-2023-1203322-A.jpg HTTP/1.1" 200 224161 "-" "facebookexternalhit/1.1 (+http://www.facebook.com/externalhit_uatext.php)" "www.metrocrimedaily.com"
69.63.184.116 - - [07/Jan/2023:10:19:55 -0800] "GET /instagram-houston/01-07-2023-1219361-A.jpg HTTP/1.1" 200 163734 "-" "facebookexternalhit/1.1 (+http://www.facebook.com/externalhit_uatext.php)" "www.metrocrimedaily.com"
69.63.184.120 - - [07/Jan/2023:10:20:24 -0800] "GET /instagram-atlanta/01-07-2023-1203323-A.jpg HTTP/1.1" 200 92662 "-" "facebookexternalhit/1.1 (+http://www.facebook.com/externalhit_uatext.php)" "www.metrocrimedaily.com"
69.63.184.119 - - [07/Jan/2023:10:20:53 -0800] "GET /instagram-atlanta/01-07-2023-1203324-A.jpg HTTP/1.1" 200 104802 "-" "facebookexternalhit/1.1 (+http://www.facebook.com/externalhit_uatext.php)" "www.metrocrimedaily.com"
69.63.184.2 - - [07/Jan/2023:10:21:22 -0800] "GET /instagram-atlanta/01-07-2023-1203325-A.jpg HTTP/1.1" 200 158050 "-" "facebookexternalhit/1.1 (+http://www.facebook.com/externalhit_uatext.php)" "www.metrocrimedaily.com"
69.63.184.5 - - [07/Jan/2023:10:21:26 -0800] "GET /instagram-memphis/01-07-2023-1221071-A.jpg HTTP/1.1" 200 85833 "-" "facebookexternalhit/1.1 (+http://www.facebook.com/externalhit_uatext.php)" "www.metrocrimedaily.com"
69.63.184.4 - - [07/Jan/2023:10:21:51 -0800] "GET /instagram-atlanta/01-07-2023-1203326-A.jpg HTTP/1.1" 200 133062 "-" "facebookexternalhit/1.1 (+http://www.facebook.com/externalhit_uatext.php)" "www.metrocrimedaily.com"
69.63.184.2 - - [07/Jan/2023:10:26:00 -0800] "GET /instagram-stlouis/01-07-2023-1054034-A.jpg HTTP/1.1" 200 271662 "-" "facebookexternalhit/1.1 (+http://www.facebook.com/externalhit_uatext.php)" "www.metrocrimedaily.com"
69.63.184.117 - - [07/Jan/2023:10:31:11 -0800] "GET /instagram-losangeles/01-07-2023-1215202-A.jpg HTTP/1.1" 200 55089 "-" "facebookexternalhit/1.1 (+http://www.facebook.com/externalhit_uatext.php)" "www.metrocrimedaily.com"
69.63.184.119 - - [07/Jan/2023:10:35:25 -0800] "GET /instagram-houston/01-07-2023-1219362-A.jpg HTTP/1.1" 200 79063 "-" "facebookexternalhit/1.1 (+http://www.facebook.com/externalhit_uatext.php)" "www.metrocrimedaily.com"
69.63.184.118 - - [07/Jan/2023:10:44:13 -0800] "GET /instagram-detroit/01-07-2023-1243511-A.jpg HTTP/1.1" 200 54722 "-" "facebookexternalhit/1.1 (+http://www.facebook.com/externalhit_uatext.php)" "www.metrocrimedaily.com"
69.63.184.3 - - [07/Jan/2023:10:49:22 -0800] "GET /instagram-chicago/01-07-2023-1249001-A.jpg HTTP/1.1" 200 336265 "-" "facebookexternalhit/1.1 (+http://www.facebook.com/externalhit_uatext.php)" "www.metrocrimedaily.com"
174.193.115.202 - - [07/Jan/2023:10:50:22 -0800] "GET /images/youtube-logo-tiny.png HTTP/1.1" 200 689 "http://www.metrocrimedaily.com/" "Mozilla/5.0 (iPhone; CPU iPhone OS 15_6 like Mac OS X) AppleWebKit/605.1.15 (KHTML, like Gecko) GSA/242.1.493995244 Mobile/19G71 Safari/604.1" "www.metrocrimedaily.com"
174.193.115.202 - - [07/Jan/2023:10:50:22 -0800] "GET /images/facebook-logo-tiny.png HTTP/1.1" 200 1280 "http://www.metrocrimedaily.com/" "Mozilla/5.0 (iPhone; CPU iPhone OS 15_6 like Mac OS X) AppleWebKit/605.1.15 (KHTML, like Gecko) GSA/242.1.493995244 Mobile/19G71 Safari/604.1" "www.metrocrimedaily.com"
69.63.184.5 - - [07/Jan/2023:10:59:46 -0800] "GET /instagram-detroit/01-07-2023-1243512-A.jpg HTTP/1.1" 200 88092 "-" "facebookexternalhit/1.1 (+http://www.facebook.com/externalhit_uatext.php)" "www.metrocrimedaily.com"
69.63.184.2 - - [07/Jan/2023:11:04:54 -0800] "GET /instagram-chicago/01-07-2023-1249002-A.jpg HTTP/1.1" 200 98208 "-" "facebookexternalhit/1.1 (+http://www.facebook.com/externalhit_uatext.php)" "www.metrocrimedaily.com"
69.63.184.3 - - [07/Jan/2023:11:14:37 -0800] "GET /instagram-houston/01-07-2023-1314161-A.jpg HTTP/1.1" 200 85402 "-" "facebookexternalhit/1.1 (+http://www.facebook.com/externalhit_uatext.php)" "www.metrocrimedaily.com"
69.63.184.4 - - [07/Jan/2023:11:15:19 -0800] "GET /instagram-detroit/01-07-2023-1243513-A.jpg HTTP/1.1" 200 114112 "-" "facebookexternalhit/1.1 (+http://www.facebook.com/externalhit_uatext.php)" "www.metrocrimedaily.com"
66.249.70.137 - - [07/Jan/2023:11:18:54 -0800] "GET /robots.txt HTTP/1.1" 404 88 "-" "Mozilla/5.0 (compatible; Googlebot/2.1; +http://www.google.com/bot.html)" "metrocrimedaily.com"
69.63.184.120 - - [07/Jan/2023:11:19:56 -0800] "GET /instagram-dallas/01-07-2023-1319341-A.jpg HTTP/1.1" 200 146320 "-" "facebookexternalhit/1.1 (+http://www.facebook.com/externalhit_uatext.php)" "www.metrocrimedaily.com"
69.63.184.117 - - [07/Jan/2023:11:20:29 -0800] "GET /instagram-chicago/01-07-2023-1249003-A.jpg HTTP/1.1" 200 86600 "-" "facebookexternalhit/1.1 (+http://www.facebook.com/externalhit_uatext.php)" "www.metrocrimedaily.com"
69.63.184.116 - - [07/Jan/2023:11:21:31 -0800] "GET /instagram-stlouis/01-07-2023-1321111-A.jpg HTTP/1.1" 200 174677 "-" "facebookexternalhit/1.1 (+http://www.facebook.com/externalhit_uatext.php)" "www.metrocrimedaily.com"
128.199.81.43 - - [07/Jan/2023:11:22:32 -0800] "GET /wp-includes/wlwmanifest.xml HTTP/1.1" 404 88 "-" "python-requests/2.27.1" "metrocrimedaily.com"
128.199.81.43 - - [07/Jan/2023:11:22:32 -0800] "GET /administrator/index.php HTTP/1.1" 404 88 "-" "python-requests/2.27.1" "metrocrimedaily.com"
128.199.81.43 - - [07/Jan/2023:11:22:33 -0800] "GET /view-source: HTTP/1.1" 404 88 "-" "python-requests/2.27.1" "metrocrimedaily.com"
128.199.81.43 - - [07/Jan/2023:11:22:33 -0800] "GET /misc/ajax.js HTTP/1.1" 404 88 "-" "python-requests/2.27.1" "metrocrimedaily.com"
51.222.253.1 - - [07/Jan/2023:11:25:40 -0800] "GET / HTTP/1.1" 200 47343 "-" "Mozilla/5.0 (compatible; AhrefsBot/7.0; +http://ahrefs.com/robot/)" "metrocrimedaily.com"
69.63.184.116 - - [07/Jan/2023:11:26:13 -0800] "GET /instagram-losangeles/01-07-2023-1325541-A.jpg HTTP/1.1" 200 128847 "-" "facebookexternalhit/1.1 (+http://www.facebook.com/externalhit_uatext.php)" "www.metrocrimedaily.com"
51.222.253.6 - - [07/Jan/2023:11:26:28 -0800] "GET /images/youtube-logo-tiny.png HTTP/1.1" 200 689 "-" "Mozilla/5.0 (compatible; AhrefsBot/7.0; +http://ahrefs.com/robot/)" "metrocrimedaily.com"
51.222.253.11 - - [07/Jan/2023:11:26:28 -0800] "GET /images/twitter-logo-b-tiny.png HTTP/1.1" 200 1600 "-" "Mozilla/5.0 (compatible; AhrefsBot/7.0; +http://ahrefs.com/robot/)" "metrocrimedaily.com"
51.222.253.14 - - [07/Jan/2023:11:26:29 -0800] "GET /images/crimeinthed-logo.jpg HTTP/1.1" 200 14960 "-" "Mozilla/5.0 (compatible; AhrefsBot/7.0; +http://ahrefs.com/robot/)" "metrocrimedaily.com"
69.63.184.2 - - [07/Jan/2023:11:29:04 -0800] "GET /instagram-newyork/01-07-2023-1328451-A.jpg HTTP/1.1" 200 141079 "-" "facebookexternalhit/1.1 (+http://www.facebook.com/externalhit_uatext.php)" "www.metrocrimedaily.com"
76.184.252.42 - - [07/Jan/2023:11:30:40 -0800] "GET /images/police-tape.jpg HTTP/1.1" 200 50766 "-" "Wget/1.20.3 (mingw32)" "metrocrimedaily.com"
69.63.184.4 - - [07/Jan/2023:11:30:49 -0800] "GET /instagram-detroit/01-07-2023-1243514-A.jpg HTTP/1.1" 200 59827 "-" "facebookexternalhit/1.1 (+http://www.facebook.com/externalhit_uatext.php)" "www.metrocrimedaily.com"
69.63.184.4 - - [07/Jan/2023:11:31:16 -0800] "GET /instagram-detroit/01-07-2023-1243515-A.jpg HTTP/1.1" 200 55198 "-" "facebookexternalhit/1.1 (+http://www.facebook.com/externalhit_uatext.php)" "www.metrocrimedaily.com"
69.63.184.120 - - [07/Jan/2023:11:33:58 -0800] "GET /instagram-atlanta/01-07-2023-1333371-A.jpg HTTP/1.1" 200 129811 "-" "facebookexternalhit/1.1 (+http://www.facebook.com/externalhit_uatext.php)" "www.metrocrimedaily.com"
69.63.184.5 - - [07/Jan/2023:11:37:04 -0800] "GET /instagram-stlouis/01-07-2023-1321112-A.jpg HTTP/1.1" 200 112223 "-" "facebookexternalhit/1.1 (+http://www.facebook.com/externalhit_uatext.php)" "www.metrocrimedaily.com"
69.63.184.117 - - [07/Jan/2023:11:41:46 -0800] "GET /instagram-losangeles/01-07-2023-1325542-A.jpg HTTP/1.1" 200 159141 "-" "facebookexternalhit/1.1 (+http://www.facebook.com/externalhit_uatext.php)" "www.metrocrimedaily.com"
174.193.115.202 - - [07/Jan/2023:11:49:54 -0800] "GET / HTTP/1.1" 200 48078 "-" "Mozilla/5.0 (iPhone; CPU iPhone OS 15_6 like Mac OS X) AppleWebKit/605.1.15 (KHTML, like Gecko) GSA/242.1.493995244 Mobile/19G71 Safari/604.1" "www.metrocrimedaily.com"
174.193.115.202 - - [07/Jan/2023:11:49:55 -0800] "GET / HTTP/1.1" 304 - "-" "Mozilla/5.0 (iPhone; CPU iPhone OS 15_6 like Mac OS X) AppleWebKit/605.1.15 (KHTML, like Gecko) GSA/242.1.493995244 Mobile/19G71 Safari/604.1" "www.metrocrimedaily.com"
69.63.184.118 - - [07/Jan/2023:11:51:25 -0800] "GET /instagram-memphis/01-07-2023-1351041-A.jpg HTTP/1.1" 200 85648 "-" "facebookexternalhit/1.1 (+http://www.facebook.com/externalhit_uatext.php)" "www.metrocrimedaily.com"
69.63.184.118 - - [07/Jan/2023:11:52:35 -0800] "GET /instagram-stlouis/01-07-2023-1321113-A.jpg HTTP/1.1" 200 108334 "-" "facebookexternalhit/1.1 (+http://www.facebook.com/externalhit_uatext.php)" "www.metrocrimedaily.com"
69.63.184.119 - - [07/Jan/2023:12:08:06 -0800] "GET /instagram-stlouis/01-07-2023-1321114-A.jpg HTTP/1.1" 200 112975 "-" "facebookexternalhit/1.1 (+http://www.facebook.com/externalhit_uatext.php)" "www.metrocrimedaily.com"
69.63.184.2 - - [07/Jan/2023:12:10:36 -0800] "GET /instagram-chicago/01-07-2023-1410141-A.jpg HTTP/1.1" 200 166612 "-" "facebookexternalhit/1.1 (+http://www.facebook.com/externalhit_uatext.php)" "www.metrocrimedaily.com"
69.63.184.4 - - [07/Jan/2023:12:17:21 -0800] "GET /instagram-dallas/01-07-2023-1417001-A.jpg HTTP/1.1" 200 107043 "-" "facebookexternalhit/1.1 (+http://www.facebook.com/externalhit_uatext.php)" "www.metrocrimedaily.com"
98.224.178.54 - - [07/Jan/2023:12:17:32 -0800] "GET / HTTP/1.1" 200 48078 "https://www.google.com/" "Mozilla/5.0 (iPhone; CPU iPhone OS 16_1_2 like Mac OS X) AppleWebKit/605.1.15 (KHTML, like Gecko) Version/16.1 Mobile/15E148 Safari/604.1" "www.metrocrimedaily.com"
98.224.178.54 - - [07/Jan/2023:12:17:33 -0800] "GET /styles-mcd.css HTTP/1.1" 200 1159 "http://www.metrocrimedaily.com/" "Mozilla/5.0 (iPhone; CPU iPhone OS 16_1_2 like Mac OS X) AppleWebKit/605.1.15 (KHTML, like Gecko) Version/16.1 Mobile/15E148 Safari/604.1" "www.metrocrimedaily.com"
98.224.178.54 - - [07/Jan/2023:12:17:33 -0800] "GET /images/crimeinthed-logo.jpg HTTP/1.1" 200 14960 "http://www.metrocrimedaily.com/" "Mozilla/5.0 (iPhone; CPU iPhone OS 16_1_2 like Mac OS X) AppleWebKit/605.1.15 (KHTML, like Gecko) Version/16.1 Mobile/15E148 Safari/604.1" "www.metrocrimedaily.com"
98.224.178.54 - - [07/Jan/2023:12:17:33 -0800] "GET /images/facebook-logo-tiny.png HTTP/1.1" 200 1280 "http://www.metrocrimedaily.com/" "Mozilla/5.0 (iPhone; CPU iPhone OS 16_1_2 like Mac OS X) AppleWebKit/605.1.15 (KHTML, like Gecko) Version/16.1 Mobile/15E148 Safari/604.1" "www.metrocrimedaily.com"
98.224.178.54 - - [07/Jan/2023:12:17:33 -0800] "GET /images/youtube-logo-tiny.png HTTP/1.1" 200 689 "http://www.metrocrimedaily.com/" "Mozilla/5.0 (iPhone; CPU iPhone OS 16_1_2 like Mac OS X) AppleWebKit/605.1.15 (KHTML, like Gecko) Version/16.1 Mobile/15E148 Safari/604.1" "www.metrocrimedaily.com"
98.224.178.54 - - [07/Jan/2023:12:17:33 -0800] "GET /images/police-tape.jpg HTTP/1.1" 200 50766 "http://www.metrocrimedaily.com/" "Mozilla/5.0 (iPhone; CPU iPhone OS 16_1_2 like Mac OS X) AppleWebKit/605.1.15 (KHTML, like Gecko) Version/16.1 Mobile/15E148 Safari/604.1" "metrocrimedaily.com"
98.224.178.54 - - [07/Jan/2023:12:17:33 -0800] "GET /images/twitter-logo-b-tiny.png HTTP/1.1" 200 1600 "http://www.metrocrimedaily.com/" "Mozilla/5.0 (iPhone; CPU iPhone OS 16_1_2 like Mac OS X) AppleWebKit/605.1.15 (KHTML, like Gecko) Version/16.1 Mobile/15E148 Safari/604.1" "www.metrocrimedaily.com"
98.224.178.54 - - [07/Jan/2023:12:17:36 -0800] "GET /favicon.ico HTTP/1.1" 404 88 "http://www.metrocrimedaily.com/" "Mozilla/5.0 (iPhone; CPU iPhone OS 16_1_2 like Mac OS X) AppleWebKit/605.1.15 (KHTML, like Gecko) Version/16.1 Mobile/15E148 Safari/604.1" "www.metrocrimedaily.com"
69.63.184.2 - - [07/Jan/2023:12:22:16 -0800] "GET /instagram-detroit/01-07-2023-1421561-A.jpg HTTP/1.1" 200 95523 "-" "facebookexternalhit/1.1 (+http://www.facebook.com/externalhit_uatext.php)" "www.metrocrimedaily.com"
69.63.184.4 - - [07/Jan/2023:12:24:51 -0800] "GET /instagram-atlanta/01-07-2023-1424291-A.jpg HTTP/1.1" 200 191098 "-" "facebookexternalhit/1.1 (+http://www.facebook.com/externalhit_uatext.php)" "www.metrocrimedaily.com"
174.193.115.202 - - [07/Jan/2023:12:26:38 -0800] "GET / HTTP/1.1" 304 - "-" "Mozilla/5.0 (iPhone; CPU iPhone OS 15_6 like Mac OS X) AppleWebKit/605.1.15 (KHTML, like Gecko) GSA/242.1.493995244 Mobile/19G71 Safari/604.1" "www.metrocrimedaily.com"
69.63.184.117 - - [07/Jan/2023:12:32:55 -0800] "GET /instagram-dallas/01-07-2023-1417002-A.jpg HTTP/1.1" 200 91077 "-" "facebookexternalhit/1.1 (+http://www.facebook.com/externalhit_uatext.php)" "www.metrocrimedaily.com"
66.249.70.138 - - [07/Jan/2023:12:39:49 -0800] "GET /robots.txt HTTP/1.1" 404 88 "-" "Mozilla/5.0 (compatible; Googlebot/2.1; +http://www.google.com/bot.html)" "metrocrimedaily.com"
69.63.184.118 - - [07/Jan/2023:12:48:28 -0800] "GET /instagram-dallas/01-07-2023-1417003-A.jpg HTTP/1.1" 200 348590 "-" "facebookexternalhit/1.1 (+http://www.facebook.com/externalhit_uatext.php)" "www.metrocrimedaily.com"
69.63.184.117 - - [07/Jan/2023:12:57:31 -0800] "GET /instagram-stlouis/01-07-2023-1457111-A.jpg HTTP/1.1" 200 184164 "-" "facebookexternalhit/1.1 (+http://www.facebook.com/externalhit_uatext.php)" "www.metrocrimedaily.com"
174.193.115.202 - - [07/Jan/2023:12:59:11 -0800] "GET / HTTP/1.1" 200 48272 "-" "Mozilla/5.0 (iPhone; CPU iPhone OS 15_6 like Mac OS X) AppleWebKit/605.1.15 (KHTML, like Gecko) GSA/242.1.493995244 Mobile/19G71 Safari/604.1" "www.metrocrimedaily.com"
69.63.184.116 - - [07/Jan/2023:13:09:25 -0800] "GET /instagram-newyork/01-07-2023-1509051-A.jpg HTTP/1.1" 200 134252 "-" "facebookexternalhit/1.1 (+http://www.facebook.com/externalhit_uatext.php)" "www.metrocrimedaily.com"
69.63.184.5 - - [07/Jan/2023:13:09:29 -0800] "GET /instagram-neworleans/01-07-2023-1509081-A.jpg HTTP/1.1" 200 458912 "-" "facebookexternalhit/1.1 (+http://www.facebook.com/externalhit_uatext.php)" "www.metrocrimedaily.com"
207.46.13.128 - - [07/Jan/2023:13:11:48 -0800] "GET /robots.txt HTTP/1.1" 404 88 "-" "Mozilla/5.0 (compatible; bingbot/2.0; +http://www.bing.com/bingbot.htm)" "www.metrocrimedaily.com"
157.55.39.33 - - [07/Jan/2023:13:11:57 -0800] "GET /CRIME-WATCH-MONROE/fgrep-input.txt HTTP/1.1" 404 88 "-" "Mozilla/5.0 AppleWebKit/537.36 (KHTML, like Gecko; compatible; bingbot/2.0; +http://www.bing.com/bingbot.htm) Chrome/103.0.5060.134 Safari/537.36" "www.metrocrimedaily.com"
69.63.184.4 - - [07/Jan/2023:13:13:03 -0800] "GET /instagram-stlouis/01-07-2023-1457112-A.jpg HTTP/1.1" 200 290418 "-" "facebookexternalhit/1.1 (+http://www.facebook.com/externalhit_uatext.php)" "www.metrocrimedaily.com"
69.63.184.4 - - [07/Jan/2023:13:23:01 -0800] "GET /instagram-atlanta/01-07-2023-1522401-A.jpg HTTP/1.1" 200 58525 "-" "facebookexternalhit/1.1 (+http://www.facebook.com/externalhit_uatext.php)" "www.metrocrimedaily.com"
69.63.184.116 - - [07/Jan/2023:13:24:56 -0800] "GET /instagram-newyork/01-07-2023-1509052-A.jpg HTTP/1.1" 200 67557 "-" "facebookexternalhit/1.1 (+http://www.facebook.com/externalhit_uatext.php)" "www.metrocrimedaily.com"
174.211.34.243 - - [07/Jan/2023:13:28:00 -0800] "GET / HTTP/1.1" 200 48272 "-" "Mozilla/5.0 (iPhone; CPU iPhone OS 14_6 like Mac OS X) AppleWebKit/605.1.15 (KHTML, like Gecko) Version/14.1.1 Mobile/15E148 Safari/604.1" "www.metrocrimedaily.com"
174.211.34.243 - - [07/Jan/2023:13:28:00 -0800] "GET /images/crimeinthed-logo.jpg HTTP/1.1" 200 14960 "http://www.metrocrimedaily.com/" "Mozilla/5.0 (iPhone; CPU iPhone OS 14_6 like Mac OS X) AppleWebKit/605.1.15 (KHTML, like Gecko) Version/14.1.1 Mobile/15E148 Safari/604.1" "www.metrocrimedaily.com"
174.211.34.243 - - [07/Jan/2023:13:28:00 -0800] "GET /images/facebook-logo-tiny.png HTTP/1.1" 200 1280 "http://www.metrocrimedaily.com/" "Mozilla/5.0 (iPhone; CPU iPhone OS 14_6 like Mac OS X) AppleWebKit/605.1.15 (KHTML, like Gecko) Version/14.1.1 Mobile/15E148 Safari/604.1" "www.metrocrimedaily.com"
174.211.34.243 - - [07/Jan/2023:13:28:00 -0800] "GET /images/youtube-logo-tiny.png HTTP/1.1" 200 689 "http://www.metrocrimedaily.com/" "Mozilla/5.0 (iPhone; CPU iPhone OS 14_6 like Mac OS X) AppleWebKit/605.1.15 (KHTML, like Gecko) Version/14.1.1 Mobile/15E148 Safari/604.1" "www.metrocrimedaily.com"
174.211.34.243 - - [07/Jan/2023:13:28:00 -0800] "GET /images/twitter-logo-b-tiny.png HTTP/1.1" 200 1600 "http://www.metrocrimedaily.com/" "Mozilla/5.0 (iPhone; CPU iPhone OS 14_6 like Mac OS X) AppleWebKit/605.1.15 (KHTML, like Gecko) Version/14.1.1 Mobile/15E148 Safari/604.1" "www.metrocrimedaily.com"
69.63.184.117 - - [07/Jan/2023:13:28:37 -0800] "GET /instagram-stlouis/01-07-2023-1457113-A.jpg HTTP/1.1" 200 515012 "-" "facebookexternalhit/1.1 (+http://www.facebook.com/externalhit_uatext.php)" "www.metrocrimedaily.com"
69.63.184.5 - - [07/Jan/2023:13:33:20 -0800] "GET /instagram-detroit/01-07-2023-1532581-A.jpg HTTP/1.1" 200 270947 "-" "facebookexternalhit/1.1 (+http://www.facebook.com/externalhit_uatext.php)" "www.metrocrimedaily.com"
69.114.46.126 - - [07/Jan/2023:13:36:40 -0800] "GET / HTTP/1.1" 200 48272 "-" "Mozilla/5.0 (Linux; Android 10; SM-G960U) AppleWebKit/537.36 (KHTML, like Gecko) Chrome/108.0.0.0 Mobile Safari/537.36" "www.metrocrimedaily.com"
69.114.46.126 - - [07/Jan/2023:13:36:40 -0800] "GET /styles-mcd.css HTTP/1.1" 200 1159 "-" "Mozilla/5.0 (Linux; Android 10; SM-G960U) AppleWebKit/537.36 (KHTML, like Gecko) Chrome/108.0.0.0 Mobile Safari/537.36" "www.metrocrimedaily.com"
69.114.46.126 - - [07/Jan/2023:13:36:40 -0800] "GET /images/crimeinthed-logo.jpg HTTP/1.1" 200 14960 "http://www.metrocrimedaily.com/" "Mozilla/5.0 (Linux; Android 10; SM-G960U) AppleWebKit/537.36 (KHTML, like Gecko) Chrome/108.0.0.0 Mobile Safari/537.36" "www.metrocrimedaily.com"
69.114.46.126 - - [07/Jan/2023:13:36:41 -0800] "GET /images/police-tape.jpg HTTP/1.1" 200 50766 "http://www.metrocrimedaily.com/" "Mozilla/5.0 (Linux; Android 10; SM-G960U) AppleWebKit/537.36 (KHTML, like Gecko) Chrome/108.0.0.0 Mobile Safari/537.36" "metrocrimedaily.com"
69.114.46.126 - - [07/Jan/2023:13:36:41 -0800] "GET /images/facebook-logo-tiny.png HTTP/1.1" 200 1280 "http://www.metrocrimedaily.com/" "Mozilla/5.0 (Linux; Android 10; SM-G960U) AppleWebKit/537.36 (KHTML, like Gecko) Chrome/108.0.0.0 Mobile Safari/537.36" "www.metrocrimedaily.com"
69.114.46.126 - - [07/Jan/2023:13:36:41 -0800] "GET /images/youtube-logo-tiny.png HTTP/1.1" 200 689 "http://www.metrocrimedaily.com/" "Mozilla/5.0 (Linux; Android 10; SM-G960U) AppleWebKit/537.36 (KHTML, like Gecko) Chrome/108.0.0.0 Mobile Safari/537.36" "www.metrocrimedaily.com"
69.114.46.126 - - [07/Jan/2023:13:36:41 -0800] "GET /images/twitter-logo-b-tiny.png HTTP/1.1" 200 1600 "http://www.metrocrimedaily.com/" "Mozilla/5.0 (Linux; Android 10; SM-G960U) AppleWebKit/537.36 (KHTML, like Gecko) Chrome/108.0.0.0 Mobile Safari/537.36" "www.metrocrimedaily.com"
69.63.184.4 - - [07/Jan/2023:13:38:36 -0800] "GET /instagram-atlanta/01-07-2023-1522402-A.jpg HTTP/1.1" 200 107120 "-" "facebookexternalhit/1.1 (+http://www.facebook.com/externalhit_uatext.php)" "www.metrocrimedaily.com"
207.46.13.128 - - [07/Jan/2023:13:38:53 -0800] "GET /robots.txt HTTP/1.1" 404 88 "-" "Mozilla/5.0 AppleWebKit/537.36 (KHTML, like Gecko; compatible; bingbot/2.0; +http://www.bing.com/bingbot.htm) Chrome/103.0.5060.134 Safari/537.36" "www.metrocrimedaily.com"
157.55.39.88 - - [07/Jan/2023:13:38:57 -0800] "GET /instagram-chicago/12-02-2022-1726441-Man-charged-with-fatally-shooting-another-man-mom.txt HTTP/1.1" 404 88 "-" "Mozilla/5.0 AppleWebKit/537.36 (KHTML, like Gecko; compatible; bingbot/2.0; +http://www.bing.com/bingbot.htm) Chrome/103.0.5060.134 Safari/537.36" "www.metrocrimedaily.com"
69.63.184.117 - - [07/Jan/2023:13:41:18 -0800] "GET /instagram-losangeles/01-07-2023-1540581-A.jpg HTTP/1.1" 200 182380 "-" "facebookexternalhit/1.1 (+http://www.facebook.com/externalhit_uatext.php)" "www.metrocrimedaily.com"
69.63.184.117 - - [07/Jan/2023:13:48:51 -0800] "GET /instagram-detroit/01-07-2023-1532582-A.jpg HTTP/1.1" 200 60657 "-" "facebookexternalhit/1.1 (+http://www.facebook.com/externalhit_uatext.php)" "www.metrocrimedaily.com"
69.63.184.113 - - [07/Jan/2023:13:53:39 -0800] "GET /instagram-neworleans/01-07-2023-1553191-A.jpg HTTP/1.1" 200 458912 "-" "facebookexternalhit/1.1 (+http://www.facebook.com/externalhit_uatext.php)" "www.metrocrimedaily.com"
76.184.252.42 - - [07/Jan/2023:14:04:12 -0800] "GET /images/police-tape.jpg HTTP/1.1" 200 50766 "-" "Wget/1.20.3 (mingw32)" "metrocrimedaily.com"
69.63.184.119 - - [07/Jan/2023:14:04:21 -0800] "GET /instagram-detroit/01-07-2023-1532583-A.jpg HTTP/1.1" 200 60486 "-" "facebookexternalhit/1.1 (+http://www.facebook.com/externalhit_uatext.php)" "www.metrocrimedaily.com"
69.63.184.118 - - [07/Jan/2023:14:04:29 -0800] "GET /instagram-houston/01-07-2023-1604101-A.jpg HTTP/1.1" 200 129193 "-" "facebookexternalhit/1.1 (+http://www.facebook.com/externalhit_uatext.php)" "www.metrocrimedaily.com"
35.149.94.9 - - [07/Jan/2023:14:04:56 -0800] "GET / HTTP/1.1" 200 48272 "https://www.google.com/" "Mozilla/5.0 (Windows NT 10.0; Win64; x64) AppleWebKit/537.36 (KHTML, like Gecko) Chrome/108.0.0.0 Safari/537.36" "www.metrocrimedaily.com"
35.149.94.9 - - [07/Jan/2023:14:04:56 -0800] "GET /styles-mcd.css HTTP/1.1" 200 1159 "http://www.metrocrimedaily.com/" "Mozilla/5.0 (Windows NT 10.0; Win64; x64) AppleWebKit/537.36 (KHTML, like Gecko) Chrome/108.0.0.0 Safari/537.36" "www.metrocrimedaily.com"
35.149.94.9 - - [07/Jan/2023:14:04:57 -0800] "GET /images/crimeinthed-logo.jpg HTTP/1.1" 200 14960 "http://www.metrocrimedaily.com/" "Mozilla/5.0 (Windows NT 10.0; Win64; x64) AppleWebKit/537.36 (KHTML, like Gecko) Chrome/108.0.0.0 Safari/537.36" "www.metrocrimedaily.com"
35.149.94.9 - - [07/Jan/2023:14:04:57 -0800] "GET /images/police-tape.jpg HTTP/1.1" 200 50766 "http://www.metrocrimedaily.com/" "Mozilla/5.0 (Windows NT 10.0; Win64; x64) AppleWebKit/537.36 (KHTML, like Gecko) Chrome/108.0.0.0 Safari/537.36" "metrocrimedaily.com"
35.149.94.9 - - [07/Jan/2023:14:04:57 -0800] "GET /images/facebook-logo-tiny.png HTTP/1.1" 200 1280 "http://www.metrocrimedaily.com/" "Mozilla/5.0 (Windows NT 10.0; Win64; x64) AppleWebKit/537.36 (KHTML, like Gecko) Chrome/108.0.0.0 Safari/537.36" "www.metrocrimedaily.com"
35.149.94.9 - - [07/Jan/2023:14:04:57 -0800] "GET /images/youtube-logo-tiny.png HTTP/1.1" 200 689 "http://www.metrocrimedaily.com/" "Mozilla/5.0 (Windows NT 10.0; Win64; x64) AppleWebKit/537.36 (KHTML, like Gecko) Chrome/108.0.0.0 Safari/537.36" "www.metrocrimedaily.com"
35.149.94.9 - - [07/Jan/2023:14:04:57 -0800] "GET /images/twitter-logo-b-tiny.png HTTP/1.1" 200 1600 "http://www.metrocrimedaily.com/" "Mozilla/5.0 (Windows NT 10.0; Win64; x64) AppleWebKit/537.36 (KHTML, like Gecko) Chrome/108.0.0.0 Safari/537.36" "www.metrocrimedaily.com"
69.63.184.119 - - [07/Jan/2023:14:05:01 -0800] "GET /instagram-miami/01-07-2023-1604361-A.jpg HTTP/1.1" 200 182217 "-" "facebookexternalhit/1.1 (+http://www.facebook.com/externalhit_uatext.php)" "www.metrocrimedaily.com"
69.63.184.4 - - [07/Jan/2023:14:06:30 -0800] "GET /instagram-memphis/01-07-2023-1606101-A.jpg HTTP/1.1" 200 86228 "-" "facebookexternalhit/1.1 (+http://www.facebook.com/externalhit_uatext.php)" "www.metrocrimedaily.com"
69.63.184.118 - - [07/Jan/2023:14:16:04 -0800] "GET /instagram-dallas/01-07-2023-1615431-A.jpg HTTP/1.1" 200 182875 "-" "facebookexternalhit/1.1 (+http://www.facebook.com/externalhit_uatext.php)" "www.metrocrimedaily.com"
69.63.184.5 - - [07/Jan/2023:14:16:50 -0800] "GET /instagram-stlouis/01-07-2023-1616301-A.jpg HTTP/1.1" 200 290545 "-" "facebookexternalhit/1.1 (+http://www.facebook.com/externalhit_uatext.php)" "www.metrocrimedaily.com"
69.63.184.117 - - [07/Jan/2023:14:20:01 -0800] "GET /instagram-houston/01-07-2023-1604102-A.jpg HTTP/1.1" 200 80854 "-" "facebookexternalhit/1.1 (+http://www.facebook.com/externalhit_uatext.php)" "www.metrocrimedaily.com"
69.63.184.3 - - [07/Jan/2023:14:26:47 -0800] "GET /instagram-chicago/01-07-2023-1626261-A.jpg HTTP/1.1" 200 79463 "-" "facebookexternalhit/1.1 (+http://www.facebook.com/externalhit_uatext.php)" "www.metrocrimedaily.com"
20.51.247.40 - - [07/Jan/2023:14:31:14 -0800] "POST / HTTP/1.1" 200 48899 "-" "Mozilla/5.0 (Linux; U; Android 4.4.2; en-US; HM NOTE 1W Build/KOT49H) AppleWebKit/534.30 (KHTML, like Gecko) Version/4.0 UCBrowser/11.0.5.850 U3/0.8.0 Mobile Safari/534.30" "metrocrimedaily.com"
20.51.247.40 - - [07/Jan/2023:14:31:15 -0800] "POST / HTTP/1.1" 200 48899 "-" "Mozilla/5.0 (Linux; U; Android 4.4.2; en-US; HM NOTE 1W Build/KOT49H) AppleWebKit/534.30 (KHTML, like Gecko) Version/4.0 UCBrowser/11.0.5.850 U3/0.8.0 Mobile Safari/534.30" "metrocrimedaily.com"
20.51.247.40 - - [07/Jan/2023:14:31:18 -0800] "GET /vendor/phpunit/phpunit/src/Util/PHP/eval-stdin.php HTTP/1.1" 404 88 "-" "python-requests/2.28.1" "metrocrimedaily.com"
69.63.184.4 - - [07/Jan/2023:14:31:39 -0800] "GET /instagram-dallas/01-07-2023-1615432-A.jpg HTTP/1.1" 200 149480 "-" "facebookexternalhit/1.1 (+http://www.facebook.com/externalhit_uatext.php)" "www.metrocrimedaily.com"
69.63.184.4 - - [07/Jan/2023:14:31:39 -0800] "GET /instagram-atlanta/01-07-2023-1631191-A.jpg HTTP/1.1" 200 84411 "-" "facebookexternalhit/1.1 (+http://www.facebook.com/externalhit_uatext.php)" "www.metrocrimedaily.com"
69.63.184.5 - - [07/Jan/2023:14:31:49 -0800] "GET /instagram-losangeles/01-07-2023-1631301-A.jpg HTTP/1.1" 200 227040 "-" "facebookexternalhit/1.1 (+http://www.facebook.com/externalhit_uatext.php)" "www.metrocrimedaily.com"
69.63.184.116 - - [07/Jan/2023:14:32:21 -0800] "GET /instagram-stlouis/01-07-2023-1616302-A.jpg HTTP/1.1" 200 90352 "-" "facebookexternalhit/1.1 (+http://www.facebook.com/externalhit_uatext.php)" "www.metrocrimedaily.com"
69.63.184.1 - - [07/Jan/2023:14:35:17 -0800] "GET /instagram-neworleans/01-07-2023-1634571-A.jpg HTTP/1.1" 200 197852 "-" "facebookexternalhit/1.1 (+http://www.facebook.com/externalhit_uatext.php)" "www.metrocrimedaily.com"
69.63.184.3 - - [07/Jan/2023:14:47:13 -0800] "GET /instagram-dallas/01-07-2023-1615433-A.jpg HTTP/1.1" 200 102930 "-" "facebookexternalhit/1.1 (+http://www.facebook.com/externalhit_uatext.php)" "www.metrocrimedaily.com"
69.63.184.5 - - [07/Jan/2023:14:47:51 -0800] "GET /instagram-stlouis/01-07-2023-1616303-A.jpg HTTP/1.1" 200 108724 "-" "facebookexternalhit/1.1 (+http://www.facebook.com/externalhit_uatext.php)" "www.metrocrimedaily.com"
69.63.184.119 - - [07/Jan/2023:14:56:22 -0800] "GET /instagram-memphis/01-07-2023-1656031-A.jpg HTTP/1.1" 200 197756 "-" "facebookexternalhit/1.1 (+http://www.facebook.com/externalhit_uatext.php)" "www.metrocrimedaily.com"
69.63.184.118 - - [07/Jan/2023:15:11:55 -0800] "GET /instagram-memphis/01-07-2023-1656032-A.jpg HTTP/1.1" 200 108222 "-" "facebookexternalhit/1.1 (+http://www.facebook.com/externalhit_uatext.php)" "www.metrocrimedaily.com"
69.63.184.120 - - [07/Jan/2023:15:12:37 -0800] "GET /instagram-miami/01-07-2023-1712181-A.jpg HTTP/1.1" 200 184187 "-" "facebookexternalhit/1.1 (+http://www.facebook.com/externalhit_uatext.php)" "www.metrocrimedaily.com"
68.49.234.105 - - [07/Jan/2023:15:14:20 -0800] "GET / HTTP/1.1" 200 48899 "-" "Mozilla/5.0 (iPhone; CPU iPhone OS 16_0_2 like Mac OS X) AppleWebKit/605.1.15 (KHTML, like Gecko) Version/16.0 Mobile/15E148 Safari/604.1" "metrocrimedaily.com"
68.49.234.105 - - [07/Jan/2023:15:14:20 -0800] "GET /styles-mcd.css HTTP/1.1" 200 1159 "http://metrocrimedaily.com/" "Mozilla/5.0 (iPhone; CPU iPhone OS 16_0_2 like Mac OS X) AppleWebKit/605.1.15 (KHTML, like Gecko) Version/16.0 Mobile/15E148 Safari/604.1" "metrocrimedaily.com"
157.55.39.33 - - [07/Jan/2023:15:14:28 -0800] "GET /instagram-dallas/11-23-2022-0819172-Virginia-Walmart-Shooting--Employee-shot--killed-.txt HTTP/1.1" 404 88 "-" "Mozilla/5.0 (compatible; bingbot/2.0; +http://www.bing.com/bingbot.htm)" "www.metrocrimedaily.com"
69.63.184.4 - - [07/Jan/2023:15:19:50 -0800] "GET /instagram-detroit/01-07-2023-1719301-A.jpg HTTP/1.1" 200 97376 "-" "facebookexternalhit/1.1 (+http://www.facebook.com/externalhit_uatext.php)" "www.metrocrimedaily.com"
69.63.184.3 - - [07/Jan/2023:15:22:25 -0800] "GET /instagram-neworleans/01-07-2023-1722031-A.jpg HTTP/1.1" 200 365984 "-" "facebookexternalhit/1.1 (+http://www.facebook.com/externalhit_uatext.php)" "www.metrocrimedaily.com"
54.36.149.46 - - [07/Jan/2023:15:24:56 -0800] "GET /robots.txt HTTP/1.1" 404 88 "-" "Mozilla/5.0 (compatible; AhrefsBot/7.0; +http://ahrefs.com/robot/)" "www.metrocrimedaily.com"
51.222.253.3 - - [07/Jan/2023:15:24:57 -0800] "GET / HTTP/1.1" 200 48899 "-" "Mozilla/5.0 (compatible; AhrefsBot/7.0; +http://ahrefs.com/robot/)" "www.metrocrimedaily.com"
24.127.63.130 - - [07/Jan/2023:15:25:44 -0800] "GET / HTTP/1.1" 200 48899 "https://www.google.com/" "Mozilla/5.0 (Windows NT 10.0; Win64; x64) AppleWebKit/537.36 (KHTML, like Gecko) Chrome/108.0.0.0 Safari/537.36" "www.metrocrimedaily.com"
24.127.63.130 - - [07/Jan/2023:15:25:44 -0800] "GET /styles-mcd.css HTTP/1.1" 200 1159 "http://www.metrocrimedaily.com/" "Mozilla/5.0 (Windows NT 10.0; Win64; x64) AppleWebKit/537.36 (KHTML, like Gecko) Chrome/108.0.0.0 Safari/537.36" "www.metrocrimedaily.com"
24.127.63.130 - - [07/Jan/2023:15:25:44 -0800] "GET /images/crimeinthed-logo.jpg HTTP/1.1" 200 14960 "http://www.metrocrimedaily.com/" "Mozilla/5.0 (Windows NT 10.0; Win64; x64) AppleWebKit/537.36 (KHTML, like Gecko) Chrome/108.0.0.0 Safari/537.36" "www.metrocrimedaily.com"
24.127.63.130 - - [07/Jan/2023:15:25:45 -0800] "GET /images/police-tape.jpg HTTP/1.1" 200 50766 "http://www.metrocrimedaily.com/" "Mozilla/5.0 (Windows NT 10.0; Win64; x64) AppleWebKit/537.36 (KHTML, like Gecko) Chrome/108.0.0.0 Safari/537.36" "metrocrimedaily.com"
24.127.63.130 - - [07/Jan/2023:15:25:45 -0800] "GET /images/facebook-logo-tiny.png HTTP/1.1" 200 1280 "http://www.metrocrimedaily.com/" "Mozilla/5.0 (Windows NT 10.0; Win64; x64) AppleWebKit/537.36 (KHTML, like Gecko) Chrome/108.0.0.0 Safari/537.36" "www.metrocrimedaily.com"
24.127.63.130 - - [07/Jan/2023:15:25:45 -0800] "GET /images/youtube-logo-tiny.png HTTP/1.1" 200 689 "http://www.metrocrimedaily.com/" "Mozilla/5.0 (Windows NT 10.0; Win64; x64) AppleWebKit/537.36 (KHTML, like Gecko) Chrome/108.0.0.0 Safari/537.36" "www.metrocrimedaily.com"
24.127.63.130 - - [07/Jan/2023:15:25:45 -0800] "GET /images/twitter-logo-b-tiny.png HTTP/1.1" 200 1600 "http://www.metrocrimedaily.com/" "Mozilla/5.0 (Windows NT 10.0; Win64; x64) AppleWebKit/537.36 (KHTML, like Gecko) Chrome/108.0.0.0 Safari/537.36" "www.metrocrimedaily.com"
24.127.63.130 - - [07/Jan/2023:15:26:04 -0800] "GET /favicon.ico HTTP/1.1" 404 88 "http://www.metrocrimedaily.com/" "Mozilla/5.0 (Windows NT 10.0; Win64; x64) AppleWebKit/537.36 (KHTML, like Gecko) Chrome/108.0.0.0 Safari/537.36" "www.metrocrimedaily.com"
69.63.184.116 - - [07/Jan/2023:15:27:25 -0800] "GET /instagram-memphis/01-07-2023-1656033-A.jpg HTTP/1.1" 200 166781 "-" "facebookexternalhit/1.1 (+http://www.facebook.com/externalhit_uatext.php)" "www.metrocrimedaily.com"
69.63.184.117 - - [07/Jan/2023:15:27:31 -0800] "GET /instagram-losangeles/01-07-2023-1727111-A.jpg HTTP/1.1" 200 159194 "-" "facebookexternalhit/1.1 (+http://www.facebook.com/externalhit_uatext.php)" "www.metrocrimedaily.com"
69.63.184.2 - - [07/Jan/2023:15:27:32 -0800] "GET /instagram-atlanta/01-07-2023-1727111-A.jpg HTTP/1.1" 200 195128 "-" "facebookexternalhit/1.1 (+http://www.facebook.com/externalhit_uatext.php)" "www.metrocrimedaily.com"
69.63.184.120 - - [07/Jan/2023:15:35:22 -0800] "GET /instagram-detroit/01-07-2023-1719302-A.jpg HTTP/1.1" 200 114490 "-" "facebookexternalhit/1.1 (+http://www.facebook.com/externalhit_uatext.php)" "www.metrocrimedaily.com"
69.63.184.5 - - [07/Jan/2023:15:36:06 -0800] "GET /instagram-houston/01-07-2023-1735471-A.jpg HTTP/1.1" 200 140343 "-" "facebookexternalhit/1.1 (+http://www.facebook.com/externalhit_uatext.php)" "www.metrocrimedaily.com"
69.63.184.117 - - [07/Jan/2023:15:36:29 -0800] "GET /instagram-stlouis/01-07-2023-1736101-A.jpg HTTP/1.1" 200 197173 "-" "facebookexternalhit/1.1 (+http://www.facebook.com/externalhit_uatext.php)" "www.metrocrimedaily.com"
69.63.184.116 - - [07/Jan/2023:15:37:55 -0800] "GET /instagram-neworleans/01-07-2023-1722032-A.jpg HTTP/1.1" 200 164799 "-" "facebookexternalhit/1.1 (+http://www.facebook.com/externalhit_uatext.php)" "www.metrocrimedaily.com"
130.255.166.97 - - [07/Jan/2023:15:38:36 -0800] "GET /robots.txt HTTP/1.1" 404 88 "-" "Mozilla/5.0 (Windows NT 10.0; Win64; x64; rv:103.0) Gecko/20100101 Firefox/103.0" "metrocrimedaily.com"
130.255.166.79 - - [07/Jan/2023:15:38:36 -0800] "GET /humans.txt HTTP/1.1" 404 88 "-" "Mozilla/5.0 (Windows NT 10.0; Win64; x64; rv:103.0) Gecko/20100101 Firefox/103.0" "metrocrimedaily.com"
130.255.166.142 - - [07/Jan/2023:15:38:37 -0800] "GET /ads.txt HTTP/1.1" 404 88 "-" "Mozilla/5.0 (Windows NT 10.0; Win64; x64; rv:103.0) Gecko/20100101 Firefox/103.0" "metrocrimedaily.com"
130.255.166.90 - - [07/Jan/2023:15:38:37 -0800] "GET / HTTP/1.1" 200 48899 "-" "Mozilla/5.0 (Windows NT 10.0; Win64; x64; rv:103.0) Gecko/20100101 Firefox/103.0" "metrocrimedaily.com"
69.63.184.118 - - [07/Jan/2023:15:40:52 -0800] "GET /instagram-dallas/01-07-2023-1740311-A.jpg HTTP/1.1" 200 85264 "-" "facebookexternalhit/1.1 (+http://www.facebook.com/externalhit_uatext.php)" "www.metrocrimedaily.com"
69.63.184.2 - - [07/Jan/2023:15:42:58 -0800] "GET /instagram-memphis/01-07-2023-1656034-A.jpg HTTP/1.1" 200 84253 "-" "facebookexternalhit/1.1 (+http://www.facebook.com/externalhit_uatext.php)" "www.metrocrimedaily.com"
69.63.184.4 - - [07/Jan/2023:15:43:04 -0800] "GET /instagram-losangeles/01-07-2023-1727112-A.jpg HTTP/1.1" 200 190879 "-" "facebookexternalhit/1.1 (+http://www.facebook.com/externalhit_uatext.php)" "www.metrocrimedaily.com"
69.63.184.119 - - [07/Jan/2023:15:43:05 -0800] "GET /instagram-atlanta/01-07-2023-1727112-A.jpg HTTP/1.1" 200 204225 "-" "facebookexternalhit/1.1 (+http://www.facebook.com/externalhit_uatext.php)" "www.metrocrimedaily.com"
69.63.184.117 - - [07/Jan/2023:15:50:53 -0800] "GET /instagram-detroit/01-07-2023-1719303-A.jpg HTTP/1.1" 200 68982 "-" "facebookexternalhit/1.1 (+http://www.facebook.com/externalhit_uatext.php)" "www.metrocrimedaily.com"
69.63.184.116 - - [07/Jan/2023:15:51:40 -0800] "GET /instagram-houston/01-07-2023-1735472-A.jpg HTTP/1.1" 200 127435 "-" "facebookexternalhit/1.1 (+http://www.facebook.com/externalhit_uatext.php)" "www.metrocrimedaily.com"
69.63.184.116 - - [07/Jan/2023:15:52:01 -0800] "GET /instagram-stlouis/01-07-2023-1736102-A.jpg HTTP/1.1" 200 108704 "-" "facebookexternalhit/1.1 (+http://www.facebook.com/externalhit_uatext.php)" "www.metrocrimedaily.com"
69.63.184.3 - - [07/Jan/2023:15:56:25 -0800] "GET /instagram-dallas/01-07-2023-1740312-A.jpg HTTP/1.1" 200 76000 "-" "facebookexternalhit/1.1 (+http://www.facebook.com/externalhit_uatext.php)" "www.metrocrimedaily.com"
69.63.184.5 - - [07/Jan/2023:15:58:38 -0800] "GET /instagram-atlanta/01-07-2023-1727113-A.jpg HTTP/1.1" 200 184798 "-" "facebookexternalhit/1.1 (+http://www.facebook.com/externalhit_uatext.php)" "www.metrocrimedaily.com"
