69.63.184.5 - - [06/Jan/2023:21:39:24 -0800] "GET /instagram-houston/01-06-2023-2236305-A.jpg HTTP/1.1" 200 88566 "-" "facebookexternalhit/1.1 (+http://www.facebook.com/externalhit_uatext.php)" "www.metrocrimedaily.com"
34.207.241.106 - - [06/Jan/2023:21:48:29 -0800] "GET /robots.txt HTTP/1.1" 404 88 "-" "Mozilla/5.0 AppleWebKit (KHTML, like Gecko) Chrome Safari" "www.metrocrimedaily.com"
34.207.241.106 - - [06/Jan/2023:21:48:29 -0800] "GET /robots.txt HTTP/1.1" 404 88 "-" "Mozilla/5.0 AppleWebKit (KHTML, like Gecko) Chrome Safari" "www.metrocrimedaily.com"
69.63.184.5 - - [06/Jan/2023:21:50:19 -0800] "GET /instagram-miami/01-06-2023-2334212-A.jpg HTTP/1.1" 200 60859 "-" "facebookexternalhit/1.1 (+http://www.facebook.com/externalhit_uatext.php)" "www.metrocrimedaily.com"
172.58.82.61 - - [06/Jan/2023:21:53:31 -0800] "GET / HTTP/1.1" 200 46058 "https://www.google.com/" "Mozilla/5.0 (Linux; Android 11; moto g pure) AppleWebKit/537.36 (KHTML, like Gecko) Chrome/108.0.0.0 Mobile Safari/537.36" "www.metrocrimedaily.com"
172.58.85.136 - - [06/Jan/2023:21:53:31 -0800] "GET /styles-mcd.css HTTP/1.1" 200 1159 "http://www.metrocrimedaily.com/" "Mozilla/5.0 (Linux; Android 11; moto g pure) AppleWebKit/537.36 (KHTML, like Gecko) Chrome/108.0.0.0 Mobile Safari/537.36" "www.metrocrimedaily.com"
69.63.184.120 - - [06/Jan/2023:21:54:20 -0800] "GET /instagram-chicago/01-06-2023-2354001-A.jpg HTTP/1.1" 200 78710 "-" "facebookexternalhit/1.1 (+http://www.facebook.com/externalhit_uatext.php)" "www.metrocrimedaily.com"
69.63.184.3 - - [06/Jan/2023:21:54:56 -0800] "GET /instagram-houston/01-06-2023-2236306-A.jpg HTTP/1.1" 200 81490 "-" "facebookexternalhit/1.1 (+http://www.facebook.com/externalhit_uatext.php)" "www.metrocrimedaily.com"
69.63.184.2 - - [06/Jan/2023:21:55:14 -0800] "GET /instagram-detroit/01-06-2023-2354241-A.jpg HTTP/1.1" 200 242114 "-" "facebookexternalhit/1.1 (+http://www.facebook.com/externalhit_uatext.php)" "www.metrocrimedaily.com"
51.222.253.15 - - [06/Jan/2023:21:59:58 -0800] "GET / HTTP/1.1" 200 46058 "-" "Mozilla/5.0 (compatible; AhrefsBot/7.0; +http://ahrefs.com/robot/)" "metrocrimedaily.com"
69.63.184.3 - - [06/Jan/2023:22:01:34 -0800] "GET /instagram-atlanta/01-07-2023-0001141-A.jpg HTTP/1.1" 200 197503 "-" "facebookexternalhit/1.1 (+http://www.facebook.com/externalhit_uatext.php)" "www.metrocrimedaily.com"
69.63.184.118 - - [06/Jan/2023:22:05:25 -0800] "GET /instagram-neworleans/01-07-2023-0005051-A.jpg HTTP/1.1" 200 649362 "-" "facebookexternalhit/1.1 (+http://www.facebook.com/externalhit_uatext.php)" "www.metrocrimedaily.com"
69.63.184.1 - - [06/Jan/2023:22:05:49 -0800] "GET /instagram-miami/01-06-2023-2334213-A.jpg HTTP/1.1" 200 60859 "-" "facebookexternalhit/1.1 (+http://www.facebook.com/externalhit_uatext.php)" "www.metrocrimedaily.com"
18.232.155.193 - - [06/Jan/2023:22:06:03 -0800] "GET / HTTP/1.1" 200 46058 "-" "Mozilla/5.0 (compatible; proximic; +https://www.comscore.com/Web-Crawler)" "www.metrocrimedaily.com"
66.249.70.135 - - [06/Jan/2023:22:09:19 -0800] "GET /robots.txt HTTP/1.1" 404 88 "-" "Mozilla/5.0 (compatible; Googlebot/2.1; +http://www.google.com/bot.html)" "metrocrimedaily.com"
157.55.39.88 - - [06/Jan/2023:22:09:49 -0800] "GET /instagram-dallas/11-23-2022-1626481-Colorado-LGBTQ-Club-Shooting-Suspect-Held-Without.txt HTTP/1.1" 404 88 "-" "Mozilla/5.0 (compatible; bingbot/2.0; +http://www.bing.com/bingbot.htm)" "www.metrocrimedaily.com"
195.201.194.151 - - [06/Jan/2023:22:10:11 -0800] "GET /robots.txt HTTP/1.1" 404 88 "-" "serpstatbot/2.1 (advanced backlink tracking bot; https://serpstatbot.com/; abuse@serpstatbot.com)" "metrocrimedaily.com"
195.201.194.151 - - [06/Jan/2023:22:10:11 -0800] "GET /index.html HTTP/1.1" 200 46058 "-" "serpstatbot/2.1 (advanced backlink tracking bot; https://serpstatbot.com/; abuse@serpstatbot.com)" "metrocrimedaily.com"
195.201.194.151 - - [06/Jan/2023:22:10:27 -0800] "GET /gov-svc-detroit.html HTTP/1.1" 200 2125 "-" "serpstatbot/2.1 (advanced backlink tracking bot; https://serpstatbot.com/; abuse@serpstatbot.com)" "metrocrimedaily.com"
69.63.184.120 - - [06/Jan/2023:22:10:27 -0800] "GET /instagram-houston/01-06-2023-2236307-A.jpg HTTP/1.1" 200 147982 "-" "facebookexternalhit/1.1 (+http://www.facebook.com/externalhit_uatext.php)" "www.metrocrimedaily.com"
195.201.194.151 - - [06/Jan/2023:22:10:35 -0800] "GET / HTTP/1.1" 200 46058 "-" "serpstatbot/2.1 (advanced backlink tracking bot; https://serpstatbot.com/; abuse@serpstatbot.com)" "metrocrimedaily.com"
69.63.184.5 - - [06/Jan/2023:22:10:44 -0800] "GET /instagram-detroit/01-06-2023-2354242-A.jpg HTTP/1.1" 200 105722 "-" "facebookexternalhit/1.1 (+http://www.facebook.com/externalhit_uatext.php)" "www.metrocrimedaily.com"
69.63.184.3 - - [06/Jan/2023:22:10:55 -0800] "GET /instagram-houston/01-06-2023-2236308-A.jpg HTTP/1.1" 200 130740 "-" "facebookexternalhit/1.1 (+http://www.facebook.com/externalhit_uatext.php)" "www.metrocrimedaily.com"
69.63.184.1 - - [06/Jan/2023:22:11:24 -0800] "GET /instagram-houston/01-06-2023-2236309-A.jpg HTTP/1.1" 200 94355 "-" "facebookexternalhit/1.1 (+http://www.facebook.com/externalhit_uatext.php)" "www.metrocrimedaily.com"
69.63.184.3 - - [06/Jan/2023:22:11:51 -0800] "GET /instagram-houston/01-06-2023-22363010-A.jpg HTTP/1.1" 200 85151 "-" "facebookexternalhit/1.1 (+http://www.facebook.com/externalhit_uatext.php)" "www.metrocrimedaily.com"
69.63.184.2 - - [06/Jan/2023:22:12:18 -0800] "GET /instagram-houston/01-06-2023-22363011-A.jpg HTTP/1.1" 200 104470 "-" "facebookexternalhit/1.1 (+http://www.facebook.com/externalhit_uatext.php)" "www.metrocrimedaily.com"
157.55.39.64 - - [06/Jan/2023:22:27:31 -0800] "GET /instagram-chicago/12-02-2022-1243501-Who-killed-the-Kisliaks--Buffalo-Grove-police-rem.txt HTTP/1.1" 404 88 "-" "Mozilla/5.0 (compatible; bingbot/2.0; +http://www.bing.com/bingbot.htm)" "www.metrocrimedaily.com"
69.63.184.5 - - [06/Jan/2023:22:36:17 -0800] "GET /instagram-miami/01-06-2023-2334214-A.jpg HTTP/1.1" 200 60859 "-" "facebookexternalhit/1.1 (+http://www.facebook.com/externalhit_uatext.php)" "www.metrocrimedaily.com"
209.124.88.232 - - [06/Jan/2023:22:40:32 -0800] "GET /wp-login.php HTTP/1.1" 404 88 "-" "Mozilla/5.0 (Windows NT 10; Win64; x64; rv:75.0) Gecko/20100101 Firefox/75.0" "metrocrimedaily.com"
69.63.184.5 - - [06/Jan/2023:22:41:19 -0800] "GET /instagram-detroit/01-06-2023-2354243-A.jpg HTTP/1.1" 200 156984 "-" "facebookexternalhit/1.1 (+http://www.facebook.com/externalhit_uatext.php)" "www.metrocrimedaily.com"
207.46.13.113 - - [06/Jan/2023:22:42:43 -0800] "GET /instagram-dallas/11-24-2022-1152411-Teen-Shot-by-San-Antonio-Police-Officer-Released-.txt HTTP/1.1" 404 88 "-" "Mozilla/5.0 AppleWebKit/537.36 (KHTML, like Gecko; compatible; bingbot/2.0; +http://www.bing.com/bingbot.htm) Chrome/103.0.5060.134 Safari/537.36" "www.metrocrimedaily.com"
195.201.194.151 - - [06/Jan/2023:22:43:11 -0800] "GET /www.wxyz.com HTTP/1.1" 404 88 "-" "serpstatbot/2.1 (advanced backlink tracking bot; https://serpstatbot.com/; abuse@serpstatbot.com)" "metrocrimedaily.com"
195.201.194.151 - - [06/Jan/2023:22:43:27 -0800] "GET /www.thenewsherald.com HTTP/1.1" 404 88 "-" "serpstatbot/2.1 (advanced backlink tracking bot; https://serpstatbot.com/; abuse@serpstatbot.com)" "metrocrimedaily.com"
195.201.194.151 - - [06/Jan/2023:22:43:38 -0800] "GET /www.fox2detroit.com HTTP/1.1" 404 88 "-" "serpstatbot/2.1 (advanced backlink tracking bot; https://serpstatbot.com/; abuse@serpstatbot.com)" "metrocrimedaily.com"
195.201.194.151 - - [06/Jan/2023:22:43:47 -0800] "GET /www.detroitnews.com HTTP/1.1" 404 88 "-" "serpstatbot/2.1 (advanced backlink tracking bot; https://serpstatbot.com/; abuse@serpstatbot.com)" "metrocrimedaily.com"
195.201.194.151 - - [06/Jan/2023:22:43:58 -0800] "GET /www.clickondetroit.com HTTP/1.1" 404 88 "-" "serpstatbot/2.1 (advanced backlink tracking bot; https://serpstatbot.com/; abuse@serpstatbot.com)" "metrocrimedaily.com"
195.201.194.151 - - [06/Jan/2023:22:44:10 -0800] "GET /www.audacy.com HTTP/1.1" 404 88 "-" "serpstatbot/2.1 (advanced backlink tracking bot; https://serpstatbot.com/; abuse@serpstatbot.com)" "metrocrimedaily.com"
195.201.194.151 - - [06/Jan/2023:22:44:19 -0800] "GET /privacy-policy.html HTTP/1.1" 200 2353 "-" "serpstatbot/2.1 (advanced backlink tracking bot; https://serpstatbot.com/; abuse@serpstatbot.com)" "metrocrimedaily.com"
195.201.194.151 - - [06/Jan/2023:22:44:29 -0800] "GET /contact-us.html HTTP/1.1" 200 765 "-" "serpstatbot/2.1 (advanced backlink tracking bot; https://serpstatbot.com/; abuse@serpstatbot.com)" "metrocrimedaily.com"
195.201.194.151 - - [06/Jan/2023:22:44:39 -0800] "GET /about-us.html HTTP/1.1" 200 706 "-" "serpstatbot/2.1 (advanced backlink tracking bot; https://serpstatbot.com/; abuse@serpstatbot.com)" "metrocrimedaily.com"
157.55.39.33 - - [06/Jan/2023:22:56:25 -0800] "GET /wgno.com.%20= HTTP/1.1" 404 88 "-" "Mozilla/5.0 (compatible; bingbot/2.0; +http://www.bing.com/bingbot.htm)" "metrocrimedaily.com"
69.63.184.3 - - [06/Jan/2023:23:01:33 -0800] "GET /instagram-losangeles/01-07-2023-0101111-A.jpg HTTP/1.1" 200 397856 "-" "facebookexternalhit/1.1 (+http://www.facebook.com/externalhit_uatext.php)" "www.metrocrimedaily.com"
69.63.184.117 - - [06/Jan/2023:23:04:12 -0800] "GET /instagram-houston/01-07-2023-0103511-A.jpg HTTP/1.1" 200 79856 "-" "facebookexternalhit/1.1 (+http://www.facebook.com/externalhit_uatext.php)" "www.metrocrimedaily.com"
51.222.253.20 - - [06/Jan/2023:23:05:56 -0800] "GET / HTTP/1.1" 200 46058 "-" "Mozilla/5.0 (compatible; AhrefsBot/7.0; +http://ahrefs.com/robot/)" "www.metrocrimedaily.com"
51.222.253.14 - - [06/Jan/2023:23:06:13 -0800] "GET /styles-mcd.css HTTP/1.1" 200 1159 "-" "Mozilla/5.0 (compatible; AhrefsBot/7.0; +http://ahrefs.com/robot/)" "www.metrocrimedaily.com"
51.222.253.13 - - [06/Jan/2023:23:06:14 -0800] "GET /images/twitter-logo-b-tiny.png HTTP/1.1" 200 1600 "-" "Mozilla/5.0 (compatible; AhrefsBot/7.0; +http://ahrefs.com/robot/)" "www.metrocrimedaily.com"
51.222.253.10 - - [06/Jan/2023:23:06:14 -0800] "GET /images/facebook-logo-tiny.png HTTP/1.1" 200 1280 "-" "Mozilla/5.0 (compatible; AhrefsBot/7.0; +http://ahrefs.com/robot/)" "www.metrocrimedaily.com"
51.222.253.4 - - [06/Jan/2023:23:06:15 -0800] "GET / HTTP/1.1" 200 46058 "-" "Mozilla/5.0 (compatible; AhrefsBot/7.0; +http://ahrefs.com/robot/)" "www.metrocrimedaily.com"
51.222.253.8 - - [06/Jan/2023:23:06:16 -0800] "GET /images/youtube-logo-tiny.png HTTP/1.1" 200 689 "-" "Mozilla/5.0 (compatible; AhrefsBot/7.0; +http://ahrefs.com/robot/)" "www.metrocrimedaily.com"
195.201.194.151 - - [06/Jan/2023:23:15:13 -0800] "GET /www.wxyz.com HTTP/1.1" 404 88 "-" "serpstatbot/2.1 (advanced backlink tracking bot; https://serpstatbot.com/; abuse@serpstatbot.com)" "metrocrimedaily.com"
195.201.194.151 - - [06/Jan/2023:23:16:00 -0800] "GET /www.thenewsherald.com HTTP/1.1" 404 88 "-" "serpstatbot/2.1 (advanced backlink tracking bot; https://serpstatbot.com/; abuse@serpstatbot.com)" "metrocrimedaily.com"
195.201.194.151 - - [06/Jan/2023:23:16:09 -0800] "GET /www.fox2detroit.com HTTP/1.1" 404 88 "-" "serpstatbot/2.1 (advanced backlink tracking bot; https://serpstatbot.com/; abuse@serpstatbot.com)" "metrocrimedaily.com"
195.201.194.151 - - [06/Jan/2023:23:16:15 -0800] "GET /www.detroitnews.com HTTP/1.1" 404 88 "-" "serpstatbot/2.1 (advanced backlink tracking bot; https://serpstatbot.com/; abuse@serpstatbot.com)" "metrocrimedaily.com"
195.201.194.151 - - [06/Jan/2023:23:16:22 -0800] "GET /www.clickondetroit.com HTTP/1.1" 404 88 "-" "serpstatbot/2.1 (advanced backlink tracking bot; https://serpstatbot.com/; abuse@serpstatbot.com)" "metrocrimedaily.com"
195.201.194.151 - - [06/Jan/2023:23:16:27 -0800] "GET /www.audacy.com HTTP/1.1" 404 88 "-" "serpstatbot/2.1 (advanced backlink tracking bot; https://serpstatbot.com/; abuse@serpstatbot.com)" "metrocrimedaily.com"
69.63.189.5 - - [06/Jan/2023:23:34:43 -0800] "GET /instagram-houston/01-07-2023-0103512-A.jpg HTTP/1.1" 200 146264 "-" "facebookexternalhit/1.1 (+http://www.facebook.com/externalhit_uatext.php)" "www.metrocrimedaily.com"
69.63.189.118 - - [06/Jan/2023:23:35:10 -0800] "GET /instagram-houston/01-07-2023-0103513-A.jpg HTTP/1.1" 200 173380 "-" "facebookexternalhit/1.1 (+http://www.facebook.com/externalhit_uatext.php)" "www.metrocrimedaily.com"
69.63.189.5 - - [06/Jan/2023:23:35:37 -0800] "GET /instagram-houston/01-07-2023-0103514-A.jpg HTTP/1.1" 200 184809 "-" "facebookexternalhit/1.1 (+http://www.facebook.com/externalhit_uatext.php)" "www.metrocrimedaily.com"
69.63.189.2 - - [06/Jan/2023:23:36:03 -0800] "GET /instagram-houston/01-07-2023-0103515-A.jpg HTTP/1.1" 200 157563 "-" "facebookexternalhit/1.1 (+http://www.facebook.com/externalhit_uatext.php)" "www.metrocrimedaily.com"
192.241.139.66 - - [06/Jan/2023:23:36:29 -0800] "GET /www.detroitnews.com HTTP/1.1" 404 88 "-" "Mozilla/5.0 (Macintosh; Intel Mac OS X 10_15_7) AppleWebKit/537.36 (KHTML, like Gecko) Chrome/107.0.0.0 Safari/537.36" "metrocrimedaily.com"
51.222.253.13 - - [06/Jan/2023:23:43:31 -0800] "GET /instagram-chicago/videos/?C=S;O=D HTTP/1.1" 200 570 "-" "Mozilla/5.0 (compatible; AhrefsBot/7.0; +http://ahrefs.com/robot/)" "metrocrimedaily.com"
157.55.39.88 - - [07/Jan/2023:00:11:10 -0800] "GET /instagram-dallas/11-24-2022-2017151-Owner-of-Colorado-LGBTQ-Club--Shooting-Comes-Amid.txt HTTP/1.1" 404 88 "-" "Mozilla/5.0 AppleWebKit/537.36 (KHTML, like Gecko; compatible; bingbot/2.0; +http://www.bing.com/bingbot.htm) Chrome/103.0.5060.134 Safari/537.36" "www.metrocrimedaily.com"
69.63.184.4 - - [07/Jan/2023:00:12:05 -0800] "GET /instagram-losangeles/01-07-2023-0211451-A.jpg HTTP/1.1" 200 204015 "-" "facebookexternalhit/1.1 (+http://www.facebook.com/externalhit_uatext.php)" "www.metrocrimedaily.com"
157.55.39.88 - - [07/Jan/2023:00:13:50 -0800] "GET /instagram-dallas/11-23-2022-1626481-Colorado-LGBTQ-Club-Shooting-Suspect-Held-Without.txt HTTP/1.1" 404 88 "-" "Mozilla/5.0 AppleWebKit/537.36 (KHTML, like Gecko; compatible; bingbot/2.0; +http://www.bing.com/bingbot.htm) Chrome/103.0.5060.134 Safari/537.36" "www.metrocrimedaily.com"
69.63.184.117 - - [07/Jan/2023:00:15:10 -0800] "GET /instagram-houston/01-07-2023-0214501-A.jpg HTTP/1.1" 200 97381 "-" "facebookexternalhit/1.1 (+http://www.facebook.com/externalhit_uatext.php)" "www.metrocrimedaily.com"
104.248.153.253 - - [07/Jan/2023:00:17:27 -0800] "GET /wp-load.php HTTP/1.1" 404 88 "www.bing.com" "wp_is_mobile" "metrocrimedaily.com"
104.248.153.253 - - [07/Jan/2023:00:17:28 -0800] "GET /style.php HTTP/1.1" 404 88 "www.bing.com" "wp_is_mobile" "metrocrimedaily.com"
104.248.153.253 - - [07/Jan/2023:00:17:28 -0800] "GET /wp-admin/style.php HTTP/1.1" 404 88 "www.bing.com" "wp_is_mobile" "metrocrimedaily.com"
104.248.153.253 - - [07/Jan/2023:00:17:28 -0800] "GET /s_e.php HTTP/1.1" 404 88 "www.bing.com" "wp_is_mobile" "metrocrimedaily.com"
104.248.153.253 - - [07/Jan/2023:00:17:29 -0800] "GET /s_ne.php HTTP/1.1" 404 88 "www.bing.com" "wp_is_mobile" "metrocrimedaily.com"
104.248.153.253 - - [07/Jan/2023:00:17:30 -0800] "GET /1index.php HTTP/1.1" 404 88 "www.bing.com" "Mozilla/5.0 (Windows NT 10.0; Win64; x64) AppleWebKit/537.36 (KHTML, like Gecko) Chrome/90.0.4430.85 Safari/537.36" "metrocrimedaily.com"
104.248.153.253 - - [07/Jan/2023:00:17:30 -0800] "GET /radio.php HTTP/1.1" 404 88 "www.bing.com" "wp_is_mobile" "metrocrimedaily.com"
104.248.153.253 - - [07/Jan/2023:00:17:31 -0800] "GET /doc.php HTTP/1.1" 404 88 "www.bing.com" "wp_is_mobile" "metrocrimedaily.com"
104.248.153.253 - - [07/Jan/2023:00:17:31 -0800] "GET /wp_wrong_datlib.php HTTP/1.1" 404 88 "www.bing.com" "Mozilla/5.0 (Windows NT 10.0; Win64; x64) AppleWebKit/537.36 (KHTML, like Gecko) Chrome/90.0.4430.85 Safari/537.36" "metrocrimedaily.com"
104.248.153.253 - - [07/Jan/2023:00:17:32 -0800] "GET /beence.php HTTP/1.1" 404 88 "www.bing.com" "Mozilla/5.0 (Windows NT 10.0; Win64; x64) AppleWebKit/537.36 (KHTML, like Gecko) Chrome/90.0.4430.85 Safari/537.36" "metrocrimedaily.com"
104.248.153.253 - - [07/Jan/2023:00:17:32 -0800] "GET /ups.php HTTP/1.1" 404 88 "www.bing.com" "wp_is_mobile" "metrocrimedaily.com"
104.248.153.253 - - [07/Jan/2023:00:17:33 -0800] "GET /wp-signin.php?dizo&ping HTTP/1.1" 404 88 "www.bing.com" "wp_is_mobile" "metrocrimedaily.com"
104.248.153.253 - - [07/Jan/2023:00:17:33 -0800] "GET /media-admin.php HTTP/1.1" 404 88 "www.bing.com" "wp_is_mobile" "metrocrimedaily.com"
104.248.153.253 - - [07/Jan/2023:00:17:34 -0800] "GET /export.php HTTP/1.1" 404 88 "www.bing.com" "Mozilla/5.0 (Windows NT 10.0; Win64; x64) AppleWebKit/537.36 (KHTML, like Gecko) Chrome/90.0.4430.85 Safari/537.36" "metrocrimedaily.com"
104.248.153.253 - - [07/Jan/2023:00:17:34 -0800] "GET /wp-content/export.php HTTP/1.1" 404 88 "www.bing.com" "Mozilla/5.0 (Windows NT 10.0; Win64; x64) AppleWebKit/537.36 (KHTML, like Gecko) Chrome/90.0.4430.85 Safari/537.36" "metrocrimedaily.com"
104.248.153.253 - - [07/Jan/2023:00:17:35 -0800] "GET /wp-includes/wp-class.php HTTP/1.1" 404 88 "www.bing.com" "wp_is_mobile" "metrocrimedaily.com"
104.248.153.253 - - [07/Jan/2023:00:17:35 -0800] "GET /wp-includes/wp-atom.php HTTP/1.1" 404 88 "www.bing.com" "Mozilla/5.0 (Windows NT 10.0; Win64; x64) AppleWebKit/537.36 (KHTML, like Gecko) Chrome/90.0.4430.85 Safari/537.36" "metrocrimedaily.com"
104.248.153.253 - - [07/Jan/2023:00:17:36 -0800] "GET /wp-includes/images/css.php HTTP/1.1" 404 88 "www.bing.com" "Mozilla/5.0 (Windows NT 10.0; Win64; x64) AppleWebKit/537.36 (KHTML, like Gecko) Chrome/90.0.4430.85 Safari/537.36" "metrocrimedaily.com"
104.248.153.253 - - [07/Jan/2023:00:17:36 -0800] "GET /wp-includes/css/css.php HTTP/1.1" 404 88 "www.bing.com" "Mozilla/5.0 (Windows NT 10.0; Win64; x64) AppleWebKit/537.36 (KHTML, like Gecko) Chrome/90.0.4430.85 Safari/537.36" "metrocrimedaily.com"
104.248.153.253 - - [07/Jan/2023:00:17:37 -0800] "GET /defau1t.php HTTP/1.1" 404 88 "www.bing.com" "Mozilla/5.0 (Windows NT 10.0; Win64; x64) AppleWebKit/537.36 (KHTML, like Gecko) Chrome/90.0.4430.85 Safari/537.36" "metrocrimedaily.com"
104.248.153.253 - - [07/Jan/2023:00:17:38 -0800] "GET /moduless.php HTTP/1.1" 404 88 "www.bing.com" "Mozilla/5.0 (Windows NT 10.0; Win64; x64) AppleWebKit/537.36 (KHTML, like Gecko) Chrome/90.0.4430.85 Safari/537.36" "metrocrimedaily.com"
104.248.153.253 - - [07/Jan/2023:00:17:38 -0800] "GET /wp-booking.php HTTP/1.1" 404 88 "www.bing.com" "wp_is_mobile" "metrocrimedaily.com"
104.248.153.253 - - [07/Jan/2023:00:17:39 -0800] "GET /wp-content/plugins/backup_index.php HTTP/1.1" 404 88 "www.bing.com" "wp_is_mobile" "metrocrimedaily.com"
104.248.153.253 - - [07/Jan/2023:00:17:39 -0800] "GET /wp-content/mu-plugins/db-safe-mode.php HTTP/1.1" 404 88 "www.bing.com" "wp_is_mobile" "metrocrimedaily.com"
104.248.153.253 - - [07/Jan/2023:00:17:40 -0800] "GET /wp-includes/css/wp-config.php HTTP/1.1" 404 88 "www.bing.com" "wp_is_mobile" "metrocrimedaily.com"
104.248.153.253 - - [07/Jan/2023:00:17:41 -0800] "GET /config.bak.php HTTP/1.1" 404 88 "www.bing.com" "wp_is_mobile" "metrocrimedaily.com"
104.248.153.253 - - [07/Jan/2023:00:17:41 -0800] "GET /wp-content/themes/config.bak.php HTTP/1.1" 404 88 "www.bing.com" "wp_is_mobile" "metrocrimedaily.com"
104.248.153.253 - - [07/Jan/2023:00:17:41 -0800] "GET /legion.php HTTP/1.1" 404 88 "www.bing.com" "wp_is_mobile" "metrocrimedaily.com"
104.248.153.253 - - [07/Jan/2023:00:17:42 -0800] "GET /wp-content/plugins/wpconfig.bak.php?act=sf HTTP/1.1" 404 88 "www.bing.com" "Mozilla/5.0 (Windows NT 10.0; Win64; x64) AppleWebKit/537.36 (KHTML, like Gecko) Chrome/90.0.4430.85 Safari/537.36" "metrocrimedaily.com"
104.248.153.253 - - [07/Jan/2023:00:17:43 -0800] "GET /wp-plugins.php HTTP/1.1" 404 88 "www.bing.com" "wp_is_mobile" "metrocrimedaily.com"
104.248.153.253 - - [07/Jan/2023:00:17:43 -0800] "GET /gank.php.PhP HTTP/1.1" 404 88 "www.bing.com" "wp_is_mobile" "metrocrimedaily.com"
104.248.153.253 - - [07/Jan/2023:00:17:44 -0800] "GET /wp-content/db-cache.php HTTP/1.1" 404 88 "www.bing.com" "wp_is_mobile" "metrocrimedaily.com"
104.248.153.253 - - [07/Jan/2023:00:17:45 -0800] "GET /archives.php HTTP/1.1" 404 88 "www.bing.com" "Mozilla/5.0 (Windows NT 10.0; Win64; x64) AppleWebKit/537.36 (KHTML, like Gecko) Chrome/90.0.4430.85 Safari/537.36" "metrocrimedaily.com"
104.248.153.253 - - [07/Jan/2023:00:17:45 -0800] "GET /defau11.php HTTP/1.1" 404 88 "www.bing.com" "Mozilla/5.0 (Windows NT 10.0; Win64; x64) AppleWebKit/537.36 (KHTML, like Gecko) Chrome/90.0.4430.85 Safari/537.36" "metrocrimedaily.com"
104.248.153.253 - - [07/Jan/2023:00:17:46 -0800] "GET /wp-content/outcms.php?up HTTP/1.1" 404 88 "www.bing.com" "wp_is_mobile" "metrocrimedaily.com"
104.248.153.253 - - [07/Jan/2023:00:17:47 -0800] "GET /system_log.php?bala=up HTTP/1.1" 404 88 "www.bing.com" "wp_is_mobile" "metrocrimedaily.com"
104.248.153.253 - - [07/Jan/2023:00:17:47 -0800] "GET /wp-backup-sql-302.php HTTP/1.1" 404 88 "www.bing.com" "wp_is_mobile" "metrocrimedaily.com"
104.248.153.253 - - [07/Jan/2023:00:17:48 -0800] "GET /error.php?phpshells HTTP/1.1" 404 88 "www.bing.com" "wp_is_mobile" "metrocrimedaily.com"
104.248.153.253 - - [07/Jan/2023:00:17:48 -0800] "GET /ALFA_DATA HTTP/1.1" 404 88 "www.bing.com" "wp_is_mobile" "metrocrimedaily.com"
104.248.153.253 - - [07/Jan/2023:00:17:49 -0800] "GET /alfacgiapi HTTP/1.1" 404 88 "www.bing.com" "wp_is_mobile" "metrocrimedaily.com"
104.248.153.253 - - [07/Jan/2023:00:17:50 -0800] "GET /cgialfa HTTP/1.1" 404 88 "www.bing.com" "wp_is_mobile" "metrocrimedaily.com"
104.248.153.253 - - [07/Jan/2023:00:17:52 -0800] "GET /wp-content/uploads/ALFA_DATA HTTP/1.1" 404 88 "www.bing.com" "wp_is_mobile" "metrocrimedaily.com"
104.248.153.253 - - [07/Jan/2023:00:17:52 -0800] "GET /wp-content/uploads/alfacgiapi HTTP/1.1" 404 88 "www.bing.com" "wp_is_mobile" "metrocrimedaily.com"
104.248.153.253 - - [07/Jan/2023:00:17:53 -0800] "GET /wp-content/uploads/cgialfa HTTP/1.1" 404 88 "www.bing.com" "wp_is_mobile" "metrocrimedaily.com"
104.248.153.253 - - [07/Jan/2023:00:17:54 -0800] "GET /wp-includes/ALFA_DATA HTTP/1.1" 404 88 "www.bing.com" "wp_is_mobile" "metrocrimedaily.com"
104.248.153.253 - - [07/Jan/2023:00:17:54 -0800] "GET /wp-includes/alfacgiapi HTTP/1.1" 404 88 "www.bing.com" "wp_is_mobile" "metrocrimedaily.com"
104.248.153.253 - - [07/Jan/2023:00:17:55 -0800] "GET /wp-includes/cgialfa HTTP/1.1" 404 88 "www.bing.com" "wp_is_mobile" "metrocrimedaily.com"
104.248.153.253 - - [07/Jan/2023:00:17:55 -0800] "GET /wp-admin/ALFA_DATA HTTP/1.1" 404 88 "www.bing.com" "wp_is_mobile" "metrocrimedaily.com"
104.248.153.253 - - [07/Jan/2023:00:17:56 -0800] "GET /wp-admin/alfacgiapi HTTP/1.1" 404 88 "www.bing.com" "wp_is_mobile" "metrocrimedaily.com"
104.248.153.253 - - [07/Jan/2023:00:17:56 -0800] "GET /wp-admin/cgialfa HTTP/1.1" 404 88 "www.bing.com" "wp_is_mobile" "metrocrimedaily.com"
104.248.153.253 - - [07/Jan/2023:00:17:57 -0800] "GET /wp-content/ALFA_DATA HTTP/1.1" 404 88 "www.bing.com" "wp_is_mobile" "metrocrimedaily.com"
104.248.153.253 - - [07/Jan/2023:00:17:57 -0800] "GET /wp-content/alfacgiapi HTTP/1.1" 404 88 "www.bing.com" "wp_is_mobile" "metrocrimedaily.com"
104.248.153.253 - - [07/Jan/2023:00:17:58 -0800] "GET /wp-content/cgialfa HTTP/1.1" 404 88 "www.bing.com" "wp_is_mobile" "metrocrimedaily.com"
104.248.153.253 - - [07/Jan/2023:00:17:58 -0800] "GET /templates/beez3/ALFA_DATA HTTP/1.1" 404 88 "www.bing.com" "wp_is_mobile" "metrocrimedaily.com"
104.248.153.253 - - [07/Jan/2023:00:17:59 -0800] "GET /templates/beez3/alfacgiapi HTTP/1.1" 404 88 "www.bing.com" "wp_is_mobile" "metrocrimedaily.com"
104.248.153.253 - - [07/Jan/2023:00:18:00 -0800] "GET /templates/beez3/cgialfa HTTP/1.1" 404 88 "www.bing.com" "wp_is_mobile" "metrocrimedaily.com"
104.248.153.253 - - [07/Jan/2023:00:18:00 -0800] "GET /sites/default/files/ALFA_DATA HTTP/1.1" 404 88 "www.bing.com" "wp_is_mobile" "metrocrimedaily.com"
104.248.153.253 - - [07/Jan/2023:00:18:01 -0800] "GET /sites/default/files/alfacgiapi HTTP/1.1" 404 88 "www.bing.com" "wp_is_mobile" "metrocrimedaily.com"
104.248.153.253 - - [07/Jan/2023:00:18:01 -0800] "GET /sites/default/files/cgialfa HTTP/1.1" 404 88 "www.bing.com" "wp_is_mobile" "metrocrimedaily.com"
104.248.153.253 - - [07/Jan/2023:00:18:02 -0800] "GET /admin/controller/extension/extension/ALFA_DATA HTTP/1.1" 404 88 "www.bing.com" "wp_is_mobile" "metrocrimedaily.com"
104.248.153.253 - - [07/Jan/2023:00:18:02 -0800] "GET /admin/controller/extension/extension/alfacgiapi HTTP/1.1" 404 88 "www.bing.com" "wp_is_mobile" "metrocrimedaily.com"
104.248.153.253 - - [07/Jan/2023:00:18:03 -0800] "GET /admin/controller/extension/extension/cgialfa HTTP/1.1" 404 88 "www.bing.com" "wp_is_mobile" "metrocrimedaily.com"
104.248.153.253 - - [07/Jan/2023:00:18:04 -0800] "GET /wp-content/plugins/ubh/up.php HTTP/1.1" 404 88 "www.bing.com" "wp_is_mobile" "metrocrimedaily.com"
104.248.153.253 - - [07/Jan/2023:00:18:04 -0800] "GET /index.php?3x=3x HTTP/1.1" 404 88 "www.bing.com" "wp_is_mobile" "metrocrimedaily.com"
104.248.153.253 - - [07/Jan/2023:00:18:04 -0800] "GET /olux.php HTTP/1.1" 404 88 "www.bing.com" "wp_is_mobile" "metrocrimedaily.com"
104.248.153.253 - - [07/Jan/2023:00:18:05 -0800] "GET /xleet.php HTTP/1.1" 404 88 "www.bing.com" "wp_is_mobile" "metrocrimedaily.com"
104.248.153.253 - - [07/Jan/2023:00:18:05 -0800] "GET /wso.php HTTP/1.1" 404 88 "www.bing.com" "wp_is_mobile" "metrocrimedaily.com"
104.248.153.253 - - [07/Jan/2023:00:18:05 -0800] "GET /shell.php HTTP/1.1" 404 88 "www.bing.com" "wp_is_mobile" "metrocrimedaily.com"
104.248.153.253 - - [07/Jan/2023:00:18:06 -0800] "GET /up.php HTTP/1.1" 404 88 "www.bing.com" "wp_is_mobile" "metrocrimedaily.com"
104.248.153.253 - - [07/Jan/2023:00:18:07 -0800] "GET /upload.php HTTP/1.1" 404 88 "www.bing.com" "wp_is_mobile" "metrocrimedaily.com"
104.248.153.253 - - [07/Jan/2023:00:18:07 -0800] "GET /1.php HTTP/1.1" 404 88 "www.bing.com" "wp_is_mobile" "metrocrimedaily.com"
104.248.153.253 - - [07/Jan/2023:00:18:07 -0800] "GET /x.php HTTP/1.1" 404 88 "www.bing.com" "wp_is_mobile" "metrocrimedaily.com"
104.248.153.253 - - [07/Jan/2023:00:18:07 -0800] "GET /z.php HTTP/1.1" 404 88 "www.bing.com" "wp_is_mobile" "metrocrimedaily.com"
104.248.153.253 - - [07/Jan/2023:00:18:08 -0800] "GET /a.php HTTP/1.1" 404 88 "www.bing.com" "wp_is_mobile" "metrocrimedaily.com"
104.248.153.253 - - [07/Jan/2023:00:18:08 -0800] "GET /test.php HTTP/1.1" 404 88 "www.bing.com" "wp_is_mobile" "metrocrimedaily.com"
104.248.153.253 - - [07/Jan/2023:00:18:08 -0800] "GET /wp.php HTTP/1.1" 404 88 "www.bing.com" "wp_is_mobile" "metrocrimedaily.com"
104.248.153.253 - - [07/Jan/2023:00:18:09 -0800] "GET /alfa.php HTTP/1.1" 404 88 "www.bing.com" "wp_is_mobile" "metrocrimedaily.com"
104.248.153.253 - - [07/Jan/2023:00:18:10 -0800] "GET /config.php HTTP/1.1" 404 88 "www.bing.com" "wp_is_mobile" "metrocrimedaily.com"
104.248.153.253 - - [07/Jan/2023:00:18:10 -0800] "GET /templates/beez3/index.php HTTP/1.1" 404 88 "www.bing.com" "wp_is_mobile" "metrocrimedaily.com"
104.248.153.253 - - [07/Jan/2023:00:18:10 -0800] "GET /about.php HTTP/1.1" 404 88 "www.bing.com" "wp_is_mobile" "metrocrimedaily.com"
104.248.153.253 - - [07/Jan/2023:00:18:10 -0800] "GET /shells.php HTTP/1.1" 404 88 "www.bing.com" "wp_is_mobile" "metrocrimedaily.com"
66.249.70.138 - - [07/Jan/2023:00:21:32 -0800] "GET /robots.txt HTTP/1.1" 404 88 "-" "Mozilla/5.0 (compatible; Googlebot/2.1; +http://www.google.com/bot.html)" "metrocrimedaily.com"
51.222.253.6 - - [07/Jan/2023:00:23:54 -0800] "GET /instagram-dallas/post-later/?C=N;O=D HTTP/1.1" 200 2963 "-" "Mozilla/5.0 (compatible; AhrefsBot/7.0; +http://ahrefs.com/robot/)" "www.metrocrimedaily.com"
69.63.184.1 - - [07/Jan/2023:00:42:38 -0800] "GET /instagram-losangeles/01-07-2023-0211452-A.jpg HTTP/1.1" 200 147132 "-" "facebookexternalhit/1.1 (+http://www.facebook.com/externalhit_uatext.php)" "www.metrocrimedaily.com"
51.222.253.8 - - [07/Jan/2023:00:53:16 -0800] "GET / HTTP/1.1" 200 46677 "-" "Mozilla/5.0 (compatible; AhrefsBot/7.0; +http://ahrefs.com/robot/)" "metrocrimedaily.com"
51.222.253.20 - - [07/Jan/2023:00:53:31 -0800] "GET / HTTP/1.1" 200 46677 "-" "Mozilla/5.0 (compatible; AhrefsBot/7.0; +http://ahrefs.com/robot/)" "metrocrimedaily.com"
198.235.24.17 - - [07/Jan/2023:01:09:40 -0800] "GET / HTTP/1.1" 200 396655 "-" "Expanse, a Palo Alto Networks company, searches across the global IPv4 space multiple times per day to identify customers&#39; presences on the Internet. If you would like to be excluded from our scans, please send IP addresses/domains to: scaninfo@paloaltonetworks.com" "metrocrimedaily.com"
51.222.253.3 - - [07/Jan/2023:01:10:58 -0800] "GET /music/?C=D;O=A HTTP/1.1" 200 663 "-" "Mozilla/5.0 (compatible; AhrefsBot/7.0; +http://ahrefs.com/robot/)" "metrocrimedaily.com"
51.222.253.5 - - [07/Jan/2023:01:27:28 -0800] "GET /music/?C=M;O=A HTTP/1.1" 200 664 "-" "Mozilla/5.0 (compatible; AhrefsBot/7.0; +http://ahrefs.com/robot/)" "metrocrimedaily.com"
69.63.184.119 - - [07/Jan/2023:01:27:58 -0800] "GET /instagram-dallas/01-07-2023-0327351-A.jpg HTTP/1.1" 200 130035 "-" "facebookexternalhit/1.1 (+http://www.facebook.com/externalhit_uatext.php)" "www.metrocrimedaily.com"
51.222.253.18 - - [07/Jan/2023:01:44:59 -0800] "GET /instagram-atlanta/videos/ HTTP/1.1" 200 1611 "-" "Mozilla/5.0 (compatible; AhrefsBot/7.0; +http://ahrefs.com/robot/)" "metrocrimedaily.com"
69.63.189.116 - - [07/Jan/2023:01:48:09 -0800] "GET /instagram-losangeles/01-07-2023-0347471-A.jpg HTTP/1.1" 200 510419 "-" "facebookexternalhit/1.1 (+http://www.facebook.com/externalhit_uatext.php)" "www.metrocrimedaily.com"
69.63.184.1 - - [07/Jan/2023:01:55:55 -0800] "GET /instagram-stlouis/01-07-2023-0355351-A.jpg HTTP/1.1" 200 145898 "-" "facebookexternalhit/1.1 (+http://www.facebook.com/externalhit_uatext.php)" "www.metrocrimedaily.com"
51.222.253.4 - - [07/Jan/2023:02:03:03 -0800] "GET /instagram-dallas/post-later/01-06-2023-2018114-Prince-Harry---s-claim-he-killed-25-in-Afghanista.txt HTTP/1.1" 200 1198 "-" "Mozilla/5.0 (compatible; AhrefsBot/7.0; +http://ahrefs.com/robot/)" "www.metrocrimedaily.com"
51.222.253.8 - - [07/Jan/2023:02:20:43 -0800] "GET /instagram-dallas/post-later/01-06-2023-2018115-Prince-Harry-s-memoir-exposes-grief--war--drugs--.txt HTTP/1.1" 200 1208 "-" "Mozilla/5.0 (compatible; AhrefsBot/7.0; +http://ahrefs.com/robot/)" "www.metrocrimedaily.com"
51.222.253.19 - - [07/Jan/2023:02:38:25 -0800] "GET /instagram-dallas/post-later/01-06-2023-2018116-Gun-seized-from-staff-member-at-Wylie-High-School.txt HTTP/1.1" 200 342 "-" "Mozilla/5.0 (compatible; AhrefsBot/7.0; +http://ahrefs.com/robot/)" "www.metrocrimedaily.com"
69.63.189.5 - - [07/Jan/2023:02:53:21 -0800] "GET /instagram-losangeles/01-07-2023-0453011-A.jpg HTTP/1.1" 200 148220 "-" "facebookexternalhit/1.1 (+http://www.facebook.com/externalhit_uatext.php)" "www.metrocrimedaily.com"
51.222.253.14 - - [07/Jan/2023:02:55:24 -0800] "GET /instagram-dallas/post-later/01-06-2023-2149194----A-Very-Deadly-Woman---Ana-Montes--Cuban-s-Top-.txt HTTP/1.1" 200 1159 "-" "Mozilla/5.0 (compatible; AhrefsBot/7.0; +http://ahrefs.com/robot/)" "www.metrocrimedaily.com"
157.55.39.88 - - [07/Jan/2023:02:59:56 -0800] "GET / HTTP/1.1" 200 46677 "-" "Mozilla/5.0 (compatible; bingbot/2.0; +http://www.bing.com/bingbot.htm)" "metrocrimedaily.com"
157.55.39.100 - - [07/Jan/2023:03:00:12 -0800] "GET /styles-mcd.css HTTP/1.1" 200 1159 "-" "Mozilla/5.0 (compatible; bingbot/2.0; +http://www.bing.com/bingbot.htm)" "metrocrimedaily.com"
114.119.138.199 - - [07/Jan/2023:03:08:41 -0800] "GET /robots.txt HTTP/1.1" 404 88 "-" "Mozilla/5.0 (compatible;PetalBot;+https://webmaster.petalsearch.com/site/petalbot)" "metrocrimedaily.com"
114.119.142.181 - - [07/Jan/2023:03:17:04 -0800] "GET /robots.txt HTTP/1.1" 404 88 "-" "Mozilla/5.0 (compatible;PetalBot;+https://webmaster.petalsearch.com/site/petalbot)" "metrocrimedaily.com"
161.35.184.248 - - [07/Jan/2023:03:19:23 -0800] "GET /contact-us.html HTTP/1.1" 200 765 "-" "Mozilla/5.0 (Macintosh; Intel Mac OS X 10_15_7) AppleWebKit/537.36 (KHTML, like Gecko) Chrome/107.0.0.0 Safari/537.36" "www.metrocrimedaily.com"
72.13.46.2 - - [07/Jan/2023:03:37:25 -0800] "GET /robots.txt HTTP/1.1" 404 88 "-" "Mozilla/5.0 (compatible; ips-agent)" "www.metrocrimedaily.com"
72.13.46.2 - - [07/Jan/2023:03:37:26 -0800] "GET / HTTP/1.1" 200 46677 "-" "Mozilla/5.0 (compatible; ips-agent)" "www.metrocrimedaily.com"
72.13.46.2 - - [07/Jan/2023:03:37:28 -0800] "GET /about-us.html HTTP/1.1" 200 706 "-" "Mozilla/5.0 (compatible; ips-agent)" "www.metrocrimedaily.com"
72.13.46.2 - - [07/Jan/2023:03:37:29 -0800] "GET /contact-us.html HTTP/1.1" 200 765 "-" "Mozilla/5.0 (compatible; ips-agent)" "www.metrocrimedaily.com"
69.63.184.118 - - [07/Jan/2023:03:44:18 -0800] "GET /instagram-atlanta/01-07-2023-0543561-A.jpg HTTP/1.1" 200 173835 "-" "facebookexternalhit/1.1 (+http://www.facebook.com/externalhit_uatext.php)" "www.metrocrimedaily.com"
66.249.70.136 - - [07/Jan/2023:03:57:37 -0800] "GET /ads.txt HTTP/1.1" 404 88 "-" "Mozilla/5.0 (compatible; Googlebot/2.1; +http://www.google.com/bot.html)" "metrocrimedaily.com"
35.245.82.188 - - [07/Jan/2023:04:01:22 -0800] "GET / HTTP/1.1" 200 396655 "-" "Mozilla/5.0 (Windows NT 6.1; WOW64; Trident/7.0; rv:11.0) like Gecko" "www.metrocrimedaily.com"
69.63.184.1 - - [07/Jan/2023:04:04:16 -0800] "GET /instagram-chicago/01-07-2023-0603541-A.jpg HTTP/1.1" 200 879291 "-" "facebookexternalhit/1.1 (+http://www.facebook.com/externalhit_uatext.php)" "www.metrocrimedaily.com"
157.230.50.240 - - [07/Jan/2023:04:33:00 -0800] "GET /www.fox2detroit.com HTTP/1.1" 404 88 "-" "Mozilla/5.0 (Macintosh; Intel Mac OS X 10_15_7) AppleWebKit/537.36 (KHTML, like Gecko) Chrome/107.0.0.0 Safari/537.36" "metrocrimedaily.com"
69.63.184.116 - - [07/Jan/2023:04:48:18 -0800] "GET /instagram-newyork/01-07-2023-0647571-A.jpg HTTP/1.1" 200 278214 "-" "facebookexternalhit/1.1 (+http://www.facebook.com/externalhit_uatext.php)" "www.metrocrimedaily.com"
51.222.253.19 - - [07/Jan/2023:04:49:24 -0800] "GET /music/?C=S;O=A HTTP/1.1" 200 658 "-" "Mozilla/5.0 (compatible; AhrefsBot/7.0; +http://ahrefs.com/robot/)" "metrocrimedaily.com"
69.63.184.119 - - [07/Jan/2023:04:50:09 -0800] "GET /instagram-atlanta/01-07-2023-0649241-A.jpg HTTP/1.1" 200 109039 "-" "facebookexternalhit/1.1 (+http://www.facebook.com/externalhit_uatext.php)" "www.metrocrimedaily.com"
51.222.253.9 - - [07/Jan/2023:04:53:31 -0800] "GET / HTTP/1.1" 200 46677 "-" "Mozilla/5.0 (compatible; AhrefsBot/7.0; +http://ahrefs.com/robot/)" "www.metrocrimedaily.com"
34.230.32.22 - - [07/Jan/2023:05:09:13 -0800] "GET /ads.txt HTTP/1.1" 404 88 "-" "AdsTxtCrawler/1.0.2" "metrocrimedaily.com"
69.63.184.118 - - [07/Jan/2023:05:14:02 -0800] "GET /instagram-neworleans/01-07-2023-0713421-A.jpg HTTP/1.1" 200 170389 "-" "facebookexternalhit/1.1 (+http://www.facebook.com/externalhit_uatext.php)" "www.metrocrimedaily.com"
87.250.224.41 - - [07/Jan/2023:05:15:27 -0800] "GET /robots.txt HTTP/1.1" 404 73 "-" "Mozilla/5.0 (compatible; YandexBot/3.0; +http://yandex.com/bots)" "metrocrimedaily.com"
5.255.253.183 - - [07/Jan/2023:05:15:30 -0800] "GET / HTTP/1.1" 200 46677 "-" "Mozilla/5.0 (compatible; YandexBot/3.0; +http://yandex.com/bots)" "metrocrimedaily.com"
51.222.253.2 - - [07/Jan/2023:05:23:23 -0800] "GET /instagram-dallas/post-later/?C=D;O=D HTTP/1.1" 200 2963 "-" "Mozilla/5.0 (compatible; AhrefsBot/7.0; +http://ahrefs.com/robot/)" "www.metrocrimedaily.com"
69.63.184.120 - - [07/Jan/2023:05:34:29 -0800] "GET /instagram-chicago/01-07-2023-0734051-A.jpg HTTP/1.1" 200 882075 "-" "facebookexternalhit/1.1 (+http://www.facebook.com/externalhit_uatext.php)" "www.metrocrimedaily.com"
69.63.184.116 - - [07/Jan/2023:05:51:27 -0800] "GET /instagram-newyork/01-07-2023-0751071-A.jpg HTTP/1.1" 200 145198 "-" "facebookexternalhit/1.1 (+http://www.facebook.com/externalhit_uatext.php)" "www.metrocrimedaily.com"
51.222.253.14 - - [07/Jan/2023:05:54:04 -0800] "GET /instagram-dallas/post-later/?C=M;O=D HTTP/1.1" 200 2935 "-" "Mozilla/5.0 (compatible; AhrefsBot/7.0; +http://ahrefs.com/robot/)" "www.metrocrimedaily.com"
69.63.184.2 - - [07/Jan/2023:05:55:25 -0800] "GET /instagram-atlanta/01-07-2023-0755031-A.jpg HTTP/1.1" 200 142599 "-" "facebookexternalhit/1.1 (+http://www.facebook.com/externalhit_uatext.php)" "www.metrocrimedaily.com"
174.193.115.202 - - [07/Jan/2023:06:04:35 -0800] "GET / HTTP/1.1" 200 46677 "-" "Mozilla/5.0 (iPhone; CPU iPhone OS 15_6 like Mac OS X) AppleWebKit/605.1.15 (KHTML, like Gecko) GSA/242.1.493995244 Mobile/19G71 Safari/604.1" "www.metrocrimedaily.com"
174.210.235.10 - - [07/Jan/2023:06:14:29 -0800] "GET / HTTP/1.1" 200 46677 "-" "Mozilla/5.0 (iPhone; CPU iPhone OS 14_6 like Mac OS X) AppleWebKit/605.1.15 (KHTML, like Gecko) Version/14.1.1 Mobile/15E148 Safari/604.1" "www.metrocrimedaily.com"
174.210.235.10 - - [07/Jan/2023:06:14:29 -0800] "GET /styles-mcd.css HTTP/1.1" 200 1159 "http://www.metrocrimedaily.com/" "Mozilla/5.0 (iPhone; CPU iPhone OS 14_6 like Mac OS X) AppleWebKit/605.1.15 (KHTML, like Gecko) Version/14.1.1 Mobile/15E148 Safari/604.1" "www.metrocrimedaily.com"
174.210.235.10 - - [07/Jan/2023:06:14:29 -0800] "GET /images/crimeinthed-logo.jpg HTTP/1.1" 200 14960 "http://www.metrocrimedaily.com/" "Mozilla/5.0 (iPhone; CPU iPhone OS 14_6 like Mac OS X) AppleWebKit/605.1.15 (KHTML, like Gecko) Version/14.1.1 Mobile/15E148 Safari/604.1" "www.metrocrimedaily.com"
174.210.235.10 - - [07/Jan/2023:06:14:29 -0800] "GET /images/facebook-logo-tiny.png HTTP/1.1" 200 1280 "http://www.metrocrimedaily.com/" "Mozilla/5.0 (iPhone; CPU iPhone OS 14_6 like Mac OS X) AppleWebKit/605.1.15 (KHTML, like Gecko) Version/14.1.1 Mobile/15E148 Safari/604.1" "www.metrocrimedaily.com"
174.210.235.10 - - [07/Jan/2023:06:14:29 -0800] "GET /images/police-tape.jpg HTTP/1.1" 200 50766 "http://www.metrocrimedaily.com/" "Mozilla/5.0 (iPhone; CPU iPhone OS 14_6 like Mac OS X) AppleWebKit/605.1.15 (KHTML, like Gecko) Version/14.1.1 Mobile/15E148 Safari/604.1" "metrocrimedaily.com"
174.210.235.10 - - [07/Jan/2023:06:14:29 -0800] "GET /images/twitter-logo-b-tiny.png HTTP/1.1" 200 1600 "http://www.metrocrimedaily.com/" "Mozilla/5.0 (iPhone; CPU iPhone OS 14_6 like Mac OS X) AppleWebKit/605.1.15 (KHTML, like Gecko) Version/14.1.1 Mobile/15E148 Safari/604.1" "www.metrocrimedaily.com"
174.210.235.10 - - [07/Jan/2023:06:14:29 -0800] "GET /images/youtube-logo-tiny.png HTTP/1.1" 200 689 "http://www.metrocrimedaily.com/" "Mozilla/5.0 (iPhone; CPU iPhone OS 14_6 like Mac OS X) AppleWebKit/605.1.15 (KHTML, like Gecko) Version/14.1.1 Mobile/15E148 Safari/604.1" "www.metrocrimedaily.com"
69.63.184.2 - - [07/Jan/2023:06:15:32 -0800] "GET /instagram-neworleans/01-07-2023-0815121-A.jpg HTTP/1.1" 200 134579 "-" "facebookexternalhit/1.1 (+http://www.facebook.com/externalhit_uatext.php)" "www.metrocrimedaily.com"
157.55.39.33 - - [07/Jan/2023:06:20:48 -0800] "GET /instagram-dallas/11-24-2022-1030341-Colorado-Deputies-Indicted-After-Fatal-Shooting-o.txt HTTP/1.1" 404 88 "-" "Mozilla/5.0 AppleWebKit/537.36 (KHTML, like Gecko; compatible; bingbot/2.0; +http://www.bing.com/bingbot.htm) Chrome/103.0.5060.134 Safari/537.36" "www.metrocrimedaily.com"
69.63.184.117 - - [07/Jan/2023:06:26:33 -0800] "GET /instagram-detroit/01-07-2023-0826121-A.jpg HTTP/1.1" 200 144706 "-" "facebookexternalhit/1.1 (+http://www.facebook.com/externalhit_uatext.php)" "www.metrocrimedaily.com"
51.222.253.10 - - [07/Jan/2023:06:29:33 -0800] "GET /instagram-dallas/post-later/?C=S;O=D HTTP/1.1" 200 2997 "-" "Mozilla/5.0 (compatible; AhrefsBot/7.0; +http://ahrefs.com/robot/)" "www.metrocrimedaily.com"
157.55.39.100 - - [07/Jan/2023:06:42:53 -0800] "GET /instagram-dallas/11-25-2022-1203382-2-killed--2-injured-in-shooting-at-Houston-home-a.txt HTTP/1.1" 404 88 "-" "Mozilla/5.0 AppleWebKit/537.36 (KHTML, like Gecko; compatible; bingbot/2.0; +http://www.bing.com/bingbot.htm) Chrome/103.0.5060.134 Safari/537.36" "www.metrocrimedaily.com"
69.63.184.1 - - [07/Jan/2023:06:46:02 -0800] "GET /instagram-neworleans/01-07-2023-0815122-A.jpg HTTP/1.1" 200 287451 "-" "facebookexternalhit/1.1 (+http://www.facebook.com/externalhit_uatext.php)" "www.metrocrimedaily.com"
69.63.184.119 - - [07/Jan/2023:06:48:24 -0800] "GET /instagram-memphis/01-07-2023-0848041-A.jpg HTTP/1.1" 200 123883 "-" "facebookexternalhit/1.1 (+http://www.facebook.com/externalhit_uatext.php)" "www.metrocrimedaily.com"
174.193.115.202 - - [07/Jan/2023:06:50:06 -0800] "GET / HTTP/1.1" 304 - "-" "Mozilla/5.0 (iPhone; CPU iPhone OS 15_6 like Mac OS X) AppleWebKit/605.1.15 (KHTML, like Gecko) GSA/242.1.493995244 Mobile/19G71 Safari/604.1" "www.metrocrimedaily.com"
174.193.115.202 - - [07/Jan/2023:06:50:06 -0800] "GET /images/facebook-logo-tiny.png HTTP/1.1" 200 1280 "http://www.metrocrimedaily.com/" "Mozilla/5.0 (iPhone; CPU iPhone OS 15_6 like Mac OS X) AppleWebKit/605.1.15 (KHTML, like Gecko) GSA/242.1.493995244 Mobile/19G71 Safari/604.1" "www.metrocrimedaily.com"
174.193.115.202 - - [07/Jan/2023:06:50:06 -0800] "GET /images/youtube-logo-tiny.png HTTP/1.1" 200 689 "http://www.metrocrimedaily.com/" "Mozilla/5.0 (iPhone; CPU iPhone OS 15_6 like Mac OS X) AppleWebKit/605.1.15 (KHTML, like Gecko) GSA/242.1.493995244 Mobile/19G71 Safari/604.1" "www.metrocrimedaily.com"
69.63.184.119 - - [07/Jan/2023:06:59:48 -0800] "GET /instagram-newyork/01-07-2023-0859281-A.jpg HTTP/1.1" 200 120467 "-" "facebookexternalhit/1.1 (+http://www.facebook.com/externalhit_uatext.php)" "www.metrocrimedaily.com"
69.63.184.116 - - [07/Jan/2023:07:04:50 -0800] "GET /instagram-chicago/01-07-2023-0904281-A.jpg HTTP/1.1" 200 160209 "-" "facebookexternalhit/1.1 (+http://www.facebook.com/externalhit_uatext.php)" "www.metrocrimedaily.com"
114.119.150.239 - - [07/Jan/2023:07:06:32 -0800] "GET /gov-svc-detroit.html HTTP/1.1" 200 2125 "https://metrocrimedaily.com/" "Mozilla/5.0 (Linux; Android 7.0;) AppleWebKit/537.36 (KHTML, like Gecko) Mobile Safari/537.36 (compatible; PetalBot;+https://webmaster.petalsearch.com/site/petalbot)" "metrocrimedaily.com"
69.63.184.120 - - [07/Jan/2023:07:11:24 -0800] "GET /instagram-atlanta/01-07-2023-0911031-A.jpg HTTP/1.1" 200 113454 "-" "facebookexternalhit/1.1 (+http://www.facebook.com/externalhit_uatext.php)" "www.metrocrimedaily.com"
69.63.184.1 - - [07/Jan/2023:07:16:34 -0800] "GET /instagram-neworleans/01-07-2023-0815123-A.jpg HTTP/1.1" 200 286349 "-" "facebookexternalhit/1.1 (+http://www.facebook.com/externalhit_uatext.php)" "www.metrocrimedaily.com"
69.63.184.5 - - [07/Jan/2023:07:26:15 -0800] "GET /instagram-losangeles/01-07-2023-0925551-A.jpg HTTP/1.1" 200 491635 "-" "facebookexternalhit/1.1 (+http://www.facebook.com/externalhit_uatext.php)" "www.metrocrimedaily.com"
69.63.184.5 - - [07/Jan/2023:07:30:24 -0800] "GET /instagram-newyork/01-07-2023-0859282-A.jpg HTTP/1.1" 200 174492 "-" "facebookexternalhit/1.1 (+http://www.facebook.com/externalhit_uatext.php)" "www.metrocrimedaily.com"
24.197.194.142 - - [07/Jan/2023:07:32:49 -0800] "GET / HTTP/1.1" 200 46920 "https://www.google.com/" "Mozilla/5.0 (Macintosh; Intel Mac OS X 10_15_7) AppleWebKit/605.1.15 (KHTML, like Gecko) Version/16.2 Safari/605.1.15" "www.metrocrimedaily.com"
24.197.194.142 - - [07/Jan/2023:07:32:50 -0800] "GET /styles-mcd.css HTTP/1.1" 200 1159 "http://www.metrocrimedaily.com/" "Mozilla/5.0 (Macintosh; Intel Mac OS X 10_15_7) AppleWebKit/605.1.15 (KHTML, like Gecko) Version/16.2 Safari/605.1.15" "www.metrocrimedaily.com"
24.197.194.142 - - [07/Jan/2023:07:32:50 -0800] "GET /images/crimeinthed-logo.jpg HTTP/1.1" 200 14960 "http://www.metrocrimedaily.com/" "Mozilla/5.0 (Macintosh; Intel Mac OS X 10_15_7) AppleWebKit/605.1.15 (KHTML, like Gecko) Version/16.2 Safari/605.1.15" "www.metrocrimedaily.com"
24.197.194.142 - - [07/Jan/2023:07:32:50 -0800] "GET /images/facebook-logo-tiny.png HTTP/1.1" 200 1280 "http://www.metrocrimedaily.com/" "Mozilla/5.0 (Macintosh; Intel Mac OS X 10_15_7) AppleWebKit/605.1.15 (KHTML, like Gecko) Version/16.2 Safari/605.1.15" "www.metrocrimedaily.com"
24.197.194.142 - - [07/Jan/2023:07:32:50 -0800] "GET /images/police-tape.jpg HTTP/1.1" 200 50766 "http://www.metrocrimedaily.com/" "Mozilla/5.0 (Macintosh; Intel Mac OS X 10_15_7) AppleWebKit/605.1.15 (KHTML, like Gecko) Version/16.2 Safari/605.1.15" "metrocrimedaily.com"
24.197.194.142 - - [07/Jan/2023:07:32:50 -0800] "GET /images/youtube-logo-tiny.png HTTP/1.1" 200 689 "http://www.metrocrimedaily.com/" "Mozilla/5.0 (Macintosh; Intel Mac OS X 10_15_7) AppleWebKit/605.1.15 (KHTML, like Gecko) Version/16.2 Safari/605.1.15" "www.metrocrimedaily.com"
24.197.194.142 - - [07/Jan/2023:07:32:50 -0800] "GET /images/twitter-logo-b-tiny.png HTTP/1.1" 200 1600 "http://www.metrocrimedaily.com/" "Mozilla/5.0 (Macintosh; Intel Mac OS X 10_15_7) AppleWebKit/605.1.15 (KHTML, like Gecko) Version/16.2 Safari/605.1.15" "www.metrocrimedaily.com"
69.63.184.120 - - [07/Jan/2023:07:41:58 -0800] "GET /instagram-atlanta/01-07-2023-0911032-A.jpg HTTP/1.1" 200 190477 "-" "facebookexternalhit/1.1 (+http://www.facebook.com/externalhit_uatext.php)" "www.metrocrimedaily.com"
69.63.184.120 - - [07/Jan/2023:07:42:39 -0800] "GET /instagram-memphis/01-07-2023-0942191-A.jpg HTTP/1.1" 200 82155 "-" "facebookexternalhit/1.1 (+http://www.facebook.com/externalhit_uatext.php)" "www.metrocrimedaily.com"
96.27.65.37 - - [07/Jan/2023:07:43:09 -0800] "GET / HTTP/1.1" 200 46920 "-" "Mozilla/5.0 (iPhone; CPU iPhone OS 15_6_1 like Mac OS X) AppleWebKit/605.1.15 (KHTML, like Gecko) Version/15.6.1 Mobile/15E148 Safari/604.1" "www.metrocrimedaily.com"
96.27.65.37 - - [07/Jan/2023:07:43:09 -0800] "GET /styles-mcd.css HTTP/1.1" 200 1159 "http://www.metrocrimedaily.com/" "Mozilla/5.0 (iPhone; CPU iPhone OS 15_6_1 like Mac OS X) AppleWebKit/605.1.15 (KHTML, like Gecko) Version/15.6.1 Mobile/15E148 Safari/604.1" "www.metrocrimedaily.com"
96.27.65.37 - - [07/Jan/2023:07:43:10 -0800] "GET /images/crimeinthed-logo.jpg HTTP/1.1" 200 14960 "http://www.metrocrimedaily.com/" "Mozilla/5.0 (iPhone; CPU iPhone OS 15_6_1 like Mac OS X) AppleWebKit/605.1.15 (KHTML, like Gecko) Version/15.6.1 Mobile/15E148 Safari/604.1" "www.metrocrimedaily.com"
96.27.65.37 - - [07/Jan/2023:07:43:10 -0800] "GET /images/facebook-logo-tiny.png HTTP/1.1" 200 1280 "http://www.metrocrimedaily.com/" "Mozilla/5.0 (iPhone; CPU iPhone OS 15_6_1 like Mac OS X) AppleWebKit/605.1.15 (KHTML, like Gecko) Version/15.6.1 Mobile/15E148 Safari/604.1" "www.metrocrimedaily.com"
96.27.65.37 - - [07/Jan/2023:07:43:10 -0800] "GET /images/youtube-logo-tiny.png HTTP/1.1" 200 689 "http://www.metrocrimedaily.com/" "Mozilla/5.0 (iPhone; CPU iPhone OS 15_6_1 like Mac OS X) AppleWebKit/605.1.15 (KHTML, like Gecko) Version/15.6.1 Mobile/15E148 Safari/604.1" "www.metrocrimedaily.com"
96.27.65.37 - - [07/Jan/2023:07:43:10 -0800] "GET /images/twitter-logo-b-tiny.png HTTP/1.1" 200 1600 "http://www.metrocrimedaily.com/" "Mozilla/5.0 (iPhone; CPU iPhone OS 15_6_1 like Mac OS X) AppleWebKit/605.1.15 (KHTML, like Gecko) Version/15.6.1 Mobile/15E148 Safari/604.1" "www.metrocrimedaily.com"
96.27.65.37 - - [07/Jan/2023:07:43:10 -0800] "GET /images/police-tape.jpg HTTP/1.1" 200 50766 "http://www.metrocrimedaily.com/" "Mozilla/5.0 (iPhone; CPU iPhone OS 15_6_1 like Mac OS X) AppleWebKit/605.1.15 (KHTML, like Gecko) Version/15.6.1 Mobile/15E148 Safari/604.1" "metrocrimedaily.com"
69.63.184.116 - - [07/Jan/2023:07:48:08 -0800] "GET /instagram-stlouis/01-07-2023-0947471-A.jpg HTTP/1.1" 200 175960 "-" "facebookexternalhit/1.1 (+http://www.facebook.com/externalhit_uatext.php)" "www.metrocrimedaily.com"
69.63.184.1 - - [07/Jan/2023:07:56:39 -0800] "GET /instagram-houston/01-07-2023-0956181-A.jpg HTTP/1.1" 200 108604 "-" "facebookexternalhit/1.1 (+http://www.facebook.com/externalhit_uatext.php)" "www.metrocrimedaily.com"
69.63.184.116 - - [07/Jan/2023:08:00:54 -0800] "GET /instagram-newyork/01-07-2023-0859283-A.jpg HTTP/1.1" 200 98089 "-" "facebookexternalhit/1.1 (+http://www.facebook.com/externalhit_uatext.php)" "www.metrocrimedaily.com"
69.63.184.3 - - [07/Jan/2023:08:06:27 -0800] "GET /instagram-chicago/01-07-2023-1006061-A.jpg HTTP/1.1" 200 122107 "-" "facebookexternalhit/1.1 (+http://www.facebook.com/externalhit_uatext.php)" "www.metrocrimedaily.com"
69.63.184.3 - - [07/Jan/2023:08:12:31 -0800] "GET /instagram-atlanta/01-07-2023-0911033-A.jpg HTTP/1.1" 200 106985 "-" "facebookexternalhit/1.1 (+http://www.facebook.com/externalhit_uatext.php)" "www.metrocrimedaily.com"
69.63.184.1 - - [07/Jan/2023:08:13:11 -0800] "GET /instagram-neworleans/01-07-2023-1012481-A.jpg HTTP/1.1" 200 126438 "-" "facebookexternalhit/1.1 (+http://www.facebook.com/externalhit_uatext.php)" "www.metrocrimedaily.com"
66.249.70.116 - - [07/Jan/2023:08:26:28 -0800] "GET /robots.txt HTTP/1.1" 404 88 "-" "Mozilla/5.0 (compatible; Googlebot/2.1; +http://www.google.com/bot.html)" "www.metrocrimedaily.com"
54.36.149.40 - - [07/Jan/2023:08:33:33 -0800] "GET /robots.txt HTTP/1.1" 404 88 "-" "Mozilla/5.0 (compatible; AhrefsBot/7.0; +http://ahrefs.com/robot/)" "metrocrimedaily.com"
51.222.253.9 - - [07/Jan/2023:08:33:34 -0800] "GET / HTTP/1.1" 200 46920 "-" "Mozilla/5.0 (compatible; AhrefsBot/7.0; +http://ahrefs.com/robot/)" "metrocrimedaily.com"
51.222.253.13 - - [07/Jan/2023:08:33:40 -0800] "GET /styles-mcd.css HTTP/1.1" 200 1159 "-" "Mozilla/5.0 (compatible; AhrefsBot/7.0; +http://ahrefs.com/robot/)" "metrocrimedaily.com"
51.222.253.20 - - [07/Jan/2023:08:33:41 -0800] "GET /images/twitter-logo-b-tiny.png HTTP/1.1" 200 1600 "-" "Mozilla/5.0 (compatible; AhrefsBot/7.0; +http://ahrefs.com/robot/)" "metrocrimedaily.com"
51.222.253.18 - - [07/Jan/2023:08:33:41 -0800] "GET /images/crimeinthed-logo.jpg HTTP/1.1" 200 14960 "-" "Mozilla/5.0 (compatible; AhrefsBot/7.0; +http://ahrefs.com/robot/)" "metrocrimedaily.com"
51.222.253.13 - - [07/Jan/2023:08:33:42 -0800] "GET / HTTP/1.1" 200 46920 "-" "Mozilla/5.0 (compatible; AhrefsBot/7.0; +http://ahrefs.com/robot/)" "metrocrimedaily.com"
51.222.253.7 - - [07/Jan/2023:08:33:44 -0800] "GET /images/youtube-logo-tiny.png HTTP/1.1" 200 689 "-" "Mozilla/5.0 (compatible; AhrefsBot/7.0; +http://ahrefs.com/robot/)" "metrocrimedaily.com"
