51.222.253.10 - - [06/Jan/2023:01:51:26 -0800] "GET /instagram-atlanta/01-05-2023-1850301-5-unbuckled-kids-found-in-backseat-of-car-after-h.txt HTTP/1.1" 200 1036 "-" "Mozilla/5.0 (compatible; AhrefsBot/7.0; +http://ahrefs.com/robot/)" "metrocrimedaily.com"
51.222.253.5 - - [06/Jan/2023:01:54:36 -0800] "GET /instagram-atlanta/01-05-2023-1956021-Yes--Idaho-murder-suspect-Bryan-Kohberger-did-pos.txt HTTP/1.1" 200 1038 "-" "Mozilla/5.0 (compatible; AhrefsBot/7.0; +http://ahrefs.com/robot/)" "metrocrimedaily.com"
51.222.253.20 - - [06/Jan/2023:01:58:10 -0800] "GET /instagram-atlanta/01-05-2023-2136531-Idaho-murders--Bryan-Kohberger-changed-license-pl.txt HTTP/1.1" 200 998 "-" "Mozilla/5.0 (compatible; AhrefsBot/7.0; +http://ahrefs.com/robot/)" "metrocrimedaily.com"
207.46.13.113 - - [06/Jan/2023:01:58:50 -0800] "GET /CRIME-WATCH-MONROE/VWIP/ HTTP/1.1" 404 88 "-" "Mozilla/5.0 (compatible; bingbot/2.0; +http://www.bing.com/bingbot.htm)" "www.metrocrimedaily.com"
51.222.253.6 - - [06/Jan/2023:02:01:41 -0800] "GET /instagram-atlanta/01-05-2023-2233371-Woman-arrested-after-stabbing-man-on-Hollywood-Ro.txt HTTP/1.1" 200 307 "-" "Mozilla/5.0 (compatible; AhrefsBot/7.0; +http://ahrefs.com/robot/)" "metrocrimedaily.com"
157.55.39.33 - - [06/Jan/2023:02:02:05 -0800] "GET /instagram-chicago/11-18-2022-1839513-Elizabeth-Holmes-Sentenced-to-More-Than-11-Years-.txt HTTP/1.1" 404 88 "-" "Mozilla/5.0 (compatible; bingbot/2.0; +http://www.bing.com/bingbot.htm)" "www.metrocrimedaily.com"
51.222.253.17 - - [06/Jan/2023:02:05:02 -0800] "GET /instagram-chicago/01-05-2023-1930503-Little-Village-community-concerned-after-street-v.txt HTTP/1.1" 200 1082 "-" "Mozilla/5.0 (compatible; AhrefsBot/7.0; +http://ahrefs.com/robot/)" "metrocrimedaily.com"
54.36.148.132 - - [06/Jan/2023:02:08:03 -0800] "GET / HTTP/1.1" 200 35348 "-" "Mozilla/5.0 (compatible; AhrefsBot/7.0; +http://ahrefs.com/robot/)" "metrocrimedaily.com"
69.63.184.4 - - [06/Jan/2023:02:14:20 -0800] "GET /instagram-atlanta/01-06-2023-0413581-A.jpg HTTP/1.1" 200 158013 "-" "facebookexternalhit/1.1 (+http://www.facebook.com/externalhit_uatext.php)" "www.metrocrimedaily.com"
157.55.39.88 - - [06/Jan/2023:02:14:44 -0800] "GET /instagram-dallas/11-21-2022-1321292-Dallas-Co.-District-Attorney-rescinds-policy-that.txt HTTP/1.1" 404 88 "-" "Mozilla/5.0 (compatible; bingbot/2.0; +http://www.bing.com/bingbot.htm)" "www.metrocrimedaily.com"
69.63.184.120 - - [06/Jan/2023:02:14:49 -0800] "GET /instagram-atlanta/01-06-2023-0413582-A.jpg HTTP/1.1" 200 157589 "-" "facebookexternalhit/1.1 (+http://www.facebook.com/externalhit_uatext.php)" "www.metrocrimedaily.com"
51.222.253.12 - - [06/Jan/2023:02:18:57 -0800] "GET /instagram-monroe/videos/ HTTP/1.1" 200 327 "-" "Mozilla/5.0 (compatible; AhrefsBot/7.0; +http://ahrefs.com/robot/)" "metrocrimedaily.com"
51.222.253.11 - - [06/Jan/2023:02:29:55 -0800] "GET /instagram-houston/?C=D;O=D HTTP/1.1" 200 4168 "-" "Mozilla/5.0 (compatible; AhrefsBot/7.0; +http://ahrefs.com/robot/)" "metrocrimedaily.com"
69.63.184.119 - - [06/Jan/2023:02:30:13 -0800] "GET /instagram-dallas/01-06-2023-0429471-A.jpg HTTP/1.1" 200 215466 "-" "facebookexternalhit/1.1 (+http://www.facebook.com/externalhit_uatext.php)" "www.metrocrimedaily.com"
51.222.253.9 - - [06/Jan/2023:02:40:31 -0800] "GET /instagram-houston/?C=M;O=D HTTP/1.1" 200 4107 "-" "Mozilla/5.0 (compatible; AhrefsBot/7.0; +http://ahrefs.com/robot/)" "metrocrimedaily.com"
157.55.39.44 - - [06/Jan/2023:02:47:43 -0800] "GET /instagram-dallas/11-21-2022-1321294-Police-investigating-southwest-Dallas-murder-.txt HTTP/1.1" 404 88 "-" "Mozilla/5.0 (compatible; bingbot/2.0; +http://www.bing.com/bingbot.htm)" "www.metrocrimedaily.com"
51.222.253.4 - - [06/Jan/2023:02:50:38 -0800] "GET /instagram-houston/?C=S;O=D HTTP/1.1" 200 4211 "-" "Mozilla/5.0 (compatible; AhrefsBot/7.0; +http://ahrefs.com/robot/)" "metrocrimedaily.com"
73.18.233.246 - - [06/Jan/2023:03:00:06 -0800] "GET / HTTP/1.1" 200 35348 "-" "Mozilla/5.0 (iPhone; CPU iPhone OS 16_1_1 like Mac OS X) AppleWebKit/605.1.15 (KHTML, like Gecko) Version/16.1 Mobile/15E148 Safari/604.1" "www.metrocrimedaily.com"
73.18.233.246 - - [06/Jan/2023:03:00:07 -0800] "GET /images/youtube-logo-tiny.png HTTP/1.1" 200 689 "http://www.metrocrimedaily.com/" "Mozilla/5.0 (iPhone; CPU iPhone OS 16_1_1 like Mac OS X) AppleWebKit/605.1.15 (KHTML, like Gecko) Version/16.1 Mobile/15E148 Safari/604.1" "www.metrocrimedaily.com"
51.222.253.19 - - [06/Jan/2023:03:00:27 -0800] "GET /instagram-dallas/01-05-2023-1956273-Colorado-Funeral-Home-Owner-Sentenced-in-Body-Sal.txt HTTP/1.1" 200 1058 "-" "Mozilla/5.0 (compatible; AhrefsBot/7.0; +http://ahrefs.com/robot/)" "www.metrocrimedaily.com"
69.63.184.1 - - [06/Jan/2023:03:02:07 -0800] "GET /instagram-memphis/01-06-2023-0501471-A.jpg HTTP/1.1" 200 135865 "-" "facebookexternalhit/1.1 (+http://www.facebook.com/externalhit_uatext.php)" "www.metrocrimedaily.com"
69.63.184.5 - - [06/Jan/2023:03:04:20 -0800] "GET /instagram-stlouis/01-06-2023-0504011-A.jpg HTTP/1.1" 200 166549 "-" "facebookexternalhit/1.1 (+http://www.facebook.com/externalhit_uatext.php)" "www.metrocrimedaily.com"
157.55.39.88 - - [06/Jan/2023:03:09:09 -0800] "GET /instagram-dallas/11-24-2022-2017151-Owner-of-Colorado-LGBTQ-Club--Shooting-Comes-Amid.txt HTTP/1.1" 404 88 "-" "Mozilla/5.0 AppleWebKit/537.36 (KHTML, like Gecko; compatible; bingbot/2.0; +http://www.bing.com/bingbot.htm) Chrome/103.0.5060.134 Safari/537.36" "www.metrocrimedaily.com"
51.222.253.10 - - [06/Jan/2023:03:10:16 -0800] "GET /instagram-dallas/01-05-2023-2123151-Hyundai--Kia-owners-face-threat-of-theft-due-to-s.txt HTTP/1.1" 200 1208 "-" "Mozilla/5.0 (compatible; AhrefsBot/7.0; +http://ahrefs.com/robot/)" "www.metrocrimedaily.com"
157.55.39.64 - - [06/Jan/2023:03:12:11 -0800] "GET /instagram-dallas/11-24-2022-1806511-After-Conquering-Cancer--Lifelong-Cowboys-Fan-Che.txt HTTP/1.1" 404 88 "-" "Mozilla/5.0 (compatible; bingbot/2.0; +http://www.bing.com/bingbot.htm)" "www.metrocrimedaily.com"
157.55.39.88 - - [06/Jan/2023:03:15:01 -0800] "GET /instagram-dallas/11-23-2022-0308331-Explosions-Near-Two-Bus-Stops-in-Jerusalem-Wound-.txt HTTP/1.1" 404 88 "-" "Mozilla/5.0 (compatible; bingbot/2.0; +http://www.bing.com/bingbot.htm)" "www.metrocrimedaily.com"
69.63.184.118 - - [06/Jan/2023:03:15:18 -0800] "GET /instagram-losangeles/01-06-2023-0514581-A.jpg HTTP/1.1" 200 241271 "-" "facebookexternalhit/1.1 (+http://www.facebook.com/externalhit_uatext.php)" "www.metrocrimedaily.com"
69.63.184.5 - - [06/Jan/2023:03:15:46 -0800] "GET /instagram-losangeles/01-06-2023-0514582-A.jpg HTTP/1.1" 200 197695 "-" "facebookexternalhit/1.1 (+http://www.facebook.com/externalhit_uatext.php)" "www.metrocrimedaily.com"
51.222.253.11 - - [06/Jan/2023:03:20:48 -0800] "GET /instagram-dallas/01-05-2023-2123152-Traders-Who-Bet-Against-Stocks-Made-a-Killing-in-.txt HTTP/1.1" 200 1057 "-" "Mozilla/5.0 (compatible; AhrefsBot/7.0; +http://ahrefs.com/robot/)" "www.metrocrimedaily.com"
51.222.253.12 - - [06/Jan/2023:03:31:09 -0800] "GET /instagram-dallas/01-05-2023-2123153-21-year-old-Kansas-man-arrested--accused-of-kidna.txt HTTP/1.1" 200 753 "-" "Mozilla/5.0 (compatible; AhrefsBot/7.0; +http://ahrefs.com/robot/)" "www.metrocrimedaily.com"
69.63.184.116 - - [06/Jan/2023:03:32:41 -0800] "GET /instagram-memphis/01-06-2023-0501472-A.jpg HTTP/1.1" 200 139236 "-" "facebookexternalhit/1.1 (+http://www.facebook.com/externalhit_uatext.php)" "www.metrocrimedaily.com"
69.63.184.116 - - [06/Jan/2023:03:35:53 -0800] "GET /instagram-dallas/01-06-2023-0535311-A.jpg HTTP/1.1" 200 155762 "-" "facebookexternalhit/1.1 (+http://www.facebook.com/externalhit_uatext.php)" "www.metrocrimedaily.com"
69.63.184.120 - - [06/Jan/2023:03:38:04 -0800] "GET /instagram-chicago/01-06-2023-0537431-A.jpg HTTP/1.1" 200 129916 "-" "facebookexternalhit/1.1 (+http://www.facebook.com/externalhit_uatext.php)" "www.metrocrimedaily.com"
69.63.184.117 - - [06/Jan/2023:03:38:33 -0800] "GET /instagram-chicago/01-06-2023-0537432-A.jpg HTTP/1.1" 200 136197 "-" "facebookexternalhit/1.1 (+http://www.facebook.com/externalhit_uatext.php)" "www.metrocrimedaily.com"
51.222.253.17 - - [06/Jan/2023:03:41:22 -0800] "GET /instagram-dallas/01-05-2023-2249591-Two-teens-killed-in-shooting-in-Fort-Worth-.txt HTTP/1.1" 200 49 "-" "Mozilla/5.0 (compatible; AhrefsBot/7.0; +http://ahrefs.com/robot/)" "www.metrocrimedaily.com"
66.249.70.136 - - [06/Jan/2023:03:46:16 -0800] "GET /ads.txt HTTP/1.1" 404 88 "-" "Mozilla/5.0 (compatible; Googlebot/2.1; +http://www.google.com/bot.html)" "metrocrimedaily.com"
69.63.184.3 - - [06/Jan/2023:03:46:29 -0800] "GET /instagram-houston/01-06-2023-0546081-A.jpg HTTP/1.1" 200 233127 "-" "facebookexternalhit/1.1 (+http://www.facebook.com/externalhit_uatext.php)" "www.metrocrimedaily.com"
69.63.184.1 - - [06/Jan/2023:03:50:32 -0800] "GET /instagram-losangeles/01-06-2023-0550131-A.jpg HTTP/1.1" 200 225542 "-" "facebookexternalhit/1.1 (+http://www.facebook.com/externalhit_uatext.php)" "www.metrocrimedaily.com"
51.222.253.17 - - [06/Jan/2023:03:51:32 -0800] "GET /instagram-dallas/01-05-2023-2249592-Fort-Worth-Police-Search-for-Man-Caught-on-Camera.txt HTTP/1.1" 200 1142 "-" "Mozilla/5.0 (compatible; AhrefsBot/7.0; +http://ahrefs.com/robot/)" "www.metrocrimedaily.com"
51.222.253.10 - - [06/Jan/2023:04:02:12 -0800] "GET /instagram-atlanta/videos/?C=D;O=A HTTP/1.1" 200 1307 "-" "Mozilla/5.0 (compatible; AhrefsBot/7.0; +http://ahrefs.com/robot/)" "metrocrimedaily.com"
114.119.146.12 - - [06/Jan/2023:04:05:17 -0800] "GET / HTTP/1.1" 200 35348 "-" "Mozilla/5.0 (Linux; Android 7.0;) AppleWebKit/537.36 (KHTML, like Gecko) Mobile Safari/537.36 (compatible; PetalBot;+https://webmaster.petalsearch.com/site/petalbot)" "www.metrocrimedaily.com"
51.222.253.18 - - [06/Jan/2023:04:05:54 -0800] "GET /instagram-atlanta/videos/?C=M;O=A HTTP/1.1" 200 1313 "-" "Mozilla/5.0 (compatible; AhrefsBot/7.0; +http://ahrefs.com/robot/)" "metrocrimedaily.com"
69.63.184.3 - - [06/Jan/2023:04:08:01 -0800] "GET /instagram-stlouis/01-06-2023-0607421-A.jpg HTTP/1.1" 200 280501 "-" "facebookexternalhit/1.1 (+http://www.facebook.com/externalhit_uatext.php)" "www.metrocrimedaily.com"
51.222.253.2 - - [06/Jan/2023:04:09:35 -0800] "GET /instagram-monroe/ HTTP/1.1" 200 358 "-" "Mozilla/5.0 (compatible; AhrefsBot/7.0; +http://ahrefs.com/robot/)" "metrocrimedaily.com"
157.55.39.33 - - [06/Jan/2023:04:11:48 -0800] "GET /instagram-chicago/11-18-2022-1839513-Elizabeth-Holmes-Sentenced-to-More-Than-11-Years-.txt HTTP/1.1" 404 88 "-" "Mozilla/5.0 (compatible; bingbot/2.0; +http://www.bing.com/bingbot.htm)" "www.metrocrimedaily.com"
51.222.253.7 - - [06/Jan/2023:04:13:31 -0800] "GET /instagram-houston/01-05-2023-0939032-Man-hit-and-killed-by-Houston-police-officer-driv.txt HTTP/1.1" 200 917 "-" "Mozilla/5.0 (compatible; AhrefsBot/7.0; +http://ahrefs.com/robot/)" "metrocrimedaily.com"
157.55.39.44 - - [06/Jan/2023:04:15:02 -0800] "GET /CRIME-WATCH-MONROE/find-and-post-monroe-stories-RevA.bat HTTP/1.1" 404 88 "-" "Mozilla/5.0 (compatible; bingbot/2.0; +http://www.bing.com/bingbot.htm)" "www.metrocrimedaily.com"
69.63.184.111 - - [06/Jan/2023:04:17:01 -0800] "GET /instagram-houston/01-06-2023-0546082-A.jpg HTTP/1.1" 200 128592 "-" "facebookexternalhit/1.1 (+http://www.facebook.com/externalhit_uatext.php)" "www.metrocrimedaily.com"
51.222.253.6 - - [06/Jan/2023:04:17:26 -0800] "GET /instagram-houston/01-05-2023-1033446-Idaho-killings--What-s-next-for-suspect-Bryan-Koh.txt HTTP/1.1" 200 1112 "-" "Mozilla/5.0 (compatible; AhrefsBot/7.0; +http://ahrefs.com/robot/)" "metrocrimedaily.com"
51.222.253.8 - - [06/Jan/2023:04:21:07 -0800] "GET /instagram-houston/01-05-2023-1210572-Now-retired-Pasadena-police-officer-indicted-over.txt HTTP/1.1" 200 632 "-" "Mozilla/5.0 (compatible; AhrefsBot/7.0; +http://ahrefs.com/robot/)" "metrocrimedaily.com"
51.222.253.11 - - [06/Jan/2023:04:24:55 -0800] "GET /instagram-houston/01-05-2023-1210573-3-year-old-child-on-life-support--2-people-injure.txt HTTP/1.1" 200 793 "-" "Mozilla/5.0 (compatible; AhrefsBot/7.0; +http://ahrefs.com/robot/)" "metrocrimedaily.com"
69.63.184.3 - - [06/Jan/2023:04:25:33 -0800] "GET /instagram-losangeles/01-06-2023-0625121-A.jpg HTTP/1.1" 200 142680 "-" "facebookexternalhit/1.1 (+http://www.facebook.com/externalhit_uatext.php)" "www.metrocrimedaily.com"
51.222.253.5 - - [06/Jan/2023:04:28:11 -0800] "GET /instagram-houston/01-05-2023-1210574-Caught-on-camera--Man-jumps-on-hood-to-stop-thiev.txt HTTP/1.1" 200 765 "-" "Mozilla/5.0 (compatible; AhrefsBot/7.0; +http://ahrefs.com/robot/)" "metrocrimedaily.com"
51.222.253.1 - - [06/Jan/2023:04:31:18 -0800] "GET /instagram-houston/01-05-2023-1306051-Idaho-stabbing-suspect-Bryan-Kohberger-found-thro.txt HTTP/1.1" 200 1052 "-" "Mozilla/5.0 (compatible; AhrefsBot/7.0; +http://ahrefs.com/robot/)" "metrocrimedaily.com"
51.222.253.14 - - [06/Jan/2023:04:34:40 -0800] "GET /instagram-houston/01-05-2023-1306056-Police--Idaho-slaying-suspect-s-DNA-found-on-a-kn.txt HTTP/1.1" 200 1116 "-" "Mozilla/5.0 (compatible; AhrefsBot/7.0; +http://ahrefs.com/robot/)" "metrocrimedaily.com"
69.63.184.5 - - [06/Jan/2023:04:37:26 -0800] "GET /instagram-memphis/01-06-2023-0637071-A.jpg HTTP/1.1" 200 97641 "-" "facebookexternalhit/1.1 (+http://www.facebook.com/externalhit_uatext.php)" "www.metrocrimedaily.com"
54.36.148.96 - - [06/Jan/2023:04:38:19 -0800] "GET /robots.txt HTTP/1.1" 404 88 "-" "Mozilla/5.0 (compatible; AhrefsBot/7.0; +http://ahrefs.com/robot/)" "metrocrimedaily.com"
51.222.253.19 - - [06/Jan/2023:04:38:20 -0800] "GET /instagram-houston/01-05-2023-1414531-Former-Pasadena-police-officer-indicted-for-2021-.txt HTTP/1.1" 200 1072 "-" "Mozilla/5.0 (compatible; AhrefsBot/7.0; +http://ahrefs.com/robot/)" "metrocrimedaily.com"
69.63.184.117 - - [06/Jan/2023:04:38:35 -0800] "GET /instagram-stlouis/01-06-2023-0607422-A.jpg HTTP/1.1" 200 175030 "-" "facebookexternalhit/1.1 (+http://www.facebook.com/externalhit_uatext.php)" "www.metrocrimedaily.com"
69.63.184.3 - - [06/Jan/2023:04:39:00 -0800] "GET /instagram-chicago/01-06-2023-0638371-A.jpg HTTP/1.1" 200 368081 "-" "facebookexternalhit/1.1 (+http://www.facebook.com/externalhit_uatext.php)" "www.metrocrimedaily.com"
69.63.184.4 - - [06/Jan/2023:04:39:14 -0800] "GET /instagram-atlanta/01-06-2023-0638521-A.jpg HTTP/1.1" 200 170395 "-" "facebookexternalhit/1.1 (+http://www.facebook.com/externalhit_uatext.php)" "www.metrocrimedaily.com"
51.222.253.12 - - [06/Jan/2023:04:40:58 -0800] "GET /instagram-houston/01-05-2023-1414532-Police--Idaho-slaying-suspect-s-DNA-found-on-a-kn.txt HTTP/1.1" 200 1116 "-" "Mozilla/5.0 (compatible; AhrefsBot/7.0; +http://ahrefs.com/robot/)" "metrocrimedaily.com"
87.250.224.41 - - [06/Jan/2023:04:43:11 -0800] "GET /robots.txt HTTP/1.1" 404 73 "-" "Mozilla/5.0 (compatible; YandexBot/3.0; +http://yandex.com/bots)" "www.metrocrimedaily.com"
5.255.253.118 - - [06/Jan/2023:04:43:15 -0800] "GET / HTTP/1.1" 200 35348 "-" "Mozilla/5.0 (compatible; YandexBot/3.0; +http://yandex.com/bots) AppleWebKit/537.36 (KHTML, like Gecko) Chrome/81.0.4044.268" "www.metrocrimedaily.com"
51.222.253.9 - - [06/Jan/2023:04:44:28 -0800] "GET /instagram-houston/01-05-2023-1414533-8-dead-in-Utah-murder-suicide-after-wife-sought-d.txt HTTP/1.1" 200 1110 "-" "Mozilla/5.0 (compatible; AhrefsBot/7.0; +http://ahrefs.com/robot/)" "metrocrimedaily.com"
69.63.184.120 - - [06/Jan/2023:04:46:50 -0800] "GET /instagram-dallas/01-06-2023-0646291-A.jpg HTTP/1.1" 200 164558 "-" "facebookexternalhit/1.1 (+http://www.facebook.com/externalhit_uatext.php)" "www.metrocrimedaily.com"
51.222.253.17 - - [06/Jan/2023:04:47:51 -0800] "GET /instagram-houston/01-05-2023-1704251-Man-who-shot-two-men-at-Huntley-home-in-July-extr.txt HTTP/1.1" 200 1003 "-" "Mozilla/5.0 (compatible; AhrefsBot/7.0; +http://ahrefs.com/robot/)" "metrocrimedaily.com"
51.222.253.19 - - [06/Jan/2023:04:51:25 -0800] "GET /instagram-houston/01-05-2023-1704252-Smoke-pours-from-home-in-area-where-arson-suspect.txt HTTP/1.1" 200 993 "-" "Mozilla/5.0 (compatible; AhrefsBot/7.0; +http://ahrefs.com/robot/)" "metrocrimedaily.com"
69.63.184.118 - - [06/Jan/2023:04:54:14 -0800] "GET /instagram-detroit/01-06-2023-0653531-A.jpg HTTP/1.1" 200 87682 "-" "facebookexternalhit/1.1 (+http://www.facebook.com/externalhit_uatext.php)" "www.metrocrimedaily.com"
51.222.253.12 - - [06/Jan/2023:04:54:52 -0800] "GET /instagram-houston/01-05-2023-1704253-Woman-who-reeked-of-body-odor-wanted-in-4-robberi.txt HTTP/1.1" 200 895 "-" "Mozilla/5.0 (compatible; AhrefsBot/7.0; +http://ahrefs.com/robot/)" "metrocrimedaily.com"
157.55.39.88 - - [06/Jan/2023:04:57:39 -0800] "GET /instagram-dallas/11-21-2022-1321292-Dallas-Co.-District-Attorney-rescinds-policy-that.txt HTTP/1.1" 404 88 "-" "Mozilla/5.0 AppleWebKit/537.36 (KHTML, like Gecko; compatible; bingbot/2.0; +http://www.bing.com/bingbot.htm) Chrome/103.0.5060.134 Safari/537.36" "www.metrocrimedaily.com"
51.222.253.7 - - [06/Jan/2023:04:59:04 -0800] "GET /instagram-houston/01-05-2023-1704254-Domestic-violence-suspect-involved-in-standoff-wi.txt HTTP/1.1" 200 1073 "-" "Mozilla/5.0 (compatible; AhrefsBot/7.0; +http://ahrefs.com/robot/)" "metrocrimedaily.com"
157.55.39.64 - - [06/Jan/2023:05:00:12 -0800] "GET /instagram-dallas/11-25-2022-1857002-Japan-investigators-raid-Dentsu-in-widening-Olymp.txt HTTP/1.1" 404 88 "-" "Mozilla/5.0 (compatible; bingbot/2.0; +http://www.bing.com/bingbot.htm)" "www.metrocrimedaily.com"
51.222.253.18 - - [06/Jan/2023:05:02:41 -0800] "GET /instagram-houston/01-05-2023-1704255-Read-the-full-affidavit-outlining-the-case-agains.txt HTTP/1.1" 200 1063 "-" "Mozilla/5.0 (compatible; AhrefsBot/7.0; +http://ahrefs.com/robot/)" "metrocrimedaily.com"
51.222.253.17 - - [06/Jan/2023:05:06:38 -0800] "GET /instagram-houston/01-05-2023-1704256-WATCH-LIVE--SWAT-standoff-ends-after-accused-arso.txt HTTP/1.1" 200 1016 "-" "Mozilla/5.0 (compatible; AhrefsBot/7.0; +http://ahrefs.com/robot/)" "metrocrimedaily.com"
69.63.184.2 - - [06/Jan/2023:05:08:00 -0800] "GET /instagram-memphis/01-06-2023-0637072-A.jpg HTTP/1.1" 200 95861 "-" "facebookexternalhit/1.1 (+http://www.facebook.com/externalhit_uatext.php)" "www.metrocrimedaily.com"
69.63.184.119 - - [06/Jan/2023:05:09:47 -0800] "GET /instagram-atlanta/01-06-2023-0638522-A.jpg HTTP/1.1" 200 124676 "-" "facebookexternalhit/1.1 (+http://www.facebook.com/externalhit_uatext.php)" "www.metrocrimedaily.com"
51.222.253.19 - - [06/Jan/2023:05:10:17 -0800] "GET /instagram-houston/01-05-2023-1704257-Biden-signs-bill-to-ease-costs-for-prisoner-calls.txt HTTP/1.1" 200 1156 "-" "Mozilla/5.0 (compatible; AhrefsBot/7.0; +http://ahrefs.com/robot/)" "metrocrimedaily.com"
51.222.253.8 - - [06/Jan/2023:05:14:22 -0800] "GET /instagram-houston/01-05-2023-2004591-Woman-charged-with-repeatedly-poisoning-her-70-ye.txt HTTP/1.1" 200 1048 "-" "Mozilla/5.0 (compatible; AhrefsBot/7.0; +http://ahrefs.com/robot/)" "metrocrimedaily.com"
69.63.184.120 - - [06/Jan/2023:05:17:03 -0800] "GET /instagram-stlouis/01-06-2023-0716431-A.jpg HTTP/1.1" 200 171099 "-" "facebookexternalhit/1.1 (+http://www.facebook.com/externalhit_uatext.php)" "www.metrocrimedaily.com"
69.63.184.116 - - [06/Jan/2023:05:17:29 -0800] "GET /instagram-stlouis/01-06-2023-0716432-A.jpg HTTP/1.1" 200 65464 "-" "facebookexternalhit/1.1 (+http://www.facebook.com/externalhit_uatext.php)" "www.metrocrimedaily.com"
69.63.184.116 - - [06/Jan/2023:05:17:54 -0800] "GET /instagram-stlouis/01-06-2023-0716433-A.jpg HTTP/1.1" 200 258663 "-" "facebookexternalhit/1.1 (+http://www.facebook.com/externalhit_uatext.php)" "www.metrocrimedaily.com"
51.222.253.5 - - [06/Jan/2023:05:17:58 -0800] "GET /instagram-houston/01-05-2023-20045910-Robert-Fratta--cheesing-for-the-cameras--after-be.txt HTTP/1.1" 200 220 "-" "Mozilla/5.0 (compatible; AhrefsBot/7.0; +http://ahrefs.com/robot/)" "metrocrimedaily.com"
69.63.184.119 - - [06/Jan/2023:05:18:10 -0800] "GET /instagram-dallas/01-06-2023-0646292-A.jpg HTTP/1.1" 200 145430 "-" "facebookexternalhit/1.1 (+http://www.facebook.com/externalhit_uatext.php)" "www.metrocrimedaily.com"
51.222.253.13 - - [06/Jan/2023:05:21:43 -0800] "GET /instagram-houston/01-05-2023-2004592-VIDEO--Arson-suspect-seen-climbing-out-of-burning.txt HTTP/1.1" 200 193 "-" "Mozilla/5.0 (compatible; AhrefsBot/7.0; +http://ahrefs.com/robot/)" "metrocrimedaily.com"
76.184.252.42 - - [06/Jan/2023:05:24:37 -0800] "GET /images/police-tape.jpg HTTP/1.1" 200 50766 "-" "Wget/1.20.3 (mingw32)" "metrocrimedaily.com"
157.55.39.44 - - [06/Jan/2023:05:24:48 -0800] "GET /instagram-dallas/11-26-2022-1358421-Shooting-victim-drives-to-Fort-Worth-hospital-aft.txt HTTP/1.1" 404 88 "-" "Mozilla/5.0 (compatible; bingbot/2.0; +http://www.bing.com/bingbot.htm)" "www.metrocrimedaily.com"
69.63.184.119 - - [06/Jan/2023:05:24:48 -0800] "GET /instagram-detroit/01-06-2023-0653532-A.jpg HTTP/1.1" 200 64064 "-" "facebookexternalhit/1.1 (+http://www.facebook.com/externalhit_uatext.php)" "www.metrocrimedaily.com"
76.184.252.42 - - [06/Jan/2023:05:25:07 -0800] "GET /images/police-tape.jpg HTTP/1.1" 200 50766 "-" "Wget/1.20.3 (mingw32)" "metrocrimedaily.com"
69.63.184.116 - - [06/Jan/2023:05:25:15 -0800] "GET /instagram-detroit/01-06-2023-0653533-A.jpg HTTP/1.1" 200 53361 "-" "facebookexternalhit/1.1 (+http://www.facebook.com/externalhit_uatext.php)" "www.metrocrimedaily.com"
51.222.253.16 - - [06/Jan/2023:05:25:31 -0800] "GET /instagram-houston/01-05-2023-2004593--.txt HTTP/1.1" 200 20 "-" "Mozilla/5.0 (compatible; AhrefsBot/7.0; +http://ahrefs.com/robot/)" "metrocrimedaily.com"
69.63.184.120 - - [06/Jan/2023:05:25:43 -0800] "GET /instagram-detroit/01-06-2023-0653534-A.jpg HTTP/1.1" 200 256529 "-" "facebookexternalhit/1.1 (+http://www.facebook.com/externalhit_uatext.php)" "www.metrocrimedaily.com"
51.222.253.4 - - [06/Jan/2023:05:29:11 -0800] "GET /instagram-houston/01-05-2023-2004594-Raw-video--Arson-suspect-taken-into-custody-after.txt HTTP/1.1" 200 194 "-" "Mozilla/5.0 (compatible; AhrefsBot/7.0; +http://ahrefs.com/robot/)" "metrocrimedaily.com"
157.55.39.44 - - [06/Jan/2023:05:32:38 -0800] "GET /instagram-dallas/11-22-2022-1002392-Kim-Jong-Un---s-Sister-Warns-US-of-a----More-Fata.txt HTTP/1.1" 404 88 "-" "Mozilla/5.0 AppleWebKit/537.36 (KHTML, like Gecko; compatible; bingbot/2.0; +http://www.bing.com/bingbot.htm) Chrome/103.0.5060.134 Safari/537.36" "www.metrocrimedaily.com"
51.222.253.5 - - [06/Jan/2023:05:32:48 -0800] "GET /instagram-houston/01-05-2023-2004595-Yes--Idaho-murder-suspect-Bryan-Kohberger-did-pos.txt HTTP/1.1" 200 1036 "-" "Mozilla/5.0 (compatible; AhrefsBot/7.0; +http://ahrefs.com/robot/)" "metrocrimedaily.com"
69.63.184.2 - - [06/Jan/2023:05:33:44 -0800] "GET /instagram-losangeles/01-06-2023-0733251-A.jpg HTTP/1.1" 200 272494 "-" "facebookexternalhit/1.1 (+http://www.facebook.com/externalhit_uatext.php)" "www.metrocrimedaily.com"
51.222.253.10 - - [06/Jan/2023:05:36:30 -0800] "GET /instagram-houston/01-05-2023-2004596-Arson-suspect-in-custody-after-SWAT-standoff--hou.txt HTTP/1.1" 200 201 "-" "Mozilla/5.0 (compatible; AhrefsBot/7.0; +http://ahrefs.com/robot/)" "metrocrimedaily.com"
69.63.184.118 - - [06/Jan/2023:05:38:33 -0800] "GET /instagram-memphis/01-06-2023-0637073-A.jpg HTTP/1.1" 200 100443 "-" "facebookexternalhit/1.1 (+http://www.facebook.com/externalhit_uatext.php)" "www.metrocrimedaily.com"
51.222.253.4 - - [06/Jan/2023:05:40:15 -0800] "GET /instagram-houston/01-05-2023-2004597-Man-accused-of-shooting-two-men-at-Huntley-home-i.txt HTTP/1.1" 200 973 "-" "Mozilla/5.0 (compatible; AhrefsBot/7.0; +http://ahrefs.com/robot/)" "metrocrimedaily.com"
69.63.184.120 - - [06/Jan/2023:05:40:29 -0800] "GET /instagram-houston/01-06-2023-0740101-A.jpg HTTP/1.1" 200 206835 "-" "facebookexternalhit/1.1 (+http://www.facebook.com/externalhit_uatext.php)" "www.metrocrimedaily.com"
69.63.184.120 - - [06/Jan/2023:05:40:58 -0800] "GET /instagram-houston/01-06-2023-0740102-A.jpg HTTP/1.1" 200 189903 "-" "facebookexternalhit/1.1 (+http://www.facebook.com/externalhit_uatext.php)" "www.metrocrimedaily.com"
69.63.184.5 - - [06/Jan/2023:05:41:22 -0800] "GET /instagram-houston/01-06-2023-0740103-A.jpg HTTP/1.1" 200 202991 "-" "facebookexternalhit/1.1 (+http://www.facebook.com/externalhit_uatext.php)" "www.metrocrimedaily.com"
69.63.184.1 - - [06/Jan/2023:05:41:49 -0800] "GET /instagram-houston/01-06-2023-0740104-A.jpg HTTP/1.1" 200 231872 "-" "facebookexternalhit/1.1 (+http://www.facebook.com/externalhit_uatext.php)" "www.metrocrimedaily.com"
69.63.184.117 - - [06/Jan/2023:05:42:16 -0800] "GET /instagram-houston/01-06-2023-0740105-A.jpg HTTP/1.1" 200 160319 "-" "facebookexternalhit/1.1 (+http://www.facebook.com/externalhit_uatext.php)" "www.metrocrimedaily.com"
69.63.184.1 - - [06/Jan/2023:05:42:43 -0800] "GET /instagram-houston/01-06-2023-0740106-A.jpg HTTP/1.1" 200 200330 "-" "facebookexternalhit/1.1 (+http://www.facebook.com/externalhit_uatext.php)" "www.metrocrimedaily.com"
69.63.184.116 - - [06/Jan/2023:05:43:09 -0800] "GET /instagram-houston/01-06-2023-0740107-A.jpg HTTP/1.1" 200 204330 "-" "facebookexternalhit/1.1 (+http://www.facebook.com/externalhit_uatext.php)" "www.metrocrimedaily.com"
51.222.253.15 - - [06/Jan/2023:05:44:15 -0800] "GET /instagram-houston/01-05-2023-2004598-In-memoir--Prince-Harry-says-William-attacked-him.txt HTTP/1.1" 200 1100 "-" "Mozilla/5.0 (compatible; AhrefsBot/7.0; +http://ahrefs.com/robot/)" "metrocrimedaily.com"
69.63.184.1 - - [06/Jan/2023:05:45:57 -0800] "GET /instagram-chicago/01-06-2023-0745361-A.jpg HTTP/1.1" 200 90645 "-" "facebookexternalhit/1.1 (+http://www.facebook.com/externalhit_uatext.php)" "www.metrocrimedaily.com"
51.222.253.4 - - [06/Jan/2023:05:48:02 -0800] "GET /instagram-houston/01-05-2023-2004599-Arson-suspect-taken-into-custody-after-SWAT-stand.txt HTTP/1.1" 200 171 "-" "Mozilla/5.0 (compatible; AhrefsBot/7.0; +http://ahrefs.com/robot/)" "metrocrimedaily.com"
51.222.253.20 - - [06/Jan/2023:05:51:43 -0800] "GET / HTTP/1.1" 200 36085 "-" "Mozilla/5.0 (compatible; AhrefsBot/7.0; +http://ahrefs.com/robot/)" "metrocrimedaily.com"
51.222.253.17 - - [06/Jan/2023:05:51:59 -0800] "GET /images/youtube-logo-tiny.png HTTP/1.1" 200 689 "-" "Mozilla/5.0 (compatible; AhrefsBot/7.0; +http://ahrefs.com/robot/)" "metrocrimedaily.com"
51.222.253.10 - - [06/Jan/2023:05:51:59 -0800] "GET /images/twitter-logo-b-tiny.png HTTP/1.1" 200 1600 "-" "Mozilla/5.0 (compatible; AhrefsBot/7.0; +http://ahrefs.com/robot/)" "metrocrimedaily.com"
51.222.253.16 - - [06/Jan/2023:05:51:59 -0800] "GET /images/crimeinthed-logo.jpg HTTP/1.1" 200 14960 "-" "Mozilla/5.0 (compatible; AhrefsBot/7.0; +http://ahrefs.com/robot/)" "metrocrimedaily.com"
69.63.184.117 - - [06/Jan/2023:05:58:53 -0800] "GET /instagram-newyork/01-06-2023-0758341-A.jpg HTTP/1.1" 200 92309 "-" "facebookexternalhit/1.1 (+http://www.facebook.com/externalhit_uatext.php)" "www.metrocrimedaily.com"
69.63.184.119 - - [06/Jan/2023:06:09:05 -0800] "GET /instagram-memphis/01-06-2023-0637074-A.jpg HTTP/1.1" 200 105867 "-" "facebookexternalhit/1.1 (+http://www.facebook.com/externalhit_uatext.php)" "www.metrocrimedaily.com"
51.222.253.12 - - [06/Jan/2023:06:09:26 -0800] "GET /instagram-atlanta/videos/?C=S;O=A HTTP/1.1" 200 1318 "-" "Mozilla/5.0 (compatible; AhrefsBot/7.0; +http://ahrefs.com/robot/)" "metrocrimedaily.com"
69.63.184.118 - - [06/Jan/2023:06:16:31 -0800] "GET /instagram-chicago/01-06-2023-0745362-A.jpg HTTP/1.1" 200 428649 "-" "facebookexternalhit/1.1 (+http://www.facebook.com/externalhit_uatext.php)" "www.metrocrimedaily.com"
157.55.39.33 - - [06/Jan/2023:06:20:40 -0800] "GET /instagram-dallas/11-24-2022-1030341-Colorado-Deputies-Indicted-After-Fatal-Shooting-o.txt HTTP/1.1" 404 88 "-" "Mozilla/5.0 (compatible; bingbot/2.0; +http://www.bing.com/bingbot.htm)" "www.metrocrimedaily.com"
69.63.184.3 - - [06/Jan/2023:06:20:54 -0800] "GET /instagram-atlanta/01-06-2023-0820331-A.jpg HTTP/1.1" 200 87640 "-" "facebookexternalhit/1.1 (+http://www.facebook.com/externalhit_uatext.php)" "www.metrocrimedaily.com"
69.63.184.1 - - [06/Jan/2023:06:21:47 -0800] "GET /instagram-houston/01-06-2023-0821281-A.jpg HTTP/1.1" 200 167657 "-" "facebookexternalhit/1.1 (+http://www.facebook.com/externalhit_uatext.php)" "www.metrocrimedaily.com"
51.222.253.14 - - [06/Jan/2023:06:25:03 -0800] "GET /instagram-houston/01-05-2023-2332383-Body-armor-shields-Border-Patrol-agent-struck-by-.txt HTTP/1.1" 200 1144 "-" "Mozilla/5.0 (compatible; AhrefsBot/7.0; +http://ahrefs.com/robot/)" "metrocrimedaily.com"
69.63.184.119 - - [06/Jan/2023:06:26:55 -0800] "GET /instagram-dallas/01-06-2023-0826331-A.jpg HTTP/1.1" 200 173259 "-" "facebookexternalhit/1.1 (+http://www.facebook.com/externalhit_uatext.php)" "www.metrocrimedaily.com"
69.63.184.117 - - [06/Jan/2023:06:31:20 -0800] "GET /instagram-detroit/01-06-2023-0830581-A.jpg HTTP/1.1" 200 65924 "-" "facebookexternalhit/1.1 (+http://www.facebook.com/externalhit_uatext.php)" "www.metrocrimedaily.com"
69.63.184.2 - - [06/Jan/2023:06:31:47 -0800] "GET /instagram-detroit/01-06-2023-0830582-A.jpg HTTP/1.1" 200 189629 "-" "facebookexternalhit/1.1 (+http://www.facebook.com/externalhit_uatext.php)" "www.metrocrimedaily.com"
69.63.184.120 - - [06/Jan/2023:06:32:15 -0800] "GET /instagram-detroit/01-06-2023-0830583-A.jpg HTTP/1.1" 200 100323 "-" "facebookexternalhit/1.1 (+http://www.facebook.com/externalhit_uatext.php)" "www.metrocrimedaily.com"
69.63.184.5 - - [06/Jan/2023:06:32:41 -0800] "GET /instagram-detroit/01-06-2023-0830584-A.jpg HTTP/1.1" 200 62250 "-" "facebookexternalhit/1.1 (+http://www.facebook.com/externalhit_uatext.php)" "www.metrocrimedaily.com"
69.63.184.120 - - [06/Jan/2023:06:33:08 -0800] "GET /instagram-detroit/01-06-2023-0830585-A.jpg HTTP/1.1" 200 103723 "-" "facebookexternalhit/1.1 (+http://www.facebook.com/externalhit_uatext.php)" "www.metrocrimedaily.com"
69.63.184.118 - - [06/Jan/2023:06:33:35 -0800] "GET /instagram-detroit/01-06-2023-0830586-A.jpg HTTP/1.1" 200 78698 "-" "facebookexternalhit/1.1 (+http://www.facebook.com/externalhit_uatext.php)" "www.metrocrimedaily.com"
69.63.184.118 - - [06/Jan/2023:06:38:29 -0800] "GET /instagram-losangeles/01-06-2023-0838101-A.jpg HTTP/1.1" 200 89123 "-" "facebookexternalhit/1.1 (+http://www.facebook.com/externalhit_uatext.php)" "www.metrocrimedaily.com"
51.222.253.7 - - [06/Jan/2023:06:41:30 -0800] "GET /instagram-houston/01-05-2023-2332384-Shocking-court-documents-reveal-police-began-susp.txt HTTP/1.1" 200 938 "-" "Mozilla/5.0 (compatible; AhrefsBot/7.0; +http://ahrefs.com/robot/)" "metrocrimedaily.com"
69.63.184.117 - - [06/Jan/2023:06:46:47 -0800] "GET /instagram-stlouis/01-06-2023-0846261-A.jpg HTTP/1.1" 200 135756 "-" "facebookexternalhit/1.1 (+http://www.facebook.com/externalhit_uatext.php)" "www.metrocrimedaily.com"
69.63.184.3 - - [06/Jan/2023:06:47:05 -0800] "GET /instagram-chicago/01-06-2023-0745363-A.jpg HTTP/1.1" 200 368081 "-" "facebookexternalhit/1.1 (+http://www.facebook.com/externalhit_uatext.php)" "www.metrocrimedaily.com"
69.63.184.118 - - [06/Jan/2023:06:47:11 -0800] "GET /instagram-stlouis/01-06-2023-0846262-A.jpg HTTP/1.1" 200 109455 "-" "facebookexternalhit/1.1 (+http://www.facebook.com/externalhit_uatext.php)" "www.metrocrimedaily.com"
69.63.184.4 - - [06/Jan/2023:06:51:26 -0800] "GET /instagram-atlanta/01-06-2023-0820332-A.jpg HTTP/1.1" 200 180172 "-" "facebookexternalhit/1.1 (+http://www.facebook.com/externalhit_uatext.php)" "www.metrocrimedaily.com"
51.222.253.7 - - [06/Jan/2023:06:56:35 -0800] "GET /instagram-houston/01-06-2023-0053421-The-white-sedan--How-police-found-suspect-in-Idah.txt HTTP/1.1" 200 1163 "-" "Mozilla/5.0 (compatible; AhrefsBot/7.0; +http://ahrefs.com/robot/)" "metrocrimedaily.com"
69.63.184.120 - - [06/Jan/2023:06:57:28 -0800] "GET /instagram-dallas/01-06-2023-0826332-A.jpg HTTP/1.1" 200 160870 "-" "facebookexternalhit/1.1 (+http://www.facebook.com/externalhit_uatext.php)" "www.metrocrimedaily.com"
157.55.39.33 - - [06/Jan/2023:07:00:34 -0800] "GET /wgno.com.%20= HTTP/1.1" 404 88 "-" "Mozilla/5.0 (compatible; bingbot/2.0; +http://www.bing.com/bingbot.htm)" "metrocrimedaily.com"
142.93.15.40 - - [06/Jan/2023:07:00:59 -0800] "GET /www.clickondetroit.com HTTP/1.1" 404 88 "-" "Mozilla/5.0 (Macintosh; Intel Mac OS X 10_15_7) AppleWebKit/537.36 (KHTML, like Gecko) Chrome/107.0.0.0 Safari/537.36" "metrocrimedaily.com"
69.63.184.118 - - [06/Jan/2023:07:01:58 -0800] "GET /instagram-newyork/01-06-2023-0901371-A.jpg HTTP/1.1" 200 167737 "-" "facebookexternalhit/1.1 (+http://www.facebook.com/externalhit_uatext.php)" "www.metrocrimedaily.com"
69.63.184.119 - - [06/Jan/2023:07:11:11 -0800] "GET /instagram-houston/01-06-2023-0910301-A.jpg HTTP/1.1" 200 164871 "-" "facebookexternalhit/1.1 (+http://www.facebook.com/externalhit_uatext.php)" "www.metrocrimedaily.com"
69.63.184.4 - - [06/Jan/2023:07:11:40 -0800] "GET /instagram-houston/01-06-2023-0910302-A.jpg HTTP/1.1" 200 128028 "-" "facebookexternalhit/1.1 (+http://www.facebook.com/externalhit_uatext.php)" "www.metrocrimedaily.com"
69.63.184.117 - - [06/Jan/2023:07:12:14 -0800] "GET /instagram-houston/01-06-2023-0910303-A.jpg HTTP/1.1" 200 76757 "-" "facebookexternalhit/1.1 (+http://www.facebook.com/externalhit_uatext.php)" "www.metrocrimedaily.com"
66.249.70.118 - - [06/Jan/2023:07:12:40 -0800] "GET /robots.txt HTTP/1.1" 404 88 "-" "Mozilla/5.0 (compatible; Googlebot/2.1; +http://www.google.com/bot.html)" "www.metrocrimedaily.com"
69.63.184.2 - - [06/Jan/2023:07:12:42 -0800] "GET /instagram-houston/01-06-2023-0910304-A.jpg HTTP/1.1" 200 101984 "-" "facebookexternalhit/1.1 (+http://www.facebook.com/externalhit_uatext.php)" "www.metrocrimedaily.com"
51.222.253.14 - - [06/Jan/2023:07:14:00 -0800] "GET /instagram-houston/01-06-2023-0202131-72-year-old-grandmother-found-barricaded-in-bedro.txt HTTP/1.1" 200 1105 "-" "Mozilla/5.0 (compatible; AhrefsBot/7.0; +http://ahrefs.com/robot/)" "metrocrimedaily.com"
69.63.184.5 - - [06/Jan/2023:07:18:30 -0800] "GET /instagram-memphis/01-06-2023-0917021-A.jpg HTTP/1.1" 200 241362 "-" "facebookexternalhit/1.1 (+http://www.facebook.com/externalhit_uatext.php)" "www.metrocrimedaily.com"
69.63.184.1 - - [06/Jan/2023:07:28:11 -0800] "GET /instagram-dallas/01-06-2023-0826333-A.jpg HTTP/1.1" 200 118401 "-" "facebookexternalhit/1.1 (+http://www.facebook.com/externalhit_uatext.php)" "www.metrocrimedaily.com"
54.36.148.6 - - [06/Jan/2023:07:31:23 -0800] "GET /robots.txt HTTP/1.1" 404 88 "-" "Mozilla/5.0 (compatible; AhrefsBot/7.0; +http://ahrefs.com/robot/)" "www.metrocrimedaily.com"
51.222.253.17 - - [06/Jan/2023:07:31:24 -0800] "GET /instagram-dallas/01-05-2023-2356061-14-year-old-one-of-two-teens-killed-in-triple-sho.txt HTTP/1.1" 200 1059 "-" "Mozilla/5.0 (compatible; AhrefsBot/7.0; +http://ahrefs.com/robot/)" "www.metrocrimedaily.com"
69.63.184.119 - - [06/Jan/2023:07:35:32 -0800] "GET /instagram-detroit/01-06-2023-0935111-A.jpg HTTP/1.1" 200 91512 "-" "facebookexternalhit/1.1 (+http://www.facebook.com/externalhit_uatext.php)" "www.metrocrimedaily.com"
69.63.184.120 - - [06/Jan/2023:07:36:01 -0800] "GET /instagram-detroit/01-06-2023-0935112-A.jpg HTTP/1.1" 200 132991 "-" "facebookexternalhit/1.1 (+http://www.facebook.com/externalhit_uatext.php)" "www.metrocrimedaily.com"
157.55.39.64 - - [06/Jan/2023:07:36:07 -0800] "GET /instagram-detroit/11-24-2022-1754241-Gay-club-owner--Shooting-comes-amid-a-new--type-o.txt HTTP/1.1" 404 88 "-" "Mozilla/5.0 (compatible; bingbot/2.0; +http://www.bing.com/bingbot.htm)" "www.metrocrimedaily.com"
69.63.184.120 - - [06/Jan/2023:07:36:28 -0800] "GET /instagram-detroit/01-06-2023-0935113-A.jpg HTTP/1.1" 200 199061 "-" "facebookexternalhit/1.1 (+http://www.facebook.com/externalhit_uatext.php)" "www.metrocrimedaily.com"
69.63.184.119 - - [06/Jan/2023:07:36:54 -0800] "GET /instagram-detroit/01-06-2023-0935114-A.jpg HTTP/1.1" 200 80015 "-" "facebookexternalhit/1.1 (+http://www.facebook.com/externalhit_uatext.php)" "www.metrocrimedaily.com"
69.63.184.116 - - [06/Jan/2023:07:37:22 -0800] "GET /instagram-detroit/01-06-2023-0935115-A.jpg HTTP/1.1" 200 111637 "-" "facebookexternalhit/1.1 (+http://www.facebook.com/externalhit_uatext.php)" "www.metrocrimedaily.com"
69.63.184.117 - - [06/Jan/2023:07:43:24 -0800] "GET /instagram-losangeles/01-06-2023-0943051-A.jpg HTTP/1.1" 200 99727 "-" "facebookexternalhit/1.1 (+http://www.facebook.com/externalhit_uatext.php)" "www.metrocrimedaily.com"
69.63.184.111 - - [06/Jan/2023:07:46:52 -0800] "GET /instagram-miami/01-06-2023-0946121-A.jpg HTTP/1.1" 200 166115 "-" "facebookexternalhit/1.1 (+http://www.facebook.com/externalhit_uatext.php)" "www.metrocrimedaily.com"
51.222.253.13 - - [06/Jan/2023:07:48:46 -0800] "GET /instagram-dallas/01-06-2023-0044201-Police-Use-Phone-Records--DNA-and-Video-Footage-o.txt HTTP/1.1" 200 51 "-" "Mozilla/5.0 (compatible; AhrefsBot/7.0; +http://ahrefs.com/robot/)" "www.metrocrimedaily.com"
69.63.184.116 - - [06/Jan/2023:07:49:02 -0800] "GET /instagram-memphis/01-06-2023-0917022-A.jpg HTTP/1.1" 200 111069 "-" "facebookexternalhit/1.1 (+http://www.facebook.com/externalhit_uatext.php)" "www.metrocrimedaily.com"
69.63.184.5 - - [06/Jan/2023:07:53:21 -0800] "GET /instagram-chicago/01-06-2023-0953001-A.jpg HTTP/1.1" 200 78433 "-" "facebookexternalhit/1.1 (+http://www.facebook.com/externalhit_uatext.php)" "www.metrocrimedaily.com"
69.63.184.2 - - [06/Jan/2023:07:53:49 -0800] "GET /instagram-chicago/01-06-2023-0953002-A.jpg HTTP/1.1" 200 103828 "-" "facebookexternalhit/1.1 (+http://www.facebook.com/externalhit_uatext.php)" "www.metrocrimedaily.com"
69.63.184.117 - - [06/Jan/2023:07:54:17 -0800] "GET /instagram-chicago/01-06-2023-0953003-A.jpg HTTP/1.1" 200 129607 "-" "facebookexternalhit/1.1 (+http://www.facebook.com/externalhit_uatext.php)" "www.metrocrimedaily.com"
69.63.184.2 - - [06/Jan/2023:07:59:38 -0800] "GET /instagram-stlouis/01-06-2023-0959191-A.jpg HTTP/1.1" 200 240569 "-" "facebookexternalhit/1.1 (+http://www.facebook.com/externalhit_uatext.php)" "www.metrocrimedaily.com"
69.63.184.1 - - [06/Jan/2023:08:02:59 -0800] "GET /instagram-atlanta/01-06-2023-1002351-A.jpg HTTP/1.1" 200 193349 "-" "facebookexternalhit/1.1 (+http://www.facebook.com/externalhit_uatext.php)" "www.metrocrimedaily.com"
69.63.184.2 - - [06/Jan/2023:08:03:36 -0800] "GET /instagram-houston/01-06-2023-1003161-A.jpg HTTP/1.1" 200 92641 "-" "facebookexternalhit/1.1 (+http://www.facebook.com/externalhit_uatext.php)" "www.metrocrimedaily.com"
69.63.184.117 - - [06/Jan/2023:08:04:04 -0800] "GET /instagram-houston/01-06-2023-1003162-A.jpg HTTP/1.1" 200 166380 "-" "facebookexternalhit/1.1 (+http://www.facebook.com/externalhit_uatext.php)" "www.metrocrimedaily.com"
69.63.184.1 - - [06/Jan/2023:08:04:31 -0800] "GET /instagram-houston/01-06-2023-1003163-A.jpg HTTP/1.1" 200 227606 "-" "facebookexternalhit/1.1 (+http://www.facebook.com/externalhit_uatext.php)" "www.metrocrimedaily.com"
69.63.184.119 - - [06/Jan/2023:08:04:59 -0800] "GET /instagram-houston/01-06-2023-1003164-A.jpg HTTP/1.1" 200 186603 "-" "facebookexternalhit/1.1 (+http://www.facebook.com/externalhit_uatext.php)" "www.metrocrimedaily.com"
69.63.184.119 - - [06/Jan/2023:08:06:40 -0800] "GET /instagram-dallas/01-06-2023-1006191-A.jpg HTTP/1.1" 200 229363 "-" "facebookexternalhit/1.1 (+http://www.facebook.com/externalhit_uatext.php)" "www.metrocrimedaily.com"
69.63.184.119 - - [06/Jan/2023:08:07:26 -0800] "GET /instagram-newyork/01-06-2023-1007071-A.jpg HTTP/1.1" 200 84255 "-" "facebookexternalhit/1.1 (+http://www.facebook.com/externalhit_uatext.php)" "www.metrocrimedaily.com"
69.63.184.116 - - [06/Jan/2023:08:07:39 -0800] "GET /instagram-dallas/01-06-2023-1006193-A.jpg HTTP/1.1" 200 468161 "-" "facebookexternalhit/1.1 (+http://www.facebook.com/externalhit_uatext.php)" "www.metrocrimedaily.com"
69.63.184.116 - - [06/Jan/2023:08:17:27 -0800] "GET /instagram-miami/01-06-2023-0946122-A.jpg HTTP/1.1" 200 113184 "-" "facebookexternalhit/1.1 (+http://www.facebook.com/externalhit_uatext.php)" "www.metrocrimedaily.com"
157.55.39.64 - - [06/Jan/2023:08:18:51 -0800] "GET /instagram-dallas/11-27-2022-0851172-Parents-of-Successful-Kids-Don-t-Worry-About-Scre.txt HTTP/1.1" 404 88 "-" "Mozilla/5.0 AppleWebKit/537.36 (KHTML, like Gecko; compatible; bingbot/2.0; +http://www.bing.com/bingbot.htm) Chrome/103.0.5060.134 Safari/537.36" "www.metrocrimedaily.com"
69.63.184.118 - - [06/Jan/2023:08:19:34 -0800] "GET /instagram-memphis/01-06-2023-0917023-A.jpg HTTP/1.1" 200 242082 "-" "facebookexternalhit/1.1 (+http://www.facebook.com/externalhit_uatext.php)" "www.metrocrimedaily.com"
174.210.235.10 - - [06/Jan/2023:08:27:57 -0800] "GET / HTTP/1.1" 200 38094 "-" "Mozilla/5.0 (iPhone; CPU iPhone OS 14_6 like Mac OS X) AppleWebKit/605.1.15 (KHTML, like Gecko) Version/14.1.1 Mobile/15E148 Safari/604.1" "www.metrocrimedaily.com"
174.210.235.10 - - [06/Jan/2023:08:27:57 -0800] "GET /styles-mcd.css HTTP/1.1" 200 1159 "http://www.metrocrimedaily.com/" "Mozilla/5.0 (iPhone; CPU iPhone OS 14_6 like Mac OS X) AppleWebKit/605.1.15 (KHTML, like Gecko) Version/14.1.1 Mobile/15E148 Safari/604.1" "www.metrocrimedaily.com"
174.210.235.10 - - [06/Jan/2023:08:27:58 -0800] "GET /images/crimeinthed-logo.jpg HTTP/1.1" 200 14960 "http://www.metrocrimedaily.com/" "Mozilla/5.0 (iPhone; CPU iPhone OS 14_6 like Mac OS X) AppleWebKit/605.1.15 (KHTML, like Gecko) Version/14.1.1 Mobile/15E148 Safari/604.1" "www.metrocrimedaily.com"
174.210.235.10 - - [06/Jan/2023:08:27:57 -0800] "GET /images/facebook-logo-tiny.png HTTP/1.1" 200 1280 "http://www.metrocrimedaily.com/" "Mozilla/5.0 (iPhone; CPU iPhone OS 14_6 like Mac OS X) AppleWebKit/605.1.15 (KHTML, like Gecko) Version/14.1.1 Mobile/15E148 Safari/604.1" "www.metrocrimedaily.com"
174.210.235.10 - - [06/Jan/2023:08:27:58 -0800] "GET /images/youtube-logo-tiny.png HTTP/1.1" 200 689 "http://www.metrocrimedaily.com/" "Mozilla/5.0 (iPhone; CPU iPhone OS 14_6 like Mac OS X) AppleWebKit/605.1.15 (KHTML, like Gecko) Version/14.1.1 Mobile/15E148 Safari/604.1" "www.metrocrimedaily.com"
174.210.235.10 - - [06/Jan/2023:08:27:58 -0800] "GET /images/police-tape.jpg HTTP/1.1" 200 50766 "http://www.metrocrimedaily.com/" "Mozilla/5.0 (iPhone; CPU iPhone OS 14_6 like Mac OS X) AppleWebKit/605.1.15 (KHTML, like Gecko) Version/14.1.1 Mobile/15E148 Safari/604.1" "metrocrimedaily.com"
174.210.235.10 - - [06/Jan/2023:08:27:58 -0800] "GET /images/twitter-logo-b-tiny.png HTTP/1.1" 200 1600 "http://www.metrocrimedaily.com/" "Mozilla/5.0 (iPhone; CPU iPhone OS 14_6 like Mac OS X) AppleWebKit/605.1.15 (KHTML, like Gecko) Version/14.1.1 Mobile/15E148 Safari/604.1" "www.metrocrimedaily.com"
69.63.184.2 - - [06/Jan/2023:08:30:12 -0800] "GET /instagram-stlouis/01-06-2023-0959192-A.jpg HTTP/1.1" 200 111341 "-" "facebookexternalhit/1.1 (+http://www.facebook.com/externalhit_uatext.php)" "www.metrocrimedaily.com"
69.63.184.120 - - [06/Jan/2023:08:30:38 -0800] "GET /instagram-chicago/01-06-2023-1030171-A.jpg HTTP/1.1" 200 71058 "-" "facebookexternalhit/1.1 (+http://www.facebook.com/externalhit_uatext.php)" "www.metrocrimedaily.com"
157.55.39.33 - - [06/Jan/2023:08:31:53 -0800] "GET /instagram-dallas/11-24-2022-1030341-Colorado-Deputies-Indicted-After-Fatal-Shooting-o.txt HTTP/1.1" 404 88 "-" "Mozilla/5.0 AppleWebKit/537.36 (KHTML, like Gecko; compatible; bingbot/2.0; +http://www.bing.com/bingbot.htm) Chrome/103.0.5060.134 Safari/537.36" "www.metrocrimedaily.com"
69.63.184.119 - - [06/Jan/2023:08:33:34 -0800] "GET /instagram-atlanta/01-06-2023-1002352-A.jpg HTTP/1.1" 200 235175 "-" "facebookexternalhit/1.1 (+http://www.facebook.com/externalhit_uatext.php)" "www.metrocrimedaily.com"
157.55.39.88 - - [06/Jan/2023:08:35:31 -0800] "GET /instagram-dallas/11-27-2022-0851173-Naked--bloody-man-arrested-after-18-wheeler-crash.txt HTTP/1.1" 404 88 "-" "Mozilla/5.0 AppleWebKit/537.36 (KHTML, like Gecko; compatible; bingbot/2.0; +http://www.bing.com/bingbot.htm) Chrome/103.0.5060.134 Safari/537.36" "www.metrocrimedaily.com"
68.69.184.202 - - [06/Jan/2023:08:39:42 -0800] "GET /robots.txt HTTP/1.1" 404 88 "-" "test" "metrocrimedaily.com"
68.69.184.202 - - [06/Jan/2023:08:39:42 -0800] "GET / HTTP/1.1" 200 38094 "-" "test" "metrocrimedaily.com"
69.63.184.4 - - [06/Jan/2023:08:42:42 -0800] "GET /instagram-neworleans/01-06-2023-1042221-A.jpg HTTP/1.1" 200 84031 "-" "facebookexternalhit/1.1 (+http://www.facebook.com/externalhit_uatext.php)" "www.metrocrimedaily.com"
69.63.184.120 - - [06/Jan/2023:08:43:33 -0800] "GET /instagram-detroit/01-06-2023-1043121-A.jpg HTTP/1.1" 200 201044 "-" "facebookexternalhit/1.1 (+http://www.facebook.com/externalhit_uatext.php)" "www.metrocrimedaily.com"
69.63.184.117 - - [06/Jan/2023:08:44:00 -0800] "GET /instagram-detroit/01-06-2023-1043122-A.jpg HTTP/1.1" 200 77940 "-" "facebookexternalhit/1.1 (+http://www.facebook.com/externalhit_uatext.php)" "www.metrocrimedaily.com"
69.63.184.120 - - [06/Jan/2023:08:44:29 -0800] "GET /instagram-detroit/01-06-2023-1043123-A.jpg HTTP/1.1" 200 81763 "-" "facebookexternalhit/1.1 (+http://www.facebook.com/externalhit_uatext.php)" "www.metrocrimedaily.com"
69.63.184.3 - - [06/Jan/2023:08:45:00 -0800] "GET /instagram-detroit/01-06-2023-1043124-A.jpg HTTP/1.1" 200 133142 "-" "facebookexternalhit/1.1 (+http://www.facebook.com/externalhit_uatext.php)" "www.metrocrimedaily.com"
69.63.184.118 - - [06/Jan/2023:08:45:26 -0800] "GET /instagram-detroit/01-06-2023-1043125-A.jpg HTTP/1.1" 200 115341 "-" "facebookexternalhit/1.1 (+http://www.facebook.com/externalhit_uatext.php)" "www.metrocrimedaily.com"
69.63.184.5 - - [06/Jan/2023:08:46:20 -0800] "GET /instagram-detroit/01-06-2023-1043127-A.jpg HTTP/1.1" 200 80372 "-" "facebookexternalhit/1.1 (+http://www.facebook.com/externalhit_uatext.php)" "www.metrocrimedaily.com"
69.63.184.4 - - [06/Jan/2023:08:46:47 -0800] "GET /instagram-dallas/01-06-2023-1046261-A.jpg HTTP/1.1" 200 91678 "-" "facebookexternalhit/1.1 (+http://www.facebook.com/externalhit_uatext.php)" "www.metrocrimedaily.com"
69.63.184.2 - - [06/Jan/2023:08:49:16 -0800] "GET /instagram-houston/01-06-2023-1048561-A.jpg HTTP/1.1" 200 65208 "-" "facebookexternalhit/1.1 (+http://www.facebook.com/externalhit_uatext.php)" "www.metrocrimedaily.com"
69.63.184.120 - - [06/Jan/2023:08:49:43 -0800] "GET /instagram-houston/01-06-2023-1048562-A.jpg HTTP/1.1" 200 57015 "-" "facebookexternalhit/1.1 (+http://www.facebook.com/externalhit_uatext.php)" "www.metrocrimedaily.com"
69.63.184.120 - - [06/Jan/2023:08:50:07 -0800] "GET /instagram-houston/01-06-2023-1048563-A.jpg HTTP/1.1" 200 67165 "-" "facebookexternalhit/1.1 (+http://www.facebook.com/externalhit_uatext.php)" "www.metrocrimedaily.com"
69.63.184.118 - - [06/Jan/2023:08:50:07 -0800] "GET /instagram-memphis/01-06-2023-0917024-A.jpg HTTP/1.1" 200 95978 "-" "facebookexternalhit/1.1 (+http://www.facebook.com/externalhit_uatext.php)" "www.metrocrimedaily.com"
69.63.184.1 - - [06/Jan/2023:08:53:09 -0800] "GET /instagram-losangeles/01-06-2023-1052481-A.jpg HTTP/1.1" 200 237722 "-" "facebookexternalhit/1.1 (+http://www.facebook.com/externalhit_uatext.php)" "www.metrocrimedaily.com"
69.63.184.117 - - [06/Jan/2023:09:00:46 -0800] "GET /instagram-stlouis/01-06-2023-0959193-A.jpg HTTP/1.1" 200 77163 "-" "facebookexternalhit/1.1 (+http://www.facebook.com/externalhit_uatext.php)" "www.metrocrimedaily.com"
69.63.184.118 - - [06/Jan/2023:09:01:11 -0800] "GET /instagram-chicago/01-06-2023-1030172-A.jpg HTTP/1.1" 200 124580 "-" "facebookexternalhit/1.1 (+http://www.facebook.com/externalhit_uatext.php)" "www.metrocrimedaily.com"
69.63.184.117 - - [06/Jan/2023:09:04:08 -0800] "GET /instagram-atlanta/01-06-2023-1002353-A.jpg HTTP/1.1" 200 102250 "-" "facebookexternalhit/1.1 (+http://www.facebook.com/externalhit_uatext.php)" "www.metrocrimedaily.com"
172.58.122.44 - - [06/Jan/2023:09:07:51 -0800] "GET / HTTP/1.1" 200 39472 "-" "Mozilla/5.0 (iPhone; CPU iPhone OS 16_1_1 like Mac OS X) AppleWebKit/605.1.15 (KHTML, like Gecko) Version/16.1 Mobile/15E148 Safari/604.1" "www.metrocrimedaily.com"
172.58.122.44 - - [06/Jan/2023:09:08:58 -0800] "GET / HTTP/1.1" 200 39472 "-" "Mozilla/5.0 (iPhone; CPU iPhone OS 16_1_1 like Mac OS X) AppleWebKit/605.1.15 (KHTML, like Gecko) Version/16.1 Mobile/15E148 Safari/604.1" "www.metrocrimedaily.com"
69.63.184.3 - - [06/Jan/2023:09:13:16 -0800] "GET /instagram-neworleans/01-06-2023-1042222-A.jpg HTTP/1.1" 200 275061 "-" "facebookexternalhit/1.1 (+http://www.facebook.com/externalhit_uatext.php)" "www.metrocrimedaily.com"
66.249.70.139 - - [06/Jan/2023:09:15:02 -0800] "GET /robots.txt HTTP/1.1" 404 88 "-" "Mozilla/5.0 (compatible; Googlebot/2.1; +http://www.google.com/bot.html)" "metrocrimedaily.com"
69.63.184.116 - - [06/Jan/2023:09:17:20 -0800] "GET /instagram-dallas/01-06-2023-1046262-A.jpg HTTP/1.1" 200 182367 "-" "facebookexternalhit/1.1 (+http://www.facebook.com/externalhit_uatext.php)" "www.metrocrimedaily.com"
69.63.184.2 - - [06/Jan/2023:09:19:17 -0800] "GET /instagram-miami/01-06-2023-1118551-A.jpg HTTP/1.1" 200 315926 "-" "facebookexternalhit/1.1 (+http://www.facebook.com/externalhit_uatext.php)" "www.metrocrimedaily.com"
69.63.184.118 - - [06/Jan/2023:09:20:39 -0800] "GET /instagram-memphis/01-06-2023-0917025-A.jpg HTTP/1.1" 200 132325 "-" "facebookexternalhit/1.1 (+http://www.facebook.com/externalhit_uatext.php)" "www.metrocrimedaily.com"
69.63.184.116 - - [06/Jan/2023:09:23:40 -0800] "GET /instagram-losangeles/01-06-2023-1052482-A.jpg HTTP/1.1" 200 77594 "-" "facebookexternalhit/1.1 (+http://www.facebook.com/externalhit_uatext.php)" "www.metrocrimedaily.com"
69.63.189.2 - - [06/Jan/2023:09:28:26 -0800] "GET /instagram-houston/01-06-2023-1128061-A.jpg HTTP/1.1" 200 137285 "-" "facebookexternalhit/1.1 (+http://www.facebook.com/externalhit_uatext.php)" "www.metrocrimedaily.com"
69.63.189.117 - - [06/Jan/2023:09:31:18 -0800] "GET /instagram-stlouis/01-06-2023-0959194-A.jpg HTTP/1.1" 200 197870 "-" "facebookexternalhit/1.1 (+http://www.facebook.com/externalhit_uatext.php)" "www.metrocrimedaily.com"
69.63.189.5 - - [06/Jan/2023:09:43:22 -0800] "GET /instagram-newyork/01-06-2023-1143021-A.jpg HTTP/1.1" 200 150221 "-" "facebookexternalhit/1.1 (+http://www.facebook.com/externalhit_uatext.php)" "www.metrocrimedaily.com"
