69.63.184.119 - - [05/Jan/2023:19:44:16 -0800] "GET /instagram-losangeles/01-05-2023-2143571-A.jpg HTTP/1.1" 200 138279 "-" "facebookexternalhit/1.1 (+http://www.facebook.com/externalhit_uatext.php)" "www.metrocrimedaily.com"
51.222.253.12 - - [05/Jan/2023:19:46:05 -0800] "GET /instagram-dallas/01-04-2023-2112361-Alleged-Dallas-Glock-switch-dealer-charged-with-f.txt HTTP/1.1" 200 1033 "-" "Mozilla/5.0 (compatible; AhrefsBot/7.0; +http://ahrefs.com/robot/)" "www.metrocrimedaily.com"
51.222.253.15 - - [05/Jan/2023:19:48:15 -0800] "GET /instagram-dallas/01-04-2023-2208231-FedEx-Truck-Driver-Killed-in-Crash-on-LBJ-Freeway.txt HTTP/1.1" 200 102 "-" "Mozilla/5.0 (compatible; AhrefsBot/7.0; +http://ahrefs.com/robot/)" "www.metrocrimedaily.com"
69.63.184.119 - - [05/Jan/2023:19:48:25 -0800] "GET /instagram-detroit/01-05-2023-2132342-A.jpg HTTP/1.1" 200 101745 "-" "facebookexternalhit/1.1 (+http://www.facebook.com/externalhit_uatext.php)" "www.metrocrimedaily.com"
69.63.184.120 - - [05/Jan/2023:19:48:28 -0800] "GET /instagram-miami/01-05-2023-2132052-A.jpg HTTP/1.1" 200 100833 "-" "facebookexternalhit/1.1 (+http://www.facebook.com/externalhit_uatext.php)" "www.metrocrimedaily.com"
51.222.253.6 - - [05/Jan/2023:19:50:42 -0800] "GET /instagram-dallas/01-04-2023-2208232-North-Texas-School-District-Is-Nation-s-First-to-.txt HTTP/1.1" 200 1145 "-" "Mozilla/5.0 (compatible; AhrefsBot/7.0; +http://ahrefs.com/robot/)" "www.metrocrimedaily.com"
157.55.39.33 - - [05/Jan/2023:19:51:21 -0800] "GET /instagram-dallas/11-26-2022-1253281-Serbia-Charged-Over-Locker-Room-Kosovo-Flag-at-20.txt HTTP/1.1" 404 88 "-" "Mozilla/5.0 (compatible; bingbot/2.0; +http://www.bing.com/bingbot.htm)" "www.metrocrimedaily.com"
69.63.184.1 - - [05/Jan/2023:19:52:50 -0800] "GET /instagram-atlanta/01-05-2023-2136532-A.jpg HTTP/1.1" 200 61922 "-" "facebookexternalhit/1.1 (+http://www.facebook.com/externalhit_uatext.php)" "www.metrocrimedaily.com"
51.222.253.13 - - [05/Jan/2023:19:53:01 -0800] "GET /instagram-dallas/01-04-2023-2319391-New-details-about-8-year-old-who-was-allegedly-st.txt HTTP/1.1" 200 49 "-" "Mozilla/5.0 (compatible; AhrefsBot/7.0; +http://ahrefs.com/robot/)" "www.metrocrimedaily.com"
69.63.184.2 - - [05/Jan/2023:19:53:55 -0800] "GET /instagram-houston/01-05-2023-2004598-A.jpg HTTP/1.1" 200 94362 "-" "facebookexternalhit/1.1 (+http://www.facebook.com/externalhit_uatext.php)" "www.metrocrimedaily.com"
69.63.184.116 - - [05/Jan/2023:19:54:46 -0800] "GET /instagram-dallas/01-05-2023-2123153-A.jpg HTTP/1.1" 200 56517 "-" "facebookexternalhit/1.1 (+http://www.facebook.com/externalhit_uatext.php)" "www.metrocrimedaily.com"
51.222.253.9 - - [05/Jan/2023:19:55:30 -0800] "GET /instagram-dallas/01-05-2023-0604161-Amber-Alert-Issued-for-Missing-17-Year-Old-Girl-F.txt HTTP/1.1" 200 602 "-" "Mozilla/5.0 (compatible; AhrefsBot/7.0; +http://ahrefs.com/robot/)" "www.metrocrimedaily.com"
69.63.184.117 - - [05/Jan/2023:19:57:19 -0800] "GET /instagram-chicago/01-05-2023-2141222-A.jpg HTTP/1.1" 200 83663 "-" "facebookexternalhit/1.1 (+http://www.facebook.com/externalhit_uatext.php)" "www.metrocrimedaily.com"
51.222.253.2 - - [05/Jan/2023:19:57:48 -0800] "GET /instagram-dallas/01-05-2023-0708071-Amber-Alert-issued-for-missing-17-year-old-in-Cel.txt HTTP/1.1" 200 539 "-" "Mozilla/5.0 (compatible; AhrefsBot/7.0; +http://ahrefs.com/robot/)" "www.metrocrimedaily.com"
188.166.176.5 - - [05/Jan/2023:19:58:09 -0800] "GET / HTTP/1.1" 200 286693 "-" "Mozilla/5.0 (Windows NT 10.0; Win64; x64) AppleWebKit/537.36 (KHTML, like Gecko) Chrome/95.0.4638.69 Safari/537.36" "metrocrimedaily.com"
188.166.176.5 - - [05/Jan/2023:19:58:13 -0800] "GET /wp-includes/ID3/license.txt HTTP/1.1" 404 73 "-" "Mozilla/5.0 (Windows NT 10.0; Win64; x64) AppleWebKit/537.36 (KHTML, like Gecko) Chrome/95.0.4638.69 Safari/537.36" "metrocrimedaily.com"
188.166.176.5 - - [05/Jan/2023:19:58:14 -0800] "GET /feed/ HTTP/1.1" 404 73 "-" "Mozilla/5.0 (Windows NT 10.0; Win64; x64) AppleWebKit/537.36 (KHTML, like Gecko) Chrome/95.0.4638.69 Safari/537.36" "metrocrimedaily.com"
188.166.176.5 - - [05/Jan/2023:19:58:15 -0800] "GET /xmlrpc.php?rsd HTTP/1.1" 404 73 "-" "Mozilla/5.0 (Windows NT 10.0; Win64; x64) AppleWebKit/537.36 (KHTML, like Gecko) Chrome/95.0.4638.69 Safari/537.36" "metrocrimedaily.com"
188.166.176.5 - - [05/Jan/2023:19:58:15 -0800] "GET /blog/wp-includes/wlwmanifest.xml HTTP/1.1" 404 73 "-" "Mozilla/5.0 (Windows NT 10.0; Win64; x64) AppleWebKit/537.36 (KHTML, like Gecko) Chrome/95.0.4638.69 Safari/537.36" "metrocrimedaily.com"
188.166.176.5 - - [05/Jan/2023:19:58:16 -0800] "GET /web/wp-includes/wlwmanifest.xml HTTP/1.1" 404 73 "-" "Mozilla/5.0 (Windows NT 10.0; Win64; x64) AppleWebKit/537.36 (KHTML, like Gecko) Chrome/95.0.4638.69 Safari/537.36" "metrocrimedaily.com"
188.166.176.5 - - [05/Jan/2023:19:58:16 -0800] "GET /wordpress/wp-includes/wlwmanifest.xml HTTP/1.1" 404 73 "-" "Mozilla/5.0 (Windows NT 10.0; Win64; x64) AppleWebKit/537.36 (KHTML, like Gecko) Chrome/95.0.4638.69 Safari/537.36" "metrocrimedaily.com"
188.166.176.5 - - [05/Jan/2023:19:58:17 -0800] "GET /wp/wp-includes/wlwmanifest.xml HTTP/1.1" 404 73 "-" "Mozilla/5.0 (Windows NT 10.0; Win64; x64) AppleWebKit/537.36 (KHTML, like Gecko) Chrome/95.0.4638.69 Safari/537.36" "metrocrimedaily.com"
188.166.176.5 - - [05/Jan/2023:19:58:18 -0800] "GET /2020/wp-includes/wlwmanifest.xml HTTP/1.1" 404 73 "-" "Mozilla/5.0 (Windows NT 10.0; Win64; x64) AppleWebKit/537.36 (KHTML, like Gecko) Chrome/95.0.4638.69 Safari/537.36" "metrocrimedaily.com"
188.166.176.5 - - [05/Jan/2023:19:58:18 -0800] "GET /2019/wp-includes/wlwmanifest.xml HTTP/1.1" 404 73 "-" "Mozilla/5.0 (Windows NT 10.0; Win64; x64) AppleWebKit/537.36 (KHTML, like Gecko) Chrome/95.0.4638.69 Safari/537.36" "metrocrimedaily.com"
188.166.176.5 - - [05/Jan/2023:19:58:19 -0800] "GET /2021/wp-includes/wlwmanifest.xml HTTP/1.1" 404 73 "-" "Mozilla/5.0 (Windows NT 10.0; Win64; x64) AppleWebKit/537.36 (KHTML, like Gecko) Chrome/95.0.4638.69 Safari/537.36" "metrocrimedaily.com"
188.166.176.5 - - [05/Jan/2023:19:58:19 -0800] "GET /shop/wp-includes/wlwmanifest.xml HTTP/1.1" 404 73 "-" "Mozilla/5.0 (Windows NT 10.0; Win64; x64) AppleWebKit/537.36 (KHTML, like Gecko) Chrome/95.0.4638.69 Safari/537.36" "metrocrimedaily.com"
188.166.176.5 - - [05/Jan/2023:19:58:20 -0800] "GET /wp1/wp-includes/wlwmanifest.xml HTTP/1.1" 404 73 "-" "Mozilla/5.0 (Windows NT 10.0; Win64; x64) AppleWebKit/537.36 (KHTML, like Gecko) Chrome/95.0.4638.69 Safari/537.36" "metrocrimedaily.com"
188.166.176.5 - - [05/Jan/2023:19:58:20 -0800] "GET /test/wp-includes/wlwmanifest.xml HTTP/1.1" 404 73 "-" "Mozilla/5.0 (Windows NT 10.0; Win64; x64) AppleWebKit/537.36 (KHTML, like Gecko) Chrome/95.0.4638.69 Safari/537.36" "metrocrimedaily.com"
188.166.176.5 - - [05/Jan/2023:19:58:21 -0800] "GET /site/wp-includes/wlwmanifest.xml HTTP/1.1" 404 73 "-" "Mozilla/5.0 (Windows NT 10.0; Win64; x64) AppleWebKit/537.36 (KHTML, like Gecko) Chrome/95.0.4638.69 Safari/537.36" "metrocrimedaily.com"
188.166.176.5 - - [05/Jan/2023:19:58:22 -0800] "GET /cms/wp-includes/wlwmanifest.xml HTTP/1.1" 404 73 "-" "Mozilla/5.0 (Windows NT 10.0; Win64; x64) AppleWebKit/537.36 (KHTML, like Gecko) Chrome/95.0.4638.69 Safari/537.36" "metrocrimedaily.com"
69.63.184.116 - - [05/Jan/2023:19:58:58 -0800] "GET /instagram-newyork/01-05-2023-2158391-A.jpg HTTP/1.1" 200 69129 "-" "facebookexternalhit/1.1 (+http://www.facebook.com/externalhit_uatext.php)" "www.metrocrimedaily.com"
51.222.253.10 - - [05/Jan/2023:20:00:05 -0800] "GET /instagram-dallas/01-05-2023-0822031-North-Texas-school-district-using-new-evacuation-.txt HTTP/1.1" 200 49 "-" "Mozilla/5.0 (compatible; AhrefsBot/7.0; +http://ahrefs.com/robot/)" "www.metrocrimedaily.com"
157.55.39.44 - - [05/Jan/2023:20:01:24 -0800] "GET /instagram-dallas/11-21-2022-2046403--Chrisley-Knows-Best--Reality-TV-Stars-Todd-and-J.txt HTTP/1.1" 404 88 "-" "Mozilla/5.0 AppleWebKit/537.36 (KHTML, like Gecko; compatible; bingbot/2.0; +http://www.bing.com/bingbot.htm) Chrome/103.0.5060.134 Safari/537.36" "www.metrocrimedaily.com"
51.222.253.5 - - [05/Jan/2023:20:02:24 -0800] "GET /instagram-dallas/01-05-2023-0822032-Texas-Gov.-Abbott-wants-penalties-for-parolees-th.txt HTTP/1.1" 200 201 "-" "Mozilla/5.0 (compatible; AhrefsBot/7.0; +http://ahrefs.com/robot/)" "www.metrocrimedaily.com"
51.222.253.20 - - [05/Jan/2023:20:05:01 -0800] "GET /instagram-dallas/01-05-2023-1014161-Idaho-murder-suspect-Bryan-Kohberger-arrives-in-M.txt HTTP/1.1" 200 1062 "-" "Mozilla/5.0 (compatible; AhrefsBot/7.0; +http://ahrefs.com/robot/)" "www.metrocrimedaily.com"
51.222.253.17 - - [05/Jan/2023:20:07:22 -0800] "GET /instagram-dallas/01-05-2023-1125171-Gov.-Abbott-calls-for-legislative-action-to-creat.txt HTTP/1.1" 200 1034 "-" "Mozilla/5.0 (compatible; AhrefsBot/7.0; +http://ahrefs.com/robot/)" "www.metrocrimedaily.com"
51.222.253.18 - - [05/Jan/2023:20:09:29 -0800] "GET /instagram-dallas/01-05-2023-1234221-Here-are-two-Texas-laws-you-probably-don-t-know-a.txt HTTP/1.1" 200 49 "-" "Mozilla/5.0 (compatible; AhrefsBot/7.0; +http://ahrefs.com/robot/)" "www.metrocrimedaily.com"
69.63.184.116 - - [05/Jan/2023:20:09:30 -0800] "GET /instagram-houston/01-05-2023-2004599-A.jpg HTTP/1.1" 200 131913 "-" "facebookexternalhit/1.1 (+http://www.facebook.com/externalhit_uatext.php)" "www.metrocrimedaily.com"
51.222.253.1 - - [05/Jan/2023:20:11:48 -0800] "GET /instagram-dallas/01-05-2023-1234222-Here-are-two-Texas-laws-you-probably-don-t-know-a.txt HTTP/1.1" 200 49 "-" "Mozilla/5.0 (compatible; AhrefsBot/7.0; +http://ahrefs.com/robot/)" "www.metrocrimedaily.com"
69.63.184.120 - - [05/Jan/2023:20:12:31 -0800] "GET /instagram-neworleans/01-05-2023-2212111-A.jpg HTTP/1.1" 200 145273 "-" "facebookexternalhit/1.1 (+http://www.facebook.com/externalhit_uatext.php)" "www.metrocrimedaily.com"
69.63.184.113 - - [05/Jan/2023:20:12:54 -0800] "GET /instagram-chicago/01-05-2023-2141223-A.jpg HTTP/1.1" 200 95727 "-" "facebookexternalhit/1.1 (+http://www.facebook.com/externalhit_uatext.php)" "www.metrocrimedaily.com"
69.63.184.117 - - [05/Jan/2023:20:12:57 -0800] "GET /instagram-neworleans/01-05-2023-2212112-A.jpg HTTP/1.1" 200 289398 "-" "facebookexternalhit/1.1 (+http://www.facebook.com/externalhit_uatext.php)" "www.metrocrimedaily.com"
69.63.184.1 - - [05/Jan/2023:20:12:58 -0800] "GET /instagram-stlouis/01-05-2023-2212381-A.jpg HTTP/1.1" 200 199302 "-" "facebookexternalhit/1.1 (+http://www.facebook.com/externalhit_uatext.php)" "www.metrocrimedaily.com"
69.63.184.3 - - [05/Jan/2023:20:14:36 -0800] "GET /instagram-memphis/01-05-2023-2214161-A.jpg HTTP/1.1" 200 106310 "-" "facebookexternalhit/1.1 (+http://www.facebook.com/externalhit_uatext.php)" "www.metrocrimedaily.com"
51.222.253.2 - - [05/Jan/2023:20:14:38 -0800] "GET /instagram-dallas/01-05-2023-1338201-2-juveniles-killed--1-person-injured-in-shooting-.txt HTTP/1.1" 200 419 "-" "Mozilla/5.0 (compatible; AhrefsBot/7.0; +http://ahrefs.com/robot/)" "www.metrocrimedaily.com"
51.222.253.17 - - [05/Jan/2023:20:16:42 -0800] "GET / HTTP/1.1" 200 33912 "-" "Mozilla/5.0 (compatible; AhrefsBot/7.0; +http://ahrefs.com/robot/)" "metrocrimedaily.com"
51.222.253.9 - - [05/Jan/2023:20:22:00 -0800] "GET /installation/?C=D;O=A HTTP/1.1" 200 314 "-" "Mozilla/5.0 (compatible; AhrefsBot/7.0; +http://ahrefs.com/robot/)" "metrocrimedaily.com"
69.63.184.3 - - [05/Jan/2023:20:25:03 -0800] "GET /instagram-houston/01-05-2023-20045910-A.jpg HTTP/1.1" 200 144459 "-" "facebookexternalhit/1.1 (+http://www.facebook.com/externalhit_uatext.php)" "www.metrocrimedaily.com"
51.222.253.6 - - [05/Jan/2023:20:26:52 -0800] "GET /instagram-houston/?C=N;O=D HTTP/1.1" 200 3924 "-" "Mozilla/5.0 (compatible; AhrefsBot/7.0; +http://ahrefs.com/robot/)" "metrocrimedaily.com"
69.63.184.117 - - [05/Jan/2023:20:28:31 -0800] "GET /instagram-stlouis/01-05-2023-2212382-A.jpg HTTP/1.1" 200 205185 "-" "facebookexternalhit/1.1 (+http://www.facebook.com/externalhit_uatext.php)" "www.metrocrimedaily.com"
51.222.253.9 - - [05/Jan/2023:20:32:01 -0800] "GET /instagram-dallas/01-05-2023-1902391-Gov.-Abbott-calls-for-action-to-create-criminal-p.txt HTTP/1.1" 200 49 "-" "Mozilla/5.0 (compatible; AhrefsBot/7.0; +http://ahrefs.com/robot/)" "www.metrocrimedaily.com"
69.63.184.2 - - [05/Jan/2023:20:33:58 -0800] "GET /instagram-atlanta/01-05-2023-2233371-A.jpg HTTP/1.1" 200 118589 "-" "facebookexternalhit/1.1 (+http://www.facebook.com/externalhit_uatext.php)" "www.metrocrimedaily.com"
51.222.253.15 - - [05/Jan/2023:20:37:11 -0800] "GET /instagram-dallas/01-05-2023-1956271-Caught-on-camera--Suspect-wanted-after-shooting--.txt HTTP/1.1" 200 220 "-" "Mozilla/5.0 (compatible; AhrefsBot/7.0; +http://ahrefs.com/robot/)" "www.metrocrimedaily.com"
157.55.39.33 - - [05/Jan/2023:20:38:35 -0800] "GET /instagram-chicago/11-11-2022-2235351-Highland-Park-unveils-new-temporary-memorial-hono.txt HTTP/1.1" 404 88 "-" "Mozilla/5.0 (compatible; bingbot/2.0; +http://www.bing.com/bingbot.htm)" "www.metrocrimedaily.com"
114.119.157.174 - - [05/Jan/2023:20:38:59 -0800] "GET /robots.txt HTTP/1.1" 404 88 "-" "Mozilla/5.0 (compatible;PetalBot;+https://webmaster.petalsearch.com/site/petalbot)" "metrocrimedaily.com"
69.63.184.5 - - [05/Jan/2023:20:40:37 -0800] "GET /instagram-houston/01-05-2023-20045911-A.jpg HTTP/1.1" 200 102562 "-" "facebookexternalhit/1.1 (+http://www.facebook.com/externalhit_uatext.php)" "www.metrocrimedaily.com"
69.63.184.3 - - [05/Jan/2023:20:41:07 -0800] "GET /instagram-houston/01-05-2023-20045912-A.jpg HTTP/1.1" 200 189820 "-" "facebookexternalhit/1.1 (+http://www.facebook.com/externalhit_uatext.php)" "www.metrocrimedaily.com"
69.63.184.120 - - [05/Jan/2023:20:42:37 -0800] "GET /instagram-miami/01-05-2023-2239571-A.jpg HTTP/1.1" 200 296996 "-" "facebookexternalhit/1.1 (+http://www.facebook.com/externalhit_uatext.php)" "www.metrocrimedaily.com"
51.222.253.20 - - [05/Jan/2023:20:42:46 -0800] "GET /instagram-dallas/01-05-2023-1956272----Frozen-Shock---Idaho-Roommate-Said-Masked-Man-.txt HTTP/1.1" 200 1117 "-" "Mozilla/5.0 (compatible; AhrefsBot/7.0; +http://ahrefs.com/robot/)" "www.metrocrimedaily.com"
69.63.184.117 - - [05/Jan/2023:20:44:47 -0800] "GET /instagram-neworleans/01-05-2023-2244291-A.jpg HTTP/1.1" 200 200252 "-" "facebookexternalhit/1.1 (+http://www.facebook.com/externalhit_uatext.php)" "www.metrocrimedaily.com"
69.63.184.1 - - [05/Jan/2023:20:45:14 -0800] "GET /instagram-neworleans/01-05-2023-2244292-A.jpg HTTP/1.1" 200 181661 "-" "facebookexternalhit/1.1 (+http://www.facebook.com/externalhit_uatext.php)" "www.metrocrimedaily.com"
51.222.253.4 - - [05/Jan/2023:20:48:08 -0800] "GET /instagram-houston/post-later/01-05-2023-1704258-1-dead-after-being-hit-by-bullet-during-drive-by-.txt HTTP/1.1" 200 387 "-" "Mozilla/5.0 (compatible; AhrefsBot/7.0; +http://ahrefs.com/robot/)" "metrocrimedaily.com"
66.249.70.137 - - [05/Jan/2023:20:48:10 -0800] "GET /robots.txt HTTP/1.1" 404 88 "-" "Mozilla/5.0 (compatible; Googlebot/2.1; +http://www.google.com/bot.html)" "metrocrimedaily.com"
66.249.70.139 - - [05/Jan/2023:20:48:10 -0800] "GET /ads.txt HTTP/1.1" 404 88 "-" "Mozilla/5.0 (compatible; Googlebot/2.1; +http://www.google.com/bot.html)" "metrocrimedaily.com"
69.63.184.117 - - [05/Jan/2023:20:49:31 -0800] "GET /instagram-atlanta/01-05-2023-2233372-A.jpg HTTP/1.1" 200 88344 "-" "facebookexternalhit/1.1 (+http://www.facebook.com/externalhit_uatext.php)" "www.metrocrimedaily.com"
69.63.184.119 - - [05/Jan/2023:20:50:02 -0800] "GET /instagram-atlanta/01-05-2023-2233373-A.jpg HTTP/1.1" 200 215108 "-" "facebookexternalhit/1.1 (+http://www.facebook.com/externalhit_uatext.php)" "www.metrocrimedaily.com"
69.63.184.5 - - [05/Jan/2023:20:50:08 -0800] "GET /instagram-chicago/01-05-2023-2249451-A.jpg HTTP/1.1" 200 107254 "-" "facebookexternalhit/1.1 (+http://www.facebook.com/externalhit_uatext.php)" "www.metrocrimedaily.com"
69.63.184.118 - - [05/Jan/2023:20:50:19 -0800] "GET /instagram-dallas/01-05-2023-2249591-A.jpg HTTP/1.1" 200 99828 "-" "facebookexternalhit/1.1 (+http://www.facebook.com/externalhit_uatext.php)" "www.metrocrimedaily.com"
114.119.143.69 - - [05/Jan/2023:20:50:39 -0800] "GET /robots.txt HTTP/1.1" 404 88 "-" "Mozilla/5.0 (compatible;PetalBot;+https://webmaster.petalsearch.com/site/petalbot)" "metrocrimedaily.com"
51.222.253.13 - - [05/Jan/2023:20:52:56 -0800] "GET /instagram-dallas/01-05-2023-1424421-Mexico-Nabs-Son-of-Drug-Lord----El-Chapo--Before-.txt HTTP/1.1" 200 1164 "-" "Mozilla/5.0 (compatible; AhrefsBot/7.0; +http://ahrefs.com/robot/)" "www.metrocrimedaily.com"
51.222.253.17 - - [05/Jan/2023:20:57:55 -0800] "GET /instagram-dallas/01-05-2023-1424422-Suspect-wanted-after-shooting--killing-dog-during.txt HTTP/1.1" 200 397 "-" "Mozilla/5.0 (compatible; AhrefsBot/7.0; +http://ahrefs.com/robot/)" "www.metrocrimedaily.com"
69.63.184.118 - - [05/Jan/2023:20:58:08 -0800] "GET /instagram-miami/01-05-2023-2239572-A.jpg HTTP/1.1" 200 245478 "-" "facebookexternalhit/1.1 (+http://www.facebook.com/externalhit_uatext.php)" "www.metrocrimedaily.com"
51.222.253.10 - - [05/Jan/2023:21:02:45 -0800] "GET /instagram-dallas/01-05-2023-1528441-Texas-Fires-Chris-Beard-Amid-Felony-Domestic-Viol.txt HTTP/1.1" 200 1095 "-" "Mozilla/5.0 (compatible; AhrefsBot/7.0; +http://ahrefs.com/robot/)" "www.metrocrimedaily.com"
69.63.184.119 - - [05/Jan/2023:21:05:45 -0800] "GET /instagram-chicago/01-05-2023-2249452-A.jpg HTTP/1.1" 200 142708 "-" "facebookexternalhit/1.1 (+http://www.facebook.com/externalhit_uatext.php)" "www.metrocrimedaily.com"
69.63.184.117 - - [05/Jan/2023:21:05:53 -0800] "GET /instagram-dallas/01-05-2023-2249592-A.jpg HTTP/1.1" 200 170432 "-" "facebookexternalhit/1.1 (+http://www.facebook.com/externalhit_uatext.php)" "www.metrocrimedaily.com"
69.63.184.5 - - [05/Jan/2023:21:06:04 -0800] "GET /instagram-detroit/01-05-2023-2304521-A.jpg HTTP/1.1" 200 102977 "-" "facebookexternalhit/1.1 (+http://www.facebook.com/externalhit_uatext.php)" "www.metrocrimedaily.com"
51.222.253.5 - - [05/Jan/2023:21:07:47 -0800] "GET /instagram-dallas/01-05-2023-1651361-Arlington-Officer-Hurt-in-Hit-and-Run-Crash%3B-Off-.txt HTTP/1.1" 200 870 "-" "Mozilla/5.0 (compatible; AhrefsBot/7.0; +http://ahrefs.com/robot/)" "www.metrocrimedaily.com"
51.222.253.19 - - [05/Jan/2023:21:12:57 -0800] "GET /instagram-dallas/01-05-2023-1812041-Cellphone-Data-Shows-Idaho-Suspect-in-Crime-Scene.txt HTTP/1.1" 200 1094 "-" "Mozilla/5.0 (compatible; AhrefsBot/7.0; +http://ahrefs.com/robot/)" "www.metrocrimedaily.com"
69.63.184.113 - - [05/Jan/2023:21:13:43 -0800] "GET /instagram-miami/01-05-2023-2239573-A.jpg HTTP/1.1" 200 65369 "-" "facebookexternalhit/1.1 (+http://www.facebook.com/externalhit_uatext.php)" "www.metrocrimedaily.com"
51.222.253.13 - - [05/Jan/2023:21:17:41 -0800] "GET /instagram-houston/01-05-2023-0801121-Man-walking-to-friend---s-house-struck--killed-by.txt HTTP/1.1" 200 902 "-" "Mozilla/5.0 (compatible; AhrefsBot/7.0; +http://ahrefs.com/robot/)" "metrocrimedaily.com"
69.63.184.1 - - [05/Jan/2023:21:18:18 -0800] "GET /instagram-stlouis/01-05-2023-2317591-A.jpg HTTP/1.1" 200 155583 "-" "facebookexternalhit/1.1 (+http://www.facebook.com/externalhit_uatext.php)" "www.metrocrimedaily.com"
69.63.184.2 - - [05/Jan/2023:21:21:37 -0800] "GET /instagram-detroit/01-05-2023-2304522-A.jpg HTTP/1.1" 200 47815 "-" "facebookexternalhit/1.1 (+http://www.facebook.com/externalhit_uatext.php)" "www.metrocrimedaily.com"
66.249.70.138 - - [05/Jan/2023:21:22:24 -0800] "GET /robots.txt HTTP/1.1" 404 88 "-" "Mozilla/5.0 (compatible; Googlebot/2.1; +http://www.google.com/bot.html)" "metrocrimedaily.com"
51.222.253.11 - - [05/Jan/2023:21:22:37 -0800] "GET /instagram-houston/post-later/01-05-2023-1414534-21-year-old-man-charged-with-murder-in-connection.txt HTTP/1.1" 200 627 "-" "Mozilla/5.0 (compatible; AhrefsBot/7.0; +http://ahrefs.com/robot/)" "metrocrimedaily.com"
51.222.253.9 - - [05/Jan/2023:21:27:38 -0800] "GET /instagram-houston/post-later/01-05-2023-1601241-Ovidio-Guzm%C3%A2%C2%94%C2%9C%C3%83%C2%ADn--son-of--El-Chapo---arrested-in-Me.txt HTTP/1.1" 200 1123 "-" "Mozilla/5.0 (compatible; AhrefsBot/7.0; +http://ahrefs.com/robot/)" "metrocrimedaily.com"
69.63.184.116 - - [05/Jan/2023:21:29:13 -0800] "GET /instagram-miami/01-05-2023-2239574-A.jpg HTTP/1.1" 200 231721 "-" "facebookexternalhit/1.1 (+http://www.facebook.com/externalhit_uatext.php)" "www.metrocrimedaily.com"
69.63.184.3 - - [05/Jan/2023:21:32:49 -0800] "GET /instagram-atlanta/01-05-2023-2331061-A.jpg HTTP/1.1" 200 109629 "-" "facebookexternalhit/1.1 (+http://www.facebook.com/externalhit_uatext.php)" "www.metrocrimedaily.com"
69.63.184.119 - - [05/Jan/2023:21:32:57 -0800] "GET /instagram-houston/01-05-2023-2332381-A.jpg HTTP/1.1" 200 128550 "-" "facebookexternalhit/1.1 (+http://www.facebook.com/externalhit_uatext.php)" "www.metrocrimedaily.com"
51.222.253.20 - - [05/Jan/2023:21:33:12 -0800] "GET /instagram-houston/post-later/01-05-2023-1601242-El-Chapo-s-son-Ovidio-Guzm%C3%A2%C2%94%C2%9C%C3%83%C2%ADn-arrested-in-Mexico-.txt HTTP/1.1" 200 1115 "-" "Mozilla/5.0 (compatible; AhrefsBot/7.0; +http://ahrefs.com/robot/)" "metrocrimedaily.com"
69.63.184.118 - - [05/Jan/2023:21:33:19 -0800] "GET /instagram-atlanta/01-05-2023-2331062-A.jpg HTTP/1.1" 200 238075 "-" "facebookexternalhit/1.1 (+http://www.facebook.com/externalhit_uatext.php)" "www.metrocrimedaily.com"
69.63.184.118 - - [05/Jan/2023:21:33:24 -0800] "GET /instagram-houston/01-05-2023-2332382-A.jpg HTTP/1.1" 200 154947 "-" "facebookexternalhit/1.1 (+http://www.facebook.com/externalhit_uatext.php)" "www.metrocrimedaily.com"
69.63.184.3 - - [05/Jan/2023:21:33:49 -0800] "GET /instagram-atlanta/01-05-2023-2331063-A.jpg HTTP/1.1" 200 158851 "-" "facebookexternalhit/1.1 (+http://www.facebook.com/externalhit_uatext.php)" "www.metrocrimedaily.com"
69.63.184.117 - - [05/Jan/2023:21:33:52 -0800] "GET /instagram-houston/01-05-2023-2332383-A.jpg HTTP/1.1" 200 97034 "-" "facebookexternalhit/1.1 (+http://www.facebook.com/externalhit_uatext.php)" "www.metrocrimedaily.com"
69.63.184.116 - - [05/Jan/2023:21:34:15 -0800] "GET /instagram-houston/01-05-2023-2332384-A.jpg HTTP/1.1" 200 118454 "-" "facebookexternalhit/1.1 (+http://www.facebook.com/externalhit_uatext.php)" "www.metrocrimedaily.com"
69.63.184.118 - - [05/Jan/2023:21:34:38 -0800] "GET /instagram-houston/01-05-2023-2332385-A.jpg HTTP/1.1" 200 171522 "-" "facebookexternalhit/1.1 (+http://www.facebook.com/externalhit_uatext.php)" "www.metrocrimedaily.com"
68.56.199.210 - - [05/Jan/2023:21:36:21 -0800] "GET / HTTP/1.1" 200 33912 "https://www.google.com/" "Mozilla/5.0 (iPhone; CPU iPhone OS 16_1 like Mac OS X) AppleWebKit/605.1.15 (KHTML, like Gecko) Version/16.1 Mobile/15E148 Safari/604.1" "www.metrocrimedaily.com"
68.56.199.210 - - [05/Jan/2023:21:36:21 -0800] "GET /styles-mcd.css HTTP/1.1" 200 1159 "http://www.metrocrimedaily.com/" "Mozilla/5.0 (iPhone; CPU iPhone OS 16_1 like Mac OS X) AppleWebKit/605.1.15 (KHTML, like Gecko) Version/16.1 Mobile/15E148 Safari/604.1" "www.metrocrimedaily.com"
68.56.199.210 - - [05/Jan/2023:21:36:22 -0800] "GET /images/facebook-logo-tiny.png HTTP/1.1" 200 1280 "http://www.metrocrimedaily.com/" "Mozilla/5.0 (iPhone; CPU iPhone OS 16_1 like Mac OS X) AppleWebKit/605.1.15 (KHTML, like Gecko) Version/16.1 Mobile/15E148 Safari/604.1" "www.metrocrimedaily.com"
68.56.199.210 - - [05/Jan/2023:21:36:22 -0800] "GET /images/crimeinthed-logo.jpg HTTP/1.1" 200 14960 "http://www.metrocrimedaily.com/" "Mozilla/5.0 (iPhone; CPU iPhone OS 16_1 like Mac OS X) AppleWebKit/605.1.15 (KHTML, like Gecko) Version/16.1 Mobile/15E148 Safari/604.1" "www.metrocrimedaily.com"
68.56.199.210 - - [05/Jan/2023:21:36:22 -0800] "GET /images/youtube-logo-tiny.png HTTP/1.1" 200 689 "http://www.metrocrimedaily.com/" "Mozilla/5.0 (iPhone; CPU iPhone OS 16_1 like Mac OS X) AppleWebKit/605.1.15 (KHTML, like Gecko) Version/16.1 Mobile/15E148 Safari/604.1" "www.metrocrimedaily.com"
68.56.199.210 - - [05/Jan/2023:21:36:22 -0800] "GET /images/police-tape.jpg HTTP/1.1" 200 50766 "http://www.metrocrimedaily.com/" "Mozilla/5.0 (iPhone; CPU iPhone OS 16_1 like Mac OS X) AppleWebKit/605.1.15 (KHTML, like Gecko) Version/16.1 Mobile/15E148 Safari/604.1" "metrocrimedaily.com"
68.56.199.210 - - [05/Jan/2023:21:36:22 -0800] "GET /images/twitter-logo-b-tiny.png HTTP/1.1" 200 1600 "http://www.metrocrimedaily.com/" "Mozilla/5.0 (iPhone; CPU iPhone OS 16_1 like Mac OS X) AppleWebKit/605.1.15 (KHTML, like Gecko) Version/16.1 Mobile/15E148 Safari/604.1" "www.metrocrimedaily.com"
69.63.184.118 - - [05/Jan/2023:21:37:06 -0800] "GET /instagram-detroit/01-05-2023-2304523-A.jpg HTTP/1.1" 200 86946 "-" "facebookexternalhit/1.1 (+http://www.facebook.com/externalhit_uatext.php)" "www.metrocrimedaily.com"
68.56.199.210 - - [05/Jan/2023:21:38:00 -0800] "GET / HTTP/1.1" 200 33912 "-" "Mozilla/5.0 (iPhone; CPU iPhone OS 16_1 like Mac OS X) AppleWebKit/605.1.15 (KHTML, like Gecko) Version/16.1 Mobile/15E148 Safari/604.1" "www.metrocrimedaily.com"
68.56.199.210 - - [05/Jan/2023:21:38:00 -0800] "GET /apple-touch-icon-120x120-precomposed.png HTTP/1.1" 404 88 "-" "MobileSafari/8614.2.9.0.10 CFNetwork/1399 Darwin/22.1.0" "www.metrocrimedaily.com"
68.56.199.210 - - [05/Jan/2023:21:38:00 -0800] "GET /apple-touch-icon-120x120.png HTTP/1.1" 404 88 "-" "MobileSafari/8614.2.9.0.10 CFNetwork/1399 Darwin/22.1.0" "www.metrocrimedaily.com"
68.56.199.210 - - [05/Jan/2023:21:38:00 -0800] "GET /apple-touch-icon-precomposed.png HTTP/1.1" 404 88 "-" "MobileSafari/8614.2.9.0.10 CFNetwork/1399 Darwin/22.1.0" "www.metrocrimedaily.com"
68.56.199.210 - - [05/Jan/2023:21:38:00 -0800] "GET /apple-touch-icon.png HTTP/1.1" 404 88 "-" "MobileSafari/8614.2.9.0.10 CFNetwork/1399 Darwin/22.1.0" "www.metrocrimedaily.com"
68.56.199.210 - - [05/Jan/2023:21:38:00 -0800] "GET /favicon.ico HTTP/1.1" 404 88 "-" "MobileSafari/8614.2.9.0.10 CFNetwork/1399 Darwin/22.1.0" "www.metrocrimedaily.com"
68.56.199.210 - - [05/Jan/2023:21:38:00 -0800] "GET /apple-touch-icon-120x120-precomposed.png HTTP/1.1" 404 88 "-" "MobileSafari/8614.2.9.0.10 CFNetwork/1399 Darwin/22.1.0" "www.metrocrimedaily.com"
68.56.199.210 - - [05/Jan/2023:21:38:01 -0800] "GET /apple-touch-icon-120x120.png HTTP/1.1" 404 88 "-" "MobileSafari/8614.2.9.0.10 CFNetwork/1399 Darwin/22.1.0" "www.metrocrimedaily.com"
68.56.199.210 - - [05/Jan/2023:21:38:01 -0800] "GET /apple-touch-icon-precomposed.png HTTP/1.1" 404 88 "-" "MobileSafari/8614.2.9.0.10 CFNetwork/1399 Darwin/22.1.0" "www.metrocrimedaily.com"
68.56.199.210 - - [05/Jan/2023:21:38:01 -0800] "GET /apple-touch-icon.png HTTP/1.1" 404 88 "-" "MobileSafari/8614.2.9.0.10 CFNetwork/1399 Darwin/22.1.0" "www.metrocrimedaily.com"
51.222.253.12 - - [05/Jan/2023:21:38:25 -0800] "GET /instagram-houston/post-later/01-05-2023-1601243-Woman-with-body-odor-goes-on-pre-Christmas-robber.txt HTTP/1.1" 200 215 "-" "Mozilla/5.0 (compatible; AhrefsBot/7.0; +http://ahrefs.com/robot/)" "metrocrimedaily.com"
69.63.184.116 - - [05/Jan/2023:21:43:11 -0800] "GET /instagram-losangeles/01-05-2023-2342511-A.jpg HTTP/1.1" 200 246418 "-" "facebookexternalhit/1.1 (+http://www.facebook.com/externalhit_uatext.php)" "www.metrocrimedaily.com"
51.222.253.15 - - [05/Jan/2023:21:43:24 -0800] "GET /instagram-houston/post-later/01-05-2023-1601244-Bryan-Kohberger-appears-in-Idaho-court-on-murder-.txt HTTP/1.1" 200 182 "-" "Mozilla/5.0 (compatible; AhrefsBot/7.0; +http://ahrefs.com/robot/)" "metrocrimedaily.com"
51.222.253.11 - - [05/Jan/2023:21:48:27 -0800] "GET /instagram-houston/post-later/01-05-2023-1601245-Wisconsin-woman-accused%3B-poisoning-husband-with-a.txt HTTP/1.1" 200 1109 "-" "Mozilla/5.0 (compatible; AhrefsBot/7.0; +http://ahrefs.com/robot/)" "metrocrimedaily.com"
69.63.184.2 - - [05/Jan/2023:21:52:37 -0800] "GET /instagram-detroit/01-05-2023-2304524-A.jpg HTTP/1.1" 200 82992 "-" "facebookexternalhit/1.1 (+http://www.facebook.com/externalhit_uatext.php)" "www.metrocrimedaily.com"
51.222.253.14 - - [05/Jan/2023:21:54:04 -0800] "GET /instagram-houston/post-later/01-05-2023-1601246-VIDEO--Woman-who-smelled----heavily-of-body-odor-.txt HTTP/1.1" 200 1011 "-" "Mozilla/5.0 (compatible; AhrefsBot/7.0; +http://ahrefs.com/robot/)" "metrocrimedaily.com"
69.63.184.118 - - [05/Jan/2023:21:56:27 -0800] "GET /instagram-dallas/01-05-2023-2356061-A.jpg HTTP/1.1" 200 109464 "-" "facebookexternalhit/1.1 (+http://www.facebook.com/externalhit_uatext.php)" "www.metrocrimedaily.com"
51.222.253.8 - - [05/Jan/2023:21:59:05 -0800] "GET /instagram-houston/post-later/01-05-2023-1601247-UT-fires-head-basketball-coach-Chris-Beard-after-.txt HTTP/1.1" 200 1117 "-" "Mozilla/5.0 (compatible; AhrefsBot/7.0; +http://ahrefs.com/robot/)" "metrocrimedaily.com"
51.222.253.12 - - [05/Jan/2023:22:04:15 -0800] "GET /instagram-houston/post-later/01-05-2023-1601248-Father-identified-as-suspect-in-murder-suicide-of.txt HTTP/1.1" 200 443 "-" "Mozilla/5.0 (compatible; AhrefsBot/7.0; +http://ahrefs.com/robot/)" "metrocrimedaily.com"
69.63.184.1 - - [05/Jan/2023:22:04:21 -0800] "GET /instagram-stlouis/01-06-2023-0004021-A.jpg HTTP/1.1" 200 323189 "-" "facebookexternalhit/1.1 (+http://www.facebook.com/externalhit_uatext.php)" "www.metrocrimedaily.com"
69.63.184.116 - - [05/Jan/2023:22:05:47 -0800] "GET /instagram-neworleans/01-06-2023-0005281-A.jpg HTTP/1.1" 200 360115 "-" "facebookexternalhit/1.1 (+http://www.facebook.com/externalhit_uatext.php)" "www.metrocrimedaily.com"
69.63.184.116 - - [05/Jan/2023:22:08:07 -0800] "GET /instagram-detroit/01-05-2023-2304525-A.jpg HTTP/1.1" 200 169113 "-" "facebookexternalhit/1.1 (+http://www.facebook.com/externalhit_uatext.php)" "www.metrocrimedaily.com"
69.63.184.3 - - [05/Jan/2023:22:09:03 -0800] "GET /instagram-atlanta/01-06-2023-0008431-A.jpg HTTP/1.1" 200 157171 "-" "facebookexternalhit/1.1 (+http://www.facebook.com/externalhit_uatext.php)" "www.metrocrimedaily.com"
51.222.253.14 - - [05/Jan/2023:22:09:30 -0800] "GET /instagram-chicago/01-05-2023-1620071-Man-who-shot-two-men-at-Huntley-home-in-July-extr.txt HTTP/1.1" 200 1006 "-" "Mozilla/5.0 (compatible; AhrefsBot/7.0; +http://ahrefs.com/robot/)" "metrocrimedaily.com"
51.222.253.14 - - [05/Jan/2023:22:14:43 -0800] "GET /installation/?C=M;O=A HTTP/1.1" 200 313 "-" "Mozilla/5.0 (compatible; AhrefsBot/7.0; +http://ahrefs.com/robot/)" "metrocrimedaily.com"
69.63.184.117 - - [05/Jan/2023:22:28:07 -0800] "GET /instagram-losangeles/01-06-2023-0027461-A.jpg HTTP/1.1" 200 134608 "-" "facebookexternalhit/1.1 (+http://www.facebook.com/externalhit_uatext.php)" "www.metrocrimedaily.com"
51.222.253.10 - - [05/Jan/2023:22:29:33 -0800] "GET /installation/?C=S;O=A HTTP/1.1" 200 313 "-" "Mozilla/5.0 (compatible; AhrefsBot/7.0; +http://ahrefs.com/robot/)" "metrocrimedaily.com"
69.63.184.3 - - [05/Jan/2023:22:36:22 -0800] "GET /instagram-miami/01-06-2023-0036031-A.jpg HTTP/1.1" 200 148332 "-" "facebookexternalhit/1.1 (+http://www.facebook.com/externalhit_uatext.php)" "www.metrocrimedaily.com"
51.222.253.3 - - [05/Jan/2023:22:43:37 -0800] "GET /instagram-dallas/post-later/ HTTP/1.1" 200 1801 "-" "Mozilla/5.0 (compatible; AhrefsBot/7.0; +http://ahrefs.com/robot/)" "www.metrocrimedaily.com"
69.63.184.4 - - [05/Jan/2023:22:44:42 -0800] "GET /instagram-dallas/01-06-2023-0044201-A.jpg HTTP/1.1" 200 134292 "-" "facebookexternalhit/1.1 (+http://www.facebook.com/externalhit_uatext.php)" "www.metrocrimedaily.com"
69.63.184.117 - - [05/Jan/2023:22:54:02 -0800] "GET /instagram-houston/01-06-2023-0053421-A.jpg HTTP/1.1" 200 159131 "-" "facebookexternalhit/1.1 (+http://www.facebook.com/externalhit_uatext.php)" "www.metrocrimedaily.com"
51.222.253.5 - - [05/Jan/2023:22:56:31 -0800] "GET /instagram-dallas/?C=N;O=A HTTP/1.1" 200 3060 "-" "Mozilla/5.0 (compatible; AhrefsBot/7.0; +http://ahrefs.com/robot/)" "www.metrocrimedaily.com"
69.63.184.112 - - [05/Jan/2023:22:57:26 -0800] "GET /instagram-newyork/01-06-2023-0057061-A.jpg HTTP/1.1" 200 115968 "-" "facebookexternalhit/1.1 (+http://www.facebook.com/externalhit_uatext.php)" "www.metrocrimedaily.com"
69.63.184.3 - - [05/Jan/2023:22:58:38 -0800] "GET /instagram-losangeles/01-06-2023-0027462-A.jpg HTTP/1.1" 200 251986 "-" "facebookexternalhit/1.1 (+http://www.facebook.com/externalhit_uatext.php)" "www.metrocrimedaily.com"
51.222.253.10 - - [05/Jan/2023:23:09:12 -0800] "GET /instagram-atlanta/?C=D;O=D HTTP/1.1" 200 2676 "-" "Mozilla/5.0 (compatible; AhrefsBot/7.0; +http://ahrefs.com/robot/)" "metrocrimedaily.com"
157.55.39.33 - - [05/Jan/2023:23:12:40 -0800] "GET /CRIME-WATCH-HOUSTON/unix/ HTTP/1.1" 404 88 "-" "Mozilla/5.0 (compatible; bingbot/2.0; +http://www.bing.com/bingbot.htm)" "www.metrocrimedaily.com"
157.55.39.33 - - [05/Jan/2023:23:14:20 -0800] "GET /instagram-dallas/11-23-2022-0819171-Upgraded-charges-for-suspect-in-deadly-Dallas-pol.txt HTTP/1.1" 404 88 "-" "Mozilla/5.0 (compatible; bingbot/2.0; +http://www.bing.com/bingbot.htm)" "www.metrocrimedaily.com"
51.222.253.17 - - [05/Jan/2023:23:22:25 -0800] "GET /instagram-chicago/01-05-2023-1707571-Man-accused-of-shooting-two-men-at-Huntley-home-i.txt HTTP/1.1" 200 1003 "-" "Mozilla/5.0 (compatible; AhrefsBot/7.0; +http://ahrefs.com/robot/)" "metrocrimedaily.com"
157.55.39.33 - - [05/Jan/2023:23:24:20 -0800] "GET /instagram-chicago/11-11-2022-2235351-Highland-Park-unveils-new-temporary-memorial-hono.txt HTTP/1.1" 404 88 "-" "Mozilla/5.0 AppleWebKit/537.36 (KHTML, like Gecko; compatible; bingbot/2.0; +http://www.bing.com/bingbot.htm) Chrome/103.0.5060.134 Safari/537.36" "www.metrocrimedaily.com"
69.63.184.119 - - [05/Jan/2023:23:34:21 -0800] "GET /instagram-detroit/01-06-2023-0134001-A.jpg HTTP/1.1" 200 134615 "-" "facebookexternalhit/1.1 (+http://www.facebook.com/externalhit_uatext.php)" "www.metrocrimedaily.com"
51.222.253.12 - - [05/Jan/2023:23:35:52 -0800] "GET /instagram-chicago/01-05-2023-1823111-Cyclist-shot-while-attempting-to-stop-car-break-i.txt HTTP/1.1" 200 747 "-" "Mozilla/5.0 (compatible; AhrefsBot/7.0; +http://ahrefs.com/robot/)" "metrocrimedaily.com"
5.255.99.205 - - [05/Jan/2023:23:37:50 -0800] "GET / HTTP/1.1" 200 34900 "http://metrocrimedaily.com" "Mozilla/5.0 (Windows NT 10.0; Win64; x64) AppleWebKit/537.36 (KHTML, like Gecko) Chrome/81.0.4044.129 Safari/537.36" "metrocrimedaily.com"
37.228.129.24 - - [05/Jan/2023:23:37:56 -0800] "GET /?author=1 HTTP/1.1" 200 34900 "http://metrocrimedaily.com/" "Mozilla/5.0 (Macintosh; Intel Mac OS X 10_10_5) AppleWebKit/600.8.9 (KHTML, like Gecko)" "metrocrimedaily.com"
185.220.100.244 - - [05/Jan/2023:23:38:00 -0800] "GET /?author=2 HTTP/1.1" 200 34900 "http://metrocrimedaily.com/" "Mozilla/5.0 (Windows NT 10.0; Win64; x64) AppleWebKit/537.36 (KHTML, like Gecko) Chrome/79.0.3945.88 Safari/537.36" "metrocrimedaily.com"
23.129.64.221 - - [05/Jan/2023:23:38:02 -0800] "GET /?author=3 HTTP/1.1" 200 34900 "http://metrocrimedaily.com/" "Mozilla/5.0 (Windows NT 6.1; Win64; x64) AppleWebKit/537.36 (KHTML, like Gecko) Chrome/55.0.2883.87 Safari/537.36" "metrocrimedaily.com"
185.220.102.248 - - [05/Jan/2023:23:38:07 -0800] "GET /?author=4 HTTP/1.1" 200 34900 "http://metrocrimedaily.com/" "Mozilla/5.0 (Windows NT 10.0; Win64; x64) AppleWebKit/537.36 (KHTML, like Gecko) Chrome/79.0.3945.88 Safari/537.36" "metrocrimedaily.com"
185.125.168.210 - - [05/Jan/2023:23:38:09 -0800] "GET /?author=5 HTTP/1.1" 200 34900 "http://metrocrimedaily.com/" "Mozilla/5.0 (Windows NT 10.0; Win64; x64) AppleWebKit/537.36 (KHTML, like Gecko) Chrome/81.0.4044.129 Safari/537.36" "metrocrimedaily.com"
185.129.61.4 - - [05/Jan/2023:23:38:10 -0800] "GET /wp-json/wp/v2/users/1 HTTP/1.1" 404 88 "http://metrocrimedaily.com/" "Mozilla/5.0 (Macintosh; Intel Mac OS X 10_15_4) AppleWebKit/605.1.15 (KHTML, like Gecko) Version/13.1.1 Safari/605.1.15" "metrocrimedaily.com"
107.189.11.181 - - [05/Jan/2023:23:38:11 -0800] "GET /wp-json/wp/v2/users/2 HTTP/1.1" 404 88 "http://metrocrimedaily.com/" "Mozilla/5.0 (Windows NT 10.0; Win64; x64) AppleWebKit/537.36 (KHTML, like Gecko) Chrome/80.0.3987.87 Safari/537.36" "metrocrimedaily.com"
185.220.101.61 - - [05/Jan/2023:23:38:12 -0800] "GET /wp-json/wp/v2/users/3 HTTP/1.1" 404 88 "http://metrocrimedaily.com/" "Mozilla/5.0 (Macintosh; Intel Mac OS X 10_15_7) AppleWebKit/605.1.15 (KHTML, like Gecko) Version/14.0.2 Safari/605.1.15" "metrocrimedaily.com"
104.244.77.80 - - [05/Jan/2023:23:38:13 -0800] "GET /wp-json/wp/v2/users/4 HTTP/1.1" 404 88 "http://metrocrimedaily.com/" "Mozilla/5.0 (Windows NT 10.0; Win64; x64) AppleWebKit/537.36 (KHTML, like Gecko) Chrome/64.0.3282.140 Safari/537.36 Edge/17.17134" "metrocrimedaily.com"
185.220.100.252 - - [05/Jan/2023:23:38:13 -0800] "GET /wp-json/wp/v2/users/5 HTTP/1.1" 404 88 "http://metrocrimedaily.com/" "Mozilla/5.0 (iPad; CPU OS 9_3_5 like Mac OS X) AppleWebKit/601.1.46 (KHTML, like Gecko) Mobile/13G36" "metrocrimedaily.com"
69.63.184.4 - - [05/Jan/2023:23:43:37 -0800] "GET /instagram-losangeles/01-06-2023-0143171-A.jpg HTTP/1.1" 200 181666 "-" "facebookexternalhit/1.1 (+http://www.facebook.com/externalhit_uatext.php)" "www.metrocrimedaily.com"
69.63.184.117 - - [05/Jan/2023:23:44:03 -0800] "GET /instagram-losangeles/01-06-2023-0143172-A.jpg HTTP/1.1" 200 61815 "-" "facebookexternalhit/1.1 (+http://www.facebook.com/externalhit_uatext.php)" "www.metrocrimedaily.com"
69.63.184.5 - - [05/Jan/2023:23:44:30 -0800] "GET /instagram-losangeles/01-06-2023-0143173-A.jpg HTTP/1.1" 200 151017 "-" "facebookexternalhit/1.1 (+http://www.facebook.com/externalhit_uatext.php)" "www.metrocrimedaily.com"
69.63.184.116 - - [05/Jan/2023:23:44:58 -0800] "GET /instagram-losangeles/01-06-2023-0143174-A.jpg HTTP/1.1" 200 139726 "-" "facebookexternalhit/1.1 (+http://www.facebook.com/externalhit_uatext.php)" "www.metrocrimedaily.com"
51.222.253.14 - - [05/Jan/2023:23:49:40 -0800] "GET /instagram-chicago/01-05-2023-1930501-Girl--14--shot--critically-wounded-on-Far-South-S.txt HTTP/1.1" 200 281 "-" "Mozilla/5.0 (compatible; AhrefsBot/7.0; +http://ahrefs.com/robot/)" "metrocrimedaily.com"
69.63.184.120 - - [06/Jan/2023:00:02:33 -0800] "GET /instagram-houston/01-06-2023-0202131-A.jpg HTTP/1.1" 200 94199 "-" "facebookexternalhit/1.1 (+http://www.facebook.com/externalhit_uatext.php)" "www.metrocrimedaily.com"
51.222.253.2 - - [06/Jan/2023:00:03:41 -0800] "GET /instagram-chicago/01-05-2023-1930502-5-year-sentence-after-wild-shootout-caught-on-tap.txt HTTP/1.1" 200 1046 "-" "Mozilla/5.0 (compatible; AhrefsBot/7.0; +http://ahrefs.com/robot/)" "metrocrimedaily.com"
69.63.184.1 - - [06/Jan/2023:00:04:53 -0800] "GET /instagram-detroit/01-06-2023-0134002-A.jpg HTTP/1.1" 200 66211 "-" "facebookexternalhit/1.1 (+http://www.facebook.com/externalhit_uatext.php)" "www.metrocrimedaily.com"
69.63.184.2 - - [06/Jan/2023:00:06:28 -0800] "GET /instagram-memphis/01-06-2023-0206081-A.jpg HTTP/1.1" 200 152339 "-" "facebookexternalhit/1.1 (+http://www.facebook.com/externalhit_uatext.php)" "www.metrocrimedaily.com"
157.55.39.44 - - [06/Jan/2023:00:17:49 -0800] "GET /instagram-dallas/11-21-2022-1321294-Police-investigating-southwest-Dallas-murder-.txt HTTP/1.1" 404 88 "-" "Mozilla/5.0 (compatible; bingbot/2.0; +http://www.bing.com/bingbot.htm)" "www.metrocrimedaily.com"
51.222.253.9 - - [06/Jan/2023:00:17:56 -0800] "GET / HTTP/1.1" 200 34900 "-" "Mozilla/5.0 (compatible; AhrefsBot/7.0; +http://ahrefs.com/robot/)" "www.metrocrimedaily.com"
54.36.149.50 - - [06/Jan/2023:00:22:07 -0800] "GET /robots.txt HTTP/1.1" 404 88 "-" "Mozilla/5.0 (compatible; AhrefsBot/7.0; +http://ahrefs.com/robot/)" "www.metrocrimedaily.com"
54.36.148.16 - - [06/Jan/2023:00:22:08 -0800] "GET / HTTP/1.1" 200 34900 "-" "Mozilla/5.0 (compatible; AhrefsBot/7.0; +http://ahrefs.com/robot/)" "www.metrocrimedaily.com"
51.222.253.13 - - [06/Jan/2023:00:25:02 -0800] "GET /instagram-monroe/?C=S;O=A HTTP/1.1" 200 358 "-" "Mozilla/5.0 (compatible; AhrefsBot/7.0; +http://ahrefs.com/robot/)" "metrocrimedaily.com"
157.55.39.88 - - [06/Jan/2023:00:25:13 -0800] "GET /images/youtube-logo-tiny.png HTTP/1.1" 200 689 "-" "Mozilla/5.0 (compatible; bingbot/2.0; +http://www.bing.com/bingbot.htm)" "metrocrimedaily.com"
51.222.253.11 - - [06/Jan/2023:00:28:44 -0800] "GET /instagram-monroe/?C=D;O=A HTTP/1.1" 200 358 "-" "Mozilla/5.0 (compatible; AhrefsBot/7.0; +http://ahrefs.com/robot/)" "metrocrimedaily.com"
51.222.253.14 - - [06/Jan/2023:00:32:01 -0800] "GET /instagram-monroe/?C=M;O=A HTTP/1.1" 200 358 "-" "Mozilla/5.0 (compatible; AhrefsBot/7.0; +http://ahrefs.com/robot/)" "metrocrimedaily.com"
51.222.253.17 - - [06/Jan/2023:00:35:11 -0800] "GET /instagram-dallas/post-later/01-04-2023-1338593-Suspect-crashed-car-with-possible-stolen-plates--.txt HTTP/1.1" 200 680 "-" "Mozilla/5.0 (compatible; AhrefsBot/7.0; +http://ahrefs.com/robot/)" "www.metrocrimedaily.com"
51.222.253.11 - - [06/Jan/2023:00:38:25 -0800] "GET /instagram-dallas/post-later/01-04-2023-1338594-Feds-Boost-Reward-to-$500K-for-Information-on-Cap.txt HTTP/1.1" 200 811 "-" "Mozilla/5.0 (compatible; AhrefsBot/7.0; +http://ahrefs.com/robot/)" "www.metrocrimedaily.com"
51.222.253.17 - - [06/Jan/2023:00:41:24 -0800] "GET /instagram-dallas/post-later/01-04-2023-1338595-Inmates-Claim-Texas-Plans-to-Use-Unsafe-Drugs-for.txt HTTP/1.1" 200 1130 "-" "Mozilla/5.0 (compatible; AhrefsBot/7.0; +http://ahrefs.com/robot/)" "www.metrocrimedaily.com"
51.222.253.3 - - [06/Jan/2023:00:44:29 -0800] "GET /instagram-dallas/post-later/01-04-2023-1453332--.txt HTTP/1.1" 200 20 "-" "Mozilla/5.0 (compatible; AhrefsBot/7.0; +http://ahrefs.com/robot/)" "www.metrocrimedaily.com"
51.222.253.4 - - [06/Jan/2023:00:47:54 -0800] "GET /instagram-dallas/post-later/01-04-2023-1453333-Richland-Hills-Police-Update-on-Homicide-Investig.txt HTTP/1.1" 200 618 "-" "Mozilla/5.0 (compatible; AhrefsBot/7.0; +http://ahrefs.com/robot/)" "www.metrocrimedaily.com"
51.222.253.1 - - [06/Jan/2023:00:50:53 -0800] "GET /instagram-dallas/post-later/01-04-2023-1555093-Large-police-presence-near-Keeton-Park-golf-cours.txt HTTP/1.1" 200 624 "-" "Mozilla/5.0 (compatible; AhrefsBot/7.0; +http://ahrefs.com/robot/)" "www.metrocrimedaily.com"
51.222.253.5 - - [06/Jan/2023:00:53:53 -0800] "GET /instagram-dallas/post-later/01-04-2023-1555094-Texas-Woman-Kidnapped-and-Tortured-for-Days-by-Ma.txt HTTP/1.1" 200 1095 "-" "Mozilla/5.0 (compatible; AhrefsBot/7.0; +http://ahrefs.com/robot/)" "www.metrocrimedaily.com"
51.222.253.5 - - [06/Jan/2023:00:56:58 -0800] "GET /instagram-dallas/post-later/01-04-2023-1712243-Could-a-Skin-Patch-That-Predicts-Heart-Attacks-an.txt HTTP/1.1" 200 1101 "-" "Mozilla/5.0 (compatible; AhrefsBot/7.0; +http://ahrefs.com/robot/)" "www.metrocrimedaily.com"
51.222.253.7 - - [06/Jan/2023:01:00:23 -0800] "GET /instagram-dallas/post-later/01-04-2023-1712244-Richland-Hills-police-still-working-to-determine-.txt HTTP/1.1" 200 49 "-" "Mozilla/5.0 (compatible; AhrefsBot/7.0; +http://ahrefs.com/robot/)" "www.metrocrimedaily.com"
51.222.253.18 - - [06/Jan/2023:01:03:46 -0800] "GET /instagram-dallas/post-later/01-04-2023-1833333-Richland-Hills-police-share-details-about-8-year-.txt HTTP/1.1" 200 989 "-" "Mozilla/5.0 (compatible; AhrefsBot/7.0; +http://ahrefs.com/robot/)" "www.metrocrimedaily.com"
69.63.184.1 - - [06/Jan/2023:01:03:45 -0800] "GET /instagram-atlanta/01-06-2023-0303251-A.jpg HTTP/1.1" 200 163807 "-" "facebookexternalhit/1.1 (+http://www.facebook.com/externalhit_uatext.php)" "www.metrocrimedaily.com"
51.222.253.13 - - [06/Jan/2023:01:06:40 -0800] "GET /instagram-dallas/post-later/01-04-2023-1833334-Winter-Storm-Threatens-to-Bring----Bomb-Cyclone--.txt HTTP/1.1" 200 1146 "-" "Mozilla/5.0 (compatible; AhrefsBot/7.0; +http://ahrefs.com/robot/)" "www.metrocrimedaily.com"
51.222.253.6 - - [06/Jan/2023:01:09:37 -0800] "GET /instagram-dallas/post-later/01-04-2023-1833335-FedEx-Truck-Driver-Killed-in-Crash-on-LBJ-Freeway.txt HTTP/1.1" 200 596 "-" "Mozilla/5.0 (compatible; AhrefsBot/7.0; +http://ahrefs.com/robot/)" "www.metrocrimedaily.com"
69.63.184.116 - - [06/Jan/2023:01:11:18 -0800] "GET /instagram-stlouis/01-06-2023-0310581-A.jpg HTTP/1.1" 200 161752 "-" "facebookexternalhit/1.1 (+http://www.facebook.com/externalhit_uatext.php)" "www.metrocrimedaily.com"
51.222.253.5 - - [06/Jan/2023:01:12:42 -0800] "GET /instagram-dallas/post-later/01-04-2023-1833336-Drive-by-shooting-at-Dallas-short-term-rental-lea.txt HTTP/1.1" 200 1104 "-" "Mozilla/5.0 (compatible; AhrefsBot/7.0; +http://ahrefs.com/robot/)" "www.metrocrimedaily.com"
174.210.225.34 - - [06/Jan/2023:01:13:44 -0800] "GET / HTTP/1.1" 200 35348 "https://www.google.com/" "Mozilla/5.0 (iPhone; CPU iPhone OS 15_5 like Mac OS X) AppleWebKit/605.1.15 (KHTML, like Gecko) Version/15.5 Mobile/15E148 Safari/604.1" "www.metrocrimedaily.com"
174.210.225.34 - - [06/Jan/2023:01:13:44 -0800] "GET /styles-mcd.css HTTP/1.1" 200 1159 "http://www.metrocrimedaily.com/" "Mozilla/5.0 (iPhone; CPU iPhone OS 15_5 like Mac OS X) AppleWebKit/605.1.15 (KHTML, like Gecko) Version/15.5 Mobile/15E148 Safari/604.1" "www.metrocrimedaily.com"
174.210.225.34 - - [06/Jan/2023:01:13:44 -0800] "GET /images/facebook-logo-tiny.png HTTP/1.1" 200 1280 "http://www.metrocrimedaily.com/" "Mozilla/5.0 (iPhone; CPU iPhone OS 15_5 like Mac OS X) AppleWebKit/605.1.15 (KHTML, like Gecko) Version/15.5 Mobile/15E148 Safari/604.1" "www.metrocrimedaily.com"
174.210.225.34 - - [06/Jan/2023:01:13:44 -0800] "GET /images/crimeinthed-logo.jpg HTTP/1.1" 200 14960 "http://www.metrocrimedaily.com/" "Mozilla/5.0 (iPhone; CPU iPhone OS 15_5 like Mac OS X) AppleWebKit/605.1.15 (KHTML, like Gecko) Version/15.5 Mobile/15E148 Safari/604.1" "www.metrocrimedaily.com"
174.210.225.34 - - [06/Jan/2023:01:13:44 -0800] "GET /images/police-tape.jpg HTTP/1.1" 200 50766 "http://www.metrocrimedaily.com/" "Mozilla/5.0 (iPhone; CPU iPhone OS 15_5 like Mac OS X) AppleWebKit/605.1.15 (KHTML, like Gecko) Version/15.5 Mobile/15E148 Safari/604.1" "metrocrimedaily.com"
174.210.225.34 - - [06/Jan/2023:01:13:44 -0800] "GET /images/youtube-logo-tiny.png HTTP/1.1" 200 689 "http://www.metrocrimedaily.com/" "Mozilla/5.0 (iPhone; CPU iPhone OS 15_5 like Mac OS X) AppleWebKit/605.1.15 (KHTML, like Gecko) Version/15.5 Mobile/15E148 Safari/604.1" "www.metrocrimedaily.com"
174.210.225.34 - - [06/Jan/2023:01:13:44 -0800] "GET /images/twitter-logo-b-tiny.png HTTP/1.1" 200 1600 "http://www.metrocrimedaily.com/" "Mozilla/5.0 (iPhone; CPU iPhone OS 15_5 like Mac OS X) AppleWebKit/605.1.15 (KHTML, like Gecko) Version/15.5 Mobile/15E148 Safari/604.1" "www.metrocrimedaily.com"
174.210.225.34 - - [06/Jan/2023:01:13:48 -0800] "GET /favicon.ico HTTP/1.1" 404 88 "http://www.metrocrimedaily.com/" "Mozilla/5.0 (iPhone; CPU iPhone OS 15_5 like Mac OS X) AppleWebKit/605.1.15 (KHTML, like Gecko) Version/15.5 Mobile/15E148 Safari/604.1" "www.metrocrimedaily.com"
51.222.253.16 - - [06/Jan/2023:01:15:43 -0800] "GET /instagram-dallas/post-later/01-04-2023-1950224-Man-accused-of-sexually-assaulting-woman-he-met-o.txt HTTP/1.1" 200 215 "-" "Mozilla/5.0 (compatible; AhrefsBot/7.0; +http://ahrefs.com/robot/)" "www.metrocrimedaily.com"
51.222.253.3 - - [06/Jan/2023:01:18:45 -0800] "GET /instagram-dallas/post-later/01-04-2023-2319392-8-Found-Dead--Including-5-Children--From-Gunshot-.txt HTTP/1.1" 200 601 "-" "Mozilla/5.0 (compatible; AhrefsBot/7.0; +http://ahrefs.com/robot/)" "www.metrocrimedaily.com"
51.222.253.17 - - [06/Jan/2023:01:21:55 -0800] "GET /instagram-dallas/post-later/01-04-2023-2319393-Fort-Worth-Police-Investigating-Triple-Shooting-.txt HTTP/1.1" 200 305 "-" "Mozilla/5.0 (compatible; AhrefsBot/7.0; +http://ahrefs.com/robot/)" "www.metrocrimedaily.com"
69.63.184.4 - - [06/Jan/2023:01:24:46 -0800] "GET /instagram-dallas/01-06-2023-0324251-A.jpg HTTP/1.1" 200 240423 "-" "facebookexternalhit/1.1 (+http://www.facebook.com/externalhit_uatext.php)" "www.metrocrimedaily.com"
51.222.253.19 - - [06/Jan/2023:01:25:33 -0800] "GET /instagram-dallas/post-later/01-05-2023-0822033-Suspect-arrested-after-hours-long-standoff-at-Dal.txt HTTP/1.1" 200 49 "-" "Mozilla/5.0 (compatible; AhrefsBot/7.0; +http://ahrefs.com/robot/)" "www.metrocrimedaily.com"
69.63.184.2 - - [06/Jan/2023:01:27:16 -0800] "GET /instagram-losangeles/01-06-2023-0326541-A.jpg HTTP/1.1" 200 102144 "-" "facebookexternalhit/1.1 (+http://www.facebook.com/externalhit_uatext.php)" "www.metrocrimedaily.com"
51.222.253.16 - - [06/Jan/2023:01:28:52 -0800] "GET /instagram-dallas/post-later/01-05-2023-0822034-Man-Charged-in-Migos-Rapper-Takeoff-s-Death-Relea.txt HTTP/1.1" 200 755 "-" "Mozilla/5.0 (compatible; AhrefsBot/7.0; +http://ahrefs.com/robot/)" "www.metrocrimedaily.com"
51.222.253.5 - - [06/Jan/2023:01:31:55 -0800] "GET /instagram-dallas/post-later/01-05-2023-1014162-Toddler--teen-driver--others-killed-across-Northe.txt HTTP/1.1" 200 1139 "-" "Mozilla/5.0 (compatible; AhrefsBot/7.0; +http://ahrefs.com/robot/)" "www.metrocrimedaily.com"
51.222.253.11 - - [06/Jan/2023:01:35:17 -0800] "GET /instagram-dallas/post-later/01-05-2023-1014163-Prince-Harry-Reportedly-Says-in-New-Book-That-Pri.txt HTTP/1.1" 200 1132 "-" "Mozilla/5.0 (compatible; AhrefsBot/7.0; +http://ahrefs.com/robot/)" "www.metrocrimedaily.com"
51.222.253.5 - - [06/Jan/2023:01:38:38 -0800] "GET /instagram-dallas/post-later/01-05-2023-1014164-Dallas-man-who-allegedly-sold-machine-gun-convers.txt HTTP/1.1" 200 987 "-" "Mozilla/5.0 (compatible; AhrefsBot/7.0; +http://ahrefs.com/robot/)" "www.metrocrimedaily.com"
51.222.253.5 - - [06/Jan/2023:01:41:42 -0800] "GET /instagram-dallas/post-later/01-05-2023-1014165-EXPLAINER--New-Details-and-Next-Steps-in-Case-of-.txt HTTP/1.1" 200 1135 "-" "Mozilla/5.0 (compatible; AhrefsBot/7.0; +http://ahrefs.com/robot/)" "www.metrocrimedaily.com"
51.222.253.8 - - [06/Jan/2023:01:44:58 -0800] "GET /instagram-dallas/post-later/01-05-2023-1014166-Prince-Harry-says-William-physically-attacked-him.txt HTTP/1.1" 200 1131 "-" "Mozilla/5.0 (compatible; AhrefsBot/7.0; +http://ahrefs.com/robot/)" "www.metrocrimedaily.com"
51.222.253.1 - - [06/Jan/2023:01:48:16 -0800] "GET /instagram-dallas/post-later/01-05-2023-1125172-Fort-Worth-police-looking-for-suspect-who-shot-do.txt HTTP/1.1" 200 488 "-" "Mozilla/5.0 (compatible; AhrefsBot/7.0; +http://ahrefs.com/robot/)" "www.metrocrimedaily.com"
