104.185.104.77 - - [05/Jan/2023:16:03:02 -0800] "GET /styles-mcd.css HTTP/1.1" 200 1159 "-" "Mozilla/5.0 (Linux; Android 11; BE2025) AppleWebKit/537.36 (KHTML, like Gecko) Chrome/108.0.0.0 Mobile Safari/537.36" "www.metrocrimedaily.com"
104.185.104.77 - - [05/Jan/2023:16:03:03 -0800] "GET /images/police-tape.jpg HTTP/1.1" 200 50766 "http://www.metrocrimedaily.com/" "Mozilla/5.0 (Linux; Android 11; BE2025) AppleWebKit/537.36 (KHTML, like Gecko) Chrome/108.0.0.0 Mobile Safari/537.36" "metrocrimedaily.com"
104.185.104.77 - - [05/Jan/2023:16:03:03 -0800] "GET /images/twitter-logo-b-tiny.png HTTP/1.1" 200 1600 "http://www.metrocrimedaily.com/" "Mozilla/5.0 (Linux; Android 11; BE2025) AppleWebKit/537.36 (KHTML, like Gecko) Chrome/108.0.0.0 Mobile Safari/537.36" "www.metrocrimedaily.com"
51.222.253.16 - - [05/Jan/2023:16:04:35 -0800] "GET /instagram-chicago/01-04-2023-1313111-Charges-filed-in-shooting-outside-Near-North-bowl.txt HTTP/1.1" 200 400 "-" "Mozilla/5.0 (compatible; AhrefsBot/7.0; +http://ahrefs.com/robot/)" "metrocrimedaily.com"
45.33.58.192 - - [05/Jan/2023:16:05:09 -0800] "GET /wp-content/themes/seotheme/db.php?u HTTP/1.1" 404 88 "www.google.com" "Mozlila/5.0 (Linux; Android 7.0; SM-G892A Bulid/NRD90M; wv) AppleWebKit/537.36 (KHTML, like Gecko) Version/4.0 Chrome/60.0.3112.107 Moblie Safari/537.36" "metrocrimedaily.com"
45.33.58.192 - - [05/Jan/2023:16:05:32 -0800] "GET /wp-content/themes/seotheme/db.php?u HTTP/1.1" 404 88 "www.google.com" "Mozlila/5.0 (Linux; Android 7.0; SM-G892A Bulid/NRD90M; wv) AppleWebKit/537.36 (KHTML, like Gecko) Version/4.0 Chrome/60.0.3112.107 Moblie Safari/537.36" "metrocrimedaily.com"
69.63.184.2 - - [05/Jan/2023:16:06:50 -0800] "GET /instagram-houston/01-05-2023-1704255-A.jpg HTTP/1.1" 200 128121 "-" "facebookexternalhit/1.1 (+http://www.facebook.com/externalhit_uatext.php)" "www.metrocrimedaily.com"
51.222.253.13 - - [05/Jan/2023:16:07:09 -0800] "GET /instagram-chicago/01-04-2023-1402001-Faith-leaders-urge-IL-lawmakers-to-pass-assault-w.txt HTTP/1.1" 200 765 "-" "Mozilla/5.0 (compatible; AhrefsBot/7.0; +http://ahrefs.com/robot/)" "metrocrimedaily.com"
69.63.184.113 - - [05/Jan/2023:16:08:10 -0800] "GET /instagram-detroit/01-05-2023-1751592-A.jpg HTTP/1.1" 200 90927 "-" "facebookexternalhit/1.1 (+http://www.facebook.com/externalhit_uatext.php)" "www.metrocrimedaily.com"
69.63.184.119 - - [05/Jan/2023:16:09:38 -0800] "GET /instagram-miami/01-05-2023-1808481-A.jpg HTTP/1.1" 200 75245 "-" "facebookexternalhit/1.1 (+http://www.facebook.com/externalhit_uatext.php)" "www.metrocrimedaily.com"
51.222.253.10 - - [05/Jan/2023:16:09:38 -0800] "GET /instagram-chicago/01-04-2023-1619091-Man-Charged-With-Killing-Woman--Wounding-Her-Sist.txt HTTP/1.1" 200 1014 "-" "Mozilla/5.0 (compatible; AhrefsBot/7.0; +http://ahrefs.com/robot/)" "metrocrimedaily.com"
69.63.184.117 - - [05/Jan/2023:16:09:41 -0800] "GET /instagram-memphis/01-05-2023-1753342-A.jpg HTTP/1.1" 200 162487 "-" "facebookexternalhit/1.1 (+http://www.facebook.com/externalhit_uatext.php)" "www.metrocrimedaily.com"
69.63.184.118 - - [05/Jan/2023:16:10:06 -0800] "GET /instagram-memphis/01-05-2023-1753343-A.jpg HTTP/1.1" 200 155946 "-" "facebookexternalhit/1.1 (+http://www.facebook.com/externalhit_uatext.php)" "www.metrocrimedaily.com"
69.63.184.1 - - [05/Jan/2023:16:10:34 -0800] "GET /instagram-memphis/01-05-2023-1753344-A.jpg HTTP/1.1" 200 168707 "-" "facebookexternalhit/1.1 (+http://www.facebook.com/externalhit_uatext.php)" "www.metrocrimedaily.com"
69.63.184.117 - - [05/Jan/2023:16:11:00 -0800] "GET /instagram-memphis/01-05-2023-1753345-A.jpg HTTP/1.1" 200 121970 "-" "facebookexternalhit/1.1 (+http://www.facebook.com/externalhit_uatext.php)" "www.metrocrimedaily.com"
69.63.184.3 - - [05/Jan/2023:16:11:26 -0800] "GET /instagram-memphis/01-05-2023-1753346-A.jpg HTTP/1.1" 200 152036 "-" "facebookexternalhit/1.1 (+http://www.facebook.com/externalhit_uatext.php)" "www.metrocrimedaily.com"
51.222.253.11 - - [05/Jan/2023:16:12:11 -0800] "GET /instagram-chicago/01-04-2023-1705501-2-sentenced-in-2019-death-of-Chicago-mother-hit-b.txt HTTP/1.1" 200 795 "-" "Mozilla/5.0 (compatible; AhrefsBot/7.0; +http://ahrefs.com/robot/)" "metrocrimedaily.com"
69.63.184.2 - - [05/Jan/2023:16:12:25 -0800] "GET /instagram-dallas/01-05-2023-1812041-A.jpg HTTP/1.1" 200 208992 "-" "facebookexternalhit/1.1 (+http://www.facebook.com/externalhit_uatext.php)" "www.metrocrimedaily.com"
51.222.253.5 - - [05/Jan/2023:16:14:48 -0800] "GET /instagram-chicago/01-04-2023-1757221-Faith-leaders-in-Chicago-rally-in-support-of-prop.txt HTTP/1.1" 200 1077 "-" "Mozilla/5.0 (compatible; AhrefsBot/7.0; +http://ahrefs.com/robot/)" "metrocrimedaily.com"
51.222.253.16 - - [05/Jan/2023:16:17:33 -0800] "GET /instagram-chicago/01-04-2023-1757222-Russian-general-blames-soldiers-for-their-own-dea.txt HTTP/1.1" 200 1030 "-" "Mozilla/5.0 (compatible; AhrefsBot/7.0; +http://ahrefs.com/robot/)" "metrocrimedaily.com"
51.222.253.15 - - [05/Jan/2023:16:20:17 -0800] "GET /instagram-chicago/01-04-2023-1757223-Russian-general-blames-soldiers-for-their-own-dea.txt HTTP/1.1" 200 1030 "-" "Mozilla/5.0 (compatible; AhrefsBot/7.0; +http://ahrefs.com/robot/)" "metrocrimedaily.com"
69.63.184.117 - - [05/Jan/2023:16:20:18 -0800] "GET /instagram-stlouis/01-05-2023-1819571-A.jpg HTTP/1.1" 200 112835 "-" "facebookexternalhit/1.1 (+http://www.facebook.com/externalhit_uatext.php)" "www.metrocrimedaily.com"
69.63.184.120 - - [05/Jan/2023:16:20:42 -0800] "GET /instagram-stlouis/01-05-2023-1819572-A.jpg HTTP/1.1" 200 210508 "-" "facebookexternalhit/1.1 (+http://www.facebook.com/externalhit_uatext.php)" "www.metrocrimedaily.com"
69.63.184.1 - - [05/Jan/2023:16:21:09 -0800] "GET /instagram-stlouis/01-05-2023-1819573-A.jpg HTTP/1.1" 200 172380 "-" "facebookexternalhit/1.1 (+http://www.facebook.com/externalhit_uatext.php)" "www.metrocrimedaily.com"
69.63.184.4 - - [05/Jan/2023:16:21:35 -0800] "GET /instagram-stlouis/01-05-2023-1819574-A.jpg HTTP/1.1" 200 467805 "-" "facebookexternalhit/1.1 (+http://www.facebook.com/externalhit_uatext.php)" "www.metrocrimedaily.com"
157.55.39.44 - - [05/Jan/2023:16:21:53 -0800] "GET /instagram-dallas/11-26-2022-1358421-Shooting-victim-drives-to-Fort-Worth-hospital-aft.txt HTTP/1.1" 404 88 "-" "Mozilla/5.0 (compatible; bingbot/2.0; +http://www.bing.com/bingbot.htm)" "www.metrocrimedaily.com"
69.63.184.116 - - [05/Jan/2023:16:22:02 -0800] "GET /instagram-stlouis/01-05-2023-1819575-A.jpg HTTP/1.1" 200 144373 "-" "facebookexternalhit/1.1 (+http://www.facebook.com/externalhit_uatext.php)" "www.metrocrimedaily.com"
69.63.184.4 - - [05/Jan/2023:16:22:25 -0800] "GET /instagram-houston/01-05-2023-1704256-A.jpg HTTP/1.1" 200 198002 "-" "facebookexternalhit/1.1 (+http://www.facebook.com/externalhit_uatext.php)" "www.metrocrimedaily.com"
69.63.184.2 - - [05/Jan/2023:16:22:29 -0800] "GET /instagram-stlouis/01-05-2023-1819576-A.jpg HTTP/1.1" 200 102236 "-" "facebookexternalhit/1.1 (+http://www.facebook.com/externalhit_uatext.php)" "www.metrocrimedaily.com"
51.222.253.9 - - [05/Jan/2023:16:23:01 -0800] "GET /instagram-chicago/01-04-2023-1919411-9-year-old-boy-pointed-gun-at-his-head-and-accide.txt HTTP/1.1" 200 811 "-" "Mozilla/5.0 (compatible; AhrefsBot/7.0; +http://ahrefs.com/robot/)" "metrocrimedaily.com"
69.63.184.5 - - [05/Jan/2023:16:23:31 -0800] "GET /instagram-chicago/01-05-2023-1823111-A.jpg HTTP/1.1" 200 141556 "-" "facebookexternalhit/1.1 (+http://www.facebook.com/externalhit_uatext.php)" "www.metrocrimedaily.com"
69.63.184.5 - - [05/Jan/2023:16:23:39 -0800] "GET /instagram-detroit/01-05-2023-1751593-A.jpg HTTP/1.1" 200 63582 "-" "facebookexternalhit/1.1 (+http://www.facebook.com/externalhit_uatext.php)" "www.metrocrimedaily.com"
69.63.184.120 - - [05/Jan/2023:16:23:51 -0800] "GET /instagram-newyork/01-05-2023-1823321-A.jpg HTTP/1.1" 200 123530 "-" "facebookexternalhit/1.1 (+http://www.facebook.com/externalhit_uatext.php)" "www.metrocrimedaily.com"
69.63.184.3 - - [05/Jan/2023:16:25:09 -0800] "GET /instagram-miami/01-05-2023-1808482-A.jpg HTTP/1.1" 200 188857 "-" "facebookexternalhit/1.1 (+http://www.facebook.com/externalhit_uatext.php)" "www.metrocrimedaily.com"
54.36.148.101 - - [05/Jan/2023:16:26:09 -0800] "GET /robots.txt HTTP/1.1" 404 88 "-" "Mozilla/5.0 (compatible; AhrefsBot/7.0; +http://ahrefs.com/robot/)" "metrocrimedaily.com"
54.36.148.164 - - [05/Jan/2023:16:26:11 -0800] "GET / HTTP/1.1" 200 31966 "-" "Mozilla/5.0 (compatible; AhrefsBot/7.0; +http://ahrefs.com/robot/)" "metrocrimedaily.com"
54.36.148.141 - - [05/Jan/2023:16:26:14 -0800] "GET /styles-mcd.css HTTP/1.1" 200 1159 "-" "Mozilla/5.0 (compatible; AhrefsBot/7.0; +http://ahrefs.com/robot/)" "metrocrimedaily.com"
54.36.149.25 - - [05/Jan/2023:16:26:15 -0800] "GET /images/twitter-logo-b-tiny.png HTTP/1.1" 200 1600 "-" "Mozilla/5.0 (compatible; AhrefsBot/7.0; +http://ahrefs.com/robot/)" "metrocrimedaily.com"
54.36.148.39 - - [05/Jan/2023:16:26:15 -0800] "GET /images/crimeinthed-logo.jpg HTTP/1.1" 200 14960 "-" "Mozilla/5.0 (compatible; AhrefsBot/7.0; +http://ahrefs.com/robot/)" "metrocrimedaily.com"
54.36.148.179 - - [05/Jan/2023:16:26:15 -0800] "GET /images/youtube-logo-tiny.png HTTP/1.1" 200 689 "-" "Mozilla/5.0 (compatible; AhrefsBot/7.0; +http://ahrefs.com/robot/)" "metrocrimedaily.com"
51.222.253.16 - - [05/Jan/2023:16:29:42 -0800] "GET /instagram-dallas/ HTTP/1.1" 200 2468 "-" "Mozilla/5.0 (compatible; AhrefsBot/7.0; +http://ahrefs.com/robot/)" "www.metrocrimedaily.com"
69.63.184.118 - - [05/Jan/2023:16:31:12 -0800] "GET /instagram-losangeles/01-05-2023-1830521-A.jpg HTTP/1.1" 200 311646 "-" "facebookexternalhit/1.1 (+http://www.facebook.com/externalhit_uatext.php)" "www.metrocrimedaily.com"
51.222.253.12 - - [05/Jan/2023:16:33:26 -0800] "GET /instagram-atlanta/?C=M;O=D HTTP/1.1" 200 2434 "-" "Mozilla/5.0 (compatible; AhrefsBot/7.0; +http://ahrefs.com/robot/)" "metrocrimedaily.com"
51.222.253.2 - - [05/Jan/2023:16:37:35 -0800] "GET /robots.txt HTTP/1.1" 404 88 "-" "Mozilla/5.0 (compatible; AhrefsBot/7.0; +http://ahrefs.com/robot/)" "metrocrimedaily.com"
51.222.253.5 - - [05/Jan/2023:16:37:37 -0800] "GET /instagram-atlanta/?C=S;O=D HTTP/1.1" 200 2480 "-" "Mozilla/5.0 (compatible; AhrefsBot/7.0; +http://ahrefs.com/robot/)" "metrocrimedaily.com"
69.63.184.120 - - [05/Jan/2023:16:37:56 -0800] "GET /instagram-houston/01-05-2023-1704257-A.jpg HTTP/1.1" 200 160020 "-" "facebookexternalhit/1.1 (+http://www.facebook.com/externalhit_uatext.php)" "www.metrocrimedaily.com"
69.63.184.5 - - [05/Jan/2023:16:38:09 -0800] "GET /instagram-neworleans/01-05-2023-1837491-A.jpg HTTP/1.1" 200 194517 "-" "facebookexternalhit/1.1 (+http://www.facebook.com/externalhit_uatext.php)" "www.metrocrimedaily.com"
69.63.184.120 - - [05/Jan/2023:16:39:10 -0800] "GET /instagram-detroit/01-05-2023-1751594-A.jpg HTTP/1.1" 200 88960 "-" "facebookexternalhit/1.1 (+http://www.facebook.com/externalhit_uatext.php)" "www.metrocrimedaily.com"
69.63.184.117 - - [05/Jan/2023:16:39:37 -0800] "GET /instagram-detroit/01-05-2023-1751595-A.jpg HTTP/1.1" 200 92787 "-" "facebookexternalhit/1.1 (+http://www.facebook.com/externalhit_uatext.php)" "www.metrocrimedaily.com"
69.63.184.116 - - [05/Jan/2023:16:40:41 -0800] "GET /instagram-miami/01-05-2023-1808483-A.jpg HTTP/1.1" 200 266716 "-" "facebookexternalhit/1.1 (+http://www.facebook.com/externalhit_uatext.php)" "www.metrocrimedaily.com"
51.222.253.3 - - [05/Jan/2023:16:40:49 -0800] "GET /instagram-chicago/01-04-2023-1919412-6-months-after-Highland-Park-tragedy--victims-con.txt HTTP/1.1" 200 1105 "-" "Mozilla/5.0 (compatible; AhrefsBot/7.0; +http://ahrefs.com/robot/)" "metrocrimedaily.com"
51.222.253.9 - - [05/Jan/2023:16:44:46 -0800] "GET /instagram-chicago/01-04-2023-2026471-Man-struck-and-killed-while-changing-tire-in-Nort.txt HTTP/1.1" 200 745 "-" "Mozilla/5.0 (compatible; AhrefsBot/7.0; +http://ahrefs.com/robot/)" "metrocrimedaily.com"
69.63.184.2 - - [05/Jan/2023:16:46:44 -0800] "GET /instagram-losangeles/01-05-2023-1830522-A.jpg HTTP/1.1" 200 116161 "-" "facebookexternalhit/1.1 (+http://www.facebook.com/externalhit_uatext.php)" "www.metrocrimedaily.com"
157.230.50.233 - - [05/Jan/2023:16:46:46 -0800] "GET /about-us.html HTTP/1.1" 200 706 "-" "Mozilla/5.0 (Macintosh; Intel Mac OS X 10_15_7) AppleWebKit/537.36 (KHTML, like Gecko) Chrome/107.0.0.0 Safari/537.36" "www.metrocrimedaily.com"
69.63.184.119 - - [05/Jan/2023:16:47:14 -0800] "GET /instagram-losangeles/01-05-2023-1830523-A.jpg HTTP/1.1" 200 191489 "-" "facebookexternalhit/1.1 (+http://www.facebook.com/externalhit_uatext.php)" "www.metrocrimedaily.com"
51.222.253.10 - - [05/Jan/2023:16:48:43 -0800] "GET /instagram-chicago/01-04-2023-2026472-Struggle-inside-car-leads-to-fatal-crash-in-the-L.txt HTTP/1.1" 200 602 "-" "Mozilla/5.0 (compatible; AhrefsBot/7.0; +http://ahrefs.com/robot/)" "metrocrimedaily.com"
69.63.184.5 - - [05/Jan/2023:16:51:16 -0800] "GET /instagram-atlanta/01-05-2023-1850301-A.jpg HTTP/1.1" 200 102607 "-" "facebookexternalhit/1.1 (+http://www.facebook.com/externalhit_uatext.php)" "www.metrocrimedaily.com"
51.222.253.11 - - [05/Jan/2023:16:52:19 -0800] "GET /instagram-chicago/01-04-2023-2139121-Would-be-carjacking-suspect-killed-when-victim-cr.txt HTTP/1.1" 200 531 "-" "Mozilla/5.0 (compatible; AhrefsBot/7.0; +http://ahrefs.com/robot/)" "metrocrimedaily.com"
69.63.184.3 - - [05/Jan/2023:16:52:38 -0800] "GET /instagram-memphis/01-05-2023-1852191-A.jpg HTTP/1.1" 200 96009 "-" "facebookexternalhit/1.1 (+http://www.facebook.com/externalhit_uatext.php)" "www.metrocrimedaily.com"
69.63.184.120 - - [05/Jan/2023:16:53:27 -0800] "GET /instagram-houston/01-05-2023-1704258-A.jpg HTTP/1.1" 200 148277 "-" "facebookexternalhit/1.1 (+http://www.facebook.com/externalhit_uatext.php)" "www.metrocrimedaily.com"
69.63.184.3 - - [05/Jan/2023:16:53:41 -0800] "GET /instagram-neworleans/01-05-2023-1837492-A.jpg HTTP/1.1" 200 221912 "-" "facebookexternalhit/1.1 (+http://www.facebook.com/externalhit_uatext.php)" "www.metrocrimedaily.com"
69.63.184.119 - - [05/Jan/2023:16:55:07 -0800] "GET /instagram-detroit/01-05-2023-1751596-A.jpg HTTP/1.1" 200 89675 "-" "facebookexternalhit/1.1 (+http://www.facebook.com/externalhit_uatext.php)" "www.metrocrimedaily.com"
51.222.253.17 - - [05/Jan/2023:16:55:59 -0800] "GET /instagram-chicago/01-04-2023-2139122-3-people-shot---%C3%83%C2%B6-1-critically---%C3%83%C2%B6-in-South-Side-.txt HTTP/1.1" 200 453 "-" "Mozilla/5.0 (compatible; AhrefsBot/7.0; +http://ahrefs.com/robot/)" "metrocrimedaily.com"
69.63.184.117 - - [05/Jan/2023:16:56:12 -0800] "GET /instagram-miami/01-05-2023-1808484-A.jpg HTTP/1.1" 200 283621 "-" "facebookexternalhit/1.1 (+http://www.facebook.com/externalhit_uatext.php)" "www.metrocrimedaily.com"
51.222.253.15 - - [05/Jan/2023:17:00:03 -0800] "GET /instagram-chicago/01-04-2023-2248001-Lake-in-the-Hills-police-asking-for-information-a.txt HTTP/1.1" 200 546 "-" "Mozilla/5.0 (compatible; AhrefsBot/7.0; +http://ahrefs.com/robot/)" "metrocrimedaily.com"
69.63.184.116 - - [05/Jan/2023:17:03:01 -0800] "GET /instagram-dallas/01-05-2023-1902391-A.jpg HTTP/1.1" 200 158651 "-" "facebookexternalhit/1.1 (+http://www.facebook.com/externalhit_uatext.php)" "www.metrocrimedaily.com"
51.222.253.10 - - [05/Jan/2023:17:03:25 -0800] "GET /instagram-chicago/01-05-2023-0635491-8-people-found-fatally-shot-in-Utah-home--includi.txt HTTP/1.1" 200 1081 "-" "Mozilla/5.0 (compatible; AhrefsBot/7.0; +http://ahrefs.com/robot/)" "metrocrimedaily.com"
69.63.184.3 - - [05/Jan/2023:17:04:32 -0800] "GET /instagram-stlouis/01-05-2023-1904131-A.jpg HTTP/1.1" 200 193660 "-" "facebookexternalhit/1.1 (+http://www.facebook.com/externalhit_uatext.php)" "www.metrocrimedaily.com"
69.63.184.119 - - [05/Jan/2023:17:06:47 -0800] "GET /instagram-atlanta/01-05-2023-1850302-A.jpg HTTP/1.1" 200 130914 "-" "facebookexternalhit/1.1 (+http://www.facebook.com/externalhit_uatext.php)" "www.metrocrimedaily.com"
51.222.253.18 - - [05/Jan/2023:17:06:48 -0800] "GET /instagram-chicago/01-05-2023-0635492-Prince-Harry-says-William-attacked-him-during-arg.txt HTTP/1.1" 200 1122 "-" "Mozilla/5.0 (compatible; AhrefsBot/7.0; +http://ahrefs.com/robot/)" "metrocrimedaily.com"
69.63.184.3 - - [05/Jan/2023:17:07:16 -0800] "GET /instagram-atlanta/01-05-2023-1850303-A.jpg HTTP/1.1" 200 233637 "-" "facebookexternalhit/1.1 (+http://www.facebook.com/externalhit_uatext.php)" "www.metrocrimedaily.com"
69.63.184.5 - - [05/Jan/2023:17:07:44 -0800] "GET /instagram-atlanta/01-05-2023-1850304-A.jpg HTTP/1.1" 200 305301 "-" "facebookexternalhit/1.1 (+http://www.facebook.com/externalhit_uatext.php)" "www.metrocrimedaily.com"
69.63.184.118 - - [05/Jan/2023:17:08:12 -0800] "GET /instagram-memphis/01-05-2023-1852192-A.jpg HTTP/1.1" 200 140919 "-" "facebookexternalhit/1.1 (+http://www.facebook.com/externalhit_uatext.php)" "www.metrocrimedaily.com"
69.63.184.120 - - [05/Jan/2023:17:08:13 -0800] "GET /instagram-atlanta/01-05-2023-1850305-A.jpg HTTP/1.1" 200 267076 "-" "facebookexternalhit/1.1 (+http://www.facebook.com/externalhit_uatext.php)" "www.metrocrimedaily.com"
157.55.39.44 - - [05/Jan/2023:17:09:08 -0800] "GET /instagram-dallas/11-22-2022-1002392-Kim-Jong-Un---s-Sister-Warns-US-of-a----More-Fata.txt HTTP/1.1" 404 88 "-" "Mozilla/5.0 (compatible; bingbot/2.0; +http://www.bing.com/bingbot.htm)" "www.metrocrimedaily.com"
69.63.184.117 - - [05/Jan/2023:17:09:13 -0800] "GET /instagram-neworleans/01-05-2023-1837493-A.jpg HTTP/1.1" 200 115098 "-" "facebookexternalhit/1.1 (+http://www.facebook.com/externalhit_uatext.php)" "www.metrocrimedaily.com"
51.222.253.4 - - [05/Jan/2023:17:10:04 -0800] "GET /instagram-chicago/01-05-2023-0813401-Family-says-missing-rapper-Theophilus-London-foun.txt HTTP/1.1" 200 936 "-" "Mozilla/5.0 (compatible; AhrefsBot/7.0; +http://ahrefs.com/robot/)" "metrocrimedaily.com"
69.63.184.4 - - [05/Jan/2023:17:11:43 -0800] "GET /instagram-miami/01-05-2023-1808485-A.jpg HTTP/1.1" 200 81421 "-" "facebookexternalhit/1.1 (+http://www.facebook.com/externalhit_uatext.php)" "www.metrocrimedaily.com"
51.222.253.20 - - [05/Jan/2023:17:13:30 -0800] "GET /instagram-chicago/01-05-2023-0813402----Do-me-a-favor-and-don---t-follow-too-close----.txt HTTP/1.1" 200 1075 "-" "Mozilla/5.0 (compatible; AhrefsBot/7.0; +http://ahrefs.com/robot/)" "metrocrimedaily.com"
51.222.253.18 - - [05/Jan/2023:17:17:00 -0800] "GET /instagram-chicago/01-05-2023-0957131-Report--Prince-Harry-says-William-attacked-him-du.txt HTTP/1.1" 200 1133 "-" "Mozilla/5.0 (compatible; AhrefsBot/7.0; +http://ahrefs.com/robot/)" "metrocrimedaily.com"
69.63.184.3 - - [05/Jan/2023:17:17:34 -0800] "GET /instagram-newyork/01-05-2023-1917151-A.jpg HTTP/1.1" 200 117710 "-" "facebookexternalhit/1.1 (+http://www.facebook.com/externalhit_uatext.php)" "www.metrocrimedaily.com"
69.63.184.117 - - [05/Jan/2023:17:20:05 -0800] "GET /instagram-stlouis/01-05-2023-1904132-A.jpg HTTP/1.1" 200 331333 "-" "facebookexternalhit/1.1 (+http://www.facebook.com/externalhit_uatext.php)" "www.metrocrimedaily.com"
51.222.253.16 - - [05/Jan/2023:17:20:24 -0800] "GET /instagram-chicago/01-05-2023-0957132-8-found-fatally-shot-in-Utah-home--including-5-ch.txt HTTP/1.1" 200 1090 "-" "Mozilla/5.0 (compatible; AhrefsBot/7.0; +http://ahrefs.com/robot/)" "metrocrimedaily.com"
51.222.253.8 - - [05/Jan/2023:17:23:43 -0800] "GET /instagram-chicago/01-05-2023-0957133-Man-charged-in-Takeoff-s-death-released-on-$1-mil.txt HTTP/1.1" 200 759 "-" "Mozilla/5.0 (compatible; AhrefsBot/7.0; +http://ahrefs.com/robot/)" "metrocrimedaily.com"
157.55.39.64 - - [05/Jan/2023:17:25:53 -0800] "GET /instagram-dallas/11-25-2022-1857002-Japan-investigators-raid-Dentsu-in-widening-Olymp.txt HTTP/1.1" 404 88 "-" "Mozilla/5.0 (compatible; bingbot/2.0; +http://www.bing.com/bingbot.htm)" "www.metrocrimedaily.com"
51.222.253.8 - - [05/Jan/2023:17:26:51 -0800] "GET /instagram-chicago/01-05-2023-0957134--.txt HTTP/1.1" 200 20 "-" "Mozilla/5.0 (compatible; AhrefsBot/7.0; +http://ahrefs.com/robot/)" "metrocrimedaily.com"
157.55.39.44 - - [05/Jan/2023:17:27:09 -0800] "GET /instagram-dallas/11-21-2022-2046403--Chrisley-Knows-Best--Reality-TV-Stars-Todd-and-J.txt HTTP/1.1" 404 88 "-" "Mozilla/5.0 AppleWebKit/537.36 (KHTML, like Gecko; compatible; bingbot/2.0; +http://www.bing.com/bingbot.htm) Chrome/103.0.5060.134 Safari/537.36" "www.metrocrimedaily.com"
69.63.184.1 - - [05/Jan/2023:17:27:50 -0800] "GET /instagram-losangeles/01-05-2023-1927311-A.jpg HTTP/1.1" 200 137720 "-" "facebookexternalhit/1.1 (+http://www.facebook.com/externalhit_uatext.php)" "www.metrocrimedaily.com"
51.222.253.19 - - [05/Jan/2023:17:30:17 -0800] "GET /instagram-chicago/01-05-2023-0957135-Suspect-in-killing-of-Migos-rapper-Takeoff-out-on.txt HTTP/1.1" 200 824 "-" "Mozilla/5.0 (compatible; AhrefsBot/7.0; +http://ahrefs.com/robot/)" "metrocrimedaily.com"
69.63.184.118 - - [05/Jan/2023:17:31:13 -0800] "GET /instagram-chicago/01-05-2023-1930501-A.jpg HTTP/1.1" 200 80890 "-" "facebookexternalhit/1.1 (+http://www.facebook.com/externalhit_uatext.php)" "www.metrocrimedaily.com"
69.63.184.120 - - [05/Jan/2023:17:33:08 -0800] "GET /instagram-newyork/01-05-2023-1917152-A.jpg HTTP/1.1" 200 103089 "-" "facebookexternalhit/1.1 (+http://www.facebook.com/externalhit_uatext.php)" "www.metrocrimedaily.com"
51.222.253.10 - - [05/Jan/2023:17:33:37 -0800] "GET /instagram-chicago/01-05-2023-1322321-Courtesy-Desk--Paul-tricked-into-phishing-scam---.txt HTTP/1.1" 200 248 "-" "Mozilla/5.0 (compatible; AhrefsBot/7.0; +http://ahrefs.com/robot/)" "metrocrimedaily.com"
157.55.39.33 - - [05/Jan/2023:17:35:28 -0800] "GET /instagram-dallas/11-23-2022-0819172-Virginia-Walmart-Shooting--Employee-shot--killed-.txt HTTP/1.1" 404 88 "-" "Mozilla/5.0 (compatible; bingbot/2.0; +http://www.bing.com/bingbot.htm)" "www.metrocrimedaily.com"
69.63.184.116 - - [05/Jan/2023:17:35:35 -0800] "GET /instagram-stlouis/01-05-2023-1904133-A.jpg HTTP/1.1" 200 207165 "-" "facebookexternalhit/1.1 (+http://www.facebook.com/externalhit_uatext.php)" "www.metrocrimedaily.com"
69.63.184.2 - - [05/Jan/2023:17:36:01 -0800] "GET /instagram-stlouis/01-05-2023-1904134-A.jpg HTTP/1.1" 200 207258 "-" "facebookexternalhit/1.1 (+http://www.facebook.com/externalhit_uatext.php)" "www.metrocrimedaily.com"
146.190.248.232 - - [05/Jan/2023:17:36:40 -0800] "GET /www.wxyz.com HTTP/1.1" 404 88 "-" "Mozilla/5.0 (Macintosh; Intel Mac OS X 10_15_7) AppleWebKit/537.36 (KHTML, like Gecko) Chrome/107.0.0.0 Safari/537.36" "metrocrimedaily.com"
51.222.253.2 - - [05/Jan/2023:17:37:36 -0800] "GET /instagram-chicago/01-05-2023-1322322-Cardiologist-explains-what-happens-during-recover.txt HTTP/1.1" 200 299 "-" "Mozilla/5.0 (compatible; AhrefsBot/7.0; +http://ahrefs.com/robot/)" "metrocrimedaily.com"
51.222.253.4 - - [05/Jan/2023:17:41:15 -0800] "GET /instagram-chicago/01-05-2023-1322323-Highland-Park-survivors-to-lobby-lawmakers-on-IL-.txt HTTP/1.1" 200 899 "-" "Mozilla/5.0 (compatible; AhrefsBot/7.0; +http://ahrefs.com/robot/)" "metrocrimedaily.com"
69.63.184.2 - - [05/Jan/2023:17:43:23 -0800] "GET /instagram-losangeles/01-05-2023-1927312-A.jpg HTTP/1.1" 200 191937 "-" "facebookexternalhit/1.1 (+http://www.facebook.com/externalhit_uatext.php)" "www.metrocrimedaily.com"
51.222.253.18 - - [05/Jan/2023:17:45:11 -0800] "GET /instagram-chicago/01-05-2023-1322324-Affidavit-links-Kohberger-DNA--cell-records-in-Id.txt HTTP/1.1" 200 1060 "-" "Mozilla/5.0 (compatible; AhrefsBot/7.0; +http://ahrefs.com/robot/)" "metrocrimedaily.com"
69.63.184.118 - - [05/Jan/2023:17:46:49 -0800] "GET /instagram-chicago/01-05-2023-1930502-A.jpg HTTP/1.1" 200 226634 "-" "facebookexternalhit/1.1 (+http://www.facebook.com/externalhit_uatext.php)" "www.metrocrimedaily.com"
51.222.253.6 - - [05/Jan/2023:17:49:09 -0800] "GET /instagram-houston/post-later/?C=M;O=D HTTP/1.1" 200 2482 "-" "Mozilla/5.0 (compatible; AhrefsBot/7.0; +http://ahrefs.com/robot/)" "metrocrimedaily.com"
51.222.253.11 - - [05/Jan/2023:17:53:30 -0800] "GET /instagram-houston/post-later/?C=S;O=D HTTP/1.1" 200 2541 "-" "Mozilla/5.0 (compatible; AhrefsBot/7.0; +http://ahrefs.com/robot/)" "metrocrimedaily.com"
69.63.184.4 - - [05/Jan/2023:17:53:32 -0800] "GET /instagram-miami/01-05-2023-1953131-A.jpg HTTP/1.1" 200 117583 "-" "facebookexternalhit/1.1 (+http://www.facebook.com/externalhit_uatext.php)" "www.metrocrimedaily.com"
157.55.39.33 - - [05/Jan/2023:17:55:50 -0800] "GET /instagram-dallas/11-26-2022-1253281-Serbia-Charged-Over-Locker-Room-Kosovo-Flag-at-20.txt HTTP/1.1" 404 88 "-" "Mozilla/5.0 (compatible; bingbot/2.0; +http://www.bing.com/bingbot.htm)" "www.metrocrimedaily.com"
69.63.184.117 - - [05/Jan/2023:17:56:20 -0800] "GET /instagram-neworleans/01-05-2023-1956001-A.jpg HTTP/1.1" 200 94342 "-" "facebookexternalhit/1.1 (+http://www.facebook.com/externalhit_uatext.php)" "www.metrocrimedaily.com"
69.63.184.111 - - [05/Jan/2023:17:56:24 -0800] "GET /instagram-atlanta/01-05-2023-1956021-A.jpg HTTP/1.1" 200 199801 "-" "facebookexternalhit/1.1 (+http://www.facebook.com/externalhit_uatext.php)" "www.metrocrimedaily.com"
69.63.184.118 - - [05/Jan/2023:17:56:47 -0800] "GET /instagram-dallas/01-05-2023-1956271-A.jpg HTTP/1.1" 200 222503 "-" "facebookexternalhit/1.1 (+http://www.facebook.com/externalhit_uatext.php)" "www.metrocrimedaily.com"
51.222.253.8 - - [05/Jan/2023:17:57:39 -0800] "GET /instagram-houston/01-04-2023-2348373-Suspect-in-custody-after-leading-deputies-on-high.txt HTTP/1.1" 200 201 "-" "Mozilla/5.0 (compatible; AhrefsBot/7.0; +http://ahrefs.com/robot/)" "metrocrimedaily.com"
51.222.253.12 - - [05/Jan/2023:18:01:32 -0800] "GET /instagram-houston/01-04-2023-2348374-Grandparents-stand-with-AJ-Armstrong-ahead-of-thi.txt HTTP/1.1" 200 49 "-" "Mozilla/5.0 (compatible; AhrefsBot/7.0; +http://ahrefs.com/robot/)" "metrocrimedaily.com"
69.63.184.4 - - [05/Jan/2023:18:02:23 -0800] "GET /instagram-chicago/01-05-2023-1930503-A.jpg HTTP/1.1" 200 208454 "-" "facebookexternalhit/1.1 (+http://www.facebook.com/externalhit_uatext.php)" "www.metrocrimedaily.com"
69.63.184.117 - - [05/Jan/2023:18:05:18 -0800] "GET /instagram-houston/01-05-2023-2004591-A.jpg HTTP/1.1" 200 74110 "-" "facebookexternalhit/1.1 (+http://www.facebook.com/externalhit_uatext.php)" "www.metrocrimedaily.com"
51.222.253.18 - - [05/Jan/2023:18:05:31 -0800] "GET /instagram-houston/01-05-2023-0528371-Man-accused-of-fatally-shooting-Migos-rapper-Take.txt HTTP/1.1" 200 1171 "-" "Mozilla/5.0 (compatible; AhrefsBot/7.0; +http://ahrefs.com/robot/)" "metrocrimedaily.com"
76.184.252.42 - - [05/Jan/2023:18:05:31 -0800] "GET /images/police-tape.jpg HTTP/1.1" 200 50766 "-" "Wget/1.20.3 (mingw32)" "metrocrimedaily.com"
69.63.184.118 - - [05/Jan/2023:18:05:41 -0800] "GET /instagram-detroit/01-05-2023-2005201-A.jpg HTTP/1.1" 200 52505 "-" "facebookexternalhit/1.1 (+http://www.facebook.com/externalhit_uatext.php)" "www.metrocrimedaily.com"
51.222.253.17 - - [05/Jan/2023:18:09:41 -0800] "GET /instagram-houston/01-05-2023-0722481-Prince-Harry-says-William-physically-attacked-him.txt HTTP/1.1" 200 1133 "-" "Mozilla/5.0 (compatible; AhrefsBot/7.0; +http://ahrefs.com/robot/)" "metrocrimedaily.com"
69.63.184.1 - - [05/Jan/2023:18:11:52 -0800] "GET /instagram-neworleans/01-05-2023-1956002-A.jpg HTTP/1.1" 200 201070 "-" "facebookexternalhit/1.1 (+http://www.facebook.com/externalhit_uatext.php)" "www.metrocrimedaily.com"
69.63.184.5 - - [05/Jan/2023:18:11:57 -0800] "GET /instagram-atlanta/01-05-2023-1956022-A.jpg HTTP/1.1" 200 133141 "-" "facebookexternalhit/1.1 (+http://www.facebook.com/externalhit_uatext.php)" "www.metrocrimedaily.com"
69.63.184.2 - - [05/Jan/2023:18:12:19 -0800] "GET /instagram-dallas/01-05-2023-1956272-A.jpg HTTP/1.1" 200 300072 "-" "facebookexternalhit/1.1 (+http://www.facebook.com/externalhit_uatext.php)" "www.metrocrimedaily.com"
69.63.184.117 - - [05/Jan/2023:18:12:25 -0800] "GET /instagram-atlanta/01-05-2023-1956023-A.jpg HTTP/1.1" 200 113218 "-" "facebookexternalhit/1.1 (+http://www.facebook.com/externalhit_uatext.php)" "www.metrocrimedaily.com"
69.63.184.4 - - [05/Jan/2023:18:12:53 -0800] "GET /instagram-atlanta/01-05-2023-1956024-A.jpg HTTP/1.1" 200 121602 "-" "facebookexternalhit/1.1 (+http://www.facebook.com/externalhit_uatext.php)" "www.metrocrimedaily.com"
69.63.184.120 - - [05/Jan/2023:18:13:21 -0800] "GET /instagram-atlanta/01-05-2023-1956025-A.jpg HTTP/1.1" 200 92327 "-" "facebookexternalhit/1.1 (+http://www.facebook.com/externalhit_uatext.php)" "www.metrocrimedaily.com"
51.222.253.6 - - [05/Jan/2023:18:14:02 -0800] "GET /robots.txt HTTP/1.1" 404 88 "-" "Mozilla/5.0 (compatible; AhrefsBot/7.0; +http://ahrefs.com/robot/)" "www.metrocrimedaily.com"
51.222.253.2 - - [05/Jan/2023:18:14:04 -0800] "GET /instagram-dallas/?C=D;O=A HTTP/1.1" 200 2615 "-" "Mozilla/5.0 (compatible; AhrefsBot/7.0; +http://ahrefs.com/robot/)" "www.metrocrimedaily.com"
51.222.253.14 - - [05/Jan/2023:18:16:01 -0800] "GET /instagram-chicago/?C=S;O=D HTTP/1.1" 200 3528 "-" "Mozilla/5.0 (compatible; AhrefsBot/7.0; +http://ahrefs.com/robot/)" "metrocrimedaily.com"
73.18.233.246 - - [05/Jan/2023:18:17:41 -0800] "GET / HTTP/1.1" 200 33045 "-" "Mozilla/5.0 (iPhone; CPU iPhone OS 16_1_1 like Mac OS X) AppleWebKit/605.1.15 (KHTML, like Gecko) Version/16.1 Mobile/15E148 Safari/604.1" "www.metrocrimedaily.com"
69.63.184.120 - - [05/Jan/2023:18:17:58 -0800] "GET /instagram-chicago/01-05-2023-1930504-A.jpg HTTP/1.1" 200 400539 "-" "facebookexternalhit/1.1 (+http://www.facebook.com/externalhit_uatext.php)" "www.metrocrimedaily.com"
51.222.253.2 - - [05/Jan/2023:18:18:12 -0800] "GET /instagram-dallas/?C=M;O=A HTTP/1.1" 200 2617 "-" "Mozilla/5.0 (compatible; AhrefsBot/7.0; +http://ahrefs.com/robot/)" "www.metrocrimedaily.com"
51.222.253.16 - - [05/Jan/2023:18:20:42 -0800] "GET /instagram-dallas/?C=S;O=A HTTP/1.1" 200 2656 "-" "Mozilla/5.0 (compatible; AhrefsBot/7.0; +http://ahrefs.com/robot/)" "www.metrocrimedaily.com"
69.63.184.3 - - [05/Jan/2023:18:20:51 -0800] "GET /instagram-houston/01-05-2023-2004592-A.jpg HTTP/1.1" 200 206856 "-" "facebookexternalhit/1.1 (+http://www.facebook.com/externalhit_uatext.php)" "www.metrocrimedaily.com"
69.63.184.118 - - [05/Jan/2023:18:21:11 -0800] "GET /instagram-detroit/01-05-2023-2005202-A.jpg HTTP/1.1" 200 266298 "-" "facebookexternalhit/1.1 (+http://www.facebook.com/externalhit_uatext.php)" "www.metrocrimedaily.com"
69.63.184.3 - - [05/Jan/2023:18:21:26 -0800] "GET /instagram-stlouis/01-05-2023-2021061-A.jpg HTTP/1.1" 200 138820 "-" "facebookexternalhit/1.1 (+http://www.facebook.com/externalhit_uatext.php)" "www.metrocrimedaily.com"
69.63.184.116 - - [05/Jan/2023:18:22:06 -0800] "GET /instagram-newyork/01-05-2023-2021471-A.jpg HTTP/1.1" 200 59319 "-" "facebookexternalhit/1.1 (+http://www.facebook.com/externalhit_uatext.php)" "www.metrocrimedaily.com"
51.222.253.9 - - [05/Jan/2023:18:22:57 -0800] "GET /instagram-chicago/videos/ HTTP/1.1" 200 504 "-" "Mozilla/5.0 (compatible; AhrefsBot/7.0; +http://ahrefs.com/robot/)" "metrocrimedaily.com"
51.222.253.7 - - [05/Jan/2023:18:25:16 -0800] "GET /instagram-atlanta/01-05-2023-0056511-Convicted-felon-who-fired-gun-at-TSA-checkpoint-p.txt HTTP/1.1" 200 1060 "-" "Mozilla/5.0 (compatible; AhrefsBot/7.0; +http://ahrefs.com/robot/)" "metrocrimedaily.com"
69.63.184.5 - - [05/Jan/2023:18:27:24 -0800] "GET /instagram-neworleans/01-05-2023-1956003-A.jpg HTTP/1.1" 200 157179 "-" "facebookexternalhit/1.1 (+http://www.facebook.com/externalhit_uatext.php)" "www.metrocrimedaily.com"
51.222.253.13 - - [05/Jan/2023:18:27:26 -0800] "GET /instagram-atlanta/01-05-2023-0548211-Suspect-in-Migos-rapper-Takeoff-s-murder-released.txt HTTP/1.1" 200 1116 "-" "Mozilla/5.0 (compatible; AhrefsBot/7.0; +http://ahrefs.com/robot/)" "metrocrimedaily.com"
69.63.184.117 - - [05/Jan/2023:18:27:54 -0800] "GET /instagram-dallas/01-05-2023-1956273-A.jpg HTTP/1.1" 200 128464 "-" "facebookexternalhit/1.1 (+http://www.facebook.com/externalhit_uatext.php)" "www.metrocrimedaily.com"
51.222.253.16 - - [05/Jan/2023:18:29:42 -0800] "GET /instagram-atlanta/01-05-2023-0548212-Fourth-most-wanted-fugitive-in-Clayton-County-arr.txt HTTP/1.1" 200 53 "-" "Mozilla/5.0 (compatible; AhrefsBot/7.0; +http://ahrefs.com/robot/)" "metrocrimedaily.com"
51.222.253.1 - - [05/Jan/2023:18:31:55 -0800] "GET /instagram-atlanta/01-05-2023-0730511-Police--Missing-75-year-old-Roswell-man-with-deme.txt HTTP/1.1" 200 424 "-" "Mozilla/5.0 (compatible; AhrefsBot/7.0; +http://ahrefs.com/robot/)" "metrocrimedaily.com"
157.55.39.44 - - [05/Jan/2023:18:33:06 -0800] "GET /instagram-dallas/11-26-2022-1358421-Shooting-victim-drives-to-Fort-Worth-hospital-aft.txt HTTP/1.1" 404 88 "-" "Mozilla/5.0 AppleWebKit/537.36 (KHTML, like Gecko; compatible; bingbot/2.0; +http://www.bing.com/bingbot.htm) Chrome/103.0.5060.134 Safari/537.36" "www.metrocrimedaily.com"
69.63.184.116 - - [05/Jan/2023:18:33:31 -0800] "GET /instagram-chicago/01-05-2023-1930505-A.jpg HTTP/1.1" 200 231590 "-" "facebookexternalhit/1.1 (+http://www.facebook.com/externalhit_uatext.php)" "www.metrocrimedaily.com"
51.222.253.4 - - [05/Jan/2023:18:34:24 -0800] "GET /instagram-atlanta/01-05-2023-0730512-Man-charged-with-Atlanta-rapper-Takeoff---s-murde.txt HTTP/1.1" 200 57 "-" "Mozilla/5.0 (compatible; AhrefsBot/7.0; +http://ahrefs.com/robot/)" "metrocrimedaily.com"
69.63.184.3 - - [05/Jan/2023:18:36:19 -0800] "GET /instagram-houston/01-05-2023-2004593-A.jpg HTTP/1.1" 200 58820 "-" "facebookexternalhit/1.1 (+http://www.facebook.com/externalhit_uatext.php)" "www.metrocrimedaily.com"
76.184.252.42 - - [05/Jan/2023:18:36:33 -0800] "GET /images/police-tape.jpg HTTP/1.1" 200 50766 "-" "Wget/1.20.3 (mingw32)" "metrocrimedaily.com"
51.222.253.17 - - [05/Jan/2023:18:36:41 -0800] "GET /instagram-atlanta/01-05-2023-0917441-Man-arrested-for-allegedly-shooting-into-car--kil.txt HTTP/1.1" 200 405 "-" "Mozilla/5.0 (compatible; AhrefsBot/7.0; +http://ahrefs.com/robot/)" "metrocrimedaily.com"
69.63.184.118 - - [05/Jan/2023:18:36:43 -0800] "GET /instagram-detroit/01-05-2023-2005203-A.jpg HTTP/1.1" 200 55246 "-" "facebookexternalhit/1.1 (+http://www.facebook.com/externalhit_uatext.php)" "www.metrocrimedaily.com"
69.63.184.2 - - [05/Jan/2023:18:36:59 -0800] "GET /instagram-stlouis/01-05-2023-2021062-A.jpg HTTP/1.1" 200 204542 "-" "facebookexternalhit/1.1 (+http://www.facebook.com/externalhit_uatext.php)" "www.metrocrimedaily.com"
69.63.184.118 - - [05/Jan/2023:18:37:28 -0800] "GET /instagram-stlouis/01-05-2023-2021063-A.jpg HTTP/1.1" 200 296725 "-" "facebookexternalhit/1.1 (+http://www.facebook.com/externalhit_uatext.php)" "www.metrocrimedaily.com"
69.63.184.120 - - [05/Jan/2023:18:37:57 -0800] "GET /instagram-stlouis/01-05-2023-2021064-A.jpg HTTP/1.1" 200 209054 "-" "facebookexternalhit/1.1 (+http://www.facebook.com/externalhit_uatext.php)" "www.metrocrimedaily.com"
69.63.184.120 - - [05/Jan/2023:18:38:24 -0800] "GET /instagram-stlouis/01-05-2023-2021065-A.jpg HTTP/1.1" 200 517813 "-" "facebookexternalhit/1.1 (+http://www.facebook.com/externalhit_uatext.php)" "www.metrocrimedaily.com"
69.63.184.118 - - [05/Jan/2023:18:38:41 -0800] "GET /instagram-losangeles/01-05-2023-2038221-A.jpg HTTP/1.1" 200 278551 "-" "facebookexternalhit/1.1 (+http://www.facebook.com/externalhit_uatext.php)" "www.metrocrimedaily.com"
69.63.184.119 - - [05/Jan/2023:18:38:53 -0800] "GET /instagram-stlouis/01-05-2023-2021066-A.jpg HTTP/1.1" 200 229897 "-" "facebookexternalhit/1.1 (+http://www.facebook.com/externalhit_uatext.php)" "www.metrocrimedaily.com"
51.222.253.14 - - [05/Jan/2023:18:39:06 -0800] "GET /instagram-atlanta/01-05-2023-0917442-Georgia-man-living-in-tent-in-woods-shot-by-deput.txt HTTP/1.1" 200 482 "-" "Mozilla/5.0 (compatible; AhrefsBot/7.0; +http://ahrefs.com/robot/)" "metrocrimedaily.com"
51.222.253.19 - - [05/Jan/2023:18:41:18 -0800] "GET /instagram-atlanta/01-05-2023-0917443-3-arrested-for-stolen-machine-gun--hundreds-of-ox.txt HTTP/1.1" 200 716 "-" "Mozilla/5.0 (compatible; AhrefsBot/7.0; +http://ahrefs.com/robot/)" "metrocrimedaily.com"
51.222.253.5 - - [05/Jan/2023:18:43:39 -0800] "GET /instagram-atlanta/01-05-2023-1132411-Quavo-pays-tribute-to-Takeoff-in-1st-song-since-M.txt HTTP/1.1" 200 1134 "-" "Mozilla/5.0 (compatible; AhrefsBot/7.0; +http://ahrefs.com/robot/)" "metrocrimedaily.com"
51.222.253.4 - - [05/Jan/2023:18:46:02 -0800] "GET /instagram-atlanta/01-05-2023-1132412-Toddler--teen-driver--others-killed-across-Northe.txt HTTP/1.1" 200 1138 "-" "Mozilla/5.0 (compatible; AhrefsBot/7.0; +http://ahrefs.com/robot/)" "metrocrimedaily.com"
73.18.233.246 - - [05/Jan/2023:18:45:59 -0800] "GET / HTTP/1.1" 200 33560 "-" "Mozilla/5.0 (iPhone; CPU iPhone OS 16_1_1 like Mac OS X) AppleWebKit/605.1.15 (KHTML, like Gecko) Version/16.1 Mobile/15E148 Safari/604.1" "www.metrocrimedaily.com"
51.222.253.9 - - [05/Jan/2023:18:48:21 -0800] "GET /instagram-atlanta/01-05-2023-1132413-Man-shot-while-pumping-gas-at-DeKalb-County-gas-s.txt HTTP/1.1" 200 57 "-" "Mozilla/5.0 (compatible; AhrefsBot/7.0; +http://ahrefs.com/robot/)" "metrocrimedaily.com"
157.55.39.44 - - [05/Jan/2023:18:48:47 -0800] "GET /instagram-chicago/11-18-2022-1616163-AG-Merrick-Garland-Names-Special-Counsel-to-Lead-.txt HTTP/1.1" 404 88 "-" "Mozilla/5.0 AppleWebKit/537.36 (KHTML, like Gecko; compatible; bingbot/2.0; +http://www.bing.com/bingbot.htm) Chrome/103.0.5060.134 Safari/537.36" "www.metrocrimedaily.com"
69.63.184.118 - - [05/Jan/2023:18:49:03 -0800] "GET /instagram-chicago/01-05-2023-1930506-A.jpg HTTP/1.1" 200 77165 "-" "facebookexternalhit/1.1 (+http://www.facebook.com/externalhit_uatext.php)" "www.metrocrimedaily.com"
51.222.253.19 - - [05/Jan/2023:18:50:50 -0800] "GET /instagram-atlanta/01-05-2023-1323031-22-years-later--Georgia-man-awaiting-retrial-for-.txt HTTP/1.1" 200 53 "-" "Mozilla/5.0 (compatible; AhrefsBot/7.0; +http://ahrefs.com/robot/)" "metrocrimedaily.com"
69.63.184.119 - - [05/Jan/2023:18:51:46 -0800] "GET /instagram-houston/01-05-2023-2004594-A.jpg HTTP/1.1" 200 180113 "-" "facebookexternalhit/1.1 (+http://www.facebook.com/externalhit_uatext.php)" "www.metrocrimedaily.com"
51.222.253.16 - - [05/Jan/2023:18:52:54 -0800] "GET /instagram-atlanta/01-05-2023-1323032-Idaho-murders--Roommate-saw-masked-man-night-of-k.txt HTTP/1.1" 200 1015 "-" "Mozilla/5.0 (compatible; AhrefsBot/7.0; +http://ahrefs.com/robot/)" "metrocrimedaily.com"
68.48.110.142 - - [05/Jan/2023:18:53:38 -0800] "GET / HTTP/1.1" 200 33560 "https://www.google.com/" "Mozilla/5.0 (Linux; Android 12; SM-A326U) AppleWebKit/537.36 (KHTML, like Gecko) Chrome/108.0.0.0 Mobile Safari/537.36" "www.metrocrimedaily.com"
68.48.110.142 - - [05/Jan/2023:18:53:39 -0800] "GET /styles-mcd.css HTTP/1.1" 200 1159 "http://www.metrocrimedaily.com/" "Mozilla/5.0 (Linux; Android 12; SM-A326U) AppleWebKit/537.36 (KHTML, like Gecko) Chrome/108.0.0.0 Mobile Safari/537.36" "www.metrocrimedaily.com"
69.63.184.120 - - [05/Jan/2023:18:54:13 -0800] "GET /instagram-losangeles/01-05-2023-2038222-A.jpg HTTP/1.1" 200 433450 "-" "facebookexternalhit/1.1 (+http://www.facebook.com/externalhit_uatext.php)" "www.metrocrimedaily.com"
51.222.253.18 - - [05/Jan/2023:18:54:49 -0800] "GET /instagram-atlanta/01-05-2023-1323033-Man-convicted-of-child-molestation-after-victim-r.txt HTTP/1.1" 200 778 "-" "Mozilla/5.0 (compatible; AhrefsBot/7.0; +http://ahrefs.com/robot/)" "metrocrimedaily.com"
69.63.184.119 - - [05/Jan/2023:18:55:55 -0800] "GET /instagram-atlanta/01-05-2023-2055341-A.jpg HTTP/1.1" 200 131153 "-" "facebookexternalhit/1.1 (+http://www.facebook.com/externalhit_uatext.php)" "www.metrocrimedaily.com"
69.63.184.5 - - [05/Jan/2023:18:56:23 -0800] "GET /instagram-atlanta/01-05-2023-2055342-A.jpg HTTP/1.1" 200 154452 "-" "facebookexternalhit/1.1 (+http://www.facebook.com/externalhit_uatext.php)" "www.metrocrimedaily.com"
51.222.253.14 - - [05/Jan/2023:18:56:53 -0800] "GET /instagram-atlanta/01-05-2023-1323034-New-court-documents-lay-out-case-against-Bryan-Ko.txt HTTP/1.1" 200 1007 "-" "Mozilla/5.0 (compatible; AhrefsBot/7.0; +http://ahrefs.com/robot/)" "metrocrimedaily.com"
51.222.253.6 - - [05/Jan/2023:18:58:55 -0800] "GET /instagram-atlanta/01-05-2023-1323035-Georgia-New-Year-s-traffic-stats-released--18-kil.txt HTTP/1.1" 200 635 "-" "Mozilla/5.0 (compatible; AhrefsBot/7.0; +http://ahrefs.com/robot/)" "metrocrimedaily.com"
51.222.253.1 - - [05/Jan/2023:19:00:55 -0800] "GET /instagram-atlanta/01-05-2023-1532201-BOLO-issued-for-missing-woman--Clayton-County-pol.txt HTTP/1.1" 200 338 "-" "Mozilla/5.0 (compatible; AhrefsBot/7.0; +http://ahrefs.com/robot/)" "metrocrimedaily.com"
51.222.253.17 - - [05/Jan/2023:19:02:54 -0800] "GET /instagram-atlanta/01-05-2023-1532202-Read-the-full-affidavit-outlining-the-case-agains.txt HTTP/1.1" 200 1064 "-" "Mozilla/5.0 (compatible; AhrefsBot/7.0; +http://ahrefs.com/robot/)" "metrocrimedaily.com"
69.63.184.3 - - [05/Jan/2023:19:04:34 -0800] "GET /instagram-chicago/01-05-2023-1930507-A.jpg HTTP/1.1" 200 103797 "-" "facebookexternalhit/1.1 (+http://www.facebook.com/externalhit_uatext.php)" "www.metrocrimedaily.com"
69.63.184.118 - - [05/Jan/2023:19:05:04 -0800] "GET /instagram-chicago/01-05-2023-1930508-A.jpg HTTP/1.1" 200 106188 "-" "facebookexternalhit/1.1 (+http://www.facebook.com/externalhit_uatext.php)" "www.metrocrimedaily.com"
51.222.253.10 - - [05/Jan/2023:19:05:07 -0800] "GET /instagram-atlanta/01-05-2023-1656351-Father-of-9-year-old-killed-in-hit-and-run-devast.txt HTTP/1.1" 200 727 "-" "Mozilla/5.0 (compatible; AhrefsBot/7.0; +http://ahrefs.com/robot/)" "metrocrimedaily.com"
51.222.253.17 - - [05/Jan/2023:19:06:55 -0800] "GET /instagram-atlanta/01-05-2023-1656352-New-video-of-Christmas-Eve-homicide-suspect-.txt HTTP/1.1" 200 53 "-" "Mozilla/5.0 (compatible; AhrefsBot/7.0; +http://ahrefs.com/robot/)" "metrocrimedaily.com"
69.63.184.2 - - [05/Jan/2023:19:07:19 -0800] "GET /instagram-houston/01-05-2023-2004595-A.jpg HTTP/1.1" 200 187604 "-" "facebookexternalhit/1.1 (+http://www.facebook.com/externalhit_uatext.php)" "www.metrocrimedaily.com"
51.222.253.18 - - [05/Jan/2023:19:09:05 -0800] "GET /instagram-atlanta/01-05-2023-1656353-Bryan-Kohberger-s-phone-pinged-at-Idaho-murder-sc.txt HTTP/1.1" 200 1020 "-" "Mozilla/5.0 (compatible; AhrefsBot/7.0; +http://ahrefs.com/robot/)" "metrocrimedaily.com"
69.63.184.118 - - [05/Jan/2023:19:10:34 -0800] "GET /instagram-newyork/01-05-2023-2110141-A.jpg HTTP/1.1" 200 79485 "-" "facebookexternalhit/1.1 (+http://www.facebook.com/externalhit_uatext.php)" "www.metrocrimedaily.com"
51.222.253.6 - - [05/Jan/2023:19:11:15 -0800] "GET /instagram-dallas/01-04-2023-1059591-Dallas-police--Man-goes-into-cardiac-arrest-while.txt HTTP/1.1" 200 695 "-" "Mozilla/5.0 (compatible; AhrefsBot/7.0; +http://ahrefs.com/robot/)" "www.metrocrimedaily.com"
66.249.70.118 - - [05/Jan/2023:19:12:26 -0800] "GET /robots.txt HTTP/1.1" 404 88 "-" "Mozilla/5.0 (compatible; Googlebot/2.1; +http://www.google.com/bot.html)" "www.metrocrimedaily.com"
51.222.253.15 - - [05/Jan/2023:19:13:17 -0800] "GET /instagram-dallas/01-04-2023-1208461-Richland-Hills-police-to-talk-more-on-deceased-bo.txt HTTP/1.1" 200 49 "-" "Mozilla/5.0 (compatible; AhrefsBot/7.0; +http://ahrefs.com/robot/)" "www.metrocrimedaily.com"
51.222.253.18 - - [05/Jan/2023:19:15:30 -0800] "GET /instagram-dallas/01-04-2023-1208462-Idaho-murders--Process-underway-to-bring-suspect-.txt HTTP/1.1" 200 921 "-" "Mozilla/5.0 (compatible; AhrefsBot/7.0; +http://ahrefs.com/robot/)" "www.metrocrimedaily.com"
51.222.253.4 - - [05/Jan/2023:19:17:27 -0800] "GET /instagram-dallas/01-04-2023-1208463-Inmates-allege-Texas-plans-to-use-unsafe-executio.txt HTTP/1.1" 200 1133 "-" "Mozilla/5.0 (compatible; AhrefsBot/7.0; +http://ahrefs.com/robot/)" "www.metrocrimedaily.com"
51.222.253.10 - - [05/Jan/2023:19:19:39 -0800] "GET /instagram-dallas/01-04-2023-1338591-Man-shot--car-stolen-during-meet-up-for-online-sa.txt HTTP/1.1" 200 49 "-" "Mozilla/5.0 (compatible; AhrefsBot/7.0; +http://ahrefs.com/robot/)" "www.metrocrimedaily.com"
51.222.253.20 - - [05/Jan/2023:19:21:39 -0800] "GET /instagram-dallas/01-04-2023-1338592-Suspect-in-Idaho-Killings-No-Longer-in-Pa.-Jail-A.txt HTTP/1.1" 200 951 "-" "Mozilla/5.0 (compatible; AhrefsBot/7.0; +http://ahrefs.com/robot/)" "www.metrocrimedaily.com"
69.63.184.120 - - [05/Jan/2023:19:21:59 -0800] "GET /instagram-neworleans/01-05-2023-2121381-A.jpg HTTP/1.1" 200 512480 "-" "facebookexternalhit/1.1 (+http://www.facebook.com/externalhit_uatext.php)" "www.metrocrimedaily.com"
69.63.184.120 - - [05/Jan/2023:19:22:50 -0800] "GET /instagram-houston/01-05-2023-2004596-A.jpg HTTP/1.1" 200 148538 "-" "facebookexternalhit/1.1 (+http://www.facebook.com/externalhit_uatext.php)" "www.metrocrimedaily.com"
51.222.253.12 - - [05/Jan/2023:19:23:35 -0800] "GET /instagram-dallas/01-04-2023-1453331-Report--Reyna-Family-Messages-Spark-Probe-Into-US.txt HTTP/1.1" 200 1057 "-" "Mozilla/5.0 (compatible; AhrefsBot/7.0; +http://ahrefs.com/robot/)" "www.metrocrimedaily.com"
69.63.184.4 - - [05/Jan/2023:19:23:38 -0800] "GET /instagram-dallas/01-05-2023-2123151-A.jpg HTTP/1.1" 200 128458 "-" "facebookexternalhit/1.1 (+http://www.facebook.com/externalhit_uatext.php)" "www.metrocrimedaily.com"
51.222.253.18 - - [05/Jan/2023:19:25:56 -0800] "GET /instagram-dallas/01-04-2023-1555091-Man-admits-to-shooting--killing-22-year-old-at-Ro.txt HTTP/1.1" 200 474 "-" "Mozilla/5.0 (compatible; AhrefsBot/7.0; +http://ahrefs.com/robot/)" "www.metrocrimedaily.com"
51.222.253.12 - - [05/Jan/2023:19:28:01 -0800] "GET /instagram-dallas/01-04-2023-1555092-Attorney-General-Paxton-enters-settlement-with-JU.txt HTTP/1.1" 200 724 "-" "Mozilla/5.0 (compatible; AhrefsBot/7.0; +http://ahrefs.com/robot/)" "www.metrocrimedaily.com"
51.222.253.15 - - [05/Jan/2023:19:30:16 -0800] "GET /instagram-dallas/01-04-2023-1712241-Suspect-tear-gassed--arrested-after-hours-long-st.txt HTTP/1.1" 200 49 "-" "Mozilla/5.0 (compatible; AhrefsBot/7.0; +http://ahrefs.com/robot/)" "www.metrocrimedaily.com"
51.222.253.11 - - [05/Jan/2023:19:32:32 -0800] "GET /instagram-dallas/01-04-2023-1712242-Trackdown--Help-find-Eddie-Lopez-s-killer-.txt HTTP/1.1" 200 1001 "-" "Mozilla/5.0 (compatible; AhrefsBot/7.0; +http://ahrefs.com/robot/)" "www.metrocrimedaily.com"
69.63.184.1 - - [05/Jan/2023:19:32:56 -0800] "GET /instagram-detroit/01-05-2023-2132341-A.jpg HTTP/1.1" 200 90388 "-" "facebookexternalhit/1.1 (+http://www.facebook.com/externalhit_uatext.php)" "www.metrocrimedaily.com"
69.63.184.117 - - [05/Jan/2023:19:32:57 -0800] "GET /instagram-miami/01-05-2023-2132051-A.jpg HTTP/1.1" 200 223286 "-" "facebookexternalhit/1.1 (+http://www.facebook.com/externalhit_uatext.php)" "www.metrocrimedaily.com"
51.222.253.13 - - [05/Jan/2023:19:34:54 -0800] "GET /instagram-dallas/01-04-2023-1833331-Idaho-murders-suspect-Bryan-Kohberger-s-dad-menti.txt HTTP/1.1" 200 975 "-" "Mozilla/5.0 (compatible; AhrefsBot/7.0; +http://ahrefs.com/robot/)" "www.metrocrimedaily.com"
69.63.184.5 - - [05/Jan/2023:19:37:15 -0800] "GET /instagram-atlanta/01-05-2023-2136531-A.jpg HTTP/1.1" 200 278672 "-" "facebookexternalhit/1.1 (+http://www.facebook.com/externalhit_uatext.php)" "www.metrocrimedaily.com"
51.222.253.3 - - [05/Jan/2023:19:37:23 -0800] "GET /instagram-dallas/01-04-2023-1833332-Grapevine-Police-Searching-for-Drivers-Behind-New.txt HTTP/1.1" 200 669 "-" "Mozilla/5.0 (compatible; AhrefsBot/7.0; +http://ahrefs.com/robot/)" "www.metrocrimedaily.com"
69.63.184.120 - - [05/Jan/2023:19:37:30 -0800] "GET /instagram-neworleans/01-05-2023-2121382-A.jpg HTTP/1.1" 200 109954 "-" "facebookexternalhit/1.1 (+http://www.facebook.com/externalhit_uatext.php)" "www.metrocrimedaily.com"
69.63.184.5 - - [05/Jan/2023:19:37:58 -0800] "GET /instagram-neworleans/01-05-2023-2121383-A.jpg HTTP/1.1" 200 568913 "-" "facebookexternalhit/1.1 (+http://www.facebook.com/externalhit_uatext.php)" "www.metrocrimedaily.com"
69.63.184.5 - - [05/Jan/2023:19:38:23 -0800] "GET /instagram-houston/01-05-2023-2004597-A.jpg HTTP/1.1" 200 79029 "-" "facebookexternalhit/1.1 (+http://www.facebook.com/externalhit_uatext.php)" "www.metrocrimedaily.com"
69.63.184.1 - - [05/Jan/2023:19:38:27 -0800] "GET /instagram-neworleans/01-05-2023-2121384-A.jpg HTTP/1.1" 200 246802 "-" "facebookexternalhit/1.1 (+http://www.facebook.com/externalhit_uatext.php)" "www.metrocrimedaily.com"
157.55.39.44 - - [05/Jan/2023:19:39:02 -0800] "GET /instagram-dallas/11-22-2022-1002392-Kim-Jong-Un---s-Sister-Warns-US-of-a----More-Fata.txt HTTP/1.1" 404 88 "-" "Mozilla/5.0 (compatible; bingbot/2.0; +http://www.bing.com/bingbot.htm)" "www.metrocrimedaily.com"
69.63.184.2 - - [05/Jan/2023:19:39:13 -0800] "GET /instagram-dallas/01-05-2023-2123152-A.jpg HTTP/1.1" 200 196275 "-" "facebookexternalhit/1.1 (+http://www.facebook.com/externalhit_uatext.php)" "www.metrocrimedaily.com"
51.222.253.18 - - [05/Jan/2023:19:39:41 -0800] "GET /instagram-dallas/01-04-2023-1950221-The-Best-of-CES-2023-So-Far--Wireless-TV--Deliver.txt HTTP/1.1" 200 1215 "-" "Mozilla/5.0 (compatible; AhrefsBot/7.0; +http://ahrefs.com/robot/)" "www.metrocrimedaily.com"
157.55.39.64 - - [05/Jan/2023:19:41:31 -0800] "GET /instagram-dallas/11-25-2022-1857002-Japan-investigators-raid-Dentsu-in-widening-Olymp.txt HTTP/1.1" 404 88 "-" "Mozilla/5.0 AppleWebKit/537.36 (KHTML, like Gecko; compatible; bingbot/2.0; +http://www.bing.com/bingbot.htm) Chrome/103.0.5060.134 Safari/537.36" "www.metrocrimedaily.com"
69.63.184.3 - - [05/Jan/2023:19:41:45 -0800] "GET /instagram-chicago/01-05-2023-2141221-A.jpg HTTP/1.1" 200 221429 "-" "facebookexternalhit/1.1 (+http://www.facebook.com/externalhit_uatext.php)" "www.metrocrimedaily.com"
51.222.253.3 - - [05/Jan/2023:19:41:51 -0800] "GET /instagram-dallas/01-04-2023-1950222-Suspect-arrested-after-hours-long-standoff-at-Dal.txt HTTP/1.1" 200 49 "-" "Mozilla/5.0 (compatible; AhrefsBot/7.0; +http://ahrefs.com/robot/)" "www.metrocrimedaily.com"
51.222.253.4 - - [05/Jan/2023:19:44:03 -0800] "GET /instagram-dallas/01-04-2023-1950223-18-wheeler-driver-killed-in-crash-on-635-.txt HTTP/1.1" 200 415 "-" "Mozilla/5.0 (compatible; AhrefsBot/7.0; +http://ahrefs.com/robot/)" "www.metrocrimedaily.com"
