174.236.39.31 - - [05/Jan/2023:11:51:55 -0800] "GET /images/police-tape.jpg HTTP/1.1" 304 - "http://www.metrocrimedaily.com/" "Mozilla/5.0 (iPhone; CPU iPhone OS 16_1_1 like Mac OS X) AppleWebKit/605.1.15 (KHTML, like Gecko) Version/16.1 Mobile/15E148 Safari/604.1" "metrocrimedaily.com"
69.63.184.116 - - [05/Jan/2023:11:52:29 -0800] "GET /instagram-memphis/01-05-2023-1250025-A.jpg HTTP/1.1" 200 232063 "-" "facebookexternalhit/1.1 (+http://www.facebook.com/externalhit_uatext.php)" "www.metrocrimedaily.com"
157.55.39.64 - - [05/Jan/2023:11:53:41 -0800] "GET /instagram-detroit/11-22-2022-0824091-Drugged-driving-suspected-after-pickup-truck-stri.txt HTTP/1.1" 404 88 "-" "Mozilla/5.0 AppleWebKit/537.36 (KHTML, like Gecko; compatible; bingbot/2.0; +http://www.bing.com/bingbot.htm) Chrome/103.0.5060.134 Safari/537.36" "www.metrocrimedaily.com"
69.63.184.4 - - [05/Jan/2023:11:54:02 -0800] "GET /instagram-chicago/01-05-2023-1322323-A.jpg HTTP/1.1" 200 177206 "-" "facebookexternalhit/1.1 (+http://www.facebook.com/externalhit_uatext.php)" "www.metrocrimedaily.com"
69.63.184.117 - - [05/Jan/2023:11:54:34 -0800] "GET /instagram-atlanta/01-05-2023-1323033-A.jpg HTTP/1.1" 200 184384 "-" "facebookexternalhit/1.1 (+http://www.facebook.com/externalhit_uatext.php)" "www.metrocrimedaily.com"
51.222.253.10 - - [05/Jan/2023:12:00:39 -0800] "GET /instagram-houston/01-04-2023-23483711-Man-held-on-$100-bond-for-misdemeanor-arrest-is-f.txt HTTP/1.1" 200 1126 "-" "Mozilla/5.0 (compatible; AhrefsBot/7.0; +http://ahrefs.com/robot/)" "metrocrimedaily.com"
69.63.184.120 - - [05/Jan/2023:12:02:08 -0800] "GET /instagram-stlouis/01-05-2023-1346152-A.jpg HTTP/1.1" 200 74317 "-" "facebookexternalhit/1.1 (+http://www.facebook.com/externalhit_uatext.php)" "www.metrocrimedaily.com"
69.63.184.120 - - [05/Jan/2023:12:04:26 -0800] "GET /instagram-detroit/01-05-2023-1332434-A.jpg HTTP/1.1" 200 102748 "-" "facebookexternalhit/1.1 (+http://www.facebook.com/externalhit_uatext.php)" "www.metrocrimedaily.com"
207.46.13.113 - - [05/Jan/2023:12:05:38 -0800] "GET /instagram-atlanta/11-20-2022-1355444-2-dead-with-multiple-gunshot-wounds-in-Midtown--p.txt HTTP/1.1" 404 88 "-" "Mozilla/5.0 AppleWebKit/537.36 (KHTML, like Gecko; compatible; bingbot/2.0; +http://www.bing.com/bingbot.htm) Chrome/103.0.5060.134 Safari/537.36" "www.metrocrimedaily.com"
157.55.39.44 - - [05/Jan/2023:12:05:49 -0800] "GET /instagram-dallas/11-28-2022-1011411-Man-killed-in-Thanksgiving-night-hit-and-run-in-D.txt HTTP/1.1" 404 88 "-" "Mozilla/5.0 (compatible; bingbot/2.0; +http://www.bing.com/bingbot.htm)" "www.metrocrimedaily.com"
69.63.184.120 - - [05/Jan/2023:12:09:36 -0800] "GET /instagram-chicago/01-05-2023-1322324-A.jpg HTTP/1.1" 200 600288 "-" "facebookexternalhit/1.1 (+http://www.facebook.com/externalhit_uatext.php)" "www.metrocrimedaily.com"
207.46.13.113 - - [05/Jan/2023:12:09:39 -0800] "GET /instagram-dallas/11-24-2022-2124151-Biden-Says-He-ll-Renew-Push-for-Assault-Weapons-B.txt HTTP/1.1" 404 88 "-" "Mozilla/5.0 (compatible; bingbot/2.0; +http://www.bing.com/bingbot.htm)" "www.metrocrimedaily.com"
69.63.184.120 - - [05/Jan/2023:12:10:11 -0800] "GET /instagram-atlanta/01-05-2023-1323034-A.jpg HTTP/1.1" 200 115955 "-" "facebookexternalhit/1.1 (+http://www.facebook.com/externalhit_uatext.php)" "www.metrocrimedaily.com"
157.55.39.44 - - [05/Jan/2023:12:13:50 -0800] "GET /instagram-chicago/11-30-2022-1725431-Woman-struck-and-killed-by-Metra-train-in-Arlingt.txt HTTP/1.1" 404 88 "-" "Mozilla/5.0 (compatible; bingbot/2.0; +http://www.bing.com/bingbot.htm)" "www.metrocrimedaily.com"
69.63.184.5 - - [05/Jan/2023:12:15:12 -0800] "GET /instagram-houston/01-05-2023-1414531-A.jpg HTTP/1.1" 200 135795 "-" "facebookexternalhit/1.1 (+http://www.facebook.com/externalhit_uatext.php)" "www.metrocrimedaily.com"
69.63.184.5 - - [05/Jan/2023:12:17:40 -0800] "GET /instagram-stlouis/01-05-2023-1346153-A.jpg HTTP/1.1" 200 158680 "-" "facebookexternalhit/1.1 (+http://www.facebook.com/externalhit_uatext.php)" "www.metrocrimedaily.com"
51.222.253.1 - - [05/Jan/2023:12:19:17 -0800] "GET /instagram-houston/01-04-2023-2348372-Suspect-in-custody-after-leading-deputies-on-high.txt HTTP/1.1" 200 699 "-" "Mozilla/5.0 (compatible; AhrefsBot/7.0; +http://ahrefs.com/robot/)" "metrocrimedaily.com"
76.184.252.42 - - [05/Jan/2023:12:19:47 -0800] "GET /images/police-tape.jpg HTTP/1.1" 200 50766 "-" "Wget/1.20.3 (mingw32)" "metrocrimedaily.com"
69.63.184.119 - - [05/Jan/2023:12:19:56 -0800] "GET /instagram-detroit/01-05-2023-1332435-A.jpg HTTP/1.1" 200 52565 "-" "facebookexternalhit/1.1 (+http://www.facebook.com/externalhit_uatext.php)" "www.metrocrimedaily.com"
69.63.184.5 - - [05/Jan/2023:12:22:14 -0800] "GET /instagram-miami/01-05-2023-1421551-A.jpg HTTP/1.1" 200 121232 "-" "facebookexternalhit/1.1 (+http://www.facebook.com/externalhit_uatext.php)" "www.metrocrimedaily.com"
69.63.184.117 - - [05/Jan/2023:12:25:06 -0800] "GET /instagram-dallas/01-05-2023-1424421-A.jpg HTTP/1.1" 200 110276 "-" "facebookexternalhit/1.1 (+http://www.facebook.com/externalhit_uatext.php)" "www.metrocrimedaily.com"
69.63.184.117 - - [05/Jan/2023:12:25:12 -0800] "GET /instagram-chicago/01-05-2023-1322325-A.jpg HTTP/1.1" 200 74667 "-" "facebookexternalhit/1.1 (+http://www.facebook.com/externalhit_uatext.php)" "www.metrocrimedaily.com"
69.63.184.3 - - [05/Jan/2023:12:25:43 -0800] "GET /instagram-chicago/01-05-2023-1322326-A.jpg HTTP/1.1" 200 116300 "-" "facebookexternalhit/1.1 (+http://www.facebook.com/externalhit_uatext.php)" "www.metrocrimedaily.com"
69.63.184.4 - - [05/Jan/2023:12:25:47 -0800] "GET /instagram-atlanta/01-05-2023-1323035-A.jpg HTTP/1.1" 200 172881 "-" "facebookexternalhit/1.1 (+http://www.facebook.com/externalhit_uatext.php)" "www.metrocrimedaily.com"
69.63.184.117 - - [05/Jan/2023:12:26:14 -0800] "GET /instagram-chicago/01-05-2023-1322327-A.jpg HTTP/1.1" 200 147753 "-" "facebookexternalhit/1.1 (+http://www.facebook.com/externalhit_uatext.php)" "www.metrocrimedaily.com"
69.63.184.1 - - [05/Jan/2023:12:26:42 -0800] "GET /instagram-chicago/01-05-2023-1322328-A.jpg HTTP/1.1" 200 86172 "-" "facebookexternalhit/1.1 (+http://www.facebook.com/externalhit_uatext.php)" "www.metrocrimedaily.com"
69.63.184.3 - - [05/Jan/2023:12:27:13 -0800] "GET /instagram-chicago/01-05-2023-1322329-A.jpg HTTP/1.1" 200 106034 "-" "facebookexternalhit/1.1 (+http://www.facebook.com/externalhit_uatext.php)" "www.metrocrimedaily.com"
69.63.184.4 - - [05/Jan/2023:12:30:41 -0800] "GET /instagram-losangeles/01-05-2023-1428371-A.jpg HTTP/1.1" 200 598377 "-" "facebookexternalhit/1.1 (+http://www.facebook.com/externalhit_uatext.php)" "www.metrocrimedaily.com"
69.63.184.120 - - [05/Jan/2023:12:30:45 -0800] "GET /instagram-houston/01-05-2023-1414532-A.jpg HTTP/1.1" 200 104316 "-" "facebookexternalhit/1.1 (+http://www.facebook.com/externalhit_uatext.php)" "www.metrocrimedaily.com"
69.63.184.117 - - [05/Jan/2023:12:32:22 -0800] "GET /instagram-neworleans/01-05-2023-1432011-A.jpg HTTP/1.1" 200 470359 "-" "facebookexternalhit/1.1 (+http://www.facebook.com/externalhit_uatext.php)" "www.metrocrimedaily.com"
69.63.184.2 - - [05/Jan/2023:12:32:52 -0800] "GET /instagram-neworleans/01-05-2023-1432012-A.jpg HTTP/1.1" 200 194613 "-" "facebookexternalhit/1.1 (+http://www.facebook.com/externalhit_uatext.php)" "www.metrocrimedaily.com"
68.51.241.30 - - [05/Jan/2023:12:34:23 -0800] "GET /styles-mcd.css HTTP/1.1" 200 1159 "-" "Mozilla/5.0 (Linux; Android 10; SM-A205U) AppleWebKit/537.36 (KHTML, like Gecko) Chrome/108.0.0.0 Mobile Safari/537.36" "www.metrocrimedaily.com"
68.51.241.30 - - [05/Jan/2023:12:34:23 -0800] "GET / HTTP/1.1" 200 28172 "-" "Mozilla/5.0 (Linux; Android 10; SM-A205U) AppleWebKit/537.36 (KHTML, like Gecko) Chrome/108.0.0.0 Mobile Safari/537.36" "www.metrocrimedaily.com"
68.51.241.30 - - [05/Jan/2023:12:34:25 -0800] "GET /images/crimeinthed-logo.jpg HTTP/1.1" 200 14960 "http://www.metrocrimedaily.com/" "Mozilla/5.0 (Linux; Android 10; SM-A205U) AppleWebKit/537.36 (KHTML, like Gecko) Chrome/108.0.0.0 Mobile Safari/537.36" "www.metrocrimedaily.com"
68.51.241.30 - - [05/Jan/2023:12:34:26 -0800] "GET /images/police-tape.jpg HTTP/1.1" 200 50766 "http://www.metrocrimedaily.com/" "Mozilla/5.0 (Linux; Android 10; SM-A205U) AppleWebKit/537.36 (KHTML, like Gecko) Chrome/108.0.0.0 Mobile Safari/537.36" "metrocrimedaily.com"
68.51.241.30 - - [05/Jan/2023:12:34:27 -0800] "GET /images/facebook-logo-tiny.png HTTP/1.1" 200 1280 "http://www.metrocrimedaily.com/" "Mozilla/5.0 (Linux; Android 10; SM-A205U) AppleWebKit/537.36 (KHTML, like Gecko) Chrome/108.0.0.0 Mobile Safari/537.36" "www.metrocrimedaily.com"
68.51.241.30 - - [05/Jan/2023:12:34:27 -0800] "GET /images/youtube-logo-tiny.png HTTP/1.1" 200 689 "http://www.metrocrimedaily.com/" "Mozilla/5.0 (Linux; Android 10; SM-A205U) AppleWebKit/537.36 (KHTML, like Gecko) Chrome/108.0.0.0 Mobile Safari/537.36" "www.metrocrimedaily.com"
68.51.241.30 - - [05/Jan/2023:12:34:27 -0800] "GET /images/twitter-logo-b-tiny.png HTTP/1.1" 200 1600 "http://www.metrocrimedaily.com/" "Mozilla/5.0 (Linux; Android 10; SM-A205U) AppleWebKit/537.36 (KHTML, like Gecko) Chrome/108.0.0.0 Mobile Safari/537.36" "www.metrocrimedaily.com"
69.63.184.119 - - [05/Jan/2023:12:35:30 -0800] "GET /instagram-detroit/01-05-2023-1332436-A.jpg HTTP/1.1" 200 97806 "-" "facebookexternalhit/1.1 (+http://www.facebook.com/externalhit_uatext.php)" "www.metrocrimedaily.com"
69.63.184.1 - - [05/Jan/2023:12:35:36 -0800] "GET /instagram-newyork/01-05-2023-1435161-A.jpg HTTP/1.1" 200 105829 "-" "facebookexternalhit/1.1 (+http://www.facebook.com/externalhit_uatext.php)" "www.metrocrimedaily.com"
69.63.184.117 - - [05/Jan/2023:12:37:19 -0800] "GET /instagram-memphis/01-05-2023-1437001-A.jpg HTTP/1.1" 200 116021 "-" "facebookexternalhit/1.1 (+http://www.facebook.com/externalhit_uatext.php)" "www.metrocrimedaily.com"
69.63.184.3 - - [05/Jan/2023:12:37:46 -0800] "GET /instagram-memphis/01-05-2023-1437002-A.jpg HTTP/1.1" 200 116904 "-" "facebookexternalhit/1.1 (+http://www.facebook.com/externalhit_uatext.php)" "www.metrocrimedaily.com"
51.222.253.9 - - [05/Jan/2023:12:38:15 -0800] "GET /instagram-houston/post-later/?C=N;O=A HTTP/1.1" 200 1972 "-" "Mozilla/5.0 (compatible; AhrefsBot/7.0; +http://ahrefs.com/robot/)" "metrocrimedaily.com"
207.46.13.113 - - [05/Jan/2023:12:39:42 -0800] "GET /instagram-dallas/11-27-2022-2201511-Suspect-wanted-after-deadly-hit-and-run-crash-in-.txt HTTP/1.1" 404 88 "-" "Mozilla/5.0 (compatible; bingbot/2.0; +http://www.bing.com/bingbot.htm)" "www.metrocrimedaily.com"
114.119.136.251 - - [05/Jan/2023:12:40:11 -0800] "GET /robots.txt HTTP/1.1" 404 88 "-" "Mozilla/5.0 (compatible;PetalBot;+https://webmaster.petalsearch.com/site/petalbot)" "www.metrocrimedaily.com"
69.63.184.5 - - [05/Jan/2023:12:40:39 -0800] "GET /instagram-dallas/01-05-2023-1424422-A.jpg HTTP/1.1" 200 209280 "-" "facebookexternalhit/1.1 (+http://www.facebook.com/externalhit_uatext.php)" "www.metrocrimedaily.com"
73.18.211.209 - - [05/Jan/2023:12:42:51 -0800] "GET /styles-mcd.css HTTP/1.1" 200 1159 "-" "Mozilla/5.0 (Linux; Android 11; Elite OctaMax) AppleWebKit/537.36 (KHTML, like Gecko) Chrome/108.0.0.0 Mobile Safari/537.36" "www.metrocrimedaily.com"
73.18.211.209 - - [05/Jan/2023:12:42:51 -0800] "GET / HTTP/1.1" 200 28172 "-" "Mozilla/5.0 (Linux; Android 11; Elite OctaMax) AppleWebKit/537.36 (KHTML, like Gecko) Chrome/108.0.0.0 Mobile Safari/537.36" "www.metrocrimedaily.com"
73.18.211.209 - - [05/Jan/2023:12:42:51 -0800] "GET /images/crimeinthed-logo.jpg HTTP/1.1" 200 14960 "http://www.metrocrimedaily.com/" "Mozilla/5.0 (Linux; Android 11; Elite OctaMax) AppleWebKit/537.36 (KHTML, like Gecko) Chrome/108.0.0.0 Mobile Safari/537.36" "www.metrocrimedaily.com"
73.18.211.209 - - [05/Jan/2023:12:42:52 -0800] "GET /images/police-tape.jpg HTTP/1.1" 200 50766 "http://www.metrocrimedaily.com/" "Mozilla/5.0 (Linux; Android 11; Elite OctaMax) AppleWebKit/537.36 (KHTML, like Gecko) Chrome/108.0.0.0 Mobile Safari/537.36" "metrocrimedaily.com"
73.18.211.209 - - [05/Jan/2023:12:42:54 -0800] "GET /images/facebook-logo-tiny.png HTTP/1.1" 200 1280 "http://www.metrocrimedaily.com/" "Mozilla/5.0 (Linux; Android 11; Elite OctaMax) AppleWebKit/537.36 (KHTML, like Gecko) Chrome/108.0.0.0 Mobile Safari/537.36" "www.metrocrimedaily.com"
73.18.211.209 - - [05/Jan/2023:12:42:54 -0800] "GET /images/youtube-logo-tiny.png HTTP/1.1" 200 689 "http://www.metrocrimedaily.com/" "Mozilla/5.0 (Linux; Android 11; Elite OctaMax) AppleWebKit/537.36 (KHTML, like Gecko) Chrome/108.0.0.0 Mobile Safari/537.36" "www.metrocrimedaily.com"
73.18.211.209 - - [05/Jan/2023:12:42:54 -0800] "GET /images/twitter-logo-b-tiny.png HTTP/1.1" 200 1600 "http://www.metrocrimedaily.com/" "Mozilla/5.0 (Linux; Android 11; Elite OctaMax) AppleWebKit/537.36 (KHTML, like Gecko) Chrome/108.0.0.0 Mobile Safari/537.36" "www.metrocrimedaily.com"
73.18.211.209 - - [05/Jan/2023:12:42:55 -0800] "GET /favicon.ico HTTP/1.1" 404 88 "http://www.metrocrimedaily.com/" "Mozilla/5.0 (Linux; Android 11; Elite OctaMax) AppleWebKit/537.36 (KHTML, like Gecko) Chrome/108.0.0.0 Mobile Safari/537.36" "www.metrocrimedaily.com"
51.222.253.15 - - [05/Jan/2023:12:44:21 -0800] "GET /instagram-dallas/videos/?C=D;O=A HTTP/1.1" 200 327 "-" "Mozilla/5.0 (compatible; AhrefsBot/7.0; +http://ahrefs.com/robot/)" "www.metrocrimedaily.com"
69.63.184.4 - - [05/Jan/2023:12:46:17 -0800] "GET /instagram-losangeles/01-05-2023-1428372-A.jpg HTTP/1.1" 200 123238 "-" "facebookexternalhit/1.1 (+http://www.facebook.com/externalhit_uatext.php)" "www.metrocrimedaily.com"
69.63.184.116 - - [05/Jan/2023:12:46:17 -0800] "GET /instagram-houston/01-05-2023-1414533-A.jpg HTTP/1.1" 200 73145 "-" "facebookexternalhit/1.1 (+http://www.facebook.com/externalhit_uatext.php)" "www.metrocrimedaily.com"
69.63.184.117 - - [05/Jan/2023:12:49:29 -0800] "GET /instagram-stlouis/01-05-2023-1449091-A.jpg HTTP/1.1" 200 569346 "-" "facebookexternalhit/1.1 (+http://www.facebook.com/externalhit_uatext.php)" "www.metrocrimedaily.com"
51.222.253.3 - - [05/Jan/2023:12:50:29 -0800] "GET /instagram-dallas/videos/?C=M;O=A HTTP/1.1" 200 326 "-" "Mozilla/5.0 (compatible; AhrefsBot/7.0; +http://ahrefs.com/robot/)" "www.metrocrimedaily.com"
69.63.184.118 - - [05/Jan/2023:12:51:00 -0800] "GET /instagram-detroit/01-05-2023-1332437-A.jpg HTTP/1.1" 200 59626 "-" "facebookexternalhit/1.1 (+http://www.facebook.com/externalhit_uatext.php)" "www.metrocrimedaily.com"
51.222.253.12 - - [05/Jan/2023:12:56:21 -0800] "GET /instagram-chicago/?C=D;O=D HTTP/1.1" 200 3156 "-" "Mozilla/5.0 (compatible; AhrefsBot/7.0; +http://ahrefs.com/robot/)" "metrocrimedaily.com"
69.63.184.113 - - [05/Jan/2023:13:01:52 -0800] "GET /instagram-houston/01-05-2023-1414534-A.jpg HTTP/1.1" 200 186138 "-" "facebookexternalhit/1.1 (+http://www.facebook.com/externalhit_uatext.php)" "www.metrocrimedaily.com"
69.63.184.120 - - [05/Jan/2023:13:01:53 -0800] "GET /instagram-losangeles/01-05-2023-1428373-A.jpg HTTP/1.1" 200 231803 "-" "facebookexternalhit/1.1 (+http://www.facebook.com/externalhit_uatext.php)" "www.metrocrimedaily.com"
51.222.253.6 - - [05/Jan/2023:13:02:54 -0800] "GET /instagram-chicago/?C=M;O=D HTTP/1.1" 200 3119 "-" "Mozilla/5.0 (compatible; AhrefsBot/7.0; +http://ahrefs.com/robot/)" "metrocrimedaily.com"
69.63.184.1 - - [05/Jan/2023:13:06:32 -0800] "GET /instagram-detroit/01-05-2023-1332438-A.jpg HTTP/1.1" 200 71521 "-" "facebookexternalhit/1.1 (+http://www.facebook.com/externalhit_uatext.php)" "www.metrocrimedaily.com"
69.63.184.2 - - [05/Jan/2023:13:06:59 -0800] "GET /instagram-detroit/01-05-2023-1332439-A.jpg HTTP/1.1" 200 54515 "-" "facebookexternalhit/1.1 (+http://www.facebook.com/externalhit_uatext.php)" "www.metrocrimedaily.com"
76.184.252.42 - - [05/Jan/2023:13:07:16 -0800] "GET /images/police-tape.jpg HTTP/1.1" 200 50766 "-" "Wget/1.20.3 (mingw32)" "metrocrimedaily.com"
69.63.184.117 - - [05/Jan/2023:13:07:25 -0800] "GET /instagram-detroit/01-05-2023-13324310-A.jpg HTTP/1.1" 200 52266 "-" "facebookexternalhit/1.1 (+http://www.facebook.com/externalhit_uatext.php)" "www.metrocrimedaily.com"
69.63.184.118 - - [05/Jan/2023:13:07:35 -0800] "GET /instagram-miami/01-05-2023-1507141-A.jpg HTTP/1.1" 200 288662 "-" "facebookexternalhit/1.1 (+http://www.facebook.com/externalhit_uatext.php)" "www.metrocrimedaily.com"
76.184.252.42 - - [05/Jan/2023:13:07:43 -0800] "GET /images/police-tape.jpg HTTP/1.1" 200 50766 "-" "Wget/1.20.3 (mingw32)" "metrocrimedaily.com"
69.63.184.117 - - [05/Jan/2023:13:07:52 -0800] "GET /instagram-detroit/01-05-2023-13324311-A.jpg HTTP/1.1" 200 52446 "-" "facebookexternalhit/1.1 (+http://www.facebook.com/externalhit_uatext.php)" "www.metrocrimedaily.com"
51.222.253.20 - - [05/Jan/2023:13:08:45 -0800] "GET /instagram-houston/post-later/01-05-2023-0851111-Man-charged-in-Takeoff-s-death-released-on-$1-mil.txt HTTP/1.1" 200 755 "-" "Mozilla/5.0 (compatible; AhrefsBot/7.0; +http://ahrefs.com/robot/)" "metrocrimedaily.com"
75.204.241.211 - - [05/Jan/2023:13:09:20 -0800] "GET / HTTP/1.1" 200 30114 "https://www.google.com/" "Mozilla/5.0 (Windows NT 10.0; Win64; x64) AppleWebKit/537.36 (KHTML, like Gecko) Chrome/108.0.0.0 Safari/537.36" "www.metrocrimedaily.com"
75.204.241.211 - - [05/Jan/2023:13:09:21 -0800] "GET /styles-mcd.css HTTP/1.1" 200 1159 "http://www.metrocrimedaily.com/" "Mozilla/5.0 (Windows NT 10.0; Win64; x64) AppleWebKit/537.36 (KHTML, like Gecko) Chrome/108.0.0.0 Safari/537.36" "www.metrocrimedaily.com"
75.204.241.211 - - [05/Jan/2023:13:09:21 -0800] "GET /images/crimeinthed-logo.jpg HTTP/1.1" 200 14960 "http://www.metrocrimedaily.com/" "Mozilla/5.0 (Windows NT 10.0; Win64; x64) AppleWebKit/537.36 (KHTML, like Gecko) Chrome/108.0.0.0 Safari/537.36" "www.metrocrimedaily.com"
75.204.241.211 - - [05/Jan/2023:13:09:21 -0800] "GET /images/police-tape.jpg HTTP/1.1" 200 50766 "http://www.metrocrimedaily.com/" "Mozilla/5.0 (Windows NT 10.0; Win64; x64) AppleWebKit/537.36 (KHTML, like Gecko) Chrome/108.0.0.0 Safari/537.36" "metrocrimedaily.com"
75.204.241.211 - - [05/Jan/2023:13:09:22 -0800] "GET /images/facebook-logo-tiny.png HTTP/1.1" 200 1280 "http://www.metrocrimedaily.com/" "Mozilla/5.0 (Windows NT 10.0; Win64; x64) AppleWebKit/537.36 (KHTML, like Gecko) Chrome/108.0.0.0 Safari/537.36" "www.metrocrimedaily.com"
75.204.241.211 - - [05/Jan/2023:13:09:22 -0800] "GET /images/twitter-logo-b-tiny.png HTTP/1.1" 200 1600 "http://www.metrocrimedaily.com/" "Mozilla/5.0 (Windows NT 10.0; Win64; x64) AppleWebKit/537.36 (KHTML, like Gecko) Chrome/108.0.0.0 Safari/537.36" "www.metrocrimedaily.com"
75.204.241.211 - - [05/Jan/2023:13:09:22 -0800] "GET /images/youtube-logo-tiny.png HTTP/1.1" 200 689 "http://www.metrocrimedaily.com/" "Mozilla/5.0 (Windows NT 10.0; Win64; x64) AppleWebKit/537.36 (KHTML, like Gecko) Chrome/108.0.0.0 Safari/537.36" "www.metrocrimedaily.com"
75.204.241.211 - - [05/Jan/2023:13:09:47 -0800] "GET /favicon.ico HTTP/1.1" 404 88 "http://www.metrocrimedaily.com/" "Mozilla/5.0 (Windows NT 10.0; Win64; x64) AppleWebKit/537.36 (KHTML, like Gecko) Chrome/108.0.0.0 Safari/537.36" "www.metrocrimedaily.com"
75.204.241.211 - - [05/Jan/2023:13:09:56 -0800] "GET /about-us.html HTTP/1.1" 200 706 "http://www.metrocrimedaily.com/" "Mozilla/5.0 (Windows NT 10.0; Win64; x64) AppleWebKit/537.36 (KHTML, like Gecko) Chrome/108.0.0.0 Safari/537.36" "www.metrocrimedaily.com"
75.204.241.211 - - [05/Jan/2023:13:09:56 -0800] "GET /main-menu.html HTTP/1.1" 200 897 "http://www.metrocrimedaily.com/about-us.html" "Mozilla/5.0 (Windows NT 10.0; Win64; x64) AppleWebKit/537.36 (KHTML, like Gecko) Chrome/108.0.0.0 Safari/537.36" "www.metrocrimedaily.com"
75.204.241.211 - - [05/Jan/2023:13:09:56 -0800] "GET /social-media-menu.html HTTP/1.1" 200 554 "http://www.metrocrimedaily.com/about-us.html" "Mozilla/5.0 (Windows NT 10.0; Win64; x64) AppleWebKit/537.36 (KHTML, like Gecko) Chrome/108.0.0.0 Safari/537.36" "www.metrocrimedaily.com"
75.204.241.211 - - [05/Jan/2023:13:09:57 -0800] "GET /styles.css HTTP/1.1" 404 88 "http://www.metrocrimedaily.com/social-media-menu.html" "Mozilla/5.0 (Windows NT 10.0; Win64; x64) AppleWebKit/537.36 (KHTML, like Gecko) Chrome/108.0.0.0 Safari/537.36" "www.metrocrimedaily.com"
75.204.241.211 - - [05/Jan/2023:13:09:57 -0800] "GET /styles-links.css HTTP/1.1" 200 369 "http://www.metrocrimedaily.com/social-media-menu.html" "Mozilla/5.0 (Windows NT 10.0; Win64; x64) AppleWebKit/537.36 (KHTML, like Gecko) Chrome/108.0.0.0 Safari/537.36" "www.metrocrimedaily.com"
69.63.184.1 - - [05/Jan/2023:13:10:06 -0800] "GET /instagram-chicago/01-05-2023-1509441-A.jpg HTTP/1.1" 200 157583 "-" "facebookexternalhit/1.1 (+http://www.facebook.com/externalhit_uatext.php)" "www.metrocrimedaily.com"
69.63.184.120 - - [05/Jan/2023:13:10:36 -0800] "GET /instagram-chicago/01-05-2023-1509442-A.jpg HTTP/1.1" 200 94122 "-" "facebookexternalhit/1.1 (+http://www.facebook.com/externalhit_uatext.php)" "www.metrocrimedaily.com"
75.204.241.211 - - [05/Jan/2023:13:10:43 -0800] "GET /gov-svc-detroit.html HTTP/1.1" 200 2125 "http://www.metrocrimedaily.com/main-menu.html" "Mozilla/5.0 (Windows NT 10.0; Win64; x64) AppleWebKit/537.36 (KHTML, like Gecko) Chrome/108.0.0.0 Safari/537.36" "www.metrocrimedaily.com"
75.204.241.211 - - [05/Jan/2023:13:10:43 -0800] "GET /images/downtown-detroit.jpg HTTP/1.1" 200 10971 "http://www.metrocrimedaily.com/gov-svc-detroit.html" "Mozilla/5.0 (Windows NT 10.0; Win64; x64) AppleWebKit/537.36 (KHTML, like Gecko) Chrome/108.0.0.0 Safari/537.36" "www.metrocrimedaily.com"
69.63.184.118 - - [05/Jan/2023:13:11:06 -0800] "GET /instagram-chicago/01-05-2023-1509443-A.jpg HTTP/1.1" 200 106034 "-" "facebookexternalhit/1.1 (+http://www.facebook.com/externalhit_uatext.php)" "www.metrocrimedaily.com"
69.63.184.120 - - [05/Jan/2023:13:11:34 -0800] "GET /instagram-chicago/01-05-2023-1509444-A.jpg HTTP/1.1" 200 74667 "-" "facebookexternalhit/1.1 (+http://www.facebook.com/externalhit_uatext.php)" "www.metrocrimedaily.com"
75.204.241.211 - - [05/Jan/2023:13:12:58 -0800] "GET /contact-us.html HTTP/1.1" 200 765 "http://www.metrocrimedaily.com/main-menu.html" "Mozilla/5.0 (Windows NT 10.0; Win64; x64) AppleWebKit/537.36 (KHTML, like Gecko) Chrome/108.0.0.0 Safari/537.36" "www.metrocrimedaily.com"
75.204.241.211 - - [05/Jan/2023:13:12:59 -0800] "GET /styles.css HTTP/1.1" 404 88 "http://www.metrocrimedaily.com/social-media-menu.html" "Mozilla/5.0 (Windows NT 10.0; Win64; x64) AppleWebKit/537.36 (KHTML, like Gecko) Chrome/108.0.0.0 Safari/537.36" "www.metrocrimedaily.com"
69.63.184.5 - - [05/Jan/2023:13:17:25 -0800] "GET /instagram-losangeles/01-05-2023-1428374-A.jpg HTTP/1.1" 200 495690 "-" "facebookexternalhit/1.1 (+http://www.facebook.com/externalhit_uatext.php)" "www.metrocrimedaily.com"
75.204.241.211 - - [05/Jan/2023:13:17:38 -0800] "GET /privacy-policy.html HTTP/1.1" 200 2353 "http://www.metrocrimedaily.com/contact-us.html" "Mozilla/5.0 (Windows NT 10.0; Win64; x64) AppleWebKit/537.36 (KHTML, like Gecko) Chrome/108.0.0.0 Safari/537.36" "www.metrocrimedaily.com"
51.222.253.4 - - [05/Jan/2023:13:21:41 -0800] "GET /instagram-houston/post-later/01-05-2023-0851113-Brother-of-victim-identifies-man-hit--killed-by-H.txt HTTP/1.1" 200 169 "-" "Mozilla/5.0 (compatible; AhrefsBot/7.0; +http://ahrefs.com/robot/)" "metrocrimedaily.com"
69.63.184.3 - - [05/Jan/2023:13:29:05 -0800] "GET /instagram-dallas/01-05-2023-1528441-A.jpg HTTP/1.1" 200 109317 "-" "facebookexternalhit/1.1 (+http://www.facebook.com/externalhit_uatext.php)" "www.metrocrimedaily.com"
51.222.253.3 - - [05/Jan/2023:13:29:33 -0800] "GET /instagram-houston/post-later/01-05-2023-0851114-8-found-fatally-shot-in-Utah-home--including-5-ch.txt HTTP/1.1" 200 1090 "-" "Mozilla/5.0 (compatible; AhrefsBot/7.0; +http://ahrefs.com/robot/)" "metrocrimedaily.com"
69.63.184.119 - - [05/Jan/2023:13:32:42 -0800] "GET /instagram-atlanta/01-05-2023-1532201-A.jpg HTTP/1.1" 200 130781 "-" "facebookexternalhit/1.1 (+http://www.facebook.com/externalhit_uatext.php)" "www.metrocrimedaily.com"
51.222.253.20 - - [05/Jan/2023:13:35:40 -0800] "GET /instagram-houston/post-later/01-05-2023-0939031-Idaho-suspect-Bryan-Kohberger-changed-title-of-Hy.txt HTTP/1.1" 200 1023 "-" "Mozilla/5.0 (compatible; AhrefsBot/7.0; +http://ahrefs.com/robot/)" "metrocrimedaily.com"
69.63.184.117 - - [05/Jan/2023:13:42:05 -0800] "GET /instagram-stlouis/01-05-2023-1541441-A.jpg HTTP/1.1" 200 122444 "-" "facebookexternalhit/1.1 (+http://www.facebook.com/externalhit_uatext.php)" "www.metrocrimedaily.com"
51.222.253.17 - - [05/Jan/2023:13:42:16 -0800] "GET /instagram-houston/post-later/01-05-2023-1033441-Prince-Harry-says-Prince-William-physically-attac.txt HTTP/1.1" 200 1001 "-" "Mozilla/5.0 (compatible; AhrefsBot/7.0; +http://ahrefs.com/robot/)" "metrocrimedaily.com"
69.63.184.118 - - [05/Jan/2023:13:42:29 -0800] "GET /instagram-stlouis/01-05-2023-1541442-A.jpg HTTP/1.1" 200 132865 "-" "facebookexternalhit/1.1 (+http://www.facebook.com/externalhit_uatext.php)" "www.metrocrimedaily.com"
157.55.39.100 - - [05/Jan/2023:13:43:20 -0800] "GET /instagram-dallas/11-21-2022-1742191-The-Christmas-capital-of-Texas---Grapevine-opens-.txt HTTP/1.1" 404 88 "-" "Mozilla/5.0 (compatible; bingbot/2.0; +http://www.bing.com/bingbot.htm)" "www.metrocrimedaily.com"
99.23.152.115 - - [05/Jan/2023:13:45:29 -0800] "GET / HTTP/1.1" 200 30114 "-" "Mozilla/5.0 (Linux; Android 12; SM-A136U) AppleWebKit/537.36 (KHTML, like Gecko) Chrome/108.0.0.0 Mobile Safari/537.36" "www.metrocrimedaily.com"
99.23.152.115 - - [05/Jan/2023:13:45:29 -0800] "GET /styles-mcd.css HTTP/1.1" 200 1159 "-" "Mozilla/5.0 (Linux; Android 12; SM-A136U) AppleWebKit/537.36 (KHTML, like Gecko) Chrome/108.0.0.0 Mobile Safari/537.36" "www.metrocrimedaily.com"
99.23.152.115 - - [05/Jan/2023:13:45:29 -0800] "GET /images/crimeinthed-logo.jpg HTTP/1.1" 200 14960 "http://www.metrocrimedaily.com/" "Mozilla/5.0 (Linux; Android 12; SM-A136U) AppleWebKit/537.36 (KHTML, like Gecko) Chrome/108.0.0.0 Mobile Safari/537.36" "www.metrocrimedaily.com"
99.23.152.115 - - [05/Jan/2023:13:45:29 -0800] "GET /images/police-tape.jpg HTTP/1.1" 200 50766 "http://www.metrocrimedaily.com/" "Mozilla/5.0 (Linux; Android 12; SM-A136U) AppleWebKit/537.36 (KHTML, like Gecko) Chrome/108.0.0.0 Mobile Safari/537.36" "metrocrimedaily.com"
99.23.152.115 - - [05/Jan/2023:13:45:30 -0800] "GET /images/facebook-logo-tiny.png HTTP/1.1" 200 1280 "http://www.metrocrimedaily.com/" "Mozilla/5.0 (Linux; Android 12; SM-A136U) AppleWebKit/537.36 (KHTML, like Gecko) Chrome/108.0.0.0 Mobile Safari/537.36" "www.metrocrimedaily.com"
99.23.152.115 - - [05/Jan/2023:13:45:30 -0800] "GET /images/youtube-logo-tiny.png HTTP/1.1" 200 689 "http://www.metrocrimedaily.com/" "Mozilla/5.0 (Linux; Android 12; SM-A136U) AppleWebKit/537.36 (KHTML, like Gecko) Chrome/108.0.0.0 Mobile Safari/537.36" "www.metrocrimedaily.com"
99.23.152.115 - - [05/Jan/2023:13:45:30 -0800] "GET /images/twitter-logo-b-tiny.png HTTP/1.1" 200 1600 "http://www.metrocrimedaily.com/" "Mozilla/5.0 (Linux; Android 12; SM-A136U) AppleWebKit/537.36 (KHTML, like Gecko) Chrome/108.0.0.0 Mobile Safari/537.36" "www.metrocrimedaily.com"
69.63.184.116 - - [05/Jan/2023:13:48:15 -0800] "GET /instagram-chicago/01-05-2023-1547531-A.jpg HTTP/1.1" 200 235444 "-" "facebookexternalhit/1.1 (+http://www.facebook.com/externalhit_uatext.php)" "www.metrocrimedaily.com"
69.63.184.2 - - [05/Jan/2023:13:48:18 -0800] "GET /instagram-atlanta/01-05-2023-1532202-A.jpg HTTP/1.1" 200 139242 "-" "facebookexternalhit/1.1 (+http://www.facebook.com/externalhit_uatext.php)" "www.metrocrimedaily.com"
51.222.253.8 - - [05/Jan/2023:13:48:31 -0800] "GET /instagram-houston/post-later/01-05-2023-1033442-Man-shot-in-the-stomach-inside-Houston-store-dies.txt HTTP/1.1" 200 464 "-" "Mozilla/5.0 (compatible; AhrefsBot/7.0; +http://ahrefs.com/robot/)" "metrocrimedaily.com"
69.63.184.3 - - [05/Jan/2023:13:48:44 -0800] "GET /instagram-chicago/01-05-2023-1547532-A.jpg HTTP/1.1" 200 386835 "-" "facebookexternalhit/1.1 (+http://www.facebook.com/externalhit_uatext.php)" "www.metrocrimedaily.com"
69.63.184.119 - - [05/Jan/2023:13:54:28 -0800] "GET /instagram-memphis/01-05-2023-1554091-A.jpg HTTP/1.1" 200 88331 "-" "facebookexternalhit/1.1 (+http://www.facebook.com/externalhit_uatext.php)" "www.metrocrimedaily.com"
51.222.253.17 - - [05/Jan/2023:13:54:30 -0800] "GET /instagram-houston/post-later/01-05-2023-1033443-Report--Prince-Harry-says-William-attacked-him-du.txt HTTP/1.1" 200 1093 "-" "Mozilla/5.0 (compatible; AhrefsBot/7.0; +http://ahrefs.com/robot/)" "metrocrimedaily.com"
69.63.184.119 - - [05/Jan/2023:13:57:28 -0800] "GET /instagram-newyork/01-05-2023-1557091-A.jpg HTTP/1.1" 200 207447 "-" "facebookexternalhit/1.1 (+http://www.facebook.com/externalhit_uatext.php)" "www.metrocrimedaily.com"
69.63.184.118 - - [05/Jan/2023:13:58:03 -0800] "GET /instagram-stlouis/01-05-2023-1541443-A.jpg HTTP/1.1" 200 106620 "-" "facebookexternalhit/1.1 (+http://www.facebook.com/externalhit_uatext.php)" "www.metrocrimedaily.com"
69.63.184.116 - - [05/Jan/2023:14:01:43 -0800] "GET /instagram-houston/01-05-2023-1601241-A.jpg HTTP/1.1" 200 151019 "-" "facebookexternalhit/1.1 (+http://www.facebook.com/externalhit_uatext.php)" "www.metrocrimedaily.com"
69.63.184.116 - - [05/Jan/2023:14:02:09 -0800] "GET /instagram-houston/01-05-2023-1601242-A.jpg HTTP/1.1" 200 216172 "-" "facebookexternalhit/1.1 (+http://www.facebook.com/externalhit_uatext.php)" "www.metrocrimedaily.com"
69.63.184.117 - - [05/Jan/2023:14:02:35 -0800] "GET /instagram-houston/01-05-2023-1601243-A.jpg HTTP/1.1" 200 142718 "-" "facebookexternalhit/1.1 (+http://www.facebook.com/externalhit_uatext.php)" "www.metrocrimedaily.com"
51.222.253.1 - - [05/Jan/2023:14:02:40 -0800] "GET /instagram-houston/post-later/01-05-2023-1033444-Ex-UFC-fighter-Phil-Baroni-charged-with-murder-in.txt HTTP/1.1" 200 782 "-" "Mozilla/5.0 (compatible; AhrefsBot/7.0; +http://ahrefs.com/robot/)" "metrocrimedaily.com"
69.63.184.116 - - [05/Jan/2023:14:03:01 -0800] "GET /instagram-houston/01-05-2023-1601244-A.jpg HTTP/1.1" 200 124746 "-" "facebookexternalhit/1.1 (+http://www.facebook.com/externalhit_uatext.php)" "www.metrocrimedaily.com"
69.63.184.5 - - [05/Jan/2023:14:03:28 -0800] "GET /instagram-houston/01-05-2023-1601245-A.jpg HTTP/1.1" 200 177105 "-" "facebookexternalhit/1.1 (+http://www.facebook.com/externalhit_uatext.php)" "www.metrocrimedaily.com"
69.63.184.118 - - [05/Jan/2023:14:03:51 -0800] "GET /instagram-atlanta/01-05-2023-1532203-A.jpg HTTP/1.1" 200 176763 "-" "facebookexternalhit/1.1 (+http://www.facebook.com/externalhit_uatext.php)" "www.metrocrimedaily.com"
69.63.184.117 - - [05/Jan/2023:14:03:55 -0800] "GET /instagram-houston/01-05-2023-1601246-A.jpg HTTP/1.1" 200 68131 "-" "facebookexternalhit/1.1 (+http://www.facebook.com/externalhit_uatext.php)" "www.metrocrimedaily.com"
69.63.184.2 - - [05/Jan/2023:14:04:21 -0800] "GET /instagram-atlanta/01-05-2023-1532204-A.jpg HTTP/1.1" 200 97636 "-" "facebookexternalhit/1.1 (+http://www.facebook.com/externalhit_uatext.php)" "www.metrocrimedaily.com"
69.63.184.116 - - [05/Jan/2023:14:04:23 -0800] "GET /instagram-houston/01-05-2023-1601247-A.jpg HTTP/1.1" 200 120376 "-" "facebookexternalhit/1.1 (+http://www.facebook.com/externalhit_uatext.php)" "www.metrocrimedaily.com"
69.63.184.4 - - [05/Jan/2023:14:04:50 -0800] "GET /instagram-houston/01-05-2023-1601248-A.jpg HTTP/1.1" 200 100197 "-" "facebookexternalhit/1.1 (+http://www.facebook.com/externalhit_uatext.php)" "www.metrocrimedaily.com"
69.63.184.3 - - [05/Jan/2023:14:04:51 -0800] "GET /instagram-atlanta/01-05-2023-1532205-A.jpg HTTP/1.1" 200 131558 "-" "facebookexternalhit/1.1 (+http://www.facebook.com/externalhit_uatext.php)" "www.metrocrimedaily.com"
51.222.253.16 - - [05/Jan/2023:14:08:17 -0800] "GET /instagram-houston/post-later/01-05-2023-1033445-As-murder-suicides-increase--Harris-County-therap.txt HTTP/1.1" 200 1078 "-" "Mozilla/5.0 (compatible; AhrefsBot/7.0; +http://ahrefs.com/robot/)" "metrocrimedaily.com"
51.222.253.1 - - [05/Jan/2023:14:13:38 -0800] "GET /instagram-houston/post-later/01-05-2023-1121081-Tomball-still-grappling-with-ransomware-attack-16.txt HTTP/1.1" 200 851 "-" "Mozilla/5.0 (compatible; AhrefsBot/7.0; +http://ahrefs.com/robot/)" "metrocrimedaily.com"
69.63.184.118 - - [05/Jan/2023:14:17:33 -0800] "GET /instagram-losangeles/01-05-2023-1617141-A.jpg HTTP/1.1" 200 188696 "-" "facebookexternalhit/1.1 (+http://www.facebook.com/externalhit_uatext.php)" "www.metrocrimedaily.com"
69.63.184.3 - - [05/Jan/2023:14:19:59 -0800] "GET /instagram-neworleans/01-05-2023-1619391-A.jpg HTTP/1.1" 200 141777 "-" "facebookexternalhit/1.1 (+http://www.facebook.com/externalhit_uatext.php)" "www.metrocrimedaily.com"
69.63.184.2 - - [05/Jan/2023:14:20:02 -0800] "GET /instagram-miami/01-05-2023-1619151-A.jpg HTTP/1.1" 200 196467 "-" "facebookexternalhit/1.1 (+http://www.facebook.com/externalhit_uatext.php)" "www.metrocrimedaily.com"
69.63.184.3 - - [05/Jan/2023:14:20:28 -0800] "GET /instagram-chicago/01-05-2023-1620071-A.jpg HTTP/1.1" 200 76335 "-" "facebookexternalhit/1.1 (+http://www.facebook.com/externalhit_uatext.php)" "www.metrocrimedaily.com"
51.222.253.6 - - [05/Jan/2023:14:20:38 -0800] "GET /instagram-houston/post-later/01-05-2023-1121082-Caught-on-camera--Man-jumps-on-hood-to-stop-thiev.txt HTTP/1.1" 200 173 "-" "Mozilla/5.0 (compatible; AhrefsBot/7.0; +http://ahrefs.com/robot/)" "metrocrimedaily.com"
51.222.253.3 - - [05/Jan/2023:14:25:22 -0800] "GET / HTTP/1.1" 200 30114 "-" "Mozilla/5.0 (compatible; AhrefsBot/7.0; +http://ahrefs.com/robot/)" "www.metrocrimedaily.com"
51.222.253.4 - - [05/Jan/2023:14:25:31 -0800] "GET /images/facebook-logo-tiny.png HTTP/1.1" 200 1280 "-" "Mozilla/5.0 (compatible; AhrefsBot/7.0; +http://ahrefs.com/robot/)" "www.metrocrimedaily.com"
51.222.253.1 - - [05/Jan/2023:14:25:31 -0800] "GET /images/twitter-logo-b-tiny.png HTTP/1.1" 200 1600 "-" "Mozilla/5.0 (compatible; AhrefsBot/7.0; +http://ahrefs.com/robot/)" "www.metrocrimedaily.com"
51.222.253.1 - - [05/Jan/2023:14:25:32 -0800] "GET /images/youtube-logo-tiny.png HTTP/1.1" 200 689 "-" "Mozilla/5.0 (compatible; AhrefsBot/7.0; +http://ahrefs.com/robot/)" "www.metrocrimedaily.com"
51.222.253.15 - - [05/Jan/2023:14:25:32 -0800] "GET /images/crimeinthed-logo.jpg HTTP/1.1" 200 14960 "-" "Mozilla/5.0 (compatible; AhrefsBot/7.0; +http://ahrefs.com/robot/)" "www.metrocrimedaily.com"
69.63.184.117 - - [05/Jan/2023:14:26:23 -0800] "GET /instagram-detroit/01-05-2023-1626031-A.jpg HTTP/1.1" 200 76190 "-" "facebookexternalhit/1.1 (+http://www.facebook.com/externalhit_uatext.php)" "www.metrocrimedaily.com"
54.36.149.74 - - [05/Jan/2023:14:27:42 -0800] "GET / HTTP/1.1" 200 30114 "-" "Mozilla/5.0 (compatible; AhrefsBot/7.0; +http://ahrefs.com/robot/)" "www.metrocrimedaily.com"
54.36.148.102 - - [05/Jan/2023:14:27:46 -0800] "GET /styles-mcd.css HTTP/1.1" 200 1159 "-" "Mozilla/5.0 (compatible; AhrefsBot/7.0; +http://ahrefs.com/robot/)" "www.metrocrimedaily.com"
54.36.149.4 - - [05/Jan/2023:14:27:47 -0800] "GET /images/twitter-logo-b-tiny.png HTTP/1.1" 200 1600 "-" "Mozilla/5.0 (compatible; AhrefsBot/7.0; +http://ahrefs.com/robot/)" "www.metrocrimedaily.com"
54.36.148.60 - - [05/Jan/2023:14:27:47 -0800] "GET /images/facebook-logo-tiny.png HTTP/1.1" 200 1280 "-" "Mozilla/5.0 (compatible; AhrefsBot/7.0; +http://ahrefs.com/robot/)" "www.metrocrimedaily.com"
54.36.148.209 - - [05/Jan/2023:14:27:48 -0800] "GET /images/youtube-logo-tiny.png HTTP/1.1" 200 689 "-" "Mozilla/5.0 (compatible; AhrefsBot/7.0; +http://ahrefs.com/robot/)" "www.metrocrimedaily.com"
51.222.253.8 - - [05/Jan/2023:14:29:43 -0800] "GET /instagram-dallas/videos/?C=S;O=A HTTP/1.1" 200 327 "-" "Mozilla/5.0 (compatible; AhrefsBot/7.0; +http://ahrefs.com/robot/)" "www.metrocrimedaily.com"
51.222.253.20 - - [05/Jan/2023:14:31:54 -0800] "GET /instagram-houston/post-later/?C=N;O=D HTTP/1.1" 200 2448 "-" "Mozilla/5.0 (compatible; AhrefsBot/7.0; +http://ahrefs.com/robot/)" "metrocrimedaily.com"
69.63.184.5 - - [05/Jan/2023:14:33:05 -0800] "GET /instagram-losangeles/01-05-2023-1617142-A.jpg HTTP/1.1" 200 245356 "-" "facebookexternalhit/1.1 (+http://www.facebook.com/externalhit_uatext.php)" "www.metrocrimedaily.com"
51.222.253.10 - - [05/Jan/2023:14:34:22 -0800] "GET /instagram-houston/post-later/01-05-2023-1121083-Men-charged-in-2-separate-shooting-incidents-in-M.txt HTTP/1.1" 200 498 "-" "Mozilla/5.0 (compatible; AhrefsBot/7.0; +http://ahrefs.com/robot/)" "metrocrimedaily.com"
69.63.184.117 - - [05/Jan/2023:14:35:33 -0800] "GET /instagram-neworleans/01-05-2023-1619392-A.jpg HTTP/1.1" 200 162679 "-" "facebookexternalhit/1.1 (+http://www.facebook.com/externalhit_uatext.php)" "www.metrocrimedaily.com"
69.63.184.1 - - [05/Jan/2023:14:35:34 -0800] "GET /instagram-miami/01-05-2023-1619152-A.jpg HTTP/1.1" 200 250947 "-" "facebookexternalhit/1.1 (+http://www.facebook.com/externalhit_uatext.php)" "www.metrocrimedaily.com"
205.210.31.186 - - [05/Jan/2023:14:36:06 -0800] "GET / HTTP/1.1" 200 259279 "-" "Expanse, a Palo Alto Networks company, searches across the global IPv4 space multiple times per day to identify customers&#39; presences on the Internet. If you would like to be excluded from our scans, please send IP addresses/domains to: scaninfo@paloaltonetworks.com" "metrocrimedaily.com"
51.222.253.15 - - [05/Jan/2023:14:36:39 -0800] "GET /instagram-houston/post-later/01-05-2023-1210571-Video-shows-2-men-threatening-employees-during-ro.txt HTTP/1.1" 200 574 "-" "Mozilla/5.0 (compatible; AhrefsBot/7.0; +http://ahrefs.com/robot/)" "metrocrimedaily.com"
51.222.253.14 - - [05/Jan/2023:14:38:50 -0800] "GET /instagram-houston/post-later/01-05-2023-1306052-Have-you-seen-this-man--Reward-increased-to-$4k-f.txt HTTP/1.1" 200 999 "-" "Mozilla/5.0 (compatible; AhrefsBot/7.0; +http://ahrefs.com/robot/)" "metrocrimedaily.com"
51.222.253.8 - - [05/Jan/2023:14:41:19 -0800] "GET /instagram-houston/post-later/01-05-2023-1306053-Man-arrested--charged-with-murder-after-deadly-sh.txt HTTP/1.1" 200 504 "-" "Mozilla/5.0 (compatible; AhrefsBot/7.0; +http://ahrefs.com/robot/)" "metrocrimedaily.com"
76.184.252.42 - - [05/Jan/2023:14:41:44 -0800] "GET /images/police-tape.jpg HTTP/1.1" 200 50766 "-" "Wget/1.20.3 (mingw32)" "metrocrimedaily.com"
69.63.184.119 - - [05/Jan/2023:14:41:54 -0800] "GET /instagram-detroit/01-05-2023-1626032-A.jpg HTTP/1.1" 200 52657 "-" "facebookexternalhit/1.1 (+http://www.facebook.com/externalhit_uatext.php)" "www.metrocrimedaily.com"
69.63.184.119 - - [05/Jan/2023:14:42:20 -0800] "GET /instagram-detroit/01-05-2023-1626033-A.jpg HTTP/1.1" 200 61513 "-" "facebookexternalhit/1.1 (+http://www.facebook.com/externalhit_uatext.php)" "www.metrocrimedaily.com"
76.184.252.42 - - [05/Jan/2023:14:42:38 -0800] "GET /images/police-tape.jpg HTTP/1.1" 200 50766 "-" "Wget/1.20.3 (mingw32)" "metrocrimedaily.com"
69.63.184.3 - - [05/Jan/2023:14:42:47 -0800] "GET /instagram-detroit/01-05-2023-1626034-A.jpg HTTP/1.1" 200 51783 "-" "facebookexternalhit/1.1 (+http://www.facebook.com/externalhit_uatext.php)" "www.metrocrimedaily.com"
76.184.252.42 - - [05/Jan/2023:14:43:05 -0800] "GET /images/police-tape.jpg HTTP/1.1" 200 50766 "-" "Wget/1.20.3 (mingw32)" "metrocrimedaily.com"
69.63.184.117 - - [05/Jan/2023:14:43:13 -0800] "GET /instagram-detroit/01-05-2023-1626035-A.jpg HTTP/1.1" 200 70017 "-" "facebookexternalhit/1.1 (+http://www.facebook.com/externalhit_uatext.php)" "www.metrocrimedaily.com"
51.222.253.10 - - [05/Jan/2023:14:43:40 -0800] "GET /instagram-houston/post-later/01-05-2023-1306054-Idaho-murders--Roommate-saw-masked-man-night-of-k.txt HTTP/1.1" 200 1015 "-" "Mozilla/5.0 (compatible; AhrefsBot/7.0; +http://ahrefs.com/robot/)" "metrocrimedaily.com"
69.63.184.2 - - [05/Jan/2023:14:43:40 -0800] "GET /instagram-detroit/01-05-2023-1626036-A.jpg HTTP/1.1" 200 79892 "-" "facebookexternalhit/1.1 (+http://www.facebook.com/externalhit_uatext.php)" "www.metrocrimedaily.com"
69.63.184.3 - - [05/Jan/2023:14:44:06 -0800] "GET /instagram-detroit/01-05-2023-1626037-A.jpg HTTP/1.1" 200 93429 "-" "facebookexternalhit/1.1 (+http://www.facebook.com/externalhit_uatext.php)" "www.metrocrimedaily.com"
69.63.184.116 - - [05/Jan/2023:14:44:34 -0800] "GET /instagram-detroit/01-05-2023-1626038-A.jpg HTTP/1.1" 200 219182 "-" "facebookexternalhit/1.1 (+http://www.facebook.com/externalhit_uatext.php)" "www.metrocrimedaily.com"
69.63.184.117 - - [05/Jan/2023:14:45:00 -0800] "GET /instagram-detroit/01-05-2023-1626039-A.jpg HTTP/1.1" 200 69524 "-" "facebookexternalhit/1.1 (+http://www.facebook.com/externalhit_uatext.php)" "www.metrocrimedaily.com"
76.184.252.42 - - [05/Jan/2023:14:45:45 -0800] "GET /images/police-tape.jpg HTTP/1.1" 200 50766 "-" "Wget/1.20.3 (mingw32)" "metrocrimedaily.com"
69.63.184.117 - - [05/Jan/2023:14:45:54 -0800] "GET /instagram-detroit/01-05-2023-16260311-A.jpg HTTP/1.1" 200 51821 "-" "facebookexternalhit/1.1 (+http://www.facebook.com/externalhit_uatext.php)" "www.metrocrimedaily.com"
51.222.253.1 - - [05/Jan/2023:14:46:17 -0800] "GET /instagram-houston/post-later/01-05-2023-1306055-8-dead-in-Utah-murder-suicide-after-wife-sought-d.txt HTTP/1.1" 200 1110 "-" "Mozilla/5.0 (compatible; AhrefsBot/7.0; +http://ahrefs.com/robot/)" "metrocrimedaily.com"
51.222.253.9 - - [05/Jan/2023:14:48:24 -0800] "GET /instagram-houston/post-later/?C=D;O=D HTTP/1.1" 200 2448 "-" "Mozilla/5.0 (compatible; AhrefsBot/7.0; +http://ahrefs.com/robot/)" "metrocrimedaily.com"
69.63.184.2 - - [05/Jan/2023:14:48:38 -0800] "GET /instagram-losangeles/01-05-2023-1617143-A.jpg HTTP/1.1" 200 203670 "-" "facebookexternalhit/1.1 (+http://www.facebook.com/externalhit_uatext.php)" "www.metrocrimedaily.com"
69.63.184.116 - - [05/Jan/2023:14:49:02 -0800] "GET /instagram-stlouis/01-05-2023-1648411-A.jpg HTTP/1.1" 200 304758 "-" "facebookexternalhit/1.1 (+http://www.facebook.com/externalhit_uatext.php)" "www.metrocrimedaily.com"
51.222.253.14 - - [05/Jan/2023:14:50:46 -0800] "GET /instagram-chicago/01-03-2023-1653152-Court-vacates-convictions-in-1992-murder-case-con.txt HTTP/1.1" 200 1100 "-" "Mozilla/5.0 (compatible; AhrefsBot/7.0; +http://ahrefs.com/robot/)" "metrocrimedaily.com"
69.63.184.5 - - [05/Jan/2023:14:51:03 -0800] "GET /instagram-neworleans/01-05-2023-1619393-A.jpg HTTP/1.1" 200 563439 "-" "facebookexternalhit/1.1 (+http://www.facebook.com/externalhit_uatext.php)" "www.metrocrimedaily.com"
69.63.184.118 - - [05/Jan/2023:14:51:06 -0800] "GET /instagram-miami/01-05-2023-1619153-A.jpg HTTP/1.1" 200 245859 "-" "facebookexternalhit/1.1 (+http://www.facebook.com/externalhit_uatext.php)" "www.metrocrimedaily.com"
69.63.184.5 - - [05/Jan/2023:14:51:57 -0800] "GET /instagram-dallas/01-05-2023-1651361-A.jpg HTTP/1.1" 200 130360 "-" "facebookexternalhit/1.1 (+http://www.facebook.com/externalhit_uatext.php)" "www.metrocrimedaily.com"
35.185.241.102 - - [05/Jan/2023:14:53:33 -0800] "GET / HTTP/1.1" 200 273278 "-" "Mozilla/5.0 (Windows NT 6.1; WOW64; Trident/7.0; rv:11.0) like Gecko" "www.metrocrimedaily.com"
35.185.241.102 - - [05/Jan/2023:14:53:33 -0800] "GET / HTTP/1.1" 200 273278 "-" "Mozilla/5.0 (Windows NT 6.1; WOW64; Trident/7.0; rv:11.0) like Gecko" "www.metrocrimedaily.com"
51.222.253.2 - - [05/Jan/2023:14:55:03 -0800] "GET /instagram-chicago/01-03-2023-1802231-Two-arrested-after-gunfire-in-Elgin-.txt HTTP/1.1" 200 533 "-" "Mozilla/5.0 (compatible; AhrefsBot/7.0; +http://ahrefs.com/robot/)" "metrocrimedaily.com"
69.63.184.118 - - [05/Jan/2023:14:56:56 -0800] "GET /instagram-atlanta/01-05-2023-1656351-A.jpg HTTP/1.1" 200 213423 "-" "facebookexternalhit/1.1 (+http://www.facebook.com/externalhit_uatext.php)" "www.metrocrimedaily.com"
51.222.253.13 - - [05/Jan/2023:14:59:43 -0800] "GET /instagram-chicago/01-03-2023-1802232-McHenry-man-with-1999-reckless-homicide-convictio.txt HTTP/1.1" 200 841 "-" "Mozilla/5.0 (compatible; AhrefsBot/7.0; +http://ahrefs.com/robot/)" "metrocrimedaily.com"
69.63.184.120 - - [05/Jan/2023:15:04:35 -0800] "GET /instagram-stlouis/01-05-2023-1648412-A.jpg HTTP/1.1" 200 724555 "-" "facebookexternalhit/1.1 (+http://www.facebook.com/externalhit_uatext.php)" "www.metrocrimedaily.com"
69.63.184.5 - - [05/Jan/2023:15:04:44 -0800] "GET /instagram-houston/01-05-2023-1704251-A.jpg HTTP/1.1" 200 75264 "-" "facebookexternalhit/1.1 (+http://www.facebook.com/externalhit_uatext.php)" "www.metrocrimedaily.com"
51.222.253.11 - - [05/Jan/2023:15:04:44 -0800] "GET /instagram-chicago/01-03-2023-1915441-Father-charged-with-murder-in-death-of-Mount-Pros.txt HTTP/1.1" 200 799 "-" "Mozilla/5.0 (compatible; AhrefsBot/7.0; +http://ahrefs.com/robot/)" "metrocrimedaily.com"
69.63.184.120 - - [05/Jan/2023:15:06:36 -0800] "GET /instagram-neworleans/01-05-2023-1619394-A.jpg HTTP/1.1" 200 431245 "-" "facebookexternalhit/1.1 (+http://www.facebook.com/externalhit_uatext.php)" "www.metrocrimedaily.com"
69.63.184.2 - - [05/Jan/2023:15:08:18 -0800] "GET /instagram-chicago/01-05-2023-1707571-A.jpg HTTP/1.1" 200 80139 "-" "facebookexternalhit/1.1 (+http://www.facebook.com/externalhit_uatext.php)" "www.metrocrimedaily.com"
51.222.253.1 - - [05/Jan/2023:15:09:38 -0800] "GET /instagram-chicago/01-03-2023-1915442-50-years-in-prison-apiece-for-2-gang-members-who-.txt HTTP/1.1" 200 1131 "-" "Mozilla/5.0 (compatible; AhrefsBot/7.0; +http://ahrefs.com/robot/)" "metrocrimedaily.com"
172.58.122.44 - - [05/Jan/2023:15:10:10 -0800] "GET / HTTP/1.1" 200 31966 "-" "Mozilla/5.0 (iPhone; CPU iPhone OS 16_1_1 like Mac OS X) AppleWebKit/605.1.15 (KHTML, like Gecko) Version/16.1 Mobile/15E148 Safari/604.1" "www.metrocrimedaily.com"
69.63.184.116 - - [05/Jan/2023:15:12:28 -0800] "GET /instagram-atlanta/01-05-2023-1656352-A.jpg HTTP/1.1" 200 152408 "-" "facebookexternalhit/1.1 (+http://www.facebook.com/externalhit_uatext.php)" "www.metrocrimedaily.com"
51.222.253.12 - - [05/Jan/2023:15:14:12 -0800] "GET /instagram-chicago/01-03-2023-1915443-Man-held-without-bond-after-being-arrested--charg.txt HTTP/1.1" 200 706 "-" "Mozilla/5.0 (compatible; AhrefsBot/7.0; +http://ahrefs.com/robot/)" "metrocrimedaily.com"
51.222.253.8 - - [05/Jan/2023:15:19:09 -0800] "GET /instagram-chicago/01-03-2023-1915444-Judge-vacates-woman---s-double-murder-conviction-.txt HTTP/1.1" 200 1029 "-" "Mozilla/5.0 (compatible; AhrefsBot/7.0; +http://ahrefs.com/robot/)" "metrocrimedaily.com"
69.63.184.119 - - [05/Jan/2023:15:20:08 -0800] "GET /instagram-stlouis/01-05-2023-1648413-A.jpg HTTP/1.1" 200 109698 "-" "facebookexternalhit/1.1 (+http://www.facebook.com/externalhit_uatext.php)" "www.metrocrimedaily.com"
69.63.184.117 - - [05/Jan/2023:15:20:16 -0800] "GET /instagram-houston/01-05-2023-1704252-A.jpg HTTP/1.1" 200 154535 "-" "facebookexternalhit/1.1 (+http://www.facebook.com/externalhit_uatext.php)" "www.metrocrimedaily.com"
51.222.253.19 - - [05/Jan/2023:15:24:00 -0800] "GET /instagram-chicago/01-03-2023-2058431--Like-everyone-was-holding-their-breath---Barring.txt HTTP/1.1" 200 1059 "-" "Mozilla/5.0 (compatible; AhrefsBot/7.0; +http://ahrefs.com/robot/)" "metrocrimedaily.com"
69.63.184.4 - - [05/Jan/2023:15:28:00 -0800] "GET /instagram-atlanta/01-05-2023-1656353-A.jpg HTTP/1.1" 200 90534 "-" "facebookexternalhit/1.1 (+http://www.facebook.com/externalhit_uatext.php)" "www.metrocrimedaily.com"
51.222.253.19 - - [05/Jan/2023:15:29:05 -0800] "GET /instagram-chicago/01-03-2023-2217011-Illinois-is-poised-to-pass-an-assault-weapons-ban.txt HTTP/1.1" 200 1161 "-" "Mozilla/5.0 (compatible; AhrefsBot/7.0; +http://ahrefs.com/robot/)" "metrocrimedaily.com"
51.222.253.8 - - [05/Jan/2023:15:34:37 -0800] "GET /instagram-chicago/01-04-2023-0536201--A-year-unlike-any-other---Highland-Park-shooting.txt HTTP/1.1" 200 1099 "-" "Mozilla/5.0 (compatible; AhrefsBot/7.0; +http://ahrefs.com/robot/)" "metrocrimedaily.com"
69.63.184.120 - - [05/Jan/2023:15:35:48 -0800] "GET /instagram-houston/01-05-2023-1704253-A.jpg HTTP/1.1" 200 84475 "-" "facebookexternalhit/1.1 (+http://www.facebook.com/externalhit_uatext.php)" "www.metrocrimedaily.com"
51.222.253.16 - - [05/Jan/2023:15:39:09 -0800] "GET /instagram-chicago/01-04-2023-0536202-Hoffman-Estates--police-sergeants-negotiate-3-yea.txt HTTP/1.1" 200 999 "-" "Mozilla/5.0 (compatible; AhrefsBot/7.0; +http://ahrefs.com/robot/)" "metrocrimedaily.com"
51.222.253.2 - - [05/Jan/2023:15:41:30 -0800] "GET /instagram-chicago/01-04-2023-0708271-Boy--15--seriously-wounded-in-Chatham-shooting-.txt HTTP/1.1" 200 284 "-" "Mozilla/5.0 (compatible; AhrefsBot/7.0; +http://ahrefs.com/robot/)" "metrocrimedaily.com"
69.63.184.116 - - [05/Jan/2023:15:43:35 -0800] "GET /instagram-atlanta/01-05-2023-1656354-A.jpg HTTP/1.1" 200 118795 "-" "facebookexternalhit/1.1 (+http://www.facebook.com/externalhit_uatext.php)" "www.metrocrimedaily.com"
51.222.253.14 - - [05/Jan/2023:15:43:58 -0800] "GET /instagram-chicago/01-04-2023-0814521-Boy--15--shot-at-gas-station-on-South-Side-.txt HTTP/1.1" 200 314 "-" "Mozilla/5.0 (compatible; AhrefsBot/7.0; +http://ahrefs.com/robot/)" "metrocrimedaily.com"
69.63.184.117 - - [05/Jan/2023:15:44:06 -0800] "GET /instagram-atlanta/01-05-2023-1656355-A.jpg HTTP/1.1" 200 122491 "-" "facebookexternalhit/1.1 (+http://www.facebook.com/externalhit_uatext.php)" "www.metrocrimedaily.com"
69.63.184.111 - - [05/Jan/2023:15:44:34 -0800] "GET /instagram-atlanta/01-05-2023-1656356-A.jpg HTTP/1.1" 200 164592 "-" "facebookexternalhit/1.1 (+http://www.facebook.com/externalhit_uatext.php)" "www.metrocrimedaily.com"
69.63.184.117 - - [05/Jan/2023:15:45:03 -0800] "GET /instagram-atlanta/01-05-2023-1656357-A.jpg HTTP/1.1" 200 214170 "-" "facebookexternalhit/1.1 (+http://www.facebook.com/externalhit_uatext.php)" "www.metrocrimedaily.com"
51.222.253.11 - - [05/Jan/2023:15:47:10 -0800] "GET /instagram-chicago/01-04-2023-0814522-Transgender-Missouri-inmate-executed-for-fatal-st.txt HTTP/1.1" 200 1122 "-" "Mozilla/5.0 (compatible; AhrefsBot/7.0; +http://ahrefs.com/robot/)" "metrocrimedaily.com"
157.55.39.88 - - [05/Jan/2023:15:47:25 -0800] "GET /CRIME-WATCH-MONROE/unix/ HTTP/1.1" 404 88 "-" "Mozilla/5.0 AppleWebKit/537.36 (KHTML, like Gecko; compatible; bingbot/2.0; +http://www.bing.com/bingbot.htm) Chrome/103.0.5060.134 Safari/537.36" "www.metrocrimedaily.com"
