69.63.184.118 - - [04/Jan/2023:21:36:01 -0800] "GET /instagram-dallas/01-04-2023-2319393-A.jpg HTTP/1.1" 200 105395 "-" "facebookexternalhit/1.1 (+http://www.facebook.com/externalhit_uatext.php)" "www.metrocrimedaily.com"
69.63.184.119 - - [04/Jan/2023:21:37:27 -0800] "GET /instagram-stlouis/01-04-2023-2306053-A.jpg HTTP/1.1" 200 103779 "-" "facebookexternalhit/1.1 (+http://www.facebook.com/externalhit_uatext.php)" "www.metrocrimedaily.com"
69.63.184.118 - - [04/Jan/2023:21:37:56 -0800] "GET /instagram-stlouis/01-04-2023-2306054-A.jpg HTTP/1.1" 200 330333 "-" "facebookexternalhit/1.1 (+http://www.facebook.com/externalhit_uatext.php)" "www.metrocrimedaily.com"
76.184.252.42 - - [04/Jan/2023:21:38:07 -0800] "GET /images/police-tape.jpg HTTP/1.1" 200 50766 "-" "Wget/1.20.3 (mingw32)" "metrocrimedaily.com"
69.63.184.120 - - [04/Jan/2023:21:38:18 -0800] "GET /instagram-detroit/01-04-2023-2251224-A.jpg HTTP/1.1" 200 52135 "-" "facebookexternalhit/1.1 (+http://www.facebook.com/externalhit_uatext.php)" "www.metrocrimedaily.com"
69.63.184.3 - - [04/Jan/2023:21:38:24 -0800] "GET /instagram-stlouis/01-04-2023-2306055-A.jpg HTTP/1.1" 200 173795 "-" "facebookexternalhit/1.1 (+http://www.facebook.com/externalhit_uatext.php)" "www.metrocrimedaily.com"
69.63.184.117 - - [04/Jan/2023:21:38:52 -0800] "GET /instagram-stlouis/01-04-2023-2306056-A.jpg HTTP/1.1" 200 173795 "-" "facebookexternalhit/1.1 (+http://www.facebook.com/externalhit_uatext.php)" "www.metrocrimedaily.com"
69.63.184.120 - - [04/Jan/2023:21:39:18 -0800] "GET /instagram-stlouis/01-04-2023-2306057-A.jpg HTTP/1.1" 200 145005 "-" "facebookexternalhit/1.1 (+http://www.facebook.com/externalhit_uatext.php)" "www.metrocrimedaily.com"
69.63.184.117 - - [04/Jan/2023:21:43:30 -0800] "GET /instagram-atlanta/01-04-2023-2342221-A.jpg HTTP/1.1" 200 211511 "-" "facebookexternalhit/1.1 (+http://www.facebook.com/externalhit_uatext.php)" "www.metrocrimedaily.com"
69.63.184.118 - - [04/Jan/2023:21:43:59 -0800] "GET /instagram-atlanta/01-04-2023-2342222-A.jpg HTTP/1.1" 200 125664 "-" "facebookexternalhit/1.1 (+http://www.facebook.com/externalhit_uatext.php)" "www.metrocrimedaily.com"
69.63.184.118 - - [04/Jan/2023:21:44:29 -0800] "GET /instagram-atlanta/01-04-2023-2342223-A.jpg HTTP/1.1" 200 205364 "-" "facebookexternalhit/1.1 (+http://www.facebook.com/externalhit_uatext.php)" "www.metrocrimedaily.com"
51.222.253.2 - - [04/Jan/2023:21:44:35 -0800] "GET /videos/?C=S;O=A HTTP/1.1" 200 312 "-" "Mozilla/5.0 (compatible; AhrefsBot/7.0; +http://ahrefs.com/robot/)" "metrocrimedaily.com"
69.63.184.1 - - [04/Jan/2023:21:44:57 -0800] "GET /instagram-atlanta/01-04-2023-2342224-A.jpg HTTP/1.1" 200 214580 "-" "facebookexternalhit/1.1 (+http://www.facebook.com/externalhit_uatext.php)" "www.metrocrimedaily.com"
157.55.39.100 - - [04/Jan/2023:21:45:17 -0800] "GET /instagram-atlanta/11-20-2022-13554410-Reality-TV-stars-Todd-and-Julie-Chrisley-to-be-se.txt HTTP/1.1" 404 88 "-" "Mozilla/5.0 (compatible; bingbot/2.0; +http://www.bing.com/bingbot.htm)" "www.metrocrimedaily.com"
69.63.184.118 - - [04/Jan/2023:21:45:26 -0800] "GET /instagram-atlanta/01-04-2023-2342225-A.jpg HTTP/1.1" 200 148674 "-" "facebookexternalhit/1.1 (+http://www.facebook.com/externalhit_uatext.php)" "www.metrocrimedaily.com"
69.63.184.4 - - [04/Jan/2023:21:45:56 -0800] "GET /instagram-atlanta/01-04-2023-2342226-A.jpg HTTP/1.1" 200 196415 "-" "facebookexternalhit/1.1 (+http://www.facebook.com/externalhit_uatext.php)" "www.metrocrimedaily.com"
69.63.184.5 - - [04/Jan/2023:21:46:24 -0800] "GET /instagram-atlanta/01-04-2023-2342227-A.jpg HTTP/1.1" 200 191855 "-" "facebookexternalhit/1.1 (+http://www.facebook.com/externalhit_uatext.php)" "www.metrocrimedaily.com"
69.63.184.118 - - [04/Jan/2023:21:48:57 -0800] "GET /instagram-houston/01-04-2023-2348371-A.jpg HTTP/1.1" 200 80940 "-" "facebookexternalhit/1.1 (+http://www.facebook.com/externalhit_uatext.php)" "www.metrocrimedaily.com"
69.63.184.116 - - [04/Jan/2023:21:53:53 -0800] "GET /instagram-detroit/01-04-2023-2251225-A.jpg HTTP/1.1" 200 80415 "-" "facebookexternalhit/1.1 (+http://www.facebook.com/externalhit_uatext.php)" "www.metrocrimedaily.com"
157.55.39.33 - - [04/Jan/2023:21:56:54 -0800] "GET /instagram-dallas/11-23-2022-0308332-Baidu-Claims-Its-Robotaxis-Rival-Traditional-Ride.txt HTTP/1.1" 404 88 "-" "Mozilla/5.0 (compatible; bingbot/2.0; +http://www.bing.com/bingbot.htm)" "www.metrocrimedaily.com"
69.63.184.118 - - [04/Jan/2023:22:00:16 -0800] "GET /instagram-memphis/01-04-2023-2359561-A.jpg HTTP/1.1" 200 99035 "-" "facebookexternalhit/1.1 (+http://www.facebook.com/externalhit_uatext.php)" "www.metrocrimedaily.com"
157.55.39.88 - - [04/Jan/2023:22:01:03 -0800] "GET /instagram-dallas/11-27-2022-1524031-Jim-Lane--attorney-for-Aaron-Dean-in-Atatiana-Jef.txt HTTP/1.1" 404 88 "-" "Mozilla/5.0 AppleWebKit/537.36 (KHTML, like Gecko; compatible; bingbot/2.0; +http://www.bing.com/bingbot.htm) Chrome/103.0.5060.134 Safari/537.36" "www.metrocrimedaily.com"
69.63.184.5 - - [04/Jan/2023:22:04:29 -0800] "GET /instagram-houston/01-04-2023-2348372-A.jpg HTTP/1.1" 200 189784 "-" "facebookexternalhit/1.1 (+http://www.facebook.com/externalhit_uatext.php)" "www.metrocrimedaily.com"
188.166.209.157 - - [04/Jan/2023:22:04:30 -0800] "GET /wp-content/themes/seotheme/db.php?u HTTP/1.1" 404 88 "www.google.com" "Mozlila/5.0 (Linux; Android 7.0; SM-G892A Bulid/NRD90M; wv) AppleWebKit/537.36 (KHTML, like Gecko) Version/4.0 Chrome/60.0.3112.107 Moblie Safari/537.36" "metrocrimedaily.com"
188.166.209.157 - - [04/Jan/2023:22:04:31 -0800] "GET /wp-content/themes/seotheme/db.php?u HTTP/1.1" 404 88 "www.google.com" "Mozlila/5.0 (Linux; Android 7.0; SM-G892A Bulid/NRD90M; wv) AppleWebKit/537.36 (KHTML, like Gecko) Version/4.0 Chrome/60.0.3112.107 Moblie Safari/537.36" "metrocrimedaily.com"
51.222.253.17 - - [04/Jan/2023:22:06:22 -0800] "GET /robots.txt HTTP/1.1" 404 88 "-" "Mozilla/5.0 (compatible; AhrefsBot/7.0; +http://ahrefs.com/robot/)" "metrocrimedaily.com"
54.36.148.152 - - [04/Jan/2023:22:06:24 -0800] "GET / HTTP/1.1" 200 23697 "-" "Mozilla/5.0 (compatible; AhrefsBot/7.0; +http://ahrefs.com/robot/)" "metrocrimedaily.com"
69.63.184.117 - - [04/Jan/2023:22:08:58 -0800] "GET /instagram-stlouis/01-05-2023-0008381-A.jpg HTTP/1.1" 200 103779 "-" "facebookexternalhit/1.1 (+http://www.facebook.com/externalhit_uatext.php)" "www.metrocrimedaily.com"
51.222.253.3 - - [04/Jan/2023:22:16:06 -0800] "GET /instagram-detroit/ HTTP/1.1" 200 1424 "-" "Mozilla/5.0 (compatible; AhrefsBot/7.0; +http://ahrefs.com/robot/)" "metrocrimedaily.com"
54.36.148.111 - - [04/Jan/2023:22:27:01 -0800] "GET /privacy-policy.html HTTP/1.1" 200 2353 "-" "Mozilla/5.0 (compatible; AhrefsBot/7.0; +http://ahrefs.com/robot/)" "metrocrimedaily.com"
157.55.39.44 - - [04/Jan/2023:22:27:32 -0800] "GET /instagram-dallas/11-15-2022-1955104-In-previous-videos--victims-of-Dallas-air-show-cr.txt HTTP/1.1" 404 88 "-" "Mozilla/5.0 (compatible; bingbot/2.0; +http://www.bing.com/bingbot.htm)" "www.metrocrimedaily.com"
69.63.184.1 - - [04/Jan/2023:22:30:50 -0800] "GET /instagram-memphis/01-04-2023-2359562-A.jpg HTTP/1.1" 200 72610 "-" "facebookexternalhit/1.1 (+http://www.facebook.com/externalhit_uatext.php)" "www.metrocrimedaily.com"
69.63.184.119 - - [04/Jan/2023:22:35:02 -0800] "GET /instagram-houston/01-04-2023-2348373-A.jpg HTTP/1.1" 200 189784 "-" "facebookexternalhit/1.1 (+http://www.facebook.com/externalhit_uatext.php)" "www.metrocrimedaily.com"
51.222.253.11 - - [04/Jan/2023:22:37:21 -0800] "GET /instagram-chicago/videos/?C=D;O=A HTTP/1.1" 200 504 "-" "Mozilla/5.0 (compatible; AhrefsBot/7.0; +http://ahrefs.com/robot/)" "metrocrimedaily.com"
157.55.39.88 - - [04/Jan/2023:22:47:27 -0800] "GET /instagram-detroit/11-22-2022-1020451-Man-accidentally-shoots-self-with-unholstered-pis.txt HTTP/1.1" 404 88 "-" "Mozilla/5.0 (compatible; bingbot/2.0; +http://www.bing.com/bingbot.htm)" "www.metrocrimedaily.com"
51.222.253.12 - - [04/Jan/2023:22:48:37 -0800] "GET /instagram-atlanta/01-04-2023-1316222-Man-kills-wife-with-5-children-inside-home--polic.txt HTTP/1.1" 200 594 "-" "Mozilla/5.0 (compatible; AhrefsBot/7.0; +http://ahrefs.com/robot/)" "metrocrimedaily.com"
69.63.184.2 - - [04/Jan/2023:22:57:13 -0800] "GET /instagram-atlanta/01-05-2023-0056511-A.jpg HTTP/1.1" 200 133852 "-" "facebookexternalhit/1.1 (+http://www.facebook.com/externalhit_uatext.php)" "www.metrocrimedaily.com"
51.222.253.5 - - [04/Jan/2023:23:00:13 -0800] "GET /instagram-atlanta/01-04-2023-1316223-Lil-Wayne--Birdman--T.I.--Future-among-notable-po.txt HTTP/1.1" 200 1042 "-" "Mozilla/5.0 (compatible; AhrefsBot/7.0; +http://ahrefs.com/robot/)" "metrocrimedaily.com"
69.63.184.120 - - [04/Jan/2023:23:05:33 -0800] "GET /instagram-houston/01-04-2023-2348374-A.jpg HTTP/1.1" 200 113897 "-" "facebookexternalhit/1.1 (+http://www.facebook.com/externalhit_uatext.php)" "www.metrocrimedaily.com"
69.63.184.117 - - [04/Jan/2023:23:09:02 -0800] "GET /instagram-detroit/01-05-2023-0105441-A.jpg HTTP/1.1" 200 184317 "-" "facebookexternalhit/1.1 (+http://www.facebook.com/externalhit_uatext.php)" "www.metrocrimedaily.com"
51.222.253.14 - - [04/Jan/2023:23:11:50 -0800] "GET /instagram-atlanta/01-04-2023-1316224-Fulton-County-police-arrest-suspect-in-Brooklyn-s.txt HTTP/1.1" 200 393 "-" "Mozilla/5.0 (compatible; AhrefsBot/7.0; +http://ahrefs.com/robot/)" "metrocrimedaily.com"
157.55.39.100 - - [04/Jan/2023:23:21:29 -0800] "GET /instagram-chicago/11-30-2022-1609511-Suburban-man-charged-after-authorities-find-appro.txt HTTP/1.1" 404 88 "-" "Mozilla/5.0 AppleWebKit/537.36 (KHTML, like Gecko; compatible; bingbot/2.0; +http://www.bing.com/bingbot.htm) Chrome/103.0.5060.134 Safari/537.36" "www.metrocrimedaily.com"
51.222.253.14 - - [04/Jan/2023:23:22:59 -0800] "GET /instagram-atlanta/01-04-2023-1316225-Police--Woman-shot-to-death-in-domestic-violence-.txt HTTP/1.1" 200 572 "-" "Mozilla/5.0 (compatible; AhrefsBot/7.0; +http://ahrefs.com/robot/)" "metrocrimedaily.com"
69.63.184.120 - - [04/Jan/2023:23:25:11 -0800] "GET /instagram-memphis/01-05-2023-0124511-A.jpg HTTP/1.1" 200 85339 "-" "facebookexternalhit/1.1 (+http://www.facebook.com/externalhit_uatext.php)" "www.metrocrimedaily.com"
94.23.203.52 - - [04/Jan/2023:23:33:47 -0800] "GET /robots.txt HTTP/1.1" 404 73 "-" "Mozilla/5.0 (compatible; MJ12bot/v1.4.8; http://mj12bot.com/)" "metrocrimedaily.com"
94.23.203.52 - - [04/Jan/2023:23:33:58 -0800] "GET /gov-svc-detroit.html HTTP/1.1" 200 2125 "-" "Mozilla/5.0 (compatible; MJ12bot/v1.4.8; http://mj12bot.com/)" "metrocrimedaily.com"
51.222.253.8 - - [04/Jan/2023:23:35:14 -0800] "GET /instagram-atlanta/01-04-2023-1521031-Employee-arrested-for-trying-to-sneak-drugs-into-.txt HTTP/1.1" 200 476 "-" "Mozilla/5.0 (compatible; AhrefsBot/7.0; +http://ahrefs.com/robot/)" "metrocrimedaily.com"
69.63.184.2 - - [04/Jan/2023:23:36:04 -0800] "GET /instagram-houston/01-04-2023-2348375-A.jpg HTTP/1.1" 200 142480 "-" "facebookexternalhit/1.1 (+http://www.facebook.com/externalhit_uatext.php)" "www.metrocrimedaily.com"
69.63.184.111 - - [04/Jan/2023:23:36:30 -0800] "GET /instagram-houston/01-04-2023-2348376-A.jpg HTTP/1.1" 200 79376 "-" "facebookexternalhit/1.1 (+http://www.facebook.com/externalhit_uatext.php)" "www.metrocrimedaily.com"
69.63.184.4 - - [04/Jan/2023:23:36:57 -0800] "GET /instagram-houston/01-04-2023-2348377-A.jpg HTTP/1.1" 200 82566 "-" "facebookexternalhit/1.1 (+http://www.facebook.com/externalhit_uatext.php)" "www.metrocrimedaily.com"
69.63.184.116 - - [04/Jan/2023:23:37:25 -0800] "GET /instagram-houston/01-04-2023-2348378-A.jpg HTTP/1.1" 200 92674 "-" "facebookexternalhit/1.1 (+http://www.facebook.com/externalhit_uatext.php)" "www.metrocrimedaily.com"
69.63.184.2 - - [04/Jan/2023:23:37:52 -0800] "GET /instagram-houston/01-04-2023-2348379-A.jpg HTTP/1.1" 200 207726 "-" "facebookexternalhit/1.1 (+http://www.facebook.com/externalhit_uatext.php)" "www.metrocrimedaily.com"
69.63.184.117 - - [04/Jan/2023:23:38:20 -0800] "GET /instagram-houston/01-04-2023-23483710-A.jpg HTTP/1.1" 200 192522 "-" "facebookexternalhit/1.1 (+http://www.facebook.com/externalhit_uatext.php)" "www.metrocrimedaily.com"
69.63.184.120 - - [04/Jan/2023:23:38:48 -0800] "GET /instagram-houston/01-04-2023-23483711-A.jpg HTTP/1.1" 200 96148 "-" "facebookexternalhit/1.1 (+http://www.facebook.com/externalhit_uatext.php)" "www.metrocrimedaily.com"
69.63.184.118 - - [04/Jan/2023:23:39:11 -0800] "GET /instagram-houston/01-04-2023-23483712-A.jpg HTTP/1.1" 200 153372 "-" "facebookexternalhit/1.1 (+http://www.facebook.com/externalhit_uatext.php)" "www.metrocrimedaily.com"
76.184.252.42 - - [04/Jan/2023:23:39:24 -0800] "GET /images/police-tape.jpg HTTP/1.1" 200 50766 "-" "Wget/1.20.3 (mingw32)" "metrocrimedaily.com"
69.63.184.117 - - [04/Jan/2023:23:39:33 -0800] "GET /instagram-detroit/01-05-2023-0105442-A.jpg HTTP/1.1" 200 62364 "-" "facebookexternalhit/1.1 (+http://www.facebook.com/externalhit_uatext.php)" "www.metrocrimedaily.com"
69.63.184.120 - - [04/Jan/2023:23:39:37 -0800] "GET /instagram-houston/01-04-2023-23483713-A.jpg HTTP/1.1" 200 225583 "-" "facebookexternalhit/1.1 (+http://www.facebook.com/externalhit_uatext.php)" "www.metrocrimedaily.com"
69.63.184.118 - - [04/Jan/2023:23:40:04 -0800] "GET /instagram-houston/01-04-2023-23483714-A.jpg HTTP/1.1" 200 87983 "-" "facebookexternalhit/1.1 (+http://www.facebook.com/externalhit_uatext.php)" "www.metrocrimedaily.com"
69.63.184.2 - - [04/Jan/2023:23:40:32 -0800] "GET /instagram-houston/01-04-2023-23483715-A.jpg HTTP/1.1" 200 225065 "-" "facebookexternalhit/1.1 (+http://www.facebook.com/externalhit_uatext.php)" "www.metrocrimedaily.com"
51.222.253.3 - - [04/Jan/2023:23:46:23 -0800] "GET /videos/?C=D;O=A HTTP/1.1" 200 312 "-" "Mozilla/5.0 (compatible; AhrefsBot/7.0; +http://ahrefs.com/robot/)" "metrocrimedaily.com"
51.222.253.17 - - [04/Jan/2023:23:57:26 -0800] "GET /instagram-atlanta/01-04-2023-1521032-Suspect-accused-of-throwing-burning----substance-.txt HTTP/1.1" 200 602 "-" "Mozilla/5.0 (compatible; AhrefsBot/7.0; +http://ahrefs.com/robot/)" "metrocrimedaily.com"
69.63.184.5 - - [05/Jan/2023:00:04:54 -0800] "GET /instagram-atlanta/01-05-2023-0204331-A.jpg HTTP/1.1" 200 109252 "-" "facebookexternalhit/1.1 (+http://www.facebook.com/externalhit_uatext.php)" "www.metrocrimedaily.com"
51.222.253.3 - - [05/Jan/2023:00:09:07 -0800] "GET /instagram-atlanta/01-04-2023-1646261-College-scam-mastermind-Rick-Singer-gets-3.5-year.txt HTTP/1.1" 200 1145 "-" "Mozilla/5.0 (compatible; AhrefsBot/7.0; +http://ahrefs.com/robot/)" "metrocrimedaily.com"
69.63.184.118 - - [05/Jan/2023:00:19:21 -0800] "GET /instagram-houston/01-05-2023-0219011-A.jpg HTTP/1.1" 200 144523 "-" "facebookexternalhit/1.1 (+http://www.facebook.com/externalhit_uatext.php)" "www.metrocrimedaily.com"
51.222.253.4 - - [05/Jan/2023:00:21:38 -0800] "GET /instagram-atlanta/01-04-2023-1646262-Two-charged--held-without-bond-in-connection-to-N.txt HTTP/1.1" 200 470 "-" "Mozilla/5.0 (compatible; AhrefsBot/7.0; +http://ahrefs.com/robot/)" "metrocrimedaily.com"
69.63.184.3 - - [05/Jan/2023:00:30:51 -0800] "GET /instagram-detroit/01-05-2023-0230311-A.jpg HTTP/1.1" 200 167405 "-" "facebookexternalhit/1.1 (+http://www.facebook.com/externalhit_uatext.php)" "www.metrocrimedaily.com"
51.222.253.7 - - [05/Jan/2023:00:34:03 -0800] "GET /instagram-atlanta/01-04-2023-1646263-Scams-on-the-rise-as-tax-season-nears-.txt HTTP/1.1" 200 1072 "-" "Mozilla/5.0 (compatible; AhrefsBot/7.0; +http://ahrefs.com/robot/)" "metrocrimedaily.com"
98.209.217.202 - - [05/Jan/2023:00:36:31 -0800] "GET / HTTP/1.1" 200 25260 "https://www.google.com/" "Mozilla/5.0 (Linux; Android 12; SM-G781V) AppleWebKit/537.36 (KHTML, like Gecko) Chrome/108.0.0.0 Mobile Safari/537.36" "www.metrocrimedaily.com"
98.209.217.202 - - [05/Jan/2023:00:36:32 -0800] "GET /styles-mcd.css HTTP/1.1" 200 1159 "http://www.metrocrimedaily.com/" "Mozilla/5.0 (Linux; Android 12; SM-G781V) AppleWebKit/537.36 (KHTML, like Gecko) Chrome/108.0.0.0 Mobile Safari/537.36" "www.metrocrimedaily.com"
69.63.184.119 - - [05/Jan/2023:00:39:50 -0800] "GET /instagram-atlanta/01-05-2023-0239281-A.jpg HTTP/1.1" 200 92898 "-" "facebookexternalhit/1.1 (+http://www.facebook.com/externalhit_uatext.php)" "www.metrocrimedaily.com"
51.222.253.12 - - [05/Jan/2023:00:46:39 -0800] "GET /instagram-atlanta/01-04-2023-1834281-Bystander-shot-while-pumping-gas-in-Decatur--poli.txt HTTP/1.1" 200 378 "-" "Mozilla/5.0 (compatible; AhrefsBot/7.0; +http://ahrefs.com/robot/)" "metrocrimedaily.com"
157.55.39.100 - - [05/Jan/2023:00:49:45 -0800] "GET /instagram-dallas/11-25-2022-1203381-Missing-91-year-old-last-seen-boarding-Greyhound-.txt HTTP/1.1" 404 88 "-" "Mozilla/5.0 (compatible; bingbot/2.0; +http://www.bing.com/bingbot.htm)" "www.metrocrimedaily.com"
157.55.39.33 - - [05/Jan/2023:00:51:53 -0800] "GET /instagram-detroit/11-22-2022-0550091-Police-searching-for-suspects-who-shot-two-studen.txt HTTP/1.1" 404 88 "-" "Mozilla/5.0 AppleWebKit/537.36 (KHTML, like Gecko; compatible; bingbot/2.0; +http://www.bing.com/bingbot.htm) Chrome/103.0.5060.134 Safari/537.36" "www.metrocrimedaily.com"
51.222.253.6 - - [05/Jan/2023:00:59:57 -0800] "GET /instagram-atlanta/01-04-2023-1953511-FBI-ups-reward-for-information-on-RNC--DNC-pipe-b.txt HTTP/1.1" 200 1067 "-" "Mozilla/5.0 (compatible; AhrefsBot/7.0; +http://ahrefs.com/robot/)" "metrocrimedaily.com"
51.222.253.10 - - [05/Jan/2023:01:14:05 -0800] "GET / HTTP/1.1" 200 25260 "-" "Mozilla/5.0 (compatible; AhrefsBot/7.0; +http://ahrefs.com/robot/)" "metrocrimedaily.com"
51.222.253.12 - - [05/Jan/2023:01:14:08 -0800] "GET /images/youtube-logo-tiny.png HTTP/1.1" 200 689 "-" "Mozilla/5.0 (compatible; AhrefsBot/7.0; +http://ahrefs.com/robot/)" "metrocrimedaily.com"
51.222.253.16 - - [05/Jan/2023:01:14:08 -0800] "GET /images/twitter-logo-b-tiny.png HTTP/1.1" 200 1600 "-" "Mozilla/5.0 (compatible; AhrefsBot/7.0; +http://ahrefs.com/robot/)" "metrocrimedaily.com"
51.222.253.20 - - [05/Jan/2023:01:14:08 -0800] "GET /images/crimeinthed-logo.jpg HTTP/1.1" 200 14960 "-" "Mozilla/5.0 (compatible; AhrefsBot/7.0; +http://ahrefs.com/robot/)" "metrocrimedaily.com"
66.249.70.138 - - [05/Jan/2023:01:15:57 -0800] "GET /ads.txt HTTP/1.1" 404 88 "-" "Mozilla/5.0 (compatible; Googlebot/2.1; +http://www.google.com/bot.html)" "metrocrimedaily.com"
51.222.253.20 - - [05/Jan/2023:01:32:32 -0800] "GET /instagram-atlanta/01-04-2023-2056371-22-years-later--Georgia-man-awaiting-retrial-for-.txt HTTP/1.1" 200 1018 "-" "Mozilla/5.0 (compatible; AhrefsBot/7.0; +http://ahrefs.com/robot/)" "metrocrimedaily.com"
51.222.253.1 - - [05/Jan/2023:01:52:25 -0800] "GET /instagram-atlanta/01-04-2023-2232111-Idaho-murder-suspect-Bryan-Kohberger-arrives-in-M.txt HTTP/1.1" 200 1061 "-" "Mozilla/5.0 (compatible; AhrefsBot/7.0; +http://ahrefs.com/robot/)" "metrocrimedaily.com"
157.55.39.88 - - [05/Jan/2023:02:05:06 -0800] "GET /instagram-dallas/11-21-2022-2143332-A-conversation-about-the-deadly-shooting-at-an-LG.txt HTTP/1.1" 404 88 "-" "Mozilla/5.0 (compatible; bingbot/2.0; +http://www.bing.com/bingbot.htm)" "www.metrocrimedaily.com"
51.222.253.5 - - [05/Jan/2023:02:12:38 -0800] "GET /instagram-detroit/01-04-2023-1533401-Two-men-charged-in-bad-batch-of-fentanyl-laced-cr.txt HTTP/1.1" 200 1000 "-" "Mozilla/5.0 (compatible; AhrefsBot/7.0; +http://ahrefs.com/robot/)" "metrocrimedaily.com"
69.63.184.117 - - [05/Jan/2023:02:24:40 -0800] "GET /instagram-neworleans/01-05-2023-0424201-A.jpg HTTP/1.1" 200 111008 "-" "facebookexternalhit/1.1 (+http://www.facebook.com/externalhit_uatext.php)" "www.metrocrimedaily.com"
51.222.253.5 - - [05/Jan/2023:02:35:15 -0800] "GET /instagram-detroit/01-04-2023-1650171-Southfield-police-want-help-finding-missing-15-ye.txt HTTP/1.1" 200 485 "-" "Mozilla/5.0 (compatible; AhrefsBot/7.0; +http://ahrefs.com/robot/)" "metrocrimedaily.com"
69.63.184.120 - - [05/Jan/2023:02:39:34 -0800] "GET /instagram-stlouis/01-05-2023-0439141-A.jpg HTTP/1.1" 200 155218 "-" "facebookexternalhit/1.1 (+http://www.facebook.com/externalhit_uatext.php)" "www.metrocrimedaily.com"
51.222.253.9 - - [05/Jan/2023:02:45:06 -0800] "GET /instagram-detroit/01-04-2023-1650172-Former-Allen-Park-man--registered-sex-offender--s.txt HTTP/1.1" 200 1115 "-" "Mozilla/5.0 (compatible; AhrefsBot/7.0; +http://ahrefs.com/robot/)" "metrocrimedaily.com"
51.222.253.15 - - [05/Jan/2023:02:53:57 -0800] "GET /instagram-detroit/01-04-2023-1650173-No-one-called-911-despite-man-killed-in-front-of-.txt HTTP/1.1" 200 1152 "-" "Mozilla/5.0 (compatible; AhrefsBot/7.0; +http://ahrefs.com/robot/)" "metrocrimedaily.com"
40.77.167.101 - - [05/Jan/2023:03:02:21 -0800] "GET /robots.txt HTTP/1.1" 404 88 "-" "Mozilla/5.0 (compatible; bingbot/2.0; +http://www.bing.com/bingbot.htm)" "metrocrimedaily.com"
157.55.39.88 - - [05/Jan/2023:03:02:21 -0800] "GET / HTTP/1.1" 200 25260 "-" "Mozilla/5.0 (compatible; bingbot/2.0; +http://www.bing.com/bingbot.htm)" "metrocrimedaily.com"
157.55.39.100 - - [05/Jan/2023:03:02:38 -0800] "GET /styles-mcd.css HTTP/1.1" 200 1159 "-" "Mozilla/5.0 (compatible; bingbot/2.0; +http://www.bing.com/bingbot.htm)" "metrocrimedaily.com"
51.222.253.19 - - [05/Jan/2023:03:04:05 -0800] "GET /instagram-detroit/01-04-2023-1838411-Michigan-sex-offender-sentenced-to-15-years-in-pr.txt HTTP/1.1" 200 1071 "-" "Mozilla/5.0 (compatible; AhrefsBot/7.0; +http://ahrefs.com/robot/)" "metrocrimedaily.com"
185.191.171.36 - - [05/Jan/2023:03:08:01 -0800] "GET /robots.txt HTTP/1.1" 404 88 "-" "Mozilla/5.0 (compatible; SemrushBot/7~bl; +http://www.semrush.com/bot.html)" "www.metrocrimedaily.com"
185.191.171.11 - - [05/Jan/2023:03:08:01 -0800] "GET /index.html HTTP/1.1" 200 25260 "-" "Mozilla/5.0 (compatible; SemrushBot/7~bl; +http://www.semrush.com/bot.html)" "www.metrocrimedaily.com"
185.191.171.8 - - [05/Jan/2023:03:08:07 -0800] "GET /sitemap.xml HTTP/1.1" 404 88 "-" "Mozilla/5.0 (compatible; SemrushBot/7~bl; +http://www.semrush.com/bot.html)" "www.metrocrimedaily.com"
95.108.213.56 - - [05/Jan/2023:03:21:45 -0800] "GET /robots.txt HTTP/1.1" 404 73 "-" "Mozilla/5.0 (compatible; YandexBot/3.0; +http://yandex.com/bots)" "metrocrimedaily.com"
69.63.184.116 - - [05/Jan/2023:03:21:46 -0800] "GET /instagram-memphis/01-05-2023-0521261-A.jpg HTTP/1.1" 200 160873 "-" "facebookexternalhit/1.1 (+http://www.facebook.com/externalhit_uatext.php)" "www.metrocrimedaily.com"
95.108.213.52 - - [05/Jan/2023:03:21:49 -0800] "GET / HTTP/1.1" 200 25260 "-" "Mozilla/5.0 (compatible; YandexBot/3.0; +http://yandex.com/bots)" "metrocrimedaily.com"
54.36.148.184 - - [05/Jan/2023:03:22:03 -0800] "GET /index.html HTTP/1.1" 200 25260 "-" "Mozilla/5.0 (compatible; AhrefsBot/7.0; +http://ahrefs.com/robot/)" "metrocrimedaily.com"
5.45.207.91 - - [05/Jan/2023:03:22:27 -0800] "GET /www.detroitnews.com HTTP/1.1" 404 88 "-" "Mozilla/5.0 (compatible; YandexBot/3.0; +http://yandex.com/bots)" "metrocrimedaily.com"
87.250.224.41 - - [05/Jan/2023:03:22:31 -0800] "GET /www.wxyz.com HTTP/1.1" 404 88 "-" "Mozilla/5.0 (compatible; YandexBot/3.0; +http://yandex.com/bots)" "metrocrimedaily.com"
87.250.224.111 - - [05/Jan/2023:03:22:35 -0800] "GET /www.fox2detroit.com HTTP/1.1" 404 88 "-" "Mozilla/5.0 (compatible; YandexBot/3.0; +http://yandex.com/bots)" "metrocrimedaily.com"
69.63.184.119 - - [05/Jan/2023:03:24:39 -0800] "GET /instagram-miami/01-05-2023-0524191-A.jpg HTTP/1.1" 200 146791 "-" "facebookexternalhit/1.1 (+http://www.facebook.com/externalhit_uatext.php)" "www.metrocrimedaily.com"
69.63.184.119 - - [05/Jan/2023:03:28:58 -0800] "GET /instagram-houston/01-05-2023-0528371-A.jpg HTTP/1.1" 200 94223 "-" "facebookexternalhit/1.1 (+http://www.facebook.com/externalhit_uatext.php)" "www.metrocrimedaily.com"
51.222.253.13 - - [05/Jan/2023:03:37:52 -0800] "GET /instagram-houston/videos/?C=M;O=D HTTP/1.1" 200 437 "-" "Mozilla/5.0 (compatible; AhrefsBot/7.0; +http://ahrefs.com/robot/)" "metrocrimedaily.com"
69.63.184.119 - - [05/Jan/2023:03:42:36 -0800] "GET /instagram-stlouis/01-05-2023-0542151-A.jpg HTTP/1.1" 200 93294 "-" "facebookexternalhit/1.1 (+http://www.facebook.com/externalhit_uatext.php)" "www.metrocrimedaily.com"
69.63.184.119 - - [05/Jan/2023:03:43:00 -0800] "GET /instagram-stlouis/01-05-2023-0542152-A.jpg HTTP/1.1" 200 155992 "-" "facebookexternalhit/1.1 (+http://www.facebook.com/externalhit_uatext.php)" "www.metrocrimedaily.com"
69.63.184.119 - - [05/Jan/2023:03:43:27 -0800] "GET /instagram-stlouis/01-05-2023-0542153-A.jpg HTTP/1.1" 200 122089 "-" "facebookexternalhit/1.1 (+http://www.facebook.com/externalhit_uatext.php)" "www.metrocrimedaily.com"
69.63.184.120 - - [05/Jan/2023:03:48:54 -0800] "GET /instagram-atlanta/01-05-2023-0548211-A.jpg HTTP/1.1" 200 120905 "-" "facebookexternalhit/1.1 (+http://www.facebook.com/externalhit_uatext.php)" "www.metrocrimedaily.com"
51.222.253.20 - - [05/Jan/2023:03:53:46 -0800] "GET /instagram-houston/?C=D;O=A HTTP/1.1" 200 2405 "-" "Mozilla/5.0 (compatible; AhrefsBot/7.0; +http://ahrefs.com/robot/)" "metrocrimedaily.com"
76.184.252.42 - - [05/Jan/2023:03:56:18 -0800] "GET /images/police-tape.jpg HTTP/1.1" 200 50766 "-" "Wget/1.20.3 (mingw32)" "metrocrimedaily.com"
69.63.184.119 - - [05/Jan/2023:03:56:29 -0800] "GET /instagram-detroit/01-05-2023-0556061-A.jpg HTTP/1.1" 200 72193 "-" "facebookexternalhit/1.1 (+http://www.facebook.com/externalhit_uatext.php)" "www.metrocrimedaily.com"
69.63.184.1 - - [05/Jan/2023:04:04:36 -0800] "GET /instagram-dallas/01-05-2023-0604161-A.jpg HTTP/1.1" 200 144604 "-" "facebookexternalhit/1.1 (+http://www.facebook.com/externalhit_uatext.php)" "www.metrocrimedaily.com"
51.222.253.17 - - [05/Jan/2023:04:08:20 -0800] "GET /instagram-detroit/01-04-2023-1838412-Man-accused-of-shooting-at-Warren-police-claims-h.txt HTTP/1.1" 200 20 "-" "Mozilla/5.0 (compatible; AhrefsBot/7.0; +http://ahrefs.com/robot/)" "metrocrimedaily.com"
69.63.184.118 - - [05/Jan/2023:04:11:06 -0800] "GET /instagram-neworleans/01-05-2023-0610461-A.jpg HTTP/1.1" 200 139052 "-" "facebookexternalhit/1.1 (+http://www.facebook.com/externalhit_uatext.php)" "www.metrocrimedaily.com"
69.63.184.1 - - [05/Jan/2023:04:17:12 -0800] "GET /instagram-stlouis/01-05-2023-0616511-A.jpg HTTP/1.1" 200 85627 "-" "facebookexternalhit/1.1 (+http://www.facebook.com/externalhit_uatext.php)" "www.metrocrimedaily.com"
69.63.184.2 - - [05/Jan/2023:04:17:39 -0800] "GET /instagram-stlouis/01-05-2023-0616512-A.jpg HTTP/1.1" 200 112338 "-" "facebookexternalhit/1.1 (+http://www.facebook.com/externalhit_uatext.php)" "www.metrocrimedaily.com"
69.63.184.3 - - [05/Jan/2023:04:19:29 -0800] "GET /instagram-atlanta/01-05-2023-0548212-A.jpg HTTP/1.1" 200 109532 "-" "facebookexternalhit/1.1 (+http://www.facebook.com/externalhit_uatext.php)" "www.metrocrimedaily.com"
157.55.39.88 - - [05/Jan/2023:04:20:19 -0800] "GET /instagram-dallas/11-28-2022-0627061-Latest-update-on-deadly-Dallas-shooting-early-Sun.txt HTTP/1.1" 404 88 "-" "Mozilla/5.0 (compatible; bingbot/2.0; +http://www.bing.com/bingbot.htm)" "www.metrocrimedaily.com"
157.55.39.100 - - [05/Jan/2023:04:20:26 -0800] "GET /instagram-dallas/11-22-2022-2145071-Suspects-involved-in-deadly-car-chase-connected-t.txt HTTP/1.1" 404 88 "-" "Mozilla/5.0 (compatible; bingbot/2.0; +http://www.bing.com/bingbot.htm)" "www.metrocrimedaily.com"
157.55.39.100 - - [05/Jan/2023:04:21:27 -0800] "GET /instagram-detroit/11-23-2022-1453335-Worthy--Detroit-Police-officers-won-t-face-charge.txt HTTP/1.1" 404 88 "-" "Mozilla/5.0 (compatible; bingbot/2.0; +http://www.bing.com/bingbot.htm)" "www.metrocrimedaily.com"
51.222.253.14 - - [05/Jan/2023:04:23:20 -0800] "GET /instagram-detroit/01-04-2023-1838413-Detroit-man-accused-of-pointing-gun-at-Warren-pol.txt HTTP/1.1" 200 1052 "-" "Mozilla/5.0 (compatible; AhrefsBot/7.0; +http://ahrefs.com/robot/)" "metrocrimedaily.com"
157.55.39.33 - - [05/Jan/2023:04:28:31 -0800] "GET /www.audacy.com HTTP/1.1" 404 88 "-" "Mozilla/5.0 AppleWebKit/537.36 (KHTML, like Gecko; compatible; bingbot/2.0; +http://www.bing.com/bingbot.htm) Chrome/103.0.5060.134 Safari/537.36" "metrocrimedaily.com"
69.63.184.1 - - [05/Jan/2023:04:36:12 -0800] "GET /instagram-chicago/01-05-2023-0635491-A.jpg HTTP/1.1" 200 114292 "-" "facebookexternalhit/1.1 (+http://www.facebook.com/externalhit_uatext.php)" "www.metrocrimedaily.com"
54.36.148.253 - - [05/Jan/2023:04:36:27 -0800] "GET /robots.txt HTTP/1.1" 404 88 "-" "Mozilla/5.0 (compatible; AhrefsBot/7.0; +http://ahrefs.com/robot/)" "metrocrimedaily.com"
51.222.253.2 - - [05/Jan/2023:04:36:28 -0800] "GET /instagram-detroit/01-04-2023-1838414-Police-ID-suspect-in-noose-incident-at-Grosse-Poi.txt HTTP/1.1" 200 695 "-" "Mozilla/5.0 (compatible; AhrefsBot/7.0; +http://ahrefs.com/robot/)" "metrocrimedaily.com"
69.63.184.5 - - [05/Jan/2023:04:44:26 -0800] "GET /instagram-houston/01-05-2023-0644061-A.jpg HTTP/1.1" 200 159175 "-" "facebookexternalhit/1.1 (+http://www.facebook.com/externalhit_uatext.php)" "www.metrocrimedaily.com"
69.63.184.5 - - [05/Jan/2023:04:45:59 -0800] "GET /instagram-stlouis/ HTTP/1.1" 200 1721 "-" "facebookexternalhit/1.1 (+http://www.facebook.com/externalhit_uatext.php)" "www.metrocrimedaily.com"
51.222.253.12 - - [05/Jan/2023:04:48:16 -0800] "GET /instagram-detroit/01-04-2023-2043581-Detroit-police-want-help-finding-missing-12-year-.txt HTTP/1.1" 200 487 "-" "Mozilla/5.0 (compatible; AhrefsBot/7.0; +http://ahrefs.com/robot/)" "metrocrimedaily.com"
69.63.184.117 - - [05/Jan/2023:04:50:02 -0800] "GET /instagram-atlanta/01-05-2023-0548213-A.jpg HTTP/1.1" 200 155984 "-" "facebookexternalhit/1.1 (+http://www.facebook.com/externalhit_uatext.php)" "www.metrocrimedaily.com"
69.63.184.117 - - [05/Jan/2023:04:50:14 -0800] "GET /instagram-newyork/01-05-2023-0649541-A.jpg HTTP/1.1" 200 85253 "-" "facebookexternalhit/1.1 (+http://www.facebook.com/externalhit_uatext.php)" "www.metrocrimedaily.com"
69.63.184.2 - - [05/Jan/2023:04:50:31 -0800] "GET /instagram-atlanta/01-05-2023-0548214-A.jpg HTTP/1.1" 200 111494 "-" "facebookexternalhit/1.1 (+http://www.facebook.com/externalhit_uatext.php)" "www.metrocrimedaily.com"
69.63.184.116 - - [05/Jan/2023:04:54:00 -0800] "GET /instagram-detroit/01-05-2023-0653391-A.jpg HTTP/1.1" 200 154667 "-" "facebookexternalhit/1.1 (+http://www.facebook.com/externalhit_uatext.php)" "www.metrocrimedaily.com"
76.184.252.42 - - [05/Jan/2023:04:54:18 -0800] "GET /images/police-tape.jpg HTTP/1.1" 200 50766 "-" "Wget/1.20.3 (mingw32)" "metrocrimedaily.com"
69.63.184.120 - - [05/Jan/2023:04:54:26 -0800] "GET /instagram-detroit/01-05-2023-0653392-A.jpg HTTP/1.1" 200 59601 "-" "facebookexternalhit/1.1 (+http://www.facebook.com/externalhit_uatext.php)" "www.metrocrimedaily.com"
51.222.253.13 - - [05/Jan/2023:05:00:03 -0800] "GET /instagram-detroit/01-04-2023-2043582-ATF-data-reveals-how-Detroit-is-getting-guns-off-.txt HTTP/1.1" 200 923 "-" "Mozilla/5.0 (compatible; AhrefsBot/7.0; +http://ahrefs.com/robot/)" "metrocrimedaily.com"
69.63.184.120 - - [05/Jan/2023:05:04:13 -0800] "GET /instagram-losangeles/01-05-2023-0703521-A.jpg HTTP/1.1" 200 131804 "-" "facebookexternalhit/1.1 (+http://www.facebook.com/externalhit_uatext.php)" "www.metrocrimedaily.com"
69.63.184.3 - - [05/Jan/2023:05:06:46 -0800] "GET /instagram-chicago/01-05-2023-0635492-A.jpg HTTP/1.1" 200 147227 "-" "facebookexternalhit/1.1 (+http://www.facebook.com/externalhit_uatext.php)" "www.metrocrimedaily.com"
69.63.184.4 - - [05/Jan/2023:05:08:27 -0800] "GET /instagram-dallas/01-05-2023-0708071-A.jpg HTTP/1.1" 200 62253 "-" "facebookexternalhit/1.1 (+http://www.facebook.com/externalhit_uatext.php)" "www.metrocrimedaily.com"
51.222.253.8 - - [05/Jan/2023:05:11:51 -0800] "GET /robots.txt HTTP/1.1" 404 88 "-" "Mozilla/5.0 (compatible; AhrefsBot/7.0; +http://ahrefs.com/robot/)" "www.metrocrimedaily.com"
54.36.148.82 - - [05/Jan/2023:05:11:52 -0800] "GET / HTTP/1.1" 200 25791 "-" "Mozilla/5.0 (compatible; AhrefsBot/7.0; +http://ahrefs.com/robot/)" "www.metrocrimedaily.com"
54.36.148.228 - - [05/Jan/2023:05:15:14 -0800] "GET /robots.txt HTTP/1.1" 404 88 "-" "Mozilla/5.0 (compatible; AhrefsBot/7.0; +http://ahrefs.com/robot/)" "www.metrocrimedaily.com"
51.222.253.6 - - [05/Jan/2023:05:15:15 -0800] "GET / HTTP/1.1" 200 25791 "-" "Mozilla/5.0 (compatible; AhrefsBot/7.0; +http://ahrefs.com/robot/)" "www.metrocrimedaily.com"
69.63.184.117 - - [05/Jan/2023:05:17:28 -0800] "GET /instagram-stlouis/01-05-2023-0717071-A.jpg HTTP/1.1" 200 124848 "-" "facebookexternalhit/1.1 (+http://www.facebook.com/externalhit_uatext.php)" "www.metrocrimedaily.com"
51.222.253.13 - - [05/Jan/2023:05:17:45 -0800] "GET /instagram-houston/?C=M;O=A HTTP/1.1" 200 2474 "-" "Mozilla/5.0 (compatible; AhrefsBot/7.0; +http://ahrefs.com/robot/)" "metrocrimedaily.com"
54.152.211.138 - - [05/Jan/2023:05:19:56 -0800] "GET /ads.txt HTTP/1.1" 404 88 "-" "AdsTxtCrawler/1.0.2" "metrocrimedaily.com"
51.222.253.3 - - [05/Jan/2023:05:20:57 -0800] "GET /instagram-houston/?C=S;O=A HTTP/1.1" 200 2511 "-" "Mozilla/5.0 (compatible; AhrefsBot/7.0; +http://ahrefs.com/robot/)" "metrocrimedaily.com"
69.63.184.5 - - [05/Jan/2023:05:23:07 -0800] "GET /instagram-houston/01-05-2023-0722481-A.jpg HTTP/1.1" 200 76235 "-" "facebookexternalhit/1.1 (+http://www.facebook.com/externalhit_uatext.php)" "www.metrocrimedaily.com"
51.222.253.9 - - [05/Jan/2023:05:24:22 -0800] "GET /instagram-houston/post-later/ HTTP/1.1" 200 1004 "-" "Mozilla/5.0 (compatible; AhrefsBot/7.0; +http://ahrefs.com/robot/)" "metrocrimedaily.com"
51.222.253.18 - - [05/Jan/2023:05:28:03 -0800] "GET /instagram-houston/videos/?C=S;O=D HTTP/1.1" 200 437 "-" "Mozilla/5.0 (compatible; AhrefsBot/7.0; +http://ahrefs.com/robot/)" "metrocrimedaily.com"
157.55.39.33 - - [05/Jan/2023:05:31:19 -0800] "GET /wgno.com.com HTTP/1.1" 404 88 "-" "Mozilla/5.0 (compatible; bingbot/2.0; +http://www.bing.com/bingbot.htm)" "www.metrocrimedaily.com"
69.63.184.4 - - [05/Jan/2023:05:31:25 -0800] "GET /instagram-atlanta/01-05-2023-0730511-A.jpg HTTP/1.1" 200 100768 "-" "facebookexternalhit/1.1 (+http://www.facebook.com/externalhit_uatext.php)" "www.metrocrimedaily.com"
51.222.253.18 - - [05/Jan/2023:05:32:04 -0800] "GET /instagram-detroit/01-04-2023-2043583-Lawsuit-filed-accusing-bus-driver-of-attacking-De.txt HTTP/1.1" 200 1096 "-" "Mozilla/5.0 (compatible; AhrefsBot/7.0; +http://ahrefs.com/robot/)" "metrocrimedaily.com"
69.63.184.3 - - [05/Jan/2023:05:34:35 -0800] "GET /instagram-neworleans/01-05-2023-0734141-A.jpg HTTP/1.1" 200 137100 "-" "facebookexternalhit/1.1 (+http://www.facebook.com/externalhit_uatext.php)" "www.metrocrimedaily.com"
51.222.253.19 - - [05/Jan/2023:05:35:48 -0800] "GET /instagram-detroit/01-04-2023-2043584-15-years-in-prison-for-Wayne-County-man-who-sough.txt HTTP/1.1" 200 1140 "-" "Mozilla/5.0 (compatible; AhrefsBot/7.0; +http://ahrefs.com/robot/)" "metrocrimedaily.com"
12.228.224.226 - - [05/Jan/2023:05:36:22 -0800] "GET / HTTP/1.1" 200 25791 "-" "Mozilla/5.0 (Windows NT 10.0; Win64; x64) AppleWebKit/537.36 (KHTML, like Gecko) Chrome/108.0.0.0 Safari/537.36" "www.metrocrimedaily.com"
12.228.224.226 - - [05/Jan/2023:05:36:22 -0800] "GET /images/crimeinthed-logo.jpg HTTP/1.1" 200 14960 "http://www.metrocrimedaily.com/" "Mozilla/5.0 (Windows NT 10.0; Win64; x64) AppleWebKit/537.36 (KHTML, like Gecko) Chrome/108.0.0.0 Safari/537.36" "www.metrocrimedaily.com"
12.228.224.226 - - [05/Jan/2023:05:36:22 -0800] "GET /styles-mcd.css HTTP/1.1" 200 1159 "http://www.metrocrimedaily.com/" "Mozilla/5.0 (Windows NT 10.0; Win64; x64) AppleWebKit/537.36 (KHTML, like Gecko) Chrome/108.0.0.0 Safari/537.36" "www.metrocrimedaily.com"
12.228.224.226 - - [05/Jan/2023:05:36:22 -0800] "GET /images/police-tape.jpg HTTP/1.1" 200 50766 "http://www.metrocrimedaily.com/" "Mozilla/5.0 (Windows NT 10.0; Win64; x64) AppleWebKit/537.36 (KHTML, like Gecko) Chrome/108.0.0.0 Safari/537.36" "metrocrimedaily.com"
12.228.224.226 - - [05/Jan/2023:05:36:23 -0800] "GET /images/facebook-logo-tiny.png HTTP/1.1" 200 1280 "http://www.metrocrimedaily.com/" "Mozilla/5.0 (Windows NT 10.0; Win64; x64) AppleWebKit/537.36 (KHTML, like Gecko) Chrome/108.0.0.0 Safari/537.36" "www.metrocrimedaily.com"
12.228.224.226 - - [05/Jan/2023:05:36:23 -0800] "GET /images/youtube-logo-tiny.png HTTP/1.1" 200 689 "http://www.metrocrimedaily.com/" "Mozilla/5.0 (Windows NT 10.0; Win64; x64) AppleWebKit/537.36 (KHTML, like Gecko) Chrome/108.0.0.0 Safari/537.36" "www.metrocrimedaily.com"
12.228.224.226 - - [05/Jan/2023:05:36:23 -0800] "GET /images/twitter-logo-b-tiny.png HTTP/1.1" 200 1600 "http://www.metrocrimedaily.com/" "Mozilla/5.0 (Windows NT 10.0; Win64; x64) AppleWebKit/537.36 (KHTML, like Gecko) Chrome/108.0.0.0 Safari/537.36" "www.metrocrimedaily.com"
157.55.39.88 - - [05/Jan/2023:05:38:37 -0800] "GET /instagram-detroit/11-18-2022-1356121-2-men-to-stand-trial-on-murder-charges-in-deadly-.txt HTTP/1.1" 404 88 "-" "Mozilla/5.0 (compatible; bingbot/2.0; +http://www.bing.com/bingbot.htm)" "www.metrocrimedaily.com"
51.222.253.2 - - [05/Jan/2023:05:39:26 -0800] "GET /instagram-detroit/01-04-2023-2251221-Detroit-police-work-to-ID-body-found-partly-burie.txt HTTP/1.1" 200 391 "-" "Mozilla/5.0 (compatible; AhrefsBot/7.0; +http://ahrefs.com/robot/)" "metrocrimedaily.com"
51.222.253.1 - - [05/Jan/2023:05:43:33 -0800] "GET /instagram-detroit/01-04-2023-2251222-Oxford-schools-seek-to-have-lawsuit-over-mass-sho.txt HTTP/1.1" 200 1128 "-" "Mozilla/5.0 (compatible; AhrefsBot/7.0; +http://ahrefs.com/robot/)" "metrocrimedaily.com"
69.63.184.3 - - [05/Jan/2023:05:44:38 -0800] "GET /instagram-memphis/01-05-2023-0744181-A.jpg HTTP/1.1" 200 124019 "-" "facebookexternalhit/1.1 (+http://www.facebook.com/externalhit_uatext.php)" "www.metrocrimedaily.com"
51.222.253.2 - - [05/Jan/2023:05:47:17 -0800] "GET /instagram-detroit/01-04-2023-2251223-Dearborn-sex-offender-sentenced-to-15-years-in-pr.txt HTTP/1.1" 200 1079 "-" "Mozilla/5.0 (compatible; AhrefsBot/7.0; +http://ahrefs.com/robot/)" "metrocrimedaily.com"
69.63.184.116 - - [05/Jan/2023:05:48:03 -0800] "GET /instagram-stlouis/01-05-2023-0717072-A.jpg HTTP/1.1" 200 261364 "-" "facebookexternalhit/1.1 (+http://www.facebook.com/externalhit_uatext.php)" "www.metrocrimedaily.com"
51.222.253.5 - - [05/Jan/2023:05:51:13 -0800] "GET /instagram-detroit/01-04-2023-2251224-Woman-charged-in-teen-son-s-death-bound-over-for-.txt HTTP/1.1" 200 842 "-" "Mozilla/5.0 (compatible; AhrefsBot/7.0; +http://ahrefs.com/robot/)" "metrocrimedaily.com"
69.63.184.1 - - [05/Jan/2023:05:53:20 -0800] "GET /instagram-newyork/01-05-2023-0753001-A.jpg HTTP/1.1" 200 102437 "-" "facebookexternalhit/1.1 (+http://www.facebook.com/externalhit_uatext.php)" "www.metrocrimedaily.com"
51.222.253.15 - - [05/Jan/2023:05:55:01 -0800] "GET /instagram-detroit/01-04-2023-2251225-Motive-in-Idaho-university-killings-undisclosed-a.txt HTTP/1.1" 200 1084 "-" "Mozilla/5.0 (compatible; AhrefsBot/7.0; +http://ahrefs.com/robot/)" "metrocrimedaily.com"
76.184.252.42 - - [05/Jan/2023:05:55:22 -0800] "GET /images/police-tape.jpg HTTP/1.1" 200 50766 "-" "Wget/1.20.3 (mingw32)" "metrocrimedaily.com"
69.63.184.4 - - [05/Jan/2023:05:55:35 -0800] "GET /instagram-detroit/01-05-2023-0755101-A.jpg HTTP/1.1" 200 64708 "-" "facebookexternalhit/1.1 (+http://www.facebook.com/externalhit_uatext.php)" "www.metrocrimedaily.com"
69.63.184.3 - - [05/Jan/2023:05:56:08 -0800] "GET /instagram-detroit/01-05-2023-0755102-A.jpg HTTP/1.1" 200 79796 "-" "facebookexternalhit/1.1 (+http://www.facebook.com/externalhit_uatext.php)" "www.metrocrimedaily.com"
69.63.184.116 - - [05/Jan/2023:05:56:36 -0800] "GET /instagram-detroit/01-05-2023-0755103-A.jpg HTTP/1.1" 200 83284 "-" "facebookexternalhit/1.1 (+http://www.facebook.com/externalhit_uatext.php)" "www.metrocrimedaily.com"
69.63.184.118 - - [05/Jan/2023:05:57:03 -0800] "GET /instagram-detroit/01-05-2023-0755104-A.jpg HTTP/1.1" 200 227342 "-" "facebookexternalhit/1.1 (+http://www.facebook.com/externalhit_uatext.php)" "www.metrocrimedaily.com"
51.222.253.10 - - [05/Jan/2023:05:58:52 -0800] "GET /instagram-dallas/12-31-2022-0003041-Attempted-Carjacking-Turned-Shooting-Rattles-Dine.txt HTTP/1.1" 404 88 "-" "Mozilla/5.0 (compatible; AhrefsBot/7.0; +http://ahrefs.com/robot/)" "metrocrimedaily.com"
69.63.184.3 - - [05/Jan/2023:06:01:57 -0800] "GET /instagram-atlanta/01-05-2023-0730512-A.jpg HTTP/1.1" 200 106946 "-" "facebookexternalhit/1.1 (+http://www.facebook.com/externalhit_uatext.php)" "www.metrocrimedaily.com"
69.63.184.5 - - [05/Jan/2023:06:02:48 -0800] "GET /instagram-houston/01-05-2023-0801121-A.jpg HTTP/1.1" 200 84201 "-" "facebookexternalhit/1.1 (+http://www.facebook.com/externalhit_uatext.php)" "www.metrocrimedaily.com"
51.222.253.11 - - [05/Jan/2023:06:03:00 -0800] "GET /instagram-houston/01-04-2023-1109283-Teen-crashes-after-he-was-shot-in-Fort-Bend-Count.txt HTTP/1.1" 200 524 "-" "Mozilla/5.0 (compatible; AhrefsBot/7.0; +http://ahrefs.com/robot/)" "metrocrimedaily.com"
69.63.184.4 - - [05/Jan/2023:06:03:00 -0800] "GET /instagram-miami/01-05-2023-0802401-A.jpg HTTP/1.1" 200 106916 "-" "facebookexternalhit/1.1 (+http://www.facebook.com/externalhit_uatext.php)" "www.metrocrimedaily.com"
51.222.253.4 - - [05/Jan/2023:06:07:06 -0800] "GET /instagram-houston/01-04-2023-1157131-Proud-Boys-go-to-trial-on-sedition-as-Jan.-6-prob.txt HTTP/1.1" 200 1098 "-" "Mozilla/5.0 (compatible; AhrefsBot/7.0; +http://ahrefs.com/robot/)" "metrocrimedaily.com"
157.55.39.44 - - [05/Jan/2023:06:10:35 -0800] "GET /instagram-dallas/11-22-2022-1653443-Man-in-his-20s-found-fatally-shot-inside-running-.txt HTTP/1.1" 404 88 "-" "Mozilla/5.0 AppleWebKit/537.36 (KHTML, like Gecko; compatible; bingbot/2.0; +http://www.bing.com/bingbot.htm) Chrome/103.0.5060.134 Safari/537.36" "www.metrocrimedaily.com"
51.222.253.20 - - [05/Jan/2023:06:11:18 -0800] "GET /instagram-houston/01-04-2023-1157132-Man-accused-of-stabbing-female-roommate-to-death-.txt HTTP/1.1" 200 893 "-" "Mozilla/5.0 (compatible; AhrefsBot/7.0; +http://ahrefs.com/robot/)" "metrocrimedaily.com"
69.63.184.120 - - [05/Jan/2023:06:14:02 -0800] "GET /instagram-chicago/01-05-2023-0813401-A.jpg HTTP/1.1" 200 511272 "-" "facebookexternalhit/1.1 (+http://www.facebook.com/externalhit_uatext.php)" "www.metrocrimedaily.com"
69.63.184.1 - - [05/Jan/2023:06:14:27 -0800] "GET /instagram-losangeles/01-05-2023-0814061-A.jpg HTTP/1.1" 200 269496 "-" "facebookexternalhit/1.1 (+http://www.facebook.com/externalhit_uatext.php)" "www.metrocrimedaily.com"
51.222.253.10 - - [05/Jan/2023:06:15:47 -0800] "GET /instagram-houston/01-04-2023-1244071-In-the-News-Now--Latest-on-the-Idaho-student-murd.txt HTTP/1.1" 200 144 "-" "Mozilla/5.0 (compatible; AhrefsBot/7.0; +http://ahrefs.com/robot/)" "metrocrimedaily.com"
69.63.184.117 - - [05/Jan/2023:06:18:34 -0800] "GET /instagram-stlouis/01-05-2023-0717073-A.jpg HTTP/1.1" 200 90877 "-" "facebookexternalhit/1.1 (+http://www.facebook.com/externalhit_uatext.php)" "www.metrocrimedaily.com"
51.222.253.7 - - [05/Jan/2023:06:19:25 -0800] "GET /instagram-houston/01-04-2023-1244072----We-can---t-move-on-with-our-lives-----Grandpar.txt HTTP/1.1" 200 1143 "-" "Mozilla/5.0 (compatible; AhrefsBot/7.0; +http://ahrefs.com/robot/)" "metrocrimedaily.com"
172.58.122.44 - - [05/Jan/2023:06:19:44 -0800] "GET / HTTP/1.1" 200 26673 "-" "Mozilla/5.0 (iPhone; CPU iPhone OS 16_1_1 like Mac OS X) AppleWebKit/605.1.15 (KHTML, like Gecko) Version/16.1 Mobile/15E148 Safari/604.1" "www.metrocrimedaily.com"
207.46.13.113 - - [05/Jan/2023:06:20:35 -0800] "GET /instagram-dallas/11-23-2022-2333181-Teen-shot-by-ex-San-Antonio-police-officer-return.txt HTTP/1.1" 404 88 "-" "Mozilla/5.0 (compatible; bingbot/2.0; +http://www.bing.com/bingbot.htm)" "www.metrocrimedaily.com"
69.63.184.118 - - [05/Jan/2023:06:22:25 -0800] "GET /instagram-dallas/01-05-2023-0822031-A.jpg HTTP/1.1" 200 165976 "-" "facebookexternalhit/1.1 (+http://www.facebook.com/externalhit_uatext.php)" "www.metrocrimedaily.com"
157.55.39.88 - - [05/Jan/2023:06:22:40 -0800] "GET /instagram-dallas/11-21-2022-1651581-UVA-Football-Player-Wounded-in-Shooting-Gets-Out-.txt HTTP/1.1" 404 88 "-" "Mozilla/5.0 AppleWebKit/537.36 (KHTML, like Gecko; compatible; bingbot/2.0; +http://www.bing.com/bingbot.htm) Chrome/103.0.5060.134 Safari/537.36" "www.metrocrimedaily.com"
51.222.253.14 - - [05/Jan/2023:06:23:41 -0800] "GET /instagram-houston/01-04-2023-1348581-Athletes--COVID-Vaccine---Cardiac-Arrest---Expert.txt HTTP/1.1" 200 49 "-" "Mozilla/5.0 (compatible; AhrefsBot/7.0; +http://ahrefs.com/robot/)" "metrocrimedaily.com"
51.222.253.7 - - [05/Jan/2023:06:27:33 -0800] "GET /instagram-houston/01-04-2023-1348582-Man-charged-in-students--killings-might-be-headed.txt HTTP/1.1" 200 1088 "-" "Mozilla/5.0 (compatible; AhrefsBot/7.0; +http://ahrefs.com/robot/)" "metrocrimedaily.com"
172.58.122.216 - - [05/Jan/2023:06:31:35 -0800] "GET / HTTP/1.1" 200 26673 "-" "Mozilla/5.0 (Linux; Android 12; SM-A037U) AppleWebKit/537.36 (KHTML, like Gecko) Chrome/108.0.0.0 Mobile Safari/537.36" "www.metrocrimedaily.com"
172.58.122.216 - - [05/Jan/2023:06:31:35 -0800] "GET /images/police-tape.jpg HTTP/1.1" 200 50766 "http://www.metrocrimedaily.com/" "Mozilla/5.0 (Linux; Android 12; SM-A037U) AppleWebKit/537.36 (KHTML, like Gecko) Chrome/108.0.0.0 Mobile Safari/537.36" "metrocrimedaily.com"
172.58.122.216 - - [05/Jan/2023:06:31:35 -0800] "GET /images/crimeinthed-logo.jpg HTTP/1.1" 304 - "http://www.metrocrimedaily.com/" "Mozilla/5.0 (Linux; Android 12; SM-A037U) AppleWebKit/537.36 (KHTML, like Gecko) Chrome/108.0.0.0 Mobile Safari/537.36" "www.metrocrimedaily.com"
51.222.253.15 - - [05/Jan/2023:06:31:38 -0800] "GET /instagram-houston/01-04-2023-1348583-California-man-arrested--suspected-of-intentional.txt HTTP/1.1" 200 1057 "-" "Mozilla/5.0 (compatible; AhrefsBot/7.0; +http://ahrefs.com/robot/)" "metrocrimedaily.com"
172.58.122.216 - - [05/Jan/2023:06:31:51 -0800] "GET /images/facebook-logo-tiny.png HTTP/1.1" 304 - "http://www.metrocrimedaily.com/" "Mozilla/5.0 (Linux; Android 12; SM-A037U) AppleWebKit/537.36 (KHTML, like Gecko) Chrome/108.0.0.0 Mobile Safari/537.36" "www.metrocrimedaily.com"
172.58.122.216 - - [05/Jan/2023:06:31:51 -0800] "GET /images/youtube-logo-tiny.png HTTP/1.1" 304 - "http://www.metrocrimedaily.com/" "Mozilla/5.0 (Linux; Android 12; SM-A037U) AppleWebKit/537.36 (KHTML, like Gecko) Chrome/108.0.0.0 Mobile Safari/537.36" "www.metrocrimedaily.com"
172.58.122.216 - - [05/Jan/2023:06:31:52 -0800] "GET /images/twitter-logo-b-tiny.png HTTP/1.1" 304 - "http://www.metrocrimedaily.com/" "Mozilla/5.0 (Linux; Android 12; SM-A037U) AppleWebKit/537.36 (KHTML, like Gecko) Chrome/108.0.0.0 Mobile Safari/537.36" "www.metrocrimedaily.com"
51.222.253.16 - - [05/Jan/2023:06:35:49 -0800] "GET /instagram-houston/01-04-2023-1348584-Teen-brother-discovers-bodies-in-apparent-murder-.txt HTTP/1.1" 200 199 "-" "Mozilla/5.0 (compatible; AhrefsBot/7.0; +http://ahrefs.com/robot/)" "metrocrimedaily.com"
51.222.253.16 - - [05/Jan/2023:06:39:33 -0800] "GET /instagram-houston/01-04-2023-1528251-Up-to-$5K-reward-offered--Who-killed-Julian-Marti.txt HTTP/1.1" 200 554 "-" "Mozilla/5.0 (compatible; AhrefsBot/7.0; +http://ahrefs.com/robot/)" "metrocrimedaily.com"
51.222.253.6 - - [05/Jan/2023:06:44:15 -0800] "GET /instagram-houston/01-04-2023-1528252-Tesla-driver-arrested--suspected-of-intentionally.txt HTTP/1.1" 200 49 "-" "Mozilla/5.0 (compatible; AhrefsBot/7.0; +http://ahrefs.com/robot/)" "metrocrimedaily.com"
69.63.184.3 - - [05/Jan/2023:06:44:36 -0800] "GET /instagram-chicago/01-05-2023-0813402-A.jpg HTTP/1.1" 200 117624 "-" "facebookexternalhit/1.1 (+http://www.facebook.com/externalhit_uatext.php)" "www.metrocrimedaily.com"
69.63.184.4 - - [05/Jan/2023:06:45:00 -0800] "GET /instagram-losangeles/01-05-2023-0814062-A.jpg HTTP/1.1" 200 123185 "-" "facebookexternalhit/1.1 (+http://www.facebook.com/externalhit_uatext.php)" "www.metrocrimedaily.com"
51.222.253.17 - - [05/Jan/2023:06:48:30 -0800] "GET /instagram-houston/01-04-2023-1528253-Grandparents-stand-with-AJ-Armstrong-ahead-of-thi.txt HTTP/1.1" 200 49 "-" "Mozilla/5.0 (compatible; AhrefsBot/7.0; +http://ahrefs.com/robot/)" "metrocrimedaily.com"
69.63.184.5 - - [05/Jan/2023:06:51:30 -0800] "GET /instagram-houston/01-05-2023-0851111-A.jpg HTTP/1.1" 200 71771 "-" "facebookexternalhit/1.1 (+http://www.facebook.com/externalhit_uatext.php)" "www.metrocrimedaily.com"
69.63.184.116 - - [05/Jan/2023:06:51:57 -0800] "GET /instagram-houston/01-05-2023-0851112-A.jpg HTTP/1.1" 200 93987 "-" "facebookexternalhit/1.1 (+http://www.facebook.com/externalhit_uatext.php)" "www.metrocrimedaily.com"
51.222.253.5 - - [05/Jan/2023:06:52:12 -0800] "GET /instagram-houston/01-04-2023-1528254-College-scam-mastermind-Rick-Singer-gets-3.5-year.txt HTTP/1.1" 200 1120 "-" "Mozilla/5.0 (compatible; AhrefsBot/7.0; +http://ahrefs.com/robot/)" "metrocrimedaily.com"
69.63.184.119 - - [05/Jan/2023:06:52:28 -0800] "GET /instagram-houston/01-05-2023-0851113-A.jpg HTTP/1.1" 200 195792 "-" "facebookexternalhit/1.1 (+http://www.facebook.com/externalhit_uatext.php)" "www.metrocrimedaily.com"
69.63.184.116 - - [05/Jan/2023:06:52:57 -0800] "GET /instagram-dallas/01-05-2023-0822032-A.jpg HTTP/1.1" 200 171552 "-" "facebookexternalhit/1.1 (+http://www.facebook.com/externalhit_uatext.php)" "www.metrocrimedaily.com"
69.63.184.116 - - [05/Jan/2023:06:53:00 -0800] "GET /instagram-houston/01-05-2023-0851114-A.jpg HTTP/1.1" 200 72365 "-" "facebookexternalhit/1.1 (+http://www.facebook.com/externalhit_uatext.php)" "www.metrocrimedaily.com"
69.63.184.120 - - [05/Jan/2023:06:53:51 -0800] "GET /instagram-detroit/01-05-2023-0853141-A.jpg HTTP/1.1" 200 99024 "-" "facebookexternalhit/1.1 (+http://www.facebook.com/externalhit_uatext.php)" "www.metrocrimedaily.com"
69.63.184.120 - - [05/Jan/2023:06:54:17 -0800] "GET /instagram-detroit/01-05-2023-0853142-A.jpg HTTP/1.1" 200 80789 "-" "facebookexternalhit/1.1 (+http://www.facebook.com/externalhit_uatext.php)" "www.metrocrimedaily.com"
66.249.70.118 - - [05/Jan/2023:06:54:44 -0800] "GET /robots.txt HTTP/1.1" 404 88 "-" "Mozilla/5.0 (compatible; Googlebot/2.1; +http://www.google.com/bot.html)" "www.metrocrimedaily.com"
