69.63.184.120 - - [04/Jan/2023:16:04:58 -0800] "GET /instagram-neworleans/01-04-2023-1804381-A.jpg HTTP/1.1" 200 209015 "-" "facebookexternalhit/1.1 (+http://www.facebook.com/externalhit_uatext.php)" "www.metrocrimedaily.com"
69.136.136.204 - - [04/Jan/2023:16:05:51 -0800] "GET / HTTP/1.1" 200 22205 "-" "Mozilla/5.0 (iPhone; CPU iPhone OS 14_6 like Mac OS X) AppleWebKit/605.1.15 (KHTML, like Gecko) Version/14.1.1 Mobile/15E148 Safari/604.1" "www.metrocrimedaily.com"
69.136.136.204 - - [04/Jan/2023:16:05:51 -0800] "GET /styles-mcd.css HTTP/1.1" 200 1159 "http://www.metrocrimedaily.com/" "Mozilla/5.0 (iPhone; CPU iPhone OS 14_6 like Mac OS X) AppleWebKit/605.1.15 (KHTML, like Gecko) Version/14.1.1 Mobile/15E148 Safari/604.1" "www.metrocrimedaily.com"
69.136.136.204 - - [04/Jan/2023:16:05:51 -0800] "GET /images/youtube-logo-tiny.png HTTP/1.1" 200 689 "http://www.metrocrimedaily.com/" "Mozilla/5.0 (iPhone; CPU iPhone OS 14_6 like Mac OS X) AppleWebKit/605.1.15 (KHTML, like Gecko) Version/14.1.1 Mobile/15E148 Safari/604.1" "www.metrocrimedaily.com"
69.136.136.204 - - [04/Jan/2023:16:05:51 -0800] "GET /images/twitter-logo-b-tiny.png HTTP/1.1" 200 1600 "http://www.metrocrimedaily.com/" "Mozilla/5.0 (iPhone; CPU iPhone OS 14_6 like Mac OS X) AppleWebKit/605.1.15 (KHTML, like Gecko) Version/14.1.1 Mobile/15E148 Safari/604.1" "www.metrocrimedaily.com"
69.136.136.204 - - [04/Jan/2023:16:05:51 -0800] "GET /images/facebook-logo-tiny.png HTTP/1.1" 200 1280 "http://www.metrocrimedaily.com/" "Mozilla/5.0 (iPhone; CPU iPhone OS 14_6 like Mac OS X) AppleWebKit/605.1.15 (KHTML, like Gecko) Version/14.1.1 Mobile/15E148 Safari/604.1" "www.metrocrimedaily.com"
69.136.136.204 - - [04/Jan/2023:16:05:51 -0800] "GET /images/police-tape.jpg HTTP/1.1" 200 50766 "http://www.metrocrimedaily.com/" "Mozilla/5.0 (iPhone; CPU iPhone OS 14_6 like Mac OS X) AppleWebKit/605.1.15 (KHTML, like Gecko) Version/14.1.1 Mobile/15E148 Safari/604.1" "metrocrimedaily.com"
69.63.184.5 - - [04/Jan/2023:16:05:54 -0800] "GET /instagram-houston/01-04-2023-1734313-A.jpg HTTP/1.1" 200 65465 "-" "facebookexternalhit/1.1 (+http://www.facebook.com/externalhit_uatext.php)" "www.metrocrimedaily.com"
52.87.189.153 - - [04/Jan/2023:16:06:17 -0800] "GET / HTTP/1.1" 200 22205 "-" "Mozilla/5.0 (compatible; proximic; +https://www.comscore.com/Web-Crawler)" "www.metrocrimedaily.com"
69.63.184.3 - - [04/Jan/2023:16:06:57 -0800] "GET /instagram-newyork/01-04-2023-1806371-A.jpg HTTP/1.1" 200 68569 "-" "facebookexternalhit/1.1 (+http://www.facebook.com/externalhit_uatext.php)" "www.metrocrimedaily.com"
69.63.184.118 - - [04/Jan/2023:16:13:24 -0800] "GET /instagram-chicago/01-04-2023-1757222-A.jpg HTTP/1.1" 200 394822 "-" "facebookexternalhit/1.1 (+http://www.facebook.com/externalhit_uatext.php)" "www.metrocrimedaily.com"
69.63.184.117 - - [04/Jan/2023:16:13:35 -0800] "GET /instagram-memphis/01-04-2023-1813141-A.jpg HTTP/1.1" 200 112114 "-" "facebookexternalhit/1.1 (+http://www.facebook.com/externalhit_uatext.php)" "www.metrocrimedaily.com"
99.57.170.251 - - [04/Jan/2023:16:18:55 -0800] "GET / HTTP/1.1" 200 22205 "https://www.google.com/" "Mozilla/5.0 (iPhone; CPU iPhone OS 16_1_1 like Mac OS X) AppleWebKit/605.1.15 (KHTML, like Gecko) Version/16.1 Mobile/15E148 Safari/604.1" "www.metrocrimedaily.com"
99.57.170.251 - - [04/Jan/2023:16:18:55 -0800] "GET /styles-mcd.css HTTP/1.1" 200 1159 "http://www.metrocrimedaily.com/" "Mozilla/5.0 (iPhone; CPU iPhone OS 16_1_1 like Mac OS X) AppleWebKit/605.1.15 (KHTML, like Gecko) Version/16.1 Mobile/15E148 Safari/604.1" "www.metrocrimedaily.com"
99.57.170.251 - - [04/Jan/2023:16:18:55 -0800] "GET /images/facebook-logo-tiny.png HTTP/1.1" 200 1280 "http://www.metrocrimedaily.com/" "Mozilla/5.0 (iPhone; CPU iPhone OS 16_1_1 like Mac OS X) AppleWebKit/605.1.15 (KHTML, like Gecko) Version/16.1 Mobile/15E148 Safari/604.1" "www.metrocrimedaily.com"
99.57.170.251 - - [04/Jan/2023:16:18:55 -0800] "GET /images/youtube-logo-tiny.png HTTP/1.1" 200 689 "http://www.metrocrimedaily.com/" "Mozilla/5.0 (iPhone; CPU iPhone OS 16_1_1 like Mac OS X) AppleWebKit/605.1.15 (KHTML, like Gecko) Version/16.1 Mobile/15E148 Safari/604.1" "www.metrocrimedaily.com"
99.57.170.251 - - [04/Jan/2023:16:18:55 -0800] "GET /images/crimeinthed-logo.jpg HTTP/1.1" 200 14960 "http://www.metrocrimedaily.com/" "Mozilla/5.0 (iPhone; CPU iPhone OS 16_1_1 like Mac OS X) AppleWebKit/605.1.15 (KHTML, like Gecko) Version/16.1 Mobile/15E148 Safari/604.1" "www.metrocrimedaily.com"
99.57.170.251 - - [04/Jan/2023:16:18:55 -0800] "GET /images/police-tape.jpg HTTP/1.1" 200 50766 "http://www.metrocrimedaily.com/" "Mozilla/5.0 (iPhone; CPU iPhone OS 16_1_1 like Mac OS X) AppleWebKit/605.1.15 (KHTML, like Gecko) Version/16.1 Mobile/15E148 Safari/604.1" "metrocrimedaily.com"
99.57.170.251 - - [04/Jan/2023:16:18:55 -0800] "GET /images/twitter-logo-b-tiny.png HTTP/1.1" 200 1600 "http://www.metrocrimedaily.com/" "Mozilla/5.0 (iPhone; CPU iPhone OS 16_1_1 like Mac OS X) AppleWebKit/605.1.15 (KHTML, like Gecko) Version/16.1 Mobile/15E148 Safari/604.1" "www.metrocrimedaily.com"
99.57.170.251 - - [04/Jan/2023:16:19:22 -0800] "GET /index.html HTTP/1.1" 200 22205 "http://www.metrocrimedaily.com/" "Mozilla/5.0 (iPhone; CPU iPhone OS 16_1_1 like Mac OS X) AppleWebKit/605.1.15 (KHTML, like Gecko) Version/16.1 Mobile/15E148 Safari/604.1" "www.metrocrimedaily.com"
99.57.170.251 - - [04/Jan/2023:16:19:22 -0800] "GET /images/police-tape.jpg HTTP/1.1" 200 50766 "http://www.metrocrimedaily.com/" "Mozilla/5.0 (iPhone; CPU iPhone OS 16_1_1 like Mac OS X) AppleWebKit/605.1.15 (KHTML, like Gecko) Version/16.1 Mobile/15E148 Safari/604.1" "metrocrimedaily.com"
99.57.170.251 - - [04/Jan/2023:16:19:22 -0800] "GET /favicon.ico HTTP/1.1" 404 88 "http://www.metrocrimedaily.com/index.html" "Mozilla/5.0 (iPhone; CPU iPhone OS 16_1_1 like Mac OS X) AppleWebKit/605.1.15 (KHTML, like Gecko) Version/16.1 Mobile/15E148 Safari/604.1" "www.metrocrimedaily.com"
99.57.170.251 - - [04/Jan/2023:16:19:43 -0800] "GET /www.fox2detroit.com HTTP/1.1" 404 88 "http://www.metrocrimedaily.com/index.html" "Mozilla/5.0 (iPhone; CPU iPhone OS 16_1_1 like Mac OS X) AppleWebKit/605.1.15 (KHTML, like Gecko) Version/16.1 Mobile/15E148 Safari/604.1" "www.metrocrimedaily.com"
99.57.170.251 - - [04/Jan/2023:16:19:53 -0800] "GET /www.fox2detroit.com HTTP/1.1" 404 88 "http://www.metrocrimedaily.com/index.html" "Mozilla/5.0 (iPhone; CPU iPhone OS 16_1_1 like Mac OS X) AppleWebKit/605.1.15 (KHTML, like Gecko) Version/16.1 Mobile/15E148 Safari/604.1" "www.metrocrimedaily.com"
69.63.184.5 - - [04/Jan/2023:16:21:26 -0800] "GET /instagram-houston/01-04-2023-1734314-A.jpg HTTP/1.1" 200 181265 "-" "facebookexternalhit/1.1 (+http://www.facebook.com/externalhit_uatext.php)" "www.metrocrimedaily.com"
99.57.170.251 - - [04/Jan/2023:16:21:59 -0800] "GET /about-us.html HTTP/1.1" 200 706 "http://www.metrocrimedaily.com/index.html" "Mozilla/5.0 (iPhone; CPU iPhone OS 16_1_1 like Mac OS X) AppleWebKit/605.1.15 (KHTML, like Gecko) Version/16.1 Mobile/15E148 Safari/604.1" "www.metrocrimedaily.com"
99.57.170.251 - - [04/Jan/2023:16:21:59 -0800] "GET /main-menu.html HTTP/1.1" 200 897 "http://www.metrocrimedaily.com/about-us.html" "Mozilla/5.0 (iPhone; CPU iPhone OS 16_1_1 like Mac OS X) AppleWebKit/605.1.15 (KHTML, like Gecko) Version/16.1 Mobile/15E148 Safari/604.1" "www.metrocrimedaily.com"
99.57.170.251 - - [04/Jan/2023:16:21:59 -0800] "GET /social-media-menu.html HTTP/1.1" 200 554 "http://www.metrocrimedaily.com/about-us.html" "Mozilla/5.0 (iPhone; CPU iPhone OS 16_1_1 like Mac OS X) AppleWebKit/605.1.15 (KHTML, like Gecko) Version/16.1 Mobile/15E148 Safari/604.1" "www.metrocrimedaily.com"
99.57.170.251 - - [04/Jan/2023:16:21:59 -0800] "GET /styles-links.css HTTP/1.1" 200 369 "http://www.metrocrimedaily.com/social-media-menu.html" "Mozilla/5.0 (iPhone; CPU iPhone OS 16_1_1 like Mac OS X) AppleWebKit/605.1.15 (KHTML, like Gecko) Version/16.1 Mobile/15E148 Safari/604.1" "www.metrocrimedaily.com"
99.57.170.251 - - [04/Jan/2023:16:21:59 -0800] "GET /styles.css HTTP/1.1" 404 88 "http://www.metrocrimedaily.com/social-media-menu.html" "Mozilla/5.0 (iPhone; CPU iPhone OS 16_1_1 like Mac OS X) AppleWebKit/605.1.15 (KHTML, like Gecko) Version/16.1 Mobile/15E148 Safari/604.1" "www.metrocrimedaily.com"
69.63.184.5 - - [04/Jan/2023:16:22:26 -0800] "GET /instagram-newyork/01-04-2023-1806372-A.jpg HTTP/1.1" 200 100312 "-" "facebookexternalhit/1.1 (+http://www.facebook.com/externalhit_uatext.php)" "www.metrocrimedaily.com"
51.222.253.5 - - [04/Jan/2023:16:24:29 -0800] "GET /robots.txt HTTP/1.1" 404 88 "-" "Mozilla/5.0 (compatible; AhrefsBot/7.0; +http://ahrefs.com/robot/)" "metrocrimedaily.com"
51.222.253.18 - - [04/Jan/2023:16:24:31 -0800] "GET / HTTP/1.1" 200 22205 "-" "Mozilla/5.0 (compatible; AhrefsBot/7.0; +http://ahrefs.com/robot/)" "metrocrimedaily.com"
69.63.184.117 - - [04/Jan/2023:16:26:20 -0800] "GET /instagram-losangeles/01-04-2023-1825151-A.jpg HTTP/1.1" 200 103308 "-" "facebookexternalhit/1.1 (+http://www.facebook.com/externalhit_uatext.php)" "www.metrocrimedaily.com"
69.63.184.120 - - [04/Jan/2023:16:29:42 -0800] "GET /instagram-chicago/01-04-2023-1757223-A.jpg HTTP/1.1" 200 394822 "-" "facebookexternalhit/1.1 (+http://www.facebook.com/externalhit_uatext.php)" "www.metrocrimedaily.com"
157.55.39.88 - - [04/Jan/2023:16:31:51 -0800] "GET /instagram-chicago/11-17-2022-1057141-Police--Shots-fired-during-attempted-car-theft-in.txt HTTP/1.1" 404 88 "-" "Mozilla/5.0 (compatible; bingbot/2.0; +http://www.bing.com/bingbot.htm)" "www.metrocrimedaily.com"
69.63.184.117 - - [04/Jan/2023:16:33:54 -0800] "GET /instagram-dallas/01-04-2023-1833331-A.jpg HTTP/1.1" 200 96167 "-" "facebookexternalhit/1.1 (+http://www.facebook.com/externalhit_uatext.php)" "www.metrocrimedaily.com"
69.63.184.3 - - [04/Jan/2023:16:35:21 -0800] "GET /instagram-atlanta/01-04-2023-1834281-A.jpg HTTP/1.1" 200 83348 "-" "facebookexternalhit/1.1 (+http://www.facebook.com/externalhit_uatext.php)" "www.metrocrimedaily.com"
157.55.39.88 - - [04/Jan/2023:16:36:13 -0800] "GET /instagram-detroit/11-24-2022-0837291-Endangered-missing-advisory-issued-for-77-year-ol.txt HTTP/1.1" 404 88 "-" "Mozilla/5.0 (compatible; bingbot/2.0; +http://www.bing.com/bingbot.htm)" "www.metrocrimedaily.com"
69.63.184.5 - - [04/Jan/2023:16:36:57 -0800] "GET /instagram-houston/01-04-2023-1734315-A.jpg HTTP/1.1" 200 90231 "-" "facebookexternalhit/1.1 (+http://www.facebook.com/externalhit_uatext.php)" "www.metrocrimedaily.com"
69.63.184.120 - - [04/Jan/2023:16:37:57 -0800] "GET /instagram-newyork/01-04-2023-1806373-A.jpg HTTP/1.1" 200 128711 "-" "facebookexternalhit/1.1 (+http://www.facebook.com/externalhit_uatext.php)" "www.metrocrimedaily.com"
69.63.184.117 - - [04/Jan/2023:16:39:24 -0800] "GET /instagram-detroit/01-04-2023-1838411-A.jpg HTTP/1.1" 200 74245 "-" "facebookexternalhit/1.1 (+http://www.facebook.com/externalhit_uatext.php)" "www.metrocrimedaily.com"
69.136.136.204 - - [04/Jan/2023:16:43:42 -0800] "GET / HTTP/1.1" 200 22205 "-" "Mozilla/5.0 (iPhone; CPU iPhone OS 14_6 like Mac OS X) AppleWebKit/605.1.15 (KHTML, like Gecko) Version/14.1.1 Mobile/15E148 Safari/604.1" "www.metrocrimedaily.com"
69.136.136.204 - - [04/Jan/2023:16:43:42 -0800] "GET /styles-mcd.css HTTP/1.1" 200 1159 "http://www.metrocrimedaily.com/" "Mozilla/5.0 (iPhone; CPU iPhone OS 14_6 like Mac OS X) AppleWebKit/605.1.15 (KHTML, like Gecko) Version/14.1.1 Mobile/15E148 Safari/604.1" "www.metrocrimedaily.com"
69.136.136.204 - - [04/Jan/2023:16:43:42 -0800] "GET /images/crimeinthed-logo.jpg HTTP/1.1" 200 14960 "http://www.metrocrimedaily.com/" "Mozilla/5.0 (iPhone; CPU iPhone OS 14_6 like Mac OS X) AppleWebKit/605.1.15 (KHTML, like Gecko) Version/14.1.1 Mobile/15E148 Safari/604.1" "www.metrocrimedaily.com"
69.136.136.204 - - [04/Jan/2023:16:43:42 -0800] "GET /images/facebook-logo-tiny.png HTTP/1.1" 200 1280 "http://www.metrocrimedaily.com/" "Mozilla/5.0 (iPhone; CPU iPhone OS 14_6 like Mac OS X) AppleWebKit/605.1.15 (KHTML, like Gecko) Version/14.1.1 Mobile/15E148 Safari/604.1" "www.metrocrimedaily.com"
69.136.136.204 - - [04/Jan/2023:16:43:42 -0800] "GET /images/twitter-logo-b-tiny.png HTTP/1.1" 200 1600 "http://www.metrocrimedaily.com/" "Mozilla/5.0 (iPhone; CPU iPhone OS 14_6 like Mac OS X) AppleWebKit/605.1.15 (KHTML, like Gecko) Version/14.1.1 Mobile/15E148 Safari/604.1" "www.metrocrimedaily.com"
69.136.136.204 - - [04/Jan/2023:16:43:42 -0800] "GET /images/youtube-logo-tiny.png HTTP/1.1" 200 689 "http://www.metrocrimedaily.com/" "Mozilla/5.0 (iPhone; CPU iPhone OS 14_6 like Mac OS X) AppleWebKit/605.1.15 (KHTML, like Gecko) Version/14.1.1 Mobile/15E148 Safari/604.1" "www.metrocrimedaily.com"
69.136.136.204 - - [04/Jan/2023:16:43:43 -0800] "GET /images/police-tape.jpg HTTP/1.1" 200 50766 "http://www.metrocrimedaily.com/" "Mozilla/5.0 (iPhone; CPU iPhone OS 14_6 like Mac OS X) AppleWebKit/605.1.15 (KHTML, like Gecko) Version/14.1.1 Mobile/15E148 Safari/604.1" "metrocrimedaily.com"
157.55.39.88 - - [04/Jan/2023:16:44:03 -0800] "GET / HTTP/1.1" 200 22205 "-" "Mozilla/5.0 AppleWebKit/537.36 (KHTML, like Gecko; compatible; bingbot/2.0; +http://www.bing.com/bingbot.htm) Chrome/103.0.5060.134 Safari/537.36" "www.metrocrimedaily.com"
157.55.39.44 - - [04/Jan/2023:16:44:28 -0800] "GET /styles-mcd.css HTTP/1.1" 200 1159 "-" "Mozilla/5.0 (compatible; bingbot/2.0; +http://www.bing.com/bingbot.htm)" "www.metrocrimedaily.com"
69.63.184.5 - - [04/Jan/2023:16:46:41 -0800] "GET /instagram-miami/01-04-2023-1846211-A.jpg HTTP/1.1" 200 75282 "-" "facebookexternalhit/1.1 (+http://www.facebook.com/externalhit_uatext.php)" "www.metrocrimedaily.com"
69.63.184.119 - - [04/Jan/2023:16:47:32 -0800] "GET /instagram-stlouis/01-04-2023-1847121-A.jpg HTTP/1.1" 200 304715 "-" "facebookexternalhit/1.1 (+http://www.facebook.com/externalhit_uatext.php)" "www.metrocrimedaily.com"
73.18.233.246 - - [04/Jan/2023:16:48:04 -0800] "GET / HTTP/1.1" 200 22205 "-" "Mozilla/5.0 (iPhone; CPU iPhone OS 16_1_1 like Mac OS X) AppleWebKit/605.1.15 (KHTML, like Gecko) Version/16.1 Mobile/15E148 Safari/604.1" "www.metrocrimedaily.com"
69.63.184.5 - - [04/Jan/2023:16:49:27 -0800] "GET /instagram-dallas/01-04-2023-1833332-A.jpg HTTP/1.1" 200 224632 "-" "facebookexternalhit/1.1 (+http://www.facebook.com/externalhit_uatext.php)" "www.metrocrimedaily.com"
207.46.13.113 - - [04/Jan/2023:16:50:42 -0800] "GET /instagram-detroit/11-11-2022-1316112-Troy-woman-scammed-out-of-$2k-in-scheme-connected.txt HTTP/1.1" 404 88 "-" "Mozilla/5.0 AppleWebKit/537.36 (KHTML, like Gecko; compatible; bingbot/2.0; +http://www.bing.com/bingbot.htm) Chrome/103.0.5060.134 Safari/537.36" "www.metrocrimedaily.com"
69.63.184.119 - - [04/Jan/2023:16:50:53 -0800] "GET /instagram-atlanta/01-04-2023-1834282-A.jpg HTTP/1.1" 200 118156 "-" "facebookexternalhit/1.1 (+http://www.facebook.com/externalhit_uatext.php)" "www.metrocrimedaily.com"
69.63.184.5 - - [04/Jan/2023:16:51:20 -0800] "GET /instagram-atlanta/01-04-2023-1834283-A.jpg HTTP/1.1" 200 147195 "-" "facebookexternalhit/1.1 (+http://www.facebook.com/externalhit_uatext.php)" "www.metrocrimedaily.com"
69.63.184.118 - - [04/Jan/2023:16:51:47 -0800] "GET /instagram-atlanta/01-04-2023-1834284-A.jpg HTTP/1.1" 200 175395 "-" "facebookexternalhit/1.1 (+http://www.facebook.com/externalhit_uatext.php)" "www.metrocrimedaily.com"
69.63.184.4 - - [04/Jan/2023:16:52:15 -0800] "GET /instagram-atlanta/01-04-2023-1834285-A.jpg HTTP/1.1" 200 125087 "-" "facebookexternalhit/1.1 (+http://www.facebook.com/externalhit_uatext.php)" "www.metrocrimedaily.com"
69.63.184.1 - - [04/Jan/2023:16:52:44 -0800] "GET /instagram-atlanta/01-04-2023-1834286-A.jpg HTTP/1.1" 200 297608 "-" "facebookexternalhit/1.1 (+http://www.facebook.com/externalhit_uatext.php)" "www.metrocrimedaily.com"
69.63.184.119 - - [04/Jan/2023:16:53:12 -0800] "GET /instagram-atlanta/01-04-2023-1834287-A.jpg HTTP/1.1" 200 143250 "-" "facebookexternalhit/1.1 (+http://www.facebook.com/externalhit_uatext.php)" "www.metrocrimedaily.com"
137.226.113.44 - - [04/Jan/2023:16:53:26 -0800] "GET / HTTP/1.1" 200 22205 "-" "Mozilla/5.0 zgrab/0.x (compatible; Researchscan/http; +http://researchscan.comsys.rwth-aachen.de)" "www.metrocrimedaily.com"
69.63.184.120 - - [04/Jan/2023:16:53:35 -0800] "GET /instagram-neworleans/01-04-2023-1853151-A.jpg HTTP/1.1" 200 202055 "-" "facebookexternalhit/1.1 (+http://www.facebook.com/externalhit_uatext.php)" "www.metrocrimedaily.com"
69.63.184.120 - - [04/Jan/2023:16:53:39 -0800] "GET /instagram-atlanta/01-04-2023-1834288-A.jpg HTTP/1.1" 200 84650 "-" "facebookexternalhit/1.1 (+http://www.facebook.com/externalhit_uatext.php)" "www.metrocrimedaily.com"
69.63.184.1 - - [04/Jan/2023:16:54:54 -0800] "GET /instagram-detroit/01-04-2023-1838412-A.jpg HTTP/1.1" 200 79243 "-" "facebookexternalhit/1.1 (+http://www.facebook.com/externalhit_uatext.php)" "www.metrocrimedaily.com"
42.83.147.34 - - [04/Jan/2023:16:58:44 -0800] "GET / HTTP/1.1" 200 22205 "-" "Mozilla/5.0 (Windows NT 6.1; Win64; x64) AppleWebKit/537.36 (KHTML, like Gecko)Chrome/74.0.3729.169 Safari/537.36" "metrocrimedaily.com"
69.63.184.118 - - [04/Jan/2023:17:01:18 -0800] "GET /instagram-memphis/01-04-2023-1900581-A.jpg HTTP/1.1" 200 138401 "-" "facebookexternalhit/1.1 (+http://www.facebook.com/externalhit_uatext.php)" "www.metrocrimedaily.com"
69.63.184.116 - - [04/Jan/2023:17:02:12 -0800] "GET /instagram-miami/01-04-2023-1846212-A.jpg HTTP/1.1" 200 197444 "-" "facebookexternalhit/1.1 (+http://www.facebook.com/externalhit_uatext.php)" "www.metrocrimedaily.com"
69.63.184.4 - - [04/Jan/2023:17:03:05 -0800] "GET /instagram-stlouis/01-04-2023-1847122-A.jpg HTTP/1.1" 200 405807 "-" "facebookexternalhit/1.1 (+http://www.facebook.com/externalhit_uatext.php)" "www.metrocrimedaily.com"
69.63.184.5 - - [04/Jan/2023:17:05:00 -0800] "GET /instagram-dallas/01-04-2023-1833333-A.jpg HTTP/1.1" 200 244415 "-" "facebookexternalhit/1.1 (+http://www.facebook.com/externalhit_uatext.php)" "www.metrocrimedaily.com"
69.63.184.120 - - [04/Jan/2023:17:05:28 -0800] "GET /instagram-dallas/01-04-2023-1833334-A.jpg HTTP/1.1" 200 136328 "-" "facebookexternalhit/1.1 (+http://www.facebook.com/externalhit_uatext.php)" "www.metrocrimedaily.com"
69.63.184.3 - - [04/Jan/2023:17:05:57 -0800] "GET /instagram-dallas/01-04-2023-1833335-A.jpg HTTP/1.1" 200 169982 "-" "facebookexternalhit/1.1 (+http://www.facebook.com/externalhit_uatext.php)" "www.metrocrimedaily.com"
69.63.184.2 - - [04/Jan/2023:17:06:26 -0800] "GET /instagram-dallas/01-04-2023-1833336-A.jpg HTTP/1.1" 200 278836 "-" "facebookexternalhit/1.1 (+http://www.facebook.com/externalhit_uatext.php)" "www.metrocrimedaily.com"
69.63.184.3 - - [04/Jan/2023:17:09:05 -0800] "GET /instagram-neworleans/01-04-2023-1853152-A.jpg HTTP/1.1" 200 114960 "-" "facebookexternalhit/1.1 (+http://www.facebook.com/externalhit_uatext.php)" "www.metrocrimedaily.com"
69.63.184.118 - - [04/Jan/2023:17:10:20 -0800] "GET /instagram-detroit/01-04-2023-1838413-A.jpg HTTP/1.1" 200 51492 "-" "facebookexternalhit/1.1 (+http://www.facebook.com/externalhit_uatext.php)" "www.metrocrimedaily.com"
69.63.184.3 - - [04/Jan/2023:17:16:48 -0800] "GET /instagram-memphis/01-04-2023-1900582-A.jpg HTTP/1.1" 200 97012 "-" "facebookexternalhit/1.1 (+http://www.facebook.com/externalhit_uatext.php)" "www.metrocrimedaily.com"
69.63.184.1 - - [04/Jan/2023:17:18:36 -0800] "GET /instagram-stlouis/01-04-2023-1847123-A.jpg HTTP/1.1" 200 350426 "-" "facebookexternalhit/1.1 (+http://www.facebook.com/externalhit_uatext.php)" "www.metrocrimedaily.com"
69.63.184.4 - - [04/Jan/2023:17:20:37 -0800] "GET /instagram-chicago/01-04-2023-1919411-A.jpg HTTP/1.1" 200 108255 "-" "facebookexternalhit/1.1 (+http://www.facebook.com/externalhit_uatext.php)" "www.metrocrimedaily.com"
69.63.184.120 - - [04/Jan/2023:17:25:50 -0800] "GET /instagram-detroit/01-04-2023-1838414-A.jpg HTTP/1.1" 200 106961 "-" "facebookexternalhit/1.1 (+http://www.facebook.com/externalhit_uatext.php)" "www.metrocrimedaily.com"
69.63.184.113 - - [04/Jan/2023:17:26:38 -0800] "GET /instagram-losangeles/01-04-2023-1926171-A.jpg HTTP/1.1" 200 191466 "-" "facebookexternalhit/1.1 (+http://www.facebook.com/externalhit_uatext.php)" "www.metrocrimedaily.com"
69.63.184.4 - - [04/Jan/2023:17:27:03 -0800] "GET /instagram-newyork/01-04-2023-1926431-A.jpg HTTP/1.1" 200 131827 "-" "facebookexternalhit/1.1 (+http://www.facebook.com/externalhit_uatext.php)" "www.metrocrimedaily.com"
68.42.149.170 - - [04/Jan/2023:17:32:04 -0800] "GET / HTTP/1.1" 200 22205 "https://www.google.com/" "Mozilla/5.0 (Linux; Android 13; SAMSUNG SM-G998U) AppleWebKit/537.36 (KHTML, like Gecko) SamsungBrowser/19.0 Chrome/102.0.5005.125 Mobile Safari/537.36" "www.metrocrimedaily.com"
68.42.149.170 - - [04/Jan/2023:17:32:04 -0800] "GET /styles-mcd.css HTTP/1.1" 200 1159 "http://www.metrocrimedaily.com/" "Mozilla/5.0 (Linux; Android 13; SAMSUNG SM-G998U) AppleWebKit/537.36 (KHTML, like Gecko) SamsungBrowser/19.0 Chrome/102.0.5005.125 Mobile Safari/537.36" "www.metrocrimedaily.com"
68.42.149.170 - - [04/Jan/2023:17:32:04 -0800] "GET /images/crimeinthed-logo.jpg HTTP/1.1" 200 14960 "http://www.metrocrimedaily.com/" "Mozilla/5.0 (Linux; Android 13; SAMSUNG SM-G998U) AppleWebKit/537.36 (KHTML, like Gecko) SamsungBrowser/19.0 Chrome/102.0.5005.125 Mobile Safari/537.36" "www.metrocrimedaily.com"
68.42.149.170 - - [04/Jan/2023:17:32:04 -0800] "GET /images/police-tape.jpg HTTP/1.1" 200 50766 "http://www.metrocrimedaily.com/" "Mozilla/5.0 (Linux; Android 13; SAMSUNG SM-G998U) AppleWebKit/537.36 (KHTML, like Gecko) SamsungBrowser/19.0 Chrome/102.0.5005.125 Mobile Safari/537.36" "metrocrimedaily.com"
68.42.149.170 - - [04/Jan/2023:17:32:05 -0800] "GET /images/facebook-logo-tiny.png HTTP/1.1" 200 1280 "http://www.metrocrimedaily.com/" "Mozilla/5.0 (Linux; Android 13; SAMSUNG SM-G998U) AppleWebKit/537.36 (KHTML, like Gecko) SamsungBrowser/19.0 Chrome/102.0.5005.125 Mobile Safari/537.36" "www.metrocrimedaily.com"
68.42.149.170 - - [04/Jan/2023:17:32:05 -0800] "GET /images/youtube-logo-tiny.png HTTP/1.1" 200 689 "http://www.metrocrimedaily.com/" "Mozilla/5.0 (Linux; Android 13; SAMSUNG SM-G998U) AppleWebKit/537.36 (KHTML, like Gecko) SamsungBrowser/19.0 Chrome/102.0.5005.125 Mobile Safari/537.36" "www.metrocrimedaily.com"
68.42.149.170 - - [04/Jan/2023:17:32:05 -0800] "GET /images/twitter-logo-b-tiny.png HTTP/1.1" 200 1600 "http://www.metrocrimedaily.com/" "Mozilla/5.0 (Linux; Android 13; SAMSUNG SM-G998U) AppleWebKit/537.36 (KHTML, like Gecko) SamsungBrowser/19.0 Chrome/102.0.5005.125 Mobile Safari/537.36" "www.metrocrimedaily.com"
68.42.149.170 - - [04/Jan/2023:17:32:05 -0800] "GET /favicon.ico HTTP/1.1" 404 88 "http://www.metrocrimedaily.com/" "Mozilla/5.0 (Linux; Android 13; SAMSUNG SM-G998U) AppleWebKit/537.36 (KHTML, like Gecko) SamsungBrowser/19.0 Chrome/102.0.5005.125 Mobile Safari/537.36" "www.metrocrimedaily.com"
69.63.184.118 - - [04/Jan/2023:17:32:26 -0800] "GET /instagram-memphis/01-04-2023-1900583-A.jpg HTTP/1.1" 200 138401 "-" "facebookexternalhit/1.1 (+http://www.facebook.com/externalhit_uatext.php)" "www.metrocrimedaily.com"
69.63.184.117 - - [04/Jan/2023:17:36:10 -0800] "GET /instagram-chicago/01-04-2023-1919412-A.jpg HTTP/1.1" 200 158243 "-" "facebookexternalhit/1.1 (+http://www.facebook.com/externalhit_uatext.php)" "www.metrocrimedaily.com"
69.63.184.116 - - [04/Jan/2023:17:42:10 -0800] "GET /instagram-losangeles/01-04-2023-1926172-A.jpg HTTP/1.1" 200 243498 "-" "facebookexternalhit/1.1 (+http://www.facebook.com/externalhit_uatext.php)" "www.metrocrimedaily.com"
69.63.184.117 - - [04/Jan/2023:17:42:35 -0800] "GET /instagram-losangeles/01-04-2023-1926173-A.jpg HTTP/1.1" 200 141904 "-" "facebookexternalhit/1.1 (+http://www.facebook.com/externalhit_uatext.php)" "www.metrocrimedaily.com"
73.18.233.246 - - [04/Jan/2023:17:49:10 -0800] "GET / HTTP/1.1" 200 23025 "-" "Mozilla/5.0 (iPhone; CPU iPhone OS 16_1_1 like Mac OS X) AppleWebKit/605.1.15 (KHTML, like Gecko) Version/16.1 Mobile/15E148 Safari/604.1" "www.metrocrimedaily.com"
69.63.184.1 - - [04/Jan/2023:17:50:43 -0800] "GET /instagram-dallas/01-04-2023-1950221-A.jpg HTTP/1.1" 200 204597 "-" "facebookexternalhit/1.1 (+http://www.facebook.com/externalhit_uatext.php)" "www.metrocrimedaily.com"
73.18.233.246 - - [04/Jan/2023:17:51:15 -0800] "GET / HTTP/1.1" 200 23025 "-" "Mozilla/5.0 (iPhone; CPU iPhone OS 16_1_1 like Mac OS X) AppleWebKit/605.1.15 (KHTML, like Gecko) Version/16.1 Mobile/15E148 Safari/604.1" "www.metrocrimedaily.com"
69.63.184.120 - - [04/Jan/2023:17:52:22 -0800] "GET /instagram-stlouis/01-04-2023-1952021-A.jpg HTTP/1.1" 200 216753 "-" "facebookexternalhit/1.1 (+http://www.facebook.com/externalhit_uatext.php)" "www.metrocrimedaily.com"
69.63.184.113 - - [04/Jan/2023:17:53:32 -0800] "GET /instagram-stlouis/01-04-2023-1952022-A.jpg HTTP/1.1" 200 109149 "-" "facebookexternalhit/1.1 (+http://www.facebook.com/externalhit_uatext.php)" "www.metrocrimedaily.com"
69.63.184.120 - - [04/Jan/2023:17:53:55 -0800] "GET /instagram-stlouis/01-04-2023-1952023-A.jpg HTTP/1.1" 200 155249 "-" "facebookexternalhit/1.1 (+http://www.facebook.com/externalhit_uatext.php)" "www.metrocrimedaily.com"
69.63.184.119 - - [04/Jan/2023:17:54:28 -0800] "GET /instagram-atlanta/01-04-2023-1953511-A.jpg HTTP/1.1" 200 115068 "-" "facebookexternalhit/1.1 (+http://www.facebook.com/externalhit_uatext.php)" "www.metrocrimedaily.com"
51.222.253.3 - - [04/Jan/2023:17:54:44 -0800] "GET /privacy-policy.html HTTP/1.1" 200 2353 "-" "Mozilla/5.0 (compatible; AhrefsBot/7.0; +http://ahrefs.com/robot/)" "metrocrimedaily.com"
157.55.39.88 - - [04/Jan/2023:17:54:49 -0800] "GET /instagram-dallas/11-22-2022-2307341-No-Evidence-to-Suggest-Idaho-College-Murder-Victi.txt HTTP/1.1" 404 88 "-" "Mozilla/5.0 AppleWebKit/537.36 (KHTML, like Gecko; compatible; bingbot/2.0; +http://www.bing.com/bingbot.htm) Chrome/103.0.5060.134 Safari/537.36" "www.metrocrimedaily.com"
51.222.253.15 - - [04/Jan/2023:17:54:52 -0800] "GET /styles-mcd.css HTTP/1.1" 200 1159 "-" "Mozilla/5.0 (compatible; AhrefsBot/7.0; +http://ahrefs.com/robot/)" "metrocrimedaily.com"
73.18.233.246 - - [04/Jan/2023:17:56:41 -0800] "GET / HTTP/1.1" 200 23025 "-" "Mozilla/5.0 (iPhone; CPU iPhone OS 16_1_1 like Mac OS X) AppleWebKit/605.1.15 (KHTML, like Gecko) Version/16.1 Mobile/15E148 Safari/604.1" "www.metrocrimedaily.com"
69.63.184.119 - - [04/Jan/2023:17:58:06 -0800] "GET /instagram-losangeles/01-04-2023-1926174-A.jpg HTTP/1.1" 200 211885 "-" "facebookexternalhit/1.1 (+http://www.facebook.com/externalhit_uatext.php)" "www.metrocrimedaily.com"
69.63.184.118 - - [04/Jan/2023:17:58:49 -0800] "GET /instagram-houston/01-04-2023-1958291-A.jpg HTTP/1.1" 200 80898 "-" "facebookexternalhit/1.1 (+http://www.facebook.com/externalhit_uatext.php)" "www.metrocrimedaily.com"
69.63.184.118 - - [04/Jan/2023:18:06:18 -0800] "GET /instagram-dallas/01-04-2023-1950222-A.jpg HTTP/1.1" 200 155741 "-" "facebookexternalhit/1.1 (+http://www.facebook.com/externalhit_uatext.php)" "www.metrocrimedaily.com"
69.63.184.4 - - [04/Jan/2023:18:06:20 -0800] "GET /instagram-miami/01-04-2023-2005461-A.jpg HTTP/1.1" 200 68391 "-" "facebookexternalhit/1.1 (+http://www.facebook.com/externalhit_uatext.php)" "www.metrocrimedaily.com"
69.63.184.117 - - [04/Jan/2023:18:10:00 -0800] "GET /instagram-atlanta/01-04-2023-1953512-A.jpg HTTP/1.1" 200 211145 "-" "facebookexternalhit/1.1 (+http://www.facebook.com/externalhit_uatext.php)" "www.metrocrimedaily.com"
69.63.184.118 - - [04/Jan/2023:18:10:31 -0800] "GET /instagram-atlanta/01-04-2023-1953513-A.jpg HTTP/1.1" 200 101924 "-" "facebookexternalhit/1.1 (+http://www.facebook.com/externalhit_uatext.php)" "www.metrocrimedaily.com"
69.63.184.116 - - [04/Jan/2023:18:10:59 -0800] "GET /instagram-atlanta/01-04-2023-1953514-A.jpg HTTP/1.1" 200 140672 "-" "facebookexternalhit/1.1 (+http://www.facebook.com/externalhit_uatext.php)" "www.metrocrimedaily.com"
69.63.184.117 - - [04/Jan/2023:18:11:28 -0800] "GET /instagram-atlanta/01-04-2023-1953515-A.jpg HTTP/1.1" 200 136793 "-" "facebookexternalhit/1.1 (+http://www.facebook.com/externalhit_uatext.php)" "www.metrocrimedaily.com"
69.63.184.119 - - [04/Jan/2023:18:14:20 -0800] "GET /instagram-houston/01-04-2023-1958292-A.jpg HTTP/1.1" 200 183745 "-" "facebookexternalhit/1.1 (+http://www.facebook.com/externalhit_uatext.php)" "www.metrocrimedaily.com"
69.63.184.3 - - [04/Jan/2023:18:14:52 -0800] "GET /instagram-memphis/01-04-2023-2014321-A.jpg HTTP/1.1" 200 115691 "-" "facebookexternalhit/1.1 (+http://www.facebook.com/externalhit_uatext.php)" "www.metrocrimedaily.com"
69.63.184.119 - - [04/Jan/2023:18:15:17 -0800] "GET /instagram-newyork/01-04-2023-2014571-A.jpg HTTP/1.1" 200 115966 "-" "facebookexternalhit/1.1 (+http://www.facebook.com/externalhit_uatext.php)" "www.metrocrimedaily.com"
69.63.184.2 - - [04/Jan/2023:18:21:51 -0800] "GET /instagram-dallas/01-04-2023-1950223-A.jpg HTTP/1.1" 200 240997 "-" "facebookexternalhit/1.1 (+http://www.facebook.com/externalhit_uatext.php)" "www.metrocrimedaily.com"
69.63.184.117 - - [04/Jan/2023:18:27:09 -0800] "GET /instagram-chicago/01-04-2023-2026471-A.jpg HTTP/1.1" 200 147073 "-" "facebookexternalhit/1.1 (+http://www.facebook.com/externalhit_uatext.php)" "www.metrocrimedaily.com"
69.63.184.116 - - [04/Jan/2023:18:29:53 -0800] "GET /instagram-houston/01-04-2023-1958293-A.jpg HTTP/1.1" 200 75964 "-" "facebookexternalhit/1.1 (+http://www.facebook.com/externalhit_uatext.php)" "www.metrocrimedaily.com"
73.18.233.246 - - [04/Jan/2023:18:29:57 -0800] "GET / HTTP/1.1" 200 23025 "-" "Mozilla/5.0 (iPhone; CPU iPhone OS 16_1_1 like Mac OS X) AppleWebKit/605.1.15 (KHTML, like Gecko) Version/16.1 Mobile/15E148 Safari/604.1" "www.metrocrimedaily.com"
73.18.233.246 - - [04/Jan/2023:18:33:48 -0800] "GET / HTTP/1.1" 200 23025 "-" "Mozilla/5.0 (iPhone; CPU iPhone OS 16_1_1 like Mac OS X) AppleWebKit/605.1.15 (KHTML, like Gecko) Version/16.1 Mobile/15E148 Safari/604.1" "www.metrocrimedaily.com"
69.63.184.4 - - [04/Jan/2023:18:37:25 -0800] "GET /instagram-dallas/01-04-2023-1950224-A.jpg HTTP/1.1" 200 163504 "-" "facebookexternalhit/1.1 (+http://www.facebook.com/externalhit_uatext.php)" "www.metrocrimedaily.com"
69.63.184.1 - - [04/Jan/2023:18:42:43 -0800] "GET /instagram-chicago/01-04-2023-2026472-A.jpg HTTP/1.1" 200 593397 "-" "facebookexternalhit/1.1 (+http://www.facebook.com/externalhit_uatext.php)" "www.metrocrimedaily.com"
69.63.184.3 - - [04/Jan/2023:18:45:24 -0800] "GET /instagram-houston/01-04-2023-1958294-A.jpg HTTP/1.1" 200 66008 "-" "facebookexternalhit/1.1 (+http://www.facebook.com/externalhit_uatext.php)" "www.metrocrimedaily.com"
69.63.184.119 - - [04/Jan/2023:18:45:35 -0800] "GET /instagram-detroit/01-04-2023-2043581-A.jpg HTTP/1.1" 200 67734 "-" "facebookexternalhit/1.1 (+http://www.facebook.com/externalhit_uatext.php)" "www.metrocrimedaily.com"
69.63.184.119 - - [04/Jan/2023:18:45:41 -0800] "GET /instagram-stlouis/01-04-2023-2045191-A.jpg HTTP/1.1" 200 123977 "-" "facebookexternalhit/1.1 (+http://www.facebook.com/externalhit_uatext.php)" "www.metrocrimedaily.com"
66.249.70.116 - - [04/Jan/2023:18:47:07 -0800] "GET /robots.txt HTTP/1.1" 404 88 "-" "Mozilla/5.0 (compatible; Googlebot/2.1; +http://www.google.com/bot.html)" "www.metrocrimedaily.com"
69.63.184.119 - - [04/Jan/2023:18:53:35 -0800] "GET /instagram-losangeles/01-04-2023-2053141-A.jpg HTTP/1.1" 200 366270 "-" "facebookexternalhit/1.1 (+http://www.facebook.com/externalhit_uatext.php)" "www.metrocrimedaily.com"
69.63.184.118 - - [04/Jan/2023:18:56:58 -0800] "GET /instagram-atlanta/01-04-2023-2056371-A.jpg HTTP/1.1" 200 219782 "-" "facebookexternalhit/1.1 (+http://www.facebook.com/externalhit_uatext.php)" "www.metrocrimedaily.com"
69.63.184.1 - - [04/Jan/2023:18:59:16 -0800] "GET /instagram-memphis/01-04-2023-2058521-A.jpg HTTP/1.1" 200 89339 "-" "facebookexternalhit/1.1 (+http://www.facebook.com/externalhit_uatext.php)" "www.metrocrimedaily.com"
69.63.184.119 - - [04/Jan/2023:19:00:56 -0800] "GET /instagram-houston/01-04-2023-1958295-A.jpg HTTP/1.1" 200 61300 "-" "facebookexternalhit/1.1 (+http://www.facebook.com/externalhit_uatext.php)" "www.metrocrimedaily.com"
69.63.184.116 - - [04/Jan/2023:19:01:05 -0800] "GET /instagram-detroit/01-04-2023-2043582-A.jpg HTTP/1.1" 200 174193 "-" "facebookexternalhit/1.1 (+http://www.facebook.com/externalhit_uatext.php)" "www.metrocrimedaily.com"
69.63.184.119 - - [04/Jan/2023:19:01:14 -0800] "GET /instagram-stlouis/01-04-2023-2045192-A.jpg HTTP/1.1" 200 125626 "-" "facebookexternalhit/1.1 (+http://www.facebook.com/externalhit_uatext.php)" "www.metrocrimedaily.com"
69.63.184.2 - - [04/Jan/2023:19:04:09 -0800] "GET /instagram-newyork/01-04-2023-2103491-A.jpg HTTP/1.1" 200 179617 "-" "facebookexternalhit/1.1 (+http://www.facebook.com/externalhit_uatext.php)" "www.metrocrimedaily.com"
69.63.184.5 - - [04/Jan/2023:19:07:16 -0800] "GET /instagram-neworleans/01-04-2023-2106561-A.jpg HTTP/1.1" 200 172029 "-" "facebookexternalhit/1.1 (+http://www.facebook.com/externalhit_uatext.php)" "www.metrocrimedaily.com"
69.63.184.5 - - [04/Jan/2023:19:09:07 -0800] "GET /instagram-losangeles/01-04-2023-2053142-A.jpg HTTP/1.1" 200 499745 "-" "facebookexternalhit/1.1 (+http://www.facebook.com/externalhit_uatext.php)" "www.metrocrimedaily.com"
69.63.184.2 - - [04/Jan/2023:19:12:30 -0800] "GET /instagram-atlanta/01-04-2023-2056372-A.jpg HTTP/1.1" 200 145454 "-" "facebookexternalhit/1.1 (+http://www.facebook.com/externalhit_uatext.php)" "www.metrocrimedaily.com"
69.63.184.5 - - [04/Jan/2023:19:12:56 -0800] "GET /instagram-dallas/01-04-2023-2112361-A.jpg HTTP/1.1" 200 137717 "-" "facebookexternalhit/1.1 (+http://www.facebook.com/externalhit_uatext.php)" "www.metrocrimedaily.com"
69.63.184.3 - - [04/Jan/2023:19:13:02 -0800] "GET /instagram-atlanta/01-04-2023-2056373-A.jpg HTTP/1.1" 200 152603 "-" "facebookexternalhit/1.1 (+http://www.facebook.com/externalhit_uatext.php)" "www.metrocrimedaily.com"
69.63.184.117 - - [04/Jan/2023:19:14:47 -0800] "GET /instagram-memphis/01-04-2023-2058522-A.jpg HTTP/1.1" 200 115066 "-" "facebookexternalhit/1.1 (+http://www.facebook.com/externalhit_uatext.php)" "www.metrocrimedaily.com"
73.18.233.246 - - [04/Jan/2023:19:15:01 -0800] "GET / HTTP/1.1" 304 - "-" "Mozilla/5.0 (iPhone; CPU iPhone OS 16_1_1 like Mac OS X) AppleWebKit/605.1.15 (KHTML, like Gecko) Version/16.1 Mobile/15E148 Safari/604.1" "www.metrocrimedaily.com"
69.63.184.116 - - [04/Jan/2023:19:16:23 -0800] "GET /instagram-houston/01-04-2023-1958296-A.jpg HTTP/1.1" 200 133213 "-" "facebookexternalhit/1.1 (+http://www.facebook.com/externalhit_uatext.php)" "www.metrocrimedaily.com"
69.63.184.3 - - [04/Jan/2023:19:16:36 -0800] "GET /instagram-detroit/01-04-2023-2043583-A.jpg HTTP/1.1" 200 107273 "-" "facebookexternalhit/1.1 (+http://www.facebook.com/externalhit_uatext.php)" "www.metrocrimedaily.com"
157.55.39.88 - - [04/Jan/2023:19:16:48 -0800] "GET /instagram-dallas/11-27-2022-1524031-Jim-Lane--attorney-for-Aaron-Dean-in-Atatiana-Jef.txt HTTP/1.1" 404 88 "-" "Mozilla/5.0 (compatible; bingbot/2.0; +http://www.bing.com/bingbot.htm)" "www.metrocrimedaily.com"
54.36.148.130 - - [04/Jan/2023:19:17:02 -0800] "GET / HTTP/1.1" 200 23025 "-" "Mozilla/5.0 (compatible; AhrefsBot/7.0; +http://ahrefs.com/robot/)" "www.metrocrimedaily.com"
54.187.32.33 - - [04/Jan/2023:19:25:23 -0800] "GET / HTTP/1.1" 200 23025 "-" "Mozilla/5.0 (X11; Linux x86_64) AppleWebKit/537.36 (KHTML, like Gecko) Chrome/83.0.4103.97 Safari/537.36" "metrocrimedaily.com"
54.187.57.19 - - [04/Jan/2023:19:29:57 -0800] "GET / HTTP/1.1" 200 23025 "-" "Mozilla/5.0 (X11; Linux x86_64) AppleWebKit/537.36 (KHTML, like Gecko) Chrome/83.0.4103.97 Safari/537.36" "metrocrimedaily.com"
69.63.184.118 - - [04/Jan/2023:19:30:17 -0800] "GET /instagram-memphis/01-04-2023-2058523-A.jpg HTTP/1.1" 200 131310 "-" "facebookexternalhit/1.1 (+http://www.facebook.com/externalhit_uatext.php)" "www.metrocrimedaily.com"
34.222.73.26 - - [04/Jan/2023:19:31:05 -0800] "GET / HTTP/1.1" 200 23025 "-" "Mozilla/5.0 (X11; Linux x86_64) AppleWebKit/537.36 (KHTML, like Gecko) Chrome/83.0.4103.97 Safari/537.36" "metrocrimedaily.com"
69.63.184.116 - - [04/Jan/2023:19:31:57 -0800] "GET /instagram-houston/01-04-2023-1958297-A.jpg HTTP/1.1" 200 181907 "-" "facebookexternalhit/1.1 (+http://www.facebook.com/externalhit_uatext.php)" "www.metrocrimedaily.com"
69.63.184.5 - - [04/Jan/2023:19:32:06 -0800] "GET /instagram-detroit/01-04-2023-2043584-A.jpg HTTP/1.1" 200 67224 "-" "facebookexternalhit/1.1 (+http://www.facebook.com/externalhit_uatext.php)" "www.metrocrimedaily.com"
34.209.71.67 - - [04/Jan/2023:19:32:59 -0800] "GET / HTTP/1.1" 200 23025 "-" "Mozilla/5.0 (X11; Linux x86_64) AppleWebKit/537.36 (KHTML, like Gecko) Chrome/83.0.4103.97 Safari/537.36" "metrocrimedaily.com"
34.209.71.67 - - [04/Jan/2023:19:33:25 -0800] "GET / HTTP/1.1" 200 23025 "-" "Mozilla/5.0 (X11; Linux x86_64) AppleWebKit/537.36 (KHTML, like Gecko) Chrome/83.0.4103.97 Safari/537.36" "metrocrimedaily.com"
54.148.138.207 - - [04/Jan/2023:19:35:35 -0800] "GET / HTTP/1.1" 200 23025 "-" "Mozilla/5.0 (X11; Linux x86_64) AppleWebKit/537.36 (KHTML, like Gecko) Chrome/83.0.4103.97 Safari/537.36" "metrocrimedaily.com"
69.63.184.5 - - [04/Jan/2023:19:39:32 -0800] "GET /instagram-chicago/01-04-2023-2139121-A.jpg HTTP/1.1" 200 83002 "-" "facebookexternalhit/1.1 (+http://www.facebook.com/externalhit_uatext.php)" "www.metrocrimedaily.com"
69.63.184.120 - - [04/Jan/2023:19:45:01 -0800] "GET /instagram-stlouis/01-04-2023-2144401-A.jpg HTTP/1.1" 200 322634 "-" "facebookexternalhit/1.1 (+http://www.facebook.com/externalhit_uatext.php)" "www.metrocrimedaily.com"
157.55.39.219 - - [04/Jan/2023:19:45:49 -0800] "GET /instagram-dallas/11-28-2022-0027131-Man-arrested-for-holding-razor-blade-to-woman---s.txt HTTP/1.1" 404 88 "-" "Mozilla/5.0 (compatible; bingbot/2.0; +http://www.bing.com/bingbot.htm)" "www.metrocrimedaily.com"
69.63.184.5 - - [04/Jan/2023:19:47:30 -0800] "GET /instagram-houston/01-04-2023-1958298-A.jpg HTTP/1.1" 200 171794 "-" "facebookexternalhit/1.1 (+http://www.facebook.com/externalhit_uatext.php)" "www.metrocrimedaily.com"
157.55.39.33 - - [04/Jan/2023:19:50:12 -0800] "GET /instagram-dallas/11-23-2022-0308332-Baidu-Claims-Its-Robotaxis-Rival-Traditional-Ride.txt HTTP/1.1" 404 88 "-" "Mozilla/5.0 AppleWebKit/537.36 (KHTML, like Gecko; compatible; bingbot/2.0; +http://www.bing.com/bingbot.htm) Chrome/103.0.5060.134 Safari/537.36" "www.metrocrimedaily.com"
69.63.184.4 - - [04/Jan/2023:19:52:26 -0800] "GET /instagram-newyork/01-04-2023-2152071-A.jpg HTTP/1.1" 200 58424 "-" "facebookexternalhit/1.1 (+http://www.facebook.com/externalhit_uatext.php)" "www.metrocrimedaily.com"
69.63.184.118 - - [04/Jan/2023:19:55:10 -0800] "GET /instagram-chicago/01-04-2023-2139122-A.jpg HTTP/1.1" 200 144365 "-" "facebookexternalhit/1.1 (+http://www.facebook.com/externalhit_uatext.php)" "www.metrocrimedaily.com"
69.63.184.117 - - [04/Jan/2023:20:03:02 -0800] "GET /instagram-houston/01-04-2023-1958299-A.jpg HTTP/1.1" 200 177580 "-" "facebookexternalhit/1.1 (+http://www.facebook.com/externalhit_uatext.php)" "www.metrocrimedaily.com"
66.249.70.136 - - [04/Jan/2023:20:04:12 -0800] "GET /robots.txt HTTP/1.1" 404 88 "-" "Mozilla/5.0 (compatible; Googlebot/2.1; +http://www.google.com/bot.html)" "metrocrimedaily.com"
69.63.184.3 - - [04/Jan/2023:20:04:21 -0800] "GET /instagram-losangeles/01-04-2023-2204011-A.jpg HTTP/1.1" 200 160353 "-" "facebookexternalhit/1.1 (+http://www.facebook.com/externalhit_uatext.php)" "www.metrocrimedaily.com"
157.55.39.88 - - [04/Jan/2023:20:05:02 -0800] "GET /instagram-chicago/11-22-2022-1812572-16-year-old-girl-shot-on-sidewalk-near-CTA-Red-Li.txt HTTP/1.1" 404 88 "-" "Mozilla/5.0 AppleWebKit/537.36 (KHTML, like Gecko; compatible; bingbot/2.0; +http://www.bing.com/bingbot.htm) Chrome/103.0.5060.134 Safari/537.36" "www.metrocrimedaily.com"
51.222.253.17 - - [04/Jan/2023:20:07:39 -0800] "GET / HTTP/1.1" 200 23697 "-" "Mozilla/5.0 (compatible; AhrefsBot/7.0; +http://ahrefs.com/robot/)" "www.metrocrimedaily.com"
69.63.184.118 - - [04/Jan/2023:20:08:44 -0800] "GET /instagram-dallas/01-04-2023-2208231-A.jpg HTTP/1.1" 200 172046 "-" "facebookexternalhit/1.1 (+http://www.facebook.com/externalhit_uatext.php)" "www.metrocrimedaily.com"
69.63.184.117 - - [04/Jan/2023:20:10:10 -0800] "GET /instagram-memphis/01-04-2023-2209501-A.jpg HTTP/1.1" 200 114101 "-" "facebookexternalhit/1.1 (+http://www.facebook.com/externalhit_uatext.php)" "www.metrocrimedaily.com"
69.63.184.3 - - [04/Jan/2023:20:10:44 -0800] "GET /instagram-chicago/01-04-2023-2139123-A.jpg HTTP/1.1" 200 81954 "-" "facebookexternalhit/1.1 (+http://www.facebook.com/externalhit_uatext.php)" "www.metrocrimedaily.com"
69.63.184.3 - - [04/Jan/2023:20:11:12 -0800] "GET /instagram-chicago/01-04-2023-2139124-A.jpg HTTP/1.1" 200 83679 "-" "facebookexternalhit/1.1 (+http://www.facebook.com/externalhit_uatext.php)" "www.metrocrimedaily.com"
66.249.70.137 - - [04/Jan/2023:20:12:12 -0800] "GET /robots.txt HTTP/1.1" 404 88 "-" "Mozilla/5.0 (compatible; Googlebot/2.1; +http://www.google.com/bot.html)" "metrocrimedaily.com"
69.63.184.5 - - [04/Jan/2023:20:18:35 -0800] "GET /instagram-houston/01-04-2023-19582910-A.jpg HTTP/1.1" 200 136351 "-" "facebookexternalhit/1.1 (+http://www.facebook.com/externalhit_uatext.php)" "www.metrocrimedaily.com"
69.63.184.3 - - [04/Jan/2023:20:19:14 -0800] "GET /instagram-stlouis/01-04-2023-2218541-A.jpg HTTP/1.1" 200 151723 "-" "facebookexternalhit/1.1 (+http://www.facebook.com/externalhit_uatext.php)" "www.metrocrimedaily.com"
69.63.184.2 - - [04/Jan/2023:20:19:41 -0800] "GET /instagram-stlouis/01-04-2023-2218542-A.jpg HTTP/1.1" 200 112746 "-" "facebookexternalhit/1.1 (+http://www.facebook.com/externalhit_uatext.php)" "www.metrocrimedaily.com"
69.63.184.3 - - [04/Jan/2023:20:19:52 -0800] "GET /instagram-losangeles/01-04-2023-2204012-A.jpg HTTP/1.1" 200 138171 "-" "facebookexternalhit/1.1 (+http://www.facebook.com/externalhit_uatext.php)" "www.metrocrimedaily.com"
69.63.184.5 - - [04/Jan/2023:20:20:09 -0800] "GET /instagram-stlouis/01-04-2023-2218543-A.jpg HTTP/1.1" 200 188070 "-" "facebookexternalhit/1.1 (+http://www.facebook.com/externalhit_uatext.php)" "www.metrocrimedaily.com"
69.63.184.1 - - [04/Jan/2023:20:24:17 -0800] "GET /instagram-dallas/01-04-2023-2208232-A.jpg HTTP/1.1" 200 177489 "-" "facebookexternalhit/1.1 (+http://www.facebook.com/externalhit_uatext.php)" "www.metrocrimedaily.com"
51.222.253.12 - - [04/Jan/2023:20:29:37 -0800] "GET /instagram-chicago/videos/?C=S;O=A HTTP/1.1" 200 505 "-" "Mozilla/5.0 (compatible; AhrefsBot/7.0; +http://ahrefs.com/robot/)" "metrocrimedaily.com"
172.58.123.220 - - [04/Jan/2023:20:32:27 -0800] "GET / HTTP/1.1" 200 23697 "https://www.google.com/" "Mozilla/5.0 (iPhone; CPU iPhone OS 16_2 like Mac OS X) AppleWebKit/605.1.15 (KHTML, like Gecko) Version/16.2 Mobile/15E148 Safari/604.1" "www.metrocrimedaily.com"
172.58.123.220 - - [04/Jan/2023:20:32:28 -0800] "GET /styles-mcd.css HTTP/1.1" 200 1159 "http://www.metrocrimedaily.com/" "Mozilla/5.0 (iPhone; CPU iPhone OS 16_2 like Mac OS X) AppleWebKit/605.1.15 (KHTML, like Gecko) Version/16.2 Mobile/15E148 Safari/604.1" "www.metrocrimedaily.com"
172.58.123.220 - - [04/Jan/2023:20:32:28 -0800] "GET /images/crimeinthed-logo.jpg HTTP/1.1" 200 14960 "http://www.metrocrimedaily.com/" "Mozilla/5.0 (iPhone; CPU iPhone OS 16_2 like Mac OS X) AppleWebKit/605.1.15 (KHTML, like Gecko) Version/16.2 Mobile/15E148 Safari/604.1" "www.metrocrimedaily.com"
172.58.123.220 - - [04/Jan/2023:20:32:28 -0800] "GET /images/facebook-logo-tiny.png HTTP/1.1" 200 1280 "http://www.metrocrimedaily.com/" "Mozilla/5.0 (iPhone; CPU iPhone OS 16_2 like Mac OS X) AppleWebKit/605.1.15 (KHTML, like Gecko) Version/16.2 Mobile/15E148 Safari/604.1" "www.metrocrimedaily.com"
172.58.123.220 - - [04/Jan/2023:20:32:28 -0800] "GET /images/youtube-logo-tiny.png HTTP/1.1" 200 689 "http://www.metrocrimedaily.com/" "Mozilla/5.0 (iPhone; CPU iPhone OS 16_2 like Mac OS X) AppleWebKit/605.1.15 (KHTML, like Gecko) Version/16.2 Mobile/15E148 Safari/604.1" "www.metrocrimedaily.com"
172.58.123.220 - - [04/Jan/2023:20:32:28 -0800] "GET /images/twitter-logo-b-tiny.png HTTP/1.1" 200 1600 "http://www.metrocrimedaily.com/" "Mozilla/5.0 (iPhone; CPU iPhone OS 16_2 like Mac OS X) AppleWebKit/605.1.15 (KHTML, like Gecko) Version/16.2 Mobile/15E148 Safari/604.1" "www.metrocrimedaily.com"
172.58.123.220 - - [04/Jan/2023:20:32:28 -0800] "GET /images/police-tape.jpg HTTP/1.1" 200 50766 "http://www.metrocrimedaily.com/" "Mozilla/5.0 (iPhone; CPU iPhone OS 16_2 like Mac OS X) AppleWebKit/605.1.15 (KHTML, like Gecko) Version/16.2 Mobile/15E148 Safari/604.1" "metrocrimedaily.com"
157.55.39.100 - - [04/Jan/2023:20:33:11 -0800] "GET /instagram-chicago/12-02-2022-1447201-City-Hall-Closed-as-Chicago-Police--Emergency-Res.txt HTTP/1.1" 404 88 "-" "Mozilla/5.0 (compatible; bingbot/2.0; +http://www.bing.com/bingbot.htm)" "www.metrocrimedaily.com"
69.63.184.5 - - [04/Jan/2023:20:33:16 -0800] "GET /instagram-atlanta/01-04-2023-2232111-A.jpg HTTP/1.1" 200 140200 "-" "facebookexternalhit/1.1 (+http://www.facebook.com/externalhit_uatext.php)" "www.metrocrimedaily.com"
66.249.70.137 - - [04/Jan/2023:20:46:55 -0800] "GET /ads.txt HTTP/1.1" 404 88 "-" "Mozilla/5.0 (compatible; Googlebot/2.1; +http://www.google.com/bot.html)" "metrocrimedaily.com"
69.63.184.5 - - [04/Jan/2023:20:48:20 -0800] "GET /instagram-chicago/01-04-2023-2248001-A.jpg HTTP/1.1" 200 82109 "-" "facebookexternalhit/1.1 (+http://www.facebook.com/externalhit_uatext.php)" "www.metrocrimedaily.com"
69.63.184.116 - - [04/Jan/2023:20:48:48 -0800] "GET /instagram-atlanta/01-04-2023-2232112-A.jpg HTTP/1.1" 200 135230 "-" "facebookexternalhit/1.1 (+http://www.facebook.com/externalhit_uatext.php)" "www.metrocrimedaily.com"
69.63.184.117 - - [04/Jan/2023:20:49:17 -0800] "GET /instagram-atlanta/01-04-2023-2232113-A.jpg HTTP/1.1" 200 102556 "-" "facebookexternalhit/1.1 (+http://www.facebook.com/externalhit_uatext.php)" "www.metrocrimedaily.com"
69.63.184.116 - - [04/Jan/2023:20:51:43 -0800] "GET /instagram-detroit/01-04-2023-2251221-A.jpg HTTP/1.1" 200 68323 "-" "facebookexternalhit/1.1 (+http://www.facebook.com/externalhit_uatext.php)" "www.metrocrimedaily.com"
54.36.148.254 - - [04/Jan/2023:20:53:11 -0800] "GET /about-us.html HTTP/1.1" 200 706 "-" "Mozilla/5.0 (compatible; AhrefsBot/7.0; +http://ahrefs.com/robot/)" "metrocrimedaily.com"
69.63.184.5 - - [04/Jan/2023:20:56:26 -0800] "GET /instagram-memphis/01-04-2023-2256061-A.jpg HTTP/1.1" 200 131737 "-" "facebookexternalhit/1.1 (+http://www.facebook.com/externalhit_uatext.php)" "www.metrocrimedaily.com"
69.63.184.118 - - [04/Jan/2023:21:03:52 -0800] "GET /instagram-chicago/01-04-2023-2248002-A.jpg HTTP/1.1" 200 80828 "-" "facebookexternalhit/1.1 (+http://www.facebook.com/externalhit_uatext.php)" "www.metrocrimedaily.com"
69.63.184.5 - - [04/Jan/2023:21:04:22 -0800] "GET /instagram-chicago/01-04-2023-2248003-A.jpg HTTP/1.1" 200 207181 "-" "facebookexternalhit/1.1 (+http://www.facebook.com/externalhit_uatext.php)" "www.metrocrimedaily.com"
69.63.184.116 - - [04/Jan/2023:21:05:40 -0800] "GET /instagram-miami/01-04-2023-2305201-A.jpg HTTP/1.1" 200 111339 "-" "facebookexternalhit/1.1 (+http://www.facebook.com/externalhit_uatext.php)" "www.metrocrimedaily.com"
69.63.184.4 - - [04/Jan/2023:21:06:25 -0800] "GET /instagram-stlouis/01-04-2023-2306051-A.jpg HTTP/1.1" 200 280073 "-" "facebookexternalhit/1.1 (+http://www.facebook.com/externalhit_uatext.php)" "www.metrocrimedaily.com"
76.184.252.42 - - [04/Jan/2023:21:07:04 -0800] "GET /images/police-tape.jpg HTTP/1.1" 200 50766 "-" "Wget/1.20.3 (mingw32)" "metrocrimedaily.com"
69.63.184.4 - - [04/Jan/2023:21:07:13 -0800] "GET /instagram-detroit/01-04-2023-2251222-A.jpg HTTP/1.1" 200 62020 "-" "facebookexternalhit/1.1 (+http://www.facebook.com/externalhit_uatext.php)" "www.metrocrimedaily.com"
69.63.184.119 - - [04/Jan/2023:21:12:00 -0800] "GET /instagram-memphis/01-04-2023-2256062-A.jpg HTTP/1.1" 200 135767 "-" "facebookexternalhit/1.1 (+http://www.facebook.com/externalhit_uatext.php)" "www.metrocrimedaily.com"
69.63.184.119 - - [04/Jan/2023:21:20:00 -0800] "GET /instagram-dallas/01-04-2023-2319391-A.jpg HTTP/1.1" 200 162257 "-" "facebookexternalhit/1.1 (+http://www.facebook.com/externalhit_uatext.php)" "www.metrocrimedaily.com"
51.222.253.9 - - [04/Jan/2023:21:20:02 -0800] "GET /instagram-atlanta/ HTTP/1.1" 200 1292 "-" "Mozilla/5.0 (compatible; AhrefsBot/7.0; +http://ahrefs.com/robot/)" "metrocrimedaily.com"
69.63.184.3 - - [04/Jan/2023:21:21:56 -0800] "GET /instagram-stlouis/01-04-2023-2306052-A.jpg HTTP/1.1" 200 192600 "-" "facebookexternalhit/1.1 (+http://www.facebook.com/externalhit_uatext.php)" "www.metrocrimedaily.com"
69.63.184.111 - - [04/Jan/2023:21:22:44 -0800] "GET /instagram-detroit/01-04-2023-2251223-A.jpg HTTP/1.1" 200 68829 "-" "facebookexternalhit/1.1 (+http://www.facebook.com/externalhit_uatext.php)" "www.metrocrimedaily.com"
69.63.184.1 - - [04/Jan/2023:21:27:33 -0800] "GET /instagram-memphis/01-04-2023-2256063-A.jpg HTTP/1.1" 200 121211 "-" "facebookexternalhit/1.1 (+http://www.facebook.com/externalhit_uatext.php)" "www.metrocrimedaily.com"
69.63.184.119 - - [04/Jan/2023:21:28:51 -0800] "GET /instagram-losangeles/01-04-2023-2328311-A.jpg HTTP/1.1" 200 298666 "-" "facebookexternalhit/1.1 (+http://www.facebook.com/externalhit_uatext.php)" "www.metrocrimedaily.com"
188.166.15.115 - - [04/Jan/2023:21:31:21 -0800] "GET /www.audacy.com HTTP/1.1" 404 88 "-" "Mozilla/5.0 (Macintosh; Intel Mac OS X 10_15_7) AppleWebKit/537.36 (KHTML, like Gecko) Chrome/107.0.0.0 Safari/537.36" "www.metrocrimedaily.com"
69.63.184.119 - - [04/Jan/2023:21:35:28 -0800] "GET /instagram-neworleans/01-04-2023-2335081-A.jpg HTTP/1.1" 200 146240 "-" "facebookexternalhit/1.1 (+http://www.facebook.com/externalhit_uatext.php)" "www.metrocrimedaily.com"
69.63.184.116 - - [04/Jan/2023:21:35:34 -0800] "GET /instagram-dallas/01-04-2023-2319392-A.jpg HTTP/1.1" 200 121657 "-" "facebookexternalhit/1.1 (+http://www.facebook.com/externalhit_uatext.php)" "www.metrocrimedaily.com"
