51.222.253.10 - - [05/Jan/2023:06:55:56 -0800] "GET /instagram-houston/01-04-2023-1614241-Man-about-to-be-released-on-bond-found-dead-in-Ha.txt HTTP/1.1" 200 871 "-" "Mozilla/5.0 (compatible; AhrefsBot/7.0; +http://ahrefs.com/robot/)" "metrocrimedaily.com"
69.63.184.118 - - [05/Jan/2023:06:58:11 -0800] "GET /instagram-neworleans/01-05-2023-0857511-A.jpg HTTP/1.1" 200 96207 "-" "facebookexternalhit/1.1 (+http://www.facebook.com/externalhit_uatext.php)" "www.metrocrimedaily.com"
54.36.148.218 - - [05/Jan/2023:07:00:04 -0800] "GET / HTTP/1.1" 200 26996 "-" "Mozilla/5.0 (compatible; AhrefsBot/7.0; +http://ahrefs.com/robot/)" "metrocrimedaily.com"
69.63.184.4 - - [05/Jan/2023:07:01:32 -0800] "GET /instagram-newyork/01-05-2023-0901131-A.jpg HTTP/1.1" 200 108172 "-" "facebookexternalhit/1.1 (+http://www.facebook.com/externalhit_uatext.php)" "www.metrocrimedaily.com"
157.55.39.33 - - [05/Jan/2023:07:03:56 -0800] "GET /wgno.com.%20= HTTP/1.1" 404 88 "-" "Mozilla/5.0 AppleWebKit/537.36 (KHTML, like Gecko; compatible; bingbot/2.0; +http://www.bing.com/bingbot.htm) Chrome/103.0.5060.134 Safari/537.36" "metrocrimedaily.com"
51.222.253.18 - - [05/Jan/2023:07:04:40 -0800] "GET /instagram-houston/?C=N;O=A HTTP/1.1" 200 2581 "-" "Mozilla/5.0 (compatible; AhrefsBot/7.0; +http://ahrefs.com/robot/)" "metrocrimedaily.com"
69.63.184.4 - - [05/Jan/2023:07:07:54 -0800] "GET /instagram-memphis/01-05-2023-0907331-A.jpg HTTP/1.1" 200 85044 "-" "facebookexternalhit/1.1 (+http://www.facebook.com/externalhit_uatext.php)" "www.metrocrimedaily.com"
51.222.253.18 - - [05/Jan/2023:07:09:00 -0800] "GET /instagram-houston/post-later/01-04-2023-23483710-Man-arrested--charged-in-connection-with-deadly-s.txt HTTP/1.1" 200 571 "-" "Mozilla/5.0 (compatible; AhrefsBot/7.0; +http://ahrefs.com/robot/)" "metrocrimedaily.com"
157.55.39.44 - - [05/Jan/2023:07:10:40 -0800] "GET /instagram-dallas/11-24-2022-0751481-Frisco-police-looking-for-robbery-duo-posing-as-p.txt HTTP/1.1" 404 88 "-" "Mozilla/5.0 (compatible; bingbot/2.0; +http://www.bing.com/bingbot.htm)" "www.metrocrimedaily.com"
51.222.253.11 - - [05/Jan/2023:07:13:10 -0800] "GET /instagram-houston/post-later/01-04-2023-23483712-Man-accused-of-killing-Migos-rapper-TakeOff-relea.txt HTTP/1.1" 200 49 "-" "Mozilla/5.0 (compatible; AhrefsBot/7.0; +http://ahrefs.com/robot/)" "metrocrimedaily.com"
69.63.184.120 - - [05/Jan/2023:07:15:31 -0800] "GET /instagram-losangeles/01-05-2023-0814063-A.jpg HTTP/1.1" 200 158561 "-" "facebookexternalhit/1.1 (+http://www.facebook.com/externalhit_uatext.php)" "www.metrocrimedaily.com"
51.222.253.10 - - [05/Jan/2023:07:17:45 -0800] "GET /instagram-houston/post-later/01-04-2023-23483713-Select-Hyundai--Kia-models-being-targeted-for-the.txt HTTP/1.1" 200 439 "-" "Mozilla/5.0 (compatible; AhrefsBot/7.0; +http://ahrefs.com/robot/)" "metrocrimedaily.com"
69.63.184.120 - - [05/Jan/2023:07:18:12 -0800] "GET /instagram-atlanta/01-05-2023-0917441-A.jpg HTTP/1.1" 200 149396 "-" "facebookexternalhit/1.1 (+http://www.facebook.com/externalhit_uatext.php)" "www.metrocrimedaily.com"
51.222.253.5 - - [05/Jan/2023:07:22:07 -0800] "GET /instagram-houston/post-later/01-04-2023-23483714-Constable-deputy-shoots-at-vehicle-of-suspect-who.txt HTTP/1.1" 200 645 "-" "Mozilla/5.0 (compatible; AhrefsBot/7.0; +http://ahrefs.com/robot/)" "metrocrimedaily.com"
69.63.184.2 - - [05/Jan/2023:07:23:27 -0800] "GET /instagram-dallas/01-05-2023-0822033-A.jpg HTTP/1.1" 200 164369 "-" "facebookexternalhit/1.1 (+http://www.facebook.com/externalhit_uatext.php)" "www.metrocrimedaily.com"
69.63.184.117 - - [05/Jan/2023:07:23:54 -0800] "GET /instagram-dallas/01-05-2023-0822034-A.jpg HTTP/1.1" 200 135610 "-" "facebookexternalhit/1.1 (+http://www.facebook.com/externalhit_uatext.php)" "www.metrocrimedaily.com"
51.222.253.11 - - [05/Jan/2023:07:26:52 -0800] "GET /instagram-houston/post-later/01-04-2023-23483715-Suspect-taken-to-hospital-following-officer-invol.txt HTTP/1.1" 200 799 "-" "Mozilla/5.0 (compatible; AhrefsBot/7.0; +http://ahrefs.com/robot/)" "metrocrimedaily.com"
51.222.253.18 - - [05/Jan/2023:07:31:56 -0800] "GET /instagram-houston/post-later/01-04-2023-2348375-No-evidence-athlete-cardiac-arrests-linked-to-COV.txt HTTP/1.1" 200 191 "-" "Mozilla/5.0 (compatible; AhrefsBot/7.0; +http://ahrefs.com/robot/)" "metrocrimedaily.com"
69.63.184.117 - - [05/Jan/2023:07:31:59 -0800] "GET /instagram-stlouis/01-05-2023-0931381-A.jpg HTTP/1.1" 200 572356 "-" "facebookexternalhit/1.1 (+http://www.facebook.com/externalhit_uatext.php)" "www.metrocrimedaily.com"
69.63.184.5 - - [05/Jan/2023:07:32:04 -0800] "GET /instagram-newyork/01-05-2023-0901132-A.jpg HTTP/1.1" 200 110330 "-" "facebookexternalhit/1.1 (+http://www.facebook.com/externalhit_uatext.php)" "www.metrocrimedaily.com"
51.222.253.13 - - [05/Jan/2023:07:37:01 -0800] "GET /instagram-houston/post-later/01-04-2023-2348376-A.J.-Armstrong-trial--Third-capital-murder-trial-.txt HTTP/1.1" 200 430 "-" "Mozilla/5.0 (compatible; AhrefsBot/7.0; +http://ahrefs.com/robot/)" "metrocrimedaily.com"
69.63.184.5 - - [05/Jan/2023:07:38:25 -0800] "GET /instagram-memphis/01-05-2023-0907332-A.jpg HTTP/1.1" 200 98118 "-" "facebookexternalhit/1.1 (+http://www.facebook.com/externalhit_uatext.php)" "www.metrocrimedaily.com"
69.63.184.3 - - [05/Jan/2023:07:39:23 -0800] "GET /instagram-houston/01-05-2023-0939031-A.jpg HTTP/1.1" 200 173453 "-" "facebookexternalhit/1.1 (+http://www.facebook.com/externalhit_uatext.php)" "www.metrocrimedaily.com"
69.63.184.116 - - [05/Jan/2023:07:39:50 -0800] "GET /instagram-houston/01-05-2023-0939032-A.jpg HTTP/1.1" 200 69931 "-" "facebookexternalhit/1.1 (+http://www.facebook.com/externalhit_uatext.php)" "www.metrocrimedaily.com"
51.222.253.18 - - [05/Jan/2023:07:41:57 -0800] "GET /instagram-houston/post-later/01-04-2023-2348377-Columbo-murders--Frank-DeLuca-dies-in-prison-whil.txt HTTP/1.1" 200 1069 "-" "Mozilla/5.0 (compatible; AhrefsBot/7.0; +http://ahrefs.com/robot/)" "metrocrimedaily.com"
207.46.13.113 - - [05/Jan/2023:07:42:13 -0800] "GET /instagram-chicago/12-02-2022-1835564-Chicago-first-responders-undergo-active-shooter-d.txt HTTP/1.1" 404 88 "-" "Mozilla/5.0 (compatible; bingbot/2.0; +http://www.bing.com/bingbot.htm)" "www.metrocrimedaily.com"
51.222.253.9 - - [05/Jan/2023:07:47:09 -0800] "GET /instagram-houston/post-later/01-04-2023-2348378-US-settles-with-Mexican-man-arrested-despite-DACA.txt HTTP/1.1" 200 1004 "-" "Mozilla/5.0 (compatible; AhrefsBot/7.0; +http://ahrefs.com/robot/)" "metrocrimedaily.com"
157.55.39.33 - - [05/Jan/2023:07:48:40 -0800] "GET /instagram-dallas/11-23-2022-2207391-Widow-of-North-Texas-man-killed-in-Arizona-police.txt HTTP/1.1" 404 88 "-" "Mozilla/5.0 (compatible; bingbot/2.0; +http://www.bing.com/bingbot.htm)" "www.metrocrimedaily.com"
69.63.184.117 - - [05/Jan/2023:07:48:45 -0800] "GET /instagram-atlanta/01-05-2023-0917442-A.jpg HTTP/1.1" 200 213390 "-" "facebookexternalhit/1.1 (+http://www.facebook.com/externalhit_uatext.php)" "www.metrocrimedaily.com"
69.63.184.118 - - [05/Jan/2023:07:51:58 -0800] "GET /instagram-detroit/01-05-2023-0951381-A.jpg HTTP/1.1" 200 114019 "-" "facebookexternalhit/1.1 (+http://www.facebook.com/externalhit_uatext.php)" "www.metrocrimedaily.com"
69.63.184.117 - - [05/Jan/2023:07:52:26 -0800] "GET /instagram-detroit/01-05-2023-0951382-A.jpg HTTP/1.1" 200 180607 "-" "facebookexternalhit/1.1 (+http://www.facebook.com/externalhit_uatext.php)" "www.metrocrimedaily.com"
51.222.253.5 - - [05/Jan/2023:07:52:34 -0800] "GET /instagram-houston/post-later/01-04-2023-2348379-Man-accused-of-killing-Migos-rapper-TakeOff-relea.txt HTTP/1.1" 200 1047 "-" "Mozilla/5.0 (compatible; AhrefsBot/7.0; +http://ahrefs.com/robot/)" "metrocrimedaily.com"
69.63.184.118 - - [05/Jan/2023:07:57:34 -0800] "GET /instagram-chicago/01-05-2023-0957131-A.jpg HTTP/1.1" 200 95479 "-" "facebookexternalhit/1.1 (+http://www.facebook.com/externalhit_uatext.php)" "www.metrocrimedaily.com"
51.222.253.17 - - [05/Jan/2023:07:57:55 -0800] "GET /instagram-houston/post-later/01-05-2023-0219011-Takeoff-murder-suspect-posts-bond-after-previous-.txt HTTP/1.1" 200 470 "-" "Mozilla/5.0 (compatible; AhrefsBot/7.0; +http://ahrefs.com/robot/)" "metrocrimedaily.com"
69.63.184.3 - - [05/Jan/2023:08:02:32 -0800] "GET /instagram-stlouis/01-05-2023-0931382-A.jpg HTTP/1.1" 200 195621 "-" "facebookexternalhit/1.1 (+http://www.facebook.com/externalhit_uatext.php)" "www.metrocrimedaily.com"
69.63.184.119 - - [05/Jan/2023:08:02:38 -0800] "GET /instagram-newyork/01-05-2023-0901133-A.jpg HTTP/1.1" 200 121138 "-" "facebookexternalhit/1.1 (+http://www.facebook.com/externalhit_uatext.php)" "www.metrocrimedaily.com"
51.222.253.16 - - [05/Jan/2023:08:02:53 -0800] "GET /instagram-houston/01-05-2023-0644061-Colorado-funeral-home-operators-sentenced-for-ill.txt HTTP/1.1" 200 948 "-" "Mozilla/5.0 (compatible; AhrefsBot/7.0; +http://ahrefs.com/robot/)" "metrocrimedaily.com"
69.63.184.117 - - [05/Jan/2023:08:02:55 -0800] "GET /instagram-stlouis/01-05-2023-0931383-A.jpg HTTP/1.1" 200 206013 "-" "facebookexternalhit/1.1 (+http://www.facebook.com/externalhit_uatext.php)" "www.metrocrimedaily.com"
51.222.253.8 - - [05/Jan/2023:08:08:31 -0800] "GET /instagram-houston/01-04-2023-1614242-College-scam-mastermind-Rick-Singer-gets-3.5-year.txt HTTP/1.1" 200 1142 "-" "Mozilla/5.0 (compatible; AhrefsBot/7.0; +http://ahrefs.com/robot/)" "metrocrimedaily.com"
157.55.39.219 - - [05/Jan/2023:08:12:24 -0800] "GET /instagram-chicago/11-18-2022-1033182-Heather-Mack--on-trial-for-killing-mother--loses-.txt HTTP/1.1" 404 88 "-" "Mozilla/5.0 AppleWebKit/537.36 (KHTML, like Gecko; compatible; bingbot/2.0; +http://www.bing.com/bingbot.htm) Chrome/103.0.5060.134 Safari/537.36" "www.metrocrimedaily.com"
51.222.253.5 - - [05/Jan/2023:08:14:13 -0800] "GET /instagram-houston/01-04-2023-1734311-Teen-brother-discovers-bodies-in-apparent-murder-.txt HTTP/1.1" 200 204 "-" "Mozilla/5.0 (compatible; AhrefsBot/7.0; +http://ahrefs.com/robot/)" "metrocrimedaily.com"
69.63.184.120 - - [05/Jan/2023:08:14:37 -0800] "GET /instagram-dallas/01-05-2023-1014161-A.jpg HTTP/1.1" 200 160281 "-" "facebookexternalhit/1.1 (+http://www.facebook.com/externalhit_uatext.php)" "www.metrocrimedaily.com"
69.63.184.111 - - [05/Jan/2023:08:18:58 -0800] "GET /instagram-miami/01-05-2023-1018381-A.jpg HTTP/1.1" 200 199002 "-" "facebookexternalhit/1.1 (+http://www.facebook.com/externalhit_uatext.php)" "www.metrocrimedaily.com"
51.222.253.14 - - [05/Jan/2023:08:19:15 -0800] "GET /instagram-houston/01-04-2023-1734312-Viral-graph-uses-flawed-data-to-falsely-connect-a.txt HTTP/1.1" 200 1127 "-" "Mozilla/5.0 (compatible; AhrefsBot/7.0; +http://ahrefs.com/robot/)" "metrocrimedaily.com"
69.63.184.2 - - [05/Jan/2023:08:19:20 -0800] "GET /instagram-atlanta/01-05-2023-0917443-A.jpg HTTP/1.1" 200 107384 "-" "facebookexternalhit/1.1 (+http://www.facebook.com/externalhit_uatext.php)" "www.metrocrimedaily.com"
69.63.184.3 - - [05/Jan/2023:08:20:31 -0800] "GET /instagram-losangeles/01-05-2023-1020121-A.jpg HTTP/1.1" 200 243108 "-" "facebookexternalhit/1.1 (+http://www.facebook.com/externalhit_uatext.php)" "www.metrocrimedaily.com"
51.222.253.9 - - [05/Jan/2023:08:24:01 -0800] "GET /instagram-houston/01-04-2023-1734313-Virginia-attorney-general-investigating-elite-hig.txt HTTP/1.1" 200 1026 "-" "Mozilla/5.0 (compatible; AhrefsBot/7.0; +http://ahrefs.com/robot/)" "metrocrimedaily.com"
69.63.184.119 - - [05/Jan/2023:08:24:49 -0800] "GET /instagram-neworleans/01-05-2023-1024281-A.jpg HTTP/1.1" 200 561909 "-" "facebookexternalhit/1.1 (+http://www.facebook.com/externalhit_uatext.php)" "www.metrocrimedaily.com"
69.63.184.3 - - [05/Jan/2023:08:28:06 -0800] "GET /instagram-chicago/01-05-2023-0957132-A.jpg HTTP/1.1" 200 74135 "-" "facebookexternalhit/1.1 (+http://www.facebook.com/externalhit_uatext.php)" "www.metrocrimedaily.com"
51.222.253.20 - - [05/Jan/2023:08:28:48 -0800] "GET /instagram-houston/01-04-2023-1734314-Investigation-underway-after-man-found-dead-in-hi.txt HTTP/1.1" 200 766 "-" "Mozilla/5.0 (compatible; AhrefsBot/7.0; +http://ahrefs.com/robot/)" "metrocrimedaily.com"
35.80.207.146 - - [05/Jan/2023:08:30:12 -0800] "GET / HTTP/1.1" 200 27402 "-" "AHC/2.1" "metrocrimedaily.com"
69.63.184.117 - - [05/Jan/2023:08:33:28 -0800] "GET /instagram-stlouis/01-05-2023-0931384-A.jpg HTTP/1.1" 200 110200 "-" "facebookexternalhit/1.1 (+http://www.facebook.com/externalhit_uatext.php)" "www.metrocrimedaily.com"
51.222.253.2 - - [05/Jan/2023:08:33:53 -0800] "GET /instagram-houston/01-04-2023-1734315-Lindsay-Lohan---s-stepmother-arrested-for-DWI-in-.txt HTTP/1.1" 200 966 "-" "Mozilla/5.0 (compatible; AhrefsBot/7.0; +http://ahrefs.com/robot/)" "metrocrimedaily.com"
69.63.184.1 - - [05/Jan/2023:08:34:03 -0800] "GET /instagram-houston/01-05-2023-1033441-A.jpg HTTP/1.1" 200 122526 "-" "facebookexternalhit/1.1 (+http://www.facebook.com/externalhit_uatext.php)" "www.metrocrimedaily.com"
69.63.184.5 - - [05/Jan/2023:08:34:31 -0800] "GET /instagram-houston/01-05-2023-1033442-A.jpg HTTP/1.1" 200 246735 "-" "facebookexternalhit/1.1 (+http://www.facebook.com/externalhit_uatext.php)" "www.metrocrimedaily.com"
69.63.184.2 - - [05/Jan/2023:08:34:59 -0800] "GET /instagram-houston/01-05-2023-1033443-A.jpg HTTP/1.1" 200 182923 "-" "facebookexternalhit/1.1 (+http://www.facebook.com/externalhit_uatext.php)" "www.metrocrimedaily.com"
69.63.184.3 - - [05/Jan/2023:08:35:27 -0800] "GET /instagram-houston/01-05-2023-1033444-A.jpg HTTP/1.1" 200 191887 "-" "facebookexternalhit/1.1 (+http://www.facebook.com/externalhit_uatext.php)" "www.metrocrimedaily.com"
69.63.184.118 - - [05/Jan/2023:08:35:55 -0800] "GET /instagram-houston/01-05-2023-1033445-A.jpg HTTP/1.1" 200 287058 "-" "facebookexternalhit/1.1 (+http://www.facebook.com/externalhit_uatext.php)" "www.metrocrimedaily.com"
69.63.184.4 - - [05/Jan/2023:08:36:23 -0800] "GET /instagram-houston/01-05-2023-1033446-A.jpg HTTP/1.1" 200 83391 "-" "facebookexternalhit/1.1 (+http://www.facebook.com/externalhit_uatext.php)" "www.metrocrimedaily.com"
157.55.39.219 - - [05/Jan/2023:08:36:36 -0800] "GET /instagram-dallas/11-27-2022-0851172-Parents-of-Successful-Kids-Don-t-Worry-About-Scre.txt HTTP/1.1" 404 88 "-" "Mozilla/5.0 (compatible; bingbot/2.0; +http://www.bing.com/bingbot.htm)" "www.metrocrimedaily.com"
51.222.253.7 - - [05/Jan/2023:08:39:03 -0800] "GET /instagram-houston/01-04-2023-1958291-Uber-driver-fights-back-against-robbery-suspects-.txt HTTP/1.1" 200 1121 "-" "Mozilla/5.0 (compatible; AhrefsBot/7.0; +http://ahrefs.com/robot/)" "metrocrimedaily.com"
66.249.70.136 - - [05/Jan/2023:08:39:54 -0800] "GET /robots.txt HTTP/1.1" 404 88 "-" "Mozilla/5.0 (compatible; Googlebot/2.1; +http://www.google.com/bot.html)" "metrocrimedaily.com"
66.249.70.135 - - [05/Jan/2023:08:40:18 -0800] "GET /robots.txt HTTP/1.1" 404 88 "-" "Mozilla/5.0 (compatible; Googlebot/2.1; +http://www.google.com/bot.html)" "metrocrimedaily.com"
157.55.39.33 - - [05/Jan/2023:08:42:25 -0800] "GET /instagram-dallas/11-24-2022-1030341-Colorado-Deputies-Indicted-After-Fatal-Shooting-o.txt HTTP/1.1" 404 88 "-" "Mozilla/5.0 AppleWebKit/537.36 (KHTML, like Gecko; compatible; bingbot/2.0; +http://www.bing.com/bingbot.htm) Chrome/103.0.5060.134 Safari/537.36" "www.metrocrimedaily.com"
69.63.184.117 - - [05/Jan/2023:08:43:08 -0800] "GET /instagram-memphis/01-05-2023-1042491-A.jpg HTTP/1.1" 200 100580 "-" "facebookexternalhit/1.1 (+http://www.facebook.com/externalhit_uatext.php)" "www.metrocrimedaily.com"
51.222.253.4 - - [05/Jan/2023:08:44:16 -0800] "GET /instagram-houston/01-04-2023-19582910-Daughter-of-former-US-intelligence-director-guilt.txt HTTP/1.1" 200 1039 "-" "Mozilla/5.0 (compatible; AhrefsBot/7.0; +http://ahrefs.com/robot/)" "metrocrimedaily.com"
207.46.13.113 - - [05/Jan/2023:08:44:59 -0800] "GET /instagram-atlanta/11-20-2022-1020224-Man-killed-in-Downtown-Atlanta-shooting--police-s.txt HTTP/1.1" 404 88 "-" "Mozilla/5.0 (compatible; bingbot/2.0; +http://www.bing.com/bingbot.htm)" "www.metrocrimedaily.com"
69.63.184.4 - - [05/Jan/2023:08:45:11 -0800] "GET /instagram-dallas/01-05-2023-1014162-A.jpg HTTP/1.1" 200 263644 "-" "facebookexternalhit/1.1 (+http://www.facebook.com/externalhit_uatext.php)" "www.metrocrimedaily.com"
69.63.184.4 - - [05/Jan/2023:08:45:41 -0800] "GET /instagram-dallas/01-05-2023-1014163-A.jpg HTTP/1.1" 200 137914 "-" "facebookexternalhit/1.1 (+http://www.facebook.com/externalhit_uatext.php)" "www.metrocrimedaily.com"
69.63.184.4 - - [05/Jan/2023:08:46:09 -0800] "GET /instagram-dallas/01-05-2023-1014164-A.jpg HTTP/1.1" 200 213666 "-" "facebookexternalhit/1.1 (+http://www.facebook.com/externalhit_uatext.php)" "www.metrocrimedaily.com"
69.63.184.3 - - [05/Jan/2023:08:46:38 -0800] "GET /instagram-dallas/01-05-2023-1014165-A.jpg HTTP/1.1" 200 840716 "-" "facebookexternalhit/1.1 (+http://www.facebook.com/externalhit_uatext.php)" "www.metrocrimedaily.com"
69.63.184.119 - - [05/Jan/2023:08:47:07 -0800] "GET /instagram-dallas/01-05-2023-1014166-A.jpg HTTP/1.1" 200 74786 "-" "facebookexternalhit/1.1 (+http://www.facebook.com/externalhit_uatext.php)" "www.metrocrimedaily.com"
69.63.184.120 - - [05/Jan/2023:08:48:06 -0800] "GET /instagram-detroit/01-05-2023-1047451-A.jpg HTTP/1.1" 200 72604 "-" "facebookexternalhit/1.1 (+http://www.facebook.com/externalhit_uatext.php)" "www.metrocrimedaily.com"
51.222.253.16 - - [05/Jan/2023:08:49:46 -0800] "GET /instagram-houston/01-04-2023-1958292-Rideshare-driver-shares-harrowing-story-about-tim.txt HTTP/1.1" 200 211 "-" "Mozilla/5.0 (compatible; AhrefsBot/7.0; +http://ahrefs.com/robot/)" "metrocrimedaily.com"
69.63.184.5 - - [05/Jan/2023:08:49:53 -0800] "GET /instagram-atlanta/01-05-2023-0917444-A.jpg HTTP/1.1" 200 129624 "-" "facebookexternalhit/1.1 (+http://www.facebook.com/externalhit_uatext.php)" "www.metrocrimedaily.com"
51.222.253.13 - - [05/Jan/2023:08:54:41 -0800] "GET /instagram-houston/01-04-2023-1958293-Channelview-couple-dead-after-apparent-murder-sui.txt HTTP/1.1" 200 1112 "-" "Mozilla/5.0 (compatible; AhrefsBot/7.0; +http://ahrefs.com/robot/)" "metrocrimedaily.com"
69.63.184.117 - - [05/Jan/2023:08:55:24 -0800] "GET /instagram-neworleans/01-05-2023-1024282-A.jpg HTTP/1.1" 200 120930 "-" "facebookexternalhit/1.1 (+http://www.facebook.com/externalhit_uatext.php)" "www.metrocrimedaily.com"
157.55.39.88 - - [05/Jan/2023:08:56:36 -0800] "GET /instagram-dallas/11-27-2022-0851173-Naked--bloody-man-arrested-after-18-wheeler-crash.txt HTTP/1.1" 404 88 "-" "Mozilla/5.0 (compatible; bingbot/2.0; +http://www.bing.com/bingbot.htm)" "www.metrocrimedaily.com"
69.63.184.4 - - [05/Jan/2023:08:58:40 -0800] "GET /instagram-chicago/01-05-2023-0957133-A.jpg HTTP/1.1" 200 73007 "-" "facebookexternalhit/1.1 (+http://www.facebook.com/externalhit_uatext.php)" "www.metrocrimedaily.com"
157.55.39.44 - - [05/Jan/2023:09:01:32 -0800] "GET /instagram-dallas/11-25-2022-1041211-Man-At-Large--Suspected-of-Killing-Ex--Another-Ma.txt HTTP/1.1" 404 88 "-" "Mozilla/5.0 AppleWebKit/537.36 (KHTML, like Gecko; compatible; bingbot/2.0; +http://www.bing.com/bingbot.htm) Chrome/103.0.5060.134 Safari/537.36" "www.metrocrimedaily.com"
69.63.184.120 - - [05/Jan/2023:09:04:00 -0800] "GET /instagram-stlouis/01-05-2023-0931385-A.jpg HTTP/1.1" 200 124584 "-" "facebookexternalhit/1.1 (+http://www.facebook.com/externalhit_uatext.php)" "www.metrocrimedaily.com"
157.55.39.33 - - [05/Jan/2023:09:05:08 -0800] "GET /instagram-detroit/11-19-2022-1608211-New-special-counsel-has-long-career-confronting-c.txt HTTP/1.1" 404 88 "-" "Mozilla/5.0 AppleWebKit/537.36 (KHTML, like Gecko; compatible; bingbot/2.0; +http://www.bing.com/bingbot.htm) Chrome/103.0.5060.134 Safari/537.36" "www.metrocrimedaily.com"
69.63.184.117 - - [05/Jan/2023:09:05:41 -0800] "GET /instagram-newyork/01-05-2023-1105211-A.jpg HTTP/1.1" 200 94960 "-" "facebookexternalhit/1.1 (+http://www.facebook.com/externalhit_uatext.php)" "www.metrocrimedaily.com"
51.222.253.18 - - [05/Jan/2023:09:08:26 -0800] "GET /instagram-houston/01-04-2023-1958294-Fake-teenage-doctor--now-25--known-as-Dr.-Love-he.txt HTTP/1.1" 200 839 "-" "Mozilla/5.0 (compatible; AhrefsBot/7.0; +http://ahrefs.com/robot/)" "metrocrimedaily.com"
69.63.184.118 - - [05/Jan/2023:09:13:39 -0800] "GET /instagram-memphis/01-05-2023-1042492-A.jpg HTTP/1.1" 200 104687 "-" "facebookexternalhit/1.1 (+http://www.facebook.com/externalhit_uatext.php)" "www.metrocrimedaily.com"
69.63.184.117 - - [05/Jan/2023:09:15:41 -0800] "GET /instagram-miami/01-05-2023-1115201-A.jpg HTTP/1.1" 200 274911 "-" "facebookexternalhit/1.1 (+http://www.facebook.com/externalhit_uatext.php)" "www.metrocrimedaily.com"
157.55.39.33 - - [05/Jan/2023:09:19:29 -0800] "GET /wgno.com.%20= HTTP/1.1" 404 88 "-" "Mozilla/5.0 AppleWebKit/537.36 (KHTML, like Gecko; compatible; bingbot/2.0; +http://www.bing.com/bingbot.htm) Chrome/103.0.5060.134 Safari/537.36" "metrocrimedaily.com"
69.63.184.3 - - [05/Jan/2023:09:21:30 -0800] "GET /instagram-houston/01-05-2023-1121081-A.jpg HTTP/1.1" 200 101693 "-" "facebookexternalhit/1.1 (+http://www.facebook.com/externalhit_uatext.php)" "www.metrocrimedaily.com"
69.63.184.117 - - [05/Jan/2023:09:21:57 -0800] "GET /instagram-houston/01-05-2023-1121082-A.jpg HTTP/1.1" 200 245116 "-" "facebookexternalhit/1.1 (+http://www.facebook.com/externalhit_uatext.php)" "www.metrocrimedaily.com"
69.63.184.3 - - [05/Jan/2023:09:22:24 -0800] "GET /instagram-houston/01-05-2023-1121083-A.jpg HTTP/1.1" 200 76323 "-" "facebookexternalhit/1.1 (+http://www.facebook.com/externalhit_uatext.php)" "www.metrocrimedaily.com"
51.222.253.4 - - [05/Jan/2023:09:23:09 -0800] "GET /instagram-houston/01-04-2023-1958295--.txt HTTP/1.1" 200 20 "-" "Mozilla/5.0 (compatible; AhrefsBot/7.0; +http://ahrefs.com/robot/)" "metrocrimedaily.com"
69.63.184.119 - - [05/Jan/2023:09:25:39 -0800] "GET /instagram-dallas/01-05-2023-1125171-A.jpg HTTP/1.1" 200 218308 "-" "facebookexternalhit/1.1 (+http://www.facebook.com/externalhit_uatext.php)" "www.metrocrimedaily.com"
69.63.184.1 - - [05/Jan/2023:09:29:13 -0800] "GET /instagram-chicago/01-05-2023-0957134-A.jpg HTTP/1.1" 200 61978 "-" "facebookexternalhit/1.1 (+http://www.facebook.com/externalhit_uatext.php)" "www.metrocrimedaily.com"
69.63.184.117 - - [05/Jan/2023:09:32:03 -0800] "GET /instagram-losangeles/01-05-2023-1131441-A.jpg HTTP/1.1" 200 155360 "-" "facebookexternalhit/1.1 (+http://www.facebook.com/externalhit_uatext.php)" "www.metrocrimedaily.com"
69.63.184.117 - - [05/Jan/2023:09:33:14 -0800] "GET /instagram-atlanta/01-05-2023-1132411-A.jpg HTTP/1.1" 200 89167 "-" "facebookexternalhit/1.1 (+http://www.facebook.com/externalhit_uatext.php)" "www.metrocrimedaily.com"
69.63.184.1 - - [05/Jan/2023:09:34:33 -0800] "GET /instagram-stlouis/01-05-2023-0931386-A.jpg HTTP/1.1" 200 299758 "-" "facebookexternalhit/1.1 (+http://www.facebook.com/externalhit_uatext.php)" "www.metrocrimedaily.com"
207.46.13.113 - - [05/Jan/2023:09:35:44 -0800] "GET /instagram-atlanta/11-20-2022-1355444-2-dead-with-multiple-gunshot-wounds-in-Midtown--p.txt HTTP/1.1" 404 88 "-" "Mozilla/5.0 AppleWebKit/537.36 (KHTML, like Gecko; compatible; bingbot/2.0; +http://www.bing.com/bingbot.htm) Chrome/103.0.5060.134 Safari/537.36" "www.metrocrimedaily.com"
51.222.253.8 - - [05/Jan/2023:09:36:58 -0800] "GET /instagram-houston/01-04-2023-1958296-19-year-old-charged-in-stabbing-death-of-45-year-.txt HTTP/1.1" 200 668 "-" "Mozilla/5.0 (compatible; AhrefsBot/7.0; +http://ahrefs.com/robot/)" "metrocrimedaily.com"
69.63.184.118 - - [05/Jan/2023:09:44:10 -0800] "GET /instagram-memphis/01-05-2023-1042493-A.jpg HTTP/1.1" 200 107605 "-" "facebookexternalhit/1.1 (+http://www.facebook.com/externalhit_uatext.php)" "www.metrocrimedaily.com"
157.55.39.44 - - [05/Jan/2023:09:44:15 -0800] "GET /instagram-dallas/11-28-2022-1011411-Man-killed-in-Thanksgiving-night-hit-and-run-in-D.txt HTTP/1.1" 404 88 "-" "Mozilla/5.0 (compatible; bingbot/2.0; +http://www.bing.com/bingbot.htm)" "www.metrocrimedaily.com"
69.63.184.1 - - [05/Jan/2023:09:44:36 -0800] "GET /instagram-detroit/01-05-2023-1144171-A.jpg HTTP/1.1" 200 110060 "-" "facebookexternalhit/1.1 (+http://www.facebook.com/externalhit_uatext.php)" "www.metrocrimedaily.com"
157.55.39.44 - - [05/Jan/2023:09:45:15 -0800] "GET /instagram-chicago/11-30-2022-1725431-Woman-struck-and-killed-by-Metra-train-in-Arlingt.txt HTTP/1.1" 404 88 "-" "Mozilla/5.0 (compatible; bingbot/2.0; +http://www.bing.com/bingbot.htm)" "www.metrocrimedaily.com"
51.222.253.20 - - [05/Jan/2023:09:50:55 -0800] "GET /instagram-houston/01-04-2023-1958297-Prince-Andrew-case-cited-by-woman-who-accused-Tru.txt HTTP/1.1" 200 1000 "-" "Mozilla/5.0 (compatible; AhrefsBot/7.0; +http://ahrefs.com/robot/)" "metrocrimedaily.com"
69.63.184.4 - - [05/Jan/2023:09:56:12 -0800] "GET /instagram-dallas/01-05-2023-1125172-A.jpg HTTP/1.1" 200 256078 "-" "facebookexternalhit/1.1 (+http://www.facebook.com/externalhit_uatext.php)" "www.metrocrimedaily.com"
157.55.39.33 - - [05/Jan/2023:09:56:43 -0800] "GET /instagram-chicago/11-17-2022-0637021-Man--woman-killed-in-high-speed-crash-on-Chicago-.txt HTTP/1.1" 404 88 "-" "Mozilla/5.0 (compatible; bingbot/2.0; +http://www.bing.com/bingbot.htm)" "www.metrocrimedaily.com"
69.63.184.117 - - [05/Jan/2023:09:56:49 -0800] "GET /instagram-neworleans/01-05-2023-1156291-A.jpg HTTP/1.1" 200 233545 "-" "facebookexternalhit/1.1 (+http://www.facebook.com/externalhit_uatext.php)" "www.metrocrimedaily.com"
207.46.13.113 - - [05/Jan/2023:09:56:56 -0800] "GET /instagram-dallas/11-24-2022-2124151-Biden-Says-He-ll-Renew-Push-for-Assault-Weapons-B.txt HTTP/1.1" 404 88 "-" "Mozilla/5.0 (compatible; bingbot/2.0; +http://www.bing.com/bingbot.htm)" "www.metrocrimedaily.com"
69.63.184.119 - - [05/Jan/2023:09:59:44 -0800] "GET /instagram-chicago/01-05-2023-0957135-A.jpg HTTP/1.1" 200 572193 "-" "facebookexternalhit/1.1 (+http://www.facebook.com/externalhit_uatext.php)" "www.metrocrimedaily.com"
69.63.184.118 - - [05/Jan/2023:10:02:34 -0800] "GET /instagram-losangeles/01-05-2023-1131442-A.jpg HTTP/1.1" 200 74109 "-" "facebookexternalhit/1.1 (+http://www.facebook.com/externalhit_uatext.php)" "www.metrocrimedaily.com"
69.63.184.3 - - [05/Jan/2023:10:03:49 -0800] "GET /instagram-atlanta/01-05-2023-1132412-A.jpg HTTP/1.1" 200 277254 "-" "facebookexternalhit/1.1 (+http://www.facebook.com/externalhit_uatext.php)" "www.metrocrimedaily.com"
51.222.253.19 - - [05/Jan/2023:10:04:11 -0800] "GET /instagram-houston/01-04-2023-1958298--Rat-hole----Pasadena-apartment-residents-weary-o.txt HTTP/1.1" 200 922 "-" "Mozilla/5.0 (compatible; AhrefsBot/7.0; +http://ahrefs.com/robot/)" "metrocrimedaily.com"
207.46.13.113 - - [05/Jan/2023:10:05:27 -0800] "GET /instagram-dallas/11-27-2022-2201511-Suspect-wanted-after-deadly-hit-and-run-crash-in-.txt HTTP/1.1" 404 88 "-" "Mozilla/5.0 (compatible; bingbot/2.0; +http://www.bing.com/bingbot.htm)" "www.metrocrimedaily.com"
69.63.184.3 - - [05/Jan/2023:10:09:30 -0800] "GET /instagram-newyork/01-05-2023-1209061-A.jpg HTTP/1.1" 200 78390 "-" "facebookexternalhit/1.1 (+http://www.facebook.com/externalhit_uatext.php)" "www.metrocrimedaily.com"
69.63.184.3 - - [05/Jan/2023:10:11:16 -0800] "GET /instagram-houston/01-05-2023-1210571-A.jpg HTTP/1.1" 200 108645 "-" "facebookexternalhit/1.1 (+http://www.facebook.com/externalhit_uatext.php)" "www.metrocrimedaily.com"
69.63.184.3 - - [05/Jan/2023:10:11:43 -0800] "GET /instagram-houston/01-05-2023-1210572-A.jpg HTTP/1.1" 200 64762 "-" "facebookexternalhit/1.1 (+http://www.facebook.com/externalhit_uatext.php)" "www.metrocrimedaily.com"
69.63.184.117 - - [05/Jan/2023:10:12:07 -0800] "GET /instagram-houston/01-05-2023-1210573-A.jpg HTTP/1.1" 200 199836 "-" "facebookexternalhit/1.1 (+http://www.facebook.com/externalhit_uatext.php)" "www.metrocrimedaily.com"
69.63.184.112 - - [05/Jan/2023:10:12:32 -0800] "GET /instagram-houston/01-05-2023-1210574-A.jpg HTTP/1.1" 200 245116 "-" "facebookexternalhit/1.1 (+http://www.facebook.com/externalhit_uatext.php)" "www.metrocrimedaily.com"
51.222.15.161 - - [05/Jan/2023:10:13:38 -0800] "GET /wp-login.php HTTP/1.1" 404 88 "-" "Mozilla/5.0 (Windows NT 10; Win64; x64; rv:75.0) Gecko/20100101 Firefox/75.0" "metrocrimedaily.com"
69.63.184.119 - - [05/Jan/2023:10:14:24 -0800] "GET /instagram-stlouis/01-05-2023-1214031-A.jpg HTTP/1.1" 200 574119 "-" "facebookexternalhit/1.1 (+http://www.facebook.com/externalhit_uatext.php)" "www.metrocrimedaily.com"
69.63.184.4 - - [05/Jan/2023:10:14:42 -0800] "GET /instagram-memphis/01-05-2023-1042494-A.jpg HTTP/1.1" 200 94265 "-" "facebookexternalhit/1.1 (+http://www.facebook.com/externalhit_uatext.php)" "www.metrocrimedaily.com"
69.63.184.117 - - [05/Jan/2023:10:14:51 -0800] "GET /instagram-stlouis/01-05-2023-1214032-A.jpg HTTP/1.1" 200 71805 "-" "facebookexternalhit/1.1 (+http://www.facebook.com/externalhit_uatext.php)" "www.metrocrimedaily.com"
69.63.184.117 - - [05/Jan/2023:10:15:08 -0800] "GET /instagram-detroit/01-05-2023-1144172-A.jpg HTTP/1.1" 200 82007 "-" "facebookexternalhit/1.1 (+http://www.facebook.com/externalhit_uatext.php)" "www.metrocrimedaily.com"
69.63.184.117 - - [05/Jan/2023:10:15:11 -0800] "GET /instagram-memphis/01-05-2023-1042495-A.jpg HTTP/1.1" 200 106873 "-" "facebookexternalhit/1.1 (+http://www.facebook.com/externalhit_uatext.php)" "www.metrocrimedaily.com"
69.63.184.116 - - [05/Jan/2023:10:15:21 -0800] "GET /instagram-stlouis/01-05-2023-1214033-A.jpg HTTP/1.1" 200 616188 "-" "facebookexternalhit/1.1 (+http://www.facebook.com/externalhit_uatext.php)" "www.metrocrimedaily.com"
69.63.184.2 - - [05/Jan/2023:10:15:35 -0800] "GET /instagram-detroit/01-05-2023-1144173-A.jpg HTTP/1.1" 200 84808 "-" "facebookexternalhit/1.1 (+http://www.facebook.com/externalhit_uatext.php)" "www.metrocrimedaily.com"
69.63.184.116 - - [05/Jan/2023:10:15:50 -0800] "GET /instagram-stlouis/01-05-2023-1214034-A.jpg HTTP/1.1" 200 106023 "-" "facebookexternalhit/1.1 (+http://www.facebook.com/externalhit_uatext.php)" "www.metrocrimedaily.com"
69.63.184.2 - - [05/Jan/2023:10:16:17 -0800] "GET /instagram-stlouis/01-05-2023-1214035-A.jpg HTTP/1.1" 200 103558 "-" "facebookexternalhit/1.1 (+http://www.facebook.com/externalhit_uatext.php)" "www.metrocrimedaily.com"
51.222.253.9 - - [05/Jan/2023:10:17:47 -0800] "GET /instagram-houston/01-04-2023-1958299-Grandparents-stand-with-AJ-Armstrong-ahead-of-thi.txt HTTP/1.1" 200 49 "-" "Mozilla/5.0 (compatible; AhrefsBot/7.0; +http://ahrefs.com/robot/)" "metrocrimedaily.com"
69.63.184.4 - - [05/Jan/2023:10:19:22 -0800] "GET /instagram-atlanta/01-05-2023-1132413-A.jpg HTTP/1.1" 200 119707 "-" "facebookexternalhit/1.1 (+http://www.facebook.com/externalhit_uatext.php)" "www.metrocrimedaily.com"
207.46.13.113 - - [05/Jan/2023:10:20:48 -0800] "GET /instagram-dallas/11-25-2022-1526453-Walmart-Shooter-Bought-Pistol-on-the-Day-of-the-A.txt HTTP/1.1" 404 88 "-" "Mozilla/5.0 AppleWebKit/537.36 (KHTML, like Gecko; compatible; bingbot/2.0; +http://www.bing.com/bingbot.htm) Chrome/103.0.5060.134 Safari/537.36" "www.metrocrimedaily.com"
69.63.184.120 - - [05/Jan/2023:10:27:22 -0800] "GET /instagram-neworleans/01-05-2023-1156292-A.jpg HTTP/1.1" 200 435711 "-" "facebookexternalhit/1.1 (+http://www.facebook.com/externalhit_uatext.php)" "www.metrocrimedaily.com"
157.55.39.64 - - [05/Jan/2023:10:31:24 -0800] "GET /index.html HTTP/1.1" 200 28172 "-" "Mozilla/5.0 AppleWebKit/537.36 (KHTML, like Gecko; compatible; bingbot/2.0; +http://www.bing.com/bingbot.htm) Chrome/103.0.5060.134 Safari/537.36" "metrocrimedaily.com"
51.222.253.9 - - [05/Jan/2023:10:32:51 -0800] "GET /instagram-houston/01-04-2023-2348371-Lake-in-the-Hills-police-asking-for-information-a.txt HTTP/1.1" 200 546 "-" "Mozilla/5.0 (compatible; AhrefsBot/7.0; +http://ahrefs.com/robot/)" "metrocrimedaily.com"
69.63.184.4 - - [05/Jan/2023:10:34:43 -0800] "GET /instagram-dallas/01-05-2023-1234221-A.jpg HTTP/1.1" 200 187910 "-" "facebookexternalhit/1.1 (+http://www.facebook.com/externalhit_uatext.php)" "www.metrocrimedaily.com"
157.55.39.64 - - [05/Jan/2023:10:38:03 -0800] "GET /instagram-chicago/11-18-2022-1033182-Heather-Mack--on-trial-for-killing-mother--loses-.txt HTTP/1.1" 404 88 "-" "Mozilla/5.0 (compatible; bingbot/2.0; +http://www.bing.com/bingbot.htm)" "www.metrocrimedaily.com"
69.63.184.116 - - [05/Jan/2023:10:42:52 -0800] "GET /instagram-neworleans/01-05-2023-1156293-A.jpg HTTP/1.1" 200 86950 "-" "facebookexternalhit/1.1 (+http://www.facebook.com/externalhit_uatext.php)" "www.metrocrimedaily.com"
51.222.253.15 - - [05/Jan/2023:10:46:31 -0800] "GET / HTTP/1.1" 200 28172 "-" "Mozilla/5.0 (compatible; AhrefsBot/7.0; +http://ahrefs.com/robot/)" "metrocrimedaily.com"
69.63.184.2 - - [05/Jan/2023:10:50:17 -0800] "GET /instagram-dallas/01-05-2023-1234222-A.jpg HTTP/1.1" 200 187910 "-" "facebookexternalhit/1.1 (+http://www.facebook.com/externalhit_uatext.php)" "www.metrocrimedaily.com"
69.63.184.119 - - [05/Jan/2023:10:50:23 -0800] "GET /instagram-memphis/01-05-2023-1250021-A.jpg HTTP/1.1" 200 78825 "-" "facebookexternalhit/1.1 (+http://www.facebook.com/externalhit_uatext.php)" "www.metrocrimedaily.com"
69.63.184.1 - - [05/Jan/2023:10:55:06 -0800] "GET /instagram-stlouis/01-05-2023-1254471-A.jpg HTTP/1.1" 200 94861 "-" "facebookexternalhit/1.1 (+http://www.facebook.com/externalhit_uatext.php)" "www.metrocrimedaily.com"
69.63.184.3 - - [05/Jan/2023:10:55:28 -0800] "GET /instagram-stlouis/01-05-2023-1254472-A.jpg HTTP/1.1" 200 204772 "-" "facebookexternalhit/1.1 (+http://www.facebook.com/externalhit_uatext.php)" "www.metrocrimedaily.com"
69.63.184.3 - - [05/Jan/2023:10:57:42 -0800] "GET /instagram-newyork/01-05-2023-1257231-A.jpg HTTP/1.1" 200 109410 "-" "facebookexternalhit/1.1 (+http://www.facebook.com/externalhit_uatext.php)" "www.metrocrimedaily.com"
69.63.184.3 - - [05/Jan/2023:10:58:00 -0800] "GET /instagram-losangeles/01-05-2023-1257411-A.jpg HTTP/1.1" 200 135822 "-" "facebookexternalhit/1.1 (+http://www.facebook.com/externalhit_uatext.php)" "www.metrocrimedaily.com"
40.77.167.101 - - [05/Jan/2023:11:02:09 -0800] "GET /robots.txt HTTP/1.1" 404 88 "-" "Mozilla/5.0 AppleWebKit/537.36 (KHTML, like Gecko; compatible; bingbot/2.0; +http://www.bing.com/bingbot.htm) Chrome/103.0.5060.134 Safari/537.36" "www.metrocrimedaily.com"
157.55.39.64 - - [05/Jan/2023:11:02:16 -0800] "GET /instagram-dallas/11-27-2022-0851172-Parents-of-Successful-Kids-Don-t-Worry-About-Scre.txt HTTP/1.1" 404 88 "-" "Mozilla/5.0 (compatible; bingbot/2.0; +http://www.bing.com/bingbot.htm)" "www.metrocrimedaily.com"
157.55.39.100 - - [05/Jan/2023:11:04:15 -0800] "GET /instagram-chicago/11-20-2022-1329193-Lightfoot-on-fatal-shooting-at-Colorado-Springs-L.txt HTTP/1.1" 404 88 "-" "Mozilla/5.0 (compatible; bingbot/2.0; +http://www.bing.com/bingbot.htm)" "www.metrocrimedaily.com"
51.222.253.3 - - [05/Jan/2023:11:04:27 -0800] "GET /instagram-houston/post-later/?C=D;O=A HTTP/1.1" 200 1777 "-" "Mozilla/5.0 (compatible; AhrefsBot/7.0; +http://ahrefs.com/robot/)" "metrocrimedaily.com"
69.63.184.5 - - [05/Jan/2023:11:05:54 -0800] "GET /instagram-memphis/01-05-2023-1250022-A.jpg HTTP/1.1" 200 185236 "-" "facebookexternalhit/1.1 (+http://www.facebook.com/externalhit_uatext.php)" "www.metrocrimedaily.com"
69.63.184.112 - - [05/Jan/2023:11:06:24 -0800] "GET /instagram-houston/01-05-2023-1306051-A.jpg HTTP/1.1" 200 236908 "-" "facebookexternalhit/1.1 (+http://www.facebook.com/externalhit_uatext.php)" "www.metrocrimedaily.com"
69.63.184.4 - - [05/Jan/2023:11:11:00 -0800] "GET /instagram-stlouis/01-05-2023-1254473-A.jpg HTTP/1.1" 200 115391 "-" "facebookexternalhit/1.1 (+http://www.facebook.com/externalhit_uatext.php)" "www.metrocrimedaily.com"
40.77.167.101 - - [05/Jan/2023:11:11:25 -0800] "GET /robots.txt HTTP/1.1" 404 88 "-" "Mozilla/5.0 AppleWebKit/537.36 (KHTML, like Gecko; compatible; bingbot/2.0; +http://www.bing.com/bingbot.htm) Chrome/103.0.5060.134 Safari/537.36" "www.metrocrimedaily.com"
69.63.184.2 - - [05/Jan/2023:11:11:27 -0800] "GET /instagram-stlouis/01-05-2023-1254474-A.jpg HTTP/1.1" 200 200721 "-" "facebookexternalhit/1.1 (+http://www.facebook.com/externalhit_uatext.php)" "www.metrocrimedaily.com"
207.46.13.113 - - [05/Jan/2023:11:11:33 -0800] "GET /instagram-atlanta/11-19-2022-1527041-Taylor-Swift-tickets-breakdown-probed-by-attorney.txt HTTP/1.1" 404 88 "-" "Mozilla/5.0 AppleWebKit/537.36 (KHTML, like Gecko; compatible; bingbot/2.0; +http://www.bing.com/bingbot.htm) Chrome/103.0.5060.134 Safari/537.36" "www.metrocrimedaily.com"
69.63.184.120 - - [05/Jan/2023:11:13:32 -0800] "GET /instagram-losangeles/01-05-2023-1257412-A.jpg HTTP/1.1" 200 138905 "-" "facebookexternalhit/1.1 (+http://www.facebook.com/externalhit_uatext.php)" "www.metrocrimedaily.com"
69.63.184.118 - - [05/Jan/2023:11:21:27 -0800] "GET /instagram-memphis/01-05-2023-1250023-A.jpg HTTP/1.1" 200 179472 "-" "facebookexternalhit/1.1 (+http://www.facebook.com/externalhit_uatext.php)" "www.metrocrimedaily.com"
69.63.184.5 - - [05/Jan/2023:11:21:58 -0800] "GET /instagram-houston/01-05-2023-1306052-A.jpg HTTP/1.1" 200 227009 "-" "facebookexternalhit/1.1 (+http://www.facebook.com/externalhit_uatext.php)" "www.metrocrimedaily.com"
69.63.184.119 - - [05/Jan/2023:11:22:24 -0800] "GET /instagram-houston/01-05-2023-1306053-A.jpg HTTP/1.1" 200 71737 "-" "facebookexternalhit/1.1 (+http://www.facebook.com/externalhit_uatext.php)" "www.metrocrimedaily.com"
69.63.184.117 - - [05/Jan/2023:11:22:51 -0800] "GET /instagram-houston/01-05-2023-1306054-A.jpg HTTP/1.1" 200 142269 "-" "facebookexternalhit/1.1 (+http://www.facebook.com/externalhit_uatext.php)" "www.metrocrimedaily.com"
69.63.184.5 - - [05/Jan/2023:11:22:53 -0800] "GET /instagram-chicago/01-05-2023-1322321-A.jpg HTTP/1.1" 200 182709 "-" "facebookexternalhit/1.1 (+http://www.facebook.com/externalhit_uatext.php)" "www.metrocrimedaily.com"
69.63.184.4 - - [05/Jan/2023:11:23:18 -0800] "GET /instagram-houston/01-05-2023-1306055-A.jpg HTTP/1.1" 200 73145 "-" "facebookexternalhit/1.1 (+http://www.facebook.com/externalhit_uatext.php)" "www.metrocrimedaily.com"
149.56.150.48 - - [05/Jan/2023:11:23:25 -0800] "GET / HTTP/1.1" 200 245429 "-" "Mozilla/5.0 (compatible; Dataprovider.com)" "www.metrocrimedaily.com"
69.63.184.118 - - [05/Jan/2023:11:23:25 -0800] "GET /instagram-atlanta/01-05-2023-1323031-A.jpg HTTP/1.1" 200 286445 "-" "facebookexternalhit/1.1 (+http://www.facebook.com/externalhit_uatext.php)" "www.metrocrimedaily.com"
149.56.150.48 - - [05/Jan/2023:11:23:25 -0800] "GET /robots.txt HTTP/1.1" 404 73 "-" "Mozilla/5.0 (compatible; Dataprovider.com)" "www.metrocrimedaily.com"
149.56.150.48 - - [05/Jan/2023:11:23:28 -0800] "GET /sitemap.xml HTTP/1.1" 404 73 "-" "Mozilla/5.0 (compatible; Dataprovider.com)" "www.metrocrimedaily.com"
149.56.150.48 - - [05/Jan/2023:11:23:28 -0800] "GET /contact-us.html HTTP/1.1" 200 1359 "-" "Mozilla/5.0 (compatible; Dataprovider.com)" "www.metrocrimedaily.com"
149.56.150.48 - - [05/Jan/2023:11:23:29 -0800] "GET /privacy-policy.html HTTP/1.1" 200 5553 "-" "Mozilla/5.0 (compatible; Dataprovider.com)" "www.metrocrimedaily.com"
51.222.253.6 - - [05/Jan/2023:11:23:29 -0800] "GET /instagram-houston/post-later/?C=M;O=A HTTP/1.1" 200 1992 "-" "Mozilla/5.0 (compatible; AhrefsBot/7.0; +http://ahrefs.com/robot/)" "metrocrimedaily.com"
149.56.150.48 - - [05/Jan/2023:11:23:30 -0800] "GET /about-us.html HTTP/1.1" 200 1252 "-" "Mozilla/5.0 (compatible; Dataprovider.com)" "www.metrocrimedaily.com"
149.56.150.48 - - [05/Jan/2023:11:23:31 -0800] "GET /gov-svc-detroit.html HTTP/1.1" 200 6607 "-" "Mozilla/5.0 (compatible; Dataprovider.com)" "www.metrocrimedaily.com"
149.56.150.48 - - [05/Jan/2023:11:23:32 -0800] "GET /index.html HTTP/1.1" 200 245429 "-" "Mozilla/5.0 (compatible; Dataprovider.com)" "www.metrocrimedaily.com"
149.56.150.48 - - [05/Jan/2023:11:23:34 -0800] "GET /www.clickondetroit.com HTTP/1.1" 404 73 "-" "Mozilla/5.0 (compatible; Dataprovider.com)" "www.metrocrimedaily.com"
149.56.150.48 - - [05/Jan/2023:11:23:35 -0800] "GET /www.fox2detroit.com HTTP/1.1" 404 73 "-" "Mozilla/5.0 (compatible; Dataprovider.com)" "www.metrocrimedaily.com"
149.56.150.48 - - [05/Jan/2023:11:23:36 -0800] "GET /www.audacy.com HTTP/1.1" 404 73 "-" "Mozilla/5.0 (compatible; Dataprovider.com)" "www.metrocrimedaily.com"
149.56.150.48 - - [05/Jan/2023:11:23:37 -0800] "GET /www.wxyz.com HTTP/1.1" 404 73 "-" "Mozilla/5.0 (compatible; Dataprovider.com)" "www.metrocrimedaily.com"
149.56.150.48 - - [05/Jan/2023:11:23:38 -0800] "GET / HTTP/1.1" 200 245429 "-" "Mozilla/5.0 (Linux; Android 10; SM-G981B) AppleWebKit/537.36 (KHTML, like Gecko) Chrome/80.0.3987.162 Mobile Safari/537.36" "www.metrocrimedaily.com"
149.56.150.48 - - [05/Jan/2023:11:23:39 -0800] "GET /ads.txt HTTP/1.1" 404 73 "-" "Mozilla/5.0 (compatible; Dataprovider.com)" "www.metrocrimedaily.com"
69.63.184.3 - - [05/Jan/2023:11:23:46 -0800] "GET /instagram-houston/01-05-2023-1306056-A.jpg HTTP/1.1" 200 104316 "-" "facebookexternalhit/1.1 (+http://www.facebook.com/externalhit_uatext.php)" "www.metrocrimedaily.com"
144.217.135.147 - - [05/Jan/2023:11:24:23 -0800] "GET / HTTP/1.1" 200 28172 "-" "Mozilla/5.0 (compatible; Dataprovider.com)" "www.metrocrimedaily.com"
144.217.135.147 - - [05/Jan/2023:11:24:23 -0800] "GET /styles-mcd.css HTTP/1.1" 200 1159 "http://www.metrocrimedaily.com/" "Mozilla/5.0 (compatible; Dataprovider.com)" "www.metrocrimedaily.com"
144.217.135.147 - - [05/Jan/2023:11:24:23 -0800] "GET /images/crimeinthed-logo.jpg HTTP/1.1" 200 14960 "http://www.metrocrimedaily.com/" "Mozilla/5.0 (compatible; Dataprovider.com)" "www.metrocrimedaily.com"
144.217.135.147 - - [05/Jan/2023:11:24:24 -0800] "GET /images/police-tape.jpg HTTP/1.1" 200 50766 "http://www.metrocrimedaily.com/" "Mozilla/5.0 (compatible; Dataprovider.com)" "metrocrimedaily.com"
69.63.184.1 - - [05/Jan/2023:11:29:05 -0800] "GET /instagram-losangeles/01-05-2023-1257413-A.jpg HTTP/1.1" 200 89584 "-" "facebookexternalhit/1.1 (+http://www.facebook.com/externalhit_uatext.php)" "www.metrocrimedaily.com"
69.63.184.116 - - [05/Jan/2023:11:29:56 -0800] "GET /instagram-neworleans/01-05-2023-1329361-A.jpg HTTP/1.1" 200 190660 "-" "facebookexternalhit/1.1 (+http://www.facebook.com/externalhit_uatext.php)" "www.metrocrimedaily.com"
69.63.184.3 - - [05/Jan/2023:11:33:01 -0800] "GET /instagram-detroit/01-05-2023-1332431-A.jpg HTTP/1.1" 404 88 "-" "facebookexternalhit/1.1 (+http://www.facebook.com/externalhit_uatext.php)" "www.metrocrimedaily.com"
87.250.224.41 - - [05/Jan/2023:11:33:19 -0800] "GET /robots.txt HTTP/1.1" 404 73 "-" "Mozilla/5.0 (compatible; YandexBot/3.0; +http://yandex.com/bots)" "metrocrimedaily.com"
5.255.253.131 - - [05/Jan/2023:11:33:19 -0800] "GET /robots.txt HTTP/1.1" 404 73 "-" "Mozilla/5.0 (compatible; YandexBot/3.0; +http://yandex.com/bots)" "www.metrocrimedaily.com"
213.180.203.76 - - [05/Jan/2023:11:33:19 -0800] "GET /robots.txt HTTP/1.1" 404 73 "-" "Mozilla/5.0 (compatible; YandexBot/3.0; +http://yandex.com/bots)" "metrocrimedaily.com"
69.63.184.2 - - [05/Jan/2023:11:33:22 -0800] "GET /instagram-detroit/01-05-2023-1332432-A.jpg HTTP/1.1" 200 88283 "-" "facebookexternalhit/1.1 (+http://www.facebook.com/externalhit_uatext.php)" "www.metrocrimedaily.com"
95.108.213.31 - - [05/Jan/2023:11:33:23 -0800] "GET / HTTP/1.1" 200 28172 "-" "Mozilla/5.0 (compatible; YandexBot/3.0; +http://yandex.com/bots)" "metrocrimedaily.com"
87.250.224.41 - - [05/Jan/2023:11:33:23 -0800] "GET / HTTP/1.1" 200 28172 "-" "Mozilla/5.0 (compatible; YandexBot/3.0; +http://yandex.com/bots)" "www.metrocrimedaily.com"
5.255.253.183 - - [05/Jan/2023:11:33:23 -0800] "GET / HTTP/1.1" 200 28172 "-" "Mozilla/5.0 (compatible; YandexBot/3.0; +http://yandex.com/bots)" "metrocrimedaily.com"
69.63.184.5 - - [05/Jan/2023:11:36:58 -0800] "GET /instagram-memphis/01-05-2023-1250024-A.jpg HTTP/1.1" 200 91246 "-" "facebookexternalhit/1.1 (+http://www.facebook.com/externalhit_uatext.php)" "www.metrocrimedaily.com"
69.63.184.117 - - [05/Jan/2023:11:38:27 -0800] "GET /instagram-chicago/01-05-2023-1322322-A.jpg HTTP/1.1" 200 222527 "-" "facebookexternalhit/1.1 (+http://www.facebook.com/externalhit_uatext.php)" "www.metrocrimedaily.com"
69.63.184.117 - - [05/Jan/2023:11:38:41 -0800] "GET /instagram-dallas/01-05-2023-1338201-A.jpg HTTP/1.1" 200 255775 "-" "facebookexternalhit/1.1 (+http://www.facebook.com/externalhit_uatext.php)" "www.metrocrimedaily.com"
69.63.184.118 - - [05/Jan/2023:11:38:59 -0800] "GET /instagram-atlanta/01-05-2023-1323032-A.jpg HTTP/1.1" 200 144976 "-" "facebookexternalhit/1.1 (+http://www.facebook.com/externalhit_uatext.php)" "www.metrocrimedaily.com"
66.249.70.139 - - [05/Jan/2023:11:39:12 -0800] "GET /=.=.= HTTP/1.1" 404 88 "-" "Mozilla/5.0 (Linux; Android 6.0.1; Nexus 5X Build/MMB29P) AppleWebKit/537.36 (KHTML, like Gecko) Chrome/107.0.5304.115 Mobile Safari/537.36 (compatible; Googlebot/2.1; +http://www.google.com/bot.html)" "metrocrimedaily.com"
157.55.39.44 - - [05/Jan/2023:11:40:56 -0800] "GET /instagram-dallas/11-25-2022-1041211-Man-At-Large--Suspected-of-Killing-Ex--Another-Ma.txt HTTP/1.1" 404 88 "-" "Mozilla/5.0 (compatible; bingbot/2.0; +http://www.bing.com/bingbot.htm)" "www.metrocrimedaily.com"
51.222.253.15 - - [05/Jan/2023:11:42:02 -0800] "GET /instagram-houston/post-later/?C=S;O=A HTTP/1.1" 200 2016 "-" "Mozilla/5.0 (compatible; AhrefsBot/7.0; +http://ahrefs.com/robot/)" "metrocrimedaily.com"
69.63.184.117 - - [05/Jan/2023:11:45:25 -0800] "GET /instagram-neworleans/01-05-2023-1329362-A.jpg HTTP/1.1" 200 125988 "-" "facebookexternalhit/1.1 (+http://www.facebook.com/externalhit_uatext.php)" "www.metrocrimedaily.com"
69.63.184.4 - - [05/Jan/2023:11:46:35 -0800] "GET /instagram-stlouis/01-05-2023-1346151-A.jpg HTTP/1.1" 200 349506 "-" "facebookexternalhit/1.1 (+http://www.facebook.com/externalhit_uatext.php)" "www.metrocrimedaily.com"
69.63.184.2 - - [05/Jan/2023:11:46:59 -0800] "GET /instagram-newyork/01-05-2023-1346401-A.jpg HTTP/1.1" 200 76674 "-" "facebookexternalhit/1.1 (+http://www.facebook.com/externalhit_uatext.php)" "www.metrocrimedaily.com"
69.63.184.3 - - [05/Jan/2023:11:48:52 -0800] "GET /instagram-detroit/01-05-2023-1332433-A.jpg HTTP/1.1" 200 151174 "-" "facebookexternalhit/1.1 (+http://www.facebook.com/externalhit_uatext.php)" "www.metrocrimedaily.com"
207.46.13.113 - - [05/Jan/2023:11:49:48 -0800] "GET /instagram-chicago/11-18-2022-1929192-IL-man-sentenced-to-120-years-for----monstrous---.txt HTTP/1.1" 404 88 "-" "Mozilla/5.0 (compatible; bingbot/2.0; +http://www.bing.com/bingbot.htm)" "www.metrocrimedaily.com"
174.236.39.31 - - [05/Jan/2023:11:51:53 -0800] "GET / HTTP/1.1" 200 28172 "-" "Mozilla/5.0 (iPhone; CPU iPhone OS 16_1_1 like Mac OS X) AppleWebKit/605.1.15 (KHTML, like Gecko) Version/16.1 Mobile/15E148 Safari/604.1" "www.metrocrimedaily.com"
174.236.39.31 - - [05/Jan/2023:11:51:53 -0800] "GET /styles-mcd.css HTTP/1.1" 200 1159 "http://www.metrocrimedaily.com/" "Mozilla/5.0 (iPhone; CPU iPhone OS 16_1_1 like Mac OS X) AppleWebKit/605.1.15 (KHTML, like Gecko) Version/16.1 Mobile/15E148 Safari/604.1" "www.metrocrimedaily.com"
174.236.39.31 - - [05/Jan/2023:11:51:53 -0800] "GET /images/crimeinthed-logo.jpg HTTP/1.1" 304 - "http://www.metrocrimedaily.com/" "Mozilla/5.0 (iPhone; CPU iPhone OS 16_1_1 like Mac OS X) AppleWebKit/605.1.15 (KHTML, like Gecko) Version/16.1 Mobile/15E148 Safari/604.1" "www.metrocrimedaily.com"
174.236.39.31 - - [05/Jan/2023:11:51:53 -0800] "GET /images/facebook-logo-tiny.png HTTP/1.1" 200 1280 "http://www.metrocrimedaily.com/" "Mozilla/5.0 (iPhone; CPU iPhone OS 16_1_1 like Mac OS X) AppleWebKit/605.1.15 (KHTML, like Gecko) Version/16.1 Mobile/15E148 Safari/604.1" "www.metrocrimedaily.com"
174.236.39.31 - - [05/Jan/2023:11:51:53 -0800] "GET /images/police-tape.jpg HTTP/1.1" 304 - "http://www.metrocrimedaily.com/" "Mozilla/5.0 (iPhone; CPU iPhone OS 16_1_1 like Mac OS X) AppleWebKit/605.1.15 (KHTML, like Gecko) Version/16.1 Mobile/15E148 Safari/604.1" "metrocrimedaily.com"
174.236.39.31 - - [05/Jan/2023:11:51:53 -0800] "GET /images/youtube-logo-tiny.png HTTP/1.1" 200 689 "http://www.metrocrimedaily.com/" "Mozilla/5.0 (iPhone; CPU iPhone OS 16_1_1 like Mac OS X) AppleWebKit/605.1.15 (KHTML, like Gecko) Version/16.1 Mobile/15E148 Safari/604.1" "www.metrocrimedaily.com"
174.236.39.31 - - [05/Jan/2023:11:51:54 -0800] "GET /images/facebook-logo-tiny.png HTTP/1.1" 200 1280 "http://www.metrocrimedaily.com/" "Mozilla/5.0 (iPhone; CPU iPhone OS 16_1_1 like Mac OS X) AppleWebKit/605.1.15 (KHTML, like Gecko) Version/16.1 Mobile/15E148 Safari/604.1" "www.metrocrimedaily.com"
174.236.39.31 - - [05/Jan/2023:11:51:54 -0800] "GET /images/youtube-logo-tiny.png HTTP/1.1" 200 689 "http://www.metrocrimedaily.com/" "Mozilla/5.0 (iPhone; CPU iPhone OS 16_1_1 like Mac OS X) AppleWebKit/605.1.15 (KHTML, like Gecko) Version/16.1 Mobile/15E148 Safari/604.1" "www.metrocrimedaily.com"
174.236.39.31 - - [05/Jan/2023:11:51:54 -0800] "GET /images/police-tape.jpg HTTP/1.1" 304 - "http://www.metrocrimedaily.com/" "Mozilla/5.0 (iPhone; CPU iPhone OS 16_1_1 like Mac OS X) AppleWebKit/605.1.15 (KHTML, like Gecko) Version/16.1 Mobile/15E148 Safari/604.1" "metrocrimedaily.com"
174.236.39.31 - - [05/Jan/2023:11:51:54 -0800] "GET /images/twitter-logo-b-tiny.png HTTP/1.1" 200 1600 "http://www.metrocrimedaily.com/" "Mozilla/5.0 (iPhone; CPU iPhone OS 16_1_1 like Mac OS X) AppleWebKit/605.1.15 (KHTML, like Gecko) Version/16.1 Mobile/15E148 Safari/604.1" "www.metrocrimedaily.com"
174.236.39.31 - - [05/Jan/2023:11:51:55 -0800] "GET /images/youtube-logo-tiny.png HTTP/1.1" 200 689 "http://www.metrocrimedaily.com/" "Mozilla/5.0 (iPhone; CPU iPhone OS 16_1_1 like Mac OS X) AppleWebKit/605.1.15 (KHTML, like Gecko) Version/16.1 Mobile/15E148 Safari/604.1" "www.metrocrimedaily.com"
174.236.39.31 - - [05/Jan/2023:11:51:55 -0800] "GET /images/twitter-logo-b-tiny.png HTTP/1.1" 200 1600 "http://www.metrocrimedaily.com/" "Mozilla/5.0 (iPhone; CPU iPhone OS 16_1_1 like Mac OS X) AppleWebKit/605.1.15 (KHTML, like Gecko) Version/16.1 Mobile/15E148 Safari/604.1" "www.metrocrimedaily.com"
