87.250.224.65 - - [01/Jan/2023:04:59:37 -0800] "GET /robots.txt HTTP/1.1" 404 73 "-" "Mozilla/5.0 (compatible; YandexBot/3.0; +http://yandex.com/bots)" "www.metrocrimedaily.com"
95.108.213.31 - - [01/Jan/2023:04:59:42 -0800] "GET / HTTP/1.1" 200 151936 "-" "Mozilla/5.0 (compatible; YandexBot/3.0; +http://yandex.com/bots)" "metrocrimedaily.com"
87.250.224.150 - - [01/Jan/2023:04:59:43 -0800] "GET / HTTP/1.1" 200 151936 "-" "Mozilla/5.0 (compatible; YandexBot/3.0; +http://yandex.com/bots)" "www.metrocrimedaily.com"
95.108.213.31 - - [01/Jan/2023:04:59:47 -0800] "GET /robots.txt HTTP/1.1" 404 73 "-" "Mozilla/5.0 (compatible; YandexBot/3.0; +http://yandex.com/bots)" "metrocrimedaily.com"
87.250.224.150 - - [01/Jan/2023:04:59:51 -0800] "GET / HTTP/1.1" 200 151936 "-" "Mozilla/5.0 (compatible; YandexBot/3.0; +http://yandex.com/bots)" "metrocrimedaily.com"
69.63.184.1 - - [01/Jan/2023:05:11:19 -0800] "GET /instagram-chicago/01-01-2023-0640082-A.jpg HTTP/1.1" 200 521071 "-" "facebookexternalhit/1.1 (+http://www.facebook.com/externalhit_uatext.php)" "www.metrocrimedaily.com"
69.63.184.4 - - [01/Jan/2023:05:12:36 -0800] "GET /instagram-houston/01-01-2023-0712161-A.jpg HTTP/1.1" 200 166308 "-" "facebookexternalhit/1.1 (+http://www.facebook.com/externalhit_uatext.php)" "www.metrocrimedaily.com"
157.55.39.44 - - [01/Jan/2023:05:15:11 -0800] "GET /instagram-chicago/11-30-2022-1959271-Lake-in-the-Hills-man-charged-with-reckless-homic.txt HTTP/1.1" 404 88 "-" "Mozilla/5.0 AppleWebKit/537.36 (KHTML, like Gecko; compatible; bingbot/2.0; +http://www.bing.com/bingbot.htm) Chrome/103.0.5060.134 Safari/537.36" "www.metrocrimedaily.com"
69.63.184.2 - - [01/Jan/2023:05:19:26 -0800] "GET /instagram-stlouis/01-01-2023-0719051-A.jpg HTTP/1.1" 200 122513 "-" "facebookexternalhit/1.1 (+http://www.facebook.com/externalhit_uatext.php)" "www.metrocrimedaily.com"
69.63.184.117 - - [01/Jan/2023:05:19:27 -0800] "GET /instagram-memphis/01-01-2023-0719071-A.jpg HTTP/1.1" 200 120214 "-" "facebookexternalhit/1.1 (+http://www.facebook.com/externalhit_uatext.php)" "www.metrocrimedaily.com"
3.238.200.13 - - [01/Jan/2023:05:41:22 -0800] "GET /ads.txt HTTP/1.1" 404 88 "-" "AdsTxtCrawler/1.0.2" "metrocrimedaily.com"
69.63.184.4 - - [01/Jan/2023:05:43:19 -0800] "GET /instagram-houston/01-01-2023-0712162-A.jpg HTTP/1.1" 200 143012 "-" "facebookexternalhit/1.1 (+http://www.facebook.com/externalhit_uatext.php)" "www.metrocrimedaily.com"
207.46.13.113 - - [01/Jan/2023:05:53:20 -0800] "GET /instagram-atlanta/11-16-2022-1952434-Police--deputies-in-Clayton-County-train-for-acti.txt HTTP/1.1" 404 88 "-" "Mozilla/5.0 AppleWebKit/537.36 (KHTML, like Gecko; compatible; bingbot/2.0; +http://www.bing.com/bingbot.htm) Chrome/103.0.5060.134 Safari/537.36" "www.metrocrimedaily.com"
69.63.184.116 - - [01/Jan/2023:06:04:46 -0800] "GET /instagram-atlanta/01-01-2023-0804241-A.jpg HTTP/1.1" 200 120233 "-" "facebookexternalhit/1.1 (+http://www.facebook.com/externalhit_uatext.php)" "www.metrocrimedaily.com"
157.55.39.33 - - [01/Jan/2023:06:08:14 -0800] "GET /index-dallas.html HTTP/1.1" 200 311381 "-" "Mozilla/5.0 AppleWebKit/537.36 (KHTML, like Gecko; compatible; bingbot/2.0; +http://www.bing.com/bingbot.htm) Chrome/103.0.5060.134 Safari/537.36" "www.metrocrimedaily.com"
69.63.184.5 - - [01/Jan/2023:06:12:53 -0800] "GET /instagram-chicago/01-01-2023-0812311-A.jpg HTTP/1.1" 200 165848 "-" "facebookexternalhit/1.1 (+http://www.facebook.com/externalhit_uatext.php)" "www.metrocrimedaily.com"
69.63.184.118 - - [01/Jan/2023:06:14:12 -0800] "GET /instagram-memphis/01-01-2023-0813531-A.jpg HTTP/1.1" 200 94162 "-" "facebookexternalhit/1.1 (+http://www.facebook.com/externalhit_uatext.php)" "www.metrocrimedaily.com"
40.77.167.22 - - [01/Jan/2023:06:18:20 -0800] "GET / HTTP/1.1" 200 151936 "-" "Mozilla/5.0 AppleWebKit/537.36 (KHTML, like Gecko; compatible; bingbot/2.0; +http://www.bing.com/bingbot.htm) Chrome/103.0.5060.134 Safari/537.36" "www.metrocrimedaily.com"
157.55.39.219 - - [01/Jan/2023:06:21:01 -0800] "GET /instagram-chicago/11-21-2022-1213522-Gay-bar-shooting-suspect-facing-murder--hate-crim.txt HTTP/1.1" 404 88 "-" "Mozilla/5.0 (compatible; bingbot/2.0; +http://www.bing.com/bingbot.htm)" "www.metrocrimedaily.com"
157.55.39.44 - - [01/Jan/2023:06:21:59 -0800] "GET /instagram-chicago/11-17-2022-0909142-MH17-verdicts--2-Russians--1-Ukrainian-convicted-.txt HTTP/1.1" 404 88 "-" "Mozilla/5.0 (compatible; bingbot/2.0; +http://www.bing.com/bingbot.htm)" "www.metrocrimedaily.com"
150.230.247.143 - - [01/Jan/2023:06:27:40 -0800] "GET /wp-login.php HTTP/1.1" 404 88 "-" "Mozilla/5.0 (Windows NT 10; Win64; x64; rv:75.0) Gecko/20100101 Firefox/75.0" "metrocrimedaily.com"
69.63.184.1 - - [01/Jan/2023:06:28:32 -0800] "GET /instagram-houston/01-01-2023-0828121-A.jpg HTTP/1.1" 200 152698 "-" "facebookexternalhit/1.1 (+http://www.facebook.com/externalhit_uatext.php)" "www.metrocrimedaily.com"
157.55.39.219 - - [01/Jan/2023:06:29:02 -0800] "GET /?C=N;O=D HTTP/1.1" 200 151936 "-" "Mozilla/5.0 (compatible; bingbot/2.0; +http://www.bing.com/bingbot.htm)" "www.metrocrimedaily.com"
69.63.184.116 - - [01/Jan/2023:06:32:58 -0800] "GET /instagram-newyork/01-01-2023-0832381-A.jpg HTTP/1.1" 200 112546 "-" "facebookexternalhit/1.1 (+http://www.facebook.com/externalhit_uatext.php)" "www.metrocrimedaily.com"
69.63.184.5 - - [01/Jan/2023:06:38:40 -0800] "GET /instagram-stlouis/01-01-2023-0838201-A.jpg HTTP/1.1" 200 190990 "-" "facebookexternalhit/1.1 (+http://www.facebook.com/externalhit_uatext.php)" "www.metrocrimedaily.com"
69.63.184.1 - - [01/Jan/2023:06:41:24 -0800] "GET /instagram-losangeles/01-01-2023-0841041-A.jpg HTTP/1.1" 200 405404 "-" "facebookexternalhit/1.1 (+http://www.facebook.com/externalhit_uatext.php)" "www.metrocrimedaily.com"
40.77.167.22 - - [01/Jan/2023:06:43:13 -0800] "GET /instagram-dallas/11-27-2022-0851173-Naked--bloody-man-arrested-after-18-wheeler-crash.txt HTTP/1.1" 404 88 "-" "Mozilla/5.0 AppleWebKit/537.36 (KHTML, like Gecko; compatible; bingbot/2.0; +http://www.bing.com/bingbot.htm) Chrome/103.0.5060.134 Safari/537.36" "www.metrocrimedaily.com"
69.63.184.118 - - [01/Jan/2023:06:56:38 -0800] "GET /instagram-dallas/01-01-2023-0856171-A.jpg HTTP/1.1" 200 185762 "-" "facebookexternalhit/1.1 (+http://www.facebook.com/externalhit_uatext.php)" "www.metrocrimedaily.com"
51.222.253.4 - - [01/Jan/2023:06:57:17 -0800] "GET /robots.txt HTTP/1.1" 404 88 "-" "Mozilla/5.0 (compatible; AhrefsBot/7.0; +http://ahrefs.com/robot/)" "metrocrimedaily.com"
69.63.184.117 - - [01/Jan/2023:06:59:04 -0800] "GET /instagram-houston/01-01-2023-0828122-A.jpg HTTP/1.1" 200 62633 "-" "facebookexternalhit/1.1 (+http://www.facebook.com/externalhit_uatext.php)" "www.metrocrimedaily.com"
98.209.165.60 - - [01/Jan/2023:07:02:24 -0800] "GET / HTTP/1.1" 200 151936 "https://www.google.com/" "Mozilla/5.0 (iPhone; CPU iPhone OS 15_7 like Mac OS X) AppleWebKit/605.1.15 (KHTML, like Gecko) Version/15.6,2 Mobile/15E148 Safari/604.1" "www.metrocrimedaily.com"
98.209.165.60 - - [01/Jan/2023:07:02:24 -0800] "GET /styles-mcd.css HTTP/1.1" 200 1159 "http://www.metrocrimedaily.com/" "Mozilla/5.0 (iPhone; CPU iPhone OS 15_7 like Mac OS X) AppleWebKit/605.1.15 (KHTML, like Gecko) Version/15.6,2 Mobile/15E148 Safari/604.1" "www.metrocrimedaily.com"
98.209.165.60 - - [01/Jan/2023:07:02:24 -0800] "GET /images/facebook-logo-tiny.png HTTP/1.1" 200 1280 "http://www.metrocrimedaily.com/" "Mozilla/5.0 (iPhone; CPU iPhone OS 15_7 like Mac OS X) AppleWebKit/605.1.15 (KHTML, like Gecko) Version/15.6,2 Mobile/15E148 Safari/604.1" "www.metrocrimedaily.com"
98.209.165.60 - - [01/Jan/2023:07:02:25 -0800] "GET /images/police-tape.jpg HTTP/1.1" 200 50766 "http://www.metrocrimedaily.com/" "Mozilla/5.0 (iPhone; CPU iPhone OS 15_7 like Mac OS X) AppleWebKit/605.1.15 (KHTML, like Gecko) Version/15.6,2 Mobile/15E148 Safari/604.1" "metrocrimedaily.com"
98.209.165.60 - - [01/Jan/2023:07:02:24 -0800] "GET /images/crimeinthed-logo.jpg HTTP/1.1" 200 14960 "http://www.metrocrimedaily.com/" "Mozilla/5.0 (iPhone; CPU iPhone OS 15_7 like Mac OS X) AppleWebKit/605.1.15 (KHTML, like Gecko) Version/15.6,2 Mobile/15E148 Safari/604.1" "www.metrocrimedaily.com"
98.209.165.60 - - [01/Jan/2023:07:02:25 -0800] "GET /images/youtube-logo-tiny.png HTTP/1.1" 200 689 "http://www.metrocrimedaily.com/" "Mozilla/5.0 (iPhone; CPU iPhone OS 15_7 like Mac OS X) AppleWebKit/605.1.15 (KHTML, like Gecko) Version/15.6,2 Mobile/15E148 Safari/604.1" "www.metrocrimedaily.com"
98.209.165.60 - - [01/Jan/2023:07:02:29 -0800] "GET /images/twitter-logo-b-tiny.png HTTP/1.1" 200 1600 "http://www.metrocrimedaily.com/" "Mozilla/5.0 (iPhone; CPU iPhone OS 15_7 like Mac OS X) AppleWebKit/605.1.15 (KHTML, like Gecko) Version/15.6,2 Mobile/15E148 Safari/604.1" "www.metrocrimedaily.com"
98.209.165.60 - - [01/Jan/2023:07:02:35 -0800] "GET /favicon.ico HTTP/1.1" 404 88 "http://www.metrocrimedaily.com/" "Mozilla/5.0 (iPhone; CPU iPhone OS 15_7 like Mac OS X) AppleWebKit/605.1.15 (KHTML, like Gecko) Version/15.6,2 Mobile/15E148 Safari/604.1" "www.metrocrimedaily.com"
69.63.184.119 - - [01/Jan/2023:07:03:32 -0800] "GET /instagram-newyork/01-01-2023-0832382-A.jpg HTTP/1.1" 200 229758 "-" "facebookexternalhit/1.1 (+http://www.facebook.com/externalhit_uatext.php)" "www.metrocrimedaily.com"
69.63.184.3 - - [01/Jan/2023:07:08:38 -0800] "GET /instagram-memphis/01-01-2023-0908191-A.jpg HTTP/1.1" 200 90765 "-" "facebookexternalhit/1.1 (+http://www.facebook.com/externalhit_uatext.php)" "www.metrocrimedaily.com"
69.63.184.1 - - [01/Jan/2023:07:14:43 -0800] "GET /instagram-chicago/01-01-2023-0914221-A.jpg HTTP/1.1" 200 74997 "-" "facebookexternalhit/1.1 (+http://www.facebook.com/externalhit_uatext.php)" "www.metrocrimedaily.com"
194.38.20.161 - - [01/Jan/2023:07:22:44 -0800] "GET /assets/js/fileupload/server/php/index.php?file=tf2rghf.jpg HTTP/1.1" 404 73 "-" "ALittle Client" "metrocrimedaily.com"
69.63.184.120 - - [01/Jan/2023:07:29:42 -0800] "GET /instagram-houston/01-01-2023-0828123-A.jpg HTTP/1.1" 200 121400 "-" "facebookexternalhit/1.1 (+http://www.facebook.com/externalhit_uatext.php)" "www.metrocrimedaily.com"
69.63.184.113 - - [01/Jan/2023:07:33:26 -0800] "GET /instagram-stlouis/01-01-2023-0933061-A.jpg HTTP/1.1" 200 198454 "-" "facebookexternalhit/1.1 (+http://www.facebook.com/externalhit_uatext.php)" "www.metrocrimedaily.com"
69.63.184.1 - - [01/Jan/2023:07:34:04 -0800] "GET /instagram-newyork/01-01-2023-0832383-A.jpg HTTP/1.1" 200 103668 "-" "facebookexternalhit/1.1 (+http://www.facebook.com/externalhit_uatext.php)" "www.metrocrimedaily.com"
51.222.253.19 - - [01/Jan/2023:07:46:08 -0800] "GET /robots.txt HTTP/1.1" 404 88 "-" "Mozilla/5.0 (compatible; AhrefsBot/7.0; +http://ahrefs.com/robot/)" "www.metrocrimedaily.com"
51.222.253.14 - - [01/Jan/2023:07:46:12 -0800] "GET / HTTP/1.1" 200 151936 "-" "Mozilla/5.0 (compatible; AhrefsBot/7.0; +http://ahrefs.com/robot/)" "www.metrocrimedaily.com"
157.55.39.219 - - [01/Jan/2023:07:47:28 -0800] "GET /instagram-detroit/11-11-2022-1316114-Detroit-police-shoot--kill-woman-experiencing-app.txt HTTP/1.1" 404 88 "-" "Mozilla/5.0 AppleWebKit/537.36 (KHTML, like Gecko; compatible; bingbot/2.0; +http://www.bing.com/bingbot.htm) Chrome/103.0.5060.134 Safari/537.36" "www.metrocrimedaily.com"
51.222.253.20 - - [01/Jan/2023:07:48:53 -0800] "GET /styles-mcd.css HTTP/1.1" 200 1159 "-" "Mozilla/5.0 (compatible; AhrefsBot/7.0; +http://ahrefs.com/robot/)" "www.metrocrimedaily.com"
51.222.253.13 - - [01/Jan/2023:07:48:54 -0800] "GET /images/crimeinthed-logo.jpg HTTP/1.1" 200 14960 "-" "Mozilla/5.0 (compatible; AhrefsBot/7.0; +http://ahrefs.com/robot/)" "www.metrocrimedaily.com"
51.222.253.9 - - [01/Jan/2023:07:48:52 -0800] "GET /images/facebook-logo-tiny.png HTTP/1.1" 200 1280 "-" "Mozilla/5.0 (compatible; AhrefsBot/7.0; +http://ahrefs.com/robot/)" "www.metrocrimedaily.com"
51.222.253.9 - - [01/Jan/2023:07:48:52 -0800] "GET / HTTP/1.1" 200 151936 "-" "Mozilla/5.0 (compatible; AhrefsBot/7.0; +http://ahrefs.com/robot/)" "www.metrocrimedaily.com"
51.222.253.5 - - [01/Jan/2023:07:48:53 -0800] "GET /images/police-tape.jpg HTTP/1.1" 200 50766 "-" "Mozilla/5.0 (compatible; AhrefsBot/7.0; +http://ahrefs.com/robot/)" "metrocrimedaily.com"
51.222.253.4 - - [01/Jan/2023:07:48:53 -0800] "GET /images/twitter-logo-b-tiny.png HTTP/1.1" 200 1600 "-" "Mozilla/5.0 (compatible; AhrefsBot/7.0; +http://ahrefs.com/robot/)" "www.metrocrimedaily.com"
51.222.253.2 - - [01/Jan/2023:07:48:54 -0800] "GET /images/youtube-logo-tiny.png HTTP/1.1" 200 689 "-" "Mozilla/5.0 (compatible; AhrefsBot/7.0; +http://ahrefs.com/robot/)" "www.metrocrimedaily.com"
82.180.143.62 - - [01/Jan/2023:07:50:38 -0800] "GET /wp-22.php?sfilename=on.php&sfilecontent=<%3F%3D409723%2A20%3B&supfiles=on.php HTTP/1.1" 404 73 "-" "Mozilla/5.0 (Linux; Android 9.0; Pixel 2 XL Build/PPP4.180612.004; Windows 10 Mobile) AppleWebKit/537.36 (KHTML, like Gecko) Chrome/71.0.3552.0 Mobile Safari/537.36" "metrocrimedaily.com"
157.55.39.219 - - [01/Jan/2023:07:54:13 -0800] "GET /instagram-atlanta/11-15-2022-1929458-Judge-says-Michael-Flynn-must-testify-in-Fulton-C.txt HTTP/1.1" 404 88 "-" "Mozilla/5.0 (compatible; bingbot/2.0; +http://www.bing.com/bingbot.htm)" "www.metrocrimedaily.com"
69.63.184.5 - - [01/Jan/2023:08:00:13 -0800] "GET /instagram-houston/01-01-2023-0828124-A.jpg HTTP/1.1" 200 121400 "-" "facebookexternalhit/1.1 (+http://www.facebook.com/externalhit_uatext.php)" "www.metrocrimedaily.com"
51.222.253.9 - - [01/Jan/2023:07:59:38 -0800] "GET /instagram-dallas/?C=M;O=D HTTP/1.1" 200 2873 "-" "Mozilla/5.0 (compatible; AhrefsBot/7.0; +http://ahrefs.com/robot/)" "metrocrimedaily.com"
73.145.59.178 - - [01/Jan/2023:08:09:24 -0800] "GET / HTTP/1.1" 200 151936 "-" "Mozilla/5.0 (iPhone; CPU iPhone OS 16_1_1 like Mac OS X) AppleWebKit/605.1.15 (KHTML, like Gecko) Version/16.1 Mobile/15E148 Safari/604.1" "www.metrocrimedaily.com"
69.63.184.3 - - [01/Jan/2023:08:11:14 -0800] "GET /instagram-memphis/01-01-2023-1010551-A.jpg HTTP/1.1" 200 99660 "-" "facebookexternalhit/1.1 (+http://www.facebook.com/externalhit_uatext.php)" "www.metrocrimedaily.com"
69.63.184.1 - - [01/Jan/2023:08:14:42 -0800] "GET /instagram-chicago/01-01-2023-1014201-A.jpg HTTP/1.1" 200 600710 "-" "facebookexternalhit/1.1 (+http://www.facebook.com/externalhit_uatext.php)" "www.metrocrimedaily.com"
157.55.39.33 - - [01/Jan/2023:08:15:38 -0800] "GET /instagram-dallas/11-21-2022-1925382-Police-release-names-of-those-killed-in-the-Color.txt HTTP/1.1" 404 88 "-" "Mozilla/5.0 AppleWebKit/537.36 (KHTML, like Gecko; compatible; bingbot/2.0; +http://www.bing.com/bingbot.htm) Chrome/103.0.5060.134 Safari/537.36" "www.metrocrimedaily.com"
69.63.184.1 - - [01/Jan/2023:08:16:34 -0800] "GET /instagram-atlanta/01-01-2023-1016071-A.jpg HTTP/1.1" 200 143419 "-" "facebookexternalhit/1.1 (+http://www.facebook.com/externalhit_uatext.php)" "www.metrocrimedaily.com"
51.222.253.6 - - [01/Jan/2023:08:12:59 -0800] "GET /instagram-dallas/?C=S;O=D HTTP/1.1" 200 2915 "-" "Mozilla/5.0 (compatible; AhrefsBot/7.0; +http://ahrefs.com/robot/)" "metrocrimedaily.com"
69.63.184.5 - - [01/Jan/2023:08:29:51 -0800] "GET /instagram-stlouis/01-01-2023-1029311-A.jpg HTTP/1.1" 200 197277 "-" "facebookexternalhit/1.1 (+http://www.facebook.com/externalhit_uatext.php)" "www.metrocrimedaily.com"
157.55.39.44 - - [01/Jan/2023:08:33:50 -0800] "GET /instagram-chicago/11-10-2022-1401301----I-throw-myself-at-the-mercy-of-the-court-----M.txt HTTP/1.1" 404 88 "-" "Mozilla/5.0 AppleWebKit/537.36 (KHTML, like Gecko; compatible; bingbot/2.0; +http://www.bing.com/bingbot.htm) Chrome/103.0.5060.134 Safari/537.36" "www.metrocrimedaily.com"
69.63.184.120 - - [01/Jan/2023:08:37:55 -0800] "GET /instagram-newyork/01-01-2023-1037371-A.jpg HTTP/1.1" 200 72332 "-" "facebookexternalhit/1.1 (+http://www.facebook.com/externalhit_uatext.php)" "www.metrocrimedaily.com"
51.222.253.4 - - [01/Jan/2023:08:40:43 -0800] "GET /www.thenewsherald.com HTTP/1.1" 404 88 "-" "Mozilla/5.0 (compatible; AhrefsBot/7.0; +http://ahrefs.com/robot/)" "metrocrimedaily.com"
69.63.184.116 - - [01/Jan/2023:08:41:44 -0800] "GET /instagram-memphis/01-01-2023-1010552-A.jpg HTTP/1.1" 200 117111 "-" "facebookexternalhit/1.1 (+http://www.facebook.com/externalhit_uatext.php)" "www.metrocrimedaily.com"
69.63.184.2 - - [01/Jan/2023:08:45:21 -0800] "GET /instagram-detroit/01-01-2023-1045001-A.jpg HTTP/1.1" 200 79527 "-" "facebookexternalhit/1.1 (+http://www.facebook.com/externalhit_uatext.php)" "www.metrocrimedaily.com"
40.77.167.22 - - [01/Jan/2023:08:50:05 -0800] "GET /www.foxla.com HTTP/1.1" 404 88 "-" "Mozilla/5.0 (compatible; bingbot/2.0; +http://www.bing.com/bingbot.htm)" "metrocrimedaily.com"
157.55.39.219 - - [01/Jan/2023:08:50:04 -0800] "GET /instagram-atlanta/11-20-2022-1747061-41-year-old-man-arrested-after-police-say-he-stab.txt HTTP/1.1" 404 88 "-" "Mozilla/5.0 AppleWebKit/537.36 (KHTML, like Gecko; compatible; bingbot/2.0; +http://www.bing.com/bingbot.htm) Chrome/103.0.5060.134 Safari/537.36" "www.metrocrimedaily.com"
157.55.39.100 - - [01/Jan/2023:08:56:53 -0800] "GET /crime-watch-usa.html HTTP/1.1" 200 1081 "-" "Mozilla/5.0 AppleWebKit/537.36 (KHTML, like Gecko; compatible; bingbot/2.0; +http://www.bing.com/bingbot.htm) Chrome/103.0.5060.134 Safari/537.36" "www.metrocrimedaily.com"
157.55.39.44 - - [01/Jan/2023:08:58:43 -0800] "GET /instagram-dallas/11-23-2022-1534354-7-MSU-football-players-charged-with-assault-after.txt HTTP/1.1" 404 88 "-" "Mozilla/5.0 AppleWebKit/537.36 (KHTML, like Gecko; compatible; bingbot/2.0; +http://www.bing.com/bingbot.htm) Chrome/103.0.5060.134 Safari/537.36" "www.metrocrimedaily.com"
157.55.39.219 - - [01/Jan/2023:09:13:49 -0800] "GET /instagram-chicago/11-30-2022-1149152-Des-Plaines-resident-loses-$5-000-to-cryptocurren.txt HTTP/1.1" 404 88 "-" "Mozilla/5.0 (compatible; bingbot/2.0; +http://www.bing.com/bingbot.htm)" "www.metrocrimedaily.com"
69.63.184.1 - - [01/Jan/2023:09:16:16 -0800] "GET /instagram-chicago/01-01-2023-1115531-A.jpg HTTP/1.1" 200 209478 "-" "facebookexternalhit/1.1 (+http://www.facebook.com/externalhit_uatext.php)" "www.metrocrimedaily.com"
69.63.184.117 - - [01/Jan/2023:09:17:21 -0800] "GET /instagram-houston/01-01-2023-1117021-A.jpg HTTP/1.1" 200 151055 "-" "facebookexternalhit/1.1 (+http://www.facebook.com/externalhit_uatext.php)" "www.metrocrimedaily.com"
69.63.184.119 - - [01/Jan/2023:09:25:37 -0800] "GET /instagram-stlouis/01-01-2023-1125171-A.jpg HTTP/1.1" 200 327127 "-" "facebookexternalhit/1.1 (+http://www.facebook.com/externalhit_uatext.php)" "www.metrocrimedaily.com"
51.222.253.16 - - [01/Jan/2023:09:27:15 -0800] "GET /instagram-houston/videos/?C=D;O=A HTTP/1.1" 200 614 "-" "Mozilla/5.0 (compatible; AhrefsBot/7.0; +http://ahrefs.com/robot/)" "metrocrimedaily.com"
51.222.253.8 - - [01/Jan/2023:09:29:59 -0800] "GET /instagram-houston/videos/?C=S;O=A HTTP/1.1" 200 613 "-" "Mozilla/5.0 (compatible; AhrefsBot/7.0; +http://ahrefs.com/robot/)" "metrocrimedaily.com"
51.222.253.3 - - [01/Jan/2023:09:31:17 -0800] "GET /instagram-dallas/12-31-2022-0003041-Attempted-Carjacking-Turned-Shooting-Rattles-Dine.txt HTTP/1.1" 200 711 "-" "Mozilla/5.0 (compatible; AhrefsBot/7.0; +http://ahrefs.com/robot/)" "metrocrimedaily.com"
69.63.184.1 - - [01/Jan/2023:09:43:34 -0800] "GET /instagram-atlanta/01-01-2023-1143121-A.jpg HTTP/1.1" 200 91765 "-" "facebookexternalhit/1.1 (+http://www.facebook.com/externalhit_uatext.php)" "www.metrocrimedaily.com"
69.63.184.117 - - [01/Jan/2023:09:46:48 -0800] "GET /instagram-chicago/01-01-2023-1115532-A.jpg HTTP/1.1" 200 314396 "-" "facebookexternalhit/1.1 (+http://www.facebook.com/externalhit_uatext.php)" "www.metrocrimedaily.com"
69.63.184.5 - - [01/Jan/2023:09:52:44 -0800] "GET /instagram-dallas/01-01-2023-1152231-A.jpg HTTP/1.1" 200 185762 "-" "facebookexternalhit/1.1 (+http://www.facebook.com/externalhit_uatext.php)" "www.metrocrimedaily.com"
76.184.252.42 - - [01/Jan/2023:09:56:25 -0800] "GET /images/police-tape.jpg HTTP/1.1" 200 50766 "-" "Wget/1.20.3 (mingw32)" "metrocrimedaily.com"
69.63.184.2 - - [01/Jan/2023:09:56:34 -0800] "GET /instagram-detroit/01-01-2023-1156141-A.jpg HTTP/1.1" 200 60420 "-" "facebookexternalhit/1.1 (+http://www.facebook.com/externalhit_uatext.php)" "www.metrocrimedaily.com"
69.63.184.118 - - [01/Jan/2023:10:14:08 -0800] "GET /instagram-atlanta/01-01-2023-1143122-A.jpg HTTP/1.1" 200 99741 "-" "facebookexternalhit/1.1 (+http://www.facebook.com/externalhit_uatext.php)" "www.metrocrimedaily.com"
157.55.39.44 - - [01/Jan/2023:10:17:50 -0800] "GET /instagram-detroit/11-11-2022-1701281-Deputy-accidentally-shoots-own-hand-during-traini.txt HTTP/1.1" 404 88 "-" "Mozilla/5.0 AppleWebKit/537.36 (KHTML, like Gecko; compatible; bingbot/2.0; +http://www.bing.com/bingbot.htm) Chrome/103.0.5060.134 Safari/537.36" "www.metrocrimedaily.com"
69.63.184.118 - - [01/Jan/2023:10:18:25 -0800] "GET /instagram-houston/01-01-2023-1117023-A.jpg HTTP/1.1" 200 210706 "-" "facebookexternalhit/1.1 (+http://www.facebook.com/externalhit_uatext.php)" "www.metrocrimedaily.com"
68.40.218.86 - - [01/Jan/2023:10:19:40 -0800] "GET / HTTP/1.1" 200 152168 "-" "Mozilla/5.0 (iPhone; CPU iPhone OS 15_1 like Mac OS X) AppleWebKit/605.1.15 (KHTML, like Gecko) Version/15.1 Mobile/15E148 Safari/604.1" "www.metrocrimedaily.com"
68.40.218.86 - - [01/Jan/2023:10:19:41 -0800] "GET /images/crimeinthed-logo.jpg HTTP/1.1" 304 - "http://www.metrocrimedaily.com/" "Mozilla/5.0 (iPhone; CPU iPhone OS 15_1 like Mac OS X) AppleWebKit/605.1.15 (KHTML, like Gecko) Version/15.1 Mobile/15E148 Safari/604.1" "www.metrocrimedaily.com"
68.40.218.86 - - [01/Jan/2023:10:19:42 -0800] "GET /images/youtube-logo-tiny.png HTTP/1.1" 200 689 "http://www.metrocrimedaily.com/" "Mozilla/5.0 (iPhone; CPU iPhone OS 15_1 like Mac OS X) AppleWebKit/605.1.15 (KHTML, like Gecko) Version/15.1 Mobile/15E148 Safari/604.1" "www.metrocrimedaily.com"
68.40.218.86 - - [01/Jan/2023:10:19:41 -0800] "GET /images/police-tape.jpg HTTP/1.1" 304 - "http://www.metrocrimedaily.com/" "Mozilla/5.0 (iPhone; CPU iPhone OS 15_1 like Mac OS X) AppleWebKit/605.1.15 (KHTML, like Gecko) Version/15.1 Mobile/15E148 Safari/604.1" "metrocrimedaily.com"
68.40.218.86 - - [01/Jan/2023:10:19:41 -0800] "GET /images/twitter-logo-b-tiny.png HTTP/1.1" 200 1600 "http://www.metrocrimedaily.com/" "Mozilla/5.0 (iPhone; CPU iPhone OS 15_1 like Mac OS X) AppleWebKit/605.1.15 (KHTML, like Gecko) Version/15.1 Mobile/15E148 Safari/604.1" "www.metrocrimedaily.com"
68.40.218.86 - - [01/Jan/2023:10:19:48 -0800] "GET /favicon.ico HTTP/1.1" 404 88 "http://www.metrocrimedaily.com/" "Mozilla/5.0 (iPhone; CPU iPhone OS 15_1 like Mac OS X) AppleWebKit/605.1.15 (KHTML, like Gecko) Version/15.1 Mobile/15E148 Safari/604.1" "www.metrocrimedaily.com"
69.63.184.119 - - [01/Jan/2023:10:26:11 -0800] "GET /instagram-stlouis/01-01-2023-1225511-A.jpg HTTP/1.1" 200 75551 "-" "facebookexternalhit/1.1 (+http://www.facebook.com/externalhit_uatext.php)" "www.metrocrimedaily.com"
69.63.184.4 - - [01/Jan/2023:10:33:59 -0800] "GET /instagram-houston/01-01-2023-1117024-A.jpg HTTP/1.1" 200 98200 "-" "facebookexternalhit/1.1 (+http://www.facebook.com/externalhit_uatext.php)" "www.metrocrimedaily.com"
69.63.184.1 - - [01/Jan/2023:10:36:01 -0800] "GET /instagram-losangeles/01-01-2023-1235421-A.jpg HTTP/1.1" 200 90329 "-" "facebookexternalhit/1.1 (+http://www.facebook.com/externalhit_uatext.php)" "www.metrocrimedaily.com"
69.63.184.117 - - [01/Jan/2023:10:41:50 -0800] "GET /instagram-stlouis/01-01-2023-1225512-A.jpg HTTP/1.1" 200 95606 "-" "facebookexternalhit/1.1 (+http://www.facebook.com/externalhit_uatext.php)" "www.metrocrimedaily.com"
68.40.218.86 - - [01/Jan/2023:10:43:05 -0800] "GET /apple-touch-icon-precomposed.png HTTP/1.1" 404 88 "-" "Mozilla/5.0 (Macintosh; Intel Mac OS X 10_11_1) AppleWebKit/601.2.4 (KHTML, like Gecko) Version/9.0.1 Safari/601.2.4 facebookexternalhit/1.1 Facebot Twitterbot/1.0" "www.metrocrimedaily.com"
68.40.218.86 - - [01/Jan/2023:10:43:05 -0800] "GET /apple-touch-icon.png HTTP/1.1" 404 88 "-" "Mozilla/5.0 (Macintosh; Intel Mac OS X 10_11_1) AppleWebKit/601.2.4 (KHTML, like Gecko) Version/9.0.1 Safari/601.2.4 facebookexternalhit/1.1 Facebot Twitterbot/1.0" "www.metrocrimedaily.com"
68.40.218.86 - - [01/Jan/2023:10:43:06 -0800] "GET /index.html HTTP/1.1" 200 152365 "http://www.metrocrimedaily.com/" "Mozilla/5.0 (iPhone; CPU iPhone OS 15_1 like Mac OS X) AppleWebKit/605.1.15 (KHTML, like Gecko) Version/15.1 Mobile/15E148 Safari/604.1" "www.metrocrimedaily.com"
68.40.218.86 - - [01/Jan/2023:10:43:05 -0800] "GET /favicon.ico HTTP/1.1" 404 88 "-" "Mozilla/5.0 (Macintosh; Intel Mac OS X 10_11_1) AppleWebKit/601.2.4 (KHTML, like Gecko) Version/9.0.1 Safari/601.2.4 facebookexternalhit/1.1 Facebot Twitterbot/1.0" "www.metrocrimedaily.com"
69.63.184.119 - - [01/Jan/2023:10:46:46 -0800] "GET /instagram-memphis/01-01-2023-1246261-A.jpg HTTP/1.1" 200 90079 "-" "facebookexternalhit/1.1 (+http://www.facebook.com/externalhit_uatext.php)" "www.metrocrimedaily.com"
69.63.184.117 - - [01/Jan/2023:10:53:48 -0800] "GET /instagram-chicago/01-01-2023-1253171-A.jpg HTTP/1.1" 200 233150 "-" "facebookexternalhit/1.1 (+http://www.facebook.com/externalhit_uatext.php)" "www.metrocrimedaily.com"
40.77.167.22 - - [01/Jan/2023:10:57:17 -0800] "GET /instagram-dallas/11-22-2022-2145072-Suspects-involved-in-deadly-car-chase-connected-t.txt HTTP/1.1" 404 88 "-" "Mozilla/5.0 AppleWebKit/537.36 (KHTML, like Gecko; compatible; bingbot/2.0; +http://www.bing.com/bingbot.htm) Chrome/103.0.5060.134 Safari/537.36" "www.metrocrimedaily.com"
69.63.189.116 - - [01/Jan/2023:10:57:32 -0800] "GET /instagram-stlouis/01-01-2023-1225513-A.jpg HTTP/1.1" 200 326066 "-" "facebookexternalhit/1.1 (+http://www.facebook.com/externalhit_uatext.php)" "www.metrocrimedaily.com"
40.77.167.22 - - [01/Jan/2023:10:58:38 -0800] "GET /instagram-chicago/11-20-2022-0946471-Ukraine-says-will-look-into-alleged-prisoner-shoo.txt HTTP/1.1" 404 88 "-" "Mozilla/5.0 AppleWebKit/537.36 (KHTML, like Gecko; compatible; bingbot/2.0; +http://www.bing.com/bingbot.htm) Chrome/103.0.5060.134 Safari/537.36" "www.metrocrimedaily.com"
159.223.192.179 - - [01/Jan/2023:11:01:42 -0800] "GET /www.thenewsherald.com HTTP/1.1" 404 88 "-" "Mozilla/5.0 (Macintosh; Intel Mac OS X 10_15_7) AppleWebKit/537.36 (KHTML, like Gecko) Chrome/107.0.0.0 Safari/537.36" "metrocrimedaily.com"
207.46.13.113 - - [01/Jan/2023:11:04:09 -0800] "GET /instagram-dallas/11-25-2022-1526453-Walmart-Shooter-Bought-Pistol-on-the-Day-of-the-A.txt HTTP/1.1" 404 88 "-" "Mozilla/5.0 (compatible; bingbot/2.0; +http://www.bing.com/bingbot.htm)" "www.metrocrimedaily.com"
69.63.184.116 - - [01/Jan/2023:11:09:23 -0800] "GET /instagram-chicago/01-01-2023-1253172-A.jpg HTTP/1.1" 200 464311 "-" "facebookexternalhit/1.1 (+http://www.facebook.com/externalhit_uatext.php)" "www.metrocrimedaily.com"
69.63.189.118 - - [01/Jan/2023:11:13:28 -0800] "GET /instagram-detroit/01-01-2023-1313061-A.jpg HTTP/1.1" 200 328373 "-" "facebookexternalhit/1.1 (+http://www.facebook.com/externalhit_uatext.php)" "www.metrocrimedaily.com"
69.63.189.5 - - [01/Jan/2023:11:13:46 -0800] "GET /instagram-dallas/01-01-2023-1313251-A.jpg HTTP/1.1" 200 235939 "-" "facebookexternalhit/1.1 (+http://www.facebook.com/externalhit_uatext.php)" "www.metrocrimedaily.com"
114.119.133.247 - - [01/Jan/2023:11:23:14 -0800] "GET /gov-svc-detroit.html HTTP/1.1" 200 2125 "https://metrocrimedaily.com/" "Mozilla/5.0 (Linux; Android 7.0;) AppleWebKit/537.36 (KHTML, like Gecko) Mobile Safari/537.36 (compatible; PetalBot;+https://webmaster.petalsearch.com/site/petalbot)" "metrocrimedaily.com"
69.63.184.119 - - [01/Jan/2023:11:24:56 -0800] "GET /instagram-chicago/01-01-2023-1253173-A.jpg HTTP/1.1" 200 168003 "-" "facebookexternalhit/1.1 (+http://www.facebook.com/externalhit_uatext.php)" "www.metrocrimedaily.com"
69.63.184.5 - - [01/Jan/2023:11:26:09 -0800] "GET /instagram-atlanta/01-01-2023-1325481-A.jpg HTTP/1.1" 200 132895 "-" "facebookexternalhit/1.1 (+http://www.facebook.com/externalhit_uatext.php)" "www.metrocrimedaily.com"
69.63.184.2 - - [01/Jan/2023:11:27:54 -0800] "GET /instagram-memphis/01-01-2023-1327351-A.jpg HTTP/1.1" 200 125659 "-" "facebookexternalhit/1.1 (+http://www.facebook.com/externalhit_uatext.php)" "www.metrocrimedaily.com"
69.63.184.1 - - [01/Jan/2023:11:29:02 -0800] "GET /instagram-detroit/01-01-2023-1313062-A.jpg HTTP/1.1" 200 106779 "-" "facebookexternalhit/1.1 (+http://www.facebook.com/externalhit_uatext.php)" "www.metrocrimedaily.com"
69.63.184.4 - - [01/Jan/2023:11:29:22 -0800] "GET /instagram-dallas/01-01-2023-1313252-A.jpg HTTP/1.1" 200 122780 "-" "facebookexternalhit/1.1 (+http://www.facebook.com/externalhit_uatext.php)" "www.metrocrimedaily.com"
69.63.184.117 - - [01/Jan/2023:11:36:42 -0800] "GET /instagram-houston/01-01-2023-1336221-A.jpg HTTP/1.1" 200 81280 "-" "facebookexternalhit/1.1 (+http://www.facebook.com/externalhit_uatext.php)" "www.metrocrimedaily.com"
69.63.184.118 - - [01/Jan/2023:11:40:31 -0800] "GET /instagram-chicago/01-01-2023-1253174-A.jpg HTTP/1.1" 200 525114 "-" "facebookexternalhit/1.1 (+http://www.facebook.com/externalhit_uatext.php)" "www.metrocrimedaily.com"
69.63.184.2 - - [01/Jan/2023:11:41:42 -0800] "GET /instagram-atlanta/01-01-2023-1325482-A.jpg HTTP/1.1" 200 94850 "-" "facebookexternalhit/1.1 (+http://www.facebook.com/externalhit_uatext.php)" "www.metrocrimedaily.com"
69.63.184.2 - - [01/Jan/2023:11:49:05 -0800] "GET /instagram-stlouis/01-01-2023-1348441-A.jpg HTTP/1.1" 200 145578 "-" "facebookexternalhit/1.1 (+http://www.facebook.com/externalhit_uatext.php)" "www.metrocrimedaily.com"
69.63.184.117 - - [01/Jan/2023:11:52:12 -0800] "GET /instagram-houston/01-01-2023-1336222-A.jpg HTTP/1.1" 200 150494 "-" "facebookexternalhit/1.1 (+http://www.facebook.com/externalhit_uatext.php)" "www.metrocrimedaily.com"
69.63.184.116 - - [01/Jan/2023:11:56:12 -0800] "GET /instagram-chicago/01-01-2023-1253175-A.jpg HTTP/1.1" 200 78534 "-" "facebookexternalhit/1.1 (+http://www.facebook.com/externalhit_uatext.php)" "www.metrocrimedaily.com"
157.55.39.219 - - [01/Jan/2023:11:58:33 -0800] "GET /instagram-detroit/11-25-2022-0851441-Police--One-dead-after-Thanksgiving-family-disput.txt HTTP/1.1" 404 88 "-" "Mozilla/5.0 (compatible; bingbot/2.0; +http://www.bing.com/bingbot.htm)" "www.metrocrimedaily.com"
40.77.167.22 - - [01/Jan/2023:11:59:54 -0800] "GET /instagram-chicago/11-10-2022-1744364-3-shot-at-McDonald---s-on-Far-South-Side--fire-of.txt HTTP/1.1" 404 88 "-" "Mozilla/5.0 AppleWebKit/537.36 (KHTML, like Gecko; compatible; bingbot/2.0; +http://www.bing.com/bingbot.htm) Chrome/103.0.5060.134 Safari/537.36" "www.metrocrimedaily.com"
69.63.184.119 - - [01/Jan/2023:12:00:01 -0800] "GET /instagram-losangeles/01-01-2023-1359411-A.jpg HTTP/1.1" 200 100905 "-" "facebookexternalhit/1.1 (+http://www.facebook.com/externalhit_uatext.php)" "www.metrocrimedaily.com"
69.63.184.117 - - [01/Jan/2023:12:04:39 -0800] "GET /instagram-stlouis/01-01-2023-1348442-A.jpg HTTP/1.1" 200 158958 "-" "facebookexternalhit/1.1 (+http://www.facebook.com/externalhit_uatext.php)" "www.metrocrimedaily.com"
69.63.189.2 - - [01/Jan/2023:12:07:42 -0800] "GET /instagram-houston/01-01-2023-1336223-A.jpg HTTP/1.1" 200 106186 "-" "facebookexternalhit/1.1 (+http://www.facebook.com/externalhit_uatext.php)" "www.metrocrimedaily.com"
69.63.189.2 - - [01/Jan/2023:12:11:44 -0800] "GET /instagram-chicago/01-01-2023-1253176-A.jpg HTTP/1.1" 200 76829 "-" "facebookexternalhit/1.1 (+http://www.facebook.com/externalhit_uatext.php)" "www.metrocrimedaily.com"
69.63.189.2 - - [01/Jan/2023:12:20:26 -0800] "GET /instagram-stlouis/01-01-2023-1348443-A.jpg HTTP/1.1" 200 108593 "-" "facebookexternalhit/1.1 (+http://www.facebook.com/externalhit_uatext.php)" "www.metrocrimedaily.com"
69.63.189.3 - - [01/Jan/2023:12:20:48 -0800] "GET /instagram-stlouis/01-01-2023-1348444-A.jpg HTTP/1.1" 200 139008 "-" "facebookexternalhit/1.1 (+http://www.facebook.com/externalhit_uatext.php)" "www.metrocrimedaily.com"
69.63.184.1 - - [01/Jan/2023:12:23:15 -0800] "GET /instagram-houston/01-01-2023-1336224-A.jpg HTTP/1.1" 200 74402 "-" "facebookexternalhit/1.1 (+http://www.facebook.com/externalhit_uatext.php)" "www.metrocrimedaily.com"
69.63.184.3 - - [01/Jan/2023:12:27:22 -0800] "GET /instagram-chicago/01-01-2023-1253177-A.jpg HTTP/1.1" 200 866403 "-" "facebookexternalhit/1.1 (+http://www.facebook.com/externalhit_uatext.php)" "www.metrocrimedaily.com"
69.63.184.119 - - [01/Jan/2023:12:32:50 -0800] "GET /instagram-dallas/01-01-2023-1432301-A.jpg HTTP/1.1" 200 113899 "-" "facebookexternalhit/1.1 (+http://www.facebook.com/externalhit_uatext.php)" "www.metrocrimedaily.com"
69.63.184.5 - - [01/Jan/2023:12:33:07 -0800] "GET /instagram-detroit/01-01-2023-1432471-A.jpg HTTP/1.1" 200 131426 "-" "facebookexternalhit/1.1 (+http://www.facebook.com/externalhit_uatext.php)" "www.metrocrimedaily.com"
69.63.184.5 - - [01/Jan/2023:12:48:42 -0800] "GET /instagram-detroit/01-01-2023-1432472-A.jpg HTTP/1.1" 200 148597 "-" "facebookexternalhit/1.1 (+http://www.facebook.com/externalhit_uatext.php)" "www.metrocrimedaily.com"
69.63.184.4 - - [01/Jan/2023:12:51:18 -0800] "GET /instagram-atlanta/01-01-2023-1450571-A.jpg HTTP/1.1" 200 187209 "-" "facebookexternalhit/1.1 (+http://www.facebook.com/externalhit_uatext.php)" "www.metrocrimedaily.com"
54.36.148.124 - - [01/Jan/2023:12:58:09 -0800] "GET /robots.txt HTTP/1.1" 404 88 "-" "Mozilla/5.0 (compatible; AhrefsBot/7.0; +http://ahrefs.com/robot/)" "www.metrocrimedaily.com"
54.36.149.80 - - [01/Jan/2023:12:58:16 -0800] "GET / HTTP/1.1" 200 152650 "-" "Mozilla/5.0 (compatible; AhrefsBot/7.0; +http://ahrefs.com/robot/)" "www.metrocrimedaily.com"
54.36.148.132 - - [01/Jan/2023:12:58:38 -0800] "GET /styles-mcd.css HTTP/1.1" 200 1159 "-" "Mozilla/5.0 (compatible; AhrefsBot/7.0; +http://ahrefs.com/robot/)" "www.metrocrimedaily.com"
54.36.148.66 - - [01/Jan/2023:12:58:39 -0800] "GET /images/twitter-logo-b-tiny.png HTTP/1.1" 200 1600 "-" "Mozilla/5.0 (compatible; AhrefsBot/7.0; +http://ahrefs.com/robot/)" "www.metrocrimedaily.com"
54.36.149.16 - - [01/Jan/2023:12:58:45 -0800] "GET /images/facebook-logo-tiny.png HTTP/1.1" 200 1280 "-" "Mozilla/5.0 (compatible; AhrefsBot/7.0; +http://ahrefs.com/robot/)" "www.metrocrimedaily.com"
54.36.148.219 - - [01/Jan/2023:12:58:46 -0800] "GET / HTTP/1.1" 200 152650 "-" "Mozilla/5.0 (compatible; AhrefsBot/7.0; +http://ahrefs.com/robot/)" "www.metrocrimedaily.com"
54.36.148.38 - - [01/Jan/2023:12:58:52 -0800] "GET /images/youtube-logo-tiny.png HTTP/1.1" 200 689 "-" "Mozilla/5.0 (compatible; AhrefsBot/7.0; +http://ahrefs.com/robot/)" "www.metrocrimedaily.com"
69.63.184.1 - - [01/Jan/2023:13:02:32 -0800] "GET /instagram-stlouis/01-01-2023-1502101-A.jpg HTTP/1.1" 200 135788 "-" "facebookexternalhit/1.1 (+http://www.facebook.com/externalhit_uatext.php)" "www.metrocrimedaily.com"
69.63.184.5 - - [01/Jan/2023:13:04:22 -0800] "GET /instagram-miami/01-01-2023-1504021-A.jpg HTTP/1.1" 200 62683 "-" "facebookexternalhit/1.1 (+http://www.facebook.com/externalhit_uatext.php)" "www.metrocrimedaily.com"
69.63.184.118 - - [01/Jan/2023:13:11:38 -0800] "GET /instagram-chicago/01-01-2023-1511151-A.jpg HTTP/1.1" 200 136731 "-" "facebookexternalhit/1.1 (+http://www.facebook.com/externalhit_uatext.php)" "www.metrocrimedaily.com"
69.63.184.117 - - [01/Jan/2023:13:19:56 -0800] "GET /instagram-miami/01-01-2023-1504022-A.jpg HTTP/1.1" 200 242746 "-" "facebookexternalhit/1.1 (+http://www.facebook.com/externalhit_uatext.php)" "www.metrocrimedaily.com"
69.63.184.5 - - [01/Jan/2023:13:25:32 -0800] "GET /instagram-houston/01-01-2023-1525131-A.jpg HTTP/1.1" 200 91401 "-" "facebookexternalhit/1.1 (+http://www.facebook.com/externalhit_uatext.php)" "www.metrocrimedaily.com"
69.63.184.3 - - [01/Jan/2023:13:38:48 -0800] "GET /instagram-houston/01-01-2023-1525132-A.jpg HTTP/1.1" 200 117772 "-" "facebookexternalhit/1.1 (+http://www.facebook.com/externalhit_uatext.php)" "www.metrocrimedaily.com"
40.77.167.22 - - [01/Jan/2023:13:40:42 -0800] "GET / HTTP/1.1" 200 2321 "-" "Mozilla/5.0 AppleWebKit/537.36 (KHTML, like Gecko; compatible; bingbot/2.0; +http://www.bing.com/bingbot.htm) Chrome/103.0.5060.134 Safari/537.36" "metrocrimedaily.com"
69.63.184.118 - - [01/Jan/2023:13:45:56 -0800] "GET /instagram-detroit/01-01-2023-1545351-A.jpg HTTP/1.1" 200 328845 "-" "facebookexternalhit/1.1 (+http://www.facebook.com/externalhit_uatext.php)" "www.metrocrimedaily.com"
157.55.39.33 - - [01/Jan/2023:13:46:48 -0800] "GET /instagram-dallas/11-28-2022-1202102-Jury-selection-to-begin-in-murder-trial-of-former.txt HTTP/1.1" 404 88 "-" "Mozilla/5.0 AppleWebKit/537.36 (KHTML, like Gecko; compatible; bingbot/2.0; +http://www.bing.com/bingbot.htm) Chrome/103.0.5060.134 Safari/537.36" "www.metrocrimedaily.com"
69.63.184.116 - - [01/Jan/2023:13:48:15 -0800] "GET /instagram-memphis/01-01-2023-1547561-A.jpg HTTP/1.1" 200 102667 "-" "facebookexternalhit/1.1 (+http://www.facebook.com/externalhit_uatext.php)" "www.metrocrimedaily.com"
69.63.184.116 - - [01/Jan/2023:13:51:45 -0800] "GET /instagram-dallas/01-01-2023-1551221-A.jpg HTTP/1.1" 200 67477 "-" "facebookexternalhit/1.1 (+http://www.facebook.com/externalhit_uatext.php)" "www.metrocrimedaily.com"
69.63.184.4 - - [01/Jan/2023:13:54:20 -0800] "GET /instagram-houston/01-01-2023-1525133-A.jpg HTTP/1.1" 200 260911 "-" "facebookexternalhit/1.1 (+http://www.facebook.com/externalhit_uatext.php)" "www.metrocrimedaily.com"
207.46.13.113 - - [01/Jan/2023:13:55:55 -0800] "GET /instagram-atlanta/11-20-2022-1020224-Man-killed-in-Downtown-Atlanta-shooting--police-s.txt HTTP/1.1" 404 88 "-" "Mozilla/5.0 AppleWebKit/537.36 (KHTML, like Gecko; compatible; bingbot/2.0; +http://www.bing.com/bingbot.htm) Chrome/103.0.5060.134 Safari/537.36" "www.metrocrimedaily.com"
157.55.39.219 - - [01/Jan/2023:13:56:27 -0800] "GET /instagram-detroit/11-23-2022-1624131-Macomb-County7-month-old-starved-to-death--mom-se.txt HTTP/1.1" 404 88 "-" "Mozilla/5.0 (compatible; bingbot/2.0; +http://www.bing.com/bingbot.htm)" "www.metrocrimedaily.com"
40.77.167.22 - - [01/Jan/2023:13:57:34 -0800] "GET /instagram-atlanta/11-16-2022-12082610-MISSING--Clayton-County-man-disappeared-two-weeks.txt HTTP/1.1" 404 88 "-" "Mozilla/5.0 AppleWebKit/537.36 (KHTML, like Gecko; compatible; bingbot/2.0; +http://www.bing.com/bingbot.htm) Chrome/103.0.5060.134 Safari/537.36" "www.metrocrimedaily.com"
69.63.184.120 - - [01/Jan/2023:13:58:32 -0800] "GET /instagram-losangeles/01-01-2023-1558131-A.jpg HTTP/1.1" 200 321638 "-" "facebookexternalhit/1.1 (+http://www.facebook.com/externalhit_uatext.php)" "www.metrocrimedaily.com"
69.63.184.119 - - [01/Jan/2023:14:00:03 -0800] "GET /instagram-chicago/01-01-2023-1559421-A.jpg HTTP/1.1" 200 581581 "-" "facebookexternalhit/1.1 (+http://www.facebook.com/externalhit_uatext.php)" "www.metrocrimedaily.com"
69.63.184.2 - - [01/Jan/2023:14:04:14 -0800] "GET /instagram-miami/01-01-2023-1603541-A.jpg HTTP/1.1" 200 208698 "-" "facebookexternalhit/1.1 (+http://www.facebook.com/externalhit_uatext.php)" "www.metrocrimedaily.com"
69.63.184.1 - - [01/Jan/2023:14:07:21 -0800] "GET /instagram-dallas/01-01-2023-1551222-A.jpg HTTP/1.1" 200 53644 "-" "facebookexternalhit/1.1 (+http://www.facebook.com/externalhit_uatext.php)" "www.metrocrimedaily.com"
69.63.184.119 - - [01/Jan/2023:14:09:51 -0800] "GET /instagram-houston/01-01-2023-1525134-A.jpg HTTP/1.1" 200 152485 "-" "facebookexternalhit/1.1 (+http://www.facebook.com/externalhit_uatext.php)" "www.metrocrimedaily.com"
69.63.184.3 - - [01/Jan/2023:14:15:39 -0800] "GET /instagram-chicago/01-01-2023-1559422-A.jpg HTTP/1.1" 200 87859 "-" "facebookexternalhit/1.1 (+http://www.facebook.com/externalhit_uatext.php)" "www.metrocrimedaily.com"
69.63.184.117 - - [01/Jan/2023:14:22:53 -0800] "GET /instagram-dallas/01-01-2023-1551223-A.jpg HTTP/1.1" 200 107861 "-" "facebookexternalhit/1.1 (+http://www.facebook.com/externalhit_uatext.php)" "www.metrocrimedaily.com"
69.63.184.116 - - [01/Jan/2023:14:25:24 -0800] "GET /instagram-houston/01-01-2023-1525135-A.jpg HTTP/1.1" 200 125911 "-" "facebookexternalhit/1.1 (+http://www.facebook.com/externalhit_uatext.php)" "www.metrocrimedaily.com"
69.63.184.117 - - [01/Jan/2023:14:29:28 -0800] "GET /instagram-memphis/01-01-2023-1629081-A.jpg HTTP/1.1" 200 99109 "-" "facebookexternalhit/1.1 (+http://www.facebook.com/externalhit_uatext.php)" "www.metrocrimedaily.com"
74.84.150.150 - - [01/Jan/2023:14:29:57 -0800] "GET /robots.txt HTTP/1.1" 404 88 "-" "test" "metrocrimedaily.com"
68.69.184.202 - - [01/Jan/2023:14:29:57 -0800] "GET / HTTP/1.1" 200 2594 "-" "test" "metrocrimedaily.com"
66.249.70.137 - - [01/Jan/2023:14:37:46 -0800] "GET /robots.txt HTTP/1.1" 404 88 "-" "Mozilla/5.0 (compatible; Googlebot/2.1; +http://www.google.com/bot.html)" "metrocrimedaily.com"
69.63.184.119 - - [01/Jan/2023:14:38:25 -0800] "GET /instagram-dallas/01-01-2023-1551224-A.jpg HTTP/1.1" 200 149155 "-" "facebookexternalhit/1.1 (+http://www.facebook.com/externalhit_uatext.php)" "www.metrocrimedaily.com"
76.184.252.42 - - [01/Jan/2023:14:47:09 -0800] "GET /images/police-tape.jpg HTTP/1.1" 200 50766 "-" "Wget/1.20.3 (mingw32)" "metrocrimedaily.com"
69.63.184.2 - - [01/Jan/2023:14:47:18 -0800] "GET /instagram-detroit/01-01-2023-1646581-A.jpg HTTP/1.1" 200 51571 "-" "facebookexternalhit/1.1 (+http://www.facebook.com/externalhit_uatext.php)" "www.metrocrimedaily.com"
69.63.184.3 - - [01/Jan/2023:14:48:17 -0800] "GET /instagram-losangeles/01-01-2023-1647581-A.jpg HTTP/1.1" 200 100649 "-" "facebookexternalhit/1.1 (+http://www.facebook.com/externalhit_uatext.php)" "www.metrocrimedaily.com"
66.249.70.118 - - [01/Jan/2023:14:48:32 -0800] "GET /robots.txt HTTP/1.1" 404 88 "-" "Mozilla/5.0 (compatible; Googlebot/2.1; +http://www.google.com/bot.html)" "www.metrocrimedaily.com"
54.36.148.213 - - [01/Jan/2023:14:51:59 -0800] "GET /robots.txt HTTP/1.1" 404 88 "-" "Mozilla/5.0 (compatible; AhrefsBot/7.0; +http://ahrefs.com/robot/)" "metrocrimedaily.com"
40.77.167.22 - - [01/Jan/2023:14:56:36 -0800] "GET /instagram-dallas/11-09-2022-0228082-Situation-Is----Difficult--Along-the-Entire-Front.txt HTTP/1.1" 404 88 "-" "Mozilla/5.0 (compatible; bingbot/2.0; +http://www.bing.com/bingbot.htm)" "www.metrocrimedaily.com"
69.63.184.118 - - [01/Jan/2023:15:01:53 -0800] "GET /instagram-chicago/01-01-2023-1701311-A.jpg HTTP/1.1" 200 130062 "-" "facebookexternalhit/1.1 (+http://www.facebook.com/externalhit_uatext.php)" "www.metrocrimedaily.com"
69.63.184.116 - - [01/Jan/2023:15:02:48 -0800] "GET /instagram-detroit/01-01-2023-1646582-A.jpg HTTP/1.1" 200 65923 "-" "facebookexternalhit/1.1 (+http://www.facebook.com/externalhit_uatext.php)" "www.metrocrimedaily.com"
69.63.184.1 - - [01/Jan/2023:15:18:21 -0800] "GET /instagram-detroit/01-01-2023-1646583-A.jpg HTTP/1.1" 200 101833 "-" "facebookexternalhit/1.1 (+http://www.facebook.com/externalhit_uatext.php)" "www.metrocrimedaily.com"
207.46.13.113 - - [01/Jan/2023:15:22:27 -0800] "GET /instagram-atlanta/11-16-2022-1952437-East-Point-community-remembers-beauty-shop-owner-.txt HTTP/1.1" 404 88 "-" "Mozilla/5.0 AppleWebKit/537.36 (KHTML, like Gecko; compatible; bingbot/2.0; +http://www.bing.com/bingbot.htm) Chrome/103.0.5060.134 Safari/537.36" "www.metrocrimedaily.com"
69.63.184.1 - - [01/Jan/2023:15:26:53 -0800] "GET /instagram-dallas/01-01-2023-1726321-A.jpg HTTP/1.1" 200 174715 "-" "facebookexternalhit/1.1 (+http://www.facebook.com/externalhit_uatext.php)" "www.metrocrimedaily.com"
69.63.184.3 - - [01/Jan/2023:15:38:15 -0800] "GET /instagram-losangeles/01-01-2023-1737521-A.jpg HTTP/1.1" 200 228514 "-" "facebookexternalhit/1.1 (+http://www.facebook.com/externalhit_uatext.php)" "www.metrocrimedaily.com"
157.55.39.44 - - [01/Jan/2023:15:45:53 -0800] "GET /instagram-dallas/11-21-2022-1321294-Police-investigating-southwest-Dallas-murder-.txt HTTP/1.1" 404 88 "-" "Mozilla/5.0 (compatible; bingbot/2.0; +http://www.bing.com/bingbot.htm)" "www.metrocrimedaily.com"
69.63.184.4 - - [01/Jan/2023:15:53:46 -0800] "GET /instagram-chicago/01-01-2023-1753241-A.jpg HTTP/1.1" 200 117660 "-" "facebookexternalhit/1.1 (+http://www.facebook.com/externalhit_uatext.php)" "www.metrocrimedaily.com"
69.63.184.3 - - [01/Jan/2023:15:55:41 -0800] "GET /instagram-neworleans/01-01-2023-1755211-A.jpg HTTP/1.1" 200 137552 "-" "facebookexternalhit/1.1 (+http://www.facebook.com/externalhit_uatext.php)" "www.metrocrimedaily.com"
165.22.242.45 - - [01/Jan/2023:15:59:31 -0800] "GET / HTTP/1.1" 200 13747 "-" "Mozilla/5.0 (Windows NT 10.0; Win64; x64) AppleWebKit/537.36 (KHTML, like Gecko) Chrome/78.0.3904.108 Safari/537.36" "metrocrimedaily.com"
165.22.242.45 - - [01/Jan/2023:15:59:43 -0800] "GET /wordpress/wp-includes/wlwmanifest.xml HTTP/1.1" 404 73 "-" "Mozilla/5.0 (Windows NT 10.0; Win64; x64) AppleWebKit/537.36 (KHTML, like Gecko) Chrome/78.0.3904.108 Safari/537.36" "metrocrimedaily.com"
165.22.242.45 - - [01/Jan/2023:15:59:47 -0800] "GET /wp/wp-includes/wlwmanifest.xml HTTP/1.1" 404 73 "-" "Mozilla/5.0 (Windows NT 10.0; Win64; x64) AppleWebKit/537.36 (KHTML, like Gecko) Chrome/78.0.3904.108 Safari/537.36" "metrocrimedaily.com"
