69.63.184.1 - - [31/Dec/2022:16:05:15 -0800] "GET /instagram-losangeles/12-31-2022-1804551-A.jpg HTTP/1.1" 200 95132 "-" "facebookexternalhit/1.1 (+http://www.facebook.com/externalhit_uatext.php)" "www.metrocrimedaily.com"
69.63.184.118 - - [31/Dec/2022:16:09:41 -0800] "GET /instagram-memphis/12-31-2022-1753422-A.jpg HTTP/1.1" 200 144773 "-" "facebookexternalhit/1.1 (+http://www.facebook.com/externalhit_uatext.php)" "www.metrocrimedaily.com"
207.46.13.113 - - [31/Dec/2022:16:10:39 -0800] "GET /instagram-chicago/11-07-2022-1241202-25-years-after-a-superintendent-resigned--how-has.txt HTTP/1.1" 404 88 "-" "Mozilla/5.0 (compatible; bingbot/2.0; +http://www.bing.com/bingbot.htm)" "www.metrocrimedaily.com"
69.63.184.3 - - [31/Dec/2022:16:20:47 -0800] "GET /instagram-losangeles/12-31-2022-1804552-A.jpg HTTP/1.1" 200 232967 "-" "facebookexternalhit/1.1 (+http://www.facebook.com/externalhit_uatext.php)" "www.metrocrimedaily.com"
157.55.39.219 - - [31/Dec/2022:16:23:30 -0800] "GET /instagram-atlanta/11-16-2022-1208266-1-arrested-after-beauty-supply-store-owner-killed.txt HTTP/1.1" 404 88 "-" "Mozilla/5.0 (compatible; bingbot/2.0; +http://www.bing.com/bingbot.htm)" "www.metrocrimedaily.com"
69.63.184.2 - - [31/Dec/2022:16:25:12 -0800] "GET /instagram-memphis/12-31-2022-1753423-A.jpg HTTP/1.1" 200 127427 "-" "facebookexternalhit/1.1 (+http://www.facebook.com/externalhit_uatext.php)" "www.metrocrimedaily.com"
157.55.39.100 - - [31/Dec/2022:16:28:09 -0800] "GET /instagram-dallas/11-19-2022-2218252-At-least-2-injured-in-crash-involving-suspect-fle.txt HTTP/1.1" 404 88 "-" "Mozilla/5.0 (compatible; bingbot/2.0; +http://www.bing.com/bingbot.htm)" "www.metrocrimedaily.com"
157.55.39.100 - - [31/Dec/2022:16:30:42 -0800] "GET /index-houston.html HTTP/1.1" 200 20352 "-" "Mozilla/5.0 AppleWebKit/537.36 (KHTML, like Gecko; compatible; bingbot/2.0; +http://www.bing.com/bingbot.htm) Chrome/103.0.5060.134 Safari/537.36" "www.metrocrimedaily.com"
69.63.184.2 - - [31/Dec/2022:16:33:11 -0800] "GET /instagram-newyork/12-31-2022-1832511-A.jpg HTTP/1.1" 200 214981 "-" "facebookexternalhit/1.1 (+http://www.facebook.com/externalhit_uatext.php)" "www.metrocrimedaily.com"
69.63.184.5 - - [31/Dec/2022:16:36:36 -0800] "GET /instagram-atlanta/12-31-2022-1836151-A.jpg HTTP/1.1" 200 153183 "-" "facebookexternalhit/1.1 (+http://www.facebook.com/externalhit_uatext.php)" "www.metrocrimedaily.com"
69.63.184.1 - - [31/Dec/2022:16:40:43 -0800] "GET /instagram-memphis/12-31-2022-1753424-A.jpg HTTP/1.1" 200 127628 "-" "facebookexternalhit/1.1 (+http://www.facebook.com/externalhit_uatext.php)" "www.metrocrimedaily.com"
168.245.155.32 - - [31/Dec/2022:16:40:47 -0800] "GET / HTTP/1.1" 200 151610 "-" "Mozilla/5.0 (Windows NT 10.0; Win64; x64) AppleWebKit/537.36 (KHTML, like Gecko) Chrome/108.0.0.0 Safari/537.36" "www.metrocrimedaily.com"
168.245.155.32 - - [31/Dec/2022:16:40:47 -0800] "GET /images/crimeinthed-logo.jpg HTTP/1.1" 200 14960 "http://www.metrocrimedaily.com/" "Mozilla/5.0 (Windows NT 10.0; Win64; x64) AppleWebKit/537.36 (KHTML, like Gecko) Chrome/108.0.0.0 Safari/537.36" "www.metrocrimedaily.com"
168.245.155.32 - - [31/Dec/2022:16:40:48 -0800] "GET /images/facebook-logo-tiny.png HTTP/1.1" 200 1280 "http://www.metrocrimedaily.com/" "Mozilla/5.0 (Windows NT 10.0; Win64; x64) AppleWebKit/537.36 (KHTML, like Gecko) Chrome/108.0.0.0 Safari/537.36" "www.metrocrimedaily.com"
168.245.155.32 - - [31/Dec/2022:16:40:48 -0800] "GET /images/twitter-logo-b-tiny.png HTTP/1.1" 200 1600 "http://www.metrocrimedaily.com/" "Mozilla/5.0 (Windows NT 10.0; Win64; x64) AppleWebKit/537.36 (KHTML, like Gecko) Chrome/108.0.0.0 Safari/537.36" "www.metrocrimedaily.com"
168.245.155.32 - - [31/Dec/2022:16:40:47 -0800] "GET /styles-mcd.css HTTP/1.1" 200 1159 "http://www.metrocrimedaily.com/" "Mozilla/5.0 (Windows NT 10.0; Win64; x64) AppleWebKit/537.36 (KHTML, like Gecko) Chrome/108.0.0.0 Safari/537.36" "www.metrocrimedaily.com"
168.245.155.32 - - [31/Dec/2022:16:40:48 -0800] "GET /images/youtube-logo-tiny.png HTTP/1.1" 200 689 "http://www.metrocrimedaily.com/" "Mozilla/5.0 (Windows NT 10.0; Win64; x64) AppleWebKit/537.36 (KHTML, like Gecko) Chrome/108.0.0.0 Safari/537.36" "www.metrocrimedaily.com"
168.245.155.32 - - [31/Dec/2022:16:40:48 -0800] "GET /images/police-tape.jpg HTTP/1.1" 200 50766 "http://www.metrocrimedaily.com/" "Mozilla/5.0 (Windows NT 10.0; Win64; x64) AppleWebKit/537.36 (KHTML, like Gecko) Chrome/108.0.0.0 Safari/537.36" "metrocrimedaily.com"
76.203.252.43 - - [31/Dec/2022:16:40:59 -0800] "GET / HTTP/1.1" 200 151610 "https://www.google.com/" "Mozilla/5.0 (iPhone; CPU iPhone OS 16_2 like Mac OS X) AppleWebKit/605.1.15 (KHTML, like Gecko) Version/16.2 Mobile/15E148 Safari/604.1" "www.metrocrimedaily.com"
76.203.252.43 - - [31/Dec/2022:16:40:59 -0800] "GET /images/crimeinthed-logo.jpg HTTP/1.1" 200 14960 "http://www.metrocrimedaily.com/" "Mozilla/5.0 (iPhone; CPU iPhone OS 16_2 like Mac OS X) AppleWebKit/605.1.15 (KHTML, like Gecko) Version/16.2 Mobile/15E148 Safari/604.1" "www.metrocrimedaily.com"
76.203.252.43 - - [31/Dec/2022:16:40:59 -0800] "GET /images/police-tape.jpg HTTP/1.1" 200 50766 "http://www.metrocrimedaily.com/" "Mozilla/5.0 (iPhone; CPU iPhone OS 16_2 like Mac OS X) AppleWebKit/605.1.15 (KHTML, like Gecko) Version/16.2 Mobile/15E148 Safari/604.1" "metrocrimedaily.com"
168.245.155.32 - - [31/Dec/2022:16:40:56 -0800] "GET /favicon.ico HTTP/1.1" 404 88 "http://www.metrocrimedaily.com/" "Mozilla/5.0 (Windows NT 10.0; Win64; x64) AppleWebKit/537.36 (KHTML, like Gecko) Chrome/108.0.0.0 Safari/537.36" "www.metrocrimedaily.com"
76.203.252.43 - - [31/Dec/2022:16:40:59 -0800] "GET /styles-mcd.css HTTP/1.1" 200 1159 "http://www.metrocrimedaily.com/" "Mozilla/5.0 (iPhone; CPU iPhone OS 16_2 like Mac OS X) AppleWebKit/605.1.15 (KHTML, like Gecko) Version/16.2 Mobile/15E148 Safari/604.1" "www.metrocrimedaily.com"
76.203.252.43 - - [31/Dec/2022:16:41:08 -0800] "GET /images/youtube-logo-tiny.png HTTP/1.1" 200 689 "http://www.metrocrimedaily.com/" "Mozilla/5.0 (iPhone; CPU iPhone OS 16_2 like Mac OS X) AppleWebKit/605.1.15 (KHTML, like Gecko) Version/16.2 Mobile/15E148 Safari/604.1" "www.metrocrimedaily.com"
76.203.252.43 - - [31/Dec/2022:16:41:08 -0800] "GET /images/twitter-logo-b-tiny.png HTTP/1.1" 200 1600 "http://www.metrocrimedaily.com/" "Mozilla/5.0 (iPhone; CPU iPhone OS 16_2 like Mac OS X) AppleWebKit/605.1.15 (KHTML, like Gecko) Version/16.2 Mobile/15E148 Safari/604.1" "www.metrocrimedaily.com"
76.203.252.43 - - [31/Dec/2022:16:40:59 -0800] "GET /images/facebook-logo-tiny.png HTTP/1.1" 200 1280 "http://www.metrocrimedaily.com/" "Mozilla/5.0 (iPhone; CPU iPhone OS 16_2 like Mac OS X) AppleWebKit/605.1.15 (KHTML, like Gecko) Version/16.2 Mobile/15E148 Safari/604.1" "www.metrocrimedaily.com"
76.203.252.43 - - [31/Dec/2022:16:41:27 -0800] "GET / HTTP/1.1" 200 151610 "-" "Mozilla/5.0 (iPhone; CPU iPhone OS 16_2 like Mac OS X) AppleWebKit/605.1.15 (KHTML, like Gecko) Version/16.2 Mobile/15E148 Safari/604.1" "www.metrocrimedaily.com"
76.203.252.43 - - [31/Dec/2022:16:41:28 -0800] "GET /apple-touch-icon-120x120-precomposed.png HTTP/1.1" 404 88 "-" "MobileSafari/8614.3.7.0.6 CFNetwork/1402.0.8 Darwin/22.2.0" "www.metrocrimedaily.com"
76.203.252.43 - - [31/Dec/2022:16:41:29 -0800] "GET /apple-touch-icon-120x120.png HTTP/1.1" 404 88 "-" "MobileSafari/8614.3.7.0.6 CFNetwork/1402.0.8 Darwin/22.2.0" "www.metrocrimedaily.com"
76.203.252.43 - - [31/Dec/2022:16:41:33 -0800] "GET /apple-touch-icon-precomposed.png HTTP/1.1" 404 88 "-" "MobileSafari/8614.3.7.0.6 CFNetwork/1402.0.8 Darwin/22.2.0" "www.metrocrimedaily.com"
76.203.252.43 - - [31/Dec/2022:16:41:36 -0800] "GET /apple-touch-icon.png HTTP/1.1" 404 88 "-" "MobileSafari/8614.3.7.0.6 CFNetwork/1402.0.8 Darwin/22.2.0" "www.metrocrimedaily.com"
69.63.184.119 - - [31/Dec/2022:16:48:41 -0800] "GET /instagram-newyork/12-31-2022-1832512-A.jpg HTTP/1.1" 200 80124 "-" "facebookexternalhit/1.1 (+http://www.facebook.com/externalhit_uatext.php)" "www.metrocrimedaily.com"
114.119.153.11 - - [31/Dec/2022:16:50:14 -0800] "GET / HTTP/1.1" 200 151610 "-" "Mozilla/5.0 (Linux; Android 7.0;) AppleWebKit/537.36 (KHTML, like Gecko) Mobile Safari/537.36 (compatible; PetalBot;+https://webmaster.petalsearch.com/site/petalbot)" "www.metrocrimedaily.com"
168.245.155.32 - - [31/Dec/2022:16:50:50 -0800] "GET / HTTP/1.1" 304 - "-" "Mozilla/5.0 (Windows NT 10.0; Win64; x64) AppleWebKit/537.36 (KHTML, like Gecko) Chrome/108.0.0.0 Safari/537.36" "www.metrocrimedaily.com"
69.63.184.5 - - [31/Dec/2022:16:52:08 -0800] "GET /instagram-atlanta/12-31-2022-1836152-A.jpg HTTP/1.1" 200 189846 "-" "facebookexternalhit/1.1 (+http://www.facebook.com/externalhit_uatext.php)" "www.metrocrimedaily.com"
157.55.39.100 - - [31/Dec/2022:16:57:44 -0800] "GET /instagram-detroit/11-23-2022-1350253-1-Michigan-State-football-player-charged-with-fel.txt HTTP/1.1" 404 88 "-" "Mozilla/5.0 AppleWebKit/537.36 (KHTML, like Gecko; compatible; bingbot/2.0; +http://www.bing.com/bingbot.htm) Chrome/103.0.5060.134 Safari/537.36" "www.metrocrimedaily.com"
114.119.151.175 - - [31/Dec/2022:17:03:17 -0800] "GET /robots.txt HTTP/1.1" 404 88 "-" "Mozilla/5.0 (compatible;PetalBot;+https://webmaster.petalsearch.com/site/petalbot)" "metrocrimedaily.com"
69.63.184.119 - - [31/Dec/2022:17:07:49 -0800] "GET /instagram-atlanta/12-31-2022-1836153-A.jpg HTTP/1.1" 200 164410 "-" "facebookexternalhit/1.1 (+http://www.facebook.com/externalhit_uatext.php)" "www.metrocrimedaily.com"
69.63.184.5 - - [31/Dec/2022:17:09:09 -0800] "GET /instagram-stlouis/12-31-2022-1908491-A.jpg HTTP/1.1" 200 474262 "-" "facebookexternalhit/1.1 (+http://www.facebook.com/externalhit_uatext.php)" "www.metrocrimedaily.com"
69.63.184.1 - - [31/Dec/2022:17:10:04 -0800] "GET /instagram-chicago/12-31-2022-1909441-A.jpg HTTP/1.1" 200 133528 "-" "facebookexternalhit/1.1 (+http://www.facebook.com/externalhit_uatext.php)" "www.metrocrimedaily.com"
69.63.184.2 - - [31/Dec/2022:17:11:28 -0800] "GET /instagram-houston/12-31-2022-1911081-A.jpg HTTP/1.1" 200 194425 "-" "facebookexternalhit/1.1 (+http://www.facebook.com/externalhit_uatext.php)" "www.metrocrimedaily.com"
69.63.184.3 - - [31/Dec/2022:17:17:01 -0800] "GET /instagram-dallas/12-31-2022-1916401-A.jpg HTTP/1.1" 200 147603 "-" "facebookexternalhit/1.1 (+http://www.facebook.com/externalhit_uatext.php)" "www.metrocrimedaily.com"
157.55.39.100 - - [31/Dec/2022:17:17:34 -0800] "GET /instagram-chicago/11-10-2022-2058481-City-Council-Panel-Rejects-Push-to-Ban-No-Knock-W.txt HTTP/1.1" 404 88 "-" "Mozilla/5.0 (compatible; bingbot/2.0; +http://www.bing.com/bingbot.htm)" "metrocrimedaily.com"
114.119.131.218 - - [31/Dec/2022:17:17:48 -0800] "GET /robots.txt HTTP/1.1" 404 88 "-" "Mozilla/5.0 (compatible;PetalBot;+https://webmaster.petalsearch.com/site/petalbot)" "metrocrimedaily.com"
69.63.184.116 - - [31/Dec/2022:17:19:42 -0800] "GET /instagram-memphis/12-31-2022-1919221-A.jpg HTTP/1.1" 200 112572 "-" "facebookexternalhit/1.1 (+http://www.facebook.com/externalhit_uatext.php)" "www.metrocrimedaily.com"
185.191.171.12 - - [31/Dec/2022:17:22:51 -0800] "GET /robots.txt HTTP/1.1" 404 88 "-" "Mozilla/5.0 (compatible; SemrushBot/7~bl; +http://www.semrush.com/bot.html)" "www.metrocrimedaily.com"
185.191.171.38 - - [31/Dec/2022:17:22:51 -0800] "GET /gov-svc-detroit.html HTTP/1.1" 200 2125 "-" "Mozilla/5.0 (compatible; SemrushBot/7~bl; +http://www.semrush.com/bot.html)" "www.metrocrimedaily.com"
69.63.184.120 - - [31/Dec/2022:17:23:21 -0800] "GET /instagram-atlanta/12-31-2022-1836154-A.jpg HTTP/1.1" 200 175713 "-" "facebookexternalhit/1.1 (+http://www.facebook.com/externalhit_uatext.php)" "www.metrocrimedaily.com"
69.63.184.118 - - [31/Dec/2022:17:25:40 -0800] "GET /instagram-chicago/12-31-2022-1909442-A.jpg HTTP/1.1" 200 75842 "-" "facebookexternalhit/1.1 (+http://www.facebook.com/externalhit_uatext.php)" "www.metrocrimedaily.com"
69.63.184.120 - - [31/Dec/2022:17:27:00 -0800] "GET /instagram-houston/12-31-2022-1911082-A.jpg HTTP/1.1" 200 188124 "-" "facebookexternalhit/1.1 (+http://www.facebook.com/externalhit_uatext.php)" "www.metrocrimedaily.com"
69.63.184.1 - - [31/Dec/2022:17:38:54 -0800] "GET /instagram-atlanta/12-31-2022-1836155-A.jpg HTTP/1.1" 200 120560 "-" "facebookexternalhit/1.1 (+http://www.facebook.com/externalhit_uatext.php)" "www.metrocrimedaily.com"
66.249.70.139 - - [31/Dec/2022:17:52:24 -0800] "GET /ads.txt HTTP/1.1" 404 88 "-" "Mozilla/5.0 (compatible; Googlebot/2.1; +http://www.google.com/bot.html)" "metrocrimedaily.com"
185.191.171.44 - - [31/Dec/2022:17:52:55 -0800] "GET /robots.txt HTTP/1.1" 404 88 "-" "Mozilla/5.0 (compatible; SemrushBot/7~bl; +http://www.semrush.com/bot.html)" "metrocrimedaily.com"
185.191.171.17 - - [31/Dec/2022:17:52:58 -0800] "GET /index.html HTTP/1.1" 200 151610 "-" "Mozilla/5.0 (compatible; SemrushBot/7~bl; +http://www.semrush.com/bot.html)" "metrocrimedaily.com"
69.63.184.118 - - [31/Dec/2022:17:54:28 -0800] "GET /instagram-atlanta/12-31-2022-1836156-A.jpg HTTP/1.1" 200 225454 "-" "facebookexternalhit/1.1 (+http://www.facebook.com/externalhit_uatext.php)" "www.metrocrimedaily.com"
69.63.184.120 - - [31/Dec/2022:18:13:39 -0800] "GET /instagram-dallas/12-31-2022-2013181-A.jpg HTTP/1.1" 200 151043 "-" "facebookexternalhit/1.1 (+http://www.facebook.com/externalhit_uatext.php)" "www.metrocrimedaily.com"
69.63.184.117 - - [31/Dec/2022:18:14:52 -0800] "GET /instagram-memphis/12-31-2022-2014321-A.jpg HTTP/1.1" 200 170638 "-" "facebookexternalhit/1.1 (+http://www.facebook.com/externalhit_uatext.php)" "www.metrocrimedaily.com"
157.55.39.100 - - [31/Dec/2022:18:15:59 -0800] "GET /ktla.com.%20= HTTP/1.1" 404 88 "-" "Mozilla/5.0 AppleWebKit/537.36 (KHTML, like Gecko; compatible; bingbot/2.0; +http://www.bing.com/bingbot.htm) Chrome/103.0.5060.134 Safari/537.36" "metrocrimedaily.com"
69.63.184.119 - - [31/Dec/2022:18:18:21 -0800] "GET /instagram-houston/12-31-2022-2018001-A.jpg HTTP/1.1" 200 212223 "-" "facebookexternalhit/1.1 (+http://www.facebook.com/externalhit_uatext.php)" "www.metrocrimedaily.com"
69.63.184.3 - - [31/Dec/2022:18:30:26 -0800] "GET /instagram-memphis/12-31-2022-2014322-A.jpg HTTP/1.1" 200 81435 "-" "facebookexternalhit/1.1 (+http://www.facebook.com/externalhit_uatext.php)" "www.metrocrimedaily.com"
54.36.148.104 - - [31/Dec/2022:18:50:25 -0800] "GET /robots.txt HTTP/1.1" 404 88 "-" "Mozilla/5.0 (compatible; AhrefsBot/7.0; +http://ahrefs.com/robot/)" "metrocrimedaily.com"
69.63.184.1 - - [31/Dec/2022:18:53:50 -0800] "GET /instagram-losangeles/12-31-2022-2053301-A.jpg HTTP/1.1" 200 79375 "-" "facebookexternalhit/1.1 (+http://www.facebook.com/externalhit_uatext.php)" "www.metrocrimedaily.com"
69.63.184.5 - - [31/Dec/2022:19:17:31 -0800] "GET /instagram-memphis/12-31-2022-2117011-A.jpg HTTP/1.1" 200 90645 "-" "facebookexternalhit/1.1 (+http://www.facebook.com/externalhit_uatext.php)" "www.metrocrimedaily.com"
69.63.184.120 - - [31/Dec/2022:19:17:37 -0800] "GET /instagram-dallas/12-31-2022-2117161-A.jpg HTTP/1.1" 200 122701 "-" "facebookexternalhit/1.1 (+http://www.facebook.com/externalhit_uatext.php)" "www.metrocrimedaily.com"
69.63.184.4 - - [31/Dec/2022:19:17:51 -0800] "GET /instagram-memphis/12-31-2022-2117012-A.jpg HTTP/1.1" 200 95884 "-" "facebookexternalhit/1.1 (+http://www.facebook.com/externalhit_uatext.php)" "www.metrocrimedaily.com"
54.190.94.80 - - [31/Dec/2022:19:18:51 -0800] "GET / HTTP/1.1" 200 151610 "-" "Mozilla/5.0 (X11; Linux x86_64) AppleWebKit/537.36 (KHTML, like Gecko) Chrome/83.0.4103.97 Safari/537.36" "metrocrimedaily.com"
35.88.245.206 - - [31/Dec/2022:19:18:55 -0800] "GET / HTTP/1.1" 200 151610 "-" "Mozilla/5.0 (X11; Linux x86_64) AppleWebKit/537.36 (KHTML, like Gecko) Chrome/83.0.4103.97 Safari/537.36" "metrocrimedaily.com"
52.35.3.117 - - [31/Dec/2022:19:18:58 -0800] "GET /favicon.ico HTTP/1.1" 404 88 "-" "Mozilla/5.0 (X11; Linux x86_64) AppleWebKit/537.36 (KHTML, like Gecko) Chrome/83.0.4103.97 Safari/537.36" "metrocrimedaily.com"
52.35.3.117 - - [31/Dec/2022:19:18:59 -0800] "GET / HTTP/1.1" 200 151610 "-" "Mozilla/5.0 (X11; Linux x86_64) AppleWebKit/537.36 (KHTML, like Gecko) Chrome/83.0.4103.97 Safari/537.36" "metrocrimedaily.com"
34.220.95.104 - - [31/Dec/2022:19:21:29 -0800] "GET / HTTP/1.1" 200 151610 "-" "Mozilla/5.0 (X11; Linux x86_64) AppleWebKit/537.36 (KHTML, like Gecko) Chrome/83.0.4103.97 Safari/537.36" "metrocrimedaily.com"
185.191.171.45 - - [31/Dec/2022:19:26:56 -0800] "GET /robots.txt HTTP/1.1" 404 88 "-" "Mozilla/5.0 (compatible; SemrushBot/7~bl; +http://www.semrush.com/bot.html)" "metrocrimedaily.com"
185.191.171.34 - - [31/Dec/2022:19:26:58 -0800] "GET / HTTP/1.1" 200 151610 "-" "Mozilla/5.0 (compatible; SemrushBot/7~bl; +http://www.semrush.com/bot.html)" "metrocrimedaily.com"
54.36.149.72 - - [31/Dec/2022:19:41:04 -0800] "GET /robots.txt HTTP/1.1" 404 88 "-" "Mozilla/5.0 (compatible; AhrefsBot/7.0; +http://ahrefs.com/robot/)" "www.metrocrimedaily.com"
69.63.184.3 - - [31/Dec/2022:19:48:22 -0800] "GET /instagram-newyork/12-31-2022-2148021-A.jpg HTTP/1.1" 200 120501 "-" "facebookexternalhit/1.1 (+http://www.facebook.com/externalhit_uatext.php)" "www.metrocrimedaily.com"
69.63.184.5 - - [31/Dec/2022:19:49:32 -0800] "GET /instagram-losangeles/12-31-2022-2149131-A.jpg HTTP/1.1" 200 125406 "-" "facebookexternalhit/1.1 (+http://www.facebook.com/externalhit_uatext.php)" "www.metrocrimedaily.com"
69.63.184.4 - - [31/Dec/2022:19:51:50 -0800] "GET /instagram-atlanta/12-31-2022-2151291-A.jpg HTTP/1.1" 200 184935 "-" "facebookexternalhit/1.1 (+http://www.facebook.com/externalhit_uatext.php)" "www.metrocrimedaily.com"
69.63.184.118 - - [31/Dec/2022:19:57:51 -0800] "GET /instagram-memphis/12-31-2022-2157301-A.jpg HTTP/1.1" 200 98271 "-" "facebookexternalhit/1.1 (+http://www.facebook.com/externalhit_uatext.php)" "www.metrocrimedaily.com"
69.63.184.116 - - [31/Dec/2022:20:05:16 -0800] "GET /instagram-losangeles/12-31-2022-2149132-A.jpg HTTP/1.1" 200 199472 "-" "facebookexternalhit/1.1 (+http://www.facebook.com/externalhit_uatext.php)" "www.metrocrimedaily.com"
40.77.167.22 - - [31/Dec/2022:20:12:23 -0800] "GET /instagram-atlanta/11-15-2022-0243105-Former-Marietta-cheer-coach-accused-of-sexual-ass.txt HTTP/1.1" 404 88 "-" "Mozilla/5.0 (compatible; bingbot/2.0; +http://www.bing.com/bingbot.htm)" "www.metrocrimedaily.com"
69.63.184.1 - - [31/Dec/2022:20:26:29 -0800] "GET /instagram-houston/12-31-2022-2226091-A.jpg HTTP/1.1" 200 165608 "-" "facebookexternalhit/1.1 (+http://www.facebook.com/externalhit_uatext.php)" "www.metrocrimedaily.com"
66.249.70.135 - - [31/Dec/2022:20:30:45 -0800] "GET /favicon.ico HTTP/1.1" 404 88 "-" "Googlebot-Image/1.0" "metrocrimedaily.com"
69.63.184.118 - - [31/Dec/2022:20:36:22 -0800] "GET /instagram-chicago/12-31-2022-2236011-A.jpg HTTP/1.1" 200 77686 "-" "facebookexternalhit/1.1 (+http://www.facebook.com/externalhit_uatext.php)" "www.metrocrimedaily.com"
157.55.39.33 - - [31/Dec/2022:21:00:02 -0800] "GET /instagram-chicago/11-21-2022-1809462-Man-charged-with-reckless-homicide-in-crash-that-.txt HTTP/1.1" 404 88 "-" "Mozilla/5.0 (compatible; bingbot/2.0; +http://www.bing.com/bingbot.htm)" "www.metrocrimedaily.com"
157.55.39.44 - - [31/Dec/2022:21:02:25 -0800] "GET /videos/ HTTP/1.1" 200 312 "-" "Mozilla/5.0 AppleWebKit/537.36 (KHTML, like Gecko; compatible; bingbot/2.0; +http://www.bing.com/bingbot.htm) Chrome/103.0.5060.134 Safari/537.36" "www.metrocrimedaily.com"
69.63.184.4 - - [31/Dec/2022:21:09:09 -0800] "GET /instagram-dallas/12-31-2022-2308471-A.jpg HTTP/1.1" 200 245783 "-" "facebookexternalhit/1.1 (+http://www.facebook.com/externalhit_uatext.php)" "www.metrocrimedaily.com"
69.63.184.118 - - [31/Dec/2022:21:09:45 -0800] "GET /instagram-newyork/12-31-2022-2309251-A.jpg HTTP/1.1" 200 162632 "-" "facebookexternalhit/1.1 (+http://www.facebook.com/externalhit_uatext.php)" "www.metrocrimedaily.com"
69.63.184.120 - - [31/Dec/2022:21:17:18 -0800] "GET /instagram-houston/12-31-2022-2316581-A.jpg HTTP/1.1" 200 138695 "-" "facebookexternalhit/1.1 (+http://www.facebook.com/externalhit_uatext.php)" "www.metrocrimedaily.com"
66.249.70.120 - - [31/Dec/2022:21:19:34 -0800] "GET /ktla.com.= HTTP/1.1" 404 88 "-" "Mozilla/5.0 (Linux; Android 6.0.1; Nexus 5X Build/MMB29P) AppleWebKit/537.36 (KHTML, like Gecko) Chrome/107.0.5304.115 Mobile Safari/537.36 (compatible; Googlebot/2.1; +http://www.google.com/bot.html)" "www.metrocrimedaily.com"
198.235.24.23 - - [31/Dec/2022:21:21:11 -0800] "GET / HTTP/1.1" 200 1416581 "-" "Expanse, a Palo Alto Networks company, searches across the global IPv4 space multiple times per day to identify customers&#39; presences on the Internet. If you would like to be excluded from our scans, please send IP addresses/domains to: scaninfo@paloaltonetworks.com" "metrocrimedaily.com"
34.245.10.177 - - [31/Dec/2022:21:22:10 -0800] "GET /robots.txt HTTP/1.1" 404 88 "-" "Pandalytics/1.0 (https://domainsbot.com/pandalytics/)" "metrocrimedaily.com"
34.245.10.177 - - [31/Dec/2022:21:22:11 -0800] "GET / HTTP/1.1" 200 151610 "-" "Pandalytics/1.0 (https://domainsbot.com/pandalytics/)" "metrocrimedaily.com"
69.63.184.4 - - [31/Dec/2022:21:24:44 -0800] "GET /instagram-dallas/12-31-2022-2308472-A.jpg HTTP/1.1" 200 134022 "-" "facebookexternalhit/1.1 (+http://www.facebook.com/externalhit_uatext.php)" "www.metrocrimedaily.com"
195.191.219.133 - - [31/Dec/2022:21:29:08 -0800] "GET /robots.txt HTTP/1.1" 404 73 "-" "Mozilla/5.0 (compatible; MJ12bot/v1.4.8; http://mj12bot.com/)" "metrocrimedaily.com"
195.191.219.133 - - [31/Dec/2022:21:29:10 -0800] "GET / HTTP/1.1" 200 151610 "-" "Mozilla/5.0 (compatible; MJ12bot/v1.4.8; http://mj12bot.com/)" "metrocrimedaily.com"
69.63.184.117 - - [31/Dec/2022:21:31:05 -0800] "GET /instagram-miami/12-31-2022-2330451-A.jpg HTTP/1.1" 200 258222 "-" "facebookexternalhit/1.1 (+http://www.facebook.com/externalhit_uatext.php)" "www.metrocrimedaily.com"
185.229.241.234 - - [31/Dec/2022:21:35:28 -0800] "GET /wp-content/plugins/yith-woocommerce-gift-cards-premium/gdpr_info.txt HTTP/1.1" 404 88 "-" "Mozilla/5.0 (Linux; Android 12; LE2121) AppleWebKit/537.36 (KHTML, like Gecko) Chrome/101.0.4951.61 Mobile Safari/537.36" "metrocrimedaily.com"
69.63.184.4 - - [31/Dec/2022:21:49:28 -0800] "GET /instagram-detroit/12-31-2022-2348561-A.jpg HTTP/1.1" 200 155130 "-" "facebookexternalhit/1.1 (+http://www.facebook.com/externalhit_uatext.php)" "www.metrocrimedaily.com"
114.119.139.26 - - [31/Dec/2022:21:59:56 -0800] "GET /contact-us.html HTTP/1.1" 200 765 "http://www.metrocrimedaily.com/" "Mozilla/5.0 (Linux; Android 7.0;) AppleWebKit/537.36 (KHTML, like Gecko) Mobile Safari/537.36 (compatible; PetalBot;+https://webmaster.petalsearch.com/site/petalbot)" "www.metrocrimedaily.com"
69.63.184.118 - - [31/Dec/2022:22:23:20 -0800] "GET /instagram-losangeles/01-01-2023-0023001-A.jpg HTTP/1.1" 200 184439 "-" "facebookexternalhit/1.1 (+http://www.facebook.com/externalhit_uatext.php)" "www.metrocrimedaily.com"
157.55.39.44 - - [31/Dec/2022:22:46:35 -0800] "GET /music/ HTTP/1.1" 200 663 "-" "Mozilla/5.0 AppleWebKit/537.36 (KHTML, like Gecko; compatible; bingbot/2.0; +http://www.bing.com/bingbot.htm) Chrome/103.0.5060.134 Safari/537.36" "www.metrocrimedaily.com"
207.46.13.113 - - [31/Dec/2022:22:47:47 -0800] "GET /instagram-atlanta/11-15-2022-1416161-Coach--Slain-Virginia-football-players--were-all-.txt HTTP/1.1" 404 88 "-" "Mozilla/5.0 (compatible; bingbot/2.0; +http://www.bing.com/bingbot.htm)" "www.metrocrimedaily.com"
66.249.70.136 - - [31/Dec/2022:22:49:36 -0800] "GET /ads.txt HTTP/1.1" 404 88 "-" "Mozilla/5.0 (compatible; Googlebot/2.1; +http://www.google.com/bot.html)" "metrocrimedaily.com"
40.77.167.22 - - [31/Dec/2022:22:50:59 -0800] "GET /instagram-atlanta/11-16-2022-1952432-Police-search-for-SUV-involved-in-Virginia-Highla.txt HTTP/1.1" 404 88 "-" "Mozilla/5.0 (compatible; bingbot/2.0; +http://www.bing.com/bingbot.htm)" "www.metrocrimedaily.com"
40.77.167.22 - - [31/Dec/2022:22:57:51 -0800] "GET /instagram-detroit/11-13-2022-1559502-11-year-old-girl-killed--woman-injured-after-bein.txt HTTP/1.1" 404 88 "-" "Mozilla/5.0 AppleWebKit/537.36 (KHTML, like Gecko; compatible; bingbot/2.0; +http://www.bing.com/bingbot.htm) Chrome/103.0.5060.134 Safari/537.36" "www.metrocrimedaily.com"
157.55.39.44 - - [31/Dec/2022:23:00:06 -0800] "GET /instagram-chicago/11-09-2022-1708332-Man-charged-with-deliberately-damaging-vehicles-a.txt HTTP/1.1" 404 88 "-" "Mozilla/5.0 (compatible; bingbot/2.0; +http://www.bing.com/bingbot.htm)" "www.metrocrimedaily.com"
165.22.62.204 - - [31/Dec/2022:23:05:17 -0800] "GET /contact-us.html HTTP/1.1" 200 765 "-" "Mozilla/5.0 (Macintosh; Intel Mac OS X 10_15_7) AppleWebKit/537.36 (KHTML, like Gecko) Chrome/107.0.0.0 Safari/537.36" "www.metrocrimedaily.com"
40.77.167.101 - - [31/Dec/2022:23:07:45 -0800] "GET /robots.txt HTTP/1.1" 404 88 "-" "Mozilla/5.0 (compatible; bingbot/2.0; +http://www.bing.com/bingbot.htm)" "www.metrocrimedaily.com"
69.63.184.1 - - [31/Dec/2022:23:22:17 -0800] "GET /instagram-stlouis/01-01-2023-0121561-A.jpg HTTP/1.1" 200 195921 "-" "facebookexternalhit/1.1 (+http://www.facebook.com/externalhit_uatext.php)" "www.metrocrimedaily.com"
157.55.39.219 - - [31/Dec/2022:23:26:23 -0800] "GET /instagram-atlanta/11-15-2022-2100115-Argument-over-money-between-employee--employer-le.txt HTTP/1.1" 404 88 "-" "Mozilla/5.0 AppleWebKit/537.36 (KHTML, like Gecko; compatible; bingbot/2.0; +http://www.bing.com/bingbot.htm) Chrome/103.0.5060.134 Safari/537.36" "www.metrocrimedaily.com"
69.63.184.2 - - [31/Dec/2022:23:33:45 -0800] "GET /instagram-losangeles/01-01-2023-0133251-A.jpg HTTP/1.1" 200 118606 "-" "facebookexternalhit/1.1 (+http://www.facebook.com/externalhit_uatext.php)" "www.metrocrimedaily.com"
37.19.203.79 - - [31/Dec/2022:23:44:02 -0800] "GET /wp-login.php HTTP/1.1" 404 73 "http://metrocrimedaily.com/wp-login.php" "Mozilla/5.0 (Windows NT 10.0; WOW64) AppleWebKit/537.36 (KHTML, like Gecko) Chrome/62.0.3198.0 Safari/537.36 OPR/49.0.2711.0" "metrocrimedaily.com"
157.90.209.78 - - [31/Dec/2022:23:48:08 -0800] "GET /robots.txt HTTP/1.1" 404 88 "-" "Mozilla/5.0 (compatible; BLEXBot/1.0; +http://webmeup-crawler.com/)" "metrocrimedaily.com"
157.90.209.78 - - [31/Dec/2022:23:48:08 -0800] "GET / HTTP/1.1" 200 151936 "-" "Mozilla/5.0 (compatible; BLEXBot/1.0; +http://webmeup-crawler.com/)" "metrocrimedaily.com"
69.63.184.119 - - [31/Dec/2022:23:58:21 -0800] "GET /instagram-newyork/01-01-2023-0158011-A.jpg HTTP/1.1" 200 217833 "-" "facebookexternalhit/1.1 (+http://www.facebook.com/externalhit_uatext.php)" "www.metrocrimedaily.com"
207.46.13.113 - - [01/Jan/2023:00:01:26 -0800] "GET /instagram-dallas/11-15-2022-1312523-How-will-Robb-Elementary-be-replaced--Uvalde-CISD.txt HTTP/1.1" 404 88 "-" "Mozilla/5.0 AppleWebKit/537.36 (KHTML, like Gecko; compatible; bingbot/2.0; +http://www.bing.com/bingbot.htm) Chrome/103.0.5060.134 Safari/537.36" "www.metrocrimedaily.com"
157.55.39.219 - - [01/Jan/2023:00:03:35 -0800] "GET /instagram-dallas/11-15-2022-1312524-UVA-campus-holds-candlelight-vigil-in-honor-of-3-.txt HTTP/1.1" 404 88 "-" "Mozilla/5.0 AppleWebKit/537.36 (KHTML, like Gecko; compatible; bingbot/2.0; +http://www.bing.com/bingbot.htm) Chrome/103.0.5060.134 Safari/537.36" "www.metrocrimedaily.com"
69.63.184.120 - - [01/Jan/2023:00:04:18 -0800] "GET /instagram-losangeles/01-01-2023-0133252-A.jpg HTTP/1.1" 200 385280 "-" "facebookexternalhit/1.1 (+http://www.facebook.com/externalhit_uatext.php)" "www.metrocrimedaily.com"
157.55.39.33 - - [01/Jan/2023:00:28:11 -0800] "GET /instagram-chicago/11-20-2022-0744281-Police--5-dead--18-injured-in-Colorado-nightclub-.txt HTTP/1.1" 404 88 "-" "Mozilla/5.0 AppleWebKit/537.36 (KHTML, like Gecko; compatible; bingbot/2.0; +http://www.bing.com/bingbot.htm) Chrome/103.0.5060.134 Safari/537.36" "www.metrocrimedaily.com"
157.55.39.219 - - [01/Jan/2023:00:28:40 -0800] "GET /instagram-chicago/12-04-2022-0932081-3-robberies-targeting-women-reported-in-about-30-.txt HTTP/1.1" 404 88 "-" "Mozilla/5.0 (compatible; bingbot/2.0; +http://www.bing.com/bingbot.htm)" "www.metrocrimedaily.com"
40.77.167.22 - - [01/Jan/2023:00:43:31 -0800] "GET /instagram-dallas/11-24-2022-2017151-Owner-of-Colorado-LGBTQ-Club--Shooting-Comes-Amid.txt HTTP/1.1" 404 88 "-" "Mozilla/5.0 (compatible; bingbot/2.0; +http://www.bing.com/bingbot.htm)" "www.metrocrimedaily.com"
69.63.184.117 - - [01/Jan/2023:01:12:24 -0800] "GET /instagram-miami/01-01-2023-0312031-A.jpg HTTP/1.1" 200 426357 "-" "facebookexternalhit/1.1 (+http://www.facebook.com/externalhit_uatext.php)" "www.metrocrimedaily.com"
51.222.253.9 - - [01/Jan/2023:01:36:32 -0800] "GET /robots.txt HTTP/1.1" 404 88 "-" "Mozilla/5.0 (compatible; AhrefsBot/7.0; +http://ahrefs.com/robot/)" "metrocrimedaily.com"
66.249.70.116 - - [01/Jan/2023:01:36:33 -0800] "GET /robots.txt HTTP/1.1" 404 88 "-" "Mozilla/5.0 (compatible; Googlebot/2.1; +http://www.google.com/bot.html)" "www.metrocrimedaily.com"
69.63.184.5 - - [01/Jan/2023:01:41:26 -0800] "GET /instagram-dallas/01-01-2023-0341041-A.jpg HTTP/1.1" 200 223957 "-" "facebookexternalhit/1.1 (+http://www.facebook.com/externalhit_uatext.php)" "www.metrocrimedaily.com"
66.249.70.135 - - [01/Jan/2023:01:54:41 -0800] "GET /robots.txt HTTP/1.1" 404 88 "-" "Mozilla/5.0 (compatible; Googlebot/2.1; +http://www.google.com/bot.html)" "metrocrimedaily.com"
207.46.13.113 - - [01/Jan/2023:02:31:50 -0800] "GET /main-menu.html HTTP/1.1" 200 897 "-" "Mozilla/5.0 (compatible; bingbot/2.0; +http://www.bing.com/bingbot.htm)" "www.metrocrimedaily.com"
157.55.39.219 - - [01/Jan/2023:02:33:30 -0800] "GET /thenewsherald.com.%20= HTTP/1.1" 404 88 "-" "Mozilla/5.0 (compatible; bingbot/2.0; +http://www.bing.com/bingbot.htm)" "metrocrimedaily.com"
194.165.17.27 - - [01/Jan/2023:02:33:49 -0800] "GET /wp-load.php HTTP/1.1" 404 88 "www.bing.com" "wp_is_mobile" "metrocrimedaily.com"
194.165.17.27 - - [01/Jan/2023:02:34:02 -0800] "GET /style.php HTTP/1.1" 404 88 "www.bing.com" "wp_is_mobile" "metrocrimedaily.com"
194.165.17.27 - - [01/Jan/2023:02:34:03 -0800] "GET /wp-admin/style.php HTTP/1.1" 404 88 "www.bing.com" "wp_is_mobile" "metrocrimedaily.com"
194.165.17.27 - - [01/Jan/2023:02:34:05 -0800] "GET /s_e.php HTTP/1.1" 404 88 "www.bing.com" "wp_is_mobile" "metrocrimedaily.com"
194.165.17.27 - - [01/Jan/2023:02:34:18 -0800] "GET /s_ne.php HTTP/1.1" 404 88 "www.bing.com" "wp_is_mobile" "metrocrimedaily.com"
194.165.17.27 - - [01/Jan/2023:02:34:34 -0800] "GET /1index.php HTTP/1.1" 404 88 "www.bing.com" "Mozilla/5.0 (Windows NT 10.0; Win64; x64) AppleWebKit/537.36 (KHTML, like Gecko) Chrome/90.0.4430.85 Safari/537.36" "metrocrimedaily.com"
194.165.17.27 - - [01/Jan/2023:02:34:39 -0800] "GET /3index.php?f=/NmRtJOUjAdutReQj/scRjKUhleBpzmTyO.txt HTTP/1.1" 404 88 "www.bing.com" "Mozilla/5.0 (Windows NT 10.0; Win64; x64) AppleWebKit/537.36 (KHTML, like Gecko) Chrome/90.0.4430.85 Safari/537.36" "metrocrimedaily.com"
194.165.17.27 - - [01/Jan/2023:02:34:41 -0800] "GET /wikindex.php?f=/NmRtJOUjAdutReQj/scRjKUhleBpzmTyO.txt HTTP/1.1" 404 88 "www.bing.com" "Mozilla/5.0 (Windows NT 10.0; Win64; x64) AppleWebKit/537.36 (KHTML, like Gecko) Chrome/90.0.4430.85 Safari/537.36" "metrocrimedaily.com"
194.165.17.27 - - [01/Jan/2023:02:34:42 -0800] "GET /wp-content/mu-plugins-old/index.php?f=/NmRtJOUjAdutReQj/scRjKUhleBpzmTyO.txt HTTP/1.1" 404 88 "www.bing.com" "Mozilla/5.0 (Windows NT 10.0; Win64; x64) AppleWebKit/537.36 (KHTML, like Gecko) Chrome/90.0.4430.85 Safari/537.36" "metrocrimedaily.com"
194.165.17.27 - - [01/Jan/2023:02:34:46 -0800] "GET /radio.php HTTP/1.1" 404 88 "www.bing.com" "wp_is_mobile" "metrocrimedaily.com"
194.165.17.27 - - [01/Jan/2023:02:34:48 -0800] "GET /lock360.php?daksldlkdsadas=1 HTTP/1.1" 404 88 "www.bing.com" "wp_is_mobile" "metrocrimedaily.com"
194.165.17.27 - - [01/Jan/2023:02:34:52 -0800] "GET /wp-load.php?daksldlkdsadas=1 HTTP/1.1" 404 88 "www.bing.com" "wp_is_mobile" "metrocrimedaily.com"
194.165.17.27 - - [01/Jan/2023:02:34:56 -0800] "GET /old-index.php?daksldlkdsadas=1 HTTP/1.1" 404 88 "www.bing.com" "wp_is_mobile" "metrocrimedaily.com"
194.165.17.27 - - [01/Jan/2023:02:34:59 -0800] "GET /xmrlpc.php?daksldlkdsadas=1 HTTP/1.1" 404 88 "www.bing.com" "wp_is_mobile" "metrocrimedaily.com"
194.165.17.27 - - [01/Jan/2023:02:34:59 -0800] "GET /xmlrpcs.php?daksldlkdsadas=1 HTTP/1.1" 404 88 "www.bing.com" "wp_is_mobile" "metrocrimedaily.com"
194.165.17.27 - - [01/Jan/2023:02:35:00 -0800] "GET /wp-admin.php?daksldlkdsadas=1 HTTP/1.1" 404 88 "www.bing.com" "wp_is_mobile" "metrocrimedaily.com"
194.165.17.27 - - [01/Jan/2023:02:35:02 -0800] "GET /qindex.php?daksldlkdsadas=1 HTTP/1.1" 404 88 "www.bing.com" "wp_is_mobile" "metrocrimedaily.com"
194.165.17.27 - - [01/Jan/2023:02:35:10 -0800] "GET /doc.php HTTP/1.1" 404 88 "www.bing.com" "wp_is_mobile" "metrocrimedaily.com"
194.165.17.27 - - [01/Jan/2023:02:35:12 -0800] "GET /wp_wrong_datlib.php HTTP/1.1" 404 88 "www.bing.com" "Mozilla/5.0 (Windows NT 10.0; Win64; x64) AppleWebKit/537.36 (KHTML, like Gecko) Chrome/90.0.4430.85 Safari/537.36" "metrocrimedaily.com"
194.165.17.27 - - [01/Jan/2023:02:35:14 -0800] "GET /beence.php HTTP/1.1" 404 88 "www.bing.com" "Mozilla/5.0 (Windows NT 10.0; Win64; x64) AppleWebKit/537.36 (KHTML, like Gecko) Chrome/90.0.4430.85 Safari/537.36" "metrocrimedaily.com"
194.165.17.27 - - [01/Jan/2023:02:35:16 -0800] "GET /ups.php HTTP/1.1" 404 88 "www.bing.com" "wp_is_mobile" "metrocrimedaily.com"
194.165.17.27 - - [01/Jan/2023:02:35:17 -0800] "GET /wp-signin.php?dizo&ping HTTP/1.1" 404 88 "www.bing.com" "wp_is_mobile" "metrocrimedaily.com"
194.165.17.27 - - [01/Jan/2023:02:35:40 -0800] "GET /media-admin.php HTTP/1.1" 404 88 "www.bing.com" "wp_is_mobile" "metrocrimedaily.com"
194.165.17.27 - - [01/Jan/2023:02:35:55 -0800] "GET /export.php HTTP/1.1" 404 88 "www.bing.com" "Mozilla/5.0 (Windows NT 10.0; Win64; x64) AppleWebKit/537.36 (KHTML, like Gecko) Chrome/90.0.4430.85 Safari/537.36" "metrocrimedaily.com"
194.165.17.27 - - [01/Jan/2023:02:35:56 -0800] "GET /wp-content/export.php HTTP/1.1" 404 88 "www.bing.com" "Mozilla/5.0 (Windows NT 10.0; Win64; x64) AppleWebKit/537.36 (KHTML, like Gecko) Chrome/90.0.4430.85 Safari/537.36" "metrocrimedaily.com"
194.165.17.27 - - [01/Jan/2023:02:36:08 -0800] "GET /wp-includes/wp-class.php HTTP/1.1" 404 88 "www.bing.com" "wp_is_mobile" "metrocrimedaily.com"
194.165.17.27 - - [01/Jan/2023:02:36:10 -0800] "GET /wp-includes/wp-atom.php HTTP/1.1" 404 88 "www.bing.com" "Mozilla/5.0 (Windows NT 10.0; Win64; x64) AppleWebKit/537.36 (KHTML, like Gecko) Chrome/90.0.4430.85 Safari/537.36" "metrocrimedaily.com"
194.165.17.27 - - [01/Jan/2023:02:36:26 -0800] "GET /wp-includes/images/css.php HTTP/1.1" 404 88 "www.bing.com" "Mozilla/5.0 (Windows NT 10.0; Win64; x64) AppleWebKit/537.36 (KHTML, like Gecko) Chrome/90.0.4430.85 Safari/537.36" "metrocrimedaily.com"
194.165.17.27 - - [01/Jan/2023:02:36:35 -0800] "GET /wp-includes/css/css.php HTTP/1.1" 404 88 "www.bing.com" "Mozilla/5.0 (Windows NT 10.0; Win64; x64) AppleWebKit/537.36 (KHTML, like Gecko) Chrome/90.0.4430.85 Safari/537.36" "metrocrimedaily.com"
194.165.17.27 - - [01/Jan/2023:02:36:44 -0800] "GET /defau1t.php HTTP/1.1" 404 88 "www.bing.com" "Mozilla/5.0 (Windows NT 10.0; Win64; x64) AppleWebKit/537.36 (KHTML, like Gecko) Chrome/90.0.4430.85 Safari/537.36" "metrocrimedaily.com"
194.165.17.27 - - [01/Jan/2023:02:36:51 -0800] "GET /css.php HTTP/1.1" 404 88 "www.bing.com" "wp_is_mobile" "metrocrimedaily.com"
194.165.17.27 - - [01/Jan/2023:02:36:58 -0800] "GET /moduless.php HTTP/1.1" 404 88 "www.bing.com" "Mozilla/5.0 (Windows NT 10.0; Win64; x64) AppleWebKit/537.36 (KHTML, like Gecko) Chrome/90.0.4430.85 Safari/537.36" "metrocrimedaily.com"
194.165.17.27 - - [01/Jan/2023:02:37:06 -0800] "GET /wp-booking.php HTTP/1.1" 404 88 "www.bing.com" "wp_is_mobile" "metrocrimedaily.com"
194.165.17.27 - - [01/Jan/2023:02:37:07 -0800] "GET /wp-content/plugins/backup_index.php HTTP/1.1" 404 88 "www.bing.com" "wp_is_mobile" "metrocrimedaily.com"
194.165.17.27 - - [01/Jan/2023:02:37:15 -0800] "GET /wp-content/mu-plugins/db-safe-mode.php HTTP/1.1" 404 88 "www.bing.com" "wp_is_mobile" "metrocrimedaily.com"
194.165.17.27 - - [01/Jan/2023:02:37:22 -0800] "GET /wp-includes/css/wp-config.php HTTP/1.1" 404 88 "www.bing.com" "wp_is_mobile" "metrocrimedaily.com"
194.165.17.27 - - [01/Jan/2023:02:37:42 -0800] "GET /config.bak.php HTTP/1.1" 404 88 "www.bing.com" "wp_is_mobile" "metrocrimedaily.com"
194.165.17.27 - - [01/Jan/2023:02:37:42 -0800] "GET /wp-content/themes/config.bak.php HTTP/1.1" 404 88 "www.bing.com" "wp_is_mobile" "metrocrimedaily.com"
194.165.17.27 - - [01/Jan/2023:02:37:49 -0800] "GET /legion.php HTTP/1.1" 404 88 "www.bing.com" "wp_is_mobile" "metrocrimedaily.com"
194.165.17.27 - - [01/Jan/2023:02:37:57 -0800] "GET /wp-content/plugins/wpconfig.bak.php?act=sf HTTP/1.1" 404 88 "www.bing.com" "Mozilla/5.0 (Windows NT 10.0; Win64; x64) AppleWebKit/537.36 (KHTML, like Gecko) Chrome/90.0.4430.85 Safari/537.36" "metrocrimedaily.com"
194.165.17.27 - - [01/Jan/2023:02:37:59 -0800] "GET /wp-plugins.php HTTP/1.1" 404 88 "www.bing.com" "wp_is_mobile" "metrocrimedaily.com"
194.165.17.27 - - [01/Jan/2023:02:38:00 -0800] "GET /gank.php.PhP HTTP/1.1" 404 88 "www.bing.com" "wp_is_mobile" "metrocrimedaily.com"
194.165.17.27 - - [01/Jan/2023:02:38:02 -0800] "GET /wp-content/db-cache.php HTTP/1.1" 404 88 "www.bing.com" "wp_is_mobile" "metrocrimedaily.com"
194.165.17.27 - - [01/Jan/2023:02:38:03 -0800] "GET /archives.php HTTP/1.1" 404 88 "www.bing.com" "Mozilla/5.0 (Windows NT 10.0; Win64; x64) AppleWebKit/537.36 (KHTML, like Gecko) Chrome/90.0.4430.85 Safari/537.36" "metrocrimedaily.com"
194.165.17.27 - - [01/Jan/2023:02:38:04 -0800] "GET /xindex.php HTTP/1.1" 404 88 "www.bing.com" "wp_is_mobile" "metrocrimedaily.com"
194.165.17.27 - - [01/Jan/2023:02:38:16 -0800] "GET /defau11.php HTTP/1.1" 404 88 "www.bing.com" "Mozilla/5.0 (Windows NT 10.0; Win64; x64) AppleWebKit/537.36 (KHTML, like Gecko) Chrome/90.0.4430.85 Safari/537.36" "metrocrimedaily.com"
194.165.17.27 - - [01/Jan/2023:02:38:31 -0800] "GET /wp-content/outcms.php?up HTTP/1.1" 404 88 "www.bing.com" "wp_is_mobile" "metrocrimedaily.com"
194.165.17.27 - - [01/Jan/2023:02:38:36 -0800] "GET /system_log.php?bala=up HTTP/1.1" 404 88 "www.bing.com" "wp_is_mobile" "metrocrimedaily.com"
194.165.17.27 - - [01/Jan/2023:02:38:39 -0800] "GET /wp-backup-sql-302.php HTTP/1.1" 404 88 "www.bing.com" "wp_is_mobile" "metrocrimedaily.com"
194.165.17.27 - - [01/Jan/2023:02:38:44 -0800] "GET /error.php?phpshells HTTP/1.1" 404 88 "www.bing.com" "wp_is_mobile" "metrocrimedaily.com"
194.165.17.27 - - [01/Jan/2023:02:38:45 -0800] "GET /ALFA_DATA HTTP/1.1" 404 88 "www.bing.com" "wp_is_mobile" "metrocrimedaily.com"
194.165.17.27 - - [01/Jan/2023:02:38:46 -0800] "GET /alfacgiapi HTTP/1.1" 404 88 "www.bing.com" "wp_is_mobile" "metrocrimedaily.com"
194.165.17.27 - - [01/Jan/2023:02:38:49 -0800] "GET /cgialfa HTTP/1.1" 404 88 "www.bing.com" "wp_is_mobile" "metrocrimedaily.com"
194.165.17.27 - - [01/Jan/2023:02:38:51 -0800] "GET /wp-content/uploads/ALFA_DATA HTTP/1.1" 404 88 "www.bing.com" "wp_is_mobile" "metrocrimedaily.com"
194.165.17.27 - - [01/Jan/2023:02:38:52 -0800] "GET /wp-content/uploads/alfacgiapi HTTP/1.1" 404 88 "www.bing.com" "wp_is_mobile" "metrocrimedaily.com"
194.165.17.27 - - [01/Jan/2023:02:38:53 -0800] "GET /wp-content/uploads/cgialfa HTTP/1.1" 404 88 "www.bing.com" "wp_is_mobile" "metrocrimedaily.com"
194.165.17.27 - - [01/Jan/2023:02:38:53 -0800] "GET /wp-includes/ALFA_DATA HTTP/1.1" 404 88 "www.bing.com" "wp_is_mobile" "metrocrimedaily.com"
194.165.17.27 - - [01/Jan/2023:02:38:54 -0800] "GET /wp-includes/alfacgiapi HTTP/1.1" 404 88 "www.bing.com" "wp_is_mobile" "metrocrimedaily.com"
194.165.17.27 - - [01/Jan/2023:02:38:55 -0800] "GET /wp-includes/cgialfa HTTP/1.1" 404 88 "www.bing.com" "wp_is_mobile" "metrocrimedaily.com"
194.165.17.27 - - [01/Jan/2023:02:38:55 -0800] "GET /wp-admin/ALFA_DATA HTTP/1.1" 404 88 "www.bing.com" "wp_is_mobile" "metrocrimedaily.com"
194.165.17.27 - - [01/Jan/2023:02:38:56 -0800] "GET /wp-admin/alfacgiapi HTTP/1.1" 404 88 "www.bing.com" "wp_is_mobile" "metrocrimedaily.com"
194.165.17.27 - - [01/Jan/2023:02:38:58 -0800] "GET /wp-admin/cgialfa HTTP/1.1" 404 88 "www.bing.com" "wp_is_mobile" "metrocrimedaily.com"
194.165.17.27 - - [01/Jan/2023:02:39:00 -0800] "GET /wp-content/ALFA_DATA HTTP/1.1" 404 88 "www.bing.com" "wp_is_mobile" "metrocrimedaily.com"
194.165.17.27 - - [01/Jan/2023:02:39:00 -0800] "GET /wp-content/alfacgiapi HTTP/1.1" 404 88 "www.bing.com" "wp_is_mobile" "metrocrimedaily.com"
194.165.17.27 - - [01/Jan/2023:02:39:03 -0800] "GET /wp-content/cgialfa HTTP/1.1" 404 88 "www.bing.com" "wp_is_mobile" "metrocrimedaily.com"
194.165.17.27 - - [01/Jan/2023:02:39:03 -0800] "GET /templates/beez3/ALFA_DATA HTTP/1.1" 404 88 "www.bing.com" "wp_is_mobile" "metrocrimedaily.com"
194.165.17.27 - - [01/Jan/2023:02:39:10 -0800] "GET /templates/beez3/alfacgiapi HTTP/1.1" 404 88 "www.bing.com" "wp_is_mobile" "metrocrimedaily.com"
194.165.17.27 - - [01/Jan/2023:02:39:17 -0800] "GET /templates/beez3/cgialfa HTTP/1.1" 404 88 "www.bing.com" "wp_is_mobile" "metrocrimedaily.com"
194.165.17.27 - - [01/Jan/2023:02:39:17 -0800] "GET /sites/default/files/ALFA_DATA HTTP/1.1" 404 88 "www.bing.com" "wp_is_mobile" "metrocrimedaily.com"
194.165.17.27 - - [01/Jan/2023:02:39:23 -0800] "GET /sites/default/files/alfacgiapi HTTP/1.1" 404 88 "www.bing.com" "wp_is_mobile" "metrocrimedaily.com"
194.165.17.27 - - [01/Jan/2023:02:39:24 -0800] "GET /sites/default/files/cgialfa HTTP/1.1" 404 88 "www.bing.com" "wp_is_mobile" "metrocrimedaily.com"
194.165.17.27 - - [01/Jan/2023:02:39:24 -0800] "GET /admin/controller/extension/extension/ALFA_DATA HTTP/1.1" 404 88 "www.bing.com" "wp_is_mobile" "metrocrimedaily.com"
194.165.17.27 - - [01/Jan/2023:02:39:30 -0800] "GET /admin/controller/extension/extension/alfacgiapi HTTP/1.1" 404 88 "www.bing.com" "wp_is_mobile" "metrocrimedaily.com"
194.165.17.27 - - [01/Jan/2023:02:39:33 -0800] "GET /admin/controller/extension/extension/cgialfa HTTP/1.1" 404 88 "www.bing.com" "wp_is_mobile" "metrocrimedaily.com"
194.165.17.27 - - [01/Jan/2023:02:39:35 -0800] "GET /wp-content/plugins/ubh/up.php HTTP/1.1" 404 88 "www.bing.com" "wp_is_mobile" "metrocrimedaily.com"
194.165.17.27 - - [01/Jan/2023:02:39:35 -0800] "GET /index.php?3x=3x HTTP/1.1" 404 88 "www.bing.com" "wp_is_mobile" "metrocrimedaily.com"
194.165.17.27 - - [01/Jan/2023:02:39:35 -0800] "GET /about.php HTTP/1.1" 404 88 "www.bing.com" "wp_is_mobile" "metrocrimedaily.com"
194.165.17.27 - - [01/Jan/2023:02:39:39 -0800] "GET /shells.php HTTP/1.1" 404 88 "www.bing.com" "wp_is_mobile" "metrocrimedaily.com"
194.165.17.27 - - [01/Jan/2023:02:39:39 -0800] "GET /olux.php HTTP/1.1" 404 88 "www.bing.com" "wp_is_mobile" "metrocrimedaily.com"
194.165.17.27 - - [01/Jan/2023:02:39:39 -0800] "GET /xleet.php HTTP/1.1" 404 88 "www.bing.com" "wp_is_mobile" "metrocrimedaily.com"
194.165.17.27 - - [01/Jan/2023:02:39:39 -0800] "GET /wso.php HTTP/1.1" 404 88 "www.bing.com" "wp_is_mobile" "metrocrimedaily.com"
194.165.17.27 - - [01/Jan/2023:02:39:42 -0800] "GET /shell.php HTTP/1.1" 404 88 "www.bing.com" "wp_is_mobile" "metrocrimedaily.com"
194.165.17.27 - - [01/Jan/2023:02:39:42 -0800] "GET /up.php HTTP/1.1" 404 88 "www.bing.com" "wp_is_mobile" "metrocrimedaily.com"
194.165.17.27 - - [01/Jan/2023:02:39:42 -0800] "GET /upload.php HTTP/1.1" 404 88 "www.bing.com" "wp_is_mobile" "metrocrimedaily.com"
194.165.17.27 - - [01/Jan/2023:02:39:42 -0800] "GET /1.php HTTP/1.1" 404 88 "www.bing.com" "wp_is_mobile" "metrocrimedaily.com"
194.165.17.27 - - [01/Jan/2023:02:39:43 -0800] "GET /x.php HTTP/1.1" 404 88 "www.bing.com" "wp_is_mobile" "metrocrimedaily.com"
194.165.17.27 - - [01/Jan/2023:02:39:45 -0800] "GET /z.php HTTP/1.1" 404 88 "www.bing.com" "wp_is_mobile" "metrocrimedaily.com"
194.165.17.27 - - [01/Jan/2023:02:39:48 -0800] "GET /a.php HTTP/1.1" 404 88 "www.bing.com" "wp_is_mobile" "metrocrimedaily.com"
194.165.17.27 - - [01/Jan/2023:02:39:49 -0800] "GET /test.php HTTP/1.1" 404 88 "www.bing.com" "wp_is_mobile" "metrocrimedaily.com"
194.165.17.27 - - [01/Jan/2023:02:39:49 -0800] "GET /wp.php HTTP/1.1" 404 88 "www.bing.com" "wp_is_mobile" "metrocrimedaily.com"
194.165.17.27 - - [01/Jan/2023:02:39:56 -0800] "GET /alfa.php HTTP/1.1" 404 88 "www.bing.com" "wp_is_mobile" "metrocrimedaily.com"
194.165.17.27 - - [01/Jan/2023:02:39:57 -0800] "GET /config.php HTTP/1.1" 404 88 "www.bing.com" "wp_is_mobile" "metrocrimedaily.com"
194.165.17.27 - - [01/Jan/2023:02:40:04 -0800] "GET /templates/beez3/index.php HTTP/1.1" 404 88 "www.bing.com" "wp_is_mobile" "metrocrimedaily.com"
40.77.167.100 - - [01/Jan/2023:02:40:23 -0800] "GET /robots.txt HTTP/1.1" 404 88 "-" "Mozilla/5.0 AppleWebKit/537.36 (KHTML, like Gecko; compatible; bingbot/2.0; +http://www.bing.com/bingbot.htm) Chrome/103.0.5060.134 Safari/537.36" "www.metrocrimedaily.com"
40.77.167.100 - - [01/Jan/2023:02:40:29 -0800] "GET /robots.txt HTTP/1.1" 404 88 "-" "Mozilla/5.0 AppleWebKit/537.36 (KHTML, like Gecko; compatible; bingbot/2.0; +http://www.bing.com/bingbot.htm) Chrome/103.0.5060.134 Safari/537.36" "www.metrocrimedaily.com"
157.55.39.219 - - [01/Jan/2023:02:40:40 -0800] "GET /thenewsherald.com.%20= HTTP/1.1" 404 88 "-" "Mozilla/5.0 AppleWebKit/537.36 (KHTML, like Gecko; compatible; bingbot/2.0; +http://www.bing.com/bingbot.htm) Chrome/103.0.5060.134 Safari/537.36" "www.metrocrimedaily.com"
207.46.13.113 - - [01/Jan/2023:02:40:30 -0800] "GET /instagram-monroe/?C=S;O=A HTTP/1.1" 200 358 "-" "Mozilla/5.0 AppleWebKit/537.36 (KHTML, like Gecko; compatible; bingbot/2.0; +http://www.bing.com/bingbot.htm) Chrome/103.0.5060.134 Safari/537.36" "www.metrocrimedaily.com"
157.55.39.33 - - [01/Jan/2023:02:43:46 -0800] "GET /instagram-chicago/11-18-2022-1929193-Prosecutors--Streamwood-man-facing-drug-charges-j.txt HTTP/1.1" 404 88 "-" "Mozilla/5.0 AppleWebKit/537.36 (KHTML, like Gecko; compatible; bingbot/2.0; +http://www.bing.com/bingbot.htm) Chrome/103.0.5060.134 Safari/537.36" "www.metrocrimedaily.com"
40.77.167.22 - - [01/Jan/2023:02:52:51 -0800] "GET /instagram-atlanta/11-15-2022-1134034----Concerned-citizen----killed-in-DeKalb-County-h.txt HTTP/1.1" 404 88 "-" "Mozilla/5.0 AppleWebKit/537.36 (KHTML, like Gecko; compatible; bingbot/2.0; +http://www.bing.com/bingbot.htm) Chrome/103.0.5060.134 Safari/537.36" "www.metrocrimedaily.com"
207.46.13.113 - - [01/Jan/2023:02:59:44 -0800] "GET /instagram-chicago/11-12-2022-2147284-Cop-shoots-armed-man-who-evaded-traffic-stop--ref.txt HTTP/1.1" 404 88 "-" "Mozilla/5.0 AppleWebKit/537.36 (KHTML, like Gecko; compatible; bingbot/2.0; +http://www.bing.com/bingbot.htm) Chrome/103.0.5060.134 Safari/537.36" "www.metrocrimedaily.com"
69.63.184.119 - - [01/Jan/2023:03:38:43 -0800] "GET /instagram-chicago/01-01-2023-0538201-A.jpg HTTP/1.1" 200 158896 "-" "facebookexternalhit/1.1 (+http://www.facebook.com/externalhit_uatext.php)" "www.metrocrimedaily.com"
66.249.70.136 - - [01/Jan/2023:03:42:22 -0800] "GET /robots.txt HTTP/1.1" 404 88 "-" "Mozilla/5.0 (compatible; Googlebot/2.1; +http://www.google.com/bot.html)" "metrocrimedaily.com"
172.58.122.67 - - [01/Jan/2023:03:42:17 -0800] "GET / HTTP/1.1" 200 151936 "https://www.google.com/" "Mozilla/5.0 (iPhone; CPU iPhone OS 16_1_1 like Mac OS X) AppleWebKit/605.1.15 (KHTML, like Gecko) Version/16.1 Mobile/15E148 Safari/604.1" "www.metrocrimedaily.com"
74.125.151.134 - - [01/Jan/2023:04:24:59 -0800] "GET /images/police-tape.jpg HTTP/1.1" 200 50766 "-" "Mozilla/5.0 (Macintosh; Intel Mac OS X 10_8_4) AppleWebKit/537.36 (KHTML, like Gecko) Chrome/28.0.1500.71 Safari/537.36" "metrocrimedaily.com"
74.125.151.138 - - [01/Jan/2023:04:25:05 -0800] "GET /images/police-tape.jpg HTTP/1.1" 200 50766 "-" "Mozilla/5.0 (Macintosh; Intel Mac OS X 10_8_4) AppleWebKit/537.36 (KHTML, like Gecko) Chrome/28.0.1500.71 Safari/537.36" "metrocrimedaily.com"
74.125.151.138 - - [01/Jan/2023:04:25:06 -0800] "GET /images/police-tape.jpg HTTP/1.1" 200 50766 "-" "Mozilla/5.0 (Macintosh; Intel Mac OS X 10_8_4) AppleWebKit/537.36 (KHTML, like Gecko) Chrome/28.0.1500.71 Safari/537.36" "metrocrimedaily.com"
74.125.151.134 - - [01/Jan/2023:04:24:59 -0800] "GET /images/police-tape.jpg HTTP/1.1" 200 50766 "-" "Mozilla/5.0 (Macintosh; Intel Mac OS X 10_8_4) AppleWebKit/537.36 (KHTML, like Gecko) Chrome/28.0.1500.71 Safari/537.36" "metrocrimedaily.com"
69.63.184.4 - - [01/Jan/2023:04:40:46 -0800] "GET /instagram-chicago/01-01-2023-0640081-A.jpg HTTP/1.1" 200 451591 "-" "facebookexternalhit/1.1 (+http://www.facebook.com/externalhit_uatext.php)" "www.metrocrimedaily.com"
157.90.209.78 - - [01/Jan/2023:04:48:16 -0800] "GET /robots.txt HTTP/1.1" 404 88 "-" "Mozilla/5.0 (compatible; BLEXBot/1.0; +http://webmeup-crawler.com/)" "metrocrimedaily.com"
157.90.209.78 - - [01/Jan/2023:04:48:21 -0800] "GET /sitemap HTTP/1.1" 404 88 "-" "Mozilla/5.0 (compatible; BLEXBot/1.0; +http://webmeup-crawler.com/)" "metrocrimedaily.com"
157.90.209.78 - - [01/Jan/2023:04:48:24 -0800] "GET /sitemap.txt HTTP/1.1" 404 88 "-" "Mozilla/5.0 (compatible; BLEXBot/1.0; +http://webmeup-crawler.com/)" "metrocrimedaily.com"
157.90.209.78 - - [01/Jan/2023:04:48:32 -0800] "GET /about-us.html HTTP/1.1" 200 706 "-" "Mozilla/5.0 (compatible; BLEXBot/1.0; +http://webmeup-crawler.com/)" "metrocrimedaily.com"
157.90.209.78 - - [01/Jan/2023:04:48:34 -0800] "GET /contact-us.html HTTP/1.1" 200 765 "-" "Mozilla/5.0 (compatible; BLEXBot/1.0; +http://webmeup-crawler.com/)" "metrocrimedaily.com"
157.90.209.78 - - [01/Jan/2023:04:48:40 -0800] "GET /gov-svc-detroit.html HTTP/1.1" 200 2125 "-" "Mozilla/5.0 (compatible; BLEXBot/1.0; +http://webmeup-crawler.com/)" "metrocrimedaily.com"
157.90.209.78 - - [01/Jan/2023:04:48:49 -0800] "GET /index.html HTTP/1.1" 200 151936 "-" "Mozilla/5.0 (compatible; BLEXBot/1.0; +http://webmeup-crawler.com/)" "metrocrimedaily.com"
95.108.213.11 - - [01/Jan/2023:04:59:36 -0800] "GET /robots.txt HTTP/1.1" 404 73 "-" "Mozilla/5.0 (compatible; YandexBot/3.0; +http://yandex.com/bots)" "metrocrimedaily.com"
